186.103.159.183 - - [01/Mar/2017:13:09:47 -0300] "GET /cormun/static/Resources/PXToolsFooterBackground2.png HTTP/1.1" 200 1172
186.103.159.183 - - [01/Mar/2017:13:09:47 -0300] "GET /cormun/static/Resources/PXToolsHeaderBackground2.png HTTP/1.1" 200 1174
186.103.159.183 - - [01/Mar/2017:13:09:47 -0300] "GET /cormun/static/Resources/PXToolsHeaderActionsBackground.png HTTP/1.1" 200 484
186.103.159.183 - - [01/Mar/2017:13:09:47 -0300] "GET /cormun/static/Resources/PXToolsDataTitle.png HTTP/1.1" 200 1173
186.103.159.183 - - [01/Mar/2017:13:09:47 -0300] "GET /cormun/static/Resources/logo4.png HTTP/1.1" 200 6582
186.103.159.183 - - [01/Mar/2017:13:09:47 -0300] "GET /cormun/static/Resources/PXToolsHeaderActionsLeft.png HTTP/1.1" 200 1118
186.103.159.183 - - [01/Mar/2017:13:09:47 -0300] "GET /cormun/static/Resources/PXToolsHeaderHome.png HTTP/1.1" 200 4147
186.103.159.183 - - [01/Mar/2017:13:09:47 -0300] "GET /cormun/static/Resources/PXToolsHeaderLogin.png HTTP/1.1" 200 4279
186.103.159.183 - - [01/Mar/2017:13:09:47 -0300] "GET /cormun/static/Resources/PXToolsHeaderPreferences.png HTTP/1.1" 200 4189
186.103.159.183 - - [01/Mar/2017:13:09:48 -0300] "GET /cormun/static/Resources/PXToolsHeaderSecurity.png HTTP/1.1" 200 4166
186.103.159.183 - - [01/Mar/2017:13:09:48 -0300] "GET /cormun/static/Resources/PXToolsHeaderActionsRight.png HTTP/1.1" 200 1201
186.103.159.183 - - [01/Mar/2017:13:09:49 -0300] "GET /cormun/static/gxui/gxui-all.js HTTP/1.1" 200 107772
186.103.159.183 - - [01/Mar/2017:13:09:55 -0300] "GET /cormun/static/Shared/jquery/jquery-1.10.2.min.js HTTP/1.1" 200 273199
186.103.159.183 - - [01/Mar/2017:13:10:19 -0300] "GET /cormun/static/Shared/ext/ext-all.js HTTP/1.1" 200 1289687
186.103.159.183 - - [01/Mar/2017:13:10:59 -0300] "GET /cormun/static/Shared/jqueryui/jquery-ui.min.js HTTP/1.1" 200 240427
186.103.159.183 - - [01/Mar/2017:13:11:01 -0300] "GET /cormun/static/SmoothNavMenu/resources/images/down.gif HTTP/1.1" 200 854
186.103.159.183 - - [01/Mar/2017:13:11:01 -0300] "GET /cormun/static/SmoothNavMenu/resources/images/right.gif HTTP/1.1" 200 860
186.103.159.183 - - [01/Mar/2017:13:11:01 -0300] "GET /cormun/servlet/hhome HTTP/1.1" 200 3968
186.67.172.234 - - [01/Mar/2017:13:11:01 -0300] "GET /cormun/servlet/hlogin HTTP/1.1" 200 1742
186.103.159.183 - - [01/Mar/2017:13:11:34 -0300] "GET /cormun/servlet/trcontratosolicitud? HTTP/1.1" 200 9574
186.103.159.183 - - [01/Mar/2017:13:11:34 -0300] "GET /cormun/static/gxui/gxui-all.css?120300 HTTP/1.1" 200 2179
186.103.159.183 - - [01/Mar/2017:13:11:34 -0300] "GET /cormun/static/gxcfg.js?20171317451682 HTTP/1.1" 200 953
186.103.159.183 - - [01/Mar/2017:13:11:34 -0300] "GET /cormun/static/calendar-system.css?85620 HTTP/1.1" 200 5572
186.103.159.183 - - [01/Mar/2017:13:11:34 -0300] "GET /cormun/static/calendar.js?85251 HTTP/1.1" 200 26246
186.103.159.183 - - [01/Mar/2017:13:11:34 -0300] "GET /cormun/static/calendar-setup.js?85251 HTTP/1.1" 200 2588
186.103.159.183 - - [01/Mar/2017:13:11:34 -0300] "GET /cormun/static/calendar-es.js?85251 HTTP/1.1" 200 1901
186.103.159.183 - - [01/Mar/2017:13:11:35 -0300] "GET /cormun/static/gxdec.js?85251 HTTP/1.1" 200 19579
186.103.159.187 - - [01/Mar/2017:13:11:35 -0300] "POST /cormun/servlet/solicitudot?gx-no-cache=1488384764251 HTTP/1.1" 200 1275
186.103.159.187 - - [01/Mar/2017:13:11:35 -0300] "POST /cormun/servlet/solicitudot?gx-no-cache=1488384764358 HTTP/1.1" 200 1157
186.103.159.187 - - [01/Mar/2017:13:11:35 -0300] "GET /cormun/servlet/solicitudot?3ace2ea7f33967abe8fb771d52824d5cb17cce9e3e644119e7d0c809f6ed4c767b927f73b3718c69c4128f9b8e2947c21619dcbfcaf85d354ee72ebf80097a6c19704719de2eb7bc7a411310fabb268ab00db6f0a267afdfa8e6d531ef2157925afd124eb3bbac902fcbc9b6b8df1a762804bb4c9f519e70e1b71e1bef69fd80eebd4ff28b374941fb85b9e8697ff1247acbbe5a08448151eeac760e38d4842feadea6a9d157a1e9168e36b7059655d8,gx-no-cache=1488384764414 HTTP/1.1" 200 30
186.103.159.187 - - [01/Mar/2017:13:11:35 -0300] "POST /cormun/servlet/solicitudot?336cd1ddb4875f3e05c7f42045bd632f,INS,0,0,,gx-no-cache=1488384764455 HTTP/1.1" 200 93
186.103.159.187 - - [01/Mar/2017:13:11:35 -0300] "GET /cormun/servlet/hpexe_return? HTTP/1.1" 200 1026
186.103.159.183 - - [01/Mar/2017:13:11:36 -0300] "GET /cormun/static/trcontratosolicitud.js?20171317452124 HTTP/1.1" 200 28173
186.103.159.187 - - [01/Mar/2017:13:11:36 -0300] "GET /cormun/servlet/trsolicitudot?gx-no-cache=1488384187500 HTTP/1.1" 200 8787
186.103.159.187 - - [01/Mar/2017:13:11:37 -0300] "GET /cormun/servlet/trsolicitudot?gx-no-cache=1488384187500 HTTP/1.1" 200 8804
186.103.159.187 - - [01/Mar/2017:13:11:50 -0300] "POST /cormun/servlet/trsolicitudot?336cd1ddb4875f3e05c7f42045bd632f,gx-no-cache=1488384187500,gx-no-cache=1488384778820 HTTP/1.1" 200 5661
186.103.159.187 - - [01/Mar/2017:13:11:50 -0300] "GET /cormun/static/Shared/jqueryui/images/ui-bg_highlight-soft_100_c6c2c8_1x100.png HTTP/1.1" 404 1117
186.103.159.187 - - [01/Mar/2017:13:11:50 -0300] "GET /cormun/static/Shared/jqueryui/images/ui-icons_82798d_256x240.png HTTP/1.1" 404 1089
186.103.159.187 - - [01/Mar/2017:13:11:50 -0300] "GET /cormun/static/Shared/jqueryui/images/ui-bg_flat_55_fafafa_40x100.png HTTP/1.1" 404 1097
186.103.159.187 - - [01/Mar/2017:13:11:50 -0300] "GET /cormun/static/Shared/jqueryui/images/ui-icons_8d78a5_256x240.png HTTP/1.1" 404 1089
186.103.159.187 - - [01/Mar/2017:13:11:50 -0300] "POST /cormun/servlet/trsolicitudot?336cd1ddb4875f3e05c7f42045bd632f,gx-no-cache=1488384187500,gx-no-cache=1488384779159 HTTP/1.1" 200 5602
186.103.159.183 - - [01/Mar/2017:13:11:52 -0300] "GET /cormun/static/Shared/ext/resources/css/ext-all.css?215870 HTTP/1.1" 200 416045
186.103.159.183 - - [01/Mar/2017:13:11:53 -0300] "GET /cormun/static/Resources/PXToolsDataSearch.png HTTP/1.1" 200 419
186.103.159.183 - - [01/Mar/2017:13:11:53 -0300] "GET /cormun/static/Resources/PXToolsGridFirstDisabled.gif HTTP/1.1" 200 100
186.103.159.183 - - [01/Mar/2017:13:11:53 -0300] "GET /cormun/static/Resources/PXToolsGridNextDisabled.gif HTTP/1.1" 200 90
186.103.159.183 - - [01/Mar/2017:13:11:53 -0300] "GET /cormun/static/Resources/PXToolsGridLastDisabled.gif HTTP/1.1" 200 98
186.103.159.183 - - [01/Mar/2017:13:11:53 -0300] "GET /cormun/static/Resources/PXToolsGridPage.gif HTTP/1.1" 200 725
186.103.159.183 - - [01/Mar/2017:13:11:53 -0300] "GET /cormun/static/Resources/PXToolsGridPreviousDisabled.gif HTTP/1.1" 200 90
186.103.159.183 - - [01/Mar/2017:13:11:53 -0300] "GET /cormun/static/Resources/asc.gif HTTP/1.1" 200 67
186.103.159.183 - - [01/Mar/2017:13:11:53 -0300] "GET /cormun/static/Resources/desc.gif HTTP/1.1" 200 65
186.103.159.183 - - [01/Mar/2017:13:11:53 -0300] "GET /cormun//static/Resources/PXToolsGridNew.png HTTP/1.1" 200 2949
186.103.159.183 - - [01/Mar/2017:13:11:53 -0300] "GET /cormun//static/Resources/PXToolsActionDisabled.gif HTTP/1.1" 200 53
186.103.159.183 - - [01/Mar/2017:13:11:53 -0300] "GET /cormun/static/Shared/ext/resources/themes/images/default/panel/bg-headersPanel.png HTTP/1.1" 200 255
186.103.159.183 - - [01/Mar/2017:13:11:53 -0300] "GET /cormun/static/Shared/ext/resources/themes/images/default/tools/tool-sprites.gif HTTP/1.1" 200 5434
186.103.159.183 - - [01/Mar/2017:13:11:54 -0300] "GET /cormun/servlet/trcontratosolicitud? HTTP/1.1" 200 9574
186.103.159.187 - - [01/Mar/2017:13:12:10 -0300] "GET /cormun/servlet/hlogin HTTP/1.1" 200 1725
186.103.159.187 - - [01/Mar/2017:13:12:20 -0300] "POST /cormun/servlet/hlogin?336cd1ddb4875f3e05c7f42045bd632f,gx-no-cache=1488384809185 HTTP/1.1" 200 90
186.103.159.187 - - [01/Mar/2017:13:12:20 -0300] "GET /cormun/servlet/hpexe_link HTTP/1.1" 200 953
186.103.159.187 - - [01/Mar/2017:13:12:21 -0300] "GET /cormun/servlet/hhome HTTP/1.1" 200 3945
186.103.159.187 - - [01/Mar/2017:13:12:22 -0300] "GET /cormun/servlet/hhome HTTP/1.1" 200 3941
186.103.159.183 - - [01/Mar/2017:13:12:27 -0300] "GET /cormun/servlet/hhome HTTP/1.1" 200 3972
186.103.159.183 - - [01/Mar/2017:13:12:28 -0300] "GET /cormun/servlet/hhome HTTP/1.1" 200 3968
186.103.159.187 - - [01/Mar/2017:13:12:31 -0300] "GET /cormun/servlet/trautorizarsolicitud? HTTP/1.1" 200 8906
186.103.159.187 - - [01/Mar/2017:13:12:32 -0300] "GET /cormun/servlet/trautorizarsolicitud? HTTP/1.1" 200 8904
186.103.159.183 - - [01/Mar/2017:13:12:54 -0300] "GET /cormun/servlet/trvisualizadoreventos? HTTP/1.1" 200 6702
186.103.159.183 - - [01/Mar/2017:13:12:54 -0300] "GET /cormun/static/gxcfg.js?2016101716203350 HTTP/1.1" 200 953
186.103.159.183 - - [01/Mar/2017:13:12:55 -0300] "GET /cormun/static/Resources/PXTools/calendar.png HTTP/1.1" 200 1306
186.103.159.183 - - [01/Mar/2017:13:12:55 -0300] "GET /cormun/static/Resources/PXToolsActionPrint.png HTTP/1.1" 200 3317
186.103.159.183 - - [01/Mar/2017:13:12:55 -0300] "GET /cormun/static/Resources/PXToolsActionExcel.png HTTP/1.1" 200 3187
186.103.159.183 - - [01/Mar/2017:13:12:55 -0300] "GET /cormun/static/trvisualizadoreventos.js?2016101716203614 HTTP/1.1" 200 19309
186.103.159.183 - - [01/Mar/2017:13:12:56 -0300] "GET /cormun/servlet/trvisualizadoreventos? HTTP/1.1" 200 6701
192.168.10.62 - - [01/Mar/2017:13:13:08 -0300] "GET /cormun/servlet/hlogin HTTP/1.1" 200 1719
186.103.159.183 - - [01/Mar/2017:13:13:17 -0300] "POST /cormun/servlet/trvisualizadoreventos?68444d30f08285f27b95e97a24aae0db,,gx-no-cache=1488384869006 HTTP/1.1" 200 3959
192.168.10.62 - - [01/Mar/2017:13:13:17 -0300] "POST /cormun/servlet/hlogin?e1a7777c66fd6ebfb4edcf21997a3b52,gx-no-cache=1488388084074 HTTP/1.1" 200 90
192.168.10.62 - - [01/Mar/2017:13:13:17 -0300] "GET /cormun/servlet/hpexe_link HTTP/1.1" 200 955
192.168.10.62 - - [01/Mar/2017:13:13:18 -0300] "GET /cormun/servlet/hhome HTTP/1.1" 200 3750
192.168.10.62 - - [01/Mar/2017:13:13:18 -0300] "GET /cormun/servlet/hhome HTTP/1.1" 200 3747
186.103.159.183 - - [01/Mar/2017:13:13:29 -0300] "GET /cormun/static/menuarrow.gif HTTP/1.1" 404 1015
186.103.159.183 - - [01/Mar/2017:13:13:37 -0300] "POST /cormun/servlet/trvisualizadoreventos?68444d30f08285f27b95e97a24aae0db,,gx-no-cache=1488384888365 HTTP/1.1" 200 5408
186.103.159.187 - - [01/Mar/2017:13:13:40 -0300] "POST /cormun/servlet/trautorizarsolicitud?336cd1ddb4875f3e05c7f42045bd632f,,gx-no-cache=1488384888832 HTTP/1.1" 200 5797
186.103.159.187 - - [01/Mar/2017:13:13:40 -0300] "GET /cormun/static/Shared/jqueryui/images/ui-bg_highlight-soft_100_c6c2c8_1x100.png HTTP/1.1" 404 1117
186.103.159.187 - - [01/Mar/2017:13:13:40 -0300] "GET /cormun/static/Shared/jqueryui/images/ui-icons_82798d_256x240.png HTTP/1.1" 404 1089
186.103.159.187 - - [01/Mar/2017:13:13:40 -0300] "GET /cormun/static/Shared/jqueryui/images/ui-bg_flat_55_fafafa_40x100.png HTTP/1.1" 404 1097
186.103.159.187 - - [01/Mar/2017:13:13:40 -0300] "GET /cormun/static/Shared/jqueryui/images/ui-icons_8d78a5_256x240.png HTTP/1.1" 404 1089
186.103.159.187 - - [01/Mar/2017:13:13:40 -0300] "POST /cormun/servlet/trautorizarsolicitud?336cd1ddb4875f3e05c7f42045bd632f,,gx-no-cache=1488384889264 HTTP/1.1" 200 5742
186.103.159.187 - - [01/Mar/2017:13:14:04 -0300] "POST /cormun/servlet/trautorizarsolicitud?336cd1ddb4875f3e05c7f42045bd632f,,gx-no-cache=1488384913521 HTTP/1.1" 200 5411
186.103.159.187 - - [01/Mar/2017:13:14:05 -0300] "POST /cormun/servlet/trautorizarsolicitud?336cd1ddb4875f3e05c7f42045bd632f,,gx-no-cache=1488384913804 HTTP/1.1" 200 5356
186.103.159.187 - - [01/Mar/2017:13:14:11 -0300] "GET /cormun/servlet/veautorizarsolicitud?2017,4967,, HTTP/1.1" 200 8133
186.103.159.187 - - [01/Mar/2017:13:14:11 -0300] "GET /cormun/pexe_scrolldiv.js HTTP/1.1" 404 1009
186.103.159.187 - - [01/Mar/2017:13:14:12 -0300] "GET /cormun/pexe_scrolldiv.js HTTP/1.1" 404 1009
186.103.159.187 - - [01/Mar/2017:13:14:13 -0300] "GET /cormun/servlet/veautorizarsolicitud?2017,4967,, HTTP/1.1" 200 8131
186.103.159.187 - - [01/Mar/2017:13:14:19 -0300] "POST /cormun/servlet/veautorizarsolicitud?336cd1ddb4875f3e05c7f42045bd632f,2017,4967,,,gx-no-cache=1488384928788 HTTP/1.1" 200 93
186.103.159.187 - - [01/Mar/2017:13:14:20 -0300] "GET /cormun/servlet/hpexe_return? HTTP/1.1" 200 1017
186.103.159.187 - - [01/Mar/2017:13:14:20 -0300] "GET /cormun/servlet/trautorizarsolicitud? HTTP/1.1" 200 8113
186.103.159.187 - - [01/Mar/2017:13:14:21 -0300] "GET /cormun/servlet/trautorizarsolicitud? HTTP/1.1" 200 8109
186.103.159.183 - - [01/Mar/2017:13:14:51 -0300] "GET /cormun/servlet/trcontratounov2? HTTP/1.1" 200 15651
186.103.159.183 - - [01/Mar/2017:13:14:51 -0300] "GET /cormun/static/gxcfg.js?201612281114880 HTTP/1.1" 200 953
186.103.159.183 - - [01/Mar/2017:13:14:52 -0300] "GET /cormun/static/trcontratounov2.js?2016122811141421 HTTP/1.1" 200 38423
186.103.159.183 - - [01/Mar/2017:13:14:53 -0300] "GET /cormun/static/Resources/PXToolsAddSelectedAction.png HTTP/1.1" 200 3660
186.103.159.183 - - [01/Mar/2017:13:14:53 -0300] "GET /cormun/static/Resources/PXToolsGridNew.png HTTP/1.1" 200 2949
186.103.159.183 - - [01/Mar/2017:13:14:54 -0300] "GET /cormun/servlet/trcontratounov2? HTTP/1.1" 200 15648
186.103.159.183 - - [01/Mar/2017:13:14:55 -0300] "POST /cormun/servlet/acontrolpreferencessavestate?None,PANDRADE,true HTTP/1.1" 200 35
186.103.159.187 - - [01/Mar/2017:13:15:31 -0300] "POST /cormun/servlet/trautorizarsolicitud?336cd1ddb4875f3e05c7f42045bd632f,,gx-no-cache=1488384999949 HTTP/1.1" 200 115
186.103.159.187 - - [01/Mar/2017:13:15:31 -0300] "GET /cormun/servlet/solicitudotlog?INS,2017,4967,0,ANU, HTTP/1.1" 200 5728
186.103.159.187 - - [01/Mar/2017:13:15:31 -0300] "GET /cormun/static/gxcfg.js?201612218471193 HTTP/1.1" 200 953
186.103.159.187 - - [01/Mar/2017:13:15:31 -0300] "GET /cormun/static/solicitudotlog.js?20161221847122 HTTP/1.1" 200 8925
186.103.159.187 - - [01/Mar/2017:13:15:32 -0300] "GET /cormun/servlet/solicitudotlog?INS,2017,4967,0,ANU, HTTP/1.1" 200 5727
186.103.159.187 - - [01/Mar/2017:13:15:32 -0300] "GET /cormun/servlet/solicitudotlog?3ace2ea7f33967abe8fb771d52824d5c0477a4c8cee9ff9125d2343f9450f17108ce39c56f1775234163e36cae90a69d74395b8220ba62e8c57b7ea13c8e5d5d95b9e5305bdd0e69718739f5175d223da80e8073efc96bb973c5c460d393548bfedb389985c91b5d0fb86efd4a9d4811da7d1f8361b5a5be2546a96f527f1029f4928e7e33880c4756d867014a3d6b689db173f9177d5c2f3770d3639de6d5ae,gx-no-cache=1488385001788 HTTP/1.1" 200 94
200.112.3.209 - - [01/Mar/2017:13:15:44 -0300] "GET /cormun/servlet/trpermisosgoce HTTP/1.1" 200 7632
200.112.3.209 - - [01/Mar/2017:13:15:44 -0300] "GET /cormun/servlet/trpermisosgoce HTTP/1.1" 200 7628
200.112.3.209 - - [01/Mar/2017:13:15:49 -0300] "GET /cormun/servlet/permisogoce?INS,0,,, HTTP/1.1" 200 6527
200.112.3.209 - - [01/Mar/2017:13:15:49 -0300] "GET /cormun/servlet/permisogoce?INS,0,,, HTTP/1.1" 200 6527
200.112.3.209 - - [01/Mar/2017:13:15:58 -0300] "GET /cormun/servlet/prfichaempleado?,MD,,gxPopupLevel%3D0%3B HTTP/1.1" 200 8816
200.112.3.209 - - [01/Mar/2017:13:16:06 -0300] "POST /cormun/servlet/prfichaempleado?ed0df26651208c7377c3e451de7685b1,,MD,,gxPopupLevel%3D0%3B,gx-no-cache=1488385037288 HTTP/1.1" 200 3635
186.103.159.187 - - [01/Mar/2017:13:16:06 -0300] "POST /cormun/servlet/solicitudotlog?336cd1ddb4875f3e05c7f42045bd632f,INS,2017,4967,0,ANU,,gx-no-cache=1488385035673 HTTP/1.1" 200 93
186.103.159.187 - - [01/Mar/2017:13:16:06 -0300] "GET /cormun/servlet/hpexe_return? HTTP/1.1" 200 1026
186.103.159.187 - - [01/Mar/2017:13:16:07 -0300] "GET /cormun/servlet/trautorizarsolicitud HTTP/1.1" 200 6859
186.103.159.187 - - [01/Mar/2017:13:16:08 -0300] "GET /cormun/servlet/trautorizarsolicitud HTTP/1.1" 200 6856
200.112.3.209 - - [01/Mar/2017:13:16:13 -0300] "GET /cormun/servlet/permisogoce?5ddcbfe7f552efc9b823ca51cf3371b25ecc4cf6ea29c1952850d71c833c36cbb48e1b96aa6f59ec85505026e4577a1d,gx-no-cache=1488385045053 HTTP/1.1" 200 75
200.112.3.209 - - [01/Mar/2017:13:16:13 -0300] "GET /cormun/static/menuarrow.gif HTTP/1.1" 404 1015
186.103.159.187 - - [01/Mar/2017:13:16:15 -0300] "GET /cormun/servlet/hlogin HTTP/1.1" 200 1739
200.112.3.209 - - [01/Mar/2017:13:16:16 -0300] "GET /cormun/servlet/permisogoce?5ddcbfe7f552efc9b823ca51cf3371b2d519c43cfdc7c62d532059ea041c28de54f3a70c77e64c45ba38053007df18d3d07ac53d92e67a04c43277afd619e2c9,gx-no-cache=1488385047743 HTTP/1.1" 200 46
186.103.159.187 - - [01/Mar/2017:13:16:23 -0300] "POST /cormun/servlet/hlogin?336cd1ddb4875f3e05c7f42045bd632f,gx-no-cache=1488385052275 HTTP/1.1" 200 451
186.103.159.187 - - [01/Mar/2017:13:16:28 -0300] "POST /cormun/servlet/hlogin?336cd1ddb4875f3e05c7f42045bd632f,gx-no-cache=1488385057112 HTTP/1.1" 200 90
186.103.159.187 - - [01/Mar/2017:13:16:28 -0300] "GET /cormun/servlet/hpexe_link HTTP/1.1" 200 953
186.103.159.187 - - [01/Mar/2017:13:16:28 -0300] "GET /cormun/servlet/hhome HTTP/1.1" 200 3736
186.103.159.187 - - [01/Mar/2017:13:16:29 -0300] "GET /cormun/servlet/hhome HTTP/1.1" 200 3733
186.103.159.187 - - [01/Mar/2017:13:16:34 -0300] "GET /cormun/servlet/trsolicitudot? HTTP/1.1" 200 8383
186.103.159.187 - - [01/Mar/2017:13:16:35 -0300] "GET /cormun/servlet/trsolicitudot? HTTP/1.1" 200 8381
200.112.3.209 - - [01/Mar/2017:13:16:41 -0300] "POST /cormun/servlet/permisogoce?ed0df26651208c7377c3e451de7685b1,INS,0,,,,gx-no-cache=1488385071685 HTTP/1.1" 200 93
200.112.3.209 - - [01/Mar/2017:13:16:41 -0300] "GET /cormun/servlet/hpexe_return? HTTP/1.1" 200 1003
200.112.3.209 - - [01/Mar/2017:13:16:41 -0300] "GET /cormun/servlet/trpermisosgoce HTTP/1.1" 200 7840
200.112.3.209 - - [01/Mar/2017:13:16:42 -0300] "GET /cormun/servlet/trpermisosgoce HTTP/1.1" 200 7844
200.112.3.209 - - [01/Mar/2017:13:16:46 -0300] "GET /cormun/servlet/apermisogoceprn?16613946,P,20170301140256,PU HTTP/1.1" 200 1574
186.103.159.187 - - [01/Mar/2017:13:17:07 -0300] "POST /cormun/servlet/trsolicitudot?336cd1ddb4875f3e05c7f42045bd632f,,gx-no-cache=1488385096375 HTTP/1.1" 200 106
186.103.159.187 - - [01/Mar/2017:13:17:07 -0300] "GET /cormun/servlet/solicitudot?UPD,2017,4956, HTTP/1.1" 200 14200
200.112.3.209 - - [01/Mar/2017:13:17:08 -0300] "GET /cormun/servlet/permisogoce?INS,0,,, HTTP/1.1" 200 6527
186.103.159.187 - - [01/Mar/2017:13:17:08 -0300] "GET /cormun/servlet/solicitudot?UPD,2017,4956, HTTP/1.1" 200 14209
200.112.3.209 - - [01/Mar/2017:13:17:09 -0300] "GET /cormun/servlet/permisogoce?INS,0,,, HTTP/1.1" 200 6527
186.103.159.187 - - [01/Mar/2017:13:17:09 -0300] "POST /cormun/servlet/solicitudot?gx-no-cache=1488385098112 HTTP/1.1" 200 3176
186.103.159.187 - - [01/Mar/2017:13:17:09 -0300] "POST /cormun/servlet/solicitudot?336cd1ddb4875f3e05c7f42045bd632f,UPD,2017,4956,,gx-no-cache=1488385098368 HTTP/1.1" 200 10859
186.103.159.187 - - [01/Mar/2017:13:17:09 -0300] "GET /cormun/servlet/solicitudot?3ace2ea7f33967abe8fb771d52824d5c7f3371ff37ac685d2960c187d9825757fb95f1de3981f4e01d9d48fa1ebc0533,gx-no-cache=1488385098615 HTTP/1.1" 200 30
186.103.159.187 - - [01/Mar/2017:13:17:09 -0300] "POST /cormun/servlet/solicitudot?gx-no-cache=1488385098671 HTTP/1.1" 200 255
186.103.159.187 - - [01/Mar/2017:13:17:09 -0300] "GET /cormun/servlet/solicitudot?3ace2ea7f33967abe8fb771d52824d5cceb6b55c251d93173e0a12c07b4c7cc97e8dfb07b9b97baca4369d775c46ab8a73429f724e25d285a72d991cd322341b7bdb4278963630efcbc95bb7e87dd8ef8285dcea71abed761e424e04146dbd4d1b75a4b6d51d2a98dcc8e4bdc4eccebada12ee57c80e9240d63dc83caa88aaf77804dd15d8cea6b8e1fc9e6639ab661db71ff4736da379a8d714bacc237ac59cc2cae8c10e630cde5d3201ca978d3f0bb525f28077523c55f25223ccaf32cce25d6ce1eb6be526a77130fb6306f2e2289f635d785ed1b5f924b562affc82d0bc61fb5087266b4c08d26c1e01187d14330470d029a857aaa33c4cd2f36a456e390be1b36a14f3605536642cb9b4027eb6d17fec88f0d37296bd094eb8335f579a83252a16693fd7e76835e98952816f2c20257d1fcfcb8096a3d07a8a419f8cc72a85b42ccd952fae3d8b2cd1893b67fb9a9b00de8e4723117c9597f851094d7efb53d69cfe8dea50188762698bf479111526c3a9a959c71116a912dd66052c8f,gx-no-cache=1488385098718 HTTP/1.1" 200 30
186.103.159.187 - - [01/Mar/2017:13:17:09 -0300] "POST /cormun/servlet/solicitudot?gx-no-cache=1488385098758 HTTP/1.1" 200 30
186.103.159.187 - - [01/Mar/2017:13:17:09 -0300] "POST /cormun/servlet/solicitudot?gx-no-cache=1488385098804 HTTP/1.1" 200 1290
186.103.159.187 - - [01/Mar/2017:13:17:09 -0300] "POST /cormun/servlet/solicitudot?gx-no-cache=1488385098863 HTTP/1.1" 200 41
200.112.3.209 - - [01/Mar/2017:13:17:17 -0300] "GET /cormun/servlet/prfichaempleado?,MD,,gxPopupLevel%3D0%3B HTTP/1.1" 200 8816
186.103.159.187 - - [01/Mar/2017:13:17:23 -0300] "POST /cormun/servlet/solicitudot?336cd1ddb4875f3e05c7f42045bd632f,UPD,2017,4956,,gx-no-cache=1488385112102 HTTP/1.1" 200 93
186.103.159.187 - - [01/Mar/2017:13:17:23 -0300] "GET /cormun/servlet/hpexe_return? HTTP/1.1" 200 1012
186.103.159.187 - - [01/Mar/2017:13:17:23 -0300] "GET /cormun/servlet/trsolicitudot HTTP/1.1" 200 8385
186.103.159.187 - - [01/Mar/2017:13:17:24 -0300] "GET /cormun/servlet/trsolicitudot HTTP/1.1" 200 8381
186.79.8.148 - - [01/Mar/2017:13:17:26 -0300] "GET /cormun/servlet/hlogin HTTP/1.1" 200 1716
200.112.3.209 - - [01/Mar/2017:13:17:30 -0300] "POST /cormun/servlet/prfichaempleado?ed0df26651208c7377c3e451de7685b1,,MD,,gxPopupLevel%3D0%3B,gx-no-cache=1488385120979 HTTP/1.1" 200 3397
200.112.3.209 - - [01/Mar/2017:13:17:33 -0300] "GET /cormun/servlet/permisogoce?5ddcbfe7f552efc9b823ca51cf3371b2a07eb547c43501391e594cf497b8be49b48e1b96aa6f59ec85505026e4577a1d,gx-no-cache=1488385124644 HTTP/1.1" 200 73
200.112.3.209 - - [01/Mar/2017:13:17:33 -0300] "GET /cormun/static/menuarrow.gif HTTP/1.1" 404 1015
200.112.3.209 - - [01/Mar/2017:13:17:35 -0300] "GET /cormun/servlet/permisogoce?5ddcbfe7f552efc9b823ca51cf3371b2f0358b9a766847fba0876cc80229e8572844127e8a751448bf527eebd7b219c5d07ac53d92e67a04c43277afd619e2c9,gx-no-cache=1488385127197 HTTP/1.1" 200 46
186.103.156.211 - - [01/Mar/2017:13:17:40 -0300] "GET /cormun/servlet/trvisualizadoreventos? HTTP/1.1" 200 6436
186.103.156.211 - - [01/Mar/2017:13:17:41 -0300] "GET /cormun/servlet/trvisualizadoreventos? HTTP/1.1" 200 6436
200.112.3.209 - - [01/Mar/2017:13:17:53 -0300] "POST /cormun/servlet/permisogoce?ed0df26651208c7377c3e451de7685b1,INS,0,,,,gx-no-cache=1488385144285 HTTP/1.1" 200 93
200.112.3.209 - - [01/Mar/2017:13:17:53 -0300] "GET /cormun/servlet/hpexe_return? HTTP/1.1" 200 1003
200.112.3.209 - - [01/Mar/2017:13:17:53 -0300] "GET /cormun/servlet/trpermisosgoce HTTP/1.1" 200 8058
200.112.3.209 - - [01/Mar/2017:13:17:54 -0300] "GET /cormun/servlet/trpermisosgoce HTTP/1.1" 200 8046
200.112.3.209 - - [01/Mar/2017:13:17:56 -0300] "GET /cormun/servlet/apermisogoceprn?16613946,P,20170301140256,PU HTTP/1.1" 200 1570
200.112.3.209 - - [01/Mar/2017:13:17:59 -0300] "GET /cormun/servlet/apermisogoceprn?17334813,P,20170301141239,PU HTTP/1.1" 200 1575
186.103.159.187 - - [01/Mar/2017:13:18:00 -0300] "GET /cormun/servlet/solicitudot?INS,0,0, HTTP/1.1" 200 12544
186.103.159.187 - - [01/Mar/2017:13:18:01 -0300] "GET /cormun/servlet/solicitudot?INS,0,0, HTTP/1.1" 200 12549
186.103.159.187 - - [01/Mar/2017:13:18:20 -0300] "POST /cormun/servlet/solicitudot?336cd1ddb4875f3e05c7f42045bd632f,INS,0,0,,gx-no-cache=1488385169637 HTTP/1.1" 200 93
186.103.159.187 - - [01/Mar/2017:13:18:20 -0300] "GET /cormun/servlet/hpexe_return? HTTP/1.1" 200 1005
186.103.159.187 - - [01/Mar/2017:13:18:21 -0300] "GET /cormun/servlet/trsolicitudot HTTP/1.1" 200 8385
186.103.159.187 - - [01/Mar/2017:13:18:22 -0300] "GET /cormun/servlet/trsolicitudot HTTP/1.1" 200 8381
200.112.3.209 - - [01/Mar/2017:13:18:23 -0300] "GET /cormun/servlet/apermisogoceprn?15993655,P,20170301141127,PU HTTP/1.1" 200 1575
186.103.159.187 - - [01/Mar/2017:13:18:30 -0300] "POST /cormun/servlet/trsolicitudot?336cd1ddb4875f3e05c7f42045bd632f,gx-no-cache=1488385179428 HTTP/1.1" 200 106
186.103.159.187 - - [01/Mar/2017:13:18:30 -0300] "GET /cormun/servlet/solicitudot?DLT,2017,4956, HTTP/1.1" 200 9275
186.103.159.187 - - [01/Mar/2017:13:18:31 -0300] "GET /cormun/static/Shared/jqueryui/images/ui-bg_highlight-soft_100_c6c2c8_1x100.png HTTP/1.1" 404 1117
186.103.159.187 - - [01/Mar/2017:13:18:31 -0300] "GET /cormun/static/Shared/jqueryui/images/ui-icons_82798d_256x240.png HTTP/1.1" 404 1089
186.103.159.187 - - [01/Mar/2017:13:18:31 -0300] "GET /cormun/static/Shared/jqueryui/images/ui-bg_flat_55_fafafa_40x100.png HTTP/1.1" 404 1097
186.103.159.187 - - [01/Mar/2017:13:18:31 -0300] "GET /cormun/static/Shared/jqueryui/images/ui-icons_8d78a5_256x240.png HTTP/1.1" 404 1089
186.103.159.187 - - [01/Mar/2017:13:18:31 -0300] "GET /cormun/servlet/solicitudot?DLT,2017,4956, HTTP/1.1" 200 9285
186.103.156.211 - - [01/Mar/2017:13:18:45 -0300] "GET /cormun/servlet/trlicencias? HTTP/1.1" 200 8086
186.103.156.211 - - [01/Mar/2017:13:18:46 -0300] "GET /cormun/servlet/trlicencias? HTTP/1.1" 200 8085
186.103.156.211 - - [01/Mar/2017:13:19:00 -0300] "GET /cormun/servlet/licenciaspermisos?UPD,12694048,L,20170301000000, HTTP/1.1" 200 7214
186.103.156.211 - - [01/Mar/2017:13:19:00 -0300] "GET /cormun/servlet/licenciaspermisos?UPD,12694048,L,20170301000000, HTTP/1.1" 200 7213
186.103.156.211 - - [01/Mar/2017:13:19:01 -0300] "GET /cormun/servlet/licenciaspermisos?e69d3ab8f79f5cbf413c23cbe79f958df672b6a9c90c40a0705e39e97e392c547206ee62bb4fe271f84b1f5cd43f97b6,gx-no-cache=1488385394751 HTTP/1.1" 200 61
192.168.10.89 - - [01/Mar/2017:13:19:02 -0300] "GET /cormun/servlet/hlogin HTTP/1.1" 200 1741
186.103.159.187 - - [01/Mar/2017:13:19:02 -0300] "POST /cormun/servlet/solicitudot?336cd1ddb4875f3e05c7f42045bd632f,DLT,2017,4956,,gx-no-cache=1488385211702 HTTP/1.1" 200 93
186.103.159.187 - - [01/Mar/2017:13:19:02 -0300] "GET /cormun/servlet/hpexe_return? HTTP/1.1" 200 1012
186.103.159.187 - - [01/Mar/2017:13:19:03 -0300] "GET /cormun/servlet/trsolicitudot HTTP/1.1" 200 8385
186.103.159.187 - - [01/Mar/2017:13:19:04 -0300] "GET /cormun/servlet/trsolicitudot HTTP/1.1" 200 8381
186.103.159.187 - - [01/Mar/2017:13:19:11 -0300] "POST /cormun/servlet/trsolicitudot?336cd1ddb4875f3e05c7f42045bd632f,gx-no-cache=1488385219986 HTTP/1.1" 200 106
186.103.159.187 - - [01/Mar/2017:13:19:11 -0300] "GET /cormun/servlet/solicitudot?DLT,2017,4956, HTTP/1.1" 200 9275
186.103.159.187 - - [01/Mar/2017:13:19:12 -0300] "GET /cormun/servlet/solicitudot?DLT,2017,4956, HTTP/1.1" 200 9285
186.103.159.187 - - [01/Mar/2017:13:19:19 -0300] "POST /cormun/servlet/solicitudot?336cd1ddb4875f3e05c7f42045bd632f,DLT,2017,4956,,gx-no-cache=1488385228699 HTTP/1.1" 200 93
186.103.159.187 - - [01/Mar/2017:13:19:19 -0300] "GET /cormun/servlet/hpexe_return? HTTP/1.1" 200 1012
186.103.159.187 - - [01/Mar/2017:13:19:20 -0300] "GET /cormun/servlet/trsolicitudot HTTP/1.1" 200 7974
186.103.159.187 - - [01/Mar/2017:13:19:21 -0300] "GET /cormun/servlet/trsolicitudot HTTP/1.1" 200 7970
186.103.159.187 - - [01/Mar/2017:13:19:25 -0300] "POST /cormun/servlet/trsolicitudot?336cd1ddb4875f3e05c7f42045bd632f,gx-no-cache=1488385234390 HTTP/1.1" 200 106
186.103.159.187 - - [01/Mar/2017:13:19:25 -0300] "GET /cormun/servlet/solicitudot?DLT,2017,4953, HTTP/1.1" 200 9265
186.103.159.187 - - [01/Mar/2017:13:19:26 -0300] "GET /cormun/servlet/solicitudot?DLT,2017,4953, HTTP/1.1" 200 9275
200.112.3.209 - - [01/Mar/2017:13:19:27 -0300] "GET /cormun/servlet/permisogoce?DSP,15993655,P,20170301141127, HTTP/1.1" 200 6406
200.112.3.209 - - [01/Mar/2017:13:19:28 -0300] "GET /cormun/servlet/permisogoce?DSP,15993655,P,20170301141127, HTTP/1.1" 200 6408
186.103.159.187 - - [01/Mar/2017:13:19:30 -0300] "POST /cormun/servlet/solicitudot?336cd1ddb4875f3e05c7f42045bd632f,DLT,2017,4953,,gx-no-cache=1488385238879 HTTP/1.1" 200 93
186.103.159.187 - - [01/Mar/2017:13:19:30 -0300] "GET /cormun/servlet/hpexe_return? HTTP/1.1" 200 1011
186.103.159.187 - - [01/Mar/2017:13:19:30 -0300] "GET /cormun/servlet/trsolicitudot HTTP/1.1" 200 6673
186.103.159.187 - - [01/Mar/2017:13:19:31 -0300] "GET /cormun/servlet/trsolicitudot HTTP/1.1" 200 6669
186.103.159.187 - - [01/Mar/2017:13:19:40 -0300] "GET /cormun/servlet/trsolicitudot? HTTP/1.1" 200 6669
186.103.159.187 - - [01/Mar/2017:13:19:40 -0300] "GET /cormun/servlet/trsolicitudot? HTTP/1.1" 200 6669
200.112.3.209 - - [01/Mar/2017:13:19:59 -0300] "POST /cormun/servlet/permisogoce?ed0df26651208c7377c3e451de7685b1,DSP,15993655,P,20170301141127,,gx-no-cache=1488385270658 HTTP/1.1" 200 93
200.112.3.209 - - [01/Mar/2017:13:19:59 -0300] "GET /cormun/servlet/hpexe_return? HTTP/1.1" 200 1022
200.112.3.209 - - [01/Mar/2017:13:20:00 -0300] "GET /cormun/servlet/trpermisosgoce HTTP/1.1" 200 8048
200.112.3.209 - - [01/Mar/2017:13:20:00 -0300] "GET /cormun/servlet/trpermisosgoce HTTP/1.1" 200 8054
200.112.3.209 - - [01/Mar/2017:13:20:06 -0300] "GET /cormun/servlet/permisogoce?DSP,17334813,P,20170301141239, HTTP/1.1" 200 6398
200.112.3.209 - - [01/Mar/2017:13:20:07 -0300] "GET /cormun/servlet/permisogoce?DSP,17334813,P,20170301141239, HTTP/1.1" 200 6400
186.103.159.187 - - [01/Mar/2017:13:20:11 -0300] "GET /cormun/servlet/solicitudot?INS,0,0, HTTP/1.1" 200 12544
186.103.159.187 - - [01/Mar/2017:13:20:12 -0300] "GET /cormun/servlet/solicitudot?INS,0,0, HTTP/1.1" 200 12549
186.103.156.211 - - [01/Mar/2017:13:20:16 -0300] "GET /cormun/servlet/licenciaspermisos?e69d3ab8f79f5cbf413c23cbe79f958d1929eec63cf36ccf0eea30d6b7b37448c5e7e2d64236d5226130660d13eb1589921ed12573f4beeeda3fada8ce94ee10ffd3c9ca5780a9018c5e8117f6023f1310b48e6ffa0b55f95bb3506efc369db81919f175b128204e9c6ab087dd2f1ee8f29b2a4743540d6b259a8a199d3bb36bb40580ed2a75801187b1f77eb246ef883dc0a408960cbb797a044c7b116af0792ff993bd91b9c06907a69819e0d8d22eb45531c96ae48568a7e143f791d04d2810fffbcfe0a20c2501ff042fecda26d69647dd599fd73d04b9b7c3503d7b9814,gx-no-cache=1488385477527 HTTP/1.1" 200 30
186.103.156.211 - - [01/Mar/2017:13:20:16 -0300] "POST /cormun/servlet/licenciaspermisos?6a9ed0b4b51554d415c62796e32d34a5,UPD,12694048,L,20170301000000,,gx-no-cache=1488385477642 HTTP/1.1" 200 4488
186.103.156.211 - - [01/Mar/2017:13:20:20 -0300] "GET /cormun/servlet/licenciaspermisos?e69d3ab8f79f5cbf413c23cbe79f958dd589d7f6c517909de481f22d79bf1f85110853e4ca8bd81700ced6bb75c03f4591b0480b34b8ac6ed8a24abd6dfbf2920a078e820a8b3c2f9699d9fa490d8852c80f08d31b9d2a15a5df2da285fcca960e21619ee0bf17910ea1abd8f4dc3b4501b7d4518861aee8694fea21069329cae851d0f9232414541fe96c26e5b74720ed52296dc327e7de2eadd2b516947972b844de58ac14dc7dc5608f870e8071f646de6f5030903c7e08db1becdedb772d4d063c77e7f9d52beb93186e4adcf054492afa9d36d54768d30ecc10c4c9f115,gx-no-cache=1488385481574 HTTP/1.1" 200 29
186.103.156.211 - - [01/Mar/2017:13:20:20 -0300] "POST /cormun/servlet/licenciaspermisos?6a9ed0b4b51554d415c62796e32d34a5,UPD,12694048,L,20170301000000,,gx-no-cache=1488385481635 HTTP/1.1" 200 93
186.103.156.211 - - [01/Mar/2017:13:20:20 -0300] "GET /cormun/servlet/hpexe_return? HTTP/1.1" 200 1033
186.103.156.211 - - [01/Mar/2017:13:20:20 -0300] "GET /cormun/servlet/trlicencias HTTP/1.1" 200 8044
186.103.156.211 - - [01/Mar/2017:13:20:21 -0300] "GET /cormun/servlet/trlicencias HTTP/1.1" 200 8040
186.103.159.187 - - [01/Mar/2017:13:20:26 -0300] "POST /cormun/servlet/solicitudot?gx-no-cache=1488385295680 HTTP/1.1" 200 3174
186.103.159.187 - - [01/Mar/2017:13:20:27 -0300] "POST /cormun/servlet/solicitudot?336cd1ddb4875f3e05c7f42045bd632f,INS,0,0,,gx-no-cache=1488385295885 HTTP/1.1" 200 9771
186.103.159.187 - - [01/Mar/2017:13:20:29 -0300] "GET /cormun/servlet/solicitudot?3ace2ea7f33967abe8fb771d52824d5ce8b0f5cd6abf326b688b602414dc1cd7c47db91fceb5214b5db755f3974a3018,gx-no-cache=1488385297853 HTTP/1.1" 200 30
186.103.159.187 - - [01/Mar/2017:13:20:29 -0300] "POST /cormun/servlet/solicitudot?gx-no-cache=1488385297928 HTTP/1.1" 200 256
186.103.159.187 - - [01/Mar/2017:13:20:29 -0300] "GET /cormun/servlet/solicitudot?3ace2ea7f33967abe8fb771d52824d5cceb6b55c251d93173e0a12c07b4c7cc97e8dfb07b9b97baca4369d775c46ab8a73429f724e25d285a72d991cd322341b7bdb4278963630efcbc95bb7e87dd8ef8285dcea71abed761e424e04146dbd4d1b75a4b6d51d2a98dcc8e4bdc4eccebada12ee57c80e9240d63dc83caa88aaf77804dd15d8cea6b8e1fc9e6639ab661db71ff4736da379a8d714bacc237ac59cc2cae8c10e630cde5d3201ca978d3f0bb525f28077523c55f25223ccaf32cce25d6ce1eb6be526a77130fb6306f2e2289f635d785ed1b5f924b562affc82d0bc61fb5087266b4c08d26c1e01187d14330470d029a857aaa33c4cd2f36a456e390be1b36a14f3605536642cb9b4027eb6d17fec88f0d37296bd094eb8335f579a83252a16693fd7e76835e98952816f2c20257d1fcfcb8096a3d07a8a419f8cc72a85b42ccd952fae3d8b2cd1893b67fb9a9b00de8e4723117c9597f851094d7efb53d69cfe8dea50188762698bf479119bd5029c2255ea8c30317ce3500959a4,gx-no-cache=1488385297977 HTTP/1.1" 200 30
186.103.159.187 - - [01/Mar/2017:13:20:31 -0300] "POST /cormun/servlet/solicitudot?gx-no-cache=1488385300182 HTTP/1.1" 200 30
186.103.156.211 - - [01/Mar/2017:13:20:35 -0300] "GET /cormun/servlet/alicenciaprn?12694048,L,20170301000000,PU HTTP/1.1" 200 1536
186.103.159.187 - - [01/Mar/2017:13:20:35 -0300] "POST /cormun/servlet/solicitudot?gx-no-cache=1488385304206 HTTP/1.1" 200 30
186.103.159.187 - - [01/Mar/2017:13:20:39 -0300] "GET /cormun/servlet/prcontratosol?10747961,,,,,MD,,gxPopupLevel%3D0%3B HTTP/1.1" 200 5888
186.103.159.187 - - [01/Mar/2017:13:20:45 -0300] "POST /cormun/servlet/solicitudot?gx-no-cache=1488385313859 HTTP/1.1" 200 1291
186.103.159.187 - - [01/Mar/2017:13:20:45 -0300] "POST /cormun/servlet/solicitudot?gx-no-cache=1488385313966 HTTP/1.1" 200 38
186.103.159.187 - - [01/Mar/2017:13:20:45 -0300] "GET /cormun/servlet/solicitudot?3ace2ea7f33967abe8fb771d52824d5c2f341d29eddbc64ad8261632bc674bee08ce39c56f1775234163e36cae90a69debb91ca2b31ce8b97c0482c881732e0e748ab7d9c8e592c267a19ae7ecd97813c7617e3bde307b312f512e5630bbae2eecd49d827a13cfa608ed8a4a0bf8c39fddc11bf7f09b53e6640d8ecbe27c003bd115a59b07bbe98648bc94d18c3f12d3bffdcd7e9d81429b365857279db4e7d5,gx-no-cache=1488385314056 HTTP/1.1" 200 29
186.103.159.187 - - [01/Mar/2017:13:20:45 -0300] "POST /cormun/servlet/solicitudot?gx-no-cache=1488385314121 HTTP/1.1" 200 1275
186.103.159.187 - - [01/Mar/2017:13:20:45 -0300] "POST /cormun/servlet/solicitudot?gx-no-cache=1488385314208 HTTP/1.1" 200 1157
186.103.159.187 - - [01/Mar/2017:13:20:46 -0300] "GET /cormun/servlet/prsolicitudot?10747961,,,,,MD,,gxPopupLevel%3D0%3B HTTP/1.1" 200 5866
186.103.159.187 - - [01/Mar/2017:13:20:58 -0300] "POST /cormun/servlet/solicitudot?336cd1ddb4875f3e05c7f42045bd632f,INS,0,0,,gx-no-cache=1488385326568 HTTP/1.1" 200 93
186.103.159.187 - - [01/Mar/2017:13:20:58 -0300] "GET /cormun/servlet/hpexe_return? HTTP/1.1" 200 1005
186.103.159.187 - - [01/Mar/2017:13:20:58 -0300] "GET /cormun/servlet/trsolicitudot HTTP/1.1" 200 6673
186.103.159.187 - - [01/Mar/2017:13:20:59 -0300] "GET /cormun/servlet/trsolicitudot HTTP/1.1" 200 6669
186.103.159.187 - - [01/Mar/2017:13:21:17 -0300] "GET /cormun/servlet/solicitudot?INS,0,0, HTTP/1.1" 200 12544
186.103.159.187 - - [01/Mar/2017:13:21:18 -0300] "GET /cormun/servlet/solicitudot?INS,0,0, HTTP/1.1" 200 12549
186.103.156.211 - - [01/Mar/2017:13:21:25 -0300] "GET /cormun/servlet/trsolicitudot? HTTP/1.1" 200 6629
186.103.156.211 - - [01/Mar/2017:13:21:26 -0300] "GET /cormun/servlet/trsolicitudot? HTTP/1.1" 200 6629
186.103.159.187 - - [01/Mar/2017:13:21:28 -0300] "POST /cormun/servlet/solicitudot?gx-no-cache=1488385357336 HTTP/1.1" 200 3199
186.103.159.187 - - [01/Mar/2017:13:21:28 -0300] "POST /cormun/servlet/solicitudot?336cd1ddb4875f3e05c7f42045bd632f,INS,0,0,,gx-no-cache=1488385357523 HTTP/1.1" 200 9808
186.103.159.187 - - [01/Mar/2017:13:21:31 -0300] "GET /cormun/servlet/solicitudot?3ace2ea7f33967abe8fb771d52824d5ce2e53cf2f0c4c45e570782e4dbee8f21c47db91fceb5214b5db755f3974a3018,gx-no-cache=1488385360165 HTTP/1.1" 200 30
186.103.159.187 - - [01/Mar/2017:13:21:31 -0300] "POST /cormun/servlet/solicitudot?gx-no-cache=1488385360240 HTTP/1.1" 200 297
186.103.159.187 - - [01/Mar/2017:13:21:31 -0300] "GET /cormun/servlet/solicitudot?3ace2ea7f33967abe8fb771d52824d5cceb6b55c251d93173e0a12c07b4c7cc9e4073a6f48da5976ebaa43ef079a671273429f724e25d285a72d991cd322341b7bdb4278963630efcbc95bb7e87dd8ef8285dcea71abed761e424e04146dbd4d1b75a4b6d51d2a98dcc8e4bdc4eccebada12ee57c80e9240d63dc83caa88aaf77804dd15d8cea6b8e1fc9e6639ab661db71ff4736da379a8d714bacc237ac59cc2cae8c10e630cde5d3201ca978d3f0bb525f28077523c55f25223ccaf32cce25d6ce1eb6be526a77130fb6306f2e2289f635d785ed1b5f924b562affc82d0bc61fb5087266b4c08d26c1e01187d1433defa4a3423ae433fc0fe8180b211ffbc0be1b36a14f3605536642cb9b4027eb6d17fec88f0d37296bd094eb8335f579a83252a16693fd7e76835e98952816f2c20257d1fcfcb8096a3d07a8a419f8cc70dd1b7d3f04ecfdf0e421a5fa04cea83c1daa489952a74795efda9074f53333739bbbc10817f77baea39041bafb5fe6c1348894fc55c2499cea894cc5f2f97a187bb2b78286b62282fa8cd817098c0c4,gx-no-cache=1488385360301 HTTP/1.1" 200 30
186.103.159.187 - - [01/Mar/2017:13:21:36 -0300] "POST /cormun/servlet/solicitudot?gx-no-cache=1488385364881 HTTP/1.1" 200 30
186.103.159.187 - - [01/Mar/2017:13:21:37 -0300] "GET /cormun/servlet/prcontratosol?17088324,,,,,MD,,gxPopupLevel%3D0%3B HTTP/1.1" 200 5886
186.103.159.187 - - [01/Mar/2017:13:21:41 -0300] "POST /cormun/servlet/solicitudot?gx-no-cache=1488385370492 HTTP/1.1" 200 1291
186.103.159.187 - - [01/Mar/2017:13:21:41 -0300] "POST /cormun/servlet/solicitudot?gx-no-cache=1488385370569 HTTP/1.1" 200 38
186.103.159.187 - - [01/Mar/2017:13:21:41 -0300] "GET /cormun/servlet/solicitudot?3ace2ea7f33967abe8fb771d52824d5c2f341d29eddbc64ad8261632bc674bee08ce39c56f1775234163e36cae90a69d8417f57b64fb4e06a43a4b75ad05279f3a946fa6eabbfcaac452f20952768ac8cf37a5e790fdd9c0f7332e1b1b45274f379365b8c1a6fb77d9f6a37557f63717,gx-no-cache=1488385370616 HTTP/1.1" 200 29
186.103.159.187 - - [01/Mar/2017:13:21:41 -0300] "POST /cormun/servlet/solicitudot?gx-no-cache=1488385370656 HTTP/1.1" 200 1274
186.103.159.187 - - [01/Mar/2017:13:21:41 -0300] "POST /cormun/servlet/solicitudot?gx-no-cache=1488385370713 HTTP/1.1" 200 1156
186.103.159.187 - - [01/Mar/2017:13:21:42 -0300] "GET /cormun/servlet/prsolicitudot?17088324,,,,,MD,,gxPopupLevel%3D0%3B HTTP/1.1" 200 6123
186.103.159.187 - - [01/Mar/2017:13:22:18 -0300] "POST /cormun/servlet/solicitudot?336cd1ddb4875f3e05c7f42045bd632f,INS,0,0,,gx-no-cache=1488385407680 HTTP/1.1" 200 93
186.103.159.187 - - [01/Mar/2017:13:22:18 -0300] "GET /cormun/servlet/hpexe_return? HTTP/1.1" 200 1005
186.103.159.187 - - [01/Mar/2017:13:22:19 -0300] "GET /cormun/servlet/trsolicitudot HTTP/1.1" 200 6673
186.103.159.187 - - [01/Mar/2017:13:22:20 -0300] "GET /cormun/servlet/trsolicitudot HTTP/1.1" 200 6669
186.103.156.211 - - [01/Mar/2017:13:22:20 -0300] "GET /cormun/servlet/solicitudot?INS,0,0, HTTP/1.1" 200 12514
186.103.156.211 - - [01/Mar/2017:13:22:21 -0300] "GET /cormun/servlet/solicitudot?INS,0,0, HTTP/1.1" 200 12518
186.103.159.187 - - [01/Mar/2017:13:22:23 -0300] "GET /cormun/servlet/solicitudot?INS,0,0, HTTP/1.1" 200 12541
186.103.159.187 - - [01/Mar/2017:13:22:24 -0300] "GET /cormun/servlet/solicitudot?INS,0,0, HTTP/1.1" 200 12546
192.168.10.99 - - [01/Mar/2017:13:22:25 -0300] "GET /cormun/servlet/hlogin HTTP/1.1" 200 1721
192.168.10.99 - - [01/Mar/2017:13:22:25 -0300] "GET /cormun/static/gxtimezone.js?85251 HTTP/1.1" 304 -
192.168.10.99 - - [01/Mar/2017:13:22:25 -0300] "GET /cormun/static/gxcfg.js?201612216162538 HTTP/1.1" 304 -
192.168.10.99 - - [01/Mar/2017:13:22:25 -0300] "GET /cormun/static/messages.spa.js?85251 HTTP/1.1" 304 -
192.168.10.99 - - [01/Mar/2017:13:22:27 -0300] "GET /cormun/servlet/hlogin HTTP/1.1" 200 1721
192.168.10.99 - - [01/Mar/2017:13:22:39 -0300] "POST /cormun/servlet/hlogin?3600789346d1d6e76c5fd78a6e0978d1,gx-no-cache=1488388645879 HTTP/1.1" 200 428
192.168.10.99 - - [01/Mar/2017:13:22:44 -0300] "POST /cormun/servlet/hlogin?3600789346d1d6e76c5fd78a6e0978d1,gx-no-cache=1488388650812 HTTP/1.1" 200 90
192.168.10.99 - - [01/Mar/2017:13:22:44 -0300] "GET /cormun/servlet/hpexe_link HTTP/1.1" 200 954
192.168.10.99 - - [01/Mar/2017:13:22:44 -0300] "GET /cormun/static/gxcfg.js?201612218515529 HTTP/1.1" 304 -
192.168.10.99 - - [01/Mar/2017:13:22:44 -0300] "GET /cormun/servlet/hhome HTTP/1.1" 200 4393
192.168.10.99 - - [01/Mar/2017:13:22:44 -0300] "GET /cormun/static/gxcfg.js?201612218515568 HTTP/1.1" 304 -
192.168.10.99 - - [01/Mar/2017:13:22:45 -0300] "GET /cormun/servlet/hhome HTTP/1.1" 200 4389
192.168.10.99 - - [01/Mar/2017:13:22:48 -0300] "GET /cormun/servlet/trsecurityuser01? HTTP/1.1" 200 11469
192.168.10.99 - - [01/Mar/2017:13:22:48 -0300] "GET /cormun/static/gxcfg.js?20161221852459 HTTP/1.1" 304 -
192.168.10.99 - - [01/Mar/2017:13:22:49 -0300] "GET /cormun/servlet/trsecurityuser01? HTTP/1.1" 200 11467
192.168.10.99 - - [01/Mar/2017:13:23:03 -0300] "POST /cormun/servlet/trsecurityuser01?3600789346d1d6e76c5fd78a6e0978d1,,gx-no-cache=1488388669295 HTTP/1.1" 200 4065
192.168.10.99 - - [01/Mar/2017:13:23:15 -0300] "POST /cormun/servlet/trsecurityuser01?3600789346d1d6e76c5fd78a6e0978d1,,gx-no-cache=1488388682007 HTTP/1.1" 200 4659
186.103.159.187 - - [01/Mar/2017:13:23:21 -0300] "POST /cormun/servlet/solicitudot?gx-no-cache=1488385470322 HTTP/1.1" 200 3185
186.103.159.187 - - [01/Mar/2017:13:23:21 -0300] "POST /cormun/servlet/solicitudot?336cd1ddb4875f3e05c7f42045bd632f,INS,0,0,,gx-no-cache=1488385470536 HTTP/1.1" 200 9781
192.168.10.99 - - [01/Mar/2017:13:23:21 -0300] "GET /cormun/servlet/securityusers?UPD,21, HTTP/1.1" 200 7300
192.168.10.99 - - [01/Mar/2017:13:23:21 -0300] "GET /cormun/static/gxcfg.js?201612218455945 HTTP/1.1" 304 -
192.168.10.99 - - [01/Mar/2017:13:23:22 -0300] "GET /cormun/servlet/securityusers?UPD,21, HTTP/1.1" 200 7300
186.103.159.187 - - [01/Mar/2017:13:23:23 -0300] "GET /cormun/servlet/solicitudot?3ace2ea7f33967abe8fb771d52824d5c0cfebfc734348611d9cb7f166f919d7dc47db91fceb5214b5db755f3974a3018,gx-no-cache=1488385472746 HTTP/1.1" 200 30
186.103.159.187 - - [01/Mar/2017:13:23:23 -0300] "POST /cormun/servlet/solicitudot?gx-no-cache=1488385472806 HTTP/1.1" 200 255
186.103.159.187 - - [01/Mar/2017:13:23:23 -0300] "GET /cormun/servlet/solicitudot?3ace2ea7f33967abe8fb771d52824d5cceb6b55c251d93173e0a12c07b4c7cc98566e4a91a7a442cbd6c872869e29f2e73429f724e25d285a72d991cd322341b7bdb4278963630efcbc95bb7e87dd8ef8285dcea71abed761e424e04146dbd4d1b75a4b6d51d2a98dcc8e4bdc4eccebada12ee57c80e9240d63dc83caa88aaf77804dd15d8cea6b8e1fc9e6639ab661db71ff4736da379a8d714bacc237ac59cc2cae8c10e630cde5d3201ca978d3f0bb525f28077523c55f25223ccaf32cce25d6ce1eb6be526a77130fb6306f2e2289f635d785ed1b5f924b562affc82d0bc61fb5087266b4c08d26c1e01187d14330470d029a857aaa33c4cd2f36a456e390be1b36a14f3605536642cb9b4027eb6b9b9c6d911a3e9bb7dc6a74d5cd1ffc2fc8a9b091a633df5249244679181f7824a099e2f2abcba8fa310d48ab18fe83f1cf81ab0659098018051a3e77672f05cd512ec148b62d43284af7f61502d00883a35f6fe45947bce3f0933544c0aa0085ba724c8fef99a2a81b21508e87b3287,gx-no-cache=1488385472851 HTTP/1.1" 200 30
186.103.159.187 - - [01/Mar/2017:13:23:26 -0300] "POST /cormun/servlet/solicitudot?gx-no-cache=1488385475128 HTTP/1.1" 200 30
186.103.159.187 - - [01/Mar/2017:13:23:31 -0300] "POST /cormun/servlet/solicitudot?gx-no-cache=1488385480039 HTTP/1.1" 200 30
186.103.159.187 - - [01/Mar/2017:13:23:32 -0300] "GET /cormun/servlet/prsolicitudot?11672460,,,,,MD,,gxPopupLevel%3D0%3B HTTP/1.1" 200 5951
186.79.17.148 - - [01/Mar/2017:13:23:56 -0300] "POST /cormun/servlet/solicitudotadjuntos?f18cff44c061400b367949f5952d6ae8,INS,2017,4931,,1,,gx-no-cache=1488385373610 HTTP/1.1" 440 972
186.79.17.148 - - [01/Mar/2017:13:23:57 -0300] "GET /cormun/servlet/solicitudotadjuntos?INS,2017,4931,,1, HTTP/1.1" 200 5143
186.79.17.148 - - [01/Mar/2017:13:23:58 -0300] "GET /cormun/static/about:blank HTTP/1.1" 404 1011
192.168.10.99 - - [01/Mar/2017:13:23:59 -0300] "POST /cormun/servlet/securityusers?3600789346d1d6e76c5fd78a6e0978d1,UPD,21,,gx-no-cache=1488388725757 HTTP/1.1" 200 93
192.168.10.99 - - [01/Mar/2017:13:23:59 -0300] "GET /cormun/servlet/hpexe_return? HTTP/1.1" 200 1009
192.168.10.99 - - [01/Mar/2017:13:23:59 -0300] "GET /cormun/static/gxcfg.js?2016101716175148 HTTP/1.1" 304 -
192.168.10.99 - - [01/Mar/2017:13:23:59 -0300] "GET /cormun/servlet/trsecurityuser01? HTTP/1.1" 200 7150
186.79.17.148 - - [01/Mar/2017:13:24:00 -0300] "GET /cormun/servlet/solicitudotadjuntos?INS,2017,4931,,1, HTTP/1.1" 200 5143
192.168.10.99 - - [01/Mar/2017:13:24:00 -0300] "GET /cormun/servlet/trsecurityuser01? HTTP/1.1" 200 7146
186.79.17.148 - - [01/Mar/2017:13:24:00 -0300] "GET /cormun/servlet/hlogin HTTP/1.1" 200 1759
192.168.10.99 - - [01/Mar/2017:13:24:06 -0300] "GET /cormun/servlet/securityusers?UPD,21, HTTP/1.1" 200 7300
192.168.10.99 - - [01/Mar/2017:13:24:06 -0300] "GET /cormun/servlet/securityusers?UPD,21, HTTP/1.1" 200 7300
186.79.17.148 - - [01/Mar/2017:13:24:12 -0300] "POST /cormun/servlet/hlogin?0e156c50288d8130f4f7e48aeb68b038,gx-no-cache=1488385389774 HTTP/1.1" 200 90
186.79.17.148 - - [01/Mar/2017:13:24:12 -0300] "GET /cormun/servlet/hpexe_link HTTP/1.1" 200 955
186.79.17.148 - - [01/Mar/2017:13:24:12 -0300] "GET /cormun/servlet/hhome HTTP/1.1" 200 3786
186.79.17.148 - - [01/Mar/2017:13:24:13 -0300] "GET /cormun/servlet/hhome HTTP/1.1" 200 3786
186.79.17.148 - - [01/Mar/2017:13:24:26 -0300] "GET /cormun/servlet/trvisualizadoreventos? HTTP/1.1" 200 6516
186.79.17.148 - - [01/Mar/2017:13:24:27 -0300] "GET /cormun/servlet/trvisualizadoreventos? HTTP/1.1" 200 6515
186.79.17.148 - - [01/Mar/2017:13:24:33 -0300] "POST /cormun/servlet/trvisualizadoreventos?0e156c50288d8130f4f7e48aeb68b038,,gx-no-cache=1488385410790 HTTP/1.1" 200 3758
186.79.17.148 - - [01/Mar/2017:13:24:36 -0300] "GET /cormun/static/menuarrow.gif HTTP/1.1" 404 1015
192.168.10.99 - - [01/Mar/2017:13:24:37 -0300] "POST /cormun/servlet/securityusers?3600789346d1d6e76c5fd78a6e0978d1,UPD,21,,gx-no-cache=1488388764085 HTTP/1.1" 200 93
192.168.10.99 - - [01/Mar/2017:13:24:37 -0300] "GET /cormun/servlet/hpexe_return? HTTP/1.1" 200 1008
192.168.10.99 - - [01/Mar/2017:13:24:38 -0300] "GET /cormun/servlet/trsecurityuser01 HTTP/1.1" 200 7150
192.168.10.99 - - [01/Mar/2017:13:24:38 -0300] "GET /cormun/servlet/trsecurityuser01 HTTP/1.1" 200 7146
192.168.10.99 - - [01/Mar/2017:13:24:40 -0300] "GET /cormun/servlet/hlogin HTTP/1.1" 200 1742
186.79.17.148 - - [01/Mar/2017:13:24:41 -0300] "POST /cormun/servlet/trvisualizadoreventos?0e156c50288d8130f4f7e48aeb68b038,,gx-no-cache=1488385419022 HTTP/1.1" 200 3766
186.79.17.148 - - [01/Mar/2017:13:24:46 -0300] "POST /cormun/servlet/trvisualizadoreventos?0e156c50288d8130f4f7e48aeb68b038,,gx-no-cache=1488385423878 HTTP/1.1" 200 4306
192.168.10.99 - - [01/Mar/2017:13:24:49 -0300] "POST /cormun/servlet/hlogin?3600789346d1d6e76c5fd78a6e0978d1,gx-no-cache=1488388775881 HTTP/1.1" 200 453
186.103.159.183 - - [01/Mar/2017:13:24:50 -0300] "GET /cormun/servlet/hlogin HTTP/1.1" 200 1730
186.103.159.183 - - [01/Mar/2017:13:24:51 -0300] "GET /cormun/static/Resources/ComunLogin.png HTTP/1.1" 200 17326
192.168.10.99 - - [01/Mar/2017:13:24:58 -0300] "POST /cormun/servlet/hlogin?3600789346d1d6e76c5fd78a6e0978d1,gx-no-cache=1488388784355 HTTP/1.1" 200 453
186.79.17.148 - - [01/Mar/2017:13:25:08 -0300] "GET /cormun/servlet/trsolicitudot? HTTP/1.1" 200 8059
192.168.10.99 - - [01/Mar/2017:13:25:10 -0300] "POST /cormun/servlet/hlogin?3600789346d1d6e76c5fd78a6e0978d1,gx-no-cache=1488388796457 HTTP/1.1" 200 453
186.79.17.148 - - [01/Mar/2017:13:25:10 -0300] "GET /cormun/servlet/trsolicitudot? HTTP/1.1" 200 8058
186.79.17.148 - - [01/Mar/2017:13:25:14 -0300] "POST /cormun/servlet/trsolicitudot?0e156c50288d8130f4f7e48aeb68b038,,gx-no-cache=1488385451647 HTTP/1.1" 200 107
186.79.17.148 - - [01/Mar/2017:13:25:14 -0300] "GET /cormun/servlet/trsolicitudadjuntos?2017,4931, HTTP/1.1" 200 8179
186.79.17.148 - - [01/Mar/2017:13:25:15 -0300] "GET /cormun/servlet/trsolicitudadjuntos?2017,4931, HTTP/1.1" 200 8176
190.101.9.138 - - [01/Mar/2017:13:25:25 -0300] "GET /cormun/servlet/hlogin HTTP/1.1" 200 1720
192.168.10.99 - - [01/Mar/2017:13:25:26 -0300] "POST /cormun/servlet/hlogin?3600789346d1d6e76c5fd78a6e0978d1,gx-no-cache=1488388812480 HTTP/1.1" 200 90
192.168.10.99 - - [01/Mar/2017:13:25:26 -0300] "GET /cormun/servlet/hpexe_link HTTP/1.1" 200 962
192.168.10.99 - - [01/Mar/2017:13:25:26 -0300] "GET /cormun/servlet/trsecurityuser01 HTTP/1.1" 200 7148
192.168.10.99 - - [01/Mar/2017:13:25:26 -0300] "GET /cormun/servlet/trsecurityuser01 HTTP/1.1" 200 7146
186.79.17.148 - - [01/Mar/2017:13:25:33 -0300] "GET /cormun/servlet/solicitudotadjuntos?INS,2017,4931,,1, HTTP/1.1" 200 5818
186.79.17.148 - - [01/Mar/2017:13:25:34 -0300] "GET /cormun/static/about:blank HTTP/1.1" 404 1011
192.168.10.99 - - [01/Mar/2017:13:25:34 -0300] "GET /cormun/servlet/trsolicitudot? HTTP/1.1" 200 7358
192.168.10.99 - - [01/Mar/2017:13:25:34 -0300] "GET /cormun/static/gxcfg.js?20171191044697 HTTP/1.1" 200 953
192.168.10.99 - - [01/Mar/2017:13:25:34 -0300] "GET /cormun/static/calendar.js?85251 HTTP/1.1" 304 -
192.168.10.99 - - [01/Mar/2017:13:25:34 -0300] "GET /cormun/static/calendar-setup.js?85251 HTTP/1.1" 304 -
192.168.10.99 - - [01/Mar/2017:13:25:34 -0300] "GET /cormun/static/calendar-es.js?85251 HTTP/1.1" 304 -
192.168.10.99 - - [01/Mar/2017:13:25:34 -0300] "GET /cormun/static/gxdec.js?85251 HTTP/1.1" 304 -
192.168.10.99 - - [01/Mar/2017:13:25:34 -0300] "GET /cormun/static/trsolicitudot.js?20171191045625 HTTP/1.1" 200 53117
192.168.10.99 - - [01/Mar/2017:13:25:35 -0300] "GET /cormun/servlet/trsolicitudot? HTTP/1.1" 200 7358
186.79.17.148 - - [01/Mar/2017:13:25:35 -0300] "GET /cormun/servlet/solicitudotadjuntos?INS,2017,4931,,1, HTTP/1.1" 200 5812
186.79.17.148 - - [01/Mar/2017:13:25:35 -0300] "GET /cormun/servlet/solicitudotadjuntos?695634c2b4121319f95aa4f2b6a46271d09aaf9d867ea91e22f36be1760ef048e241a97962471633e8a1cede307f5491,gx-no-cache=1488385473360 HTTP/1.1" 200 30
186.79.17.148 - - [01/Mar/2017:13:25:36 -0300] "POST /cormun/servlet/solicitudotadjuntos?0e156c50288d8130f4f7e48aeb68b038,INS,2017,4931,,1,,gx-no-cache=1488385473465 HTTP/1.1" 200 3669
192.168.10.99 - - [01/Mar/2017:13:25:38 -0300] "GET /cormun/servlet/solicitudot?INS,0,0, HTTP/1.1" 200 13185
192.168.10.99 - - [01/Mar/2017:13:25:38 -0300] "GET /cormun/static/gxcfg.js?20171191042720 HTTP/1.1" 200 953
192.168.10.99 - - [01/Mar/2017:13:25:38 -0300] "GET /cormun/static/solicitudot.js?2017119104297 HTTP/1.1" 200 63948
192.168.10.99 - - [01/Mar/2017:13:25:38 -0300] "GET /cormun/static/Resources/prompt.gif HTTP/1.1" 304 -
192.168.10.99 - - [01/Mar/2017:13:25:39 -0300] "GET /cormun/servlet/solicitudot?INS,0,0, HTTP/1.1" 200 13188
186.79.17.148 - - [01/Mar/2017:13:25:39 -0300] "POST /cormun/servlet/solicitudotadjuntos?gx-no-cache=1488385477157 HTTP/1.1" 200 26
