200.112.5.202 - - [01/Mar/2017:12:01:36 -0300] "GET /cormun/servlet/trsolicitudot? HTTP/1.1" 200 6951
200.112.5.202 - - [01/Mar/2017:12:01:37 -0300] "GET /cormun/servlet/trsolicitudot? HTTP/1.1" 200 6951
186.103.156.211 - - [01/Mar/2017:12:01:42 -0300] "POST /cormun/servlet/trlicencias?184ec44145d743535977557df831d605,,gx-no-cache=1488380633505 HTTP/1.1" 200 90
186.103.156.211 - - [01/Mar/2017:12:01:42 -0300] "GET /cormun/servlet/hpexe_link HTTP/1.1" 200 968
186.103.156.211 - - [01/Mar/2017:12:01:42 -0300] "GET /cormun/servlet/trvisualizadoreventos HTTP/1.1" 200 6424
186.103.156.211 - - [01/Mar/2017:12:01:43 -0300] "GET /cormun/servlet/trvisualizadoreventos HTTP/1.1" 200 6422
200.112.5.202 - - [01/Mar/2017:12:01:44 -0300] "POST /cormun/servlet/trsolicitudot?c48f2155c1f22ddb2967d4e4d878e032,,gx-no-cache=1488380577116 HTTP/1.1" 200 4140
186.79.16.23 - - [01/Mar/2017:12:01:48 -0300] "POST /cormun/servlet/solicitudot?gx-no-cache=1488380578673 HTTP/1.1" 200 3081
186.79.16.23 - - [01/Mar/2017:12:01:48 -0300] "POST /cormun/servlet/solicitudot?767e66286bbf99994442236e53c5f92a,INS,0,0,,gx-no-cache=1488380579080 HTTP/1.1" 200 9672
186.103.156.211 - - [01/Mar/2017:12:01:51 -0300] "GET /cormun/servlet/trsolicitudot? HTTP/1.1" 200 6626
186.79.16.23 - - [01/Mar/2017:12:01:51 -0300] "GET /cormun/servlet/solicitudot?c909dfd761e0991633dddcb21d07aff4502df483e159cb091837a21ecd9aa507119fbfa8d888d9585c23cdf8e0e472ed,gx-no-cache=1488380582397 HTTP/1.1" 200 30
200.112.5.202 - - [01/Mar/2017:12:01:51 -0300] "GET /cormun/servlet/solicitudot?INS,0,0, HTTP/1.1" 200 12781
186.103.156.211 - - [01/Mar/2017:12:01:52 -0300] "GET /cormun/servlet/trsolicitudot? HTTP/1.1" 200 6625
200.112.5.202 - - [01/Mar/2017:12:01:52 -0300] "GET /cormun/servlet/solicitudot?INS,0,0, HTTP/1.1" 200 12785
186.103.156.211 - - [01/Mar/2017:12:02:01 -0300] "GET /cormun/servlet/trlicencias? HTTP/1.1" 200 6558
186.103.156.211 - - [01/Mar/2017:12:02:03 -0300] "GET /cormun/servlet/trlicencias? HTTP/1.1" 200 6557
200.112.5.202 - - [01/Mar/2017:12:02:03 -0300] "GET /cormun/servlet/prfichaempleado?,MD,,gxPopupLevel%3D0%3B HTTP/1.1" 200 8850
186.103.159.187 - - [01/Mar/2017:12:02:34 -0300] "GET /cormun/static/menuarrow.gif HTTP/1.1" 404 1015
200.86.95.220 - - [01/Mar/2017:12:03:04 -0300] "GET /cormun/servlet/solicitudot?INS,0,0, HTTP/1.1" 200 12562
200.86.95.220 - - [01/Mar/2017:12:03:06 -0300] "GET /cormun/servlet/solicitudot?INS,0,0, HTTP/1.1" 200 12567
186.79.16.23 - - [01/Mar/2017:12:03:12 -0300] "POST /cormun/servlet/solicitudot?gx-no-cache=1488380662767 HTTP/1.1" 200 255
186.79.16.23 - - [01/Mar/2017:12:03:13 -0300] "GET /cormun/servlet/solicitudot?c909dfd761e0991633dddcb21d07aff420a34c95b84c41dc66749ab9f30a521b1f111d014c4da61e624028f17a9a256e0736f67adf7e43886aaad92b08416a430d0f7fcc2666a6994139d2e264d721b10c3ca6165ca8ecb42bf59f53f0bfc83a1bf9af00dc425af6758b7eaa86ecba996aed86eed9c917dedadf3c1339a33c5214cefbba015bfe7029050eb65c713e305d0c23bf4a2e35e5d54c6ae9f446decfa8a2666e617d9317be47cb97b56f0747835a1ac51fd1f7e30fdf35bfa6e173119b9d9229e9a080d9316db3d21e52ee32b28a0997dc34011a071ba9edb5b817aed317a8c67ff8c5ee2a12bda9e242a29e9cc4b32588888902aa6029597aed18ca97ead86170a324f0138df11f1d088df215366b2c41fae5f354679fa51f785ac5b1442dccb5be8ee1c39c99cc8d0b0b6ce67f3c437e0172a8db8e7e7c7447219a79e7763ecad64215137429d17098978965406308e6ce9a62ab0977382289ef750a9aa9773f5c615001626e724f113a5fb3e4ddcf8370bcb5509f0b201b46caf6,gx-no-cache=1488380664284 HTTP/1.1" 200 30
200.86.95.220 - - [01/Mar/2017:12:03:15 -0300] "POST /cormun/servlet/solicitudot?gx-no-cache=1488380667919 HTTP/1.1" 200 3081
200.86.95.220 - - [01/Mar/2017:12:03:15 -0300] "POST /cormun/servlet/solicitudot?9257d87e831697487fe0b0baa7e3d505,INS,0,0,,gx-no-cache=1488380668188 HTTP/1.1" 200 9681
186.79.16.23 - - [01/Mar/2017:12:03:16 -0300] "POST /cormun/servlet/solicitudot?gx-no-cache=1488380667149 HTTP/1.1" 200 30
200.86.95.220 - - [01/Mar/2017:12:03:18 -0300] "GET /cormun/servlet/solicitudot?7999051a9eaefc65d84abdbf46d0c377c29a0b1c08052068adf6d2d0fd0f6e390cba3c9c936c5192a40bc047b769a9df,gx-no-cache=1488380671556 HTTP/1.1" 200 30
186.79.16.23 - - [01/Mar/2017:12:03:19 -0300] "POST /cormun/servlet/solicitudot?gx-no-cache=1488380670365 HTTP/1.1" 200 30
186.79.16.23 - - [01/Mar/2017:12:03:21 -0300] "POST /cormun/servlet/solicitudot?gx-no-cache=1488380672025 HTTP/1.1" 200 235
186.79.16.23 - - [01/Mar/2017:12:03:21 -0300] "POST /cormun/servlet/solicitudot?gx-no-cache=1488380672128 HTTP/1.1" 200 38
186.103.156.211 - - [01/Mar/2017:12:03:21 -0300] "GET /cormun/servlet/trlicencias? HTTP/1.1" 200 6557
186.103.156.211 - - [01/Mar/2017:12:03:22 -0300] "GET /cormun/servlet/trlicencias? HTTP/1.1" 200 6557
186.103.156.211 - - [01/Mar/2017:12:03:28 -0300] "GET /cormun/servlet/trlicencias? HTTP/1.1" 200 6557
186.103.156.211 - - [01/Mar/2017:12:03:28 -0300] "GET /cormun/servlet/trlicencias? HTTP/1.1" 200 6557
200.112.5.202 - - [01/Mar/2017:12:03:28 -0300] "POST /cormun/servlet/prfichaempleado?c48f2155c1f22ddb2967d4e4d878e032,,MD,,gxPopupLevel%3D0%3B,gx-no-cache=1488380681250 HTTP/1.1" 200 3400
186.103.156.211 - - [01/Mar/2017:12:03:43 -0300] "GET /cormun/servlet/trsolicitudot? HTTP/1.1" 200 6625
186.103.156.211 - - [01/Mar/2017:12:03:44 -0300] "GET /cormun/servlet/trsolicitudot? HTTP/1.1" 200 6625
186.103.156.211 - - [01/Mar/2017:12:03:47 -0300] "GET /cormun/servlet/trvisualizadoreventos? HTTP/1.1" 200 6422
186.103.156.211 - - [01/Mar/2017:12:03:47 -0300] "GET /cormun/servlet/trvisualizadoreventos? HTTP/1.1" 200 6422
186.79.80.199 - - [01/Mar/2017:12:03:49 -0300] "GET /cormun/static/menuarrow.gif HTTP/1.1" 404 1015
186.103.159.187 - - [01/Mar/2017:12:03:56 -0300] "GET /cormun/servlet/prsolicitudot?12962041,,,,,MD,,gxPopupLevel%3D0%3B HTTP/1.1" 200 6084
186.79.80.199 - - [01/Mar/2017:12:04:01 -0300] "GET /cormun/servlet/solicitudot?69ae52d0aa5ba2261b239e07ba0a6529756b19b79d03172eefc4054f0526db62ae03b1ae36e7ffc80861132bf60c187d86db479e57b0845b785e7bfcd109505a54ff5da7a6d6b16bfa2454aaf3d3442f036f995f9d2b9e703a2618a6d83e1e76c5b1fe7c532bf74c2cacefbb1f348229d78261c960c8ba9cf675447721a86675139d54b4b44b13d07d817583d433dcae3432dabfebf6274bdc08561705ebac430b4efe3e8b16091b5edcbca85ff0250c,gx-no-cache=1488380714012 HTTP/1.1" 200 30
186.103.156.211 - - [01/Mar/2017:12:04:09 -0300] "GET /cormun/servlet/trlicencias? HTTP/1.1" 200 6551
186.103.156.211 - - [01/Mar/2017:12:04:10 -0300] "GET /cormun/servlet/trlicencias? HTTP/1.1" 200 6550
186.103.156.211 - - [01/Mar/2017:12:04:22 -0300] "GET /cormun/servlet/trsolicitudot? HTTP/1.1" 200 6623
186.103.156.211 - - [01/Mar/2017:12:04:22 -0300] "GET /cormun/servlet/trsolicitudot? HTTP/1.1" 200 6624
186.79.80.199 - - [01/Mar/2017:12:04:23 -0300] "POST /cormun/servlet/solicitudot?479176e3841a295cc126dea539e7ef41,INS,0,0,,gx-no-cache=1488380735857 HTTP/1.1" 200 93
186.79.80.199 - - [01/Mar/2017:12:04:24 -0300] "GET /cormun/servlet/hpexe_return? HTTP/1.1" 200 1008
186.79.80.199 - - [01/Mar/2017:12:04:24 -0300] "GET /cormun/servlet/trsolicitudot HTTP/1.1" 200 8231
186.79.80.199 - - [01/Mar/2017:12:04:27 -0300] "GET /cormun/servlet/trsolicitudot HTTP/1.1" 200 8227
186.103.156.211 - - [01/Mar/2017:12:04:30 -0300] "GET /cormun/servlet/trsolicitudot? HTTP/1.1" 200 6624
186.103.156.211 - - [01/Mar/2017:12:04:30 -0300] "GET /cormun/servlet/trsolicitudot? HTTP/1.1" 200 6624
186.103.156.211 - - [01/Mar/2017:12:04:33 -0300] "GET /cormun/servlet/trlicencias? HTTP/1.1" 200 6550
186.103.156.211 - - [01/Mar/2017:12:04:33 -0300] "GET /cormun/servlet/trlicencias? HTTP/1.1" 200 6550
186.79.80.199 - - [01/Mar/2017:12:04:34 -0300] "POST /cormun/servlet/trsolicitudot?479176e3841a295cc126dea539e7ef41,gx-no-cache=1488380747064 HTTP/1.1" 200 107
186.79.80.199 - - [01/Mar/2017:12:04:35 -0300] "GET /cormun/servlet/trsolicitudadjuntos?2017,4957, HTTP/1.1" 200 6083
186.79.80.199 - - [01/Mar/2017:12:04:36 -0300] "GET /cormun/servlet/trsolicitudadjuntos?2017,4957, HTTP/1.1" 200 6083
186.79.80.199 - - [01/Mar/2017:12:04:38 -0300] "GET /cormun/servlet/solicitudotadjuntos?INS,2017,4957,,1, HTTP/1.1" 200 6016
186.79.80.199 - - [01/Mar/2017:12:04:38 -0300] "GET /cormun/static/about:blank HTTP/1.1" 404 1011
186.79.16.23 - - [01/Mar/2017:12:04:39 -0300] "GET /cormun/servlet/solicitudot?c909dfd761e0991633dddcb21d07aff4eb7ef192fb39718e4df39ae9bce6420544541134a12a4e94771477114b4e634669b319e3d7eda428ae008914c800ad2667004b7562e4569e5fb3cc299b3356cf7db02f34a152367789541414e6247e6cd89efc50483fe3d6b267651867bcba51,gx-no-cache=1488380750035 HTTP/1.1" 200 29
186.79.16.23 - - [01/Mar/2017:12:04:39 -0300] "POST /cormun/servlet/solicitudot?gx-no-cache=1488380750139 HTTP/1.1" 200 643
186.79.80.199 - - [01/Mar/2017:12:04:39 -0300] "GET /cormun/servlet/solicitudotadjuntos?INS,2017,4957,,1, HTTP/1.1" 200 6009
186.79.16.23 - - [01/Mar/2017:12:04:40 -0300] "POST /cormun/servlet/solicitudot?gx-no-cache=1488380750919 HTTP/1.1" 200 1157
186.79.80.199 - - [01/Mar/2017:12:04:40 -0300] "GET /cormun/servlet/solicitudotadjuntos?69ae52d0aa5ba2261b239e07ba0a6529cb4dd1e121f06b4ccf27adbdc8eeaa7d24b5a7fea03b6cf5ed4a1f9dc41eff63,gx-no-cache=1488380752732 HTTP/1.1" 200 30
186.79.80.199 - - [01/Mar/2017:12:04:41 -0300] "POST /cormun/servlet/solicitudotadjuntos?479176e3841a295cc126dea539e7ef41,INS,2017,4957,,1,,gx-no-cache=1488380753829 HTTP/1.1" 200 3862
186.103.159.187 - - [01/Mar/2017:12:04:43 -0300] "POST /cormun/servlet/solicitudot?gx-no-cache=1488380752602 HTTP/1.1" 200 1273
186.103.159.187 - - [01/Mar/2017:12:04:43 -0300] "POST /cormun/servlet/solicitudot?gx-no-cache=1488380752684 HTTP/1.1" 200 1156
200.111.191.210 - - [01/Mar/2017:12:04:43 -0300] "GET /cormun/servlet/licenciaspermisos?0dd59b92e17be489a6dc4fbc322b60213242ee6cf7bda04f91b98292810157820a9bc0cb7d1fd0334990a9966b95a7713b1ec5d0ec3bc3a83f5682a71567fee60edb6b2faf13e0cbd4ffe7c545bd9430d1a9366934858db7f0425275150f3b002b7d278c41577462346710625a5bab190a628e94a91fa911230ad60a7cf1e14ef4780874afd38e00e2256aa2d0b66cd7d34c63a90279e7363cab9e8f11812f7a98d73531e5a78ef7c45593307837b613,gx-no-cache=1488384271462 HTTP/1.1" 200 30
200.111.191.210 - - [01/Mar/2017:12:04:43 -0300] "GET /cormun/servlet/licenciaspermisos?0dd59b92e17be489a6dc4fbc322b602157e4495068e1751c594297f4ea479ba9b99c27ff2a6d52aaae583fdd1f41e6cfeab1cd2b6e841905acdcf3c8d8b925f5bb72148781cea688b92d074d3249e18746e78e1d958fc430048693602bbdb4f00181308fcda5372f2db3f31002cee1d14085defdb18df4d2a754dc92c3facb9392df738b9ca402f169e79b334088f61d8d0f9a0bccff28f45db62910ca365db7390d055a1cdb08de4204186b07f2eea0,gx-no-cache=1488384271529 HTTP/1.1" 200 29
200.111.191.210 - - [01/Mar/2017:12:04:44 -0300] "POST /cormun/servlet/licenciaspermisos?6afc504e47bd01e5e8e09df0d1ea132b,INS,0,,,,gx-no-cache=1488384271555 HTTP/1.1" 200 93
200.111.191.210 - - [01/Mar/2017:12:04:44 -0300] "GET /cormun/servlet/hpexe_return? HTTP/1.1" 200 1013
200.111.191.210 - - [01/Mar/2017:12:04:44 -0300] "GET /cormun/static/hpexe_return.js?2016101716175153 HTTP/1.1" 200 1633
200.111.191.210 - - [01/Mar/2017:12:04:44 -0300] "GET /cormun/static/gxcfg.js?2016101716175148 HTTP/1.1" 200 953
200.111.191.210 - - [01/Mar/2017:12:04:44 -0300] "GET /cormun/static/Resources/Spanish/PXTools.css?167811 HTTP/1.1" 200 89042
200.111.191.210 - - [01/Mar/2017:12:04:44 -0300] "GET /cormun/servlet/trlicencias HTTP/1.1" 200 7714
186.79.80.199 - - [01/Mar/2017:12:04:44 -0300] "POST /cormun/servlet/solicitudotadjuntos?gx-no-cache=1488380757484 HTTP/1.1" 200 26
200.111.191.210 - - [01/Mar/2017:12:04:44 -0300] "GET /cormun/servlet/trlicencias HTTP/1.1" 200 7709
186.103.159.187 - - [01/Mar/2017:12:04:50 -0300] "POST /cormun/servlet/solicitudot?a56ac4a8a304f50775b83eab458421d6,INS,0,0,,gx-no-cache=1488380759430 HTTP/1.1" 200 93
186.103.159.187 - - [01/Mar/2017:12:04:50 -0300] "GET /cormun/servlet/hpexe_return? HTTP/1.1" 200 1007
186.103.159.187 - - [01/Mar/2017:12:04:50 -0300] "GET /cormun/servlet/trsolicitudot HTTP/1.1" 200 6715
186.103.159.187 - - [01/Mar/2017:12:04:51 -0300] "GET /cormun/servlet/trsolicitudot HTTP/1.1" 200 6712
186.79.80.199 - - [01/Mar/2017:12:05:03 -0300] "GET /cormun/servlet/solicitudotadjuntos?69ae52d0aa5ba2261b239e07ba0a65299861a31dce86edf4f3ee744e40c9494a,gx-no-cache=1488380776203 HTTP/1.1" 200 30
186.79.80.199 - - [01/Mar/2017:12:05:03 -0300] "GET /cormun/servlet/solicitudotadjuntos?69ae52d0aa5ba2261b239e07ba0a65299861a31dce86edf4f3ee744e40c9494a,gx-no-cache=1488380776405 HTTP/1.1" 200 30
200.111.191.210 - - [01/Mar/2017:12:05:07 -0300] "POST /cormun/servlet/trlicencias?6afc504e47bd01e5e8e09df0d1ea132b,gx-no-cache=1488384294704 HTTP/1.1" 200 5175
200.111.191.210 - - [01/Mar/2017:12:05:07 -0300] "GET /cormun//static/Resources/PXToolsGridUpdate.png HTTP/1.1" 200 2984
200.111.191.210 - - [01/Mar/2017:12:05:07 -0300] "GET /cormun//static/Resources/PXToolsGridDelete.png HTTP/1.1" 200 357
200.111.191.210 - - [01/Mar/2017:12:05:09 -0300] "GET /cormun/servlet/alicenciaprn?15123974,L,20170301000000,PU HTTP/1.1" 200 1516
186.79.80.199 - - [01/Mar/2017:12:05:17 -0300] "POST /cormun/servlet/solicitudotadjuntos?479176e3841a295cc126dea539e7ef41,INS,2017,4957,,1, HTTP/1.1" 200 116
186.79.80.199 - - [01/Mar/2017:12:05:17 -0300] "GET /cormun/servlet/hpexe_return? HTTP/1.1" 200 1027
186.79.80.199 - - [01/Mar/2017:12:05:18 -0300] "GET /cormun/servlet/trsolicitudadjuntos?2017,4957, HTTP/1.1" 200 8170
186.79.80.199 - - [01/Mar/2017:12:05:20 -0300] "GET /cormun/servlet/trsolicitudadjuntos?2017,4957, HTTP/1.1" 200 8165
186.79.80.199 - - [01/Mar/2017:12:05:22 -0300] "GET /cormun/servlet/solicitudotadjuntos?INS,2017,4957,,1, HTTP/1.1" 200 6015
186.79.80.199 - - [01/Mar/2017:12:05:26 -0300] "GET /cormun/static/about:blank HTTP/1.1" 404 1011
186.79.80.199 - - [01/Mar/2017:12:05:26 -0300] "GET /cormun/servlet/solicitudotadjuntos?INS,2017,4957,,1, HTTP/1.1" 200 6009
186.79.80.199 - - [01/Mar/2017:12:05:26 -0300] "GET /cormun/servlet/solicitudotadjuntos?69ae52d0aa5ba2261b239e07ba0a6529cb4dd1e121f06b4ccf27adbdc8eeaa7d24b5a7fea03b6cf5ed4a1f9dc41eff63,gx-no-cache=1488380799648 HTTP/1.1" 200 30
186.79.80.199 - - [01/Mar/2017:12:05:27 -0300] "POST /cormun/servlet/solicitudotadjuntos?479176e3841a295cc126dea539e7ef41,INS,2017,4957,,1,,gx-no-cache=1488380799895 HTTP/1.1" 200 3859
186.79.80.199 - - [01/Mar/2017:12:05:31 -0300] "POST /cormun/servlet/solicitudotadjuntos?gx-no-cache=1488380803897 HTTP/1.1" 200 26
186.79.80.199 - - [01/Mar/2017:12:05:39 -0300] "GET /cormun/servlet/solicitudotadjuntos?69ae52d0aa5ba2261b239e07ba0a65299861a31dce86edf4f3ee744e40c9494a,gx-no-cache=1488380812290 HTTP/1.1" 200 30
186.79.80.199 - - [01/Mar/2017:12:05:40 -0300] "GET /cormun/servlet/solicitudotadjuntos?69ae52d0aa5ba2261b239e07ba0a65299861a31dce86edf4f3ee744e40c9494a,gx-no-cache=1488380813658 HTTP/1.1" 200 30
186.79.16.23 - - [01/Mar/2017:12:05:45 -0300] "GET /cormun/servlet/solicitudot?c909dfd761e0991633dddcb21d07aff4c647063fd856087bb7d112c537d57e9cb959f84c42572c6bab9eb27a6bfe19614d00347db53f8384d24a0ceba55a22ce498e0e9af7b8c02d9eac85b3e98b72f7923d62a863603735d27145cc52d730c143a16a0589bcdfcf304a592acb208e6eac53305aae8a59f84b9298a6f54d4abb1f94b87b04640118b72838b0050ee6aa217acb40ef0656a6aa6bda48548b795af8f34e177ef00ead2c173cd139d31b95,gx-no-cache=1488380815880 HTTP/1.1" 200 30
186.79.80.199 - - [01/Mar/2017:12:05:48 -0300] "POST /cormun/servlet/solicitudotadjuntos?479176e3841a295cc126dea539e7ef41,INS,2017,4957,,1, HTTP/1.1" 200 116
186.79.80.199 - - [01/Mar/2017:12:05:50 -0300] "GET /cormun/servlet/hpexe_return? HTTP/1.1" 200 1027
186.79.80.199 - - [01/Mar/2017:12:05:51 -0300] "GET /cormun/servlet/trsolicitudadjuntos?2017,4957, HTTP/1.1" 200 8360
186.79.80.199 - - [01/Mar/2017:12:05:52 -0300] "GET /cormun/servlet/trsolicitudadjuntos?2017,4957, HTTP/1.1" 200 8358
186.79.80.199 - - [01/Mar/2017:12:05:54 -0300] "GET /cormun/servlet/solicitudotadjuntos?INS,2017,4957,,1, HTTP/1.1" 200 6015
186.79.16.23 - - [01/Mar/2017:12:05:55 -0300] "POST /cormun/servlet/solicitudot?767e66286bbf99994442236e53c5f92a,INS,0,0,,gx-no-cache=1488380825339 HTTP/1.1" 200 93
186.79.16.23 - - [01/Mar/2017:12:05:55 -0300] "GET /cormun/servlet/hpexe_return? HTTP/1.1" 200 1005
186.79.80.199 - - [01/Mar/2017:12:05:55 -0300] "GET /cormun/static/about:blank HTTP/1.1" 404 1011
186.79.16.23 - - [01/Mar/2017:12:05:55 -0300] "GET /cormun/servlet/trsolicitudot HTTP/1.1" 200 9557
186.79.16.23 - - [01/Mar/2017:12:05:56 -0300] "GET /cormun/servlet/trsolicitudot HTTP/1.1" 200 9552
186.79.80.199 - - [01/Mar/2017:12:05:56 -0300] "GET /cormun/servlet/solicitudotadjuntos?INS,2017,4957,,1, HTTP/1.1" 200 6009
186.79.80.199 - - [01/Mar/2017:12:05:56 -0300] "GET /cormun/servlet/solicitudotadjuntos?69ae52d0aa5ba2261b239e07ba0a6529cb4dd1e121f06b4ccf27adbdc8eeaa7d24b5a7fea03b6cf5ed4a1f9dc41eff63,gx-no-cache=1488380829283 HTTP/1.1" 200 30
186.103.159.187 - - [01/Mar/2017:12:05:57 -0300] "GET /cormun/servlet/solicitudot?INS,0,0, HTTP/1.1" 200 12545
186.103.159.187 - - [01/Mar/2017:12:05:58 -0300] "GET /cormun/servlet/solicitudot?INS,0,0, HTTP/1.1" 200 12550
186.79.16.23 - - [01/Mar/2017:12:06:05 -0300] "POST /cormun/servlet/trsolicitudot?767e66286bbf99994442236e53c5f92a,gx-no-cache=1488380835506 HTTP/1.1" 200 107
186.79.16.23 - - [01/Mar/2017:12:06:05 -0300] "GET /cormun/servlet/trsolicitudadjuntos?2017,4958, HTTP/1.1" 200 5901
186.79.16.23 - - [01/Mar/2017:12:06:05 -0300] "GET /cormun/servlet/trsolicitudadjuntos?2017,4958, HTTP/1.1" 200 5901
186.79.80.199 - - [01/Mar/2017:12:06:08 -0300] "POST /cormun/servlet/solicitudotadjuntos?479176e3841a295cc126dea539e7ef41,INS,2017,4957,,1,,gx-no-cache=1488380840765 HTTP/1.1" 200 3859
186.79.16.23 - - [01/Mar/2017:12:06:11 -0300] "GET /cormun/servlet/solicitudotadjuntos?INS,2017,4958,,1, HTTP/1.1" 200 5829
186.79.16.23 - - [01/Mar/2017:12:06:11 -0300] "GET /cormun/static/about:blank HTTP/1.1" 404 1011
186.79.16.23 - - [01/Mar/2017:12:06:11 -0300] "GET /cormun/servlet/solicitudotadjuntos?INS,2017,4958,,1, HTTP/1.1" 200 5823
186.79.16.23 - - [01/Mar/2017:12:06:12 -0300] "GET /cormun/servlet/solicitudotadjuntos?c909dfd761e0991633dddcb21d07aff488daf1a8b21f08608b060993a653f8c1f40ac61bfb329144f13894af5776fa9a,gx-no-cache=1488380843162 HTTP/1.1" 200 30
186.79.16.23 - - [01/Mar/2017:12:06:12 -0300] "POST /cormun/servlet/solicitudotadjuntos?767e66286bbf99994442236e53c5f92a,INS,2017,4958,,1,,gx-no-cache=1488380843254 HTTP/1.1" 200 3683
186.79.80.199 - - [01/Mar/2017:12:06:13 -0300] "POST /cormun/servlet/solicitudotadjuntos?gx-no-cache=1488380845864 HTTP/1.1" 200 26
186.79.80.199 - - [01/Mar/2017:12:06:19 -0300] "GET /cormun/servlet/solicitudotadjuntos?69ae52d0aa5ba2261b239e07ba0a65299861a31dce86edf4f3ee744e40c9494a,gx-no-cache=1488380852282 HTTP/1.1" 200 30
186.79.80.199 - - [01/Mar/2017:12:06:19 -0300] "GET /cormun/servlet/solicitudotadjuntos?69ae52d0aa5ba2261b239e07ba0a65299861a31dce86edf4f3ee744e40c9494a,gx-no-cache=1488380852482 HTTP/1.1" 200 30
186.79.16.23 - - [01/Mar/2017:12:06:20 -0300] "POST /cormun/servlet/solicitudotadjuntos?gx-no-cache=1488380850970 HTTP/1.1" 200 26
186.79.80.199 - - [01/Mar/2017:12:06:26 -0300] "POST /cormun/servlet/solicitudotadjuntos?479176e3841a295cc126dea539e7ef41,INS,2017,4957,,1, HTTP/1.1" 200 116
186.79.80.199 - - [01/Mar/2017:12:06:27 -0300] "GET /cormun/servlet/hpexe_return? HTTP/1.1" 200 1027
186.79.80.199 - - [01/Mar/2017:12:06:27 -0300] "GET /cormun/servlet/trsolicitudadjuntos?2017,4957, HTTP/1.1" 200 8508
186.79.80.199 - - [01/Mar/2017:12:06:29 -0300] "GET /cormun/servlet/trsolicitudadjuntos?2017,4957, HTTP/1.1" 200 8508
186.79.80.199 - - [01/Mar/2017:12:06:33 -0300] "GET /cormun/servlet/solicitudotadjuntos?INS,2017,4957,,1, HTTP/1.1" 200 6016
186.79.80.199 - - [01/Mar/2017:12:06:33 -0300] "GET /cormun/static/about:blank HTTP/1.1" 404 1011
186.79.80.199 - - [01/Mar/2017:12:06:36 -0300] "GET /cormun/servlet/solicitudotadjuntos?INS,2017,4957,,1, HTTP/1.1" 200 6009
186.79.80.199 - - [01/Mar/2017:12:06:37 -0300] "GET /cormun/servlet/solicitudotadjuntos?69ae52d0aa5ba2261b239e07ba0a6529cb4dd1e121f06b4ccf27adbdc8eeaa7d24b5a7fea03b6cf5ed4a1f9dc41eff63,gx-no-cache=1488380869740 HTTP/1.1" 200 30
186.79.80.199 - - [01/Mar/2017:12:06:39 -0300] "POST /cormun/servlet/solicitudotadjuntos?479176e3841a295cc126dea539e7ef41,INS,2017,4957,,1,,gx-no-cache=1488380872181 HTTP/1.1" 200 3862
186.79.16.23 - - [01/Mar/2017:12:06:43 -0300] "GET /cormun/servlet/solicitudotadjuntos?c909dfd761e0991633dddcb21d07aff48c5d14643c9b5b922c20826ddeea4b17,gx-no-cache=1488380873993 HTTP/1.1" 200 30
186.79.16.23 - - [01/Mar/2017:12:06:43 -0300] "GET /cormun/servlet/solicitudotadjuntos?c909dfd761e0991633dddcb21d07aff48c5d14643c9b5b922c20826ddeea4b17,gx-no-cache=1488380874118 HTTP/1.1" 200 30
186.79.80.199 - - [01/Mar/2017:12:06:44 -0300] "POST /cormun/servlet/solicitudotadjuntos?gx-no-cache=1488380877177 HTTP/1.1" 200 26
186.79.16.23 - - [01/Mar/2017:12:06:45 -0300] "POST /cormun/servlet/solicitudotadjuntos?767e66286bbf99994442236e53c5f92a,INS,2017,4958,,1, HTTP/1.1" 200 116
186.79.16.23 - - [01/Mar/2017:12:06:45 -0300] "GET /cormun/servlet/hpexe_return? HTTP/1.1" 200 1024
186.79.16.23 - - [01/Mar/2017:12:06:45 -0300] "GET /cormun/servlet/trsolicitudadjuntos?2017,4958, HTTP/1.1" 200 8011
186.79.16.23 - - [01/Mar/2017:12:06:46 -0300] "GET /cormun/servlet/trsolicitudadjuntos?2017,4958, HTTP/1.1" 200 8008
186.79.16.23 - - [01/Mar/2017:12:06:48 -0300] "GET /cormun/servlet/solicitudotadjuntos?INS,2017,4958,,1, HTTP/1.1" 200 5829
186.79.16.23 - - [01/Mar/2017:12:06:48 -0300] "GET /cormun/static/about:blank HTTP/1.1" 404 1011
186.79.16.23 - - [01/Mar/2017:12:06:48 -0300] "GET /cormun/servlet/solicitudotadjuntos?INS,2017,4958,,1, HTTP/1.1" 200 5823
186.79.16.23 - - [01/Mar/2017:12:06:49 -0300] "GET /cormun/servlet/solicitudotadjuntos?c909dfd761e0991633dddcb21d07aff488daf1a8b21f08608b060993a653f8c1f40ac61bfb329144f13894af5776fa9a,gx-no-cache=1488380880037 HTTP/1.1" 200 30
186.79.16.23 - - [01/Mar/2017:12:06:49 -0300] "POST /cormun/servlet/solicitudotadjuntos?767e66286bbf99994442236e53c5f92a,INS,2017,4958,,1,,gx-no-cache=1488380880122 HTTP/1.1" 200 3685
186.79.80.199 - - [01/Mar/2017:12:06:50 -0300] "GET /cormun/servlet/solicitudotadjuntos?69ae52d0aa5ba2261b239e07ba0a65299861a31dce86edf4f3ee744e40c9494a,gx-no-cache=1488380883659 HTTP/1.1" 200 30
186.79.80.199 - - [01/Mar/2017:12:06:51 -0300] "GET /cormun/servlet/solicitudotadjuntos?69ae52d0aa5ba2261b239e07ba0a65299861a31dce86edf4f3ee744e40c9494a,gx-no-cache=1488380884458 HTTP/1.1" 200 30
186.79.16.23 - - [01/Mar/2017:12:06:51 -0300] "POST /cormun/servlet/solicitudotadjuntos?gx-no-cache=1488380882618 HTTP/1.1" 200 26
200.111.191.210 - - [01/Mar/2017:12:06:54 -0300] "GET /cormun/servlet/trlicenciaspermisosadjuntos?15123974,20170301000000,L, HTTP/1.1" 200 6075
200.111.191.210 - - [01/Mar/2017:12:06:55 -0300] "GET /cormun/servlet/trlicenciaspermisosadjuntos?15123974,20170301000000,L, HTTP/1.1" 200 6075
200.111.191.210 - - [01/Mar/2017:12:06:56 -0300] "GET /cormun/servlet/licenciaspermisosadjuntos?INS,15123974,L,20170301000000,, HTTP/1.1" 200 5374
200.111.191.210 - - [01/Mar/2017:12:06:56 -0300] "GET /cormun/static/gxcfg.js?2016122813131386 HTTP/1.1" 200 953
200.111.191.210 - - [01/Mar/2017:12:06:56 -0300] "GET /cormun/static/licenciaspermisosadjuntos.js?2016122813131394 HTTP/1.1" 200 8757
200.111.191.210 - - [01/Mar/2017:12:06:56 -0300] "GET /cormun/static/about:blank HTTP/1.1" 404 1011
200.111.191.210 - - [01/Mar/2017:12:06:57 -0300] "GET /cormun/servlet/licenciaspermisosadjuntos?INS,15123974,L,20170301000000,, HTTP/1.1" 200 5364
186.79.80.199 - - [01/Mar/2017:12:07:03 -0300] "POST /cormun/servlet/solicitudotadjuntos?479176e3841a295cc126dea539e7ef41,INS,2017,4957,,1, HTTP/1.1" 200 116
186.79.80.199 - - [01/Mar/2017:12:07:04 -0300] "GET /cormun/servlet/hpexe_return? HTTP/1.1" 200 1027
186.79.80.199 - - [01/Mar/2017:12:07:05 -0300] "GET /cormun/servlet/trsolicitudadjuntos?2017,4957, HTTP/1.1" 200 8634
186.79.80.199 - - [01/Mar/2017:12:07:13 -0300] "GET /cormun/servlet/trsolicitudadjuntos?2017,4957, HTTP/1.1" 200 8633
186.79.80.199 - - [01/Mar/2017:12:07:21 -0300] "GET /cormun/servlet/solicitudotadjuntos?INS,2017,4957,,1, HTTP/1.1" 200 6015
186.79.80.199 - - [01/Mar/2017:12:07:24 -0300] "GET /cormun/static/about:blank HTTP/1.1" 404 1011
186.79.80.199 - - [01/Mar/2017:12:07:25 -0300] "GET /cormun/servlet/solicitudotadjuntos?INS,2017,4957,,1, HTTP/1.1" 200 6008
186.79.80.199 - - [01/Mar/2017:12:07:25 -0300] "GET /cormun/servlet/solicitudotadjuntos?69ae52d0aa5ba2261b239e07ba0a6529cb4dd1e121f06b4ccf27adbdc8eeaa7d24b5a7fea03b6cf5ed4a1f9dc41eff63,gx-no-cache=1488380918565 HTTP/1.1" 200 30
186.79.80.199 - - [01/Mar/2017:12:07:26 -0300] "POST /cormun/servlet/solicitudotadjuntos?479176e3841a295cc126dea539e7ef41,INS,2017,4957,,1,,gx-no-cache=1488380918792 HTTP/1.1" 200 3861
186.79.80.199 - - [01/Mar/2017:12:07:32 -0300] "POST /cormun/servlet/solicitudotadjuntos?gx-no-cache=1488380925234 HTTP/1.1" 200 26
192.168.10.89 - - [01/Mar/2017:12:07:34 -0300] "POST /cormun/servlet/trsolicitudgral?837e75ca32b67095435f9dd5be027a86,,gx-no-cache=1488384141004 HTTP/1.1" 200 6990
200.112.5.202 - - [01/Mar/2017:12:07:38 -0300] "GET /cormun/servlet/hlogin HTTP/1.1" 200 1728
186.79.80.199 - - [01/Mar/2017:12:07:39 -0300] "GET /cormun/servlet/solicitudotadjuntos?69ae52d0aa5ba2261b239e07ba0a65299861a31dce86edf4f3ee744e40c9494a,gx-no-cache=1488380932524 HTTP/1.1" 200 30
186.79.80.199 - - [01/Mar/2017:12:07:40 -0300] "GET /cormun/servlet/solicitudotadjuntos?69ae52d0aa5ba2261b239e07ba0a65299861a31dce86edf4f3ee744e40c9494a,gx-no-cache=1488380932708 HTTP/1.1" 200 30
200.111.191.210 - - [01/Mar/2017:12:07:40 -0300] "POST /cormun/servlet/licenciaspermisosadjuntos?6afc504e47bd01e5e8e09df0d1ea132b,INS,15123974,L,20170301000000,, HTTP/1.1" 200 116
200.111.191.210 - - [01/Mar/2017:12:07:40 -0300] "GET /cormun/servlet/hpexe_return? HTTP/1.1" 200 1043
200.111.191.210 - - [01/Mar/2017:12:07:40 -0300] "GET /cormun/servlet/trlicenciaspermisosadjuntos?15123974,20170301000000,L, HTTP/1.1" 200 6539
200.111.191.210 - - [01/Mar/2017:12:07:40 -0300] "GET /cormun/servlet/trlicenciaspermisosadjuntos?15123974,20170301000000,L, HTTP/1.1" 200 6536
200.111.191.210 - - [01/Mar/2017:12:07:43 -0300] "GET /cormun/PublicTempStorage/0934079610015.PDF HTTP/1.1" 200 537290
200.111.191.210 - - [01/Mar/2017:12:07:46 -0300] "GET /cormun/servlet/trlicenciaspermisosadjuntos?15123974,20170301000000,L, HTTP/1.1" 200 6540
200.111.191.210 - - [01/Mar/2017:12:07:46 -0300] "GET /cormun/servlet/trlicenciaspermisosadjuntos?15123974,20170301000000,L, HTTP/1.1" 200 6535
200.111.191.210 - - [01/Mar/2017:12:07:51 -0300] "POST /cormun/servlet/trlicenciaspermisosadjuntos?6afc504e47bd01e5e8e09df0d1ea132b,15123974,20170301000000,L,,gx-no-cache=1488384459097 HTTP/1.1" 200 90
200.111.191.210 - - [01/Mar/2017:12:07:51 -0300] "GET /cormun/servlet/hpexe_link HTTP/1.1" 200 1010
200.111.191.210 - - [01/Mar/2017:12:07:51 -0300] "GET /cormun/static/gxcfg.js?201612218515529 HTTP/1.1" 200 953
200.111.191.210 - - [01/Mar/2017:12:07:51 -0300] "GET /cormun/static/hpexe_link.js?201612218515532 HTTP/1.1" 200 625
200.111.191.210 - - [01/Mar/2017:12:07:51 -0300] "GET /cormun/servlet/trlicencias?gx-no-cache=1488384294704 HTTP/1.1" 200 7742
200.111.191.210 - - [01/Mar/2017:12:07:52 -0300] "GET /cormun/servlet/trlicencias?gx-no-cache=1488384294704 HTTP/1.1" 200 7761
200.112.5.202 - - [01/Mar/2017:12:07:53 -0300] "POST /cormun/servlet/hlogin?c48f2155c1f22ddb2967d4e4d878e032,gx-no-cache=1488380946403 HTTP/1.1" 200 90
200.112.5.202 - - [01/Mar/2017:12:07:54 -0300] "GET /cormun/servlet/hpexe_link HTTP/1.1" 200 969
186.79.80.199 - - [01/Mar/2017:12:07:54 -0300] "POST /cormun/servlet/solicitudotadjuntos?479176e3841a295cc126dea539e7ef41,INS,2017,4957,,1, HTTP/1.1" 200 116
186.79.80.199 - - [01/Mar/2017:12:07:54 -0300] "GET /cormun/servlet/hpexe_return? HTTP/1.1" 200 1027
186.79.80.199 - - [01/Mar/2017:12:07:55 -0300] "GET /cormun/servlet/trsolicitudadjuntos?2017,4957, HTTP/1.1" 200 8810
186.79.80.199 - - [01/Mar/2017:12:07:57 -0300] "GET /cormun/servlet/trsolicitudadjuntos?2017,4957, HTTP/1.1" 200 8809
200.111.191.210 - - [01/Mar/2017:12:07:58 -0300] "POST /cormun/servlet/trlicencias?6afc504e47bd01e5e8e09df0d1ea132b,gx-no-cache=1488384294704,gx-no-cache=1488384466198 HTTP/1.1" 200 4031
200.111.191.210 - - [01/Mar/2017:12:07:58 -0300] "GET /cormun/static/Shared/jqueryui/images/ui-bg_highlight-soft_100_c6c2c8_1x100.png HTTP/1.1" 404 1117
200.111.191.210 - - [01/Mar/2017:12:07:58 -0300] "GET /cormun/static/Shared/jqueryui/images/ui-icons_82798d_256x240.png HTTP/1.1" 404 1089
200.111.191.210 - - [01/Mar/2017:12:07:58 -0300] "GET /cormun/static/Shared/jqueryui/images/ui-bg_flat_55_fafafa_40x100.png HTTP/1.1" 404 1097
200.111.191.210 - - [01/Mar/2017:12:07:58 -0300] "GET /cormun/static/Shared/jqueryui/images/ui-icons_8d78a5_256x240.png HTTP/1.1" 404 1089
200.112.5.202 - - [01/Mar/2017:12:08:01 -0300] "GET /cormun/servlet/prfichaempleado?,MD, HTTP/1.1" 200 8848
186.79.80.199 - - [01/Mar/2017:12:08:02 -0300] "GET /cormun/servlet/solicitudotadjuntos?INS,2017,4957,,1, HTTP/1.1" 200 6015
186.79.80.199 - - [01/Mar/2017:12:08:03 -0300] "GET /cormun/static/about:blank HTTP/1.1" 404 1011
186.79.80.199 - - [01/Mar/2017:12:08:04 -0300] "GET /cormun/servlet/solicitudotadjuntos?INS,2017,4957,,1, HTTP/1.1" 200 6008
186.79.80.199 - - [01/Mar/2017:12:08:05 -0300] "GET /cormun/servlet/solicitudotadjuntos?69ae52d0aa5ba2261b239e07ba0a6529cb4dd1e121f06b4ccf27adbdc8eeaa7d24b5a7fea03b6cf5ed4a1f9dc41eff63,gx-no-cache=1488380957758 HTTP/1.1" 200 30
186.79.80.199 - - [01/Mar/2017:12:08:05 -0300] "POST /cormun/servlet/solicitudotadjuntos?479176e3841a295cc126dea539e7ef41,INS,2017,4957,,1,,gx-no-cache=1488380957994 HTTP/1.1" 200 3861
186.79.80.199 - - [01/Mar/2017:12:08:09 -0300] "POST /cormun/servlet/solicitudotadjuntos?gx-no-cache=1488380961685 HTTP/1.1" 200 26
200.112.5.202 - - [01/Mar/2017:12:08:13 -0300] "POST /cormun/servlet/prfichaempleado?c48f2155c1f22ddb2967d4e4d878e032,,MD,,gx-no-cache=1488380959286 HTTP/1.1" 200 5973
192.168.10.89 - - [01/Mar/2017:12:08:15 -0300] "GET /cormun/servlet/trlicenciasgenerales? HTTP/1.1" 200 8746
186.103.159.187 - - [01/Mar/2017:12:08:25 -0300] "POST /cormun/servlet/solicitudot?gx-no-cache=1488380974436 HTTP/1.1" 200 3185
186.103.159.187 - - [01/Mar/2017:12:08:25 -0300] "POST /cormun/servlet/solicitudot?a56ac4a8a304f50775b83eab458421d6,INS,0,0,,gx-no-cache=1488380974644 HTTP/1.1" 200 9790
192.168.10.89 - - [01/Mar/2017:12:08:27 -0300] "POST /cormun/servlet/trlicenciasgenerales?837e75ca32b67095435f9dd5be027a86,,gx-no-cache=1488384193907 HTTP/1.1" 200 7088
186.103.159.187 - - [01/Mar/2017:12:08:28 -0300] "GET /cormun/servlet/solicitudot?7f104f66f12125a20b71a930dadc1f2e64db8c803057726a95a9f4f44eec01175d16e8346950ec160764d70a589682a7,gx-no-cache=1488380978035 HTTP/1.1" 200 30
186.103.159.187 - - [01/Mar/2017:12:08:28 -0300] "POST /cormun/servlet/solicitudot?gx-no-cache=1488380978089 HTTP/1.1" 200 297
186.103.159.187 - - [01/Mar/2017:12:08:28 -0300] "GET /cormun/servlet/solicitudot?7f104f66f12125a20b71a930dadc1f2e5e52750247fad28340156b874c527344df520637bc932f059f8b589753b7b34e2bb39b19518f3d8036cf7ea0504d28d0098da1c7f612aab923b4b61a3ac10cc6c025055cfc602265488d115c252bd2bfe4ab4275de8c93562aec97f32a1027a122fdbf287dc49bf8a68925ccd9997b738dccd9393be0b3f9b23873f6ec42a59737b2b68c1537009bb7f653535f9356ff1ad9fa6b3fd0f0e9f5d30ddc67db1831d72f73b31c7f337bba2e091b87d62e7ce9c003914f5ffdac9fd4e338f71177c59638aaeb6e231c46ae1fd8252812967acac7be611868215a99a148783851e7dd5265561dac8eafbdc80daf7241e129191e2792c8256154820ab8c87625a706b10776fab607bdbaf7350138da76ccf2a4652b890fcfcccb04ae6ed41dbc26b460427623693e9c674b76d4257d30f5d5227ad8a1102cf45975272bcf5e699d92a7aefa8774a022b375ce36710c5bf273f28bde58764eb9755415e862f80e96ac9685267235560e70780ac68a8ec00197b2c444ae63e05aea76d66ec5ee7e5a1674,gx-no-cache=1488380978166 HTTP/1.1" 200 30
200.86.95.220 - - [01/Mar/2017:12:08:30 -0300] "POST /cormun/servlet/solicitudot?gx-no-cache=1488380982876 HTTP/1.1" 200 255
200.86.95.220 - - [01/Mar/2017:12:08:32 -0300] "GET /cormun/servlet/solicitudot?7999051a9eaefc65d84abdbf46d0c377ad0e41a73edba95674d2680cd5403e8849730a81709d3ba2c9f94a36e310053eb7d4a992c980540fe960041dfc96abb528ee8bb19c0abdda658dc1bbef9fbf014ab0943dc42bcdc419a064ae74ebd9d5983a07329330fde5b09d55cf4ca7bad22abd9a46ab1ac3d8fe1065809093f23b2054b7a4bfebb1f5cdefd0884db6b2c2022c5abb79e171207a211f98b125821228e396f4c8af72c10b563c7ff739134cec56c019123a1ca791f6da72385301ee351b0c48b21f9431c7655aa8848bc3b89ec51ba9b6157b030d692ae1bf52b8d73030de1947126b38ba753f428e6de33e44620b11dac9063eb1b146a863fdfa44d990d3f1799ce6d6835d76f84fc4a58d8cad6d0a729102a2b81fd8ae5e963b8357097918ffd8215f143f03994eb45089417ffc4edcd9fbaa9463d8ff4fd22179f06d8fea38ebcf1858d048177ab53a1352b0ebf16cfd99eb8890a9f638265f8966be02b231e3ca86dec789f4cc283a9b1f893aebbac917034eb432128ba4d2bd,gx-no-cache=1488380985539 HTTP/1.1" 200 30
186.79.80.199 - - [01/Mar/2017:12:08:33 -0300] "GET /cormun/servlet/solicitudotadjuntos?69ae52d0aa5ba2261b239e07ba0a65299861a31dce86edf4f3ee744e40c9494a,gx-no-cache=1488380986316 HTTP/1.1" 200 30
186.103.159.187 - - [01/Mar/2017:12:08:34 -0300] "POST /cormun/servlet/solicitudot?gx-no-cache=1488380983827 HTTP/1.1" 200 30
186.79.80.199 - - [01/Mar/2017:12:08:34 -0300] "GET /cormun/servlet/solicitudotadjuntos?69ae52d0aa5ba2261b239e07ba0a65299861a31dce86edf4f3ee744e40c9494a,gx-no-cache=1488380987342 HTTP/1.1" 200 30
200.86.95.220 - - [01/Mar/2017:12:08:37 -0300] "POST /cormun/servlet/solicitudot?gx-no-cache=1488380989770 HTTP/1.1" 200 30
186.103.159.187 - - [01/Mar/2017:12:08:40 -0300] "POST /cormun/servlet/solicitudot?gx-no-cache=1488380989531 HTTP/1.1" 200 235
186.103.159.187 - - [01/Mar/2017:12:08:40 -0300] "POST /cormun/servlet/solicitudot?gx-no-cache=1488380989600 HTTP/1.1" 200 38
200.86.95.220 - - [01/Mar/2017:12:08:41 -0300] "GET /cormun/static/Resources/resize.gif HTTP/1.1" 200 77
200.86.95.220 - - [01/Mar/2017:12:08:41 -0300] "GET /cormun/servlet/prsolicitudot?17524956,,,,,MD,,gxPopupLevel%3D0%3B HTTP/1.1" 200 5897
200.86.95.220 - - [01/Mar/2017:12:08:41 -0300] "GET /cormun/static/gxcfg.js?20161221854215 HTTP/1.1" 200 953
200.86.95.220 - - [01/Mar/2017:12:08:41 -0300] "GET /cormun/static/Resources/PXToolsMenuSearch.png HTTP/1.1" 200 2914
200.86.95.220 - - [01/Mar/2017:12:08:41 -0300] "GET /cormun/static/prsolicitudot.js?201612218542259 HTTP/1.1" 200 13680
200.86.95.220 - - [01/Mar/2017:12:08:41 -0300] "GET /cormun/static/menusearch.js?201610171694467 HTTP/1.1" 200 1424
200.86.95.220 - - [01/Mar/2017:12:08:41 -0300] "GET /cormun/static/Resources/PXToolsMenuSearchCancel.png HTTP/1.1" 200 2972
200.86.95.220 - - [01/Mar/2017:12:08:41 -0300] "GET /cormun/static/hmpwkw011.js?201612218515582 HTTP/1.1" 200 1968
200.112.5.202 - - [01/Mar/2017:12:08:43 -0300] "GET /cormun/servlet/hlogin HTTP/1.1" 200 1728
186.103.159.187 - - [01/Mar/2017:12:08:44 -0300] "GET /cormun/servlet/solicitudot?7f104f66f12125a20b71a930dadc1f2eb00310174aa897c931d229e3135d06860039ac67cf13019112cc28658078f930b7dc921e4809d51b737d589dac8c8da91193dcc157e262c546222f3f7922c3b2525acd058aaa8fd33e7c9abc134a8c4d936cb4e11b689fd900b0e55ccaa748f9,gx-no-cache=1488380993443 HTTP/1.1" 200 29
186.103.159.187 - - [01/Mar/2017:12:08:44 -0300] "POST /cormun/servlet/solicitudot?gx-no-cache=1488380993485 HTTP/1.1" 200 643
186.103.159.187 - - [01/Mar/2017:12:08:44 -0300] "POST /cormun/servlet/solicitudot?gx-no-cache=1488380993526 HTTP/1.1" 200 518
186.103.159.187 - - [01/Mar/2017:12:08:44 -0300] "GET /cormun/servlet/solicitudot?7f104f66f12125a20b71a930dadc1f2e3dc02f7b6e65fc0b8ba69eb9e19c94da707d8bb90a2e52a7ae1f22e971624a05d88b203b7c3aa20e085ba455f3b86b15def4c1bfa445edfd095f6d5a0050783e2173a4eaba273755088c4fefe187f807204a4a28410b5bcfb5bf492f554f71ab9b8d428a1da149d3df35c1d8c6e1cbe1ad61199d8d03f92d9d6b2df82643212adebe6ca4d4feb700d24d1558d9108348,gx-no-cache=1488380993572 HTTP/1.1" 200 30
200.86.95.220 - - [01/Mar/2017:12:08:49 -0300] "POST /cormun/servlet/solicitudot?gx-no-cache=1488381002139 HTTP/1.1" 200 235
200.86.95.220 - - [01/Mar/2017:12:08:49 -0300] "POST /cormun/servlet/solicitudot?gx-no-cache=1488381002242 HTTP/1.1" 200 38
200.86.95.220 - - [01/Mar/2017:12:08:49 -0300] "GET /cormun/servlet/solicitudot?7999051a9eaefc65d84abdbf46d0c377389db39855c1329622a597e90f53dd33cb07d18d0aee47d7b8a73407c8c4d72bbfccc048ce137741a5acace4e69197f5d0b86ad815f6036c77fb8100b831ad19c083ad585b07695fdbfa8adef23b480c178656007803a701b48391bfee404809,gx-no-cache=1488381002320 HTTP/1.1" 200 29
200.86.95.220 - - [01/Mar/2017:12:08:49 -0300] "POST /cormun/servlet/solicitudot?gx-no-cache=1488381002378 HTTP/1.1" 200 643
200.86.95.220 - - [01/Mar/2017:12:08:49 -0300] "POST /cormun/servlet/solicitudot?gx-no-cache=1488381002450 HTTP/1.1" 200 518
192.168.10.89 - - [01/Mar/2017:12:08:56 -0300] "GET /cormun/servlet/licenciasgenerales?DSP,103925680,L,20170301000000, HTTP/1.1" 200 6733
192.168.10.89 - - [01/Mar/2017:12:08:56 -0300] "GET /cormun/static/gxcfg.js?201612261930371 HTTP/1.1" 200 953
192.168.10.89 - - [01/Mar/2017:12:08:56 -0300] "GET /cormun/static/licenciasgenerales.js?201612261930388 HTTP/1.1" 304 -
186.79.80.199 - - [01/Mar/2017:12:08:58 -0300] "POST /cormun/servlet/solicitudotadjuntos?479176e3841a295cc126dea539e7ef41,INS,2017,4957,,1, HTTP/1.1" 200 116
186.79.80.199 - - [01/Mar/2017:12:08:59 -0300] "GET /cormun/servlet/hpexe_return? HTTP/1.1" 200 1027
186.79.80.199 - - [01/Mar/2017:12:08:59 -0300] "GET /cormun/servlet/trsolicitudadjuntos?2017,4957, HTTP/1.1" 200 9012
186.79.80.199 - - [01/Mar/2017:12:09:01 -0300] "GET /cormun/servlet/trsolicitudadjuntos?2017,4957, HTTP/1.1" 200 9008
186.79.80.199 - - [01/Mar/2017:12:09:06 -0300] "GET /cormun/servlet/solicitudotadjuntos?INS,2017,4957,,2, HTTP/1.1" 200 6013
186.79.80.199 - - [01/Mar/2017:12:09:06 -0300] "GET /cormun/static/about:blank HTTP/1.1" 404 1011
186.79.80.199 - - [01/Mar/2017:12:09:07 -0300] "GET /cormun/servlet/solicitudotadjuntos?INS,2017,4957,,2, HTTP/1.1" 200 6007
186.79.80.199 - - [01/Mar/2017:12:09:07 -0300] "GET /cormun/servlet/solicitudotadjuntos?69ae52d0aa5ba2261b239e07ba0a6529cb4dd1e121f06b4ccf27adbdc8eeaa7d24b5a7fea03b6cf5ed4a1f9dc41eff63,gx-no-cache=1488381020631 HTTP/1.1" 200 30
186.79.80.199 - - [01/Mar/2017:12:09:08 -0300] "POST /cormun/servlet/solicitudotadjuntos?479176e3841a295cc126dea539e7ef41,INS,2017,4957,,2,,gx-no-cache=1488381020876 HTTP/1.1" 200 4008
200.86.95.220 - - [01/Mar/2017:12:09:22 -0300] "POST /cormun/servlet/solicitudot?gx-no-cache=1488381035375 HTTP/1.1" 200 641
200.86.95.220 - - [01/Mar/2017:12:09:23 -0300] "POST /cormun/servlet/solicitudot?gx-no-cache=1488381036653 HTTP/1.1" 200 1157
200.86.95.220 - - [01/Mar/2017:12:09:36 -0300] "GET /cormun/servlet/solicitudot?7999051a9eaefc65d84abdbf46d0c377d5b8d40723795ae486af7f9aec944a32f72ba50a8d25272e5f52d6482541e7c2b791c5586ff5b048b6ebd6125833f7e992271142da6e62f6d98530adc2e56f7468e12b76a212f90d36cf6dc4ffdc9b5cf2a88d8f0bc7365c7707c1280cb11549cb835c48587697a80b4bd01c67eb8117af7b2650216465cde49c9f33836b96653214cdd83c91dc5e92e61e5a54840a5cf8c576d0dfd7a613c0481ae608bbc7d0,gx-no-cache=1488381049371 HTTP/1.1" 200 30
200.86.95.220 - - [01/Mar/2017:12:09:52 -0300] "POST /cormun/servlet/solicitudot?9257d87e831697487fe0b0baa7e3d505,INS,0,0,,gx-no-cache=1488381064959 HTTP/1.1" 200 93
200.86.95.220 - - [01/Mar/2017:12:09:52 -0300] "GET /cormun/servlet/hpexe_return? HTTP/1.1" 200 1032
200.86.95.220 - - [01/Mar/2017:12:09:52 -0300] "GET /cormun/servlet/trsolicitudot?gx-no-cache=1488379349056 HTTP/1.1" 200 8035
200.86.95.220 - - [01/Mar/2017:12:09:54 -0300] "GET /cormun/servlet/trsolicitudot?gx-no-cache=1488379349056 HTTP/1.1" 200 8054
186.79.80.199 - - [01/Mar/2017:12:10:00 -0300] "GET /cormun/servlet/trcontratounov2? HTTP/1.1" 200 16706
186.79.80.199 - - [01/Mar/2017:12:10:00 -0300] "GET /cormun/static/gxcfg.js?201612281114880 HTTP/1.1" 304 -
186.79.80.199 - - [01/Mar/2017:12:10:02 -0300] "GET /cormun/servlet/trcontratounov2? HTTP/1.1" 200 16684
200.86.95.220 - - [01/Mar/2017:12:10:03 -0300] "POST /cormun/servlet/trsolicitudot?9257d87e831697487fe0b0baa7e3d505,gx-no-cache=1488379349056,gx-no-cache=1488381076571 HTTP/1.1" 200 4169
200.86.95.220 - - [01/Mar/2017:12:10:04 -0300] "GET /cormun/static/Shared/jqueryui/images/ui-bg_highlight-soft_100_c6c2c8_1x100.png HTTP/1.1" 404 1117
200.86.95.220 - - [01/Mar/2017:12:10:04 -0300] "GET /cormun/static/Shared/jqueryui/images/ui-bg_flat_55_fafafa_40x100.png HTTP/1.1" 404 1097
200.86.95.220 - - [01/Mar/2017:12:10:04 -0300] "GET /cormun/static/Shared/jqueryui/images/ui-icons_82798d_256x240.png HTTP/1.1" 404 1089
200.86.95.220 - - [01/Mar/2017:12:10:04 -0300] "GET /cormun/static/Shared/jqueryui/images/ui-icons_8d78a5_256x240.png HTTP/1.1" 404 1089
200.86.95.220 - - [01/Mar/2017:12:10:04 -0300] "POST /cormun/servlet/trsolicitudot?9257d87e831697487fe0b0baa7e3d505,gx-no-cache=1488379349056,gx-no-cache=1488381076974 HTTP/1.1" 200 3940
200.86.95.220 - - [01/Mar/2017:12:10:16 -0300] "GET /cormun/servlet/solicitudot?INS,0,0, HTTP/1.1" 200 12586
186.79.80.199 - - [01/Mar/2017:12:10:17 -0300] "GET /cormun/servlet/trcontratosolicitud? HTTP/1.1" 200 12691
200.86.95.220 - - [01/Mar/2017:12:10:17 -0300] "GET /cormun/servlet/solicitudot?INS,0,0, HTTP/1.1" 200 12569
186.79.80.199 - - [01/Mar/2017:12:10:18 -0300] "GET /cormun/static/gxcfg.js?20171317451682 HTTP/1.1" 304 -
186.79.80.199 - - [01/Mar/2017:12:10:20 -0300] "GET /cormun/servlet/trcontratosolicitud? HTTP/1.1" 200 12691
186.103.159.187 - - [01/Mar/2017:12:10:26 -0300] "POST /cormun/servlet/solicitudot?gx-no-cache=1488381095626 HTTP/1.1" 200 643
186.103.159.187 - - [01/Mar/2017:12:10:26 -0300] "POST /cormun/servlet/solicitudot?gx-no-cache=1488381095744 HTTP/1.1" 200 518
186.103.159.187 - - [01/Mar/2017:12:10:31 -0300] "GET /cormun/static/menuarrow.gif HTTP/1.1" 404 1015
200.112.5.202 - - [01/Mar/2017:12:10:32 -0300] "POST /cormun/servlet/hlogin?c48f2155c1f22ddb2967d4e4d878e032,gx-no-cache=1488381105385 HTTP/1.1" 200 90
200.112.5.202 - - [01/Mar/2017:12:10:33 -0300] "GET /cormun/servlet/hpexe_link HTTP/1.1" 200 969
200.112.5.202 - - [01/Mar/2017:12:10:40 -0300] "GET /cormun/servlet/prfichaempleado?,MD, HTTP/1.1" 200 8848
186.103.159.187 - - [01/Mar/2017:12:10:43 -0300] "POST /cormun/servlet/solicitudot?gx-no-cache=1488381113001 HTTP/1.1" 200 643
186.103.159.187 - - [01/Mar/2017:12:10:43 -0300] "POST /cormun/servlet/solicitudot?gx-no-cache=1488381113033 HTTP/1.1" 200 518
186.79.80.199 - - [01/Mar/2017:12:10:52 -0300] "GET /cormun/servlet/trcontratounov2? HTTP/1.1" 200 16682
186.79.80.199 - - [01/Mar/2017:12:10:54 -0300] "GET /cormun/servlet/trcontratounov2? HTTP/1.1" 200 16689
200.112.5.202 - - [01/Mar/2017:12:10:58 -0300] "POST /cormun/servlet/prfichaempleado?c48f2155c1f22ddb2967d4e4d878e032,,MD,,gx-no-cache=1488381123644 HTTP/1.1" 200 5973
200.112.5.202 - - [01/Mar/2017:12:11:06 -0300] "GET /cormun/servlet/hlogin HTTP/1.1" 200 1747
186.79.16.23 - - [01/Mar/2017:12:13:35 -0300] "GET /cormun/servlet/solicitudotadjuntos?c909dfd761e0991633dddcb21d07aff48c5d14643c9b5b922c20826ddeea4b17,gx-no-cache=1488381286248 HTTP/1.1" 200 30
186.79.16.23 - - [01/Mar/2017:12:13:35 -0300] "GET /cormun/servlet/solicitudotadjuntos?c909dfd761e0991633dddcb21d07aff48c5d14643c9b5b922c20826ddeea4b17,gx-no-cache=1488381286441 HTTP/1.1" 200 30
186.79.16.23 - - [01/Mar/2017:12:13:36 -0300] "POST /cormun/servlet/solicitudotadjuntos?767e66286bbf99994442236e53c5f92a,INS,2017,4958,,1, HTTP/1.1" 200 116
186.79.16.23 - - [01/Mar/2017:12:13:37 -0300] "GET /cormun/servlet/hpexe_return? HTTP/1.1" 200 1024
186.79.16.23 - - [01/Mar/2017:12:13:37 -0300] "GET /cormun/servlet/trsolicitudadjuntos?2017,4958, HTTP/1.1" 200 8263
186.79.16.23 - - [01/Mar/2017:12:13:37 -0300] "GET /cormun/servlet/trsolicitudadjuntos?2017,4958, HTTP/1.1" 200 8262
186.79.16.23 - - [01/Mar/2017:12:13:39 -0300] "GET /cormun/servlet/solicitudotadjuntos?INS,2017,4958,,1, HTTP/1.1" 200 5828
186.79.16.23 - - [01/Mar/2017:12:13:39 -0300] "GET /cormun/static/about:blank HTTP/1.1" 404 1011
186.79.16.23 - - [01/Mar/2017:12:13:40 -0300] "GET /cormun/servlet/solicitudotadjuntos?INS,2017,4958,,1, HTTP/1.1" 200 5822
186.79.16.23 - - [01/Mar/2017:12:13:40 -0300] "GET /cormun/servlet/solicitudotadjuntos?c909dfd761e0991633dddcb21d07aff488daf1a8b21f08608b060993a653f8c1f40ac61bfb329144f13894af5776fa9a,gx-no-cache=1488381291478 HTTP/1.1" 200 30
186.79.16.23 - - [01/Mar/2017:12:13:40 -0300] "POST /cormun/servlet/solicitudotadjuntos?767e66286bbf99994442236e53c5f92a,INS,2017,4958,,1,,gx-no-cache=1488381291561 HTTP/1.1" 200 3684
186.79.16.23 - - [01/Mar/2017:12:13:43 -0300] "POST /cormun/servlet/solicitudotadjuntos?gx-no-cache=1488381293799 HTTP/1.1" 200 26
200.112.5.202 - - [01/Mar/2017:12:13:53 -0300] "GET /cormun/servlet/hlogin HTTP/1.1" 200 1723
186.79.16.23 - - [01/Mar/2017:12:14:00 -0300] "GET /cormun/servlet/solicitudotadjuntos?c909dfd761e0991633dddcb21d07aff48c5d14643c9b5b922c20826ddeea4b17,gx-no-cache=1488381311521 HTTP/1.1" 200 30
186.79.16.23 - - [01/Mar/2017:12:14:00 -0300] "GET /cormun/servlet/solicitudotadjuntos?c909dfd761e0991633dddcb21d07aff48c5d14643c9b5b922c20826ddeea4b17,gx-no-cache=1488381311571 HTTP/1.1" 200 30
186.79.16.23 - - [01/Mar/2017:12:14:02 -0300] "POST /cormun/servlet/solicitudotadjuntos?767e66286bbf99994442236e53c5f92a,INS,2017,4958,,1, HTTP/1.1" 200 116
186.79.16.23 - - [01/Mar/2017:12:14:03 -0300] "GET /cormun/servlet/hpexe_return? HTTP/1.1" 200 1024
186.79.16.23 - - [01/Mar/2017:12:14:03 -0300] "GET /cormun/servlet/trsolicitudadjuntos?2017,4958, HTTP/1.1" 200 8421
186.79.16.23 - - [01/Mar/2017:12:14:03 -0300] "GET /cormun/servlet/trsolicitudadjuntos?2017,4958, HTTP/1.1" 200 8422
186.79.16.23 - - [01/Mar/2017:12:14:07 -0300] "GET /cormun/servlet/solicitudotadjuntos?INS,2017,4958,,1, HTTP/1.1" 200 5828
186.79.16.23 - - [01/Mar/2017:12:14:07 -0300] "GET /cormun/static/about:blank HTTP/1.1" 404 1011
186.79.16.23 - - [01/Mar/2017:12:14:08 -0300] "GET /cormun/servlet/solicitudotadjuntos?INS,2017,4958,,1, HTTP/1.1" 200 5822
186.79.16.23 - - [01/Mar/2017:12:14:08 -0300] "GET /cormun/servlet/solicitudotadjuntos?c909dfd761e0991633dddcb21d07aff488daf1a8b21f08608b060993a653f8c1f40ac61bfb329144f13894af5776fa9a,gx-no-cache=1488381319388 HTTP/1.1" 200 30
186.79.16.23 - - [01/Mar/2017:12:14:08 -0300] "POST /cormun/servlet/solicitudotadjuntos?767e66286bbf99994442236e53c5f92a,INS,2017,4958,,1,,gx-no-cache=1488381319483 HTTP/1.1" 200 3684
186.79.16.23 - - [01/Mar/2017:12:14:11 -0300] "POST /cormun/servlet/solicitudotadjuntos?gx-no-cache=1488381322512 HTTP/1.1" 200 26
186.79.16.23 - - [01/Mar/2017:12:14:20 -0300] "GET /cormun/servlet/solicitudotadjuntos?c909dfd761e0991633dddcb21d07aff48c5d14643c9b5b922c20826ddeea4b17,gx-no-cache=1488381331392 HTTP/1.1" 200 30
186.79.16.23 - - [01/Mar/2017:12:14:20 -0300] "GET /cormun/servlet/solicitudotadjuntos?c909dfd761e0991633dddcb21d07aff48c5d14643c9b5b922c20826ddeea4b17,gx-no-cache=1488381331483 HTTP/1.1" 200 30
200.112.5.202 - - [01/Mar/2017:12:14:21 -0300] "POST /cormun/servlet/hlogin?e8a78e38f32c8b26780ef61dae3ce0cc,gx-no-cache=1488381333557 HTTP/1.1" 200 90
200.112.5.202 - - [01/Mar/2017:12:14:21 -0300] "GET /cormun/servlet/hpexe_link HTTP/1.1" 200 953
200.112.5.202 - - [01/Mar/2017:12:14:21 -0300] "GET /cormun/servlet/hhome HTTP/1.1" 200 3975
186.79.16.23 - - [01/Mar/2017:12:14:22 -0300] "POST /cormun/servlet/solicitudotadjuntos?767e66286bbf99994442236e53c5f92a,INS,2017,4958,,1, HTTP/1.1" 200 116
186.79.16.23 - - [01/Mar/2017:12:14:22 -0300] "GET /cormun/servlet/hpexe_return? HTTP/1.1" 200 1024
186.79.16.23 - - [01/Mar/2017:12:14:22 -0300] "GET /cormun/servlet/trsolicitudadjuntos?2017,4958, HTTP/1.1" 200 8559
186.79.16.23 - - [01/Mar/2017:12:14:23 -0300] "GET /cormun/servlet/trsolicitudadjuntos?2017,4958, HTTP/1.1" 200 8558
200.112.5.202 - - [01/Mar/2017:12:14:23 -0300] "GET /cormun/servlet/hhome HTTP/1.1" 200 3972
186.79.16.23 - - [01/Mar/2017:12:14:25 -0300] "GET /cormun/servlet/solicitudotadjuntos?INS,2017,4958,,1, HTTP/1.1" 200 5829
186.79.16.23 - - [01/Mar/2017:12:14:25 -0300] "GET /cormun/static/about:blank HTTP/1.1" 404 1011
186.79.16.23 - - [01/Mar/2017:12:14:25 -0300] "GET /cormun/servlet/solicitudotadjuntos?INS,2017,4958,,1, HTTP/1.1" 200 5823
186.79.16.23 - - [01/Mar/2017:12:14:25 -0300] "GET /cormun/servlet/solicitudotadjuntos?c909dfd761e0991633dddcb21d07aff488daf1a8b21f08608b060993a653f8c1f40ac61bfb329144f13894af5776fa9a,gx-no-cache=1488381336744 HTTP/1.1" 200 30
186.79.16.23 - - [01/Mar/2017:12:14:26 -0300] "POST /cormun/servlet/solicitudotadjuntos?767e66286bbf99994442236e53c5f92a,INS,2017,4958,,1,,gx-no-cache=1488381336829 HTTP/1.1" 200 3685
186.79.80.199 - - [01/Mar/2017:12:14:27 -0300] "GET /cormun/servlet/trvisualizadoreventos? HTTP/1.1" 200 6712
186.79.80.199 - - [01/Mar/2017:12:14:28 -0300] "GET /cormun/static/gxcfg.js?2016101716203350 HTTP/1.1" 200 953
186.79.80.199 - - [01/Mar/2017:12:14:29 -0300] "GET /cormun/static/Resources/PXToolsActionPrint.png HTTP/1.1" 200 3317
186.79.16.23 - - [01/Mar/2017:12:14:31 -0300] "POST /cormun/servlet/solicitudotadjuntos?gx-no-cache=1488381342422 HTTP/1.1" 200 26
186.79.80.199 - - [01/Mar/2017:12:14:32 -0300] "GET /cormun/servlet/trvisualizadoreventos? HTTP/1.1" 200 6712
200.112.5.202 - - [01/Mar/2017:12:14:35 -0300] "GET /cormun/servlet/trsolicitudot? HTTP/1.1" 200 6948
200.112.5.202 - - [01/Mar/2017:12:14:36 -0300] "GET /cormun/servlet/trsolicitudot? HTTP/1.1" 200 6947
186.79.80.199 - - [01/Mar/2017:12:14:39 -0300] "GET /cormun/static/menuarrow.gif HTTP/1.1" 404 1015
186.79.16.23 - - [01/Mar/2017:12:14:41 -0300] "GET /cormun/servlet/solicitudotadjuntos?c909dfd761e0991633dddcb21d07aff48c5d14643c9b5b922c20826ddeea4b17,gx-no-cache=1488381352801 HTTP/1.1" 200 30
186.79.16.23 - - [01/Mar/2017:12:14:42 -0300] "GET /cormun/servlet/solicitudotadjuntos?c909dfd761e0991633dddcb21d07aff48c5d14643c9b5b922c20826ddeea4b17,gx-no-cache=1488381352849 HTTP/1.1" 200 30
200.112.5.202 - - [01/Mar/2017:12:14:42 -0300] "GET /cormun/servlet/solicitudot?INS,0,0, HTTP/1.1" 200 12780
186.79.16.23 - - [01/Mar/2017:12:14:43 -0300] "POST /cormun/servlet/solicitudotadjuntos?767e66286bbf99994442236e53c5f92a,INS,2017,4958,,1, HTTP/1.1" 200 116
186.79.16.23 - - [01/Mar/2017:12:14:43 -0300] "GET /cormun/servlet/hpexe_return? HTTP/1.1" 200 1024
