186.79.16.23 - - [01/Mar/2017:12:14:43 -0300] "GET /cormun/servlet/trsolicitudadjuntos?2017,4958, HTTP/1.1" 200 8704
200.112.5.202 - - [01/Mar/2017:12:14:43 -0300] "GET /cormun/servlet/solicitudot?INS,0,0, HTTP/1.1" 200 12785
186.79.16.23 - - [01/Mar/2017:12:14:44 -0300] "GET /cormun/servlet/trsolicitudadjuntos?2017,4958, HTTP/1.1" 200 8703
200.111.191.210 - - [01/Mar/2017:12:14:46 -0300] "GET /cormun/servlet/hhome HTTP/1.1" 200 3751
200.111.191.210 - - [01/Mar/2017:12:14:46 -0300] "GET /cormun/static/gxcfg.js?201612218515568 HTTP/1.1" 200 953
200.111.191.210 - - [01/Mar/2017:12:14:46 -0300] "GET /cormun/static/hhome.js?201612218515573 HTTP/1.1" 200 777
186.79.80.199 - - [01/Mar/2017:12:14:46 -0300] "POST /cormun/servlet/trvisualizadoreventos?479176e3841a295cc126dea539e7ef41,,gx-no-cache=1488381358727 HTTP/1.1" 200 3975
200.111.191.210 - - [01/Mar/2017:12:14:46 -0300] "GET /cormun/servlet/hhome HTTP/1.1" 200 3728
186.79.16.23 - - [01/Mar/2017:12:14:47 -0300] "GET /cormun/servlet/solicitudotadjuntos?INS,2017,4958,,1, HTTP/1.1" 200 5829
186.79.16.23 - - [01/Mar/2017:12:14:48 -0300] "GET /cormun/static/about:blank HTTP/1.1" 404 1011
186.79.16.23 - - [01/Mar/2017:12:14:48 -0300] "GET /cormun/servlet/solicitudotadjuntos?INS,2017,4958,,1, HTTP/1.1" 200 5823
186.79.16.23 - - [01/Mar/2017:12:14:48 -0300] "GET /cormun/servlet/solicitudotadjuntos?c909dfd761e0991633dddcb21d07aff488daf1a8b21f08608b060993a653f8c1f40ac61bfb329144f13894af5776fa9a,gx-no-cache=1488381359620 HTTP/1.1" 200 30
186.79.16.23 - - [01/Mar/2017:12:14:49 -0300] "POST /cormun/servlet/solicitudotadjuntos?767e66286bbf99994442236e53c5f92a,INS,2017,4958,,1,,gx-no-cache=1488381359674 HTTP/1.1" 200 3685
200.111.191.210 - - [01/Mar/2017:12:14:49 -0300] "GET /cormun/servlet/hlogin HTTP/1.1" 200 1734
200.111.191.210 - - [01/Mar/2017:12:14:49 -0300] "GET /cormun/static/gxcfg.js?201612216162538 HTTP/1.1" 200 953
200.111.191.210 - - [01/Mar/2017:12:14:49 -0300] "GET /cormun/static/hlogin.js?201612216162555 HTTP/1.1" 200 2136
200.111.191.210 - - [01/Mar/2017:12:14:49 -0300] "GET /cormun/static/Resources/PXToolsLoginTop.png HTTP/1.1" 200 1337
200.111.191.210 - - [01/Mar/2017:12:14:49 -0300] "GET /cormun/static/Resources/ComunLogin.png HTTP/1.1" 200 17326
200.111.191.210 - - [01/Mar/2017:12:14:49 -0300] "GET /cormun/static/Resources/PXToolsLoginBackground.png HTTP/1.1" 200 1164
200.111.191.210 - - [01/Mar/2017:12:14:49 -0300] "GET /cormun/static/Resources/PXToolsLoginBottom.png HTTP/1.1" 200 1389
186.79.16.23 - - [01/Mar/2017:12:14:51 -0300] "POST /cormun/servlet/solicitudotadjuntos?gx-no-cache=1488381362126 HTTP/1.1" 200 26
200.112.5.202 - - [01/Mar/2017:12:14:54 -0300] "GET /cormun/servlet/prfichaempleado?,MD,,gxPopupLevel%3D0%3B HTTP/1.1" 200 8851
186.79.80.199 - - [01/Mar/2017:12:15:01 -0300] "POST /cormun/servlet/trvisualizadoreventos?479176e3841a295cc126dea539e7ef41,,gx-no-cache=1488381373554 HTTP/1.1" 200 3974
186.79.80.199 - - [01/Mar/2017:12:15:15 -0300] "GET /cormun/servlet/trsolicitudot? HTTP/1.1" 200 8228
186.79.80.199 - - [01/Mar/2017:12:15:17 -0300] "GET /cormun/servlet/trsolicitudot? HTTP/1.1" 200 8227
186.79.80.199 - - [01/Mar/2017:12:15:24 -0300] "POST /cormun/servlet/trsolicitudot?479176e3841a295cc126dea539e7ef41,,gx-no-cache=1488381396447 HTTP/1.1" 200 4347
186.79.80.199 - - [01/Mar/2017:12:15:24 -0300] "GET /cormun/static/Shared/jqueryui/images/ui-bg_highlight-soft_100_c6c2c8_1x100.png HTTP/1.1" 404 1117
186.79.80.199 - - [01/Mar/2017:12:15:24 -0300] "GET /cormun/static/Shared/jqueryui/images/ui-icons_82798d_256x240.png HTTP/1.1" 404 1089
186.79.80.199 - - [01/Mar/2017:12:15:24 -0300] "GET /cormun/static/Shared/jqueryui/images/ui-icons_8d78a5_256x240.png HTTP/1.1" 404 1089
186.79.80.199 - - [01/Mar/2017:12:15:24 -0300] "GET /cormun/static/Shared/jqueryui/images/ui-bg_flat_55_fafafa_40x100.png HTTP/1.1" 404 1097
186.79.80.199 - - [01/Mar/2017:12:15:24 -0300] "POST /cormun/servlet/trsolicitudot?479176e3841a295cc126dea539e7ef41,,gx-no-cache=1488381397121 HTTP/1.1" 200 4128
186.79.80.199 - - [01/Mar/2017:12:15:28 -0300] "GET /cormun/servlet/trautorizarsolicitud? HTTP/1.1" 200 8153
186.79.80.199 - - [01/Mar/2017:12:15:29 -0300] "GET /cormun/servlet/trautorizarsolicitud? HTTP/1.1" 200 8153
186.79.80.199 - - [01/Mar/2017:12:15:32 -0300] "POST /cormun/servlet/trautorizarsolicitud?479176e3841a295cc126dea539e7ef41,,gx-no-cache=1488381404471 HTTP/1.1" 200 4316
186.79.80.199 - - [01/Mar/2017:12:15:32 -0300] "POST /cormun/servlet/trautorizarsolicitud?479176e3841a295cc126dea539e7ef41,,gx-no-cache=1488381405179 HTTP/1.1" 200 4099
186.79.80.199 - - [01/Mar/2017:12:15:35 -0300] "GET /cormun/servlet/trsolicitudot? HTTP/1.1" 200 6956
186.79.80.199 - - [01/Mar/2017:12:15:36 -0300] "GET /cormun/servlet/trsolicitudot? HTTP/1.1" 200 6956
200.54.247.69 - - [01/Mar/2017:12:15:38 -0300] "GET /cormun/servlet/trsolicitudot? HTTP/1.1" 200 6943
186.79.80.199 - - [01/Mar/2017:12:15:39 -0300] "GET /cormun/servlet/solicitudot?INS,0,0, HTTP/1.1" 200 12774
186.79.80.199 - - [01/Mar/2017:12:15:43 -0300] "GET /cormun/servlet/solicitudot?INS,0,0, HTTP/1.1" 200 12779
200.112.5.202 - - [01/Mar/2017:12:15:50 -0300] "POST /cormun/servlet/prfichaempleado?e8a78e38f32c8b26780ef61dae3ce0cc,,MD,,gxPopupLevel%3D0%3B,gx-no-cache=1488381422728 HTTP/1.1" 200 3399
200.112.5.202 - - [01/Mar/2017:12:16:02 -0300] "POST /cormun/servlet/solicitudot?gx-no-cache=1488381435085 HTTP/1.1" 200 3205
200.112.5.202 - - [01/Mar/2017:12:16:03 -0300] "POST /cormun/servlet/solicitudot?e8a78e38f32c8b26780ef61dae3ce0cc,INS,0,0,,gx-no-cache=1488381435741 HTTP/1.1" 200 10000
200.112.5.202 - - [01/Mar/2017:12:16:04 -0300] "GET /cormun/servlet/solicitudot?7b55b17e6fbc5133f71c76c4b3db9ac2b42f53b83eba229a11db3b3198c4d9bd26c8e4df1997b89d95001caa508b2b53,gx-no-cache=1488381436613 HTTP/1.1" 200 30
200.112.5.202 - - [01/Mar/2017:12:16:21 -0300] "POST /cormun/servlet/solicitudot?gx-no-cache=1488381454130 HTTP/1.1" 200 256
186.79.16.23 - - [01/Mar/2017:12:16:21 -0300] "GET /cormun/servlet/solicitudotadjuntos?c909dfd761e0991633dddcb21d07aff48c5d14643c9b5b922c20826ddeea4b17,gx-no-cache=1488381452489 HTTP/1.1" 200 30
186.79.16.23 - - [01/Mar/2017:12:16:21 -0300] "GET /cormun/servlet/solicitudotadjuntos?c909dfd761e0991633dddcb21d07aff48c5d14643c9b5b922c20826ddeea4b17,gx-no-cache=1488381452601 HTTP/1.1" 200 30
200.112.5.202 - - [01/Mar/2017:12:16:21 -0300] "GET /cormun/servlet/solicitudot?7b55b17e6fbc5133f71c76c4b3db9ac2965a79f6834b60323b35b02595e674676e1f53b0512b6d726fa57e91752b8fed0d90a581b4ec7b2f9ae76ce194c5f6c8accfb762cab60224db6ef80e25f9f75f0fbae5adbcfba50e7273963666c7e9e23bbe6234281c964ca937b510b7350126b29f1e4e14086bb9b6cd6ea88939f3d82da6a4101ca468e77aa6e228c81c99a4e11aa6ccb30da3df922dcce5d85778883048dd063915ee4f0921f75e529ce10e8f8bc2aefb4fa366e4744405d899a448399465cc735bfd25667db71d945b9f1d902d65748e65870b4b6e5e78bfa8541dfd5ffb7f7eaaa902fe34dea1ebbb0fd9f8d0cd942a5927de0fb73ffb9ec1a6115916a9b6f020ff19a29c21c926099df46ea957408ad10c1536787978b96cebd872db56ecf79d0eb46987c43695ea1979ee83accbcf8aec7bf6f40049f408d782da2775e3bdc8085d50ed36d37ccf90319c0cf98badedf9fc3f381cbb5c3aab34b19f882cc8d8a4b9bcc24826578863b6c5a650dd3f525fe727eee4f1728dd6e8,gx-no-cache=1488381454300 HTTP/1.1" 200 30
186.79.16.23 - - [01/Mar/2017:12:16:24 -0300] "POST /cormun/servlet/solicitudotadjuntos?767e66286bbf99994442236e53c5f92a,INS,2017,4958,,1, HTTP/1.1" 200 116
186.79.16.23 - - [01/Mar/2017:12:16:25 -0300] "GET /cormun/servlet/hpexe_return? HTTP/1.1" 200 1024
186.79.16.23 - - [01/Mar/2017:12:16:25 -0300] "GET /cormun/servlet/trsolicitudadjuntos?2017,4958, HTTP/1.1" 200 8940
186.79.16.23 - - [01/Mar/2017:12:16:26 -0300] "GET /cormun/servlet/trsolicitudadjuntos?2017,4958, HTTP/1.1" 200 8936
186.79.80.199 - - [01/Mar/2017:12:16:38 -0300] "POST /cormun/servlet/solicitudot?gx-no-cache=1488381470322 HTTP/1.1" 200 3158
186.79.80.199 - - [01/Mar/2017:12:16:39 -0300] "POST /cormun/servlet/solicitudot?479176e3841a295cc126dea539e7ef41,INS,0,0,,gx-no-cache=1488381471429 HTTP/1.1" 200 9948
186.79.80.199 - - [01/Mar/2017:12:16:54 -0300] "GET /cormun/servlet/solicitudot?69ae52d0aa5ba2261b239e07ba0a6529a19dde56fd05a025d2560ea4a30e392caf3469301b40a1f28efc035c2d1eaec1,gx-no-cache=1488381487054 HTTP/1.1" 200 30
186.79.80.199 - - [01/Mar/2017:12:16:55 -0300] "POST /cormun/servlet/solicitudot?gx-no-cache=1488381488083 HTTP/1.1" 200 297
186.79.80.199 - - [01/Mar/2017:12:16:55 -0300] "GET /cormun/servlet/solicitudot?69ae52d0aa5ba2261b239e07ba0a652947c2f5b771da77a776c74d2d0e664d6915675a41b324fe1fd066456aa2bb294bc7200973f6f3b29ff22f5aed2f0c25c7acea824af07bac013ee2f7955d10073f51c2c20eb8afb3c8b46f59c5ccaf38d8416918a3b7cab2964ec4253c706f337f32e04bc8215789fe655fe452a68c1981667af40f2559321a0d0b6dd12917ea9ce234faf4336a174f7983466b2a05d7a648d53711413e9728fcad2c5f83e280b694317359fd1df5fc94400f254ce964d1061ae754f2e640b419510ffe75c358b9d2c916095497100bee8ca4b5552ad576779d71f72accac4da1ee061bad3d17ea77de4c4071898193262bb76df151072ef0b6d0feb49335bdfe725c8f126c8aef6e8774f6561a3fdcb3f4620a028c6aabfb9ac38a0e20ad238ed8e0266445a448093ed476c5714d7484d01de6acd6d8eaf1cc06a8a1359cbf62bfd6affa594fcd4d108185b6ca1dea4fa49381816876198e24a5cfffc90b9899cf8cfe084155c115f9bdfa6b8594d28f8a19e5a4adcf4929a8222783b1f3f1c8c4609da378d077,gx-no-cache=1488381488340 HTTP/1.1" 200 30
186.79.80.199 - - [01/Mar/2017:12:16:59 -0300] "POST /cormun/servlet/solicitudot?gx-no-cache=1488381492002 HTTP/1.1" 200 30
186.79.80.199 - - [01/Mar/2017:12:17:02 -0300] "POST /cormun/servlet/solicitudot?gx-no-cache=1488381495195 HTTP/1.1" 200 235
186.79.80.199 - - [01/Mar/2017:12:17:02 -0300] "POST /cormun/servlet/solicitudot?gx-no-cache=1488381495465 HTTP/1.1" 200 38
186.79.80.199 - - [01/Mar/2017:12:17:26 -0300] "GET /cormun/servlet/solicitudot?69ae52d0aa5ba2261b239e07ba0a6529662fe8612f562abf90203bbbd6eef91d4c2696ed0542a6eb56fd90faa9cb5d6713083c1ca6360321c9151d986857fc8c43140e480728353ce8d47bb4748c10ffba82fcdd80ea9ca0c2c050612a348d4ce200612277cac5b99cdfc410fea6dd0e,gx-no-cache=1488381518728 HTTP/1.1" 200 29
186.79.80.199 - - [01/Mar/2017:12:17:26 -0300] "POST /cormun/servlet/solicitudot?gx-no-cache=1488381519197 HTTP/1.1" 200 643
186.79.80.199 - - [01/Mar/2017:12:17:28 -0300] "POST /cormun/servlet/solicitudot?gx-no-cache=1488381521268 HTTP/1.1" 200 1157
186.103.156.211 - - [01/Mar/2017:12:17:37 -0300] "GET /cormun/servlet/trvisualizadoreventos? HTTP/1.1" 200 6422
186.103.156.211 - - [01/Mar/2017:12:17:37 -0300] "GET /cormun/servlet/trvisualizadoreventos? HTTP/1.1" 200 6422
186.103.156.211 - - [01/Mar/2017:12:17:45 -0300] "POST /cormun/servlet/trvisualizadoreventos?184ec44145d743535977557df831d605,,gx-no-cache=1488381695312 HTTP/1.1" 200 3770
186.79.80.199 - - [01/Mar/2017:12:18:05 -0300] "GET /cormun/servlet/solicitudot?69ae52d0aa5ba2261b239e07ba0a6529115896d9eb9ca1e5545e11187df661530dd9f3a442ca81a35b217cd5108c757d86db479e57b0845b785e7bfcd109505a54ff5da7a6d6b16bfa2454aaf3d3442f036f995f9d2b9e703a2618a6d83e1e76c5b1fe7c532bf74c2cacefbb1f348229d78261c960c8ba9cf675447721a86675139d54b4b44b13d07d817583d433dcae8fbb7fde822e0f03dc457c04ff225506d7f8bcb7f20e97b3d8c7708ce14369d2,gx-no-cache=1488381557822 HTTP/1.1" 200 30
186.103.156.211 - - [01/Mar/2017:12:18:14 -0300] "GET /cormun/servlet/hlogin HTTP/1.1" 200 1744
186.103.156.211 - - [01/Mar/2017:12:18:23 -0300] "GET /cormun/servlet/trvisualizadoreventos? HTTP/1.1" 200 6013
186.103.156.211 - - [01/Mar/2017:12:18:24 -0300] "GET /cormun/servlet/trvisualizadoreventos? HTTP/1.1" 200 6010
186.103.156.211 - - [01/Mar/2017:12:18:24 -0300] "GET /cormun/servlet/hlogin HTTP/1.1" 200 1744
186.103.156.211 - - [01/Mar/2017:12:18:25 -0300] "GET /cormun/servlet/trlicencias? HTTP/1.1" 200 6141
186.103.156.211 - - [01/Mar/2017:12:18:25 -0300] "GET /cormun/servlet/hlogin HTTP/1.1" 200 1738
186.103.156.211 - - [01/Mar/2017:12:18:25 -0300] "GET /cormun/servlet/trlicencias? HTTP/1.1" 200 6136
186.103.156.211 - - [01/Mar/2017:12:18:27 -0300] "GET /cormun/servlet/trsolicitudot? HTTP/1.1" 200 6209
186.103.156.211 - - [01/Mar/2017:12:18:27 -0300] "GET /cormun/servlet/hlogin HTTP/1.1" 200 1739
186.103.156.211 - - [01/Mar/2017:12:18:27 -0300] "GET /cormun/servlet/trsolicitudot? HTTP/1.1" 200 6209
186.103.156.211 - - [01/Mar/2017:12:18:41 -0300] "POST /cormun/servlet/hlogin?184ec44145d743535977557df831d605,gx-no-cache=1488381758137 HTTP/1.1" 200 90
186.103.156.211 - - [01/Mar/2017:12:18:41 -0300] "GET /cormun/servlet/hpexe_link HTTP/1.1" 200 961
186.103.156.211 - - [01/Mar/2017:12:18:42 -0300] "GET /cormun/servlet/trsolicitudot HTTP/1.1" 200 6625
186.103.156.211 - - [01/Mar/2017:12:18:42 -0300] "GET /cormun/servlet/trsolicitudot HTTP/1.1" 200 6624
186.103.156.211 - - [01/Mar/2017:12:18:55 -0300] "GET /cormun/servlet/solicitudot?INS,0,0, HTTP/1.1" 200 12512
186.103.156.211 - - [01/Mar/2017:12:18:56 -0300] "GET /cormun/servlet/solicitudot?INS,0,0, HTTP/1.1" 200 12516
186.103.156.211 - - [01/Mar/2017:12:19:09 -0300] "GET /cormun/servlet/trlicencias? HTTP/1.1" 200 6555
186.103.156.211 - - [01/Mar/2017:12:19:09 -0300] "GET /cormun/servlet/trlicencias? HTTP/1.1" 200 6550
186.103.156.211 - - [01/Mar/2017:12:19:13 -0300] "POST /cormun/servlet/trlicencias?184ec44145d743535977557df831d605,,gx-no-cache=1488381793046 HTTP/1.1" 200 90
186.103.156.211 - - [01/Mar/2017:12:19:13 -0300] "GET /cormun/servlet/hpexe_link HTTP/1.1" 200 968
186.103.156.211 - - [01/Mar/2017:12:19:14 -0300] "GET /cormun/servlet/trvisualizadoreventos HTTP/1.1" 200 6424
186.79.80.199 - - [01/Mar/2017:12:19:14 -0300] "POST /cormun/servlet/solicitudot?gx-no-cache=1488381626408 HTTP/1.1" 200 297
186.79.80.199 - - [01/Mar/2017:12:19:14 -0300] "GET /cormun/servlet/solicitudot?69ae52d0aa5ba2261b239e07ba0a652947c2f5b771da77a776c74d2d0e664d6915675a41b324fe1fd066456aa2bb294bc7200973f6f3b29ff22f5aed2f0c25c7acea824af07bac013ee2f7955d10073f51c2c20eb8afb3c8b46f59c5ccaf38d8416918a3b7cab2964ec4253c706f337f32e04bc8215789fe655fe452a68c1981667af40f2559321a0d0b6dd12917ea9ce234faf4336a174f7983466b2a05d7a648d53711413e9728fcad2c5f83e280b694317359fd1df5fc94400f254ce964d1061ae754f2e640b419510ffe75c358b9d2c916095497100bee8ca4b5552ad576779d71f72accac4da1ee061bad3d17ea77de4c4071898193262bb76df151072ef0b6d0feb49335bdfe725c8f126c8aef6e8774f6561a3fdcb3f4620a028c6aabfb9ac38a0e20ad238ed8e0266445a448093ed476c5714d7484d01de6acd6d8eaf1cc06a8a1359cbf62bfd6affa594fcd4d108185b6ca1dea4fa49381816876198e24a5cfffc90b9899cf8cfe084155c1cafae09e955f8763e97f35efd47ee28f29a8222783b1f3f1c8c4609da378d077,gx-no-cache=1488381627004 HTTP/1.1" 200 30
186.103.156.211 - - [01/Mar/2017:12:19:14 -0300] "GET /cormun/servlet/trvisualizadoreventos HTTP/1.1" 200 6422
186.79.80.199 - - [01/Mar/2017:12:19:16 -0300] "POST /cormun/servlet/solicitudot?gx-no-cache=1488381629379 HTTP/1.1" 200 30
186.79.80.199 - - [01/Mar/2017:12:19:17 -0300] "POST /cormun/servlet/solicitudot?gx-no-cache=1488381629649 HTTP/1.1" 200 1287
186.79.80.199 - - [01/Mar/2017:12:19:17 -0300] "POST /cormun/servlet/solicitudot?gx-no-cache=1488381629949 HTTP/1.1" 200 41
186.79.80.199 - - [01/Mar/2017:12:19:17 -0300] "POST /cormun/servlet/solicitudot?gx-no-cache=1488381630192 HTTP/1.1" 200 1275
186.79.80.199 - - [01/Mar/2017:12:19:17 -0300] "POST /cormun/servlet/solicitudot?gx-no-cache=1488381630495 HTTP/1.1" 200 1157
186.79.80.199 - - [01/Mar/2017:12:19:18 -0300] "GET /cormun/servlet/solicitudot?69ae52d0aa5ba2261b239e07ba0a6529115896d9eb9ca1e5545e11187df661530dd9f3a442ca81a35b217cd5108c757d86db479e57b0845b785e7bfcd109505a54ff5da7a6d6b16bfa2454aaf3d3442f036f995f9d2b9e703a2618a6d83e1e76c5b1fe7c532bf74c2cacefbb1f348229d78261c960c8ba9cf675447721a86675139d54b4b44b13d07d817583d433dcae8fbb7fde822e0f03dc457c04ff225506d7f8bcb7f20e97b3d8c7708ce14369d2,gx-no-cache=1488381630807 HTTP/1.1" 200 30
186.79.80.199 - - [01/Mar/2017:12:19:18 -0300] "POST /cormun/servlet/solicitudot?479176e3841a295cc126dea539e7ef41,INS,0,0,,gx-no-cache=1488381631064 HTTP/1.1" 200 93
186.79.80.199 - - [01/Mar/2017:12:19:19 -0300] "GET /cormun/servlet/hpexe_return? HTTP/1.1" 200 1008
186.79.80.199 - - [01/Mar/2017:12:19:19 -0300] "GET /cormun/servlet/trsolicitudot HTTP/1.1" 200 8211
186.79.80.199 - - [01/Mar/2017:12:19:22 -0300] "GET /cormun/servlet/trsolicitudot HTTP/1.1" 200 8189
186.79.80.199 - - [01/Mar/2017:12:19:30 -0300] "POST /cormun/servlet/trsolicitudot?479176e3841a295cc126dea539e7ef41,gx-no-cache=1488381641990 HTTP/1.1" 200 107
186.79.80.199 - - [01/Mar/2017:12:19:30 -0300] "GET /cormun/servlet/trsolicitudadjuntos?2017,4960, HTTP/1.1" 200 6083
186.79.80.199 - - [01/Mar/2017:12:19:31 -0300] "GET /cormun/servlet/trsolicitudadjuntos?2017,4960, HTTP/1.1" 200 6083
186.79.80.199 - - [01/Mar/2017:12:19:33 -0300] "GET /cormun/servlet/solicitudotadjuntos?INS,2017,4960,,1, HTTP/1.1" 200 6016
186.79.80.199 - - [01/Mar/2017:12:19:34 -0300] "GET /cormun/static/about:blank HTTP/1.1" 404 1011
186.79.80.199 - - [01/Mar/2017:12:19:35 -0300] "GET /cormun/servlet/solicitudotadjuntos?INS,2017,4960,,1, HTTP/1.1" 200 6010
186.79.80.199 - - [01/Mar/2017:12:19:35 -0300] "GET /cormun/servlet/solicitudotadjuntos?69ae52d0aa5ba2261b239e07ba0a6529b7939fcf28ff6348b697d88470ab6a323a3834ed044ea0f20febdb7c598839fb,gx-no-cache=1488381648381 HTTP/1.1" 200 30
186.103.156.211 - - [01/Mar/2017:12:19:37 -0300] "GET /cormun/servlet/trcontratoobservacion? HTTP/1.1" 200 5834
186.103.156.211 - - [01/Mar/2017:12:19:38 -0300] "GET /cormun/servlet/trcontratoobservacion? HTTP/1.1" 200 5834
186.79.80.199 - - [01/Mar/2017:12:19:39 -0300] "POST /cormun/servlet/solicitudotadjuntos?479176e3841a295cc126dea539e7ef41,INS,2017,4960,,1,,gx-no-cache=1488381649593 HTTP/1.1" 200 3830
186.103.156.211 - - [01/Mar/2017:12:19:42 -0300] "GET /cormun/servlet/trsolicitudot? HTTP/1.1" 200 6626
186.103.156.211 - - [01/Mar/2017:12:19:43 -0300] "GET /cormun/servlet/trsolicitudot? HTTP/1.1" 200 6625
186.103.156.211 - - [01/Mar/2017:12:19:45 -0300] "GET /cormun/servlet/trvisualizadoreventos? HTTP/1.1" 200 6422
186.103.156.211 - - [01/Mar/2017:12:19:46 -0300] "GET /cormun/servlet/trvisualizadoreventos? HTTP/1.1" 200 6422
186.79.80.199 - - [01/Mar/2017:12:19:49 -0300] "POST /cormun/servlet/solicitudotadjuntos?gx-no-cache=1488381662509 HTTP/1.1" 200 26
186.103.156.211 - - [01/Mar/2017:12:19:57 -0300] "GET /cormun/servlet/avisualizareventos?0,0,ING,20170301,20170301,PU HTTP/1.1" 200 1027
186.79.80.199 - - [01/Mar/2017:12:20:34 -0300] "GET /cormun/servlet/solicitudotadjuntos?69ae52d0aa5ba2261b239e07ba0a65299861a31dce86edf4f3ee744e40c9494a,gx-no-cache=1488381707030 HTTP/1.1" 200 30
186.79.80.199 - - [01/Mar/2017:12:20:35 -0300] "GET /cormun/servlet/solicitudotadjuntos?69ae52d0aa5ba2261b239e07ba0a65299861a31dce86edf4f3ee744e40c9494a,gx-no-cache=1488381708196 HTTP/1.1" 200 30
186.79.16.23 - - [01/Mar/2017:12:20:44 -0300] "GET /cormun/servlet/solicitudotadjuntos?INS,2017,4958,,2, HTTP/1.1" 200 5827
186.79.16.23 - - [01/Mar/2017:12:20:45 -0300] "GET /cormun/static/about:blank HTTP/1.1" 404 1011
186.79.16.23 - - [01/Mar/2017:12:20:45 -0300] "GET /cormun/servlet/solicitudotadjuntos?INS,2017,4958,,2, HTTP/1.1" 200 5821
186.79.80.199 - - [01/Mar/2017:12:20:45 -0300] "POST /cormun/servlet/solicitudotadjuntos?479176e3841a295cc126dea539e7ef41,INS,2017,4960,,1, HTTP/1.1" 200 116
186.79.16.23 - - [01/Mar/2017:12:20:45 -0300] "GET /cormun/servlet/solicitudotadjuntos?c909dfd761e0991633dddcb21d07aff488daf1a8b21f08608b060993a653f8c1f40ac61bfb329144f13894af5776fa9a,gx-no-cache=1488381716393 HTTP/1.1" 200 30
186.79.80.199 - - [01/Mar/2017:12:20:45 -0300] "GET /cormun/servlet/hpexe_return? HTTP/1.1" 200 1027
186.79.16.23 - - [01/Mar/2017:12:20:45 -0300] "POST /cormun/servlet/solicitudotadjuntos?767e66286bbf99994442236e53c5f92a,INS,2017,4958,,2,,gx-no-cache=1488381716491 HTTP/1.1" 200 3828
186.79.80.199 - - [01/Mar/2017:12:20:46 -0300] "GET /cormun/servlet/trsolicitudadjuntos?2017,4960, HTTP/1.1" 200 8161
186.79.80.199 - - [01/Mar/2017:12:20:47 -0300] "GET /cormun/servlet/trsolicitudadjuntos?2017,4960, HTTP/1.1" 200 8156
186.79.80.199 - - [01/Mar/2017:12:20:49 -0300] "GET /cormun/servlet/solicitudotadjuntos?INS,2017,4960,,1, HTTP/1.1" 200 6016
186.79.16.23 - - [01/Mar/2017:12:20:49 -0300] "POST /cormun/servlet/solicitudotadjuntos?gx-no-cache=1488381720728 HTTP/1.1" 200 26
186.79.80.199 - - [01/Mar/2017:12:20:50 -0300] "GET /cormun/static/about:blank HTTP/1.1" 404 1011
186.79.80.199 - - [01/Mar/2017:12:20:51 -0300] "GET /cormun/servlet/solicitudotadjuntos?INS,2017,4960,,1, HTTP/1.1" 200 6010
186.79.80.199 - - [01/Mar/2017:12:20:51 -0300] "GET /cormun/servlet/solicitudotadjuntos?69ae52d0aa5ba2261b239e07ba0a6529b7939fcf28ff6348b697d88470ab6a323a3834ed044ea0f20febdb7c598839fb,gx-no-cache=1488381724254 HTTP/1.1" 200 30
186.79.80.199 - - [01/Mar/2017:12:20:52 -0300] "POST /cormun/servlet/solicitudotadjuntos?479176e3841a295cc126dea539e7ef41,INS,2017,4960,,1,,gx-no-cache=1488381725419 HTTP/1.1" 200 3830
186.79.80.199 - - [01/Mar/2017:12:20:57 -0300] "POST /cormun/servlet/solicitudotadjuntos?gx-no-cache=1488381729686 HTTP/1.1" 200 26
186.79.80.199 - - [01/Mar/2017:12:21:02 -0300] "GET /cormun/servlet/solicitudotadjuntos?69ae52d0aa5ba2261b239e07ba0a65299861a31dce86edf4f3ee744e40c9494a,gx-no-cache=1488381735237 HTTP/1.1" 200 30
186.79.80.199 - - [01/Mar/2017:12:21:02 -0300] "GET /cormun/servlet/solicitudotadjuntos?69ae52d0aa5ba2261b239e07ba0a65299861a31dce86edf4f3ee744e40c9494a,gx-no-cache=1488381735435 HTTP/1.1" 200 30
186.103.156.211 - - [01/Mar/2017:12:21:06 -0300] "GET /cormun/servlet/trvisualizadoreventos? HTTP/1.1" 200 6422
186.103.156.211 - - [01/Mar/2017:12:21:07 -0300] "GET /cormun/servlet/trvisualizadoreventos? HTTP/1.1" 200 6422
186.103.156.211 - - [01/Mar/2017:12:21:11 -0300] "GET /cormun/servlet/trvisualizadoreventos? HTTP/1.1" 200 6422
186.103.156.211 - - [01/Mar/2017:12:21:12 -0300] "GET /cormun/servlet/trvisualizadoreventos? HTTP/1.1" 200 6422
186.79.80.199 - - [01/Mar/2017:12:21:17 -0300] "POST /cormun/servlet/solicitudotadjuntos?479176e3841a295cc126dea539e7ef41,INS,2017,4960,,1, HTTP/1.1" 200 116
200.54.247.69 - - [01/Mar/2017:12:21:25 -0300] "GET /cormun/servlet/solicitudot?INS,0,0, HTTP/1.1" 200 12777
186.79.80.199 - - [01/Mar/2017:12:21:25 -0300] "GET /cormun/servlet/hpexe_return? HTTP/1.1" 200 1027
186.103.156.211 - - [01/Mar/2017:12:21:25 -0300] "GET /cormun/servlet/trsolicitudot? HTTP/1.1" 200 6626
186.79.80.199 - - [01/Mar/2017:12:21:26 -0300] "GET /cormun/servlet/trsolicitudadjuntos?2017,4960, HTTP/1.1" 200 8359
186.103.156.211 - - [01/Mar/2017:12:21:26 -0300] "GET /cormun/servlet/trsolicitudot? HTTP/1.1" 200 6625
186.103.156.211 - - [01/Mar/2017:12:21:28 -0300] "GET /cormun/servlet/trvisualizadoreventos? HTTP/1.1" 200 6422
186.103.156.211 - - [01/Mar/2017:12:21:29 -0300] "GET /cormun/servlet/trvisualizadoreventos? HTTP/1.1" 200 6422
186.79.80.199 - - [01/Mar/2017:12:21:37 -0300] "GET /cormun/servlet/trsolicitudadjuntos?2017,4960, HTTP/1.1" 200 8356
186.79.80.199 - - [01/Mar/2017:12:21:39 -0300] "GET /cormun/servlet/solicitudotadjuntos?INS,2017,4960,,1, HTTP/1.1" 200 6017
186.79.80.199 - - [01/Mar/2017:12:21:40 -0300] "GET /cormun/static/about:blank HTTP/1.1" 404 1011
186.79.80.199 - - [01/Mar/2017:12:21:40 -0300] "GET /cormun/servlet/solicitudotadjuntos?INS,2017,4960,,1, HTTP/1.1" 200 6010
186.79.80.199 - - [01/Mar/2017:12:21:40 -0300] "GET /cormun/servlet/solicitudotadjuntos?69ae52d0aa5ba2261b239e07ba0a6529b7939fcf28ff6348b697d88470ab6a323a3834ed044ea0f20febdb7c598839fb,gx-no-cache=1488381773635 HTTP/1.1" 200 30
186.79.80.199 - - [01/Mar/2017:12:21:41 -0300] "POST /cormun/servlet/solicitudotadjuntos?479176e3841a295cc126dea539e7ef41,INS,2017,4960,,1,,gx-no-cache=1488381773875 HTTP/1.1" 200 3830
186.79.80.199 - - [01/Mar/2017:12:21:45 -0300] "POST /cormun/servlet/solicitudotadjuntos?gx-no-cache=1488381777910 HTTP/1.1" 200 26
186.79.80.199 - - [01/Mar/2017:12:21:50 -0300] "GET /cormun/servlet/solicitudotadjuntos?69ae52d0aa5ba2261b239e07ba0a65299861a31dce86edf4f3ee744e40c9494a,gx-no-cache=1488381783230 HTTP/1.1" 200 30
186.79.80.199 - - [01/Mar/2017:12:21:50 -0300] "GET /cormun/servlet/solicitudotadjuntos?69ae52d0aa5ba2261b239e07ba0a65299861a31dce86edf4f3ee744e40c9494a,gx-no-cache=1488381783400 HTTP/1.1" 200 30
186.79.80.199 - - [01/Mar/2017:12:21:59 -0300] "POST /cormun/servlet/solicitudotadjuntos?479176e3841a295cc126dea539e7ef41,INS,2017,4960,,1, HTTP/1.1" 200 116
186.79.80.199 - - [01/Mar/2017:12:22:00 -0300] "GET /cormun/servlet/hpexe_return? HTTP/1.1" 200 1027
186.79.80.199 - - [01/Mar/2017:12:22:02 -0300] "GET /cormun/servlet/trsolicitudadjuntos?2017,4960, HTTP/1.1" 200 8498
186.103.156.211 - - [01/Mar/2017:12:22:06 -0300] "GET /cormun/servlet/trlicencias? HTTP/1.1" 200 6551
186.103.156.211 - - [01/Mar/2017:12:22:07 -0300] "GET /cormun/servlet/trlicencias? HTTP/1.1" 200 6550
186.103.156.211 - - [01/Mar/2017:12:22:11 -0300] "GET /cormun/servlet/trvisualizadoreventos? HTTP/1.1" 200 6422
186.103.156.211 - - [01/Mar/2017:12:22:12 -0300] "GET /cormun/servlet/trvisualizadoreventos? HTTP/1.1" 200 6422
186.79.80.199 - - [01/Mar/2017:12:22:13 -0300] "GET /cormun/servlet/trsolicitudadjuntos?2017,4960, HTTP/1.1" 200 8498
186.79.80.199 - - [01/Mar/2017:12:22:15 -0300] "GET /cormun/servlet/solicitudotadjuntos?INS,2017,4960,,1, HTTP/1.1" 200 6016
186.79.80.199 - - [01/Mar/2017:12:22:17 -0300] "GET /cormun/static/about:blank HTTP/1.1" 404 1011
186.79.80.199 - - [01/Mar/2017:12:22:18 -0300] "GET /cormun/servlet/solicitudotadjuntos?INS,2017,4960,,1, HTTP/1.1" 200 6009
186.79.80.199 - - [01/Mar/2017:12:22:18 -0300] "GET /cormun/servlet/solicitudotadjuntos?69ae52d0aa5ba2261b239e07ba0a6529b7939fcf28ff6348b697d88470ab6a323a3834ed044ea0f20febdb7c598839fb,gx-no-cache=1488381811231 HTTP/1.1" 200 30
186.79.80.199 - - [01/Mar/2017:12:22:19 -0300] "POST /cormun/servlet/solicitudotadjuntos?479176e3841a295cc126dea539e7ef41,INS,2017,4960,,1,,gx-no-cache=1488381811472 HTTP/1.1" 200 3829
200.54.247.69 - - [01/Mar/2017:12:22:20 -0300] "GET /cormun/servlet/prfichaempleado?,MD,,gxPopupLevel%3D0%3B HTTP/1.1" 200 8844
186.79.80.199 - - [01/Mar/2017:12:22:24 -0300] "POST /cormun/servlet/solicitudotadjuntos?gx-no-cache=1488381817404 HTTP/1.1" 200 26
186.103.156.211 - - [01/Mar/2017:12:22:27 -0300] "GET /cormun/servlet/trlicencias? HTTP/1.1" 200 6551
186.103.156.211 - - [01/Mar/2017:12:22:28 -0300] "GET /cormun/servlet/trlicencias? HTTP/1.1" 200 6550
186.79.80.199 - - [01/Mar/2017:12:22:31 -0300] "GET /cormun/servlet/solicitudotadjuntos?69ae52d0aa5ba2261b239e07ba0a65299861a31dce86edf4f3ee744e40c9494a,gx-no-cache=1488381823823 HTTP/1.1" 200 30
186.79.80.199 - - [01/Mar/2017:12:22:31 -0300] "GET /cormun/servlet/solicitudotadjuntos?69ae52d0aa5ba2261b239e07ba0a65299861a31dce86edf4f3ee744e40c9494a,gx-no-cache=1488381823993 HTTP/1.1" 200 30
186.79.80.199 - - [01/Mar/2017:12:22:37 -0300] "POST /cormun/servlet/solicitudotadjuntos?479176e3841a295cc126dea539e7ef41,INS,2017,4960,,1, HTTP/1.1" 200 116
186.79.80.199 - - [01/Mar/2017:12:22:38 -0300] "GET /cormun/servlet/hpexe_return? HTTP/1.1" 200 1027
200.54.247.69 - - [01/Mar/2017:12:22:38 -0300] "POST /cormun/servlet/prfichaempleado?c04ff8527bfd17c4e369de126924852e,,MD,,gxPopupLevel%3D0%3B,gx-no-cache=1488381828876 HTTP/1.1" 200 3404
186.79.80.199 - - [01/Mar/2017:12:22:40 -0300] "GET /cormun/servlet/trsolicitudadjuntos?2017,4960, HTTP/1.1" 200 8629
200.54.247.69 - - [01/Mar/2017:12:22:49 -0300] "GET /cormun/servlet/prfichaempleado?,MD,,gxPopupLevel%3D0%3B HTTP/1.1" 200 8844
186.79.80.199 - - [01/Mar/2017:12:22:51 -0300] "GET /cormun/servlet/trsolicitudadjuntos?2017,4960, HTTP/1.1" 200 8628
200.54.247.69 - - [01/Mar/2017:12:22:53 -0300] "POST /cormun/servlet/solicitudot?gx-no-cache=1488381844319 HTTP/1.1" 200 3182
200.54.247.69 - - [01/Mar/2017:12:22:53 -0300] "POST /cormun/servlet/solicitudot?c04ff8527bfd17c4e369de126924852e,INS,0,0,,gx-no-cache=1488381844531 HTTP/1.1" 200 9974
200.54.247.69 - - [01/Mar/2017:12:23:11 -0300] "GET /cormun/servlet/trlicencias? HTTP/1.1" 200 8040
200.54.247.69 - - [01/Mar/2017:12:23:16 -0300] "GET /cormun/servlet/trlicenciaspermisosadjuntos?15806390,20170301000000,L, HTTP/1.1" 200 6331
200.54.247.69 - - [01/Mar/2017:12:23:21 -0300] "GET /cormun/servlet/licenciaspermisosadjuntos?INS,15806390,L,20170301000000,, HTTP/1.1" 200 5628
200.54.247.69 - - [01/Mar/2017:12:23:21 -0300] "HEAD /cormun/static/about:blank HTTP/1.1" 404 -
200.54.247.69 - - [01/Mar/2017:12:23:32 -0300] "POST /cormun/servlet/licenciaspermisosadjuntos?c04ff8527bfd17c4e369de126924852e,INS,15806390,L,20170301000000,, HTTP/1.1" 200 116
200.54.247.69 - - [01/Mar/2017:12:23:32 -0300] "GET /cormun/servlet/hpexe_return? HTTP/1.1" 200 1042
200.54.247.69 - - [01/Mar/2017:12:23:32 -0300] "GET /cormun/servlet/trlicenciaspermisosadjuntos?15806390,20170301000000,L, HTTP/1.1" 200 6821
200.54.247.69 - - [01/Mar/2017:12:23:33 -0300] "GET /cormun/PublicTempStorage/impresion_de_pagina_completa7679617.pdf HTTP/1.1" 200 681965
200.54.247.69 - - [01/Mar/2017:12:23:58 -0300] "GET /cormun/servlet/licenciaspermisosadjuntos?INS,15806390,L,20170301000000,, HTTP/1.1" 200 5628
186.79.80.199 - - [01/Mar/2017:12:23:58 -0300] "GET /cormun/servlet/solicitudotadjuntos?INS,2017,4960,,1, HTTP/1.1" 200 6016
200.54.247.69 - - [01/Mar/2017:12:23:58 -0300] "HEAD /cormun/static/about:blank HTTP/1.1" 404 -
186.79.80.199 - - [01/Mar/2017:12:23:58 -0300] "GET /cormun/static/about:blank HTTP/1.1" 404 1011
186.79.80.199 - - [01/Mar/2017:12:23:59 -0300] "GET /cormun/servlet/solicitudotadjuntos?INS,2017,4960,,1, HTTP/1.1" 200 6010
186.79.80.199 - - [01/Mar/2017:12:24:00 -0300] "GET /cormun/servlet/solicitudotadjuntos?69ae52d0aa5ba2261b239e07ba0a6529b7939fcf28ff6348b697d88470ab6a323a3834ed044ea0f20febdb7c598839fb,gx-no-cache=1488381913142 HTTP/1.1" 200 30
186.79.80.199 - - [01/Mar/2017:12:24:01 -0300] "POST /cormun/servlet/solicitudotadjuntos?479176e3841a295cc126dea539e7ef41,INS,2017,4960,,1,,gx-no-cache=1488381913831 HTTP/1.1" 200 3832
186.79.80.199 - - [01/Mar/2017:12:24:05 -0300] "POST /cormun/servlet/solicitudotadjuntos?gx-no-cache=1488381918333 HTTP/1.1" 200 26
200.111.191.210 - - [01/Mar/2017:12:24:07 -0300] "GET /cormun/servlet/trsolicitudot? HTTP/1.1" 200 6200
200.111.191.210 - - [01/Mar/2017:12:24:08 -0300] "GET /cormun/servlet/hlogin HTTP/1.1" 200 1742
200.111.191.210 - - [01/Mar/2017:12:24:08 -0300] "GET /cormun/servlet/trsolicitudot? HTTP/1.1" 200 6210
186.79.80.199 - - [01/Mar/2017:12:24:12 -0300] "GET /cormun/servlet/solicitudotadjuntos?69ae52d0aa5ba2261b239e07ba0a65299861a31dce86edf4f3ee744e40c9494a,gx-no-cache=1488381924751 HTTP/1.1" 200 30
186.79.80.199 - - [01/Mar/2017:12:24:12 -0300] "GET /cormun/servlet/solicitudotadjuntos?69ae52d0aa5ba2261b239e07ba0a65299861a31dce86edf4f3ee744e40c9494a,gx-no-cache=1488381924950 HTTP/1.1" 200 30
200.111.191.210 - - [01/Mar/2017:12:24:17 -0300] "POST /cormun/servlet/hlogin?6afc504e47bd01e5e8e09df0d1ea132b,gx-no-cache=1488385445360 HTTP/1.1" 200 90
200.111.191.210 - - [01/Mar/2017:12:24:17 -0300] "GET /cormun/servlet/hpexe_link HTTP/1.1" 200 960
200.111.191.210 - - [01/Mar/2017:12:24:18 -0300] "GET /cormun/servlet/trsolicitudot HTTP/1.1" 200 6661
200.111.191.210 - - [01/Mar/2017:12:24:18 -0300] "GET /cormun/servlet/trsolicitudot HTTP/1.1" 200 6661
200.54.247.69 - - [01/Mar/2017:12:24:23 -0300] "GET /cormun/servlet/hlogin HTTP/1.1" 200 1726
200.54.247.69 - - [01/Mar/2017:12:24:23 -0300] "GET /cormun/static/gxtimezone.js?85251 HTTP/1.1" 304 -
200.54.247.69 - - [01/Mar/2017:12:24:23 -0300] "GET /cormun/static/gxcfg.js?201612216162538 HTTP/1.1" 304 -
200.54.247.69 - - [01/Mar/2017:12:24:23 -0300] "GET /cormun/static/gxgral.js?85251 HTTP/1.1" 304 -
200.54.247.69 - - [01/Mar/2017:12:24:23 -0300] "GET /cormun/static/Resources/ComunLogin.png HTTP/1.1" 304 -
200.54.247.69 - - [01/Mar/2017:12:24:23 -0300] "GET /cormun/static/Resources/Spanish/PXTools.css?167811 HTTP/1.1" 304 -
200.54.247.69 - - [01/Mar/2017:12:24:23 -0300] "GET /cormun/static/messages.spa.js?85251 HTTP/1.1" 304 -
200.54.247.69 - - [01/Mar/2017:12:24:23 -0300] "GET /cormun/static/hlogin.js?201612216162555 HTTP/1.1" 304 -
200.54.247.69 - - [01/Mar/2017:12:24:23 -0300] "GET /cormun/static/Resources/indicator.gif HTTP/1.1" 304 -
186.79.80.199 - - [01/Mar/2017:12:24:25 -0300] "POST /cormun/servlet/solicitudotadjuntos?479176e3841a295cc126dea539e7ef41,INS,2017,4960,,1, HTTP/1.1" 200 116
186.79.80.199 - - [01/Mar/2017:12:24:25 -0300] "GET /cormun/servlet/hpexe_return? HTTP/1.1" 200 1027
186.79.80.199 - - [01/Mar/2017:12:24:27 -0300] "GET /cormun/servlet/trsolicitudadjuntos?2017,4960, HTTP/1.1" 200 8808
200.111.191.210 - - [01/Mar/2017:12:24:29 -0300] "GET /cormun/servlet/trsolicitudot? HTTP/1.1" 200 6661
186.79.80.199 - - [01/Mar/2017:12:24:29 -0300] "GET /cormun/servlet/trsolicitudadjuntos?2017,4960, HTTP/1.1" 200 8804
200.111.191.210 - - [01/Mar/2017:12:24:29 -0300] "GET /cormun/servlet/trsolicitudot? HTTP/1.1" 200 6661
200.111.191.210 - - [01/Mar/2017:12:24:31 -0300] "GET /cormun/servlet/solicitudot?INS,0,0, HTTP/1.1" 200 12524
200.111.191.210 - - [01/Mar/2017:12:24:31 -0300] "GET /cormun/static/gxcfg.js?20171191042720 HTTP/1.1" 200 953
200.111.191.210 - - [01/Mar/2017:12:24:31 -0300] "GET /cormun/static/solicitudot.js?2017119104297 HTTP/1.1" 200 63948
200.111.191.210 - - [01/Mar/2017:12:24:32 -0300] "GET /cormun/servlet/solicitudot?INS,0,0, HTTP/1.1" 200 12529
186.79.80.199 - - [01/Mar/2017:12:24:32 -0300] "GET /cormun/servlet/solicitudotadjuntos?INS,2017,4960,,1, HTTP/1.1" 200 6017
186.79.80.199 - - [01/Mar/2017:12:24:34 -0300] "GET /cormun/static/about:blank HTTP/1.1" 404 1011
186.79.80.199 - - [01/Mar/2017:12:24:35 -0300] "GET /cormun/servlet/solicitudotadjuntos?INS,2017,4960,,1, HTTP/1.1" 200 6010
186.79.80.199 - - [01/Mar/2017:12:24:36 -0300] "GET /cormun/servlet/solicitudotadjuntos?69ae52d0aa5ba2261b239e07ba0a6529b7939fcf28ff6348b697d88470ab6a323a3834ed044ea0f20febdb7c598839fb,gx-no-cache=1488381948691 HTTP/1.1" 200 30
186.79.80.199 - - [01/Mar/2017:12:24:36 -0300] "POST /cormun/servlet/solicitudotadjuntos?479176e3841a295cc126dea539e7ef41,INS,2017,4960,,1,,gx-no-cache=1488381949085 HTTP/1.1" 200 3830
186.79.80.199 - - [01/Mar/2017:12:24:40 -0300] "POST /cormun/servlet/solicitudotadjuntos?gx-no-cache=1488381953173 HTTP/1.1" 200 26
200.54.247.69 - - [01/Mar/2017:12:24:41 -0300] "POST /cormun/servlet/hlogin?c8e64c0396bb01d9d20f2a53ba6a3aba,gx-no-cache=1488381951910 HTTP/1.1" 200 90
200.54.247.69 - - [01/Mar/2017:12:24:41 -0300] "GET /cormun/servlet/hpexe_link HTTP/1.1" 200 960
200.54.247.69 - - [01/Mar/2017:12:24:41 -0300] "GET /cormun/servlet/hhome HTTP/1.1" 200 3985
200.111.191.210 - - [01/Mar/2017:12:24:42 -0300] "POST /cormun/servlet/solicitudot?gx-no-cache=1488385470156 HTTP/1.1" 200 3081
200.111.191.210 - - [01/Mar/2017:12:24:42 -0300] "POST /cormun/servlet/solicitudot?6afc504e47bd01e5e8e09df0d1ea132b,INS,0,0,,gx-no-cache=1488385470313 HTTP/1.1" 200 9676
200.111.191.210 - - [01/Mar/2017:12:24:44 -0300] "GET /cormun/servlet/solicitudot?fef2c3dfe31fc906350a36a0dd3616060373525b6184bd501c3f3561cfa18aaf9907256e69fb300041627858f08696a6,gx-no-cache=1488385472401 HTTP/1.1" 200 30
186.79.80.199 - - [01/Mar/2017:12:24:47 -0300] "GET /cormun/servlet/solicitudotadjuntos?69ae52d0aa5ba2261b239e07ba0a65299861a31dce86edf4f3ee744e40c9494a,gx-no-cache=1488381959863 HTTP/1.1" 200 30
186.79.80.199 - - [01/Mar/2017:12:24:47 -0300] "GET /cormun/servlet/solicitudotadjuntos?69ae52d0aa5ba2261b239e07ba0a65299861a31dce86edf4f3ee744e40c9494a,gx-no-cache=1488381960540 HTTP/1.1" 200 30
186.79.80.199 - - [01/Mar/2017:12:24:59 -0300] "POST /cormun/servlet/solicitudotadjuntos?479176e3841a295cc126dea539e7ef41,INS,2017,4960,,1, HTTP/1.1" 200 116
186.79.80.199 - - [01/Mar/2017:12:25:00 -0300] "GET /cormun/servlet/hpexe_return? HTTP/1.1" 200 1027
186.79.80.199 - - [01/Mar/2017:12:25:01 -0300] "GET /cormun/servlet/trsolicitudadjuntos?2017,4960, HTTP/1.1" 200 9007
186.79.80.199 - - [01/Mar/2017:12:25:02 -0300] "GET /cormun/servlet/trsolicitudadjuntos?2017,4960, HTTP/1.1" 200 9004
200.54.247.69 - - [01/Mar/2017:12:25:10 -0300] "GET /cormun/servlet/trsolicitudot? HTTP/1.1" 200 6958
200.54.247.69 - - [01/Mar/2017:12:25:16 -0300] "GET /cormun/servlet/solicitudot?INS,0,0, HTTP/1.1" 200 12781
186.79.80.199 - - [01/Mar/2017:12:25:30 -0300] "GET /cormun/servlet/trsolicitudot? HTTP/1.1" 200 8213
186.79.80.199 - - [01/Mar/2017:12:25:32 -0300] "GET /cormun/servlet/trsolicitudot? HTTP/1.1" 200 8188
186.79.80.199 - - [01/Mar/2017:12:25:36 -0300] "POST /cormun/servlet/trsolicitudot?479176e3841a295cc126dea539e7ef41,,gx-no-cache=1488382008147 HTTP/1.1" 200 4351
186.79.80.199 - - [01/Mar/2017:12:25:36 -0300] "POST /cormun/servlet/trsolicitudot?479176e3841a295cc126dea539e7ef41,,gx-no-cache=1488382009127 HTTP/1.1" 200 4137
200.54.247.69 - - [01/Mar/2017:12:25:37 -0300] "GET /cormun/servlet/prfichaempleado?,MD,,gxPopupLevel%3D0%3B HTTP/1.1" 200 8852
186.79.80.199 - - [01/Mar/2017:12:25:39 -0300] "GET /cormun/servlet/trautorizarsolicitud? HTTP/1.1" 200 8132
186.79.16.23 - - [01/Mar/2017:12:25:40 -0300] "GET /cormun/servlet/solicitudotadjuntos?c909dfd761e0991633dddcb21d07aff48c5d14643c9b5b922c20826ddeea4b17,gx-no-cache=1488382011442 HTTP/1.1" 200 30
186.79.16.23 - - [01/Mar/2017:12:25:40 -0300] "GET /cormun/servlet/solicitudotadjuntos?c909dfd761e0991633dddcb21d07aff48c5d14643c9b5b922c20826ddeea4b17,gx-no-cache=1488382011550 HTTP/1.1" 200 30
186.79.16.23 - - [01/Mar/2017:12:25:42 -0300] "POST /cormun/servlet/solicitudotadjuntos?767e66286bbf99994442236e53c5f92a,INS,2017,4958,,2, HTTP/1.1" 200 116
186.79.16.23 - - [01/Mar/2017:12:25:42 -0300] "GET /cormun/servlet/hpexe_return? HTTP/1.1" 200 1024
186.79.16.23 - - [01/Mar/2017:12:25:42 -0300] "GET /cormun/servlet/trsolicitudadjuntos?2017,4958, HTTP/1.1" 200 9159
186.79.16.23 - - [01/Mar/2017:12:25:43 -0300] "GET /cormun/servlet/trsolicitudadjuntos?2017,4958, HTTP/1.1" 200 9156
186.79.16.23 - - [01/Mar/2017:12:25:53 -0300] "GET /cormun/servlet/solicitudotadjuntos?INS,2017,4958,,2, HTTP/1.1" 200 5828
186.79.16.23 - - [01/Mar/2017:12:25:53 -0300] "GET /cormun/static/about:blank HTTP/1.1" 404 1011
186.79.16.23 - - [01/Mar/2017:12:25:54 -0300] "GET /cormun/servlet/solicitudotadjuntos?INS,2017,4958,,2, HTTP/1.1" 200 5822
186.79.80.199 - - [01/Mar/2017:12:25:54 -0300] "GET /cormun/servlet/trautorizarsolicitud? HTTP/1.1" 200 8132
186.79.16.23 - - [01/Mar/2017:12:25:54 -0300] "GET /cormun/servlet/solicitudotadjuntos?c909dfd761e0991633dddcb21d07aff488daf1a8b21f08608b060993a653f8c1f40ac61bfb329144f13894af5776fa9a,gx-no-cache=1488382025472 HTTP/1.1" 200 30
186.79.16.23 - - [01/Mar/2017:12:25:54 -0300] "POST /cormun/servlet/solicitudotadjuntos?767e66286bbf99994442236e53c5f92a,INS,2017,4958,,2,,gx-no-cache=1488382025566 HTTP/1.1" 200 3828
200.54.247.69 - - [01/Mar/2017:12:25:55 -0300] "POST /cormun/servlet/prfichaempleado?c8e64c0396bb01d9d20f2a53ba6a3aba,,MD,,gxPopupLevel%3D0%3B,gx-no-cache=1488382026106 HTTP/1.1" 200 3418
186.79.80.199 - - [01/Mar/2017:12:25:57 -0300] "POST /cormun/servlet/trautorizarsolicitud?479176e3841a295cc126dea539e7ef41,,gx-no-cache=1488382029438 HTTP/1.1" 200 4312
186.79.80.199 - - [01/Mar/2017:12:26:00 -0300] "POST /cormun/servlet/trautorizarsolicitud?479176e3841a295cc126dea539e7ef41,,gx-no-cache=1488382032562 HTTP/1.1" 200 4098
200.86.95.220 - - [01/Mar/2017:12:26:10 -0300] "GET /cormun/servlet/hlogin HTTP/1.1" 200 1726
200.54.247.69 - - [01/Mar/2017:12:26:13 -0300] "GET /cormun/servlet/prfichaempleado?,MD,,gxPopupLevel%3D0%3B HTTP/1.1" 200 8852
186.103.156.211 - - [01/Mar/2017:12:26:18 -0300] "POST /cormun/servlet/trlicencias?184ec44145d743535977557df831d605,,gx-no-cache=1488382255297 HTTP/1.1" 200 90
186.103.156.211 - - [01/Mar/2017:12:26:18 -0300] "GET /cormun/servlet/hpexe_link HTTP/1.1" 200 968
186.103.156.211 - - [01/Mar/2017:12:26:18 -0300] "GET /cormun/servlet/trvisualizadoreventos HTTP/1.1" 200 6424
186.103.156.211 - - [01/Mar/2017:12:26:19 -0300] "GET /cormun/servlet/trvisualizadoreventos HTTP/1.1" 200 6422
200.86.95.220 - - [01/Mar/2017:12:26:20 -0300] "POST /cormun/servlet/hlogin?9257d87e831697487fe0b0baa7e3d505,gx-no-cache=1488382053309 HTTP/1.1" 200 90
200.86.95.220 - - [01/Mar/2017:12:26:20 -0300] "GET /cormun/servlet/hpexe_link HTTP/1.1" 200 958
200.86.95.220 - - [01/Mar/2017:12:26:20 -0300] "GET /cormun/servlet/hhome HTTP/1.1" 200 3934
200.86.95.220 - - [01/Mar/2017:12:26:22 -0300] "GET /cormun/servlet/hhome HTTP/1.1" 200 3930
200.86.95.220 - - [01/Mar/2017:12:26:22 -0300] "GET /cormun/static/SmoothNavMenu/resources/images/right.gif HTTP/1.1" 200 860
200.86.95.220 - - [01/Mar/2017:12:26:26 -0300] "GET /cormun/servlet/trautorizarsolicitud? HTTP/1.1" 200 8474
200.86.95.220 - - [01/Mar/2017:12:26:26 -0300] "GET /cormun/static/gxcfg.js?2017259112829 HTTP/1.1" 200 953
200.86.95.220 - - [01/Mar/2017:12:26:27 -0300] "GET /cormun/servlet/trautorizarsolicitud? HTTP/1.1" 200 8474
200.54.247.69 - - [01/Mar/2017:12:26:30 -0300] "POST /cormun/servlet/prfichaempleado?c8e64c0396bb01d9d20f2a53ba6a3aba,,MD,,gxPopupLevel%3D0%3B,gx-no-cache=1488382061335 HTTP/1.1" 200 3417
186.79.16.23 - - [01/Mar/2017:12:26:31 -0300] "POST /cormun/servlet/solicitudotadjuntos?gx-no-cache=1488382061801 HTTP/1.1" 200 26
200.54.247.69 - - [01/Mar/2017:12:26:42 -0300] "POST /cormun/servlet/solicitudot?gx-no-cache=1488382072836 HTTP/1.1" 200 3186
186.103.156.211 - - [01/Mar/2017:12:26:42 -0300] "GET /cormun/servlet/trvisualizadoreventos? HTTP/1.1" 200 6422
200.54.247.69 - - [01/Mar/2017:12:26:42 -0300] "POST /cormun/servlet/solicitudot?c8e64c0396bb01d9d20f2a53ba6a3aba,INS,0,0,,gx-no-cache=1488382073063 HTTP/1.1" 200 9967
186.103.156.211 - - [01/Mar/2017:12:26:43 -0300] "GET /cormun/servlet/trvisualizadoreventos? HTTP/1.1" 200 6422
186.79.16.23 - - [01/Mar/2017:12:26:45 -0300] "GET /cormun/servlet/solicitudotadjuntos?c909dfd761e0991633dddcb21d07aff48c5d14643c9b5b922c20826ddeea4b17,gx-no-cache=1488382076285 HTTP/1.1" 200 30
186.79.16.23 - - [01/Mar/2017:12:26:45 -0300] "GET /cormun/servlet/solicitudotadjuntos?c909dfd761e0991633dddcb21d07aff48c5d14643c9b5b922c20826ddeea4b17,gx-no-cache=1488382076375 HTTP/1.1" 200 30
186.79.16.23 - - [01/Mar/2017:12:26:47 -0300] "POST /cormun/servlet/solicitudotadjuntos?767e66286bbf99994442236e53c5f92a,INS,2017,4958,,2, HTTP/1.1" 200 116
186.79.16.23 - - [01/Mar/2017:12:26:47 -0300] "GET /cormun/servlet/hpexe_return? HTTP/1.1" 200 1024
186.79.16.23 - - [01/Mar/2017:12:26:47 -0300] "GET /cormun/servlet/trsolicitudadjuntos?2017,4958, HTTP/1.1" 200 9291
186.79.16.23 - - [01/Mar/2017:12:26:48 -0300] "GET /cormun/servlet/trsolicitudadjuntos?2017,4958, HTTP/1.1" 200 9293
186.79.16.23 - - [01/Mar/2017:12:26:52 -0300] "POST /cormun/servlet/trsolicitudadjuntos?767e66286bbf99994442236e53c5f92a,2017,4958,,gx-no-cache=1488382082984 HTTP/1.1" 200 90
186.79.16.23 - - [01/Mar/2017:12:26:52 -0300] "GET /cormun/servlet/hpexe_link HTTP/1.1" 200 969
186.79.16.23 - - [01/Mar/2017:12:26:52 -0300] "GET /cormun/servlet/trsolicitudot HTTP/1.1" 200 9554
200.54.247.69 - - [01/Mar/2017:12:26:52 -0300] "GET /cormun/servlet/solicitudot?e4fefb12e460ea6bfa75011b2b6cdf59790fb80632e8de328df5a5e0489aacb3646ecf5c8a8c0a101e63a48118ed4712,gx-no-cache=1488382083530 HTTP/1.1" 200 30
186.79.16.23 - - [01/Mar/2017:12:26:53 -0300] "GET /cormun/servlet/trsolicitudot HTTP/1.1" 200 9552
186.79.80.199 - - [01/Mar/2017:12:27:01 -0300] "GET /cormun/servlet/trsolicitudot? HTTP/1.1" 200 6956
186.79.80.199 - - [01/Mar/2017:12:27:04 -0300] "GET /cormun/servlet/trsolicitudot? HTTP/1.1" 200 6956
200.86.95.220 - - [01/Mar/2017:12:27:18 -0300] "POST /cormun/servlet/trautorizarsolicitud?9257d87e831697487fe0b0baa7e3d505,,gx-no-cache=1488382111330 HTTP/1.1" 200 5464
200.86.95.220 - - [01/Mar/2017:12:27:19 -0300] "GET /cormun/static/Shared/jqueryui/images/ui-bg_highlight-soft_100_c6c2c8_1x100.png HTTP/1.1" 404 1117
200.86.95.220 - - [01/Mar/2017:12:27:19 -0300] "GET /cormun/static/Shared/jqueryui/images/ui-icons_82798d_256x240.png HTTP/1.1" 404 1089
200.86.95.220 - - [01/Mar/2017:12:27:19 -0300] "GET /cormun/static/Shared/jqueryui/images/ui-bg_flat_55_fafafa_40x100.png HTTP/1.1" 404 1097
200.86.95.220 - - [01/Mar/2017:12:27:19 -0300] "GET /cormun/static/Shared/jqueryui/images/ui-icons_8d78a5_256x240.png HTTP/1.1" 404 1089
200.86.95.220 - - [01/Mar/2017:12:27:19 -0300] "POST /cormun/servlet/trautorizarsolicitud?9257d87e831697487fe0b0baa7e3d505,,gx-no-cache=1488382111947 HTTP/1.1" 200 5409
186.103.156.211 - - [01/Mar/2017:12:27:21 -0300] "GET /cormun/servlet/trvisualizadoreventos? HTTP/1.1" 200 6422
186.103.156.211 - - [01/Mar/2017:12:27:21 -0300] "GET /cormun/servlet/trvisualizadoreventos? HTTP/1.1" 200 6422
200.111.191.210 - - [01/Mar/2017:12:27:26 -0300] "POST /cormun/servlet/solicitudot?gx-no-cache=1488385633638 HTTP/1.1" 200 297
200.86.95.220 - - [01/Mar/2017:12:27:27 -0300] "POST /cormun/servlet/trautorizarsolicitud?9257d87e831697487fe0b0baa7e3d505,,gx-no-cache=1488382120324 HTTP/1.1" 200 4328
200.111.191.210 - - [01/Mar/2017:12:27:27 -0300] "GET /cormun/servlet/solicitudot?fef2c3dfe31fc906350a36a0dd361606b8d3350dc7b977c06374701e9f9eefe4808091a4546da933061d44d120dbffa6aec0e1673abd2ad84dbfd06e902a62b5b5fcd079932ebb6df325de573acf53c3ac6045e1a063043b114ca2a2e81c287959bb9ac61c575452dbf2861a0d7dfe1512976c2be94fe02f7b098ad4537e5248e55d1da1a11e6ccfe04ccc2820eb05a994b6acbf119f94af97ba35124c6c6e98f4fab880320ee4162429c2cb8d0f7934e303e48aa8c13e841de5db50e233f94f5adbff9238d01101c000003f392b149a176b79cba17915ebff593f00fc7e9eac5b992b495063b1351892233a7c35cde7e95968597155fe68d1d67d1218e291ed3b1ec5d0ec3bc3a83f5682a71567fee6ac05a9da9a2d7731bb9b80da880d6c088da8c529a4c093d6ee4a5747c1f2b3073bdee7d056e61f54461b74d40f79704362541f564b8ee4b8b1e73beeb67ff19e3b7abb5676afffa4ac18ef5bc0313d81efd2442339f0301c1ea609c9714b4ca51fdc727652e8d4750e7734e8560edb8798d73531e5a78ef7c45593307837b613,gx-no-cache=1488385635282 HTTP/1.1" 200 30
200.86.95.220 - - [01/Mar/2017:12:27:27 -0300] "POST /cormun/servlet/trautorizarsolicitud?9257d87e831697487fe0b0baa7e3d505,,gx-no-cache=1488382120599 HTTP/1.1" 200 4098
186.79.16.23 - - [01/Mar/2017:12:27:33 -0300] "GET /cormun/servlet/solicitudot?INS,0,0, HTTP/1.1" 200 12598
186.79.16.23 - - [01/Mar/2017:12:27:34 -0300] "GET /cormun/servlet/solicitudot?INS,0,0, HTTP/1.1" 200 12603
200.86.95.220 - - [01/Mar/2017:12:27:35 -0300] "GET /cormun/servlet/hlogin HTTP/1.1" 200 1726
186.79.80.199 - - [01/Mar/2017:12:27:39 -0300] "GET /cormun/servlet/solicitudot?INS,0,0, HTTP/1.1" 200 12776
186.103.156.211 - - [01/Mar/2017:12:27:40 -0300] "GET /cormun/servlet/trvisualizadoreventos? HTTP/1.1" 200 6422
186.103.156.211 - - [01/Mar/2017:12:27:41 -0300] "GET /cormun/servlet/trvisualizadoreventos? HTTP/1.1" 200 6422
186.79.80.199 - - [01/Mar/2017:12:27:41 -0300] "GET /cormun/servlet/solicitudot?INS,0,0, HTTP/1.1" 200 12781
200.111.191.210 - - [01/Mar/2017:12:27:44 -0300] "POST /cormun/servlet/solicitudot?gx-no-cache=1488385652092 HTTP/1.1" 200 30
186.103.156.211 - - [01/Mar/2017:12:27:52 -0300] "GET /cormun/Manuales/ManualContratos.pdf HTTP/1.1" 200 629147
192.168.10.89 - - [01/Mar/2017:12:28:01 -0300] "POST /cormun/servlet/licenciasgenerales?837e75ca32b67095435f9dd5be027a86,DSP,103925680,L,20170301000000,,gx-no-cache=1488385367838 HTTP/1.1" 200 93
192.168.10.89 - - [01/Mar/2017:12:28:01 -0300] "GET /cormun/servlet/hpexe_return? HTTP/1.1" 200 1028
192.168.10.89 - - [01/Mar/2017:12:28:02 -0300] "GET /cormun/servlet/trlicenciasgenerales? HTTP/1.1" 200 10014
192.168.10.89 - - [01/Mar/2017:12:28:08 -0300] "GET /cormun/servlet/trsolicitudgral? HTTP/1.1" 200 10273
186.103.156.211 - - [01/Mar/2017:12:28:21 -0300] "GET /cormun/servlet/trvisualizadoreventos? HTTP/1.1" 200 6422
186.103.156.211 - - [01/Mar/2017:12:28:22 -0300] "GET /cormun/servlet/trvisualizadoreventos? HTTP/1.1" 200 6422
186.79.80.199 - - [01/Mar/2017:12:28:27 -0300] "POST /cormun/servlet/solicitudot?gx-no-cache=1488382179383 HTTP/1.1" 200 3247
186.79.80.199 - - [01/Mar/2017:12:28:27 -0300] "GET /cormun/static/Shared/jqueryui/images/ui-bg_flat_55_994d53_40x100.png HTTP/1.1" 404 1097
186.79.80.199 - - [01/Mar/2017:12:28:27 -0300] "GET /cormun/static/Shared/jqueryui/images/ui-icons_ebccce_256x240.png HTTP/1.1" 404 1089
200.111.191.210 - - [01/Mar/2017:12:28:42 -0300] "POST /cormun/servlet/solicitudot?gx-no-cache=1488385710240 HTTP/1.1" 200 30
200.111.191.210 - - [01/Mar/2017:12:28:44 -0300] "GET /cormun/static/Resources/resize.gif HTTP/1.1" 200 77
186.103.156.211 - - [01/Mar/2017:12:28:49 -0300] "GET /cormun/servlet/trvisualizadoreventos? HTTP/1.1" 200 6422
186.103.156.211 - - [01/Mar/2017:12:28:50 -0300] "GET /cormun/servlet/trvisualizadoreventos? HTTP/1.1" 200 6422
186.79.80.199 - - [01/Mar/2017:12:28:50 -0300] "POST /cormun/servlet/solicitudot?479176e3841a295cc126dea539e7ef41,INS,0,0,,gx-no-cache=1488382202407 HTTP/1.1" 200 93
186.79.80.199 - - [01/Mar/2017:12:28:51 -0300] "GET /cormun/servlet/hpexe_return? HTTP/1.1" 200 1008
186.79.80.199 - - [01/Mar/2017:12:28:51 -0300] "GET /cormun/servlet/trsolicitudot HTTP/1.1" 200 6959
200.111.191.210 - - [01/Mar/2017:12:28:51 -0300] "GET /cormun/servlet/prfichaempleado?,MD,,gxPopupLevel%3D0%3B HTTP/1.1" 200 8790
200.111.191.210 - - [01/Mar/2017:12:28:51 -0300] "GET /cormun/static/gxcfg.js?2016102420561687 HTTP/1.1" 200 953
200.111.191.210 - - [01/Mar/2017:12:28:51 -0300] "GET /cormun/static/hmpwkw011.js?201612218515582 HTTP/1.1" 200 1968
200.111.191.210 - - [01/Mar/2017:12:28:51 -0300] "GET /cormun/static/prfichaempleado.js?201610242056198 HTTP/1.1" 200 16015
200.111.191.210 - - [01/Mar/2017:12:28:51 -0300] "GET /cormun/static/Resources/PXToolsMenuSearch.png HTTP/1.1" 200 2914
200.111.191.210 - - [01/Mar/2017:12:28:51 -0300] "GET /cormun/static/menusearch.js?201610171694467 HTTP/1.1" 200 1424
200.111.191.210 - - [01/Mar/2017:12:28:51 -0300] "GET /cormun/static/Resources/PXToolsMenuSearchCancel.png HTTP/1.1" 200 2972
186.79.16.23 - - [01/Mar/2017:12:28:52 -0300] "POST /cormun/servlet/solicitudot?gx-no-cache=1488382202945 HTTP/1.1" 200 3081
186.79.16.23 - - [01/Mar/2017:12:28:52 -0300] "POST /cormun/servlet/solicitudot?767e66286bbf99994442236e53c5f92a,INS,0,0,,gx-no-cache=1488382203347 HTTP/1.1" 200 9671
186.79.80.199 - - [01/Mar/2017:12:28:53 -0300] "GET /cormun/servlet/trsolicitudot HTTP/1.1" 200 6956
