190.101.9.138 - - [01/Mar/2017:10:27:52 -0300] "GET /cormun/static/Resources/PXToolsMenuSearchCancel.png HTTP/1.1" 200 2972
190.101.9.138 - - [01/Mar/2017:10:27:52 -0300] "GET /cormun/static/hmpwkw011.js?201612218515582 HTTP/1.1" 200 1968
200.112.5.202 - - [01/Mar/2017:10:27:52 -0300] "GET /cormun/PublicTempStorage/l._medica_laura_tello948759.jpg HTTP/1.1" 200 469247
190.101.9.138 - - [01/Mar/2017:10:27:54 -0300] "POST /cormun/servlet/solicitudot?gx-no-cache=1488374945509 HTTP/1.1" 200 1372
186.103.159.188 - - [01/Mar/2017:10:27:55 -0300] "GET /cormun/static/Shared/jqueryui/images/ui-bg_flat_55_994d53_40x100.png HTTP/1.1" 404 1097
190.101.9.138 - - [01/Mar/2017:10:27:55 -0300] "GET /cormun/static/Shared/jqueryui/images/ui-bg_highlight-soft_100_c6c2c8_1x100.png HTTP/1.1" 404 1117
190.101.9.138 - - [01/Mar/2017:10:27:55 -0300] "GET /cormun/static/Shared/jqueryui/images/ui-icons_82798d_256x240.png HTTP/1.1" 404 1089
190.101.9.138 - - [01/Mar/2017:10:27:55 -0300] "GET /cormun/static/Shared/jqueryui/images/ui-icons_ebccce_256x240.png HTTP/1.1" 404 1089
186.103.159.188 - - [01/Mar/2017:10:27:55 -0300] "POST /cormun/servlet/solicitudot?gx-no-cache=1488374945634 HTTP/1.1" 200 121
186.103.159.188 - - [01/Mar/2017:10:27:55 -0300] "POST /cormun/servlet/solicitudot?gx-no-cache=1488374945681 HTTP/1.1" 200 1274
190.101.9.138 - - [01/Mar/2017:10:27:55 -0300] "POST /cormun/servlet/solicitudot?gx-no-cache=1488374945743 HTTP/1.1" 200 1158
190.101.9.138 - - [01/Mar/2017:10:27:57 -0300] "GET /cormun/servlet/prsolicitudot?10798657,,,,,MD,,gxPopupLevel%3D0%3B HTTP/1.1" 200 5606
190.101.9.138 - - [01/Mar/2017:10:27:57 -0300] "GET /cormun/static/gxcfg.js?20161221854215 HTTP/1.1" 200 953
190.101.9.138 - - [01/Mar/2017:10:27:58 -0300] "GET /cormun/static/prsolicitudot.js?201612218542259 HTTP/1.1" 200 13680
200.112.5.202 - - [01/Mar/2017:10:28:02 -0300] "POST /cormun/servlet/trlicenciaspermisosadjuntos?9c62a0bad348a028b0386174ce44caa1,11554288,20170301000000,L,,gx-no-cache=1488374956013 HTTP/1.1" 200 90
200.112.5.202 - - [01/Mar/2017:10:28:02 -0300] "GET /cormun/servlet/hpexe_link HTTP/1.1" 200 987
200.112.5.202 - - [01/Mar/2017:10:28:03 -0300] "GET /cormun/servlet/trlicencias HTTP/1.1" 200 7987
200.112.5.202 - - [01/Mar/2017:10:28:04 -0300] "GET /cormun/servlet/trlicencias HTTP/1.1" 200 7985
200.112.5.202 - - [01/Mar/2017:10:28:14 -0300] "POST /cormun/servlet/trlicencias?9c62a0bad348a028b0386174ce44caa1,gx-no-cache=1488374967087 HTTP/1.1" 200 4225
200.112.5.202 - - [01/Mar/2017:10:28:14 -0300] "GET /cormun/static/Shared/jqueryui/images/ui-bg_highlight-soft_100_c6c2c8_1x100.png HTTP/1.1" 404 1117
200.112.5.202 - - [01/Mar/2017:10:28:14 -0300] "GET /cormun/static/Shared/jqueryui/images/ui-icons_82798d_256x240.png HTTP/1.1" 404 1089
200.112.5.202 - - [01/Mar/2017:10:28:14 -0300] "GET /cormun/static/Shared/jqueryui/images/ui-bg_flat_55_fafafa_40x100.png HTTP/1.1" 404 1097
200.112.5.202 - - [01/Mar/2017:10:28:14 -0300] "GET /cormun/static/Shared/jqueryui/images/ui-icons_8d78a5_256x240.png HTTP/1.1" 404 1089
186.79.16.23 - - [01/Mar/2017:10:28:40 -0300] "POST /cormun/servlet/solicitudot?gx-no-cache=1488374991381 HTTP/1.1" 200 240
200.111.191.210 - - [01/Mar/2017:10:28:55 -0300] "GET /cormun/servlet/licenciaspermisos?571ce32b461604491f318e3d26ddfc27be5b04e36d11399922fe94f8d95c3dc62ba73debea57931ffccbd9c82c398e56285bfb2f37fa81746e5323908babad7bb88d84c4ac92cd3f9a92d7ed39a51e625b84dcad12f50869ca04d6a6096cd36e597538483aa0392e67cb048a6326d6fb43521db966bb9dec7c8760ea1d9286543924c561c505f25d12788524114e9d9c7326b949ba87d73b68aef69211f99d5345e1ab7059342df7d3ed91526bf25465391bd0c7fadc7b7ac1db3b4369abcbfc3b2c15798fca5443da27b1d823aa104d4b86adf8554b895b342b84712a516747,gx-no-cache=1488378523040 HTTP/1.1" 200 30
200.111.191.210 - - [01/Mar/2017:10:28:55 -0300] "GET /cormun/servlet/licenciaspermisos?571ce32b461604491f318e3d26ddfc27e7ec6aed402ceb591b3d32a5555591921920f6202a3080ae1ad5cce92033fecfbd58f0174a53a184c568098c4031733ab3ffdbded0bce22a165a3c025f0c61f92036e0f2e4a9febce912b1cf684692a5884bf109a06c431c02e510818de2ebcba57e7543db435d02fd430dd6c86107d6d8252afc099dc4ef657fb9183de91c7cf1a13b5f61d1ca9d89349353aa765f7deddce0f45fb58d35f69366e7ac25fa36f830e0f918604dae1098b7d09848447d06558fec3b094955ae38d07e1aac2b7327bb0f4a73198194829f76a1f3574a4b,gx-no-cache=1488378523123 HTTP/1.1" 200 29
200.111.191.210 - - [01/Mar/2017:10:28:55 -0300] "POST /cormun/servlet/licenciaspermisos?ce77d175b795b5fd9e2a035d2968064a,INS,0,,,,gx-no-cache=1488378523189 HTTP/1.1" 500 10
186.79.16.23 - - [01/Mar/2017:10:29:22 -0300] "GET /cormun/servlet/solicitudot?c909dfd761e0991633dddcb21d07aff420a34c95b84c41dc66749ab9f30a521b3dd7c86146876f873a3c112f9dd26e590736f67adf7e43886aaad92b08416a430d0f7fcc2666a6994139d2e264d721b10c3ca6165ca8ecb42bf59f53f0bfc83a1bf9af00dc425af6758b7eaa86ecba996aed86eed9c917dedadf3c1339a33c5214cefbba015bfe7029050eb65c713e305d0c23bf4a2e35e5d54c6ae9f446decfa8a2666e617d9317be47cb97b56f0747835a1ac51fd1f7e30fdf35bfa6e173119b9d9229e9a080d9316db3d21e52ee32b28a0997dc34011a071ba9edb5b817aed317a8c67ff8c5ee2a12bda9e242a29e9cc4b32588888902aa6029597aed18ca97ead86170a324f0138df11f1d088df2098180b3a1eb5d003e611446342f860258e72c0ae6f3642f1167ca4356263e47d6e7f870c435fd6b5271b47019b25575f6642ff09f9eb838b3faddbda9a2efe941402d92e2b9cf510b299bf1fdfd4f5456ab5a7873657841b91753c1c014cbe1f0aa4d856c03cd387b69506f1a1158fe,gx-no-cache=1488375032716 HTTP/1.1" 200 30
186.79.16.23 - - [01/Mar/2017:10:29:23 -0300] "POST /cormun/servlet/solicitudot?gx-no-cache=1488375034612 HTTP/1.1" 200 30
186.79.16.23 - - [01/Mar/2017:10:29:41 -0300] "POST /cormun/servlet/solicitudot?gx-no-cache=1488375051946 HTTP/1.1" 200 1291
186.79.16.23 - - [01/Mar/2017:10:29:47 -0300] "GET /cormun/static/menuarrow.gif HTTP/1.1" 404 1015
186.103.157.42 - - [01/Mar/2017:10:30:26 -0300] "POST /cormun/servlet/trautorizarsolicitud?c0e05eb25b4d571ed59389845dd2c743,,gx-no-cache=1488375100592 HTTP/1.1" 440 972
186.79.16.23 - - [01/Mar/2017:10:30:26 -0300] "POST /cormun/servlet/solicitudot?gx-no-cache=1488375096685 HTTP/1.1" 200 41
186.103.157.42 - - [01/Mar/2017:10:30:27 -0300] "GET /cormun/servlet/trautorizarsolicitud? HTTP/1.1" 200 5981
186.103.157.42 - - [01/Mar/2017:10:30:28 -0300] "GET /cormun/servlet/trautorizarsolicitud? HTTP/1.1" 200 5981
186.103.157.42 - - [01/Mar/2017:10:30:28 -0300] "GET /cormun/servlet/hlogin HTTP/1.1" 200 1742
186.103.157.42 - - [01/Mar/2017:10:30:30 -0300] "POST /cormun/servlet/hlogin?0dcaa09e8f47ba3ddcd3c37a4f501467,gx-no-cache=1488375104588 HTTP/1.1" 200 90
186.103.157.42 - - [01/Mar/2017:10:30:30 -0300] "GET /cormun/servlet/hpexe_link HTTP/1.1" 200 967
186.103.157.42 - - [01/Mar/2017:10:30:30 -0300] "GET /cormun/servlet/trautorizarsolicitud HTTP/1.1" 200 6790
186.103.157.42 - - [01/Mar/2017:10:30:31 -0300] "GET /cormun/servlet/trautorizarsolicitud HTTP/1.1" 200 6789
186.103.157.42 - - [01/Mar/2017:10:30:43 -0300] "POST /cormun/servlet/trautorizarsolicitud?0dcaa09e8f47ba3ddcd3c37a4f501467,gx-no-cache=1488375118108 HTTP/1.1" 200 3855
186.103.157.42 - - [01/Mar/2017:10:30:46 -0300] "GET /cormun/static/menuarrow.gif HTTP/1.1" 404 1015
186.103.157.42 - - [01/Mar/2017:10:30:49 -0300] "POST /cormun/servlet/trautorizarsolicitud?0dcaa09e8f47ba3ddcd3c37a4f501467,gx-no-cache=1488375123849 HTTP/1.1" 200 3855
190.101.9.138 - - [01/Mar/2017:10:30:52 -0300] "GET /cormun/servlet/prsolicitudot?10798657,,,,,MD,,gxPopupLevel%3D0%3B HTTP/1.1" 200 5606
186.103.157.42 - - [01/Mar/2017:10:30:52 -0300] "POST /cormun/servlet/trautorizarsolicitud?0dcaa09e8f47ba3ddcd3c37a4f501467,gx-no-cache=1488375127408 HTTP/1.1" 200 5594
190.101.9.138 - - [01/Mar/2017:10:31:01 -0300] "POST /cormun/servlet/solicitudot?gx-no-cache=1488375132266 HTTP/1.1" 200 30
190.101.9.138 - - [01/Mar/2017:10:31:01 -0300] "POST /cormun/servlet/solicitudot?gx-no-cache=1488375132313 HTTP/1.1" 200 1372
190.101.9.138 - - [01/Mar/2017:10:31:01 -0300] "POST /cormun/servlet/solicitudot?gx-no-cache=1488375132438 HTTP/1.1" 200 121
190.101.9.138 - - [01/Mar/2017:10:31:01 -0300] "POST /cormun/servlet/solicitudot?gx-no-cache=1488375132516 HTTP/1.1" 200 1274
190.101.9.138 - - [01/Mar/2017:10:31:02 -0300] "POST /cormun/servlet/solicitudot?gx-no-cache=1488375132594 HTTP/1.1" 200 1158
190.101.9.138 - - [01/Mar/2017:10:31:20 -0300] "POST /cormun/servlet/solicitudot?gx-no-cache=1488375151392 HTTP/1.1" 200 30
192.168.10.89 - - [01/Mar/2017:10:31:25 -0300] "GET /cormun/servlet/hlogin HTTP/1.1" 200 1744
192.168.10.89 - - [01/Mar/2017:10:31:33 -0300] "POST /cormun/servlet/hlogin?837e75ca32b67095435f9dd5be027a86,gx-no-cache=1488378380129 HTTP/1.1" 200 90
192.168.10.89 - - [01/Mar/2017:10:31:33 -0300] "GET /cormun/servlet/hpexe_link HTTP/1.1" 200 956
192.168.10.89 - - [01/Mar/2017:10:31:34 -0300] "GET /cormun/servlet/hhome HTTP/1.1" 200 4391
192.168.10.89 - - [01/Mar/2017:10:31:40 -0300] "GET /cormun/servlet/trsolicitudgral? HTTP/1.1" 200 24391
192.168.10.89 - - [01/Mar/2017:10:31:47 -0300] "GET /cormun/static/menuarrow.gif HTTP/1.1" 404 1015
186.79.16.23 - - [01/Mar/2017:10:31:57 -0300] "GET /cormun/servlet/solicitudot?c909dfd761e0991633dddcb21d07aff4eb7ef192fb39718e4df39ae9bce6420544541134a12a4e94771477114b4e634669b319e3d7eda428ae008914c800ad2667004b7562e4569e5fb3cc299b3356cf7db02f34a152367789541414e6247e6cd89efc50483fe3d6b267651867bcba51,gx-no-cache=1488375188623 HTTP/1.1" 200 29
192.168.10.89 - - [01/Mar/2017:10:31:58 -0300] "POST /cormun/servlet/trsolicitudgral?837e75ca32b67095435f9dd5be027a86,,gx-no-cache=1488378404200 HTTP/1.1" 200 8090
186.79.16.23 - - [01/Mar/2017:10:31:58 -0300] "POST /cormun/servlet/solicitudot?gx-no-cache=1488375188788 HTTP/1.1" 200 1274
186.79.16.23 - - [01/Mar/2017:10:31:58 -0300] "POST /cormun/servlet/solicitudot?gx-no-cache=1488375189019 HTTP/1.1" 200 1156
186.79.16.23 - - [01/Mar/2017:10:31:59 -0300] "POST /cormun/servlet/solicitudot?gx-no-cache=1488375190439 HTTP/1.1" 200 1274
186.79.16.23 - - [01/Mar/2017:10:32:00 -0300] "POST /cormun/servlet/solicitudot?gx-no-cache=1488375190758 HTTP/1.1" 200 1156
186.79.16.23 - - [01/Mar/2017:10:32:02 -0300] "GET /cormun/servlet/solicitudot?c909dfd761e0991633dddcb21d07aff4b54ff83dfc20952c119619b50a49e0c1e2b9d8ef518123ea89c9ac255b119a65a780735dcbc478aef8a47bf86931864ba483000478906328cef54201de38d65c3e115fec93d1153dba135fd9ad76b6923c94364faddef77f44ce2852f8480903ae86d8e7cd4d34d57e24992450f7a0a1890dc47cfb938287ebdeb2ef8d9236e136ab1988819722b6cebf1deeda8f65406fce3729f12c8ff15f435d3af85499cf116cdd694f7dcae8ac8ef01a89f71fb2,gx-no-cache=1488375193118 HTTP/1.1" 200 30
186.103.157.42 - - [01/Mar/2017:10:32:23 -0300] "POST /cormun/servlet/trautorizarsolicitud?0dcaa09e8f47ba3ddcd3c37a4f501467,gx-no-cache=1488375217733 HTTP/1.1" 200 3854
186.79.16.23 - - [01/Mar/2017:10:32:26 -0300] "POST /cormun/servlet/solicitudot?767e66286bbf99994442236e53c5f92a,INS,0,0,,gx-no-cache=1488375216677 HTTP/1.1" 200 93
186.79.16.23 - - [01/Mar/2017:10:32:26 -0300] "GET /cormun/servlet/hpexe_return? HTTP/1.1" 200 1005
186.79.16.23 - - [01/Mar/2017:10:32:26 -0300] "GET /cormun/servlet/trsolicitudot HTTP/1.1" 200 8099
186.79.16.23 - - [01/Mar/2017:10:32:27 -0300] "GET /cormun/servlet/trsolicitudot HTTP/1.1" 200 8095
186.103.157.42 - - [01/Mar/2017:10:32:27 -0300] "POST /cormun/servlet/trautorizarsolicitud?0dcaa09e8f47ba3ddcd3c37a4f501467,gx-no-cache=1488375222278 HTTP/1.1" 200 5593
186.79.16.23 - - [01/Mar/2017:10:32:33 -0300] "POST /cormun/servlet/trsolicitudot?767e66286bbf99994442236e53c5f92a,gx-no-cache=1488375224045 HTTP/1.1" 200 106
186.79.16.23 - - [01/Mar/2017:10:32:33 -0300] "GET /cormun/servlet/trsolicitudadjuntos?2017,4940, HTTP/1.1" 200 5900
186.79.16.23 - - [01/Mar/2017:10:32:34 -0300] "GET /cormun/servlet/trsolicitudadjuntos?2017,4940, HTTP/1.1" 200 5899
186.79.16.23 - - [01/Mar/2017:10:32:36 -0300] "GET /cormun/servlet/solicitudotadjuntos?INS,2017,4940,,1, HTTP/1.1" 200 5828
186.79.16.23 - - [01/Mar/2017:10:32:36 -0300] "GET /cormun/static/about:blank HTTP/1.1" 404 1011
186.79.16.23 - - [01/Mar/2017:10:32:36 -0300] "GET /cormun/servlet/solicitudotadjuntos?INS,2017,4940,,1, HTTP/1.1" 200 5822
186.79.16.23 - - [01/Mar/2017:10:32:37 -0300] "GET /cormun/servlet/solicitudotadjuntos?c909dfd761e0991633dddcb21d07aff4c7d0c7cc524a9d03cc801a97f2aa9af2f40ac61bfb329144f13894af5776fa9a,gx-no-cache=1488375227890 HTTP/1.1" 200 30
186.79.16.23 - - [01/Mar/2017:10:32:37 -0300] "POST /cormun/servlet/solicitudotadjuntos?767e66286bbf99994442236e53c5f92a,INS,2017,4940,,1,,gx-no-cache=1488375228514 HTTP/1.1" 200 3684
186.79.16.23 - - [01/Mar/2017:10:32:40 -0300] "POST /cormun/servlet/solicitudotadjuntos?gx-no-cache=1488375231101 HTTP/1.1" 200 26
192.168.10.89 - - [01/Mar/2017:10:32:59 -0300] "GET /cormun/servlet/trlicenciasgenerales? HTTP/1.1" 200 11876
192.168.10.89 - - [01/Mar/2017:10:32:59 -0300] "GET /cormun/static/gxcfg.js?2016122619302770 HTTP/1.1" 200 953
192.168.10.89 - - [01/Mar/2017:10:32:59 -0300] "GET /cormun/static/trlicenciasgenerales.js?2016122619303217 HTTP/1.1" 304 -
192.168.10.89 - - [01/Mar/2017:10:33:00 -0300] "GET /cormun//static/Resources/PXToolsGridDisplay.png HTTP/1.1" 304 -
192.168.10.89 - - [01/Mar/2017:10:33:00 -0300] "GET /cormun//static/Resources/PXToolsHeaderHelp.png HTTP/1.1" 304 -
186.79.16.23 - - [01/Mar/2017:10:33:06 -0300] "GET /cormun/servlet/solicitudotadjuntos?c909dfd761e0991633dddcb21d07aff48c5d14643c9b5b922c20826ddeea4b17,gx-no-cache=1488375256935 HTTP/1.1" 200 30
186.79.16.23 - - [01/Mar/2017:10:33:06 -0300] "GET /cormun/servlet/solicitudotadjuntos?c909dfd761e0991633dddcb21d07aff48c5d14643c9b5b922c20826ddeea4b17,gx-no-cache=1488375257011 HTTP/1.1" 200 30
186.79.16.23 - - [01/Mar/2017:10:33:07 -0300] "POST /cormun/servlet/solicitudotadjuntos?767e66286bbf99994442236e53c5f92a,INS,2017,4940,,1, HTTP/1.1" 200 116
186.79.16.23 - - [01/Mar/2017:10:33:08 -0300] "GET /cormun/servlet/hpexe_return? HTTP/1.1" 200 1024
186.79.16.23 - - [01/Mar/2017:10:33:08 -0300] "GET /cormun/servlet/trsolicitudadjuntos?2017,4940, HTTP/1.1" 200 8004
192.168.10.89 - - [01/Mar/2017:10:33:08 -0300] "POST /cormun/servlet/trlicenciasgenerales?837e75ca32b67095435f9dd5be027a86,,gx-no-cache=1488378474614 HTTP/1.1" 200 5672
186.79.16.23 - - [01/Mar/2017:10:33:09 -0300] "GET /cormun/servlet/trsolicitudadjuntos?2017,4940, HTTP/1.1" 200 7997
186.79.16.23 - - [01/Mar/2017:10:33:12 -0300] "GET /cormun/servlet/solicitudotadjuntos?INS,2017,4940,,1, HTTP/1.1" 200 5828
186.79.16.23 - - [01/Mar/2017:10:33:12 -0300] "GET /cormun/static/about:blank HTTP/1.1" 404 1011
186.79.16.23 - - [01/Mar/2017:10:33:12 -0300] "GET /cormun/servlet/solicitudotadjuntos?INS,2017,4940,,1, HTTP/1.1" 200 5822
186.79.16.23 - - [01/Mar/2017:10:33:12 -0300] "GET /cormun/servlet/solicitudotadjuntos?c909dfd761e0991633dddcb21d07aff4c7d0c7cc524a9d03cc801a97f2aa9af2f40ac61bfb329144f13894af5776fa9a,gx-no-cache=1488375263671 HTTP/1.1" 200 30
186.79.16.23 - - [01/Mar/2017:10:33:13 -0300] "POST /cormun/servlet/solicitudotadjuntos?767e66286bbf99994442236e53c5f92a,INS,2017,4940,,1,,gx-no-cache=1488375263778 HTTP/1.1" 200 3684
192.168.10.89 - - [01/Mar/2017:10:33:14 -0300] "POST /cormun/servlet/trlicenciasgenerales?837e75ca32b67095435f9dd5be027a86,,gx-no-cache=1488378480689 HTTP/1.1" 200 5669
186.79.16.23 - - [01/Mar/2017:10:33:16 -0300] "POST /cormun/servlet/solicitudotadjuntos?gx-no-cache=1488375266869 HTTP/1.1" 200 26
186.79.16.23 - - [01/Mar/2017:10:33:24 -0300] "GET /cormun/servlet/solicitudotadjuntos?c909dfd761e0991633dddcb21d07aff48c5d14643c9b5b922c20826ddeea4b17,gx-no-cache=1488375275038 HTTP/1.1" 200 30
186.79.16.23 - - [01/Mar/2017:10:33:24 -0300] "GET /cormun/servlet/solicitudotadjuntos?c909dfd761e0991633dddcb21d07aff48c5d14643c9b5b922c20826ddeea4b17,gx-no-cache=1488375275087 HTTP/1.1" 200 30
186.79.16.23 - - [01/Mar/2017:10:33:25 -0300] "POST /cormun/servlet/solicitudotadjuntos?767e66286bbf99994442236e53c5f92a,INS,2017,4940,,1, HTTP/1.1" 200 116
186.79.16.23 - - [01/Mar/2017:10:33:26 -0300] "GET /cormun/servlet/hpexe_return? HTTP/1.1" 200 1024
186.79.16.23 - - [01/Mar/2017:10:33:26 -0300] "GET /cormun/servlet/trsolicitudadjuntos?2017,4940, HTTP/1.1" 200 8251
186.79.16.23 - - [01/Mar/2017:10:33:26 -0300] "GET /cormun/servlet/trsolicitudadjuntos?2017,4940, HTTP/1.1" 200 8248
186.79.16.23 - - [01/Mar/2017:10:33:29 -0300] "GET /cormun/servlet/solicitudotadjuntos?INS,2017,4940,,1, HTTP/1.1" 200 5829
186.79.16.23 - - [01/Mar/2017:10:33:29 -0300] "GET /cormun/static/about:blank HTTP/1.1" 404 1011
186.79.16.23 - - [01/Mar/2017:10:33:29 -0300] "GET /cormun/servlet/solicitudotadjuntos?INS,2017,4940,,1, HTTP/1.1" 200 5823
186.79.16.23 - - [01/Mar/2017:10:33:29 -0300] "GET /cormun/servlet/solicitudotadjuntos?c909dfd761e0991633dddcb21d07aff4c7d0c7cc524a9d03cc801a97f2aa9af2f40ac61bfb329144f13894af5776fa9a,gx-no-cache=1488375280602 HTTP/1.1" 200 30
186.79.16.23 - - [01/Mar/2017:10:33:30 -0300] "POST /cormun/servlet/solicitudotadjuntos?767e66286bbf99994442236e53c5f92a,INS,2017,4940,,1,,gx-no-cache=1488375280660 HTTP/1.1" 200 3685
186.79.16.23 - - [01/Mar/2017:10:33:33 -0300] "POST /cormun/servlet/solicitudotadjuntos?gx-no-cache=1488375283867 HTTP/1.1" 200 26
186.79.16.23 - - [01/Mar/2017:10:33:38 -0300] "GET /cormun/servlet/solicitudotadjuntos?c909dfd761e0991633dddcb21d07aff48c5d14643c9b5b922c20826ddeea4b17,gx-no-cache=1488375289550 HTTP/1.1" 200 30
186.79.16.23 - - [01/Mar/2017:10:33:38 -0300] "GET /cormun/servlet/solicitudotadjuntos?c909dfd761e0991633dddcb21d07aff48c5d14643c9b5b922c20826ddeea4b17,gx-no-cache=1488375289627 HTTP/1.1" 200 30
186.79.16.23 - - [01/Mar/2017:10:33:41 -0300] "POST /cormun/servlet/solicitudotadjuntos?767e66286bbf99994442236e53c5f92a,INS,2017,4940,,1, HTTP/1.1" 200 116
186.79.16.23 - - [01/Mar/2017:10:33:41 -0300] "GET /cormun/servlet/hpexe_return? HTTP/1.1" 200 1024
186.79.16.23 - - [01/Mar/2017:10:33:42 -0300] "GET /cormun/servlet/trsolicitudadjuntos?2017,4940, HTTP/1.1" 200 8400
186.79.16.23 - - [01/Mar/2017:10:33:44 -0300] "GET /cormun/servlet/trsolicitudadjuntos?2017,4940, HTTP/1.1" 200 8399
186.79.16.23 - - [01/Mar/2017:10:33:45 -0300] "GET /cormun/servlet/solicitudotadjuntos?INS,2017,4940,,1, HTTP/1.1" 200 5829
186.79.16.23 - - [01/Mar/2017:10:33:46 -0300] "GET /cormun/static/about:blank HTTP/1.1" 404 1011
186.79.16.23 - - [01/Mar/2017:10:33:46 -0300] "GET /cormun/servlet/solicitudotadjuntos?INS,2017,4940,,1, HTTP/1.1" 200 5823
186.79.16.23 - - [01/Mar/2017:10:33:46 -0300] "GET /cormun/servlet/solicitudotadjuntos?c909dfd761e0991633dddcb21d07aff4c7d0c7cc524a9d03cc801a97f2aa9af2f40ac61bfb329144f13894af5776fa9a,gx-no-cache=1488375297636 HTTP/1.1" 200 30
186.79.16.23 - - [01/Mar/2017:10:33:47 -0300] "POST /cormun/servlet/solicitudotadjuntos?767e66286bbf99994442236e53c5f92a,INS,2017,4940,,1,,gx-no-cache=1488375297707 HTTP/1.1" 200 3685
186.79.16.23 - - [01/Mar/2017:10:34:02 -0300] "POST /cormun/servlet/solicitudotadjuntos?gx-no-cache=1488375313285 HTTP/1.1" 200 26
186.79.16.23 - - [01/Mar/2017:10:34:16 -0300] "GET /cormun/servlet/solicitudotadjuntos?c909dfd761e0991633dddcb21d07aff48c5d14643c9b5b922c20826ddeea4b17,gx-no-cache=1488375327335 HTTP/1.1" 200 30
186.79.16.23 - - [01/Mar/2017:10:34:16 -0300] "GET /cormun/servlet/solicitudotadjuntos?c909dfd761e0991633dddcb21d07aff48c5d14643c9b5b922c20826ddeea4b17,gx-no-cache=1488375327382 HTTP/1.1" 200 30
186.79.16.23 - - [01/Mar/2017:10:34:18 -0300] "POST /cormun/servlet/solicitudotadjuntos?767e66286bbf99994442236e53c5f92a,INS,2017,4940,,1, HTTP/1.1" 200 116
186.79.16.23 - - [01/Mar/2017:10:34:18 -0300] "GET /cormun/servlet/hpexe_return? HTTP/1.1" 200 1024
186.79.16.23 - - [01/Mar/2017:10:34:18 -0300] "GET /cormun/servlet/trsolicitudadjuntos?2017,4940, HTTP/1.1" 200 8536
186.79.16.23 - - [01/Mar/2017:10:34:19 -0300] "GET /cormun/servlet/trsolicitudadjuntos?2017,4940, HTTP/1.1" 200 8534
186.79.16.23 - - [01/Mar/2017:10:34:21 -0300] "GET /cormun/servlet/solicitudotadjuntos?INS,2017,4940,,1, HTTP/1.1" 200 5829
186.79.16.23 - - [01/Mar/2017:10:34:21 -0300] "GET /cormun/static/about:blank HTTP/1.1" 404 1011
186.79.16.23 - - [01/Mar/2017:10:34:21 -0300] "GET /cormun/servlet/solicitudotadjuntos?INS,2017,4940,,1, HTTP/1.1" 200 5823
186.79.16.23 - - [01/Mar/2017:10:34:22 -0300] "GET /cormun/servlet/solicitudotadjuntos?c909dfd761e0991633dddcb21d07aff4c7d0c7cc524a9d03cc801a97f2aa9af2f40ac61bfb329144f13894af5776fa9a,gx-no-cache=1488375333129 HTTP/1.1" 200 30
186.79.16.23 - - [01/Mar/2017:10:34:22 -0300] "POST /cormun/servlet/solicitudotadjuntos?767e66286bbf99994442236e53c5f92a,INS,2017,4940,,1,,gx-no-cache=1488375333199 HTTP/1.1" 200 3686
186.79.16.23 - - [01/Mar/2017:10:34:26 -0300] "POST /cormun/servlet/solicitudotadjuntos?gx-no-cache=1488375337093 HTTP/1.1" 200 26
186.79.16.23 - - [01/Mar/2017:10:35:38 -0300] "GET /cormun/servlet/solicitudotadjuntos?c909dfd761e0991633dddcb21d07aff48c5d14643c9b5b922c20826ddeea4b17,gx-no-cache=1488375409256 HTTP/1.1" 200 30
186.79.16.23 - - [01/Mar/2017:10:35:38 -0300] "GET /cormun/servlet/solicitudotadjuntos?c909dfd761e0991633dddcb21d07aff48c5d14643c9b5b922c20826ddeea4b17,gx-no-cache=1488375409423 HTTP/1.1" 200 30
186.79.16.23 - - [01/Mar/2017:10:35:40 -0300] "POST /cormun/servlet/solicitudotadjuntos?767e66286bbf99994442236e53c5f92a,INS,2017,4940,,1, HTTP/1.1" 200 116
186.79.16.23 - - [01/Mar/2017:10:35:40 -0300] "GET /cormun/servlet/hpexe_return? HTTP/1.1" 200 1024
186.79.16.23 - - [01/Mar/2017:10:35:40 -0300] "GET /cormun/servlet/trsolicitudadjuntos?2017,4940, HTTP/1.1" 200 8689
186.79.16.23 - - [01/Mar/2017:10:35:41 -0300] "GET /cormun/servlet/trsolicitudadjuntos?2017,4940, HTTP/1.1" 200 8685
186.79.16.23 - - [01/Mar/2017:10:35:44 -0300] "GET /cormun/servlet/solicitudotadjuntos?INS,2017,4940,,1, HTTP/1.1" 200 5828
186.79.16.23 - - [01/Mar/2017:10:35:44 -0300] "GET /cormun/static/about:blank HTTP/1.1" 404 1011
186.79.16.23 - - [01/Mar/2017:10:35:45 -0300] "GET /cormun/servlet/solicitudotadjuntos?INS,2017,4940,,1, HTTP/1.1" 200 5822
186.79.16.23 - - [01/Mar/2017:10:35:45 -0300] "GET /cormun/servlet/solicitudotadjuntos?c909dfd761e0991633dddcb21d07aff4c7d0c7cc524a9d03cc801a97f2aa9af2f40ac61bfb329144f13894af5776fa9a,gx-no-cache=1488375416075 HTTP/1.1" 200 30
186.79.16.23 - - [01/Mar/2017:10:35:46 -0300] "POST /cormun/servlet/solicitudotadjuntos?767e66286bbf99994442236e53c5f92a,INS,2017,4940,,1,,gx-no-cache=1488375416243 HTTP/1.1" 200 3685
186.79.16.23 - - [01/Mar/2017:10:35:48 -0300] "POST /cormun/servlet/solicitudotadjuntos?gx-no-cache=1488375419525 HTTP/1.1" 200 26
186.79.16.23 - - [01/Mar/2017:10:35:54 -0300] "GET /cormun/servlet/solicitudotadjuntos?c909dfd761e0991633dddcb21d07aff48c5d14643c9b5b922c20826ddeea4b17,gx-no-cache=1488375425223 HTTP/1.1" 200 30
186.79.16.23 - - [01/Mar/2017:10:35:54 -0300] "GET /cormun/servlet/solicitudotadjuntos?c909dfd761e0991633dddcb21d07aff48c5d14643c9b5b922c20826ddeea4b17,gx-no-cache=1488375425287 HTTP/1.1" 200 30
186.79.16.23 - - [01/Mar/2017:10:35:56 -0300] "POST /cormun/servlet/solicitudotadjuntos?767e66286bbf99994442236e53c5f92a,INS,2017,4940,,1, HTTP/1.1" 200 116
186.79.16.23 - - [01/Mar/2017:10:35:56 -0300] "GET /cormun/servlet/hpexe_return? HTTP/1.1" 200 1024
186.79.16.23 - - [01/Mar/2017:10:35:57 -0300] "GET /cormun/servlet/trsolicitudadjuntos?2017,4940, HTTP/1.1" 200 8930
186.79.16.23 - - [01/Mar/2017:10:35:57 -0300] "GET /cormun/servlet/trsolicitudadjuntos?2017,4940, HTTP/1.1" 200 8924
200.111.191.210 - - [01/Mar/2017:10:35:58 -0300] "GET /cormun/servlet/hlogin HTTP/1.1" 200 1720
200.111.191.210 - - [01/Mar/2017:10:36:09 -0300] "POST /cormun/servlet/hlogin?ce77d175b795b5fd9e2a035d2968064a,gx-no-cache=1488378956981 HTTP/1.1" 200 90
200.111.191.210 - - [01/Mar/2017:10:36:09 -0300] "GET /cormun/servlet/hpexe_link HTTP/1.1" 200 970
200.111.191.210 - - [01/Mar/2017:10:36:09 -0300] "GET /cormun/servlet/licenciaspermisos?INS,0,,, HTTP/1.1" 200 7076
200.111.191.210 - - [01/Mar/2017:10:36:10 -0300] "GET /cormun/servlet/licenciaspermisos?INS,0,,, HTTP/1.1" 200 7075
186.79.16.23 - - [01/Mar/2017:10:36:10 -0300] "GET /cormun/servlet/solicitudotadjuntos?INS,2017,4940,,2, HTTP/1.1" 200 5826
186.79.16.23 - - [01/Mar/2017:10:36:11 -0300] "GET /cormun/static/about:blank HTTP/1.1" 404 1011
186.79.16.23 - - [01/Mar/2017:10:36:11 -0300] "GET /cormun/servlet/solicitudotadjuntos?INS,2017,4940,,2, HTTP/1.1" 200 5820
186.79.16.23 - - [01/Mar/2017:10:36:11 -0300] "GET /cormun/servlet/solicitudotadjuntos?c909dfd761e0991633dddcb21d07aff4c7d0c7cc524a9d03cc801a97f2aa9af2f40ac61bfb329144f13894af5776fa9a,gx-no-cache=1488375442452 HTTP/1.1" 200 30
186.79.16.23 - - [01/Mar/2017:10:36:12 -0300] "POST /cormun/servlet/solicitudotadjuntos?767e66286bbf99994442236e53c5f92a,INS,2017,4940,,2,,gx-no-cache=1488375442774 HTTP/1.1" 200 3827
200.111.191.210 - - [01/Mar/2017:10:36:16 -0300] "GET /cormun/servlet/licenciaspermisos?571ce32b461604491f318e3d26ddfc27be8c38d2d431323936647e506cf7e3e7d444af7e8ce344508180b54e5c005eca,gx-no-cache=1488378964141 HTTP/1.1" 200 61
200.111.191.210 - - [01/Mar/2017:10:36:16 -0300] "POST /cormun/servlet/licenciaspermisos?ce77d175b795b5fd9e2a035d2968064a,INS,0,,,,gx-no-cache=1488378964169 HTTP/1.1" 200 4400
131.253.25.190 - - [01/Mar/2017:10:36:26 -0300] "GET /cormun/servlet/hlogin HTTP/1.1" 200 5843
131.253.25.158 - - [01/Mar/2017:10:36:28 -0300] "GET /cormun/static/Resources/Spanish/PXTools.css?167811 HTTP/1.1" 200 89042
131.253.27.104 - - [01/Mar/2017:10:36:30 -0300] "GET /cormun/static/Resources/ComunLogin.png HTTP/1.1" 200 17326
131.253.25.205 - - [01/Mar/2017:10:36:31 -0300] "GET /cormun/static/Resources/PXToolsLoginBottom.png HTTP/1.1" 200 1389
200.111.191.210 - - [01/Mar/2017:10:37:43 -0300] "GET /cormun/servlet/licenciaspermisos?571ce32b461604491f318e3d26ddfc27be5b04e36d11399922fe94f8d95c3dc62ba73debea57931ffccbd9c82c398e56285bfb2f37fa81746e5323908babad7bb88d84c4ac92cd3f9a92d7ed39a51e625b84dcad12f50869ca04d6a6096cd36e597538483aa0392e67cb048a6326d6fb43521db966bb9dec7c8760ea1d9286543924c561c505f25d12788524114e9d9c7326b949ba87d73b68aef69211f99d5345e1ab7059342df7d3ed91526bf25465391bd0c7fadc7b7ac1db3b4369abcbfc3b2c15798fca5443da27b1d823aa104d4b86adf8554b895b342b84712a516747,gx-no-cache=1488379050916 HTTP/1.1" 200 30
200.111.191.210 - - [01/Mar/2017:10:37:43 -0300] "GET /cormun/servlet/licenciaspermisos?571ce32b461604491f318e3d26ddfc27e7ec6aed402ceb591b3d32a5555591921920f6202a3080ae1ad5cce92033fecfbd58f0174a53a184c568098c4031733ab3ffdbded0bce22a165a3c025f0c61f92036e0f2e4a9febce912b1cf684692a5884bf109a06c431c02e510818de2ebcba57e7543db435d02fd430dd6c86107d6d8252afc099dc4ef657fb9183de91c7cf1a13b5f61d1ca9d89349353aa765f7deddce0f45fb58d35f69366e7ac25fa36f830e0f918604dae1098b7d09848447d06558fec3b094955ae38d07e1aac2b7327bb0f4a73198194829f76a1f3574a4b,gx-no-cache=1488379051007 HTTP/1.1" 200 29
200.111.191.210 - - [01/Mar/2017:10:37:43 -0300] "POST /cormun/servlet/licenciaspermisos?ce77d175b795b5fd9e2a035d2968064a,INS,0,,,,gx-no-cache=1488379051069 HTTP/1.1" 500 10
186.79.16.23 - - [01/Mar/2017:10:37:48 -0300] "POST /cormun/servlet/solicitudotadjuntos?gx-no-cache=1488375539631 HTTP/1.1" 200 26
200.112.233.47 - - [01/Mar/2017:10:38:22 -0300] "GET /cormun/servlet/hhome HTTP/1.1" 200 3280
200.112.233.47 - - [01/Mar/2017:10:38:23 -0300] "GET /cormun/servlet/hhome HTTP/1.1" 200 3286
200.112.233.47 - - [01/Mar/2017:10:38:23 -0300] "GET /cormun/servlet/hlogin HTTP/1.1" 200 1737
200.112.233.47 - - [01/Mar/2017:10:38:25 -0300] "POST /cormun/servlet/hlogin?c146887206fa592dfac15e4f63ce4921,gx-no-cache=1488375578186 HTTP/1.1" 200 90
200.112.233.47 - - [01/Mar/2017:10:38:25 -0300] "GET /cormun/servlet/hpexe_link HTTP/1.1" 200 960
200.112.233.47 - - [01/Mar/2017:10:38:26 -0300] "GET /cormun/servlet/hhome HTTP/1.1" 200 3702
200.112.233.47 - - [01/Mar/2017:10:38:26 -0300] "GET /cormun/servlet/hhome HTTP/1.1" 200 3699
186.79.16.23 - - [01/Mar/2017:10:38:28 -0300] "GET /cormun/servlet/solicitudotadjuntos?c909dfd761e0991633dddcb21d07aff48c5d14643c9b5b922c20826ddeea4b17,gx-no-cache=1488375579076 HTTP/1.1" 200 30
186.79.16.23 - - [01/Mar/2017:10:38:28 -0300] "GET /cormun/servlet/solicitudotadjuntos?c909dfd761e0991633dddcb21d07aff48c5d14643c9b5b922c20826ddeea4b17,gx-no-cache=1488375579633 HTTP/1.1" 200 30
186.79.16.23 - - [01/Mar/2017:10:38:31 -0300] "POST /cormun/servlet/solicitudotadjuntos?767e66286bbf99994442236e53c5f92a,INS,2017,4940,,2, HTTP/1.1" 200 116
186.79.16.23 - - [01/Mar/2017:10:38:31 -0300] "GET /cormun/servlet/hpexe_return? HTTP/1.1" 200 1025
186.79.16.23 - - [01/Mar/2017:10:38:31 -0300] "GET /cormun/servlet/trsolicitudadjuntos?2017,4940, HTTP/1.1" 200 9147
200.112.233.47 - - [01/Mar/2017:10:38:32 -0300] "GET /cormun/servlet/trlicencias? HTTP/1.1" 200 7699
186.79.16.23 - - [01/Mar/2017:10:38:32 -0300] "GET /cormun/servlet/trsolicitudadjuntos?2017,4940, HTTP/1.1" 200 9146
200.112.233.47 - - [01/Mar/2017:10:38:33 -0300] "GET /cormun//static/Resources/PXToolsGridUpdate.png HTTP/1.1" 200 2984
200.112.233.47 - - [01/Mar/2017:10:38:33 -0300] "GET /cormun//static/Resources/PXToolsHeaderHelp.png HTTP/1.1" 200 4055
200.112.233.47 - - [01/Mar/2017:10:38:33 -0300] "GET /cormun//static/Resources/PXToolsGridDisplay.png HTTP/1.1" 200 362
200.112.233.47 - - [01/Mar/2017:10:38:33 -0300] "GET /cormun//static/Resources/PXToolsHeaderFavorites.png HTTP/1.1" 200 2744
200.112.233.47 - - [01/Mar/2017:10:38:33 -0300] "GET /cormun//static/Resources/PXToolsGridDelete.png HTTP/1.1" 200 357
200.112.233.47 - - [01/Mar/2017:10:38:33 -0300] "GET /cormun//static/Resources/PXTools/ActionInsert.png HTTP/1.1" 200 1482
200.112.233.47 - - [01/Mar/2017:10:38:33 -0300] "GET /cormun//static/Resources/PXToolsActionPrint.png HTTP/1.1" 200 3317
200.112.233.47 - - [01/Mar/2017:10:38:33 -0300] "GET /cormun/servlet/trlicencias? HTTP/1.1" 200 7698
186.79.16.23 - - [01/Mar/2017:10:38:34 -0300] "GET /cormun/servlet/solicitudotadjuntos?INS,2017,4940,,2, HTTP/1.1" 200 5827
186.79.16.23 - - [01/Mar/2017:10:38:34 -0300] "GET /cormun/static/about:blank HTTP/1.1" 404 1011
186.79.16.23 - - [01/Mar/2017:10:38:34 -0300] "GET /cormun/servlet/solicitudotadjuntos?INS,2017,4940,,2, HTTP/1.1" 200 5821
186.79.16.23 - - [01/Mar/2017:10:38:35 -0300] "GET /cormun/servlet/solicitudotadjuntos?c909dfd761e0991633dddcb21d07aff4c7d0c7cc524a9d03cc801a97f2aa9af2f40ac61bfb329144f13894af5776fa9a,gx-no-cache=1488375585832 HTTP/1.1" 200 30
186.79.16.23 - - [01/Mar/2017:10:38:35 -0300] "POST /cormun/servlet/solicitudotadjuntos?767e66286bbf99994442236e53c5f92a,INS,2017,4940,,2,,gx-no-cache=1488375585902 HTTP/1.1" 200 3828
186.79.16.23 - - [01/Mar/2017:10:38:51 -0300] "POST /cormun/servlet/solicitudotadjuntos?gx-no-cache=1488375602270 HTTP/1.1" 200 26
200.112.233.47 - - [01/Mar/2017:10:39:33 -0300] "GET /cormun/servlet/licenciaspermisos?DSP,11433311,L,20170301000000, HTTP/1.1" 200 6620
200.112.233.47 - - [01/Mar/2017:10:39:33 -0300] "GET /cormun/servlet/licenciaspermisos?DSP,11433311,L,20170301000000, HTTP/1.1" 200 6621
186.79.16.23 - - [01/Mar/2017:10:39:35 -0300] "GET /cormun/servlet/solicitudotadjuntos?c909dfd761e0991633dddcb21d07aff48c5d14643c9b5b922c20826ddeea4b17,gx-no-cache=1488375646151 HTTP/1.1" 200 30
186.79.16.23 - - [01/Mar/2017:10:39:35 -0300] "GET /cormun/servlet/solicitudotadjuntos?c909dfd761e0991633dddcb21d07aff48c5d14643c9b5b922c20826ddeea4b17,gx-no-cache=1488375646348 HTTP/1.1" 200 30
186.79.16.23 - - [01/Mar/2017:10:39:37 -0300] "POST /cormun/servlet/solicitudotadjuntos?767e66286bbf99994442236e53c5f92a,INS,2017,4940,,2, HTTP/1.1" 200 116
186.79.16.23 - - [01/Mar/2017:10:39:37 -0300] "GET /cormun/servlet/hpexe_return? HTTP/1.1" 200 1025
200.112.233.47 - - [01/Mar/2017:10:39:37 -0300] "GET /cormun/servlet/trlicencias? HTTP/1.1" 200 7699
186.79.16.23 - - [01/Mar/2017:10:39:37 -0300] "GET /cormun/servlet/trsolicitudadjuntos?2017,4940, HTTP/1.1" 200 9285
200.112.233.47 - - [01/Mar/2017:10:39:38 -0300] "GET /cormun/servlet/trlicencias? HTTP/1.1" 200 7698
186.79.16.23 - - [01/Mar/2017:10:39:39 -0300] "GET /cormun/servlet/trsolicitudadjuntos?2017,4940, HTTP/1.1" 200 9284
186.79.16.23 - - [01/Mar/2017:10:39:43 -0300] "POST /cormun/servlet/trsolicitudadjuntos?767e66286bbf99994442236e53c5f92a,2017,4940,,gx-no-cache=1488375654456 HTTP/1.1" 200 90
186.79.16.23 - - [01/Mar/2017:10:39:44 -0300] "GET /cormun/servlet/hpexe_link HTTP/1.1" 200 969
186.79.16.23 - - [01/Mar/2017:10:39:44 -0300] "GET /cormun/servlet/trsolicitudot HTTP/1.1" 200 8097
186.79.16.23 - - [01/Mar/2017:10:39:44 -0300] "GET /cormun/servlet/trsolicitudot HTTP/1.1" 200 8095
186.79.16.23 - - [01/Mar/2017:10:40:24 -0300] "GET /cormun/servlet/solicitudot?INS,0,0, HTTP/1.1" 200 12598
186.79.16.23 - - [01/Mar/2017:10:40:25 -0300] "GET /cormun/servlet/solicitudot?INS,0,0, HTTP/1.1" 200 12603
186.79.16.23 - - [01/Mar/2017:10:40:38 -0300] "POST /cormun/servlet/solicitudot?gx-no-cache=1488375709321 HTTP/1.1" 200 3081
186.79.16.23 - - [01/Mar/2017:10:40:39 -0300] "POST /cormun/servlet/solicitudot?767e66286bbf99994442236e53c5f92a,INS,0,0,,gx-no-cache=1488375709745 HTTP/1.1" 200 9671
186.79.16.23 - - [01/Mar/2017:10:41:09 -0300] "GET /cormun/servlet/solicitudot?c909dfd761e0991633dddcb21d07aff4cdd1586427577713e44a83012c347a5d119fbfa8d888d9585c23cdf8e0e472ed,gx-no-cache=1488375739716 HTTP/1.1" 200 30
200.112.233.47 - - [01/Mar/2017:10:41:25 -0300] "GET /cormun/servlet/trlicenciaspermisosadjuntos?11433311,20170301000000,L, HTTP/1.1" 200 6058
200.112.233.47 - - [01/Mar/2017:10:41:25 -0300] "GET /cormun/static/gxcfg.js?2016122813131454 HTTP/1.1" 200 953
200.112.233.47 - - [01/Mar/2017:10:41:25 -0300] "GET /cormun/static/trlicenciaspermisosadjuntos.js?2016122813131728 HTTP/1.1" 200 21008
200.112.233.47 - - [01/Mar/2017:10:41:26 -0300] "GET /cormun/servlet/trlicenciaspermisosadjuntos?11433311,20170301000000,L, HTTP/1.1" 200 6058
200.112.233.47 - - [01/Mar/2017:10:41:33 -0300] "GET /cormun/servlet/licenciaspermisosadjuntos?INS,11433311,L,20170301000000,, HTTP/1.1" 200 5357
200.112.233.47 - - [01/Mar/2017:10:41:33 -0300] "GET /cormun/static/gxcfg.js?2016122813131386 HTTP/1.1" 200 953
200.112.233.47 - - [01/Mar/2017:10:41:33 -0300] "GET /cormun/static/about:blank HTTP/1.1" 404 1011
200.112.233.47 - - [01/Mar/2017:10:41:34 -0300] "GET /cormun/static/licenciaspermisosadjuntos.js?2016122813131394 HTTP/1.1" 200 8757
200.112.233.47 - - [01/Mar/2017:10:41:34 -0300] "GET /cormun/servlet/licenciaspermisosadjuntos?INS,11433311,L,20170301000000,, HTTP/1.1" 200 5346
200.112.233.47 - - [01/Mar/2017:10:41:45 -0300] "POST /cormun/servlet/licenciaspermisosadjuntos?c146887206fa592dfac15e4f63ce4921,INS,11433311,L,20170301000000,, HTTP/1.1" 200 116
200.112.233.47 - - [01/Mar/2017:10:41:45 -0300] "GET /cormun/servlet/hpexe_return? HTTP/1.1" 200 1047
200.112.233.47 - - [01/Mar/2017:10:41:46 -0300] "GET /cormun/servlet/trlicenciaspermisosadjuntos?11433311,20170301000000,L, HTTP/1.1" 200 6525
200.112.233.47 - - [01/Mar/2017:10:41:46 -0300] "GET /cormun/servlet/trlicenciaspermisosadjuntos?11433311,20170301000000,L, HTTP/1.1" 200 6522
200.112.233.47 - - [01/Mar/2017:10:41:52 -0300] "GET /cormun/servlet/licenciaspermisosadjuntos?INS,11433311,L,20170301000000,, HTTP/1.1" 200 5358
200.112.233.47 - - [01/Mar/2017:10:41:53 -0300] "GET /cormun/servlet/licenciaspermisosadjuntos?INS,11433311,L,20170301000000,, HTTP/1.1" 200 5347
200.112.233.47 - - [01/Mar/2017:10:41:55 -0300] "GET /cormun/servlet/trlicenciaspermisosadjuntos?11433311,20170301000000,L, HTTP/1.1" 200 6522
200.112.233.47 - - [01/Mar/2017:10:41:55 -0300] "GET /cormun/servlet/trlicenciaspermisosadjuntos?11433311,20170301000000,L, HTTP/1.1" 200 6520
200.112.233.47 - - [01/Mar/2017:10:41:58 -0300] "GET /cormun/servlet/trlicencias? HTTP/1.1" 200 7699
200.112.233.47 - - [01/Mar/2017:10:41:59 -0300] "GET /cormun/servlet/trlicencias? HTTP/1.1" 200 7698
200.112.233.47 - - [01/Mar/2017:10:42:15 -0300] "GET /cormun/servlet/licenciaspermisos?DSP,11433311,L,20170301000000, HTTP/1.1" 200 6620
200.112.233.47 - - [01/Mar/2017:10:42:16 -0300] "GET /cormun/servlet/licenciaspermisos?DSP,11433311,L,20170301000000, HTTP/1.1" 200 6621
200.112.233.47 - - [01/Mar/2017:10:42:25 -0300] "GET /cormun/servlet/trlicencias? HTTP/1.1" 200 7699
200.112.233.47 - - [01/Mar/2017:10:42:26 -0300] "GET /cormun/servlet/trlicencias? HTTP/1.1" 200 7698
200.112.5.202 - - [01/Mar/2017:10:42:37 -0300] "GET /cormun/servlet/hlogin HTTP/1.1" 200 1724
200.112.5.202 - - [01/Mar/2017:10:42:48 -0300] "POST /cormun/servlet/hlogin?9c62a0bad348a028b0386174ce44caa1,gx-no-cache=1488375841042 HTTP/1.1" 200 90
200.112.5.202 - - [01/Mar/2017:10:42:48 -0300] "GET /cormun/servlet/hpexe_link HTTP/1.1" 200 979
200.112.5.202 - - [01/Mar/2017:10:42:49 -0300] "GET /cormun/servlet/trlicencias?gx-no-cache=1488374967087 HTTP/1.1" 200 6841
200.112.5.202 - - [01/Mar/2017:10:42:49 -0300] "GET /cormun/servlet/trlicencias?gx-no-cache=1488374967087 HTTP/1.1" 200 6860
200.112.5.202 - - [01/Mar/2017:10:42:56 -0300] "GET /cormun/servlet/trlicencias? HTTP/1.1" 200 6860
200.112.5.202 - - [01/Mar/2017:10:42:57 -0300] "GET /cormun/servlet/trlicencias? HTTP/1.1" 200 6838
200.112.5.202 - - [01/Mar/2017:10:43:06 -0300] "POST /cormun/servlet/trlicencias?9c62a0bad348a028b0386174ce44caa1,,gx-no-cache=1488375858217 HTTP/1.1" 200 5330
200.112.233.47 - - [01/Mar/2017:10:43:12 -0300] "GET /cormun/servlet/alicenciaprn?11433311,L,20170301000000,PU HTTP/1.1" 200 1537
200.112.5.202 - - [01/Mar/2017:10:43:12 -0300] "GET /cormun/servlet/alicenciaprn?11554288,L,20170301000000,PU HTTP/1.1" 200 1556
186.79.41.237 - - [01/Mar/2017:10:43:24 -0300] "GET /cormun/servlet/hlogin HTTP/1.1" 200 1717
186.79.41.237 - - [01/Mar/2017:10:43:24 -0300] "GET /cormun/servlet/hlogin HTTP/1.1" 200 1717
186.79.41.237 - - [01/Mar/2017:10:43:25 -0300] "GET /cormun/servlet/hlogin HTTP/1.1" 200 1717
186.79.41.237 - - [01/Mar/2017:10:43:25 -0300] "GET /favicon.ico HTTP/1.1" 200 21630
186.79.41.237 - - [01/Mar/2017:10:43:27 -0300] "GET /favicon.ico HTTP/1.1" 206 1
186.79.41.237 - - [01/Mar/2017:10:43:28 -0300] "GET /favicon.ico HTTP/1.1" 206 20463
186.79.41.237 - - [01/Mar/2017:10:43:29 -0300] "POST /cormun/servlet/hlogin?79a69814dd8d92bdf971cfeb6e40a194,gx-no-cache=1488375882204 HTTP/1.1" 200 90
186.79.41.237 - - [01/Mar/2017:10:43:29 -0300] "GET /cormun/servlet/hpexe_link HTTP/1.1" 200 952
186.79.41.237 - - [01/Mar/2017:10:43:30 -0300] "GET /cormun/servlet/hhome HTTP/1.1" 200 3749
186.79.41.237 - - [01/Mar/2017:10:43:32 -0300] "GET /cormun/servlet/hhome HTTP/1.1" 200 3746
186.79.41.237 - - [01/Mar/2017:10:43:53 -0300] "GET /cormun/servlet/trlicencias? HTTP/1.1" 200 7777
186.79.41.237 - - [01/Mar/2017:10:43:53 -0300] "GET /cormun//static/Resources/PXToolsHeaderHelp.png HTTP/1.1" 200 4055
186.79.41.237 - - [01/Mar/2017:10:43:53 -0300] "GET /cormun//static/Resources/PXToolsHeaderFavorites.png HTTP/1.1" 200 2744
186.79.41.237 - - [01/Mar/2017:10:43:54 -0300] "GET /cormun//static/Resources/PXToolsGridUpdate.png HTTP/1.1" 200 2984
186.79.41.237 - - [01/Mar/2017:10:43:54 -0300] "GET /cormun//static/Resources/PXToolsGridDelete.png HTTP/1.1" 200 357
186.79.41.237 - - [01/Mar/2017:10:43:54 -0300] "GET /cormun/servlet/trlicencias? HTTP/1.1" 200 7776
186.79.41.237 - - [01/Mar/2017:10:43:54 -0300] "GET /cormun//static/Resources/PXToolsGridDisplay.png HTTP/1.1" 200 362
186.79.41.237 - - [01/Mar/2017:10:43:54 -0300] "GET /cormun//static/Resources/PXTools/ActionInsert.png HTTP/1.1" 200 1482
186.79.41.237 - - [01/Mar/2017:10:43:54 -0300] "GET /cormun//static/Resources/PXToolsActionPrint.png HTTP/1.1" 200 3317
200.112.233.47 - - [01/Mar/2017:10:44:12 -0300] "POST /cormun/servlet/trlicencias?c146887206fa592dfac15e4f63ce4921,,gx-no-cache=1488375924063 HTTP/1.1" 200 4030
200.112.233.47 - - [01/Mar/2017:10:44:12 -0300] "GET /cormun/static/Shared/jqueryui/images/ui-bg_highlight-soft_100_c6c2c8_1x100.png HTTP/1.1" 404 1117
200.112.233.47 - - [01/Mar/2017:10:44:12 -0300] "GET /cormun/static/Shared/jqueryui/images/ui-icons_8d78a5_256x240.png HTTP/1.1" 404 1089
200.112.233.47 - - [01/Mar/2017:10:44:12 -0300] "GET /cormun/static/Shared/jqueryui/images/ui-icons_82798d_256x240.png HTTP/1.1" 404 1089
200.112.233.47 - - [01/Mar/2017:10:44:12 -0300] "GET /cormun/static/Shared/jqueryui/images/ui-bg_flat_55_fafafa_40x100.png HTTP/1.1" 404 1097
186.79.41.237 - - [01/Mar/2017:10:44:32 -0300] "POST /cormun/servlet/trlicencias?79a69814dd8d92bdf971cfeb6e40a194,,gx-no-cache=1488375944485 HTTP/1.1" 200 5211
186.79.41.237 - - [01/Mar/2017:10:44:32 -0300] "GET /cormun/static/Shared/jqueryui/images/ui-bg_highlight-soft_100_c6c2c8_1x100.png HTTP/1.1" 404 1117
186.79.41.237 - - [01/Mar/2017:10:44:33 -0300] "GET /cormun/static/Shared/jqueryui/images/ui-icons_82798d_256x240.png HTTP/1.1" 404 1089
186.79.41.237 - - [01/Mar/2017:10:44:33 -0300] "GET /cormun/static/Shared/jqueryui/images/ui-bg_flat_55_fafafa_40x100.png HTTP/1.1" 404 1097
186.79.41.237 - - [01/Mar/2017:10:44:33 -0300] "GET /cormun/static/Shared/jqueryui/images/ui-icons_8d78a5_256x240.png HTTP/1.1" 404 1089
186.79.41.237 - - [01/Mar/2017:10:44:46 -0300] "GET /cormun/servlet/hlogin HTTP/1.1" 200 1711
186.79.41.237 - - [01/Mar/2017:10:44:49 -0300] "POST /cormun/servlet/hlogin?22f06a26568945b2d6fef676df730898,gx-no-cache=1488375961623 HTTP/1.1" 200 90
186.79.41.237 - - [01/Mar/2017:10:44:49 -0300] "GET /cormun/servlet/hpexe_link HTTP/1.1" 200 946
186.79.41.237 - - [01/Mar/2017:10:44:49 -0300] "GET /cormun/servlet/hhome HTTP/1.1" 200 3741
186.79.41.237 - - [01/Mar/2017:10:44:51 -0300] "GET /cormun/servlet/hhome HTTP/1.1" 200 3737
186.79.41.237 - - [01/Mar/2017:10:44:55 -0300] "GET /cormun/servlet/trlicencias? HTTP/1.1" 200 7770
186.79.41.237 - - [01/Mar/2017:10:44:56 -0300] "GET /cormun/servlet/trlicencias? HTTP/1.1" 200 7769
186.79.41.237 - - [01/Mar/2017:10:45:05 -0300] "GET /cormun/servlet/licenciaspermisos?INS,0,,, HTTP/1.1" 200 7090
186.79.41.237 - - [01/Mar/2017:10:45:06 -0300] "GET /cormun/static/gxcfg.js?2016122619301043 HTTP/1.1" 200 953
186.79.41.237 - - [01/Mar/2017:10:45:09 -0300] "GET /cormun/static/Resources/prompt.gif HTTP/1.1" 200 902
186.79.41.237 - - [01/Mar/2017:10:45:09 -0300] "GET /cormun/servlet/licenciaspermisos?INS,0,,, HTTP/1.1" 200 7089
186.79.17.148 - - [01/Mar/2017:10:47:13 -0300] "GET /cormun/servlet/hlogin HTTP/1.1" 200 1718
186.79.17.148 - - [01/Mar/2017:10:47:13 -0300] "GET /cormun/static/Resources/Spanish/PXTools.css?167811 HTTP/1.1" 304 -
186.79.17.148 - - [01/Mar/2017:10:47:13 -0300] "GET /cormun/static/gxtimezone.js?85251 HTTP/1.1" 304 -
186.79.17.148 - - [01/Mar/2017:10:47:14 -0300] "GET /cormun/static/gxgral.js?85251 HTTP/1.1" 304 -
186.79.17.148 - - [01/Mar/2017:10:47:14 -0300] "GET /cormun/static/gxcfg.js?201612216162538 HTTP/1.1" 304 -
186.79.17.148 - - [01/Mar/2017:10:47:15 -0300] "GET /cormun/static/messages.spa.js?85251 HTTP/1.1" 304 -
186.79.17.148 - - [01/Mar/2017:10:47:16 -0300] "GET /cormun/static/hlogin.js?201612216162555 HTTP/1.1" 304 -
186.79.17.148 - - [01/Mar/2017:10:47:16 -0300] "GET /cormun/static/Resources/ComunLogin.png HTTP/1.1" 304 -
186.79.17.148 - - [01/Mar/2017:10:47:16 -0300] "GET /cormun/static/Resources/PXToolsLoginTop.png HTTP/1.1" 304 -
186.79.17.148 - - [01/Mar/2017:10:47:17 -0300] "GET /cormun/static/Resources/PXToolsButtonBackground2.png HTTP/1.1" 304 -
186.79.17.148 - - [01/Mar/2017:10:47:17 -0300] "GET /cormun/static/Resources/PXToolsButtonRight21.png HTTP/1.1" 304 -
186.79.17.148 - - [01/Mar/2017:10:47:17 -0300] "GET /cormun/static/Resources/PXToolsLoginBottom.png HTTP/1.1" 304 -
186.79.17.148 - - [01/Mar/2017:10:47:17 -0300] "GET /cormun/static/Resources/PXToolsLoginBackground.png HTTP/1.1" 304 -
186.79.17.148 - - [01/Mar/2017:10:47:17 -0300] "GET /cormun/static/Resources/PXToolsButtonLeft21.png HTTP/1.1" 304 -
186.79.17.148 - - [01/Mar/2017:10:47:17 -0300] "GET /cormun/static/Resources/indicator.gif HTTP/1.1" 304 -
186.79.17.148 - - [01/Mar/2017:10:47:36 -0300] "POST /cormun/servlet/hlogin?f18cff44c061400b367949f5952d6ae8,gx-no-cache=1488375992803 HTTP/1.1" 200 90
186.79.17.148 - - [01/Mar/2017:10:47:37 -0300] "GET /cormun/servlet/hpexe_link HTTP/1.1" 200 951
186.79.17.148 - - [01/Mar/2017:10:47:39 -0300] "GET /cormun/servlet/hhome HTTP/1.1" 200 3956
186.79.17.148 - - [01/Mar/2017:10:47:41 -0300] "GET /cormun/servlet/hhome HTTP/1.1" 200 3952
186.79.17.148 - - [01/Mar/2017:10:47:58 -0300] "GET /cormun/servlet/trvisualizadoreventos? HTTP/1.1" 200 6689
186.79.17.148 - - [01/Mar/2017:10:48:00 -0300] "GET /cormun/servlet/trvisualizadoreventos? HTTP/1.1" 200 6688
186.79.17.148 - - [01/Mar/2017:10:48:05 -0300] "POST /cormun/servlet/trvisualizadoreventos?f18cff44c061400b367949f5952d6ae8,,gx-no-cache=1488376021310 HTTP/1.1" 200 3955
186.79.17.148 - - [01/Mar/2017:10:48:20 -0300] "GET /cormun/servlet/trlicencias? HTTP/1.1" 200 6820
186.79.17.148 - - [01/Mar/2017:10:48:22 -0300] "GET /cormun/servlet/trlicencias? HTTP/1.1" 200 6819
186.79.17.148 - - [01/Mar/2017:10:48:26 -0300] "POST /cormun/servlet/trlicencias?f18cff44c061400b367949f5952d6ae8,,gx-no-cache=1488376042547 HTTP/1.1" 200 4090
186.79.17.148 - - [01/Mar/2017:10:48:31 -0300] "POST /cormun/servlet/trlicencias?f18cff44c061400b367949f5952d6ae8,,gx-no-cache=1488376048278 HTTP/1.1" 200 5701
186.79.17.148 - - [01/Mar/2017:10:48:46 -0300] "POST /cormun/servlet/trlicencias?f18cff44c061400b367949f5952d6ae8,,gx-no-cache=1488376063292 HTTP/1.1" 200 90
186.79.17.148 - - [01/Mar/2017:10:48:46 -0300] "GET /cormun/servlet/hpexe_link HTTP/1.1" 200 967
186.79.17.148 - - [01/Mar/2017:10:48:47 -0300] "GET /cormun/servlet/trvisualizadoreventos? HTTP/1.1" 200 6690
186.79.17.148 - - [01/Mar/2017:10:48:49 -0300] "GET /cormun/servlet/trvisualizadoreventos? HTTP/1.1" 200 6688
186.79.17.148 - - [01/Mar/2017:10:48:59 -0300] "GET /cormun/servlet/trsolicitudot? HTTP/1.1" 200 8248
186.79.17.148 - - [01/Mar/2017:10:49:01 -0300] "GET /cormun/servlet/trsolicitudot? HTTP/1.1" 200 8247
186.79.17.148 - - [01/Mar/2017:10:49:45 -0300] "POST /cormun/servlet/trsolicitudot?f18cff44c061400b367949f5952d6ae8,,gx-no-cache=1488376121554 HTTP/1.1" 200 107
186.79.17.148 - - [01/Mar/2017:10:49:46 -0300] "GET /cormun/servlet/trsolicitudadjuntos?2017,4931, HTTP/1.1" 200 6061
186.79.17.148 - - [01/Mar/2017:10:49:48 -0300] "GET /cormun/servlet/trsolicitudadjuntos?2017,4931, HTTP/1.1" 200 6060
186.79.17.148 - - [01/Mar/2017:10:49:52 -0300] "GET /cormun/servlet/solicitudotadjuntos?INS,2017,4931,,2, HTTP/1.1" 200 5989
186.79.17.148 - - [01/Mar/2017:10:49:52 -0300] "GET /cormun/static/solicitudotadjuntos.js?201612218465969 HTTP/1.1" 304 -
186.79.17.148 - - [01/Mar/2017:10:49:53 -0300] "GET /cormun/static/about:blank HTTP/1.1" 404 1011
186.79.17.148 - - [01/Mar/2017:10:49:53 -0300] "GET /cormun/servlet/solicitudotadjuntos?INS,2017,4931,,2, HTTP/1.1" 200 5983
186.79.17.148 - - [01/Mar/2017:10:49:54 -0300] "GET /cormun/servlet/solicitudotadjuntos?af0f73b3b19fb50635ea2967a7de89411792a1a934a87c669cecd67f2f1b6d043834ff5e4e9c8b4685f69faf4de194bc,gx-no-cache=1488376131690 HTTP/1.1" 200 30
186.79.17.148 - - [01/Mar/2017:10:49:56 -0300] "POST /cormun/servlet/solicitudotadjuntos?f18cff44c061400b367949f5952d6ae8,INS,2017,4931,,2,,gx-no-cache=1488376132638 HTTP/1.1" 200 3999
186.79.17.148 - - [01/Mar/2017:10:49:57 -0300] "POST /cormun/servlet/solicitudotadjuntos?f18cff44c061400b367949f5952d6ae8,INS,2017,4931,,2,,gx-no-cache=1488376134940 HTTP/1.1" 200 90
186.79.17.148 - - [01/Mar/2017:10:49:58 -0300] "GET /cormun/servlet/hpexe_link HTTP/1.1" 200 980
186.79.17.148 - - [01/Mar/2017:10:49:59 -0300] "GET /cormun/servlet/trsolicitudadjuntos?2017,4931, HTTP/1.1" 200 6062
186.79.17.148 - - [01/Mar/2017:10:50:01 -0300] "GET /cormun/servlet/trsolicitudadjuntos?2017,4931, HTTP/1.1" 200 6060
186.79.17.148 - - [01/Mar/2017:10:50:03 -0300] "GET /cormun/servlet/solicitudotadjuntos?INS,2017,4931,,1, HTTP/1.1" 200 5991
186.79.17.148 - - [01/Mar/2017:10:50:05 -0300] "GET /cormun/static/about:blank HTTP/1.1" 404 1011
186.79.17.148 - - [01/Mar/2017:10:50:06 -0300] "GET /cormun/servlet/solicitudotadjuntos?af0f73b3b19fb50635ea2967a7de89411792a1a934a87c669cecd67f2f1b6d043834ff5e4e9c8b4685f69faf4de194bc,gx-no-cache=1488376143456 HTTP/1.1" 200 30
186.79.17.148 - - [01/Mar/2017:10:50:06 -0300] "GET /cormun/servlet/solicitudotadjuntos?INS,2017,4931,,1, HTTP/1.1" 200 5985
186.79.17.148 - - [01/Mar/2017:10:50:08 -0300] "POST /cormun/servlet/solicitudotadjuntos?f18cff44c061400b367949f5952d6ae8,INS,2017,4931,,1,,gx-no-cache=1488376144244 HTTP/1.1" 200 3856
186.79.17.148 - - [01/Mar/2017:10:50:19 -0300] "POST /cormun/servlet/solicitudotadjuntos?gx-no-cache=1488376156761 HTTP/1.1" 200 26
186.79.41.237 - - [01/Mar/2017:10:50:33 -0300] "GET /cormun/servlet/hlogin HTTP/1.1" 200 1718
186.79.17.148 - - [01/Mar/2017:10:50:33 -0300] "GET /cormun/servlet/solicitudotadjuntos?af0f73b3b19fb50635ea2967a7de894137f78cf6c536ad3d12de959cc1e18e01,gx-no-cache=1488376171047 HTTP/1.1" 200 30
186.79.17.148 - - [01/Mar/2017:10:50:33 -0300] "GET /cormun/servlet/solicitudotadjuntos?af0f73b3b19fb50635ea2967a7de894137f78cf6c536ad3d12de959cc1e18e01,gx-no-cache=1488376171120 HTTP/1.1" 200 30
186.79.41.237 - - [01/Mar/2017:10:50:35 -0300] "POST /cormun/servlet/hlogin?761d22a89bde4ac11df6182d0ff63eae,gx-no-cache=1488376308391 HTTP/1.1" 200 90
186.79.17.148 - - [01/Mar/2017:10:50:36 -0300] "POST /cormun/servlet/solicitudotadjuntos?f18cff44c061400b367949f5952d6ae8,INS,2017,4931,,1, HTTP/1.1" 200 116
186.79.17.148 - - [01/Mar/2017:10:50:36 -0300] "GET /cormun/servlet/hpexe_return? HTTP/1.1" 200 1023
186.79.17.148 - - [01/Mar/2017:10:50:36 -0300] "GET /cormun/static/gxcfg.js?2016101716175148 HTTP/1.1" 304 -
186.79.17.148 - - [01/Mar/2017:10:50:36 -0300] "GET /cormun/servlet/trsolicitudadjuntos?2017,4931, HTTP/1.1" 200 8165
186.79.41.237 - - [01/Mar/2017:10:50:36 -0300] "GET /cormun/servlet/hpexe_link HTTP/1.1" 200 953
186.79.41.237 - - [01/Mar/2017:10:50:37 -0300] "GET /cormun/servlet/hhome HTTP/1.1" 200 3749
186.79.17.148 - - [01/Mar/2017:10:50:38 -0300] "GET /cormun/servlet/trsolicitudadjuntos?2017,4931, HTTP/1.1" 200 8160
186.79.41.237 - - [01/Mar/2017:10:50:38 -0300] "GET /cormun/servlet/hhome HTTP/1.1" 200 3746
186.79.17.148 - - [01/Mar/2017:10:50:42 -0300] "GET /cormun/servlet/solicitudotadjuntos?INS,2017,4931,,1, HTTP/1.1" 200 5991
186.79.17.148 - - [01/Mar/2017:10:50:43 -0300] "GET /cormun/static/about:blank HTTP/1.1" 404 1011
