201.214.54.252 - - [01/Mar/2017:15:29:48 -0300] "GET /cormun/servlet/trrenuncias? HTTP/1.1" 200 6674
201.214.54.252 - - [01/Mar/2017:15:29:48 -0300] "GET /cormun/static/gxcfg.js?201612218563964 HTTP/1.1" 200 953
201.214.54.252 - - [01/Mar/2017:15:29:48 -0300] "GET /cormun/static/trrenuncias.js?201612218564318 HTTP/1.1" 200 28329
201.214.54.252 - - [01/Mar/2017:15:29:49 -0300] "GET /cormun/servlet/trrenuncias? HTTP/1.1" 200 6674
201.214.54.252 - - [01/Mar/2017:15:29:50 -0300] "POST /cormun/servlet/acontrolpreferencessavestate?None,MSALAS,true HTTP/1.1" 200 35
201.214.54.252 - - [01/Mar/2017:15:30:04 -0300] "GET /cormun/servlet/trsolicitudot? HTTP/1.1" 200 6926
201.214.54.252 - - [01/Mar/2017:15:30:05 -0300] "GET /cormun/servlet/trsolicitudot? HTTP/1.1" 200 6926
201.214.54.252 - - [01/Mar/2017:15:30:11 -0300] "GET /cormun/static/menuarrow.gif HTTP/1.1" 404 1015
190.101.9.138 - - [01/Mar/2017:15:30:29 -0300] "POST /cormun/servlet/trautorizarsolicitud?7aa0e143202f0a3be103e155dfb03dee,gx-no-cache=1488393101268 HTTP/1.1" 200 7961
186.103.159.188 - - [01/Mar/2017:15:30:29 -0300] "GET /cormun/static/Shared/jqueryui/images/ui-icons_82798d_256x240.png HTTP/1.1" 404 1089
190.101.9.138 - - [01/Mar/2017:15:30:29 -0300] "GET /cormun/static/Shared/jqueryui/images/ui-bg_highlight-soft_100_c6c2c8_1x100.png HTTP/1.1" 404 1117
186.103.159.188 - - [01/Mar/2017:15:30:29 -0300] "GET /cormun/static/Shared/jqueryui/images/ui-bg_flat_55_fafafa_40x100.png HTTP/1.1" 404 1097
190.101.9.138 - - [01/Mar/2017:15:30:29 -0300] "GET /cormun/static/Shared/jqueryui/images/ui-icons_8d78a5_256x240.png HTTP/1.1" 404 1089
190.101.9.138 - - [01/Mar/2017:15:30:29 -0300] "POST /cormun/servlet/trautorizarsolicitud?7aa0e143202f0a3be103e155dfb03dee,gx-no-cache=1488393101806 HTTP/1.1" 200 7905
186.103.159.188 - - [01/Mar/2017:15:30:42 -0300] "GET /cormun/servlet/hlogin HTTP/1.1" 200 1726
186.79.41.237 - - [01/Mar/2017:15:30:55 -0300] "GET /cormun/servlet/solicitudotcontratos?INS,2017,0,11079118,6,6,2016,3296,NADA,201701,4,B, HTTP/1.1" 200 9542
186.79.41.237 - - [01/Mar/2017:15:30:56 -0300] "GET /cormun/servlet/solicitudotcontratos?INS,2017,0,11079118,6,6,2016,3296,NADA,201701,4,B, HTTP/1.1" 200 9572
186.79.41.237 - - [01/Mar/2017:15:30:56 -0300] "GET /cormun/servlet/solicitudotcontratos?717bebb848487d0043bcf96f683c239ab28e4ef0c220fd5c8a7eae7575cd481a6ec2efeb5b607068ab2093adfed62bbc,gx-no-cache=1488393125257 HTTP/1.1" 200 30
186.79.41.237 - - [01/Mar/2017:15:30:57 -0300] "GET /cormun/servlet/solicitudotcontratos?717bebb848487d0043bcf96f683c239a6a65d5b7ae6691e0f038cdbfd9d2118efef3965db425d81c9f8238490b010f0303e76fa4c93867a49c680477d95ee26f2425bd9ebf8c7e0ee4f607647ba44497f7eb8568eefe6ae614febe96dd09bea3e7e35af61d80ae3dd79f9cbe4e2a556d7a023861ed9f090652062a4d190a3c60,gx-no-cache=1488393125450 HTTP/1.1" 200 50
186.79.41.237 - - [01/Mar/2017:15:30:57 -0300] "GET /cormun/servlet/solicitudotcontratos?717bebb848487d0043bcf96f683c239a463ab801bbacfcc601915a08d92fcab579b5f18c5cdc4847205fb0551d246a90,gx-no-cache=1488393125567 HTTP/1.1" 200 30
186.79.41.237 - - [01/Mar/2017:15:30:57 -0300] "GET /cormun/servlet/solicitudotcontratos?717bebb848487d0043bcf96f683c239a5a7257658805706840425a2624818fe21f8df1118409ee8f165812da3109edfe78d5b553f8e7f7bfd07edf567ac5c38d60a18215e7ffe0f99d3bd5084042905fc6c932e0ca25109fa3181a2ebdaacbb8f08d2bcc5f6967ddeede27f83805c887,gx-no-cache=1488393125678 HTTP/1.1" 200 30
186.79.41.237 - - [01/Mar/2017:15:30:57 -0300] "GET /cormun/servlet/solicitudotcontratos?717bebb848487d0043bcf96f683c239a86abe6021f205770d8551c8c5b1cfba2d45c7ec67dc1c16118a3bbbcdaebbb67ebc81d3179e45f6873dc51e113e39f9c52679896301339748790eca601bdb3121c65f58629a37619a91f236c0e0b0f52dd3afd2f613339760c0dd74e657c943bb98caed38e9fc01f154518dec66d7fc23518dd1ef15f546aa0ea0403d1c5fb10117cdcc9784ff32675c81b250c9dc2b6cc802b0d010fa016a9ddcc448d269cfb2c70d2c27229cb7db37f0e4b7bb2bc1069e0da20b2f49e9efceac85a273761a15acaf0ada6d4ccc4b474e7c1d01888e97c26c071f2c6a4d2dd2709e0d7c614fd2bc78d64f89b0e6f50c2ef653098ce5fe4df812ed69ff88c5d54e3adf18477fd592107b3ad6956e57ec1a2a469e4c4d50c0b54c76f0bbb258d063cceb3c32ede46eee7d795583554ccf70c75f3e9a29ab2a1d26c51fdda5e446ca0342a383239d8c0fbf5e45fb3cc0c64c1f39c9766f75aefa57e88e197496bfe67218dbd6705cd7bb43cf9f5d1d9653e755e923458cec32c78d76a0661941257f06fcf63c9137894fc5d66cb19978434f29a91e35b0efd3bd791f4904f61fe8ffc6cc426ce8f944b1fc3c2d9237f7365a92101ad65b16596ff6fc451e567106dee9e90dff71e76f7341f23bf1e331bc8eecc0546d9c70d0fed8261ab6aceb25a423a4596a9647894fc5d66cb19978434f29a91e35b0e4214ad95742e48c327d8d00a52a11e42972147c88912652012e07e17b2add64afb2bb22d6744221f1ce5b98c09e86470e63678e3d5a2446219189a9e0abd2569,gx-no-cache=1488393125811 HTTP/1.1" 200 72
186.103.157.42 - - [01/Mar/2017:15:30:59 -0300] "GET /cormun/servlet/hlogin HTTP/1.1" 200 1725
186.103.157.42 - - [01/Mar/2017:15:30:59 -0300] "GET /cormun/servlet/hlogin HTTP/1.1" 200 1733
186.79.41.237 - - [01/Mar/2017:15:31:01 -0300] "POST /cormun/servlet/solicitudotcontratos?673a5fe467042e63bb05b68a62ab9c75,INS,2017,0,11079118,6,6,2016,3296,NADA,201701,4,B,,gx-no-cache=1488393129149 HTTP/1.1" 200 10399
190.101.9.138 - - [01/Mar/2017:15:31:03 -0300] "POST /cormun/servlet/trautorizarsolicitud?7aa0e143202f0a3be103e155dfb03dee,gx-no-cache=1488393135479 HTTP/1.1" 200 115
190.101.9.138 - - [01/Mar/2017:15:31:03 -0300] "GET /cormun/servlet/solicitudotlog?INS,2017,4949,0,REC, HTTP/1.1" 200 5696
190.101.9.138 - - [01/Mar/2017:15:31:03 -0300] "GET /cormun/servlet/solicitudotlog?INS,2017,4949,0,REC, HTTP/1.1" 200 5696
190.101.9.138 - - [01/Mar/2017:15:31:04 -0300] "GET /cormun/servlet/solicitudotlog?68f10717373f2cacb74759d1aeed82e35b1bde80da3671bccd646e97606cdbf08549f4293f901f81c5e044b0ff4869c9c55702ddccad8fe9812edad6d64f01454a0a3efcf57cf2891b2bcdaad3b256c499fef41b36622ea6fa9d6bc83594cb43fb33f2f02a04a7e4ef3257160e2a84f6de3edfa93aac4bf2b35915e5f3e944eaff2c5e2292be3ca1fecf08eb71621745f26cebc2ffcd4b46fd25d26a78a832c4,gx-no-cache=1488393136766 HTTP/1.1" 200 94
186.103.157.42 - - [01/Mar/2017:15:31:05 -0300] "POST /cormun/servlet/hlogin?9981b113ba3e4ce259bb6b53d6b840e0,gx-no-cache=1488393004260 HTTP/1.1" 200 90
186.103.157.42 - - [01/Mar/2017:15:31:05 -0300] "GET /cormun/servlet/hpexe_link HTTP/1.1" 200 956
186.103.157.42 - - [01/Mar/2017:15:31:05 -0300] "GET /cormun/servlet/hhome HTTP/1.1" 200 4046
186.103.157.42 - - [01/Mar/2017:15:31:06 -0300] "GET /cormun/servlet/hhome HTTP/1.1" 200 4042
186.103.159.188 - - [01/Mar/2017:15:31:17 -0300] "POST /cormun/servlet/hlogin?9e6e45ada3b566be3db79f072927bedb,gx-no-cache=1488393149226 HTTP/1.1" 200 90
186.103.159.188 - - [01/Mar/2017:15:31:17 -0300] "GET /cormun/servlet/hpexe_link HTTP/1.1" 200 957
186.103.159.188 - - [01/Mar/2017:15:31:18 -0300] "GET /cormun/servlet/hhome HTTP/1.1" 200 3777
186.103.159.188 - - [01/Mar/2017:15:31:18 -0300] "GET /cormun/servlet/hhome HTTP/1.1" 200 3773
186.103.159.188 - - [01/Mar/2017:15:31:21 -0300] "GET /cormun/servlet/trsolicitudot? HTTP/1.1" 200 6735
186.103.159.188 - - [01/Mar/2017:15:31:21 -0300] "GET /cormun/servlet/trsolicitudot? HTTP/1.1" 200 6734
190.101.9.138 - - [01/Mar/2017:15:31:25 -0300] "POST /cormun/servlet/solicitudotlog?7aa0e143202f0a3be103e155dfb03dee,INS,2017,4949,0,REC,,gx-no-cache=1488393157949 HTTP/1.1" 200 93
190.101.9.138 - - [01/Mar/2017:15:31:25 -0300] "GET /cormun/servlet/hpexe_return? HTTP/1.1" 200 1045
190.101.9.138 - - [01/Mar/2017:15:31:26 -0300] "GET /cormun/servlet/trautorizarsolicitud?gx-no-cache=1488393101806 HTTP/1.1" 200 10387
190.101.9.138 - - [01/Mar/2017:15:31:26 -0300] "GET /cormun/servlet/trautorizarsolicitud?gx-no-cache=1488393101806 HTTP/1.1" 200 10404
186.103.159.188 - - [01/Mar/2017:15:31:31 -0300] "GET /cormun/servlet/solicitudot?INS,0,0, HTTP/1.1" 200 12582
186.103.159.188 - - [01/Mar/2017:15:31:32 -0300] "GET /cormun/servlet/solicitudot?INS,0,0, HTTP/1.1" 200 12587
186.79.41.237 - - [01/Mar/2017:15:31:37 -0300] "GET /cormun/servlet/trcontratosolicitud HTTP/1.1" 200 13238
186.79.41.237 - - [01/Mar/2017:15:31:38 -0300] "GET /cormun/servlet/trcontratosolicitud HTTP/1.1" 200 13241
186.103.157.42 - - [01/Mar/2017:15:31:55 -0300] "GET /cormun/servlet/trsolicitudot? HTTP/1.1" 200 7021
186.103.157.42 - - [01/Mar/2017:15:31:55 -0300] "GET /cormun/servlet/trsolicitudot? HTTP/1.1" 200 7021
186.103.157.42 - - [01/Mar/2017:15:32:12 -0300] "GET /cormun/static/menuarrow.gif HTTP/1.1" 404 1015
186.103.157.42 - - [01/Mar/2017:15:32:20 -0300] "POST /cormun/servlet/trsolicitudot?9981b113ba3e4ce259bb6b53d6b840e0,,gx-no-cache=1488393078507 HTTP/1.1" 200 10706
186.79.41.237 - - [01/Mar/2017:15:32:46 -0300] "GET /cormun/servlet/solicitudotcontratos?INS,2017,0,12911639,0,6,2016,3968,LEY+SEP,201701,4,B, HTTP/1.1" 200 9537
186.79.41.237 - - [01/Mar/2017:15:32:46 -0300] "GET /cormun/servlet/solicitudotcontratos?INS,2017,0,12911639,0,6,2016,3968,LEY+SEP,201701,4,B, HTTP/1.1" 200 9571
186.79.41.237 - - [01/Mar/2017:15:32:47 -0300] "GET /cormun/servlet/solicitudotcontratos?717bebb848487d0043bcf96f683c239a52ebf0b95166b82ad3981c5f0b4a8c736ec2efeb5b607068ab2093adfed62bbc,gx-no-cache=1488393235759 HTTP/1.1" 200 30
186.79.41.237 - - [01/Mar/2017:15:32:47 -0300] "GET /cormun/servlet/solicitudotcontratos?717bebb848487d0043bcf96f683c239a6a65d5b7ae6691e0f038cdbfd9d2118efef3965db425d81c9f8238490b010f0303e76fa4c93867a49c680477d95ee26f2425bd9ebf8c7e0ee4f607647ba44497f7eb8568eefe6ae614febe96dd09bea3e7e35af61d80ae3dd79f9cbe4e2a556d7a023861ed9f090652062a4d190a3c60,gx-no-cache=1488393235862 HTTP/1.1" 200 50
186.79.41.237 - - [01/Mar/2017:15:32:47 -0300] "GET /cormun/servlet/solicitudotcontratos?717bebb848487d0043bcf96f683c239a6c57c8d65cba5d9253dc21a5dcdad140dbb3f171169df72cde6d257b348e9b72,gx-no-cache=1488393235937 HTTP/1.1" 200 30
186.79.41.237 - - [01/Mar/2017:15:32:47 -0300] "GET /cormun/servlet/solicitudotcontratos?717bebb848487d0043bcf96f683c239a5a7257658805706840425a2624818fe21f8df1118409ee8f165812da3109edfe78d5b553f8e7f7bfd07edf567ac5c38d60a18215e7ffe0f99d3bd5084042905fc6c932e0ca25109fa3181a2ebdaacbb8f08d2bcc5f6967ddeede27f83805c887,gx-no-cache=1488393236035 HTTP/1.1" 200 30
186.79.41.237 - - [01/Mar/2017:15:32:47 -0300] "GET /cormun/servlet/solicitudotcontratos?717bebb848487d0043bcf96f683c239a86abe6021f205770d8551c8c5b1cfba2d45c7ec67dc1c16118a3bbbcdaebbb671ff67ecbc8d8b733a7649a4f0dd680cf78d5b553f8e7f7bfd07edf567ac5c38da3b5a0ae81003331366c4c23ada42fbf22f76b970859006d89c6b9768d5a2bc7af94753e315604a623c18cd4308ee2fa9ab2a70251d024ecd90a92b292387883f03e0055083c2ad11bd54cf2a79bc72a1ff67ecbc8d8b733a7649a4f0dd680cfc46f4626c0ed9339dbd5f1620bf6d59fc1da9a121cebf8dad6414adcbd8710123cce63ec2498550aa76eecc9f72ce1900df2019b0c88bacb4f0382b12a6ed4f4072a72b50e7ae5840efa99123919f3bcfca3f1b4c526e917b454971819da279346eee7d795583554ccf70c75f3e9a29a8f1e81cec962c0a83cf8939793cb3caa75ebf85c932d5867a6219df66472eb98fa2c0297087a6af2132270e09aa34724e09900d04501f14a0001ac4dbc86cee417631ee8845b9c86856c85958af0e011fc92adf2f1bdde2ae5ed47ecbc5ca5f17c2b74af0310508fa63e649fddf94fbc6b93651db1fe1df52d3bb1a7d78bed4a630ca4dc00ee1d7173abf1dc3a6a614530fe3973f888fb6cb83ef6a9dce6e9fa2caa62c1eeadc71b4ffbde3bfc08b667b29965cdf548f17232fae0d6f9fe7767cb58a43dec5c419e44ffe678dce05362c7f61f933dd80d7cd1aaf53396bc7c53bfc5d04ac129a083142fba2fa79204c04e1b49b441475da0f7ab5631517ed346590f78b3d0c1bfe1292a1497215ac1bc047fd0204ec957bf2bcf4f4949d1e2e5,gx-no-cache=1488393236119 HTTP/1.1" 200 79
186.103.157.42 - - [01/Mar/2017:15:32:54 -0300] "POST /cormun/servlet/trsolicitudot?9981b113ba3e4ce259bb6b53d6b840e0,,gx-no-cache=1488393112912 HTTP/1.1" 200 6839
190.101.9.138 - - [01/Mar/2017:15:33:13 -0300] "POST /cormun/servlet/solicitudot?gx-no-cache=1488393264425 HTTP/1.1" 200 3156
190.101.9.138 - - [01/Mar/2017:15:33:13 -0300] "POST /cormun/servlet/solicitudot?9e6e45ada3b566be3db79f072927bedb,INS,0,0,,gx-no-cache=1488393264690 HTTP/1.1" 200 9763
190.101.9.138 - - [01/Mar/2017:15:33:18 -0300] "GET /cormun/servlet/solicitudot?e0c8e3e4fbb7b8ed51c1b104e10ede6b5afe6e12bbf0d96d009633ff00d3b1ccb9d7f570df6b69927494d1eb61383843,gx-no-cache=1488393269776 HTTP/1.1" 200 30
190.101.9.138 - - [01/Mar/2017:15:33:18 -0300] "POST /cormun/servlet/solicitudot?gx-no-cache=1488393269869 HTTP/1.1" 200 255
190.101.9.138 - - [01/Mar/2017:15:33:18 -0300] "GET /cormun/servlet/solicitudot?e0c8e3e4fbb7b8ed51c1b104e10ede6ba338df5f61488f667f03f5d87137499b59297a6ab6ba3720d8af771bb7ff13df356b20caaff3504f279cd1fd50b7839d9e8ebd656f0bf5749a1d352641e579d907d7bdf68b35c837c82586a49de307b6ea0c7498fccae5c0621356cc50e56650b20f796f1f41671625d5f7ac1403ce5074649c298f6e6edc9c661034f57721b58bcf8e38dc91dbd52f05f88fb8dbd23a53e97baef18c371b8440ac5fbc51853b163eaf516d909b7b6701a2f7f52d23bc47cdd7c5f1ba50663c7588a1f39f3a2e2e470c7241f0b9228535166a246874c99f801a00df04f4c03bd77528e87cd62c2367e6f675456290165f030e0202ff42890d9b4be5e7c4bf54169b98f40a5490930adcdb3becd4f492aaffd36f99cb9b21a9c62f25dac6515bb6b2888c51f11ac427e91163701946a74ef31e105df15fa8f4ceb71855677f95159b54b9872e070b4d976fc3a44a4998d7f0caaed6754acbfb99c77ed0dc26bfbc2bb12eacf03609942d47f78e0ae384296fc539f1e7a8,gx-no-cache=1488393269979 HTTP/1.1" 200 30
186.79.41.237 - - [01/Mar/2017:15:33:30 -0300] "GET /cormun/servlet/trcontratosolicitud HTTP/1.1" 200 13236
186.79.41.237 - - [01/Mar/2017:15:33:31 -0300] "GET /cormun/servlet/trcontratosolicitud HTTP/1.1" 200 13237
186.103.159.188 - - [01/Mar/2017:15:33:33 -0300] "POST /cormun/servlet/trautorizarsolicitud?7aa0e143202f0a3be103e155dfb03dee,gx-no-cache=1488393101806,gx-no-cache=1488393285282 HTTP/1.1" 200 7217
186.103.159.188 - - [01/Mar/2017:15:33:33 -0300] "GET /cormun/static/Shared/jqueryui/images/ui-bg_highlight-soft_100_c6c2c8_1x100.png HTTP/1.1" 404 1117
186.103.159.188 - - [01/Mar/2017:15:33:33 -0300] "GET /cormun/static/Shared/jqueryui/images/ui-icons_82798d_256x240.png HTTP/1.1" 404 1089
186.103.159.188 - - [01/Mar/2017:15:33:33 -0300] "GET /cormun/static/Shared/jqueryui/images/ui-icons_8d78a5_256x240.png HTTP/1.1" 404 1089
190.101.9.138 - - [01/Mar/2017:15:33:33 -0300] "GET /cormun/static/Shared/jqueryui/images/ui-bg_flat_55_fafafa_40x100.png HTTP/1.1" 404 1097
186.103.159.188 - - [01/Mar/2017:15:33:33 -0300] "POST /cormun/servlet/trautorizarsolicitud?7aa0e143202f0a3be103e155dfb03dee,gx-no-cache=1488393101806,gx-no-cache=1488393285701 HTTP/1.1" 200 7161
201.214.54.252 - - [01/Mar/2017:15:34:18 -0300] "POST /cormun/servlet/trsolicitudot?58414707469a5f809824105569844a64,,gx-no-cache=1488393409723 HTTP/1.1" 200 4175
186.103.159.188 - - [01/Mar/2017:15:34:19 -0300] "POST /cormun/servlet/trautorizarsolicitud?7aa0e143202f0a3be103e155dfb03dee,gx-no-cache=1488393101806,gx-no-cache=1488393331847 HTTP/1.1" 200 6938
186.103.159.188 - - [01/Mar/2017:15:34:20 -0300] "POST /cormun/servlet/trautorizarsolicitud?7aa0e143202f0a3be103e155dfb03dee,gx-no-cache=1488393101806,gx-no-cache=1488393332367 HTTP/1.1" 200 6882
186.103.159.188 - - [01/Mar/2017:15:34:24 -0300] "POST /cormun/servlet/trautorizarsolicitud?7aa0e143202f0a3be103e155dfb03dee,gx-no-cache=1488393101806,gx-no-cache=1488393336775 HTTP/1.1" 200 6690
186.103.159.188 - - [01/Mar/2017:15:34:24 -0300] "POST /cormun/servlet/trautorizarsolicitud?7aa0e143202f0a3be103e155dfb03dee,gx-no-cache=1488393101806,gx-no-cache=1488393337143 HTTP/1.1" 200 6634
201.214.54.252 - - [01/Mar/2017:15:34:27 -0300] "POST /cormun/servlet/trsolicitudot?58414707469a5f809824105569844a64,,gx-no-cache=1488393418384 HTTP/1.1" 200 4175
201.214.54.252 - - [01/Mar/2017:15:34:29 -0300] "POST /cormun/servlet/trsolicitudot?58414707469a5f809824105569844a64,,gx-no-cache=1488393420685 HTTP/1.1" 200 4175
186.103.157.42 - - [01/Mar/2017:15:34:31 -0300] "GET /cormun/servlet/solicitudot?INS,0,0, HTTP/1.1" 200 12850
186.103.157.42 - - [01/Mar/2017:15:34:31 -0300] "GET /cormun/servlet/solicitudot?INS,0,0, HTTP/1.1" 200 12855
186.103.157.42 - - [01/Mar/2017:15:34:42 -0300] "POST /cormun/servlet/solicitudot?gx-no-cache=1488393220812 HTTP/1.1" 200 3186
186.103.157.42 - - [01/Mar/2017:15:34:42 -0300] "POST /cormun/servlet/solicitudot?9981b113ba3e4ce259bb6b53d6b840e0,INS,0,0,,gx-no-cache=1488393221005 HTTP/1.1" 200 9977
186.103.157.42 - - [01/Mar/2017:15:34:50 -0300] "GET /cormun/servlet/solicitudot?8c3d490f35e13410b8749ff68ce20a5c121c0dffe300058d1782ed4ae828d7109838bed6fb679749dad26f09d7572b45,gx-no-cache=1488393229334 HTTP/1.1" 200 30
186.103.157.42 - - [01/Mar/2017:15:34:50 -0300] "POST /cormun/servlet/solicitudot?gx-no-cache=1488393229371 HTTP/1.1" 200 240
186.103.157.42 - - [01/Mar/2017:15:34:50 -0300] "GET /cormun/servlet/solicitudot?8c3d490f35e13410b8749ff68ce20a5c7eb522c8602669d248ccf4ad21696a8dc7ed0ad607a9dfd0502372d22a0904c0dcc5c49e3834d1d44a1b205c575b46d89e2001943435f806760e544ce270fbb7af1a97955428b8b025a767c7717de7fb054be6b223aff39ce7c592ff2ec8eeff6fd26189dcc17c0d031ee354532085ba3c4470173d001cfe53b9d0b72906bf01e56b4184ae8cac69f2cb6f7111e67cf9622f87205b250ff81e9a1543c49bff9b6aed015504d6a91ef14c14c48edecbccb46c790a122b9868eb2b0824c1d2fd5573849d5bcc0ef208c71cedfbc82aa16e01af0442683315ab61b05d3c723a20a5192d61f5f0a9687e0704fa9bb9edb190abace3143558845c15f2f71f4965fed55b0200e37b501648ffcab2ea58425f0a8c6b7cb2068bcf6e57476a2361a6b174d047a55868ebe74351192e328d3519b651499d691e7fbca83fce86e2833e85b03d8f71693fd9ef3824c11bddad77807577c618c5c6e5f6fa712ed37caadb93a024a0c16521edadb51d2a4f70ef807ce9,gx-no-cache=1488393229409 HTTP/1.1" 200 30
186.103.157.42 - - [01/Mar/2017:15:34:57 -0300] "POST /cormun/servlet/solicitudot?gx-no-cache=1488393235935 HTTP/1.1" 200 30
186.103.157.42 - - [01/Mar/2017:15:34:57 -0300] "POST /cormun/servlet/solicitudot?gx-no-cache=1488393235970 HTTP/1.1" 200 1292
186.103.157.42 - - [01/Mar/2017:15:34:57 -0300] "POST /cormun/servlet/solicitudot?gx-no-cache=1488393236026 HTTP/1.1" 200 38
186.103.157.42 - - [01/Mar/2017:15:35:12 -0300] "POST /cormun/servlet/solicitudot?9981b113ba3e4ce259bb6b53d6b840e0,INS,0,0,,gx-no-cache=1488393251246 HTTP/1.1" 200 11283
186.103.157.42 - - [01/Mar/2017:15:35:12 -0300] "GET /cormun/static/Shared/jqueryui/images/ui-bg_highlight-soft_100_c6c2c8_1x100.png HTTP/1.1" 404 1117
186.103.157.42 - - [01/Mar/2017:15:35:12 -0300] "GET /cormun/static/Shared/jqueryui/images/ui-bg_flat_55_994d53_40x100.png HTTP/1.1" 404 1097
186.103.157.42 - - [01/Mar/2017:15:35:12 -0300] "GET /cormun/static/Shared/jqueryui/images/ui-icons_82798d_256x240.png HTTP/1.1" 404 1089
186.103.157.42 - - [01/Mar/2017:15:35:12 -0300] "GET /cormun/static/Shared/jqueryui/images/ui-icons_ebccce_256x240.png HTTP/1.1" 404 1089
186.79.41.237 - - [01/Mar/2017:15:35:44 -0300] "GET /cormun/servlet/solicitudotcontratos?INS,2017,0,9947346,0,6,2016,1666,INTEGRACION,201701,3,B, HTTP/1.1" 200 9536
186.79.41.237 - - [01/Mar/2017:15:35:45 -0300] "GET /cormun/servlet/solicitudotcontratos?INS,2017,0,9947346,0,6,2016,1666,INTEGRACION,201701,3,B, HTTP/1.1" 200 9567
186.79.41.237 - - [01/Mar/2017:15:35:45 -0300] "GET /cormun/servlet/solicitudotcontratos?717bebb848487d0043bcf96f683c239a2ff459e8408805188bb134f72e45f15fb5687a1e568979ec6768bd1fd665c110,gx-no-cache=1488393414221 HTTP/1.1" 200 30
186.79.41.237 - - [01/Mar/2017:15:35:45 -0300] "GET /cormun/servlet/solicitudotcontratos?717bebb848487d0043bcf96f683c239a6a65d5b7ae6691e0f038cdbfd9d2118efef3965db425d81c9f8238490b010f0303e76fa4c93867a49c680477d95ee26f2425bd9ebf8c7e0ee4f607647ba44497f7eb8568eefe6ae614febe96dd09bea3e7e35af61d80ae3dd79f9cbe4e2a556d7a023861ed9f090652062a4d190a3c60,gx-no-cache=1488393414334 HTTP/1.1" 200 50
186.79.41.237 - - [01/Mar/2017:15:35:45 -0300] "GET /cormun/servlet/solicitudotcontratos?717bebb848487d0043bcf96f683c239ae8e00647dd7f970cac0d150d14251bfb708f50c7a383275099941f4376416c76,gx-no-cache=1488393414423 HTTP/1.1" 200 30
186.79.41.237 - - [01/Mar/2017:15:35:46 -0300] "GET /cormun/servlet/solicitudotcontratos?717bebb848487d0043bcf96f683c239a5a7257658805706840425a2624818fe21f8df1118409ee8f165812da3109edfe78d5b553f8e7f7bfd07edf567ac5c38d60a18215e7ffe0f99d3bd5084042905fc6c932e0ca25109fa3181a2ebdaacbb8f08d2bcc5f6967ddeede27f83805c887,gx-no-cache=1488393414498 HTTP/1.1" 200 30
186.79.41.237 - - [01/Mar/2017:15:35:46 -0300] "GET /cormun/servlet/solicitudotcontratos?717bebb848487d0043bcf96f683c239a86abe6021f205770d8551c8c5b1cfba2d45c7ec67dc1c16118a3bbbcdaebbb67613f1ebea01025607ad25b181a01a0c170440f49418a0f870a33202d286cceaf052428f956d6f2dbdd19d67d5f83fed5a0d976b14c92bd0cd5116bcad603df5d113275e7509f3879d99a3123d08ddab8f3528fda9409bf34b98a69ca09e3435ffc0e0f507e34544c85f6ae4f2579621d957ef4c814bf026c45a89fda386c1e0e67f5801673e4b65d27c7670896af0ca4b577d45fd0139040220a733b376906002b91722fc30ddda87aa40aebfa7e1b5f6dbbcd23d3381ede25d2e2ace62da9a3a01eba1d2a609da898f04f15eb3b9d11afef82abc37bd6ec8200912e4d892d6c8db18b6a4c0b84478930f7519b529086659de7eca4ef03a1d2a5d150d01d03c38012afd89f63fe5c37965e5e807fc67164a50b451532dfbc1d66d83ded7c1f9d0a8278208d5e4c29844cad4d6f8a728e651db69d64fe781910c976238fd5610e777f12fc49f6a10daca393e460ba84c93fed692d3ab76da171fb43ab5e043fd7485f07383cf94350073e3618353a7e4983b19c654ac76688b49bad7220bf1481475155ca8256f48bbcf544c30aafdfb0881f5f37080699b5d303e923d782051d27c16840f6895f9e35d83dc4515532f255296288a6c5fba2773aab1860c59458e6a7462a788cdf2e74a1459fa4fee1189a5e6f638a7c7d5e10094f4dc492d5e56751f25885674269948ce6de1852aac892ec70c8a11dc466b3cc0e95a8624b459f78e6fbe4d7a2fa1b04d36f2745ed9f,gx-no-cache=1488393414580 HTTP/1.1" 200 83
186.79.41.237 - - [01/Mar/2017:15:36:00 -0300] "GET /cormun/servlet/trcontratosolicitud? HTTP/1.1" 200 13236
186.79.41.237 - - [01/Mar/2017:15:36:01 -0300] "GET /cormun/servlet/trcontratosolicitud? HTTP/1.1" 200 13225
186.103.157.42 - - [01/Mar/2017:15:36:20 -0300] "POST /cormun/servlet/solicitudot?gx-no-cache=1488393319055 HTTP/1.1" 200 30
186.103.157.42 - - [01/Mar/2017:15:36:20 -0300] "POST /cormun/servlet/solicitudot?gx-no-cache=1488393319178 HTTP/1.1" 200 1292
186.103.157.42 - - [01/Mar/2017:15:36:20 -0300] "POST /cormun/servlet/solicitudot?gx-no-cache=1488393319277 HTTP/1.1" 200 38
186.103.157.42 - - [01/Mar/2017:15:36:28 -0300] "GET /cormun/servlet/solicitudot?8c3d490f35e13410b8749ff68ce20a5cdebc9b5b972762201f9257713e712633c71a2243b67de1fe853e5f66dff638a44b582449565082c713cfcd288cbb57fd7be02d54dbb4158d95d0d534d6045a4c72d076acf6ecaad0220117ddfa235f635ff5e37b02fdbbf3e432e0d27f83a39fca312cdd5c7c16af935c6c641604072fa05ded8e2dde99aedfe55d6a88f8c7682bb6286c847304b37fbb265dffdc4bb3,gx-no-cache=1488393326941 HTTP/1.1" 200 29
186.103.157.42 - - [01/Mar/2017:15:36:36 -0300] "POST /cormun/servlet/solicitudot?gx-no-cache=1488393335225 HTTP/1.1" 200 1275
186.103.157.42 - - [01/Mar/2017:15:36:36 -0300] "POST /cormun/servlet/solicitudot?gx-no-cache=1488393335327 HTTP/1.1" 200 1157
186.103.157.42 - - [01/Mar/2017:15:36:36 -0300] "GET /cormun/static/menuarrow.gif HTTP/1.1" 404 1015
186.103.157.42 - - [01/Mar/2017:15:36:39 -0300] "POST /cormun/servlet/solicitudot?gx-no-cache=1488393337249 HTTP/1.1" 200 1275
186.103.157.42 - - [01/Mar/2017:15:36:39 -0300] "POST /cormun/servlet/solicitudot?gx-no-cache=1488393337733 HTTP/1.1" 200 1157
186.103.157.42 - - [01/Mar/2017:15:36:51 -0300] "GET /cormun/servlet/solicitudot?8c3d490f35e13410b8749ff68ce20a5c526dbf695481826a466267b0991ed7789cd72da20dd222794fadcb813bc3424e42919d3d806a73a3274a5964b00b43ba0a0ae3d297bbf05fef553518375d6bd3c9ace654ccf0d6dc091f2e0e346a0f78b4e0953a131d0312aed1968530a0a159ff8294faa749a7c000ce2d113fc934f60c5ba3a10c27f3f69064c01fc8bc82b2bbaf45c4680edde463b48c67821c5d11b2f031b7d0c2f9f66a72d68bcb424142,gx-no-cache=1488393349538 HTTP/1.1" 200 30
186.103.157.42 - - [01/Mar/2017:15:37:12 -0300] "POST /cormun/servlet/solicitudot?9981b113ba3e4ce259bb6b53d6b840e0,INS,0,0,,gx-no-cache=1488393369930 HTTP/1.1" 200 93
186.103.157.42 - - [01/Mar/2017:15:37:12 -0300] "GET /cormun/servlet/hpexe_return? HTTP/1.1" 200 1008
186.103.157.42 - - [01/Mar/2017:15:37:12 -0300] "GET /cormun/static/gxcfg.js?2016101716175148 HTTP/1.1" 200 953
186.103.157.42 - - [01/Mar/2017:15:37:12 -0300] "GET /cormun/static/hpexe_return.js?2016101716175153 HTTP/1.1" 304 -
186.103.157.42 - - [01/Mar/2017:15:37:13 -0300] "GET /cormun/servlet/trsolicitudot? HTTP/1.1" 200 9703
186.103.157.42 - - [01/Mar/2017:15:37:14 -0300] "GET /cormun/servlet/trsolicitudot? HTTP/1.1" 200 9699
186.103.157.42 - - [01/Mar/2017:15:37:22 -0300] "POST /cormun/servlet/trsolicitudot?9981b113ba3e4ce259bb6b53d6b840e0,,gx-no-cache=1488393380925 HTTP/1.1" 200 5460
186.103.159.188 - - [01/Mar/2017:15:37:39 -0300] "GET /cormun/servlet/trsolicitudot? HTTP/1.1" 200 8037
186.103.159.188 - - [01/Mar/2017:15:37:39 -0300] "GET /cormun/servlet/trsolicitudot? HTTP/1.1" 200 8036
186.103.159.188 - - [01/Mar/2017:15:37:51 -0300] "POST /cormun/servlet/trsolicitudot?9e6e45ada3b566be3db79f072927bedb,,gx-no-cache=1488393542567 HTTP/1.1" 200 106
186.103.159.188 - - [01/Mar/2017:15:37:51 -0300] "GET /cormun/servlet/solicitudot?UPD,2017,4949, HTTP/1.1" 200 14253
186.103.159.188 - - [01/Mar/2017:15:37:52 -0300] "GET /cormun/servlet/solicitudot?UPD,2017,4949, HTTP/1.1" 200 14262
186.103.159.188 - - [01/Mar/2017:15:37:52 -0300] "POST /cormun/servlet/solicitudot?gx-no-cache=1488393544033 HTTP/1.1" 200 3197
186.103.159.188 - - [01/Mar/2017:15:37:53 -0300] "POST /cormun/servlet/solicitudot?9e6e45ada3b566be3db79f072927bedb,UPD,2017,4949,,gx-no-cache=1488393544283 HTTP/1.1" 200 10856
186.103.159.188 - - [01/Mar/2017:15:37:53 -0300] "GET /cormun/servlet/solicitudot?e0c8e3e4fbb7b8ed51c1b104e10ede6ba36a8dde4cf4b3e8703baba5a80dab0e8237230f8b6a7f9ff650d921ba26fc37,gx-no-cache=1488393544486 HTTP/1.1" 200 30
186.103.159.188 - - [01/Mar/2017:15:37:53 -0300] "POST /cormun/servlet/solicitudot?gx-no-cache=1488393544579 HTTP/1.1" 200 238
186.103.159.188 - - [01/Mar/2017:15:37:53 -0300] "GET /cormun/servlet/solicitudot?e0c8e3e4fbb7b8ed51c1b104e10ede6ba338df5f61488f667f03f5d87137499b114a1e540b26b94d946f3f5d944e25e1356b20caaff3504f279cd1fd50b7839d9e8ebd656f0bf5749a1d352641e579d907d7bdf68b35c837c82586a49de307b6ea0c7498fccae5c0621356cc50e56650b20f796f1f41671625d5f7ac1403ce5074649c298f6e6edc9c661034f57721b58bcf8e38dc91dbd52f05f88fb8dbd23a53e97baef18c371b8440ac5fbc51853b163eaf516d909b7b6701a2f7f52d23bc47cdd7c5f1ba50663c7588a1f39f3a2e2e470c7241f0b9228535166a246874c99f801a00df04f4c03bd77528e87cd62c2367e6f675456290165f030e0202ff42890d9b4be5e7c4bf54169b98f40a549027bdf4eb26f9b47136e8e28c6814260acb5d5072d1aeb2f4d3a66c2fb7598229834933681bcf0c9d4f5a396ebfe737ee411940a6ebca329a070efa5afb59ec7c7aa9ca9000399ef14c122f6241d2aeabda1bd46c41daeb5be67b992c03eaf9cc041e86e86295e9bf0f6ede5ac441e9c9,gx-no-cache=1488393544673 HTTP/1.1" 200 30
186.103.159.188 - - [01/Mar/2017:15:37:53 -0300] "POST /cormun/servlet/solicitudot?gx-no-cache=1488393545047 HTTP/1.1" 200 30
186.103.159.188 - - [01/Mar/2017:15:37:53 -0300] "POST /cormun/servlet/solicitudot?gx-no-cache=1488393545125 HTTP/1.1" 200 1291
186.103.159.188 - - [01/Mar/2017:15:37:53 -0300] "POST /cormun/servlet/solicitudot?gx-no-cache=1488393545281 HTTP/1.1" 200 41
186.103.159.188 - - [01/Mar/2017:15:38:05 -0300] "GET /cormun/servlet/solicitudot?e0c8e3e4fbb7b8ed51c1b104e10ede6be36518f4cdd629ff7cfaf1a74037f3f3306c00f4a8b4e056a5f0a8d484689aaca6e75f2d9e63b48fe8cef870ce5ec1dca1433f6e8442c2e7f220211271255105f8b5cd6a36506f21694d1c5d520bda58d356c324de0e1333055dabf0a34653d99ab678d357dc8c4d5d712ab5959f208729d2b0f4d258014038d43a2132fea18553c2dabe79a93ebc545a8679b285cf4c,gx-no-cache=1488393556498 HTTP/1.1" 200 29
186.103.159.188 - - [01/Mar/2017:15:38:05 -0300] "POST /cormun/servlet/solicitudot?gx-no-cache=1488393556560 HTTP/1.1" 200 1274
186.103.159.188 - - [01/Mar/2017:15:38:05 -0300] "POST /cormun/servlet/solicitudot?gx-no-cache=1488393556685 HTTP/1.1" 200 1157
186.103.159.188 - - [01/Mar/2017:15:38:05 -0300] "GET /cormun/servlet/solicitudot?e0c8e3e4fbb7b8ed51c1b104e10ede6b39082f126bc12f25a41887fc561a78b8f171a99046fe6c311084da6771fb574197cbada391561f4c764ebeb371e857b57db74523241c6450ce849c673ec01f95574f7c1964e6b74d58aa84c9fcc46f61c9c54e062cdb71dd5e55b6d98131eca658daed4e5e5a5fd707ae73ac31aa474d6ee83976508962c63211843aaabe3e6b817010abebbd34b510b94e39ad382f3be4e8343dd79e4c5661f573b8b2cfa431,gx-no-cache=1488393556794 HTTP/1.1" 200 30
186.103.159.188 - - [01/Mar/2017:15:38:05 -0300] "POST /cormun/servlet/solicitudot?9e6e45ada3b566be3db79f072927bedb,UPD,2017,4949,,gx-no-cache=1488393556826 HTTP/1.1" 200 93
186.103.159.188 - - [01/Mar/2017:15:38:05 -0300] "GET /cormun/servlet/hpexe_return? HTTP/1.1" 200 1016
186.103.159.188 - - [01/Mar/2017:15:38:05 -0300] "GET /cormun/servlet/trsolicitudot HTTP/1.1" 200 8039
186.103.159.188 - - [01/Mar/2017:15:38:06 -0300] "GET /cormun/servlet/trsolicitudot HTTP/1.1" 200 8035
186.103.157.42 - - [01/Mar/2017:15:38:31 -0300] "GET /cormun/servlet/solicitudot?INS,0,0, HTTP/1.1" 200 12850
186.103.157.42 - - [01/Mar/2017:15:38:32 -0300] "GET /cormun/servlet/solicitudot?INS,0,0, HTTP/1.1" 200 12855
186.103.159.188 - - [01/Mar/2017:15:38:40 -0300] "GET /cormun/static/menuarrow.gif HTTP/1.1" 404 1015
186.103.157.42 - - [01/Mar/2017:15:38:43 -0300] "POST /cormun/servlet/solicitudot?gx-no-cache=1488393461820 HTTP/1.1" 200 3183
186.103.157.42 - - [01/Mar/2017:15:38:43 -0300] "POST /cormun/servlet/solicitudot?9981b113ba3e4ce259bb6b53d6b840e0,INS,0,0,,gx-no-cache=1488393462109 HTTP/1.1" 200 9956
186.103.157.42 - - [01/Mar/2017:15:39:00 -0300] "GET /cormun/servlet/solicitudot?8c3d490f35e13410b8749ff68ce20a5c63474ca75d022c029e766a8a438529be843137fb81594529495d344292766b1c,gx-no-cache=1488393478935 HTTP/1.1" 200 30
186.103.157.42 - - [01/Mar/2017:15:39:00 -0300] "POST /cormun/servlet/solicitudot?gx-no-cache=1488393479028 HTTP/1.1" 200 240
186.103.157.42 - - [01/Mar/2017:15:39:00 -0300] "GET /cormun/servlet/solicitudot?8c3d490f35e13410b8749ff68ce20a5c7eb522c8602669d248ccf4ad21696a8dc7ed0ad607a9dfd0502372d22a0904c0dcc5c49e3834d1d44a1b205c575b46d89e2001943435f806760e544ce270fbb7af1a97955428b8b025a767c7717de7fb054be6b223aff39ce7c592ff2ec8eeff6fd26189dcc17c0d031ee354532085ba3c4470173d001cfe53b9d0b72906bf01e56b4184ae8cac69f2cb6f7111e67cf9622f87205b250ff81e9a1543c49bff9b6aed015504d6a91ef14c14c48edecbccb46c790a122b9868eb2b0824c1d2fd5573849d5bcc0ef208c71cedfbc82aa16e01af0442683315ab61b05d3c723a20a5192d61f5f0a9687e0704fa9bb9edb190abace3143558845c15f2f71f4965fed55b0200e37b501648ffcab2ea58425f0a8c6b7cb2068bcf6e57476a2361a6b174d047a55868ebe74351192e328d3519b651499d691e7fbca83fce86e2833e85b03d8f71693fd9ef3824c11bddad77807577c618c5c6e5f6fa712ed37caadb93a024a0c16521edadb51d2a4f70ef807ce9,gx-no-cache=1488393479447 HTTP/1.1" 200 30
186.103.157.42 - - [01/Mar/2017:15:39:00 -0300] "POST /cormun/servlet/solicitudot?gx-no-cache=1488393479477 HTTP/1.1" 200 30
186.103.157.42 - - [01/Mar/2017:15:39:01 -0300] "POST /cormun/servlet/solicitudot?gx-no-cache=1488393479550 HTTP/1.1" 200 1291
186.103.157.42 - - [01/Mar/2017:15:39:01 -0300] "POST /cormun/servlet/solicitudot?gx-no-cache=1488393479634 HTTP/1.1" 200 38
186.79.41.237 - - [01/Mar/2017:15:39:17 -0300] "GET /cormun/servlet/hlogin HTTP/1.1" 200 1717
186.79.41.237 - - [01/Mar/2017:15:39:20 -0300] "POST /cormun/servlet/hlogin?6c0eb8d8e4754480ec10566af5b47f6d,gx-no-cache=1488393628786 HTTP/1.1" 200 90
186.79.41.237 - - [01/Mar/2017:15:39:22 -0300] "GET /cormun/servlet/hpexe_link HTTP/1.1" 200 952
186.79.41.237 - - [01/Mar/2017:15:39:22 -0300] "GET /cormun/servlet/hhome HTTP/1.1" 200 3959
186.79.41.237 - - [01/Mar/2017:15:39:23 -0300] "GET /cormun/servlet/hhome HTTP/1.1" 200 3955
186.79.41.237 - - [01/Mar/2017:15:39:27 -0300] "GET /cormun/servlet/trcontratosolicitud? HTTP/1.1" 200 13243
186.79.41.237 - - [01/Mar/2017:15:39:29 -0300] "GET /cormun/servlet/trcontratosolicitud? HTTP/1.1" 200 13248
186.103.159.188 - - [01/Mar/2017:15:39:46 -0300] "POST /cormun/servlet/trautorizarsolicitud?7aa0e143202f0a3be103e155dfb03dee,gx-no-cache=1488393101806,gx-no-cache=1488393658280 HTTP/1.1" 200 6253
186.79.41.237 - - [01/Mar/2017:15:39:52 -0300] "GET /cormun/servlet/solicitudotcontratos?INS,2017,0,17476807,2,6,2016,3288,LEY+SEP,201701,2,B, HTTP/1.1" 200 9554
186.79.41.237 - - [01/Mar/2017:15:39:53 -0300] "GET /cormun/servlet/solicitudotcontratos?INS,2017,0,17476807,2,6,2016,3288,LEY+SEP,201701,2,B, HTTP/1.1" 200 9588
186.79.41.237 - - [01/Mar/2017:15:39:54 -0300] "GET /cormun/servlet/solicitudotcontratos?d50cf3b555acfc55fb1b10008f2191e214e1a9e18292ef1683045a2ce324dc8fd079893a8a211b3cdd590ac0d7504889,gx-no-cache=1488393662362 HTTP/1.1" 200 30
186.79.41.237 - - [01/Mar/2017:15:39:54 -0300] "GET /cormun/servlet/solicitudotcontratos?d50cf3b555acfc55fb1b10008f2191e28e28eaf6e0964123cac6375852fdcdd2cb96459306ad5f9009f3f5719aa90c9bffb04910a29b8382b71bf46315827774888c1f114c4ff54296bdc81d3c0a8598a81ccb88391f7535a6b6fa2a312bea18b4eb4737d782a139bd03ab24b2ed1b25445d6abc02a3c62ad2981c7363370edb,gx-no-cache=1488393663307 HTTP/1.1" 200 50
186.79.41.237 - - [01/Mar/2017:15:39:55 -0300] "GET /cormun/servlet/solicitudotcontratos?d50cf3b555acfc55fb1b10008f2191e2341a0710b6a25816af8e3fda3768b8a5f92c8ac02c2c886bb08e0c558b43d8ad,gx-no-cache=1488393663547 HTTP/1.1" 200 30
186.79.41.237 - - [01/Mar/2017:15:39:55 -0300] "GET /cormun/servlet/solicitudotcontratos?d50cf3b555acfc55fb1b10008f2191e21817cda94776750beb0d7ac85c47c9f8cb7af0926868247769f2ca94a5fd1fceae4dccb76c5dd85f8be3d9ee4748755d86bc198fd4abf4cf5b8fa109156dce8245a94658630018ec6c4f6d768aed4e5e8cfe33a18607c344aecc0b7cb8e43749,gx-no-cache=1488393663774 HTTP/1.1" 200 30
186.79.41.237 - - [01/Mar/2017:15:39:55 -0300] "GET /cormun/servlet/solicitudotcontratos?d50cf3b555acfc55fb1b10008f2191e2377d2a4c97c4ee8ec6fdaf91a9e8ffeddb76723484ff6df2d02e424c4a003f661e2a752bb6791e9b881809de33c2d0dbae4dccb76c5dd85f8be3d9ee4748755d402673f1769c3d5939f6514abf2069c0cc6ce185966cde95ab49b8fec52fcf439601439035e4ad4dc643aa1c8623711caeb9d0d582013fcd2eedd4d701d40cb4ae31f4c651c21a3557859396db9a76b71e2a752bb6791e9b881809de33c2d0db8349af75943ee607efe4c0b2b9f04895abc6332df4d13e4ba726f33d0f4e19e729329614313a89c50272b496dfe1d119ffa11744d74d1ce64d1b25168c6ea49dd6d24065c37a110f380ac7b30e297bd72cc355690f83dfa328e2dc12b668364853b6ec86eb06284d0b3e7264d2d47f1069cdd5c28e5288934ba252b33f77b9cb2b9d6ceb865226f26fe4928faea5cc6945dab3006219c9f212f95ace35ed100d611bb59b12ccc3b60c4ba5d3efc9ed5d5e247583dfb15fee13283559dc17417562fbf62904cc62b5a75366255d310229547b79bfe9928ace54c575df9e65074023385cac025445f3ff25d112d955525fdd596fdb63740770bcc210576c3bce105b0491773196f12d3fddfc578aa00369edd99938108a6c0f15d581cf7f16908520bd611d1ca01b51477a6d3185ebe4b7e8cd21a9eed38befaf69f936941fc5c378e45f0b41a950e76511099f2976f8573ddca507b78593b688774d36f1a1b1a7fa35e4045eb421b6d217d5a18b0378075c4e232c15a41ecf14bd3ccf163a74883e20cbc06d7849eec010f626f346d980,gx-no-cache=1488393664020 HTTP/1.1" 200 79
200.83.57.219 - - [01/Mar/2017:15:40:01 -0300] "POST /cormun/servlet/solicitudot?gx-no-cache=1488393673844 HTTP/1.1" 200 297
200.83.57.219 - - [01/Mar/2017:15:40:03 -0300] "GET /cormun/servlet/solicitudot?3630b18e9895b8ea7d4d2c7f174fc8eaa1cfd7c208d672f8feab2320b60b7d354c770d82edbb8d5a3055576d998ddd34f9ecaefd7b54fc55ff1fcaab4dd9ea97a372115fdbdb4d46c0cd40ae8ac0fefe3cc84cb0d04d78659ba05f225b5a9eb856af9109fda4c8d3e400943bf22bf0d7381ba41a6ff1e116f9ee069f2a025d96b963b55ff19c20963c69693fc70337f387b4a638dafb4f3abcd4e2ddf4d4615638cfb0338e23e2f583da66ba39b5731f958bfa745b759092a32600ce124e164d54fb60d59389a3c13a4845bbb8083f1890b2c433ad1ef326a1530903a3423f9efaaa816619d3645dab6a887ee902d3ba9985dc72192d81a5ec7a49e7d6660b7abe86c9ede905efecdb5309dbb2fa7c2322cf8aa49aeaa0fc593477a00f74f3671c66258a7443f463c74ff36729b13e19ceccd1603c15746e3b74fddd335ec4bb9aa7d8b803a67f238318e22a9f72aa2acef020c66efa69ecc87a9a063bde68475ff3fdbbf3f1fff33fc83456972e83148ef61b210de301a8493a66fdaaac7ffce52749893b5ced34b59973fccf4dd173,gx-no-cache=1488393675401 HTTP/1.1" 200 30
200.83.57.219 - - [01/Mar/2017:15:40:04 -0300] "POST /cormun/servlet/solicitudot?gx-no-cache=1488393676644 HTTP/1.1" 200 30
200.83.57.219 - - [01/Mar/2017:15:40:04 -0300] "POST /cormun/servlet/solicitudot?gx-no-cache=1488393676751 HTTP/1.1" 200 235
200.83.57.219 - - [01/Mar/2017:15:40:04 -0300] "POST /cormun/servlet/solicitudot?gx-no-cache=1488393676849 HTTP/1.1" 200 38
186.79.41.237 - - [01/Mar/2017:15:40:11 -0300] "GET /cormun/servlet/trcontratosolicitud? HTTP/1.1" 200 13235
190.101.9.138 - - [01/Mar/2017:15:40:12 -0300] "GET /cormun/servlet/trautorizarsolicitud? HTTP/1.1" 200 9071
186.79.41.237 - - [01/Mar/2017:15:40:12 -0300] "GET /cormun/servlet/trcontratosolicitud? HTTP/1.1" 200 13242
190.101.9.138 - - [01/Mar/2017:15:40:13 -0300] "GET /cormun/servlet/trautorizarsolicitud? HTTP/1.1" 200 9051
186.103.159.188 - - [01/Mar/2017:15:40:33 -0300] "GET /cormun/servlet/trautorizarsolicitud? HTTP/1.1" 200 9051
186.103.159.188 - - [01/Mar/2017:15:40:33 -0300] "GET /cormun/servlet/trautorizarsolicitud? HTTP/1.1" 200 9051
186.103.159.188 - - [01/Mar/2017:15:40:42 -0300] "GET /cormun/servlet/trautorizarsolicitud? HTTP/1.1" 200 9071
186.103.159.188 - - [01/Mar/2017:15:40:42 -0300] "GET /cormun/servlet/trautorizarsolicitud? HTTP/1.1" 200 9051
186.103.159.44 - - [01/Mar/2017:15:40:44 -0300] "POST /cormun/servlet/hlogin?13946cbda1c2fea99187d2eb0e3a0780,gx-no-cache=1488393710110 HTTP/1.1" 440 972
186.103.159.188 - - [01/Mar/2017:15:40:48 -0300] "GET /cormun/servlet/trautorizarsolicitud? HTTP/1.1" 200 9051
186.103.159.188 - - [01/Mar/2017:15:40:49 -0300] "GET /cormun/servlet/trautorizarsolicitud? HTTP/1.1" 200 9051
186.79.41.237 - - [01/Mar/2017:15:41:13 -0300] "GET /cormun/servlet/solicitudotcontratos?INS,2017,0,18041670,6,6,2016,4982,INTEGRACION,201701,9,*, HTTP/1.1" 200 9563
186.79.41.237 - - [01/Mar/2017:15:41:14 -0300] "GET /cormun/servlet/solicitudotcontratos?INS,2017,0,18041670,6,6,2016,4982,INTEGRACION,201701,9,*, HTTP/1.1" 200 9594
186.79.41.237 - - [01/Mar/2017:15:41:14 -0300] "GET /cormun/servlet/solicitudotcontratos?d50cf3b555acfc55fb1b10008f2191e2aaeab72bcc35b26e4406c6fae711d4ecd079893a8a211b3cdd590ac0d7504889,gx-no-cache=1488393743070 HTTP/1.1" 200 30
186.79.41.237 - - [01/Mar/2017:15:41:14 -0300] "GET /cormun/servlet/solicitudotcontratos?d50cf3b555acfc55fb1b10008f2191e28e28eaf6e0964123cac6375852fdcdd29c5d029ce21e5806b25fc7e84a3807b9ffb04910a29b8382b71bf4631582777460526c936a83d005f4f667b3161b7a9fa81ccb88391f7535a6b6fa2a312bea18b4eb4737d782a139bd03ab24b2ed1b25445d6abc02a3c62ad2981c7363370edb,gx-no-cache=1488393743350 HTTP/1.1" 200 50
186.79.41.237 - - [01/Mar/2017:15:41:15 -0300] "GET /cormun/servlet/solicitudotcontratos?d50cf3b555acfc55fb1b10008f2191e25e520e24758785af92a2535af0f097f57c541247d87aad7060871ff72646c5a3,gx-no-cache=1488393743503 HTTP/1.1" 200 30
186.79.41.237 - - [01/Mar/2017:15:41:15 -0300] "GET /cormun/servlet/solicitudotcontratos?d50cf3b555acfc55fb1b10008f2191e21817cda94776750beb0d7ac85c47c9f8cb7af0926868247769f2ca94a5fd1fceae4dccb76c5dd85f8be3d9ee4748755d86bc198fd4abf4cf5b8fa109156dce8245a94658630018ec6c4f6d768aed4e5e8cfe33a18607c344aecc0b7cb8e43749,gx-no-cache=1488393744316 HTTP/1.1" 200 30
186.79.41.237 - - [01/Mar/2017:15:41:17 -0300] "GET /cormun/servlet/solicitudotcontratos?d50cf3b555acfc55fb1b10008f2191e2377d2a4c97c4ee8ec6fdaf91a9e8ffeddb76723484ff6df2d02e424c4a003f66acb76f9982dff2d07b32e6d35fa0833218f3790e029c9d1dfdcbf87480fbfe9aff76b4f212d54a4aff197d7f892e63154ddccb1267a5bed75e5a23a27dddcb5ee419d9084eca433e65bf1702353b77cfb2a643320cd7d52737b273b470766c30ba797ebc369a7e86682082d75ebd36397cbca8a9148bf383e030b251434a105721df959657b3ef57b4639f89c661f04347c0c27cd4b7a08bdfa40cf28c33feaad1e08e64391b574efc9cca9defa72d94ac3fcde9d6c6e64ded575b8245f5627c171fa7008b6bed6d9ba6339e87a706360fce74fe27e2ca613a5cb665849805a56a20e5c2216d80fcdd0b3fa3eccc3466af8745dfeba0a6b51187b55262f90122ea3d50777daa5d7fe806abe699d6e5584bdb475f10c4411b98024026df9153a37d3506f1d4332147c1256f5158dee791575c9e83bba87d5fababa9a7fb11388de9da746a9dba7c3b537f269fa2f738dc628f605ed2cffd9fe1e5a388a070fc82975ba7c0b53f3abc5349f9813d73a002944907b46eb70ae58b133049a39d3408605a636fddca3d34b8127557c880eb9fa4a5a0d1fd5887faa43649769a5db5c93cb9100424b39dd07ddd1367c47554445d246464701037ec2f1692fd37afe895e06e4236c7d731c4807338315f92fb349bb08f4864ab1aa24c73d5fc097b40507a00ec00ebd09d8df982ef3eeb0ddbe3794f654f538c28c84b4a7836e15950d5daf9c17e171816d15c29e255d903b7bb,gx-no-cache=1488393745734 HTTP/1.1" 200 83
190.101.9.138 - - [01/Mar/2017:15:41:27 -0300] "GET /cormun/servlet/hlogin HTTP/1.1" 200 1719
192.168.10.89 - - [01/Mar/2017:15:41:37 -0300] "POST /cormun/servlet/trsolicitudgral?4c09c947ad57f77880682ecfaab0c69f,gx-no-cache=1488391566621,gx-no-cache=1488396983647 HTTP/1.1" 200 8252
190.101.9.138 - - [01/Mar/2017:15:41:38 -0300] "POST /cormun/servlet/hlogin?7aa0e143202f0a3be103e155dfb03dee,gx-no-cache=1488393770591 HTTP/1.1" 200 90
190.101.9.138 - - [01/Mar/2017:15:41:38 -0300] "GET /cormun/servlet/hpexe_link HTTP/1.1" 200 962
186.79.41.237 - - [01/Mar/2017:15:41:38 -0300] "GET /cormun/servlet/trcontratosolicitud? HTTP/1.1" 200 13242
190.101.9.138 - - [01/Mar/2017:15:41:38 -0300] "GET /cormun/servlet/trautorizarsolicitud HTTP/1.1" 200 9052
190.101.9.138 - - [01/Mar/2017:15:41:39 -0300] "GET /cormun/servlet/trautorizarsolicitud HTTP/1.1" 200 9051
186.79.41.237 - - [01/Mar/2017:15:41:39 -0300] "GET /cormun/servlet/trcontratosolicitud? HTTP/1.1" 200 13248
186.103.157.42 - - [01/Mar/2017:15:41:40 -0300] "POST /cormun/servlet/solicitudot?gx-no-cache=1488393638834 HTTP/1.1" 200 1291
186.103.157.42 - - [01/Mar/2017:15:41:40 -0300] "POST /cormun/servlet/solicitudot?gx-no-cache=1488393638916 HTTP/1.1" 200 38
186.103.157.42 - - [01/Mar/2017:15:41:48 -0300] "GET /cormun/servlet/solicitudot?8c3d490f35e13410b8749ff68ce20a5cdebc9b5b972762201f9257713e712633c71a2243b67de1fe853e5f66dff638a485c2cb0b91492191bf2e969a2da15b267be02d54dbb4158d95d0d534d6045a4c72d076acf6ecaad0220117ddfa235f635ff5e37b02fdbbf3e432e0d27f83a39fca312cdd5c7c16af935c6c641604072fa05ded8e2dde99aedfe55d6a88f8c7682bb6286c847304b37fbb265dffdc4bb3,gx-no-cache=1488393646530 HTTP/1.1" 200 29
186.103.157.42 - - [01/Mar/2017:15:41:48 -0300] "POST /cormun/servlet/solicitudot?gx-no-cache=1488393646605 HTTP/1.1" 200 1275
186.103.157.42 - - [01/Mar/2017:15:41:48 -0300] "POST /cormun/servlet/solicitudot?gx-no-cache=1488393647256 HTTP/1.1" 200 1157
186.103.157.42 - - [01/Mar/2017:15:41:48 -0300] "GET /cormun/static/menuarrow.gif HTTP/1.1" 404 1015
190.101.9.138 - - [01/Mar/2017:15:41:53 -0300] "GET /cormun/static/menuarrow.gif HTTP/1.1" 404 1015
186.103.157.42 - - [01/Mar/2017:15:41:53 -0300] "POST /cormun/servlet/solicitudot?gx-no-cache=1488393652449 HTTP/1.1" 200 1275
186.103.157.42 - - [01/Mar/2017:15:41:54 -0300] "POST /cormun/servlet/solicitudot?gx-no-cache=1488393652515 HTTP/1.1" 200 1157
186.103.157.42 - - [01/Mar/2017:15:42:07 -0300] "GET /cormun/servlet/solicitudot?8c3d490f35e13410b8749ff68ce20a5cf7c27d9048f933fc58ffe2e960ac7001a698b9051138c4d01535fddc919c9a9b9491598a5587cdd12b25097368e29f0db09dbea2b424073e194a1896aea1968047d07158ac4038fa73be504e4cd7325ab562be42704325b05b11954fea3e024b6e7f880e49d14653bf00f54a9d3648d2cd205747261f022526236a12114039cea26a833c23d5bc5f466448d8725e9941928676ae32eb108ed28f7d56a43b115f,gx-no-cache=1488393666349 HTTP/1.1" 200 30
186.103.157.42 - - [01/Mar/2017:15:42:08 -0300] "POST /cormun/servlet/solicitudot?9981b113ba3e4ce259bb6b53d6b840e0,INS,0,0,,gx-no-cache=1488393666424 HTTP/1.1" 200 93
186.103.157.42 - - [01/Mar/2017:15:42:08 -0300] "GET /cormun/servlet/hpexe_return? HTTP/1.1" 200 1008
186.103.157.42 - - [01/Mar/2017:15:42:08 -0300] "GET /cormun/servlet/trsolicitudot? HTTP/1.1" 200 8754
186.103.157.42 - - [01/Mar/2017:15:42:09 -0300] "GET /cormun/servlet/trsolicitudot? HTTP/1.1" 200 8750
186.103.159.188 - - [01/Mar/2017:15:42:19 -0300] "POST /cormun/servlet/trautorizarsolicitud?7aa0e143202f0a3be103e155dfb03dee,gx-no-cache=1488393811859 HTTP/1.1" 200 6255
186.103.159.44 - - [01/Mar/2017:15:42:23 -0300] "GET /cormun/servlet/hlogin HTTP/1.1" 200 1720
186.103.159.44 - - [01/Mar/2017:15:42:23 -0300] "GET /cormun/static/Resources/Spanish/PXTools.css?167811 HTTP/1.1" 304 -
186.103.159.44 - - [01/Mar/2017:15:42:23 -0300] "GET /cormun/static/gxtimezone.js?85251 HTTP/1.1" 304 -
186.103.159.44 - - [01/Mar/2017:15:42:23 -0300] "GET /cormun/static/gxgral.js?85251 HTTP/1.1" 304 -
186.103.159.44 - - [01/Mar/2017:15:42:23 -0300] "GET /cormun/static/Resources/ComunLogin.png HTTP/1.1" 304 -
186.103.159.44 - - [01/Mar/2017:15:42:23 -0300] "GET /cormun/static/gxcfg.js?201612216162538 HTTP/1.1" 304 -
186.103.159.44 - - [01/Mar/2017:15:42:23 -0300] "GET /cormun/static/messages.spa.js?85251 HTTP/1.1" 304 -
186.103.159.44 - - [01/Mar/2017:15:42:23 -0300] "GET /cormun/static/hlogin.js?201612216162555 HTTP/1.1" 304 -
186.103.159.44 - - [01/Mar/2017:15:42:23 -0300] "GET /cormun/static/Resources/indicator.gif HTTP/1.1" 304 -
186.103.159.188 - - [01/Mar/2017:15:42:27 -0300] "POST /cormun/servlet/trautorizarsolicitud?7aa0e143202f0a3be103e155dfb03dee,gx-no-cache=1488393819722 HTTP/1.1" 200 5905
186.103.157.42 - - [01/Mar/2017:15:42:30 -0300] "GET /cormun/servlet/vesolicitudot?2017,4976,, HTTP/1.1" 200 8260
186.103.157.42 - - [01/Mar/2017:15:42:30 -0300] "GET /cormun/static/gxcfg.js?20161221854299 HTTP/1.1" 200 953
186.103.157.42 - - [01/Mar/2017:15:42:30 -0300] "GET /cormun/pexe_scrolldiv.js HTTP/1.1" 404 1009
186.103.157.42 - - [01/Mar/2017:15:42:30 -0300] "GET /cormun/static/vesolicitudot.js?20161221854352 HTTP/1.1" 304 -
186.103.157.42 - - [01/Mar/2017:15:42:30 -0300] "GET /cormun/static/hpexe_tabsview.js?201610171694228 HTTP/1.1" 304 -
186.103.157.42 - - [01/Mar/2017:15:42:30 -0300] "GET /cormun/pexe_scrolldiv.js HTTP/1.1" 404 1009
186.103.157.42 - - [01/Mar/2017:15:42:30 -0300] "GET /cormun/static/hwcviewtabs.js?201612218431866 HTTP/1.1" 304 -
186.103.157.42 - - [01/Mar/2017:15:42:30 -0300] "GET /cormun/static/tbsolicitudot01.js?2017119103633 HTTP/1.1" 200 28340
186.103.157.42 - - [01/Mar/2017:15:42:30 -0300] "GET /cormun/servlet/vesolicitudot?2017,4976,, HTTP/1.1" 200 8262
186.103.157.42 - - [01/Mar/2017:15:42:32 -0300] "GET /cormun/servlet/trsolicitudot? HTTP/1.1" 200 8754
186.103.157.42 - - [01/Mar/2017:15:42:33 -0300] "GET /cormun/servlet/trsolicitudot? HTTP/1.1" 200 8750
186.79.41.237 - - [01/Mar/2017:15:42:34 -0300] "GET /cormun/servlet/solicitudotcontratos?INS,2017,0,18041670,6,2,2016,4351,INTEGRACION,201701,30,*, HTTP/1.1" 200 9566
186.79.41.237 - - [01/Mar/2017:15:42:35 -0300] "GET /cormun/servlet/solicitudotcontratos?INS,2017,0,18041670,6,2,2016,4351,INTEGRACION,201701,30,*, HTTP/1.1" 200 9599
186.103.159.44 - - [01/Mar/2017:15:42:36 -0300] "POST /cormun/servlet/hlogin?a1eca94beb0487211da0878496ebd0ea,gx-no-cache=1488393821783 HTTP/1.1" 200 90
186.103.159.44 - - [01/Mar/2017:15:42:36 -0300] "GET /cormun/servlet/hpexe_link HTTP/1.1" 200 955
186.103.159.44 - - [01/Mar/2017:15:42:36 -0300] "GET /cormun/servlet/hhome HTTP/1.1" 200 3771
186.79.41.237 - - [01/Mar/2017:15:42:36 -0300] "GET /cormun/servlet/solicitudotcontratos?d50cf3b555acfc55fb1b10008f2191e2aaeab72bcc35b26e4406c6fae711d4ecd079893a8a211b3cdd590ac0d7504889,gx-no-cache=1488393823883 HTTP/1.1" 200 30
186.79.41.237 - - [01/Mar/2017:15:42:36 -0300] "GET /cormun/servlet/solicitudotcontratos?d50cf3b555acfc55fb1b10008f2191e28e28eaf6e0964123cac6375852fdcdd29c5d029ce21e5806b25fc7e84a3807b9ffb04910a29b8382b71bf4631582777460526c936a83d005f4f667b3161b7a9f5a0c62101e3cae3058900af2d632240383de34b4a7e861b9ba1c69277465aa0ee88012b80311f4a2c0b80f640c1c1a88,gx-no-cache=1488393825382 HTTP/1.1" 200 48
186.79.41.237 - - [01/Mar/2017:15:42:37 -0300] "GET /cormun/servlet/solicitudotcontratos?d50cf3b555acfc55fb1b10008f2191e25e520e24758785af92a2535af0f097f5820f30185f3d2303ea48ab2cf3c6d9c6,gx-no-cache=1488393825532 HTTP/1.1" 200 30
186.79.41.237 - - [01/Mar/2017:15:42:37 -0300] "GET /cormun/servlet/solicitudotcontratos?d50cf3b555acfc55fb1b10008f2191e21817cda94776750beb0d7ac85c47c9f8cb7af0926868247769f2ca94a5fd1fceae4dccb76c5dd85f8be3d9ee4748755d86bc198fd4abf4cf5b8fa109156dce8253913bbf74e05160a02e6e73988708e08cfe33a18607c344aecc0b7cb8e43749,gx-no-cache=1488393826095 HTTP/1.1" 200 30
186.103.157.42 - - [01/Mar/2017:15:42:37 -0300] "GET /cormun/servlet/solicitudot?INS,0,0, HTTP/1.1" 200 12849
186.79.41.237 - - [01/Mar/2017:15:42:37 -0300] "GET /cormun/servlet/solicitudotcontratos?d50cf3b555acfc55fb1b10008f2191e2377d2a4c97c4ee8ec6fdaf91a9e8ffeddb76723484ff6df2d02e424c4a003f66acb76f9982dff2d07b32e6d35fa0833218f3790e029c9d1dfdcbf87480fbfe9aff76b4f212d54a4aff197d7f892e63154ddccb1267a5bed75e5a23a27dddcb5ee419d9084eca433e65bf1702353b77cfb2a643320cd7d52737b273b470766c30ba797ebc369a7e86682082d75ebd36397cbca8a9148bf383e030b251434a105721df959657b3ef57b4639f89c661f04347c0c27cd4b7a08bdfa40cf28c33feaad1e08e64391b574efc9cca9defa72d94ac3fcde9d6c6e64ded575b8245f5627c171fa7008b6bed6d9ba6339e87a706360fce74fe27e2ca613a5cb665849805a56a20e5c2216d80fcdd0b3fa3eccc3466af8745dfeba0a6b51187b55262f90122ea3d50777daa5d7fe806abe699d6e5584bdb475f10c4411b98024026df9153a37d3506f1d4332147c1256f5158dee791575c9e83bba87d5fababa9a7fb11388de9da746a9dba7c3b537f269fa2f738dc628f605ed2cffd9fe1e5a388a070fc82975ba7c0b53f3abc5349f9813d73a002944907b46eb70ae58b133049a39d3408605a636fddca3d34b8127557c880eb9fa4a5a0d1fd5887faa43649769a5db5c93cb9100424b39dd07ddd1367c47554445d246464701037ec2f1692fd37afe895e06e4236c7d731c4807338315f92fb349bb08f4864ab1aa24c73d5fc097b40507a00ec00ebd09d8df982ef3eeb0ddbe3794f654f538c28c84b4a7836e15950d5daf9c17e171816d15c29e255d903b7bb,gx-no-cache=1488393826244 HTTP/1.1" 200 83
186.103.157.42 - - [01/Mar/2017:15:42:38 -0300] "GET /cormun/servlet/solicitudot?INS,0,0, HTTP/1.1" 200 12854
186.103.159.188 - - [01/Mar/2017:15:42:42 -0300] "POST /cormun/servlet/trautorizarsolicitud?7aa0e143202f0a3be103e155dfb03dee,gx-no-cache=1488393834022 HTTP/1.1" 200 115
186.103.159.188 - - [01/Mar/2017:15:42:42 -0300] "GET /cormun/servlet/solicitudotlog?INS,2017,4944,0,REC, HTTP/1.1" 200 5694
186.103.159.188 - - [01/Mar/2017:15:42:42 -0300] "GET /cormun/servlet/solicitudotlog?INS,2017,4944,0,REC, HTTP/1.1" 200 5694
186.103.159.44 - - [01/Mar/2017:15:42:42 -0300] "GET /cormun/servlet/trsolicitudot? HTTP/1.1" 200 9725
186.79.41.237 - - [01/Mar/2017:15:42:43 -0300] "POST /cormun/servlet/solicitudotcontratos?6c0eb8d8e4754480ec10566af5b47f6d,INS,2017,0,18041670,6,2,2016,4351,INTEGRACION,201701,30,*,,gx-no-cache=1488393831207 HTTP/1.1" 200 10400
