200.83.57.219 - - [01/Mar/2017:09:43:25 -0300] "GET /cormun/static/Shared/ext/resources/css/ext-all.css?215870 HTTP/1.1" 200 416045
186.103.157.42 - - [01/Mar/2017:09:43:25 -0300] "POST /cormun/servlet/solicitudotadjuntos?gx-no-cache=1488372281103 HTTP/1.1" 200 26
200.83.57.219 - - [01/Mar/2017:09:43:26 -0300] "GET /cormun/static/Resources/asc.gif HTTP/1.1" 200 67
200.83.57.219 - - [01/Mar/2017:09:43:26 -0300] "GET /cormun/static/Resources/desc.gif HTTP/1.1" 200 65
200.83.57.219 - - [01/Mar/2017:09:43:26 -0300] "GET /cormun/servlet/trpermisosgoce? HTTP/1.1" 200 6876
200.83.57.219 - - [01/Mar/2017:09:43:26 -0300] "GET /cormun/static/Shared/ext/resources/themes/images/default/tools/tool-sprites.gif HTTP/1.1" 200 5434
200.83.57.219 - - [01/Mar/2017:09:43:26 -0300] "GET /cormun/static/Shared/ext/resources/themes/images/default/panel/bg-headersPanel.png HTTP/1.1" 200 255
186.103.157.42 - - [01/Mar/2017:09:43:28 -0300] "GET /cormun/servlet/solicitudotadjuntos?e5fbf515b3bb0b430fb22f9fedfa27ab8988785f5eab2c0fc27f32d741895bd7,gx-no-cache=1488372284186 HTTP/1.1" 200 30
186.103.157.42 - - [01/Mar/2017:09:43:28 -0300] "GET /cormun/servlet/solicitudotadjuntos?e5fbf515b3bb0b430fb22f9fedfa27ab8988785f5eab2c0fc27f32d741895bd7,gx-no-cache=1488372284265 HTTP/1.1" 200 30
186.103.157.42 - - [01/Mar/2017:09:43:29 -0300] "POST /cormun/servlet/solicitudotadjuntos?c0e05eb25b4d571ed59389845dd2c743,INS,2017,4935,,1, HTTP/1.1" 200 116
186.103.157.42 - - [01/Mar/2017:09:43:29 -0300] "GET /cormun/servlet/hpexe_return? HTTP/1.1" 200 1030
186.103.157.42 - - [01/Mar/2017:09:43:29 -0300] "GET /cormun/servlet/trsolicitudadjuntos?2017,4935, HTTP/1.1" 200 8422
186.103.157.42 - - [01/Mar/2017:09:43:30 -0300] "GET /cormun/servlet/trsolicitudadjuntos?2017,4935, HTTP/1.1" 200 8417
186.103.157.42 - - [01/Mar/2017:09:43:32 -0300] "GET /cormun/servlet/solicitudotadjuntos?INS,2017,4935,,1, HTTP/1.1" 200 6081
186.103.157.42 - - [01/Mar/2017:09:43:32 -0300] "GET /cormun/static/about:blank HTTP/1.1" 404 1011
186.103.157.42 - - [01/Mar/2017:09:43:33 -0300] "GET /cormun/servlet/solicitudotadjuntos?INS,2017,4935,,1, HTTP/1.1" 200 6075
186.103.157.42 - - [01/Mar/2017:09:43:33 -0300] "GET /cormun/servlet/solicitudotadjuntos?e5fbf515b3bb0b430fb22f9fedfa27aba943699c8ca418b43a5d95037474f50e44d60d2bd4370441a03bebbfa0e51200,gx-no-cache=1488372289018 HTTP/1.1" 200 30
186.103.157.42 - - [01/Mar/2017:09:43:33 -0300] "POST /cormun/servlet/solicitudotadjuntos?c0e05eb25b4d571ed59389845dd2c743,INS,2017,4935,,1,,gx-no-cache=1488372289068 HTTP/1.1" 200 3870
186.103.157.42 - - [01/Mar/2017:09:43:35 -0300] "POST /cormun/servlet/solicitudotadjuntos?gx-no-cache=1488372290688 HTTP/1.1" 200 26
186.103.157.42 - - [01/Mar/2017:09:43:40 -0300] "GET /cormun/servlet/solicitudotadjuntos?e5fbf515b3bb0b430fb22f9fedfa27ab8988785f5eab2c0fc27f32d741895bd7,gx-no-cache=1488372296081 HTTP/1.1" 200 30
186.103.157.42 - - [01/Mar/2017:09:43:40 -0300] "GET /cormun/servlet/solicitudotadjuntos?e5fbf515b3bb0b430fb22f9fedfa27ab8988785f5eab2c0fc27f32d741895bd7,gx-no-cache=1488372296119 HTTP/1.1" 200 30
186.103.157.42 - - [01/Mar/2017:09:43:41 -0300] "POST /cormun/servlet/solicitudotadjuntos?c0e05eb25b4d571ed59389845dd2c743,INS,2017,4935,,1, HTTP/1.1" 200 116
186.103.157.42 - - [01/Mar/2017:09:43:41 -0300] "GET /cormun/servlet/hpexe_return? HTTP/1.1" 200 1030
186.103.157.42 - - [01/Mar/2017:09:43:41 -0300] "GET /cormun/servlet/trsolicitudadjuntos?2017,4935, HTTP/1.1" 200 8561
200.83.57.219 - - [01/Mar/2017:09:43:41 -0300] "GET /cormun/servlet/permisogoce?INS,0,,, HTTP/1.1" 200 6859
200.83.57.219 - - [01/Mar/2017:09:43:41 -0300] "GET /cormun/static/gxcfg.js?201612262052844 HTTP/1.1" 200 953
200.83.57.219 - - [01/Mar/2017:09:43:41 -0300] "GET /cormun/static/gxdec.js?85251 HTTP/1.1" 200 19579
200.83.57.219 - - [01/Mar/2017:09:43:41 -0300] "GET /cormun/static/permisogoce.js?201612262052891 HTTP/1.1" 200 26147
200.83.57.219 - - [01/Mar/2017:09:43:41 -0300] "GET /cormun/static/Resources/prompt.gif HTTP/1.1" 200 902
200.83.57.219 - - [01/Mar/2017:09:43:42 -0300] "GET /cormun/servlet/permisogoce?INS,0,,, HTTP/1.1" 200 6859
186.103.157.42 - - [01/Mar/2017:09:43:42 -0300] "GET /cormun/servlet/trsolicitudadjuntos?2017,4935, HTTP/1.1" 200 8559
186.103.157.42 - - [01/Mar/2017:09:43:44 -0300] "GET /cormun/servlet/solicitudotadjuntos?INS,2017,4935,,1, HTTP/1.1" 200 6081
186.103.157.42 - - [01/Mar/2017:09:43:44 -0300] "GET /cormun/static/about:blank HTTP/1.1" 404 1011
186.103.157.42 - - [01/Mar/2017:09:43:45 -0300] "GET /cormun/servlet/solicitudotadjuntos?INS,2017,4935,,1, HTTP/1.1" 200 6075
186.103.157.42 - - [01/Mar/2017:09:43:45 -0300] "GET /cormun/servlet/solicitudotadjuntos?e5fbf515b3bb0b430fb22f9fedfa27aba943699c8ca418b43a5d95037474f50e44d60d2bd4370441a03bebbfa0e51200,gx-no-cache=1488372300872 HTTP/1.1" 200 30
186.103.157.42 - - [01/Mar/2017:09:43:45 -0300] "POST /cormun/servlet/solicitudotadjuntos?c0e05eb25b4d571ed59389845dd2c743,INS,2017,4935,,1,,gx-no-cache=1488372300918 HTTP/1.1" 200 3870
46.174.191.29 - - [01/Mar/2017:09:43:46 -0300] "GET / HTTP/1.0" 200 11197
186.103.157.42 - - [01/Mar/2017:09:43:47 -0300] "POST /cormun/servlet/solicitudotadjuntos?gx-no-cache=1488372302750 HTTP/1.1" 200 26
186.103.157.42 - - [01/Mar/2017:09:43:50 -0300] "GET /cormun/servlet/solicitudotadjuntos?e5fbf515b3bb0b430fb22f9fedfa27ab8988785f5eab2c0fc27f32d741895bd7,gx-no-cache=1488372306266 HTTP/1.1" 200 30
186.103.157.42 - - [01/Mar/2017:09:43:51 -0300] "GET /cormun/servlet/solicitudotadjuntos?e5fbf515b3bb0b430fb22f9fedfa27ab8988785f5eab2c0fc27f32d741895bd7,gx-no-cache=1488372306328 HTTP/1.1" 200 30
186.103.157.42 - - [01/Mar/2017:09:43:53 -0300] "POST /cormun/servlet/solicitudotadjuntos?c0e05eb25b4d571ed59389845dd2c743,INS,2017,4935,,1, HTTP/1.1" 200 116
186.103.157.42 - - [01/Mar/2017:09:43:53 -0300] "GET /cormun/servlet/hpexe_return? HTTP/1.1" 200 1030
186.103.157.42 - - [01/Mar/2017:09:43:53 -0300] "GET /cormun/servlet/trsolicitudadjuntos?2017,4935, HTTP/1.1" 200 8686
186.103.157.42 - - [01/Mar/2017:09:43:54 -0300] "GET /cormun/servlet/trsolicitudadjuntos?2017,4935, HTTP/1.1" 200 8682
200.83.57.219 - - [01/Mar/2017:09:43:55 -0300] "POST /cormun/servlet/permisogoce?3c2979c3cc7dec360aa4cf1313a846ea,INS,0,,,,gx-no-cache=1488372307776 HTTP/1.1" 200 4388
200.83.57.219 - - [01/Mar/2017:09:43:55 -0300] "GET /cormun/static/Shared/jqueryui/images/ui-bg_highlight-soft_100_c6c2c8_1x100.png HTTP/1.1" 404 1117
200.83.57.219 - - [01/Mar/2017:09:43:55 -0300] "GET /cormun/static/Shared/jqueryui/images/ui-icons_82798d_256x240.png HTTP/1.1" 404 1089
200.83.57.219 - - [01/Mar/2017:09:43:55 -0300] "GET /cormun/static/Shared/jqueryui/images/ui-bg_flat_55_994d53_40x100.png HTTP/1.1" 404 1097
200.83.57.219 - - [01/Mar/2017:09:43:55 -0300] "GET /cormun/static/Shared/jqueryui/images/ui-icons_ebccce_256x240.png HTTP/1.1" 404 1089
186.103.157.42 - - [01/Mar/2017:09:43:55 -0300] "GET /cormun/servlet/solicitudotadjuntos?INS,2017,4935,,1, HTTP/1.1" 200 6081
186.103.157.42 - - [01/Mar/2017:09:43:56 -0300] "GET /cormun/static/about:blank HTTP/1.1" 404 1011
186.103.157.42 - - [01/Mar/2017:09:43:56 -0300] "GET /cormun/servlet/solicitudotadjuntos?INS,2017,4935,,1, HTTP/1.1" 200 6075
186.103.157.42 - - [01/Mar/2017:09:43:57 -0300] "GET /cormun/servlet/solicitudotadjuntos?e5fbf515b3bb0b430fb22f9fedfa27aba943699c8ca418b43a5d95037474f50e44d60d2bd4370441a03bebbfa0e51200,gx-no-cache=1488372312472 HTTP/1.1" 200 30
186.103.157.42 - - [01/Mar/2017:09:43:57 -0300] "POST /cormun/servlet/solicitudotadjuntos?c0e05eb25b4d571ed59389845dd2c743,INS,2017,4935,,1,,gx-no-cache=1488372312561 HTTP/1.1" 200 3870
186.103.157.42 - - [01/Mar/2017:09:43:59 -0300] "POST /cormun/servlet/solicitudotadjuntos?gx-no-cache=1488372314765 HTTP/1.1" 200 26
186.103.157.42 - - [01/Mar/2017:09:44:03 -0300] "GET /cormun/servlet/solicitudotadjuntos?e5fbf515b3bb0b430fb22f9fedfa27ab8988785f5eab2c0fc27f32d741895bd7,gx-no-cache=1488372319182 HTTP/1.1" 200 30
186.103.157.42 - - [01/Mar/2017:09:44:03 -0300] "GET /cormun/servlet/solicitudotadjuntos?e5fbf515b3bb0b430fb22f9fedfa27ab8988785f5eab2c0fc27f32d741895bd7,gx-no-cache=1488372319267 HTTP/1.1" 200 30
186.103.157.42 - - [01/Mar/2017:09:44:04 -0300] "POST /cormun/servlet/solicitudotadjuntos?c0e05eb25b4d571ed59389845dd2c743,INS,2017,4935,,1, HTTP/1.1" 200 116
186.103.157.42 - - [01/Mar/2017:09:44:04 -0300] "GET /cormun/servlet/hpexe_return? HTTP/1.1" 200 1030
186.103.157.42 - - [01/Mar/2017:09:44:04 -0300] "GET /cormun/servlet/trsolicitudadjuntos?2017,4935, HTTP/1.1" 200 8887
200.83.57.219 - - [01/Mar/2017:09:44:04 -0300] "POST /cormun/servlet/permisogoce?3c2979c3cc7dec360aa4cf1313a846ea,INS,0,,,,gx-no-cache=1488372316618 HTTP/1.1" 200 4389
186.103.157.42 - - [01/Mar/2017:09:44:05 -0300] "GET /cormun/servlet/trsolicitudadjuntos?2017,4935, HTTP/1.1" 200 8887
186.103.157.42 - - [01/Mar/2017:09:44:07 -0300] "GET /cormun/servlet/solicitudotadjuntos?INS,2017,4935,,1, HTTP/1.1" 200 6081
200.83.57.219 - - [01/Mar/2017:09:44:08 -0300] "GET /cormun/servlet/permisogoce?e98f0bbe6f67eb070b817eb0740648be760b12001cb57fb3c093e33248de0766f63d6e3c82e5f2f0ca2433ff8401fd39f035809ca9a3ef3c0fb99e8d4b1a3cf20406a3fa623fac205134078dad3a6176,gx-no-cache=1488372320228 HTTP/1.1" 200 170
186.103.157.42 - - [01/Mar/2017:09:44:08 -0300] "GET /cormun/static/about:blank HTTP/1.1" 404 1011
186.103.157.42 - - [01/Mar/2017:09:44:08 -0300] "GET /cormun/servlet/solicitudotadjuntos?INS,2017,4935,,1, HTTP/1.1" 200 6075
186.103.157.42 - - [01/Mar/2017:09:44:08 -0300] "GET /cormun/servlet/solicitudotadjuntos?e5fbf515b3bb0b430fb22f9fedfa27aba943699c8ca418b43a5d95037474f50e44d60d2bd4370441a03bebbfa0e51200,gx-no-cache=1488372324295 HTTP/1.1" 200 30
186.103.157.42 - - [01/Mar/2017:09:44:09 -0300] "POST /cormun/servlet/solicitudotadjuntos?c0e05eb25b4d571ed59389845dd2c743,INS,2017,4935,,1,,gx-no-cache=1488372324346 HTTP/1.1" 200 3870
200.83.57.219 - - [01/Mar/2017:09:44:09 -0300] "GET /cormun/static/menuarrow.gif HTTP/1.1" 404 1015
200.83.57.219 - - [01/Mar/2017:09:44:10 -0300] "GET /cormun/servlet/permisogoce?e98f0bbe6f67eb070b817eb0740648be760b12001cb57fb3c093e33248de0766f63d6e3c82e5f2f0ca2433ff8401fd39f035809ca9a3ef3c0fb99e8d4b1a3cf20406a3fa623fac205134078dad3a6176,gx-no-cache=1488372322499 HTTP/1.1" 200 170
186.103.157.42 - - [01/Mar/2017:09:44:10 -0300] "POST /cormun/servlet/solicitudotadjuntos?gx-no-cache=1488372326275 HTTP/1.1" 200 26
186.103.157.42 - - [01/Mar/2017:09:44:14 -0300] "GET /cormun/servlet/solicitudotadjuntos?e5fbf515b3bb0b430fb22f9fedfa27ab8988785f5eab2c0fc27f32d741895bd7,gx-no-cache=1488372329565 HTTP/1.1" 200 30
186.103.157.42 - - [01/Mar/2017:09:44:14 -0300] "GET /cormun/servlet/solicitudotadjuntos?e5fbf515b3bb0b430fb22f9fedfa27ab8988785f5eab2c0fc27f32d741895bd7,gx-no-cache=1488372329618 HTTP/1.1" 200 30
186.103.157.42 - - [01/Mar/2017:09:44:16 -0300] "POST /cormun/servlet/solicitudotadjuntos?c0e05eb25b4d571ed59389845dd2c743,INS,2017,4935,,1, HTTP/1.1" 200 116
186.103.157.42 - - [01/Mar/2017:09:44:17 -0300] "GET /cormun/servlet/hpexe_return? HTTP/1.1" 200 1030
186.103.157.42 - - [01/Mar/2017:09:44:17 -0300] "GET /cormun/servlet/trsolicitudadjuntos?2017,4935, HTTP/1.1" 200 9061
186.103.157.42 - - [01/Mar/2017:09:44:18 -0300] "GET /cormun/servlet/trsolicitudadjuntos?2017,4935, HTTP/1.1" 200 9060
200.83.57.219 - - [01/Mar/2017:09:44:31 -0300] "GET /cormun/servlet/permisogoce?e98f0bbe6f67eb070b817eb0740648bee841a1e9e7da9c3ab7efc8e9f8d8ae7cefb9f55147ac73ae355cdd786e9b6dd6381f6e90d0ca05444114a5c026575a46,gx-no-cache=1488372343481 HTTP/1.1" 200 46
186.103.157.42 - - [01/Mar/2017:09:44:37 -0300] "POST /cormun/servlet/trsolicitudadjuntos?c0e05eb25b4d571ed59389845dd2c743,2017,4935,,gx-no-cache=1488372352906 HTTP/1.1" 200 90
186.103.157.42 - - [01/Mar/2017:09:44:38 -0300] "GET /cormun/servlet/hpexe_link HTTP/1.1" 200 997
186.103.157.42 - - [01/Mar/2017:09:44:38 -0300] "GET /cormun/servlet/trsolicitudot?gx-no-cache=1488372256726 HTTP/1.1" 200 8309
186.103.157.42 - - [01/Mar/2017:09:44:39 -0300] "GET /cormun/servlet/trsolicitudot?gx-no-cache=1488372256726 HTTP/1.1" 200 8328
200.83.57.219 - - [01/Mar/2017:09:44:41 -0300] "GET /cormun/servlet/permisogoce?e98f0bbe6f67eb070b817eb0740648be760b12001cb57fb3c093e33248de0766f63d6e3c82e5f2f0ca2433ff8401fd39f035809ca9a3ef3c0fb99e8d4b1a3cf20406a3fa623fac205134078dad3a6176,gx-no-cache=1488372353552 HTTP/1.1" 200 170
186.103.157.42 - - [01/Mar/2017:09:44:41 -0300] "POST /cormun/servlet/trsolicitudot?c0e05eb25b4d571ed59389845dd2c743,gx-no-cache=1488372256726,gx-no-cache=1488372356723 HTTP/1.1" 200 4358
186.103.157.42 - - [01/Mar/2017:09:44:41 -0300] "GET /cormun/static/Shared/jqueryui/images/ui-bg_highlight-soft_100_c6c2c8_1x100.png HTTP/1.1" 404 1117
186.103.157.42 - - [01/Mar/2017:09:44:41 -0300] "GET /cormun/static/Shared/jqueryui/images/ui-bg_flat_55_fafafa_40x100.png HTTP/1.1" 404 1097
186.103.157.42 - - [01/Mar/2017:09:44:41 -0300] "GET /cormun/static/Shared/jqueryui/images/ui-icons_8d78a5_256x240.png HTTP/1.1" 404 1089
186.103.157.42 - - [01/Mar/2017:09:44:41 -0300] "GET /cormun/static/Shared/jqueryui/images/ui-icons_82798d_256x240.png HTTP/1.1" 404 1089
186.103.157.42 - - [01/Mar/2017:09:44:41 -0300] "POST /cormun/servlet/trsolicitudot?c0e05eb25b4d571ed59389845dd2c743,gx-no-cache=1488372256726,gx-no-cache=1488372357093 HTTP/1.1" 200 4127
186.103.157.42 - - [01/Mar/2017:09:44:43 -0300] "GET /cormun/servlet/trautorizarsolicitud? HTTP/1.1" 200 8718
186.103.157.42 - - [01/Mar/2017:09:44:44 -0300] "GET /cormun/servlet/trautorizarsolicitud? HTTP/1.1" 200 8697
186.103.157.42 - - [01/Mar/2017:09:44:47 -0300] "POST /cormun/servlet/trautorizarsolicitud?c0e05eb25b4d571ed59389845dd2c743,,gx-no-cache=1488372362929 HTTP/1.1" 200 5435
186.103.157.42 - - [01/Mar/2017:09:44:47 -0300] "GET /cormun/static/Shared/jqueryui/images/ui-icons_82798d_256x240.png HTTP/1.1" 404 1089
186.103.157.42 - - [01/Mar/2017:09:44:47 -0300] "GET /cormun/static/Shared/jqueryui/images/ui-bg_highlight-soft_100_c6c2c8_1x100.png HTTP/1.1" 404 1117
186.103.157.42 - - [01/Mar/2017:09:44:47 -0300] "GET /cormun/static/Shared/jqueryui/images/ui-bg_flat_55_fafafa_40x100.png HTTP/1.1" 404 1097
186.103.157.42 - - [01/Mar/2017:09:44:47 -0300] "GET /cormun/static/Shared/jqueryui/images/ui-icons_8d78a5_256x240.png HTTP/1.1" 404 1089
186.103.157.42 - - [01/Mar/2017:09:44:48 -0300] "POST /cormun/servlet/trautorizarsolicitud?c0e05eb25b4d571ed59389845dd2c743,,gx-no-cache=1488372363256 HTTP/1.1" 200 5378
186.103.157.42 - - [01/Mar/2017:09:44:49 -0300] "POST /cormun/servlet/trautorizarsolicitud?c0e05eb25b4d571ed59389845dd2c743,,gx-no-cache=1488372364217 HTTP/1.1" 200 4340
186.103.157.42 - - [01/Mar/2017:09:44:49 -0300] "POST /cormun/servlet/trautorizarsolicitud?c0e05eb25b4d571ed59389845dd2c743,,gx-no-cache=1488372364449 HTTP/1.1" 200 4117
192.168.10.62 - - [01/Mar/2017:09:44:55 -0300] "POST /cormun/servlet/trsolicitudgral?d9a05f14c6013f30ffd3b4164de3d66b,gx-no-cache=1488375581973 HTTP/1.1" 200 6226
200.83.57.219 - - [01/Mar/2017:09:45:00 -0300] "POST /cormun/servlet/permisogoce?3c2979c3cc7dec360aa4cf1313a846ea,INS,0,,,,gx-no-cache=1488372371853 HTTP/1.1" 200 4334
192.168.10.96 - - [01/Mar/2017:09:45:09 -0300] "GET /cormun/servlet/trsolicitudnombre?15993133, HTTP/1.1" 200 7145
192.168.10.96 - - [01/Mar/2017:09:45:10 -0300] "GET /cormun/servlet/trsolicitudnombre?15993133, HTTP/1.1" 200 7144
192.168.10.96 - - [01/Mar/2017:09:45:12 -0300] "GET /cormun/servlet/vesolicitudnombre?2017,4727,, HTTP/1.1" 200 8370
192.168.10.96 - - [01/Mar/2017:09:45:12 -0300] "GET /cormun/pexe_scrolldiv.js HTTP/1.1" 404 1009
192.168.10.96 - - [01/Mar/2017:09:45:12 -0300] "GET /cormun/pexe_scrolldiv.js HTTP/1.1" 404 1009
192.168.10.96 - - [01/Mar/2017:09:45:12 -0300] "GET /cormun/servlet/vesolicitudnombre?2017,4727,, HTTP/1.1" 200 8361
192.168.10.96 - - [01/Mar/2017:09:45:15 -0300] "GET /cormun/servlet/vesolicitudnombre?2017,4727,,SolicitudOTAdjuntos HTTP/1.1" 200 7322
192.168.10.96 - - [01/Mar/2017:09:45:15 -0300] "GET /cormun/pexe_scrolldiv.js HTTP/1.1" 404 1009
192.168.10.96 - - [01/Mar/2017:09:45:15 -0300] "GET /cormun/pexe_scrolldiv.js HTTP/1.1" 404 1009
192.168.10.96 - - [01/Mar/2017:09:45:15 -0300] "GET /cormun/servlet/vesolicitudnombre?2017,4727,,SolicitudOTAdjuntos HTTP/1.1" 200 7322
192.168.10.96 - - [01/Mar/2017:09:45:16 -0300] "POST /cormun/servlet/acontrolpreferencessavestate?None,DZAMUDIO,true HTTP/1.1" 200 35
192.168.10.96 - - [01/Mar/2017:09:45:22 -0300] "GET /cormun/servlet/trconsultaempleado? HTTP/1.1" 200 6528
192.168.10.96 - - [01/Mar/2017:09:45:23 -0300] "GET /cormun/servlet/trconsultaempleado? HTTP/1.1" 200 6510
200.83.57.219 - - [01/Mar/2017:09:47:06 -0300] "GET /cormun/servlet/hlogin HTTP/1.1" 200 1725
200.83.57.219 - - [01/Mar/2017:09:47:13 -0300] "POST /cormun/servlet/hlogin?1e85857e249b8f7ba71771f94e0a2ec2,gx-no-cache=1488372502484 HTTP/1.1" 200 90
200.83.57.219 - - [01/Mar/2017:09:47:13 -0300] "GET /cormun/servlet/hpexe_link HTTP/1.1" 200 957
200.83.57.219 - - [01/Mar/2017:09:47:14 -0300] "GET /cormun/servlet/hhome HTTP/1.1" 200 4100
200.83.57.219 - - [01/Mar/2017:09:47:14 -0300] "GET /cormun/servlet/hhome HTTP/1.1" 200 4096
200.83.57.219 - - [01/Mar/2017:09:47:17 -0300] "GET /cormun/servlet/trsolicitudot? HTTP/1.1" 200 7069
200.83.57.219 - - [01/Mar/2017:09:47:17 -0300] "GET /cormun/servlet/trsolicitudot? HTTP/1.1" 200 7068
200.83.57.219 - - [01/Mar/2017:09:47:21 -0300] "GET /cormun/servlet/solicitudot?INS,0,0, HTTP/1.1" 200 12909
200.83.57.219 - - [01/Mar/2017:09:47:22 -0300] "GET /cormun/servlet/solicitudot?INS,0,0, HTTP/1.1" 200 12914
200.83.57.219 - - [01/Mar/2017:09:48:15 -0300] "POST /cormun/servlet/solicitudot?gx-no-cache=1488372563673 HTTP/1.1" 200 3167
200.83.57.219 - - [01/Mar/2017:09:48:15 -0300] "POST /cormun/servlet/solicitudot?1e85857e249b8f7ba71771f94e0a2ec2,INS,0,0,,gx-no-cache=1488372564187 HTTP/1.1" 200 9967
200.83.57.219 - - [01/Mar/2017:09:48:15 -0300] "GET /cormun/servlet/solicitudot?fadc3fda2f0a79d3970fe14ba22a01243faf434cd39456e991568801bddec8b30839108f003f7882444d56342b328425,gx-no-cache=1488372564717 HTTP/1.1" 200 30
186.103.159.188 - - [01/Mar/2017:09:48:47 -0300] "GET /cormun/servlet/hlogin HTTP/1.1" 200 1724
200.83.57.219 - - [01/Mar/2017:09:48:54 -0300] "POST /cormun/servlet/solicitudot?gx-no-cache=1488372602704 HTTP/1.1" 200 297
200.83.57.219 - - [01/Mar/2017:09:48:54 -0300] "GET /cormun/servlet/solicitudot?fadc3fda2f0a79d3970fe14ba22a0124958e22b6971bc144b1adc3b9fd9049f3331bc197c4357ff53e6b16eb0d4134653b8d48cb4b2625b1e491ffb6d74ee8f95615133a5668368a8e99e7763a298f11a0637c4b00a0dd7da70dcae6c06eadb0f544790445d0b4a22b84ecaa750f364fda922e8b68e370a261e1fa9e9cec2aa51f63158c32a857ce6ff50e7d87b80a3a0fc2429b343b20d303b8d2f5e69bf7e9698c0dd7740115d47c2bd188edd5f7e664fefac8647659ad925f4f2a16a167fe44ec0641f59cd438840ded498d67dd733423e0747c45b55061c161442d34794615bf73518dc00b80b6141a9d969b1c50f2a4309afc7158e1a1c6032d705fa16743e593c6dda1cbdf416b8a6ba87d08095934e2ee3317cc3965c7bc929d5c6a39bee1cba17942fc9cf5ae3624570d7ef40620e55cdb24c04ecdaca0a42bed1f56d6cf38782c0b7b9cdd46df6687f35f4d367b29dddaa21596e99904db52b92cc398ea1bf23454f76959f1c898e7d56e214041d4c0da276d295ee189697632e6524b31b85af3adc5da4e633e2186b1d850,gx-no-cache=1488372602897 HTTP/1.1" 200 30
186.103.159.188 - - [01/Mar/2017:09:49:00 -0300] "POST /cormun/servlet/hlogin?37763857b179a04c2e4706c52199ebba,gx-no-cache=1488372610813 HTTP/1.1" 200 90
186.103.159.188 - - [01/Mar/2017:09:49:00 -0300] "GET /cormun/servlet/hpexe_link HTTP/1.1" 200 953
186.103.159.188 - - [01/Mar/2017:09:49:00 -0300] "GET /cormun/servlet/hhome HTTP/1.1" 200 3774
200.83.57.219 - - [01/Mar/2017:09:49:00 -0300] "POST /cormun/servlet/solicitudot?gx-no-cache=1488372609148 HTTP/1.1" 200 30
186.103.159.188 - - [01/Mar/2017:09:49:01 -0300] "GET /cormun/servlet/hhome HTTP/1.1" 200 3771
207.46.13.121 - - [01/Mar/2017:09:49:04 -0300] "GET /cormun/servlet/solicitudot?INS,0,0, HTTP/1.1" 200 11933
186.103.159.188 - - [01/Mar/2017:09:49:05 -0300] "GET /cormun/servlet/trsolicitudot? HTTP/1.1" 200 6730
186.103.159.188 - - [01/Mar/2017:09:49:06 -0300] "GET /cormun/servlet/trsolicitudot? HTTP/1.1" 200 6729
186.103.159.188 - - [01/Mar/2017:09:49:19 -0300] "GET /cormun/servlet/solicitudot?INS,0,0, HTTP/1.1" 200 12579
186.103.159.188 - - [01/Mar/2017:09:49:19 -0300] "GET /cormun/servlet/solicitudot?INS,0,0, HTTP/1.1" 200 12584
200.83.57.219 - - [01/Mar/2017:09:49:32 -0300] "POST /cormun/servlet/solicitudot?gx-no-cache=1488372641589 HTTP/1.1" 200 235
200.83.57.219 - - [01/Mar/2017:09:49:32 -0300] "POST /cormun/servlet/solicitudot?gx-no-cache=1488372641703 HTTP/1.1" 200 38
190.101.9.138 - - [01/Mar/2017:09:49:54 -0300] "POST /cormun/servlet/solicitudot?gx-no-cache=1488372664770 HTTP/1.1" 200 3163
190.101.9.138 - - [01/Mar/2017:09:49:54 -0300] "POST /cormun/servlet/solicitudot?37763857b179a04c2e4706c52199ebba,INS,0,0,,gx-no-cache=1488372665051 HTTP/1.1" 200 9764
190.101.9.138 - - [01/Mar/2017:09:50:00 -0300] "GET /cormun/servlet/solicitudot?531e5c64732bfb2d77e6e824bc39a51ef305853e6d36f1d8e4a0598e71e676157ded198d595c0f24c1e93943e3908b08,gx-no-cache=1488372670807 HTTP/1.1" 200 30
190.101.9.138 - - [01/Mar/2017:09:50:00 -0300] "POST /cormun/servlet/solicitudot?gx-no-cache=1488372670885 HTTP/1.1" 200 255
190.101.9.138 - - [01/Mar/2017:09:50:00 -0300] "GET /cormun/servlet/solicitudot?531e5c64732bfb2d77e6e824bc39a51ebf0c4d3616ee47f470dc8c21fb1a8eb879ff3c423e58936ae7d15e1620d70cb990f91a5028e0124e9459d7ed1aebd3ee6c0b9323169ce94c4b95716d909115e4758f0747f6664f3c9a55082536220259e0a3b22e058ce8cfb21434237e0f7386b1354647084c0c1d8451bc9c988cd6848fa20fadfa0fffd372ba0257b4158babb78f9677cb0ef43f13dfddb290c602044b6065fd80347909622c87abff0a1467cb21999b5c0c5834a67dea2b7d3455c2a20b291b85ec6db84b2058effb429613eba160c2265fe937fb04bd89f1951b2f714651b7392e1a41653071a6f0b4e71bfc4a201f1f1ae3c775545b8fdd166d664a2cb9848b7d8e1e21eecb5be220a643b803a13357750e2ad55f195441d7ee1614310c15c90b43ffd3df06b874a1b26a14d60300c1644699f2645a0275d0c485e64f442e12ed5f0e65ea39c53b8a21cc4404c5b5b2a5943ba6f16932e2ed393129f370ffc138c77255e0e3be5fac79863d34d9e00269ee902b55d5112c376eb2,gx-no-cache=1488372670963 HTTP/1.1" 200 30
190.101.9.138 - - [01/Mar/2017:09:50:05 -0300] "POST /cormun/servlet/solicitudot?gx-no-cache=1488372676174 HTTP/1.1" 200 30
190.101.9.138 - - [01/Mar/2017:09:50:14 -0300] "GET /cormun/static/Resources/resize.gif HTTP/1.1" 200 77
186.103.159.188 - - [01/Mar/2017:09:50:14 -0300] "GET /cormun/servlet/prcontratosol?11276338,,,,,MD,,gxPopupLevel%3D0%3B HTTP/1.1" 200 5923
186.103.159.188 - - [01/Mar/2017:09:50:14 -0300] "GET /cormun/static/gxcfg.js?2016102711553248 HTTP/1.1" 200 953
186.103.159.188 - - [01/Mar/2017:09:50:14 -0300] "GET /cormun/static/prcontratosol.js?2016102711553411 HTTP/1.1" 304 -
190.101.9.138 - - [01/Mar/2017:09:50:14 -0300] "GET /cormun/static/Resources/PXToolsMenuSearch.png HTTP/1.1" 200 2914
186.103.159.188 - - [01/Mar/2017:09:50:14 -0300] "GET /cormun/static/menusearch.js?201610171694467 HTTP/1.1" 200 1424
186.103.159.188 - - [01/Mar/2017:09:50:14 -0300] "GET /cormun/static/Resources/PXToolsMenuSearchCancel.png HTTP/1.1" 200 2972
186.103.159.188 - - [01/Mar/2017:09:50:14 -0300] "GET /cormun/static/hmpwkw011.js?201612218515582 HTTP/1.1" 200 1968
192.168.10.89 - - [01/Mar/2017:09:50:23 -0300] "GET /cormun/servlet/hlogin HTTP/1.1" 200 1742
186.103.159.188 - - [01/Mar/2017:09:50:29 -0300] "POST /cormun/servlet/solicitudot?gx-no-cache=1488372700603 HTTP/1.1" 200 1291
186.103.159.188 - - [01/Mar/2017:09:50:30 -0300] "POST /cormun/servlet/solicitudot?gx-no-cache=1488372700697 HTTP/1.1" 200 38
186.103.159.188 - - [01/Mar/2017:09:50:30 -0300] "GET /cormun/servlet/solicitudot?531e5c64732bfb2d77e6e824bc39a51ed8d748b2e32195cc70d5adeba99f43b722d38562b749c6bbf427ac5900f3da51da187b11e40476f31549e14356a8b88f6ae66a6422a0adcd836402b25303141ea53bbb8277c78cef8299e50b089c382a0fb01da5df1652ab795e7a84c4fbb2f5a1a196f199a6b661113c4c1dafd144b7b85301420f8b6537b07c4d9dc1b981a226fabfb0f19a33a61e72a580b0c05cc2,gx-no-cache=1488372700744 HTTP/1.1" 200 29
186.103.159.188 - - [01/Mar/2017:09:50:30 -0300] "POST /cormun/servlet/solicitudot?gx-no-cache=1488372700791 HTTP/1.1" 200 1274
186.103.159.188 - - [01/Mar/2017:09:50:30 -0300] "POST /cormun/servlet/solicitudot?gx-no-cache=1488372700853 HTTP/1.1" 200 1158
192.168.10.89 - - [01/Mar/2017:09:50:39 -0300] "POST /cormun/servlet/hlogin?8ab90fc82c094323fe5f77acc0964f57,gx-no-cache=1488375925635 HTTP/1.1" 200 457
192.168.10.89 - - [01/Mar/2017:09:50:43 -0300] "POST /cormun/servlet/hlogin?8ab90fc82c094323fe5f77acc0964f57,gx-no-cache=1488375929288 HTTP/1.1" 200 457
192.168.10.89 - - [01/Mar/2017:09:50:47 -0300] "POST /cormun/servlet/hlogin?8ab90fc82c094323fe5f77acc0964f57,gx-no-cache=1488375934269 HTTP/1.1" 200 457
192.168.10.89 - - [01/Mar/2017:09:50:51 -0300] "POST /cormun/servlet/hlogin?8ab90fc82c094323fe5f77acc0964f57,gx-no-cache=1488375937799 HTTP/1.1" 200 457
207.46.13.119 - - [01/Mar/2017:09:51:07 -0300] "GET /cormun/static/calendar-es.js?85251 HTTP/1.1" 200 1901
192.168.10.89 - - [01/Mar/2017:09:51:08 -0300] "POST /cormun/servlet/hlogin?8ab90fc82c094323fe5f77acc0964f57,gx-no-cache=1488375954426 HTTP/1.1" 200 457
200.83.57.219 - - [01/Mar/2017:09:51:09 -0300] "GET /cormun/servlet/trvisualizadoreventos? HTTP/1.1" 200 6866
200.83.57.219 - - [01/Mar/2017:09:51:10 -0300] "GET /cormun/servlet/trvisualizadoreventos? HTTP/1.1" 200 6860
207.46.13.118 - - [01/Mar/2017:09:51:11 -0300] "GET /cormun/static/calendar-system.css?85620 HTTP/1.1" 200 5572
192.168.10.89 - - [01/Mar/2017:09:51:12 -0300] "POST /cormun/servlet/hlogin?8ab90fc82c094323fe5f77acc0964f57,gx-no-cache=1488375958357 HTTP/1.1" 200 457
200.83.57.219 - - [01/Mar/2017:09:51:15 -0300] "GET /cormun/static/menuarrow.gif HTTP/1.1" 404 1015
207.46.13.110 - - [01/Mar/2017:09:51:17 -0300] "GET /cormun/static/calendar-setup.js?85251 HTTP/1.1" 200 2588
207.46.13.110 - - [01/Mar/2017:09:51:17 -0300] "GET /cormun/static/gxdec.js?85251 HTTP/1.1" 200 19579
200.83.57.219 - - [01/Mar/2017:09:51:26 -0300] "POST /cormun/servlet/trvisualizadoreventos?1e85857e249b8f7ba71771f94e0a2ec2,,gx-no-cache=1488372754910 HTTP/1.1" 200 3981
200.83.57.219 - - [01/Mar/2017:09:51:31 -0300] "POST /cormun/servlet/trvisualizadoreventos?1e85857e249b8f7ba71771f94e0a2ec2,,gx-no-cache=1488372760102 HTTP/1.1" 200 3983
200.83.57.219 - - [01/Mar/2017:09:51:37 -0300] "POST /cormun/servlet/trvisualizadoreventos?1e85857e249b8f7ba71771f94e0a2ec2,,gx-no-cache=1488372765945 HTTP/1.1" 200 3994
200.83.57.219 - - [01/Mar/2017:09:51:38 -0300] "POST /cormun/servlet/trvisualizadoreventos?1e85857e249b8f7ba71771f94e0a2ec2,,gx-no-cache=1488372767103 HTTP/1.1" 200 3994
200.83.57.219 - - [01/Mar/2017:09:51:43 -0300] "GET /cormun/servlet/trsolicitudot? HTTP/1.1" 200 7069
200.83.57.219 - - [01/Mar/2017:09:51:44 -0300] "GET /cormun/servlet/trsolicitudot? HTTP/1.1" 200 7068
200.83.57.219 - - [01/Mar/2017:09:51:49 -0300] "GET /cormun/servlet/solicitudot?INS,0,0, HTTP/1.1" 200 12909
200.83.57.219 - - [01/Mar/2017:09:51:50 -0300] "GET /cormun/servlet/solicitudot?INS,0,0, HTTP/1.1" 200 12914
200.83.57.219 - - [01/Mar/2017:09:52:06 -0300] "POST /cormun/servlet/solicitudot?1e85857e249b8f7ba71771f94e0a2ec2,INS,0,0,,gx-no-cache=1488372795325 HTTP/1.1" 200 10301
200.83.57.219 - - [01/Mar/2017:09:52:06 -0300] "GET /cormun/static/Shared/jqueryui/images/ui-bg_highlight-soft_100_c6c2c8_1x100.png HTTP/1.1" 404 1117
200.83.57.219 - - [01/Mar/2017:09:52:06 -0300] "GET /cormun/static/Shared/jqueryui/images/ui-icons_82798d_256x240.png HTTP/1.1" 404 1089
200.83.57.219 - - [01/Mar/2017:09:52:06 -0300] "GET /cormun/static/Shared/jqueryui/images/ui-bg_flat_55_994d53_40x100.png HTTP/1.1" 404 1097
200.83.57.219 - - [01/Mar/2017:09:52:07 -0300] "GET /cormun/static/Shared/jqueryui/images/ui-icons_ebccce_256x240.png HTTP/1.1" 404 1089
200.83.57.219 - - [01/Mar/2017:09:52:18 -0300] "POST /cormun/servlet/solicitudot?gx-no-cache=1488372806801 HTTP/1.1" 200 3167
200.83.57.219 - - [01/Mar/2017:09:52:18 -0300] "POST /cormun/servlet/solicitudot?1e85857e249b8f7ba71771f94e0a2ec2,INS,0,0,,gx-no-cache=1488372807427 HTTP/1.1" 200 10512
200.83.57.219 - - [01/Mar/2017:09:52:19 -0300] "GET /cormun/servlet/solicitudot?fadc3fda2f0a79d3970fe14ba22a01243faf434cd39456e991568801bddec8b38ed98e73ddf6ad4a7032b735cbb725a3,gx-no-cache=1488372807854 HTTP/1.1" 200 30
200.83.57.219 - - [01/Mar/2017:09:52:21 -0300] "POST /cormun/servlet/solicitudot?gx-no-cache=1488372810479 HTTP/1.1" 200 297
200.83.57.219 - - [01/Mar/2017:09:52:22 -0300] "GET /cormun/servlet/solicitudot?fadc3fda2f0a79d3970fe14ba22a0124958e22b6971bc144b1adc3b9fd9049f3331bc197c4357ff53e6b16eb0d4134653b8d48cb4b2625b1e491ffb6d74ee8f95615133a5668368a8e99e7763a298f11a0637c4b00a0dd7da70dcae6c06eadb0f544790445d0b4a22b84ecaa750f364fda922e8b68e370a261e1fa9e9cec2aa51f63158c32a857ce6ff50e7d87b80a3a0fc2429b343b20d303b8d2f5e69bf7e9698c0dd7740115d47c2bd188edd5f7e664fefac8647659ad925f4f2a16a167fe44ec0641f59cd438840ded498d67dd733423e0747c45b55061c161442d34794615bf73518dc00b80b6141a9d969b1c50f2a4309afc7158e1a1c6032d705fa16743e593c6dda1cbdf416b8a6ba87d08095934e2ee3317cc3965c7bc929d5c6a39bee1cba17942fc9cf5ae3624570d7ef40620e55cdb24c04ecdaca0a42bed1f56d6cf38782c0b7b9cdd46df6687f35f4d367b29dddaa21596e99904db52b92cc398ea1bf23454f76959f1c898e7d56e21bf049acbb6d138c14ab4e311df38a93e4b31b85af3adc5da4e633e2186b1d850,gx-no-cache=1488372810577 HTTP/1.1" 200 30
200.83.57.219 - - [01/Mar/2017:09:52:24 -0300] "POST /cormun/servlet/solicitudot?gx-no-cache=1488372812936 HTTP/1.1" 200 30
192.168.10.89 - - [01/Mar/2017:09:52:35 -0300] "POST /cormun/servlet/hlogin?8ab90fc82c094323fe5f77acc0964f57,gx-no-cache=1488376041685 HTTP/1.1" 200 457
200.83.57.219 - - [01/Mar/2017:09:52:36 -0300] "POST /cormun/servlet/solicitudot?gx-no-cache=1488372825251 HTTP/1.1" 200 655
200.83.57.219 - - [01/Mar/2017:09:52:36 -0300] "POST /cormun/servlet/solicitudot?gx-no-cache=1488372825348 HTTP/1.1" 200 38
192.168.10.89 - - [01/Mar/2017:09:52:41 -0300] "POST /cormun/servlet/hlogin?8ab90fc82c094323fe5f77acc0964f57,gx-no-cache=1488376047624 HTTP/1.1" 200 457
200.83.57.219 - - [01/Mar/2017:09:52:52 -0300] "GET /cormun/servlet/solicitudot?fadc3fda2f0a79d3970fe14ba22a01246f1e68acb8fa8e43173e7dedce6f10baf1b035ad593997f0df9385629a6a416152d85660650dfc80951930f28b7166bc3ebcf236e9779dbcb158f39809f72516450497cefbd560e88dc9bf82a5ef2345372bc842ebd13f4041ba7aaf70dad45b,gx-no-cache=1488372841270 HTTP/1.1" 200 29
200.83.57.219 - - [01/Mar/2017:09:52:52 -0300] "POST /cormun/servlet/solicitudot?gx-no-cache=1488372841350 HTTP/1.1" 200 643
200.83.57.219 - - [01/Mar/2017:09:52:57 -0300] "POST /cormun/servlet/solicitudot?gx-no-cache=1488372845778 HTTP/1.1" 200 518
192.168.10.89 - - [01/Mar/2017:09:52:57 -0300] "POST /cormun/servlet/hlogin?8ab90fc82c094323fe5f77acc0964f57,gx-no-cache=1488376063916 HTTP/1.1" 200 456
200.83.57.219 - - [01/Mar/2017:09:52:58 -0300] "POST /cormun/servlet/solicitudot?gx-no-cache=1488372847530 HTTP/1.1" 200 1157
192.168.10.89 - - [01/Mar/2017:09:53:01 -0300] "POST /cormun/servlet/hlogin?8ab90fc82c094323fe5f77acc0964f57,gx-no-cache=1488376067661 HTTP/1.1" 200 456
192.168.10.89 - - [01/Mar/2017:09:53:09 -0300] "POST /cormun/servlet/hlogin?8ab90fc82c094323fe5f77acc0964f57,gx-no-cache=1488376076057 HTTP/1.1" 200 456
192.168.10.89 - - [01/Mar/2017:09:53:17 -0300] "POST /cormun/servlet/hlogin?8ab90fc82c094323fe5f77acc0964f57,gx-no-cache=1488376083429 HTTP/1.1" 200 456
192.168.10.89 - - [01/Mar/2017:09:53:42 -0300] "POST /cormun/servlet/hlogin?8ab90fc82c094323fe5f77acc0964f57,gx-no-cache=1488376108799 HTTP/1.1" 200 457
200.83.57.219 - - [01/Mar/2017:09:53:44 -0300] "GET /cormun/static/menuarrow.gif HTTP/1.1" 404 1015
192.168.10.89 - - [01/Mar/2017:09:53:47 -0300] "POST /cormun/servlet/hlogin?8ab90fc82c094323fe5f77acc0964f57,gx-no-cache=1488376114028 HTTP/1.1" 200 90
192.168.10.89 - - [01/Mar/2017:09:53:47 -0300] "GET /cormun/servlet/hpexe_link HTTP/1.1" 200 954
192.168.10.89 - - [01/Mar/2017:09:53:48 -0300] "GET /cormun/servlet/hhome HTTP/1.1" 200 4391
200.83.57.219 - - [01/Mar/2017:09:53:54 -0300] "GET /cormun/servlet/solicitudot?fadc3fda2f0a79d3970fe14ba22a0124054935a952ea47d2b918ed3728e6945e42d6052e04005732c2ded740509f4516c5485a1e76bec9f8af2a754088235f0c77801ac628851075944eb27acbd61f2a60bc2a93ae2e86c59f223a6e66f682bd4f71f4a989149704be6b51cdccf46d136222dfab68a12588d59791c23b6f4a1aade62f3df1b71de6612d14ee27972833113b5d023cebd7e50c45ea6527c6a49304d27ad4a24f5d4871649456bfc6a3b3,gx-no-cache=1488372903287 HTTP/1.1" 200 30
192.168.10.89 - - [01/Mar/2017:09:53:55 -0300] "GET /cormun/servlet/trsecurityuser01? HTTP/1.1" 200 11466
192.168.10.89 - - [01/Mar/2017:09:53:55 -0300] "GET /cormun/static/gxcfg.js?20161221852459 HTTP/1.1" 200 953
192.168.10.89 - - [01/Mar/2017:09:53:55 -0300] "GET /cormun/static/trsecurityuser01.js?201612218524757 HTTP/1.1" 304 -
192.168.10.89 - - [01/Mar/2017:09:53:56 -0300] "GET /cormun//static/Resources/PXToolsHeaderPreferences.png HTTP/1.1" 304 -
192.168.10.89 - - [01/Mar/2017:09:53:56 -0300] "GET /cormun//static/Resources/PXToolsAddAllAction.png HTTP/1.1" 304 -
200.83.57.219 - - [01/Mar/2017:09:54:04 -0300] "POST /cormun/servlet/solicitudot?1e85857e249b8f7ba71771f94e0a2ec2,INS,0,0,,gx-no-cache=1488372912998 HTTP/1.1" 200 93
200.83.57.219 - - [01/Mar/2017:09:54:04 -0300] "GET /cormun/servlet/hpexe_return? HTTP/1.1" 200 1008
200.83.57.219 - - [01/Mar/2017:09:54:05 -0300] "GET /cormun/servlet/trsolicitudot HTTP/1.1" 200 8359
200.83.57.219 - - [01/Mar/2017:09:54:05 -0300] "GET /cormun/servlet/trsolicitudot HTTP/1.1" 200 8355
192.168.10.89 - - [01/Mar/2017:09:54:15 -0300] "POST /cormun/servlet/trsecurityuser01?8ab90fc82c094323fe5f77acc0964f57,,gx-no-cache=1488376142126 HTTP/1.1" 200 9612
192.168.10.89 - - [01/Mar/2017:09:54:36 -0300] "GET /cormun/servlet/securityusers?UPD,9, HTTP/1.1" 200 7305
192.168.10.89 - - [01/Mar/2017:09:54:36 -0300] "GET /cormun/static/gxcfg.js?201612218455945 HTTP/1.1" 200 953
192.168.10.89 - - [01/Mar/2017:09:54:36 -0300] "GET /cormun/static/securityusers.js?201612218455975 HTTP/1.1" 304 -
192.168.10.89 - - [01/Mar/2017:09:54:59 -0300] "POST /cormun/servlet/securityusers?8ab90fc82c094323fe5f77acc0964f57,UPD,9,,gx-no-cache=1488376185899 HTTP/1.1" 200 93
192.168.10.89 - - [01/Mar/2017:09:54:59 -0300] "GET /cormun/servlet/hpexe_return? HTTP/1.1" 200 1009
192.168.10.89 - - [01/Mar/2017:09:55:00 -0300] "GET /cormun/servlet/trsecurityuser01? HTTP/1.1" 200 11906
192.168.10.89 - - [01/Mar/2017:09:55:02 -0300] "GET /cormun/servlet/hlogin HTTP/1.1" 200 1743
192.168.10.89 - - [01/Mar/2017:09:55:10 -0300] "POST /cormun/servlet/hlogin?8ab90fc82c094323fe5f77acc0964f57,gx-no-cache=1488376196499 HTTP/1.1" 200 90
192.168.10.89 - - [01/Mar/2017:09:55:10 -0300] "GET /cormun/servlet/hpexe_link HTTP/1.1" 200 954
192.168.10.89 - - [01/Mar/2017:09:55:10 -0300] "GET /cormun/servlet/hhome HTTP/1.1" 200 4017
192.168.10.89 - - [01/Mar/2017:09:55:15 -0300] "GET /cormun/servlet/trsolicitudot? HTTP/1.1" 200 6991
192.168.10.89 - - [01/Mar/2017:09:55:22 -0300] "GET /cormun/servlet/trvisualizadoreventos? HTTP/1.1" 200 6776
192.168.10.89 - - [01/Mar/2017:09:55:22 -0300] "GET /cormun/static/gxcfg.js?2016101716203350 HTTP/1.1" 304 -
192.168.10.89 - - [01/Mar/2017:09:55:26 -0300] "POST /cormun/servlet/trvisualizadoreventos?8ab90fc82c094323fe5f77acc0964f57,,gx-no-cache=1488376212264 HTTP/1.1" 200 90
192.168.10.89 - - [01/Mar/2017:09:55:26 -0300] "GET /cormun/servlet/hpexe_link HTTP/1.1" 200 970
192.168.10.89 - - [01/Mar/2017:09:55:26 -0300] "GET /cormun/servlet/trsolicitudot HTTP/1.1" 200 6992
192.168.10.89 - - [01/Mar/2017:09:55:28 -0300] "GET /cormun/static/menuarrow.gif HTTP/1.1" 404 1015
192.168.10.89 - - [01/Mar/2017:09:55:32 -0300] "POST /cormun/servlet/trsolicitudot?8ab90fc82c094323fe5f77acc0964f57,gx-no-cache=1488376219004 HTTP/1.1" 200 5432
192.168.10.89 - - [01/Mar/2017:09:55:38 -0300] "GET /cormun/servlet/solicitudot?INS,0,0, HTTP/1.1" 200 12818
200.83.57.219 - - [01/Mar/2017:09:55:44 -0300] "POST /cormun/servlet/trsolicitudot?1e85857e249b8f7ba71771f94e0a2ec2,gx-no-cache=1488373011053 HTTP/1.1" 200 107
200.83.57.219 - - [01/Mar/2017:09:55:44 -0300] "GET /cormun/servlet/trsolicitudadjuntos?2017,4936, HTTP/1.1" 200 6197
200.83.57.219 - - [01/Mar/2017:09:55:44 -0300] "GET /cormun/static/gxcfg.js?201612218531388 HTTP/1.1" 200 953
200.83.57.219 - - [01/Mar/2017:09:55:44 -0300] "GET /cormun/static/trsolicitudadjuntos.js?201612218531657 HTTP/1.1" 200 17913
200.83.57.219 - - [01/Mar/2017:09:55:44 -0300] "GET /cormun/servlet/trsolicitudadjuntos?2017,4936, HTTP/1.1" 200 6196
192.168.10.89 - - [01/Mar/2017:09:55:52 -0300] "GET /cormun/servlet/prfichaempleado?,MD,,gxPopupLevel%3D0%3B HTTP/1.1" 200 8895
192.168.10.89 - - [01/Mar/2017:09:56:01 -0300] "POST /cormun/servlet/prfichaempleado?8ab90fc82c094323fe5f77acc0964f57,,MD,,gxPopupLevel%3D0%3B,gx-no-cache=1488376247851 HTTP/1.1" 200 3394
192.168.10.89 - - [01/Mar/2017:09:56:04 -0300] "POST /cormun/servlet/solicitudot?gx-no-cache=1488376250969 HTTP/1.1" 200 3163
192.168.10.89 - - [01/Mar/2017:09:56:05 -0300] "POST /cormun/servlet/solicitudot?8ab90fc82c094323fe5f77acc0964f57,INS,0,0,,gx-no-cache=1488376251216 HTTP/1.1" 200 9962
192.168.10.89 - - [01/Mar/2017:09:56:07 -0300] "GET /cormun/servlet/solicitudot?eec9b53a275290b1863f26728c775df6f21b8e56a5f1ca6e465f3f90b421493b56d822743e30bdb4b69cdbf8bcc3926e,gx-no-cache=1488376253713 HTTP/1.1" 200 30
192.168.10.89 - - [01/Mar/2017:09:56:07 -0300] "POST /cormun/servlet/solicitudot?gx-no-cache=1488376253774 HTTP/1.1" 200 297
192.168.10.89 - - [01/Mar/2017:09:56:07 -0300] "GET /cormun/servlet/solicitudot?eec9b53a275290b1863f26728c775df6059a036005fb6e2f9bb4bba49172ea0df113802257d318e7c5ab133a2459c61678b73090a45de513da40636f9715c1ef735dff6f58742adae6b0dc850465c1781babc5507f1e865c4c88b20e9c81e18cfef56c264f3a5666a55aedb4a246545551f3cb81ddea0da0d51f9d0117db0a3c8e919fae0568711c2f72820fe0fc36a486a5e7922b1017a3bfd223756c5228969f56002d096963f1439d755b9d98f65efe35ffe2d4b8650a42109c40a7f8c3476dc527e8575a6d36c2bc73676af5f1693f518b601bd715a313a8d4b5f09f077432725f81c251f73ab36e14648cecc1a00d2eec693c50a2048075555ad32b1e59ef9339368b13f20c749cbabdf7940fa8442f8e0bf8e7df3292f50824c67050ad0a556298e167bed46d147b9b2ef78765bc7f88952e6af387b6f1b8fa85eb4fe3f0bca77aa279bccbf40c618097a21f4098926ce69006772bbbb13d580fd3e56af36d6b02fdf93bc77d0eaecb882df45a26da3a1a699ea335c2bdb63e21552a2b6a14aac74bb733ed59fca3e9afa0b57a,gx-no-cache=1488376253804 HTTP/1.1" 200 30
192.168.10.89 - - [01/Mar/2017:09:56:12 -0300] "POST /cormun/servlet/solicitudot?gx-no-cache=1488376258402 HTTP/1.1" 200 30
192.168.10.89 - - [01/Mar/2017:09:56:13 -0300] "POST /cormun/servlet/solicitudot?gx-no-cache=1488376259499 HTTP/1.1" 200 1290
192.168.10.89 - - [01/Mar/2017:09:56:13 -0300] "POST /cormun/servlet/solicitudot?gx-no-cache=1488376259639 HTTP/1.1" 200 38
192.168.10.89 - - [01/Mar/2017:09:56:17 -0300] "GET /cormun/servlet/solicitudot?eec9b53a275290b1863f26728c775df6d1a2a71275ed99cd36c9fb5299d6d304d54221907c86c99ed47d1112417c7793fcd672092a5ffd8f51b7cdc8351298266ef6976979166ebf000c6604f07e3a2cfc8072f98f13625a6a3910c37ec5986009d76c26a158120a8d88571d93e6f696,gx-no-cache=1488376264000 HTTP/1.1" 200 29
192.168.10.89 - - [01/Mar/2017:09:56:17 -0300] "POST /cormun/servlet/solicitudot?gx-no-cache=1488376264039 HTTP/1.1" 200 1273
192.168.10.89 - - [01/Mar/2017:09:56:18 -0300] "POST /cormun/servlet/solicitudot?gx-no-cache=1488376265037 HTTP/1.1" 200 1156
190.101.9.138 - - [01/Mar/2017:09:56:31 -0300] "GET /cormun/servlet/hlogin HTTP/1.1" 200 1724
190.101.9.138 - - [01/Mar/2017:09:56:40 -0300] "POST /cormun/servlet/hlogin?37763857b179a04c2e4706c52199ebba,gx-no-cache=1488373070996 HTTP/1.1" 200 90
190.101.9.138 - - [01/Mar/2017:09:56:40 -0300] "GET /cormun/servlet/hpexe_link HTTP/1.1" 200 970
190.101.9.138 - - [01/Mar/2017:09:56:40 -0300] "GET /cormun/servlet/prcontratosol?11276338,,,,,MD, HTTP/1.1" 200 5921
190.101.9.138 - - [01/Mar/2017:09:56:44 -0300] "GET /cormun/servlet/hlogin HTTP/1.1" 200 1724
190.101.9.138 - - [01/Mar/2017:09:56:50 -0300] "POST /cormun/servlet/hlogin?37763857b179a04c2e4706c52199ebba,gx-no-cache=1488373080403 HTTP/1.1" 200 90
190.101.9.138 - - [01/Mar/2017:09:56:50 -0300] "GET /cormun/servlet/hpexe_link HTTP/1.1" 200 970
190.101.9.138 - - [01/Mar/2017:09:56:50 -0300] "GET /cormun/servlet/prcontratosol?11276338,,,,,MD, HTTP/1.1" 200 5921
190.101.9.138 - - [01/Mar/2017:09:56:54 -0300] "GET /cormun/servlet/hlogin HTTP/1.1" 200 1746
190.101.9.138 - - [01/Mar/2017:09:57:04 -0300] "POST /cormun/servlet/hlogin?37763857b179a04c2e4706c52199ebba,gx-no-cache=1488373095020 HTTP/1.1" 200 90
190.101.9.138 - - [01/Mar/2017:09:57:04 -0300] "GET /cormun/servlet/hpexe_link HTTP/1.1" 200 970
190.101.9.138 - - [01/Mar/2017:09:57:04 -0300] "GET /cormun/servlet/prcontratosol?11276338,,,,,MD, HTTP/1.1" 200 5921
192.168.10.89 - - [01/Mar/2017:09:57:05 -0300] "GET /cormun/servlet/solicitudot?eec9b53a275290b1863f26728c775df693ceefed763ae8d840ed1d205883e1a2b49ad62abdc98f8c08658cbde11a6bddca84d228ffd5a363b00b2e31effc347706cbc3a0a6a8360fccf4d79f930c4aff427ee582fee6328e9c891a3b4cd2998dcf66ac0e4d5060956979deca70aa1260fdd7ab3d47acd198c53ca74d59600da2ab8832286cc06a2d58afa58ca185a7cc30313998d5c09fe2b8783660d25517c687590c68527a35de9d619a3580882a0e,gx-no-cache=1488376311946 HTTP/1.1" 200 30
192.168.10.89 - - [01/Mar/2017:09:57:12 -0300] "POST /cormun/servlet/solicitudot?8ab90fc82c094323fe5f77acc0964f57,INS,0,0,,gx-no-cache=1488376318924 HTTP/1.1" 200 11296
192.168.10.89 - - [01/Mar/2017:09:57:12 -0300] "GET /cormun/static/Shared/jqueryui/images/ui-bg_flat_55_994d53_40x100.png HTTP/1.1" 404 1097
192.168.10.89 - - [01/Mar/2017:09:57:12 -0300] "GET /cormun/static/Shared/jqueryui/images/ui-bg_highlight-soft_100_c6c2c8_1x100.png HTTP/1.1" 404 1117
192.168.10.89 - - [01/Mar/2017:09:57:12 -0300] "GET /cormun/static/Shared/jqueryui/images/ui-icons_ebccce_256x240.png HTTP/1.1" 404 1089
192.168.10.89 - - [01/Mar/2017:09:57:12 -0300] "GET /cormun/static/Shared/jqueryui/images/ui-icons_82798d_256x240.png HTTP/1.1" 404 1089
192.168.10.89 - - [01/Mar/2017:09:57:19 -0300] "POST /cormun/servlet/solicitudot?gx-no-cache=1488376325506 HTTP/1.1" 200 297
192.168.10.89 - - [01/Mar/2017:09:57:19 -0300] "GET /cormun/servlet/solicitudot?eec9b53a275290b1863f26728c775df6059a036005fb6e2f9bb4bba49172ea0df113802257d318e7c5ab133a2459c61678b73090a45de513da40636f9715c1ef735dff6f58742adae6b0dc850465c1781babc5507f1e865c4c88b20e9c81e18cfef56c264f3a5666a55aedb4a246545551f3cb81ddea0da0d51f9d0117db0a3c8e919fae0568711c2f72820fe0fc36a486a5e7922b1017a3bfd223756c5228969f56002d096963f1439d755b9d98f65efe35ffe2d4b8650a42109c40a7f8c3476dc527e8575a6d36c2bc73676af5f1693f518b601bd715a313a8d4b5f09f077432725f81c251f73ab36e14648cecc1a00d2eec693c50a2048075555ad32b1e59ef9339368b13f20c749cbabdf7940fa8442f8e0bf8e7df3292f50824c67050ad0a556298e167bed46d147b9b2ef78765bc7f88952e6af387b6f1b8fa85eb4fe3f0bca77aa279bccbf40c618097a21f4098926ce69006772bbbb13d580fd3e56af36d6b02fdf93bc77d0eaecb882df45ad2aacd42fdc084ea7bc343aadd9a01b26a14aac74bb733ed59fca3e9afa0b57a,gx-no-cache=1488376325536 HTTP/1.1" 200 30
192.168.10.89 - - [01/Mar/2017:09:57:19 -0300] "POST /cormun/servlet/solicitudot?gx-no-cache=1488376325559 HTTP/1.1" 200 30
192.168.10.89 - - [01/Mar/2017:09:57:19 -0300] "POST /cormun/servlet/solicitudot?gx-no-cache=1488376325606 HTTP/1.1" 200 1290
192.168.10.89 - - [01/Mar/2017:09:57:19 -0300] "POST /cormun/servlet/solicitudot?gx-no-cache=1488376325650 HTTP/1.1" 200 40
192.168.10.89 - - [01/Mar/2017:09:57:19 -0300] "POST /cormun/servlet/solicitudot?gx-no-cache=1488376325691 HTTP/1.1" 200 1273
192.168.10.89 - - [01/Mar/2017:09:57:19 -0300] "POST /cormun/servlet/solicitudot?gx-no-cache=1488376325732 HTTP/1.1" 200 1156
192.168.10.89 - - [01/Mar/2017:09:57:19 -0300] "GET /cormun/servlet/solicitudot?eec9b53a275290b1863f26728c775df693ceefed763ae8d840ed1d205883e1a2b49ad62abdc98f8c08658cbde11a6bddca84d228ffd5a363b00b2e31effc347706cbc3a0a6a8360fccf4d79f930c4aff427ee582fee6328e9c891a3b4cd2998dcf66ac0e4d5060956979deca70aa1260fdd7ab3d47acd198c53ca74d59600da2ab8832286cc06a2d58afa58ca185a7cc30313998d5c09fe2b8783660d25517c687590c68527a35de9d619a3580882a0e,gx-no-cache=1488376325785 HTTP/1.1" 200 30
192.168.10.89 - - [01/Mar/2017:09:57:19 -0300] "POST /cormun/servlet/solicitudot?8ab90fc82c094323fe5f77acc0964f57,INS,0,0,,gx-no-cache=1488376325814 HTTP/1.1" 200 93
192.168.10.89 - - [01/Mar/2017:09:57:19 -0300] "GET /cormun/servlet/hpexe_return? HTTP/1.1" 200 1028
192.168.10.89 - - [01/Mar/2017:09:57:20 -0300] "GET /cormun/servlet/trsolicitudot?gx-no-cache=1488376219004 HTTP/1.1" 200 8740
192.168.10.89 - - [01/Mar/2017:09:57:23 -0300] "POST /cormun/servlet/trsolicitudot?8ab90fc82c094323fe5f77acc0964f57,gx-no-cache=1488376219004,gx-no-cache=1488376330076 HTTP/1.1" 200 5469
192.168.10.89 - - [01/Mar/2017:09:57:24 -0300] "POST /cormun/servlet/trsolicitudot?8ab90fc82c094323fe5f77acc0964f57,gx-no-cache=1488376219004,gx-no-cache=1488376330445 HTTP/1.1" 200 5412
192.168.10.89 - - [01/Mar/2017:09:57:24 -0300] "GET /cormun/static/Shared/jqueryui/images/ui-icons_82798d_256x240.png HTTP/1.1" 404 1089
192.168.10.89 - - [01/Mar/2017:09:57:24 -0300] "GET /cormun/static/Shared/jqueryui/images/ui-bg_flat_55_fafafa_40x100.png HTTP/1.1" 404 1097
192.168.10.89 - - [01/Mar/2017:09:57:24 -0300] "GET /cormun/static/Shared/jqueryui/images/ui-bg_highlight-soft_100_c6c2c8_1x100.png HTTP/1.1" 404 1117
192.168.10.89 - - [01/Mar/2017:09:57:24 -0300] "GET /cormun/static/Shared/jqueryui/images/ui-icons_8d78a5_256x240.png HTTP/1.1" 404 1089
192.168.10.89 - - [01/Mar/2017:09:57:27 -0300] "GET /cormun/servlet/trautorizarsolicitud? HTTP/1.1" 200 8214
192.168.10.89 - - [01/Mar/2017:09:57:36 -0300] "POST /cormun/servlet/trautorizarsolicitud?8ab90fc82c094323fe5f77acc0964f57,,gx-no-cache=1488376342901 HTTP/1.1" 200 4321
192.168.10.89 - - [01/Mar/2017:09:57:37 -0300] "POST /cormun/servlet/trautorizarsolicitud?8ab90fc82c094323fe5f77acc0964f57,,gx-no-cache=1488376343259 HTTP/1.1" 200 4107
192.168.10.89 - - [01/Mar/2017:09:57:37 -0300] "GET /cormun/static/Shared/jqueryui/images/ui-bg_highlight-soft_100_c6c2c8_1x100.png HTTP/1.1" 404 1117
192.168.10.89 - - [01/Mar/2017:09:57:37 -0300] "GET /cormun/static/Shared/jqueryui/images/ui-icons_82798d_256x240.png HTTP/1.1" 404 1089
192.168.10.89 - - [01/Mar/2017:09:57:37 -0300] "GET /cormun/static/Shared/jqueryui/images/ui-icons_8d78a5_256x240.png HTTP/1.1" 404 1089
192.168.10.89 - - [01/Mar/2017:09:57:37 -0300] "GET /cormun/static/Shared/jqueryui/images/ui-bg_flat_55_fafafa_40x100.png HTTP/1.1" 404 1097
192.168.10.89 - - [01/Mar/2017:09:57:39 -0300] "GET /cormun/servlet/trsolicitudot? HTTP/1.1" 200 8274
192.168.10.89 - - [01/Mar/2017:09:58:15 -0300] "GET /cormun/servlet/solicitudot?INS,0,0, HTTP/1.1" 200 12819
192.168.10.89 - - [01/Mar/2017:09:58:25 -0300] "GET /cormun/servlet/prfichaempleado?,MD,,gxPopupLevel%3D0%3B HTTP/1.1" 200 8895
192.168.10.89 - - [01/Mar/2017:09:58:33 -0300] "POST /cormun/servlet/prfichaempleado?8ab90fc82c094323fe5f77acc0964f57,,MD,,gxPopupLevel%3D0%3B,gx-no-cache=1488376399679 HTTP/1.1" 200 3452
186.103.159.188 - - [01/Mar/2017:09:59:10 -0300] "GET /cormun/servlet/hlogin HTTP/1.1" 200 1746
200.83.57.219 - - [01/Mar/2017:09:59:22 -0300] "GET /cormun/servlet/solicitudotadjuntos?INS,2017,4936,,1, HTTP/1.1" 200 6124
200.83.57.219 - - [01/Mar/2017:09:59:22 -0300] "GET /cormun/static/gxcfg.js?201612218465951 HTTP/1.1" 200 953
200.83.57.219 - - [01/Mar/2017:09:59:22 -0300] "GET /cormun/static/solicitudotadjuntos.js?201612218465969 HTTP/1.1" 200 11762
200.83.57.219 - - [01/Mar/2017:09:59:23 -0300] "GET /cormun/servlet/solicitudotadjuntos?INS,2017,4936,,1, HTTP/1.1" 200 6117
200.83.57.219 - - [01/Mar/2017:09:59:23 -0300] "GET /cormun/servlet/solicitudotadjuntos?fadc3fda2f0a79d3970fe14ba22a0124f7555f464ee3dfbcb69b75bf47b16ebfce081840ec103c72a82871ce03974531,gx-no-cache=1488373232504 HTTP/1.1" 200 30
200.83.57.219 - - [01/Mar/2017:09:59:23 -0300] "GET /cormun/static/about:blank HTTP/1.1" 404 1011
200.83.57.219 - - [01/Mar/2017:09:59:24 -0300] "POST /cormun/servlet/solicitudotadjuntos?1e85857e249b8f7ba71771f94e0a2ec2,INS,2017,4936,,1,,gx-no-cache=1488373232727 HTTP/1.1" 200 3835
200.83.57.219 - - [01/Mar/2017:09:59:29 -0300] "POST /cormun/servlet/solicitudotadjuntos?gx-no-cache=1488373238554 HTTP/1.1" 200 26
192.168.10.89 - - [01/Mar/2017:09:59:43 -0300] "POST /cormun/servlet/solicitudot?gx-no-cache=1488376470071 HTTP/1.1" 200 3169
192.168.10.89 - - [01/Mar/2017:09:59:44 -0300] "POST /cormun/servlet/solicitudot?8ab90fc82c094323fe5f77acc0964f57,INS,0,0,,gx-no-cache=1488376470306 HTTP/1.1" 200 9934
192.168.10.89 - - [01/Mar/2017:09:59:46 -0300] "GET /cormun/servlet/solicitudot?eec9b53a275290b1863f26728c775df6dc9f023125682f3a527dd0ffaf3cb2fe56d822743e30bdb4b69cdbf8bcc3926e,gx-no-cache=1488376473110 HTTP/1.1" 200 30
192.168.10.89 - - [01/Mar/2017:09:59:46 -0300] "POST /cormun/servlet/solicitudot?gx-no-cache=1488376473149 HTTP/1.1" 200 256
192.168.10.89 - - [01/Mar/2017:09:59:46 -0300] "GET /cormun/servlet/solicitudot?eec9b53a275290b1863f26728c775df6059a036005fb6e2f9bb4bba49172ea0d6c40c177fae5d470b4cc07f97b459c1778b73090a45de513da40636f9715c1ef735dff6f58742adae6b0dc850465c1781babc5507f1e865c4c88b20e9c81e18cfef56c264f3a5666a55aedb4a246545551f3cb81ddea0da0d51f9d0117db0a3c8e919fae0568711c2f72820fe0fc36a486a5e7922b1017a3bfd223756c5228969f56002d096963f1439d755b9d98f65efe35ffe2d4b8650a42109c40a7f8c3476dc527e8575a6d36c2bc73676af5f1693f518b601bd715a313a8d4b5f09f077432725f81c251f73ab36e14648cecc1a00d2eec693c50a2048075555ad32b1e59ef9339368b13f20c749cbabdf7940fa8442f8e0bf8e7df3292f50824c67050ad0a556298e167bed46d147b9b2ef78765bc7f88952e6af387b6f1b8fa85eb4fe3aceabc04f964b81b986fe5ede8d5ec661e3d907a45b9a8c331be0a98a2f5cf7567baa01a459d7cbdca2dde928d03c98d09dc1764d239ce8d6f77b580f58c1d06,gx-no-cache=1488376473181 HTTP/1.1" 200 30
192.168.10.89 - - [01/Mar/2017:09:59:48 -0300] "POST /cormun/servlet/solicitudot?gx-no-cache=1488376474299 HTTP/1.1" 200 30
192.168.10.89 - - [01/Mar/2017:09:59:49 -0300] "POST /cormun/servlet/solicitudot?gx-no-cache=1488376475714 HTTP/1.1" 200 235
192.168.10.89 - - [01/Mar/2017:09:59:49 -0300] "POST /cormun/servlet/solicitudot?gx-no-cache=1488376475765 HTTP/1.1" 200 38
