200.86.95.220 - - [01/Mar/2017:11:41:16 -0300] "GET /cormun/static/Shared/jqueryui/images/ui-icons_82798d_256x240.png HTTP/1.1" 404 1089
200.86.95.220 - - [01/Mar/2017:11:41:16 -0300] "GET /cormun/static/Shared/jqueryui/images/ui-bg_flat_55_fafafa_40x100.png HTTP/1.1" 404 1097
200.86.95.220 - - [01/Mar/2017:11:41:16 -0300] "GET /cormun/static/Shared/jqueryui/images/ui-icons_8d78a5_256x240.png HTTP/1.1" 404 1089
200.86.95.220 - - [01/Mar/2017:11:41:16 -0300] "POST /cormun/servlet/trsolicitudot?9257d87e831697487fe0b0baa7e3d505,gx-no-cache=1488379349056 HTTP/1.1" 200 3937
186.103.159.187 - - [01/Mar/2017:11:41:21 -0300] "GET /cormun/servlet/solicitudot?7f104f66f12125a20b71a930dadc1f2e837d52c20f39aeb8af65469bd25363c8254fda4b01ed5370511d8975c7c8fc8d27c748511a679912f25d7b5451edcad851baa44d61c3b7458a3e928db85173a5c6b855b450c249e6aba4487276f96b94abd871d748f4760d6123b5066fd445ad7a85d41f12332226accf0491546a89ca047e31ff12bb438931f800d0530f384d7e7e2c27faf589dccf3907ecd695dfe02fa0e007757897fc3f886793b7bff175,gx-no-cache=1488379351251 HTTP/1.1" 200 30
186.103.159.187 - - [01/Mar/2017:11:41:45 -0300] "POST /cormun/servlet/solicitudot?gx-no-cache=1488379374800 HTTP/1.1" 200 1273
186.103.159.187 - - [01/Mar/2017:11:41:45 -0300] "POST /cormun/servlet/solicitudot?gx-no-cache=1488379374979 HTTP/1.1" 200 1156
186.103.159.187 - - [01/Mar/2017:11:41:45 -0300] "GET /cormun/servlet/solicitudot?7f104f66f12125a20b71a930dadc1f2e837d52c20f39aeb8af65469bd25363c8254fda4b01ed5370511d8975c7c8fc8d27c748511a679912f25d7b5451edcad851baa44d61c3b7458a3e928db85173a5c6b855b450c249e6aba4487276f96b94abd871d748f4760d6123b5066fd445ad7a85d41f12332226accf0491546a89ca047e31ff12bb438931f800d0530f384d7e7e2c27faf589dccf3907ecd695dfe02fa0e007757897fc3f886793b7bff175,gx-no-cache=1488379375062 HTTP/1.1" 200 30
186.103.159.187 - - [01/Mar/2017:11:41:46 -0300] "POST /cormun/servlet/solicitudot?a56ac4a8a304f50775b83eab458421d6,INS,0,0,,gx-no-cache=1488379375149 HTTP/1.1" 200 93
186.103.159.187 - - [01/Mar/2017:11:41:46 -0300] "GET /cormun/servlet/hpexe_return? HTTP/1.1" 200 1007
186.103.159.187 - - [01/Mar/2017:11:41:46 -0300] "GET /cormun/servlet/trsolicitudot? HTTP/1.1" 200 7982
186.103.159.187 - - [01/Mar/2017:11:41:47 -0300] "GET /cormun/servlet/trsolicitudot? HTTP/1.1" 200 7979
186.103.159.187 - - [01/Mar/2017:11:41:59 -0300] "GET /cormun/servlet/solicitudot?INS,0,0, HTTP/1.1" 200 12546
186.103.159.187 - - [01/Mar/2017:11:42:00 -0300] "GET /cormun/servlet/solicitudot?INS,0,0, HTTP/1.1" 200 12551
186.103.159.187 - - [01/Mar/2017:11:42:32 -0300] "POST /cormun/servlet/solicitudot?gx-no-cache=1488379421795 HTTP/1.1" 200 3174
186.103.159.187 - - [01/Mar/2017:11:42:32 -0300] "POST /cormun/servlet/solicitudot?a56ac4a8a304f50775b83eab458421d6,INS,0,0,,gx-no-cache=1488379422057 HTTP/1.1" 200 9773
186.103.159.187 - - [01/Mar/2017:11:42:35 -0300] "GET /cormun/servlet/solicitudot?7f104f66f12125a20b71a930dadc1f2e7faff9e0b77977d4270ab21aa9ffc7385d16e8346950ec160764d70a589682a7,gx-no-cache=1488379424765 HTTP/1.1" 200 30
186.103.159.187 - - [01/Mar/2017:11:42:35 -0300] "POST /cormun/servlet/solicitudot?gx-no-cache=1488379424867 HTTP/1.1" 200 256
186.103.159.187 - - [01/Mar/2017:11:42:35 -0300] "GET /cormun/servlet/solicitudot?7f104f66f12125a20b71a930dadc1f2e5e52750247fad28340156b874c527344b9d9b488717f72d931f014cae589469d2bb39b19518f3d8036cf7ea0504d28d0098da1c7f612aab923b4b61a3ac10cc6c025055cfc602265488d115c252bd2bfe4ab4275de8c93562aec97f32a1027a122fdbf287dc49bf8a68925ccd9997b738dccd9393be0b3f9b23873f6ec42a59737b2b68c1537009bb7f653535f9356ff1ad9fa6b3fd0f0e9f5d30ddc67db1831d72f73b31c7f337bba2e091b87d62e7ce9c003914f5ffdac9fd4e338f71177c59638aaeb6e231c46ae1fd8252812967acac7be611868215a99a148783851e7dd4f54417f617f510c4d6e179aff88e2541e2792c8256154820ab8c87625a706b10776fab607bdbaf7350138da76ccf2a4652b890fcfcccb04ae6ed41dbc26b460427623693e9c674b76d4257d30f5d5223ec9e464f91f1aa59ca192c42b51fbc3c6ff48b5df0ee228f4d2868dd46582ab429586cd46f2798849229fdc0a61a54eae2dd6f41fe347cf21b662765d9edad1,gx-no-cache=1488379424954 HTTP/1.1" 200 30
186.103.159.187 - - [01/Mar/2017:11:42:39 -0300] "POST /cormun/servlet/solicitudot?gx-no-cache=1488379429279 HTTP/1.1" 200 30
186.103.159.187 - - [01/Mar/2017:11:42:41 -0300] "POST /cormun/servlet/solicitudot?gx-no-cache=1488379431197 HTTP/1.1" 200 1291
186.103.159.187 - - [01/Mar/2017:11:42:41 -0300] "POST /cormun/servlet/solicitudot?gx-no-cache=1488379431277 HTTP/1.1" 200 38
200.54.247.69 - - [01/Mar/2017:11:42:48 -0300] "GET /cormun/servlet/licenciaspermisos?d9ca27410ce14a9179fcc5bfd9491f3a568fd87241b91ad039294919234f9c52ede2ffcf05210c9960c9159a69ee3e42804a8d40c57618c7c95129633c700e32a52ce070eb5ebfddf76f69ce14866c369bf714519273e50652e396d93b0c44f3e03aa480243b312ac002fc84531b487e9af356904f64407ab07f69c2afd40a174a8e63304a3c0e98f04dd0108d663dea8e320758d2f37f33d4f57be1e1cb9051e52feb279a2eb375a29b3016337f95f5,gx-no-cache=1488379439450 HTTP/1.1" 200 30
200.54.247.69 - - [01/Mar/2017:11:42:48 -0300] "POST /cormun/servlet/licenciaspermisos?7888236fa7f228db5511a837c403d17f,INS,0,,,,gx-no-cache=1488379439531 HTTP/1.1" 200 4697
186.103.159.187 - - [01/Mar/2017:11:42:51 -0300] "GET /cormun/servlet/solicitudot?7f104f66f12125a20b71a930dadc1f2eb00310174aa897c931d229e3135d06860039ac67cf13019112cc28658078f930c34669c0ebad323e1da6ebab14d7cd45ef9c913b48699e053d51be6938183298edf48c09291bfb1310da72ac55489182e00f9cfcabd300d95c90146ef7eb9b1fcb3ed7d27958b62f0bdbd6b7a04a0305937a11fd33fde0a48afec929e57d22eb907653f8eafdc59585bca0cc9f070da1,gx-no-cache=1488379441316 HTTP/1.1" 200 29
186.103.159.187 - - [01/Mar/2017:11:42:52 -0300] "POST /cormun/servlet/solicitudot?gx-no-cache=1488379441368 HTTP/1.1" 200 1275
186.103.159.187 - - [01/Mar/2017:11:42:52 -0300] "POST /cormun/servlet/solicitudot?gx-no-cache=1488379441430 HTTP/1.1" 200 1157
186.103.159.187 - - [01/Mar/2017:11:42:52 -0300] "GET /cormun/static/menuarrow.gif HTTP/1.1" 404 1015
186.103.159.187 - - [01/Mar/2017:11:42:55 -0300] "POST /cormun/servlet/solicitudot?gx-no-cache=1488379445002 HTTP/1.1" 200 1275
186.103.159.187 - - [01/Mar/2017:11:42:55 -0300] "POST /cormun/servlet/solicitudot?gx-no-cache=1488379445081 HTTP/1.1" 200 1157
201.246.239.101 - - [01/Mar/2017:11:43:03 -0300] "GET /cormun/servlet/licenciaspermisos?a075093acdc4bf83a1c5728b519076aaafa185afd134e8f9a46f02cc2409fec6600dbe88006759d6dc5663422a0098790b40e07cb17e5e23a353241e5fce9ed20303243041c3b938d3ebb81edec2ef410df7a29e75fc7818ebd9c81b1179fcd91e81156ecbcacd2124f1a70b4bc1ddf0319fd2d0cee951d1874e9003037229df482f84c3b16c258eec67a6d627588207cfc653161aee91d023b997a75be16aca34f5ce06a3f3852afd69f56bbc15f967,gx-no-cache=1488379454454 HTTP/1.1" 200 30
201.246.239.101 - - [01/Mar/2017:11:43:03 -0300] "GET /cormun/servlet/licenciaspermisos?a075093acdc4bf83a1c5728b519076aa52f222e04d3f18a51fdd2684a01e02514a45c6421a6bcd7c49bd1ef19879d9c0d4287f05fe5c9295fb561adee338d5cfbcbd360af72779b31634b61cdaf95692831810632ae86cda91d1a6fd522e8ae38cf6a1f6f808367302e0cd8bcf400eeff974fd521a84689c44be7627bd0362a41657b6337dba35e7c7e7ecaabea923df0d576983087127b0e8745c01d7a0c451b62cf11f6ff454eab41166756df2cb8f,gx-no-cache=1488379454632 HTTP/1.1" 200 29
201.246.239.101 - - [01/Mar/2017:11:43:04 -0300] "POST /cormun/servlet/licenciaspermisos?8f9212b649d19e5b166ab13f31e880be,INS,0,,,,gx-no-cache=1488379454739 HTTP/1.1" 200 93
201.246.239.101 - - [01/Mar/2017:11:43:04 -0300] "GET /cormun/servlet/hpexe_return? HTTP/1.1" 200 1011
201.246.239.101 - - [01/Mar/2017:11:43:04 -0300] "GET /cormun/static/gxcfg.js?2016101716175148 HTTP/1.1" 200 953
201.246.239.101 - - [01/Mar/2017:11:43:04 -0300] "GET /cormun/static/hpexe_return.js?2016101716175153 HTTP/1.1" 200 1633
201.246.239.101 - - [01/Mar/2017:11:43:04 -0300] "GET /cormun/servlet/trlicencias HTTP/1.1" 200 7774
201.246.239.101 - - [01/Mar/2017:11:43:05 -0300] "GET /cormun//static/Resources/PXToolsGridUpdate.png HTTP/1.1" 200 2984
201.246.239.101 - - [01/Mar/2017:11:43:05 -0300] "GET /cormun/servlet/trlicencias HTTP/1.1" 200 7770
201.246.239.101 - - [01/Mar/2017:11:43:05 -0300] "GET /cormun//static/Resources/PXToolsGridDelete.png HTTP/1.1" 200 357
201.246.239.101 - - [01/Mar/2017:11:43:05 -0300] "GET /cormun//static/Resources/PXToolsGridDisplay.png HTTP/1.1" 200 362
201.246.239.101 - - [01/Mar/2017:11:43:05 -0300] "GET /cormun//static/Resources/PXToolsActionPrint.png HTTP/1.1" 200 3317
201.246.239.101 - - [01/Mar/2017:11:43:05 -0300] "GET /cormun//static/Resources/PXTools/ActionInsert.png HTTP/1.1" 200 1482
201.246.239.101 - - [01/Mar/2017:11:43:05 -0300] "GET /cormun//static/Resources/PXToolsHeaderHelp.png HTTP/1.1" 200 4055
186.103.159.187 - - [01/Mar/2017:11:43:05 -0300] "GET /cormun/servlet/solicitudot?7f104f66f12125a20b71a930dadc1f2ea1d0f7c83e0c0f17f6b5e344bc5359530e20f5ace9a10cae2d946741753cee5727c748511a679912f25d7b5451edcad851baa44d61c3b7458a3e928db85173a5c6b855b450c249e6aba4487276f96b94abd871d748f4760d6123b5066fd445ad7a85d41f12332226accf0491546a89ca047e31ff12bb438931f800d0530f384d7e7e2c27faf589dccf3907ecd695dfe02fa0e007757897fc3f886793b7bff175,gx-no-cache=1488379454908 HTTP/1.1" 200 30
201.246.239.101 - - [01/Mar/2017:11:43:05 -0300] "GET /cormun//static/Resources/PXToolsHeaderFavorites.png HTTP/1.1" 200 2744
201.246.239.101 - - [01/Mar/2017:11:43:19 -0300] "GET /cormun/servlet/trlicenciaspermisosadjuntos?15806107,20170301000000,L, HTTP/1.1" 200 6116
201.246.239.101 - - [01/Mar/2017:11:43:20 -0300] "GET /cormun/static/gxcfg.js?2016122813131454 HTTP/1.1" 200 953
186.103.159.187 - - [01/Mar/2017:11:43:20 -0300] "POST /cormun/servlet/solicitudot?a56ac4a8a304f50775b83eab458421d6,INS,0,0,,gx-no-cache=1488379469328 HTTP/1.1" 200 93
201.246.239.101 - - [01/Mar/2017:11:43:20 -0300] "GET /cormun/static/trlicenciaspermisosadjuntos.js?2016122813131728 HTTP/1.1" 200 21008
186.103.159.187 - - [01/Mar/2017:11:43:20 -0300] "GET /cormun/servlet/hpexe_return? HTTP/1.1" 200 1007
201.246.239.101 - - [01/Mar/2017:11:43:20 -0300] "GET /cormun/servlet/trlicenciaspermisosadjuntos?15806107,20170301000000,L, HTTP/1.1" 200 6116
186.103.159.187 - - [01/Mar/2017:11:43:20 -0300] "GET /cormun/servlet/trsolicitudot HTTP/1.1" 200 7982
201.246.239.101 - - [01/Mar/2017:11:43:21 -0300] "POST /cormun/servlet/acontrolpreferencessavestate?None,CG-22,true HTTP/1.1" 200 35
186.103.159.187 - - [01/Mar/2017:11:43:21 -0300] "GET /cormun/servlet/trsolicitudot HTTP/1.1" 200 7979
186.103.159.187 - - [01/Mar/2017:11:43:38 -0300] "GET /cormun/servlet/solicitudot?INS,0,0, HTTP/1.1" 200 12546
186.103.159.187 - - [01/Mar/2017:11:43:39 -0300] "GET /cormun/servlet/solicitudot?INS,0,0, HTTP/1.1" 200 12551
200.111.191.210 - - [01/Mar/2017:11:44:15 -0300] "GET /cormun/servlet/licenciaspermisos?34b4f93530229767339e3d2a3da80c5a98c23b0d1b8e521e65fb8f5de44ab781fdfa61946e77d3c08b4a8a9466e15fe7be952f829d91e0c818b96faa3a3f6ba579ad8bf56717e8d403313846bc4fd7d3c4b36eac831342fa94422cf6a74e5ac141a98bc3de9ce1ddaf4da5ba4d2a6617b7b8724fdb590d2abf8e524083be9b16fcef53c0dcf84eb9e06ef4cce2aadcc82826d945caaf83f390459ce737433f0622a300820332e9bb8945b761835824b82c4a09b18bb9ac8a7d5bcf6611019da2557f4e6edc1ed5ae128f7cdecbca5257f8eb0fecbecf4e576f9441c31eaa35af,gx-no-cache=1488383039801 HTTP/1.1" 200 30
200.111.191.210 - - [01/Mar/2017:11:44:15 -0300] "GET /cormun/servlet/licenciaspermisos?34b4f93530229767339e3d2a3da80c5a7ec4f787b6de2fdea359babfc6cfaa60d2d79d8438306c4ac6d82f1d19370212dace21cd8b5c1dbbc5b5cdd129776a7f6923b71c1a2190a0d8dc953c2dd5335838f7fcf61a1e4ea4043d2c5b220c1f5d0273ccdf5b8263b9182e24be0e09d3640b24f81b84d88c2e871c2a1166a7ed3ac4b6d74da8dce473df1bb00da7dda272b1515cfc35773023d16f864429399977417e92fd77262244f7bfb5cfc6df17a92de854de82aa4a15429b2c831030c71c157e49457b6ca7568a0bff82141d396eadd7eaf60243ffbb990b9350a0cc9d9a,gx-no-cache=1488383042971 HTTP/1.1" 200 29
200.111.191.210 - - [01/Mar/2017:11:44:15 -0300] "POST /cormun/servlet/licenciaspermisos?23f3a6aae58b550276c7356b023ce249,INS,0,,,,gx-no-cache=1488383043033 HTTP/1.1" 500 10
186.103.159.187 - - [01/Mar/2017:11:44:51 -0300] "POST /cormun/servlet/solicitudot?gx-no-cache=1488379560698 HTTP/1.1" 200 3214
186.103.159.187 - - [01/Mar/2017:11:44:51 -0300] "POST /cormun/servlet/solicitudot?a56ac4a8a304f50775b83eab458421d6,INS,0,0,,gx-no-cache=1488379560980 HTTP/1.1" 200 9803
186.103.159.187 - - [01/Mar/2017:11:44:54 -0300] "GET /cormun/servlet/solicitudot?7f104f66f12125a20b71a930dadc1f2ea76fcbf3de583deaee94a9f276ecccc25d16e8346950ec160764d70a589682a7,gx-no-cache=1488379563359 HTTP/1.1" 200 30
186.103.159.187 - - [01/Mar/2017:11:44:54 -0300] "POST /cormun/servlet/solicitudot?gx-no-cache=1488379563449 HTTP/1.1" 200 256
186.103.159.187 - - [01/Mar/2017:11:44:54 -0300] "GET /cormun/servlet/solicitudot?7f104f66f12125a20b71a930dadc1f2e5e52750247fad28340156b874c527344b9d9b488717f72d931f014cae589469d2bb39b19518f3d8036cf7ea0504d28d0098da1c7f612aab923b4b61a3ac10cc6c025055cfc602265488d115c252bd2bfe4ab4275de8c93562aec97f32a1027a122fdbf287dc49bf8a68925ccd9997b738dccd9393be0b3f9b23873f6ec42a59737b2b68c1537009bb7f653535f9356ff1ad9fa6b3fd0f0e9f5d30ddc67db1831d72f73b31c7f337bba2e091b87d62e7ce9c003914f5ffdac9fd4e338f71177c59638aaeb6e231c46ae1fd8252812967acac7be611868215a99a148783851e7dd5265561dac8eafbdc80daf7241e129191e2792c8256154820ab8c87625a706b10776fab607bdbaf7350138da76ccf2a4652b890fcfcccb04ae6ed41dbc26b460427623693e9c674b76d4257d30f5d5223ec9e464f91f1aa59ca192c42b51fbc3c6ff48b5df0ee228f4d2868dd46582ab429586cd46f2798849229fdc0a61a54eae2dd6f41fe347cf21b662765d9edad1,gx-no-cache=1488379563522 HTTP/1.1" 200 30
200.54.247.69 - - [01/Mar/2017:11:45:40 -0300] "GET /cormun/servlet/prfichaempleado?,MD,,gxPopupLevel%3D0%3B HTTP/1.1" 200 8852
192.168.10.62 - - [01/Mar/2017:11:45:43 -0300] "GET /cormun/servlet/trsolicitudgral? HTTP/1.1" 200 9254
192.168.10.62 - - [01/Mar/2017:11:45:44 -0300] "GET /cormun/servlet/trsolicitudgral? HTTP/1.1" 200 9242
192.168.10.62 - - [01/Mar/2017:11:45:50 -0300] "GET /cormun/static/menuarrow.gif HTTP/1.1" 404 1015
200.111.191.210 - - [01/Mar/2017:11:45:53 -0300] "GET /cormun/servlet/trsolicitudot? HTTP/1.1" 200 6027
200.111.191.210 - - [01/Mar/2017:11:45:53 -0300] "GET /cormun/servlet/hlogin HTTP/1.1" 200 1742
200.111.191.210 - - [01/Mar/2017:11:45:53 -0300] "GET /cormun/servlet/trsolicitudot? HTTP/1.1" 200 6037
192.168.10.62 - - [01/Mar/2017:11:45:54 -0300] "POST /cormun/servlet/trsolicitudgral?3d1a28f82664bb6fbe17c211c2c8bdd7,,gx-no-cache=1488382840948 HTTP/1.1" 200 6600
200.54.247.69 - - [01/Mar/2017:11:45:57 -0300] "POST /cormun/servlet/prfichaempleado?7888236fa7f228db5511a837c403d17f,,MD,,gxPopupLevel%3D0%3B,gx-no-cache=1488379628425 HTTP/1.1" 200 3405
192.168.10.62 - - [01/Mar/2017:11:45:59 -0300] "GET /cormun/servlet/vesolicitudgral?2017,4766,, HTTP/1.1" 200 8134
192.168.10.62 - - [01/Mar/2017:11:45:59 -0300] "GET /cormun/pexe_scrolldiv.js HTTP/1.1" 404 1009
192.168.10.62 - - [01/Mar/2017:11:45:59 -0300] "GET /cormun/pexe_scrolldiv.js HTTP/1.1" 404 1009
192.168.10.62 - - [01/Mar/2017:11:46:00 -0300] "GET /cormun/servlet/vesolicitudgral?2017,4766,, HTTP/1.1" 200 8133
200.54.247.69 - - [01/Mar/2017:11:46:04 -0300] "GET /cormun/servlet/licenciaspermisos?d9ca27410ce14a9179fcc5bfd9491f3aeb35d6b99d8cb44f36094fdaf566608426fdb5c4a423945ef587198264cb1c03d5a9c65012cf9ef5d69b8fb09df08de1d561450067237099c203f877852c0bd84d64bb4b6e6d15990be28f1de9f9f75555a361751581ae89ef914a634c10ac7541217a9468979058f42fb3fbe5387a0d66fcbe16738e99bac70f3b784235edc8c4584af51ee7d6b9bf60e4d449ea2c05f705e47cacee21d4ea7eb669bc9a93c1d677c7606aced65f7be8b7121d2f1cabcd5b60f801e8bcdd83407c4be9f9007215570ebd8a21ff719ff1342aa7c012c03f6a9665c34df75bc96476fba15a78be,gx-no-cache=1488379635478 HTTP/1.1" 200 65
192.168.10.62 - - [01/Mar/2017:11:46:05 -0300] "POST /cormun/servlet/vesolicitudgral?3d1a28f82664bb6fbe17c211c2c8bdd7,2017,4766,,,gx-no-cache=1488382851530 HTTP/1.1" 200 90
192.168.10.62 - - [01/Mar/2017:11:46:05 -0300] "GET /cormun/servlet/hpexe_link HTTP/1.1" 200 970
200.54.247.69 - - [01/Mar/2017:11:46:05 -0300] "POST /cormun/servlet/licenciaspermisos?7888236fa7f228db5511a837c403d17f,INS,0,,,,gx-no-cache=1488379635568 HTTP/1.1" 200 93
200.54.247.69 - - [01/Mar/2017:11:46:05 -0300] "GET /cormun/servlet/hpexe_return? HTTP/1.1" 200 1010
192.168.10.62 - - [01/Mar/2017:11:46:05 -0300] "GET /cormun/servlet/trsolicitudgral? HTTP/1.1" 200 9565
200.54.247.69 - - [01/Mar/2017:11:46:05 -0300] "GET /cormun/static/gxcfg.js?2016101716175148 HTTP/1.1" 200 953
200.54.247.69 - - [01/Mar/2017:11:46:05 -0300] "GET /cormun/static/hpexe_return.js?2016101716175153 HTTP/1.1" 304 -
200.54.247.69 - - [01/Mar/2017:11:46:05 -0300] "GET /cormun/servlet/trlicencias HTTP/1.1" 200 8030
192.168.10.62 - - [01/Mar/2017:11:46:05 -0300] "GET /cormun/servlet/trsolicitudgral? HTTP/1.1" 200 9564
200.54.247.69 - - [01/Mar/2017:11:46:06 -0300] "GET /cormun//static/Resources/PXToolsGridDisplay.png HTTP/1.1" 304 -
200.54.247.69 - - [01/Mar/2017:11:46:06 -0300] "GET /cormun//static/Resources/PXToolsHeaderFavorites.png HTTP/1.1" 304 -
200.54.247.69 - - [01/Mar/2017:11:46:06 -0300] "GET /cormun//static/Resources/PXToolsActionPrint.png HTTP/1.1" 304 -
200.54.247.69 - - [01/Mar/2017:11:46:06 -0300] "GET /cormun//static/Resources/PXToolsHeaderHelp.png HTTP/1.1" 304 -
192.168.10.62 - - [01/Mar/2017:11:46:13 -0300] "GET /cormun/servlet/vesolicitudgral?2017,4764,, HTTP/1.1" 200 8126
192.168.10.62 - - [01/Mar/2017:11:46:13 -0300] "GET /cormun/pexe_scrolldiv.js HTTP/1.1" 404 1009
192.168.10.62 - - [01/Mar/2017:11:46:13 -0300] "GET /cormun/pexe_scrolldiv.js HTTP/1.1" 404 1009
192.168.10.62 - - [01/Mar/2017:11:46:13 -0300] "GET /cormun/servlet/vesolicitudgral?2017,4764,, HTTP/1.1" 200 8125
200.111.191.210 - - [01/Mar/2017:11:46:16 -0300] "POST /cormun/servlet/hlogin?6afc504e47bd01e5e8e09df0d1ea132b,gx-no-cache=1488383163975 HTTP/1.1" 200 90
200.111.191.210 - - [01/Mar/2017:11:46:16 -0300] "GET /cormun/servlet/hpexe_link HTTP/1.1" 200 960
200.111.191.210 - - [01/Mar/2017:11:46:16 -0300] "GET /cormun/servlet/trsolicitudot HTTP/1.1" 200 6488
200.111.191.210 - - [01/Mar/2017:11:46:16 -0300] "GET /cormun/servlet/trsolicitudot HTTP/1.1" 200 6486
200.54.247.69 - - [01/Mar/2017:11:46:18 -0300] "GET /cormun/servlet/trlicenciaspermisosadjuntos?15806390,20170301000000,L, HTTP/1.1" 200 6331
200.54.247.69 - - [01/Mar/2017:11:46:18 -0300] "GET /cormun/static/gxcfg.js?2016122813131454 HTTP/1.1" 200 953
200.54.247.69 - - [01/Mar/2017:11:46:18 -0300] "GET /cormun/static/trlicenciaspermisosadjuntos.js?2016122813131728 HTTP/1.1" 304 -
186.79.16.23 - - [01/Mar/2017:11:46:28 -0300] "POST /cormun/servlet/solicitudot?gx-no-cache=1488379659527 HTTP/1.1" 200 240
200.111.191.210 - - [01/Mar/2017:11:46:29 -0300] "GET /cormun/servlet/trlicencias? HTTP/1.1" 200 6568
200.111.191.210 - - [01/Mar/2017:11:46:29 -0300] "GET /cormun/servlet/trlicencias? HTTP/1.1" 200 6568
200.54.247.69 - - [01/Mar/2017:11:46:30 -0300] "GET /cormun/servlet/licenciaspermisosadjuntos?INS,15806390,L,20170301000000,, HTTP/1.1" 200 5629
200.54.247.69 - - [01/Mar/2017:11:46:31 -0300] "GET /cormun/static/licenciaspermisosadjuntos.js?2016122813131394 HTTP/1.1" 304 -
186.79.16.23 - - [01/Mar/2017:11:46:31 -0300] "GET /cormun/servlet/solicitudot?c909dfd761e0991633dddcb21d07aff420a34c95b84c41dc66749ab9f30a521b3dd7c86146876f873a3c112f9dd26e590736f67adf7e43886aaad92b08416a430d0f7fcc2666a6994139d2e264d721b10c3ca6165ca8ecb42bf59f53f0bfc83a1bf9af00dc425af6758b7eaa86ecba996aed86eed9c917dedadf3c1339a33c5214cefbba015bfe7029050eb65c713e305d0c23bf4a2e35e5d54c6ae9f446decfa8a2666e617d9317be47cb97b56f0747835a1ac51fd1f7e30fdf35bfa6e173119b9d9229e9a080d9316db3d21e52ee32b28a0997dc34011a071ba9edb5b817aed317a8c67ff8c5ee2a12bda9e242a29e9cc4b32588888902aa6029597aed18ca97ead86170a324f0138df11f1d088df2098180b3a1eb5d003e611446342f860258e72c0ae6f3642f1167ca4356263e47d6e7f870c435fd6b5271b47019b25575f6642ff09f9eb838b3faddbda9a2efe941402d92e2b9cf510b299bf1fdfd4f5456ab5a7873657841b91753c1c014cbe146f309f2a2fca48c3972beb8a703f786,gx-no-cache=1488379661886 HTTP/1.1" 200 30
200.54.247.69 - - [01/Mar/2017:11:46:31 -0300] "GET /cormun/static/gxcfg.js?2016122813131386 HTTP/1.1" 200 953
200.54.247.69 - - [01/Mar/2017:11:46:31 -0300] "HEAD /cormun/static/about:blank HTTP/1.1" 404 -
200.111.191.210 - - [01/Mar/2017:11:46:32 -0300] "GET /cormun/servlet/licenciaspermisos?INS,0,,, HTTP/1.1" 200 7079
200.111.191.210 - - [01/Mar/2017:11:46:33 -0300] "GET /cormun/servlet/licenciaspermisos?INS,0,,, HTTP/1.1" 200 7079
186.79.16.23 - - [01/Mar/2017:11:46:33 -0300] "POST /cormun/servlet/solicitudot?gx-no-cache=1488379664623 HTTP/1.1" 200 30
201.246.239.101 - - [01/Mar/2017:11:47:03 -0300] "GET /cormun/servlet/licenciaspermisosadjuntos?INS,15806107,L,20170301000000,, HTTP/1.1" 200 5416
201.246.239.101 - - [01/Mar/2017:11:47:03 -0300] "GET /cormun/static/gxcfg.js?2016122813131386 HTTP/1.1" 200 953
201.246.239.101 - - [01/Mar/2017:11:47:03 -0300] "GET /cormun/static/licenciaspermisosadjuntos.js?2016122813131394 HTTP/1.1" 200 8757
201.246.239.101 - - [01/Mar/2017:11:47:03 -0300] "GET /cormun/static/about:blank HTTP/1.1" 404 1011
201.246.239.101 - - [01/Mar/2017:11:47:03 -0300] "GET /cormun/servlet/licenciaspermisosadjuntos?INS,15806107,L,20170301000000,, HTTP/1.1" 200 5404
200.111.191.210 - - [01/Mar/2017:11:47:16 -0300] "GET /cormun/servlet/licenciaspermisos?0dd59b92e17be489a6dc4fbc322b6021aa067d8866946c168660c76fbe1f23a17ea1c3b776edc9de31ea4f8b41bbf743,gx-no-cache=1488383223988 HTTP/1.1" 200 61
200.111.191.210 - - [01/Mar/2017:11:47:16 -0300] "POST /cormun/servlet/licenciaspermisos?6afc504e47bd01e5e8e09df0d1ea132b,INS,0,,,,gx-no-cache=1488383224021 HTTP/1.1" 200 4405
186.79.16.23 - - [01/Mar/2017:11:47:17 -0300] "POST /cormun/servlet/solicitudot?gx-no-cache=1488379707961 HTTP/1.1" 200 1291
186.79.16.23 - - [01/Mar/2017:11:47:32 -0300] "POST /cormun/servlet/solicitudot?gx-no-cache=1488379722771 HTTP/1.1" 200 41
91.196.50.33 - - [01/Mar/2017:11:47:32 -0300] "GET /testproxy.php HTTP/1.1" 404 987
192.168.10.62 - - [01/Mar/2017:11:47:42 -0300] "GET /cormun/servlet/trconsultaempleado? HTTP/1.1" 200 6158
192.168.10.62 - - [01/Mar/2017:11:47:42 -0300] "GET /cormun/servlet/trconsultaempleado? HTTP/1.1" 200 6146
192.168.10.62 - - [01/Mar/2017:11:47:52 -0300] "POST /cormun/servlet/trconsultaempleado?3d1a28f82664bb6fbe17c211c2c8bdd7,,gx-no-cache=1488382958412 HTTP/1.1" 200 3773
200.54.247.69 - - [01/Mar/2017:11:47:56 -0300] "POST /cormun/servlet/licenciaspermisosadjuntos?7888236fa7f228db5511a837c403d17f,INS,15806390,L,20170301000000,, HTTP/1.1" 200 6243
200.54.247.69 - - [01/Mar/2017:11:47:56 -0300] "GET /cormun/home/sistema/apache-tomcat-7.0.65/webapps/cormun/PrivateTempStorage/upload_00004939.tif HTTP/1.1" 404 1149
200.54.247.69 - - [01/Mar/2017:11:47:56 -0300] "GET /cormun/static/Shared/jqueryui/images/ui-icons_82798d_256x240.png HTTP/1.1" 404 1089
200.54.247.69 - - [01/Mar/2017:11:47:56 -0300] "GET /cormun/static/Shared/jqueryui/images/ui-bg_flat_55_994d53_40x100.png HTTP/1.1" 404 1097
200.54.247.69 - - [01/Mar/2017:11:47:56 -0300] "GET /cormun/static/Shared/jqueryui/images/ui-icons_ebccce_256x240.png HTTP/1.1" 404 1089
200.54.247.69 - - [01/Mar/2017:11:47:56 -0300] "GET /cormun/static/Shared/jqueryui/images/ui-bg_highlight-soft_100_c6c2c8_1x100.png HTTP/1.1" 404 1117
200.54.247.69 - - [01/Mar/2017:11:47:56 -0300] "GET /cormun/PrivateTempStorage/upload_00004939.tif HTTP/1.1" 200 140518
200.111.191.210 - - [01/Mar/2017:11:47:57 -0300] "GET /cormun/static/menuarrow.gif HTTP/1.1" 404 1015
192.168.10.62 - - [01/Mar/2017:11:48:03 -0300] "POST /cormun/servlet/trconsultaempleado?3d1a28f82664bb6fbe17c211c2c8bdd7,,gx-no-cache=1488382969328 HTTP/1.1" 200 3771
192.168.10.62 - - [01/Mar/2017:11:48:08 -0300] "POST /cormun/servlet/trconsultaempleado?3d1a28f82664bb6fbe17c211c2c8bdd7,,gx-no-cache=1488382974696 HTTP/1.1" 200 3987
201.246.239.101 - - [01/Mar/2017:11:48:08 -0300] "POST /cormun/servlet/licenciaspermisosadjuntos?8f9212b649d19e5b166ab13f31e880be,INS,15806107,L,20170301000000,, HTTP/1.1" 200 116
201.246.239.101 - - [01/Mar/2017:11:48:09 -0300] "GET /cormun/servlet/hpexe_return? HTTP/1.1" 200 1041
201.246.239.101 - - [01/Mar/2017:11:48:09 -0300] "GET /cormun/servlet/trlicenciaspermisosadjuntos?15806107,20170301000000,L, HTTP/1.1" 200 6602
201.246.239.101 - - [01/Mar/2017:11:48:10 -0300] "GET /cormun/servlet/trlicenciaspermisosadjuntos?15806107,20170301000000,L, HTTP/1.1" 200 6599
192.168.10.62 - - [01/Mar/2017:11:48:14 -0300] "GET /cormun/servlet/trsolicitudnombre?16882610, HTTP/1.1" 200 8323
192.168.10.62 - - [01/Mar/2017:11:48:14 -0300] "GET /cormun/servlet/trsolicitudnombre?16882610, HTTP/1.1" 200 8325
201.246.239.101 - - [01/Mar/2017:11:48:18 -0300] "GET /cormun/PublicTempStorage/licencia_medica_romina_pinochet9599688.jpg HTTP/1.1" 200 2422895
201.246.239.101 - - [01/Mar/2017:11:48:22 -0300] "GET /cormun/servlet/licenciaspermisosadjuntos?INS,15806107,L,20170301000000,, HTTP/1.1" 200 5416
201.246.239.101 - - [01/Mar/2017:11:48:22 -0300] "GET /cormun/static/about:blank HTTP/1.1" 404 1011
201.246.239.101 - - [01/Mar/2017:11:48:23 -0300] "GET /cormun/servlet/licenciaspermisosadjuntos?INS,15806107,L,20170301000000,, HTTP/1.1" 200 5405
201.246.239.101 - - [01/Mar/2017:11:48:25 -0300] "GET /cormun/servlet/trlicenciaspermisosadjuntos?15806107,20170301000000,L, HTTP/1.1" 200 6601
201.246.239.101 - - [01/Mar/2017:11:48:26 -0300] "GET /cormun/servlet/trlicenciaspermisosadjuntos?15806107,20170301000000,L, HTTP/1.1" 200 6597
201.246.239.101 - - [01/Mar/2017:11:48:28 -0300] "GET /cormun/PublicTempStorage/licencia_medica_romina_pinochet5215480.jpg HTTP/1.1" 200 2422895
192.168.10.62 - - [01/Mar/2017:11:48:31 -0300] "GET /cormun/servlet/vesolicitudnombre?2017,3518,, HTTP/1.1" 200 8001
192.168.10.62 - - [01/Mar/2017:11:48:32 -0300] "GET /cormun/static/gxcfg.js?201612218544286 HTTP/1.1" 200 953
192.168.10.62 - - [01/Mar/2017:11:48:32 -0300] "GET /cormun/pexe_scrolldiv.js HTTP/1.1" 404 1009
192.168.10.62 - - [01/Mar/2017:11:48:32 -0300] "GET /cormun/static/vesolicitudnombre.js?201612218544339 HTTP/1.1" 200 6119
192.168.10.62 - - [01/Mar/2017:11:48:32 -0300] "GET /cormun/static/tbsolicitudnombre01.js?2017110216261 HTTP/1.1" 200 28971
192.168.10.62 - - [01/Mar/2017:11:48:32 -0300] "GET /cormun/pexe_scrolldiv.js HTTP/1.1" 404 1009
201.246.239.101 - - [01/Mar/2017:11:48:32 -0300] "GET /cormun/servlet/trvisualizadoreventos? HTTP/1.1" 200 6516
201.246.239.101 - - [01/Mar/2017:11:48:32 -0300] "GET /cormun/static/gxcfg.js?2016101716203350 HTTP/1.1" 200 953
201.246.239.101 - - [01/Mar/2017:11:48:32 -0300] "GET /cormun/static/trvisualizadoreventos.js?2016101716203614 HTTP/1.1" 200 19309
201.246.239.101 - - [01/Mar/2017:11:48:32 -0300] "GET /cormun/static/Resources/PXToolsActionPrint.png HTTP/1.1" 200 3317
192.168.10.62 - - [01/Mar/2017:11:48:32 -0300] "GET /cormun/servlet/vesolicitudnombre?2017,3518,, HTTP/1.1" 200 7995
201.246.239.101 - - [01/Mar/2017:11:48:32 -0300] "GET /cormun/servlet/trvisualizadoreventos? HTTP/1.1" 200 6493
201.246.239.101 - - [01/Mar/2017:11:48:37 -0300] "POST /cormun/servlet/trvisualizadoreventos?8f9212b649d19e5b166ab13f31e880be,,gx-no-cache=1488379788562 HTTP/1.1" 200 3789
186.103.159.187 - - [01/Mar/2017:11:48:39 -0300] "POST /cormun/servlet/solicitudot?gx-no-cache=1488379789111 HTTP/1.1" 200 30
186.103.159.187 - - [01/Mar/2017:11:48:42 -0300] "GET /cormun/servlet/prcontratosol?17522124,,,,,MD,,gxPopupLevel%3D0%3B HTTP/1.1" 200 5889
201.246.239.101 - - [01/Mar/2017:11:48:44 -0300] "GET /cormun/static/menuarrow.gif HTTP/1.1" 404 1015
192.168.10.62 - - [01/Mar/2017:11:48:45 -0300] "GET /cormun/servlet/trsolicitudgral? HTTP/1.1" 200 9575
192.168.10.62 - - [01/Mar/2017:11:48:46 -0300] "GET /cormun/servlet/trsolicitudgral? HTTP/1.1" 200 9564
186.103.159.187 - - [01/Mar/2017:11:48:48 -0300] "POST /cormun/servlet/solicitudot?gx-no-cache=1488379797645 HTTP/1.1" 200 1291
186.103.159.187 - - [01/Mar/2017:11:48:48 -0300] "POST /cormun/servlet/solicitudot?gx-no-cache=1488379797746 HTTP/1.1" 200 38
186.103.159.187 - - [01/Mar/2017:11:48:48 -0300] "GET /cormun/servlet/solicitudot?7f104f66f12125a20b71a930dadc1f2eb00310174aa897c931d229e3135d06860039ac67cf13019112cc28658078f930b7dc921e4809d51b737d589dac8c8da91193dcc157e262c546222f3f7922c3b2525acd058aaa8fd33e7c9abc134a8c4d936cb4e11b689fd900b0e55ccaa748f9,gx-no-cache=1488379797830 HTTP/1.1" 200 29
186.103.159.187 - - [01/Mar/2017:11:48:48 -0300] "POST /cormun/servlet/solicitudot?gx-no-cache=1488379797893 HTTP/1.1" 200 1275
186.103.159.187 - - [01/Mar/2017:11:48:48 -0300] "POST /cormun/servlet/solicitudot?gx-no-cache=1488379797983 HTTP/1.1" 200 1157
186.103.159.187 - - [01/Mar/2017:11:48:49 -0300] "GET /cormun/servlet/prsolicitudot?17522124,,,,,MD,,gxPopupLevel%3D0%3B HTTP/1.1" 200 5869
201.246.239.101 - - [01/Mar/2017:11:48:53 -0300] "POST /cormun/servlet/trvisualizadoreventos?8f9212b649d19e5b166ab13f31e880be,,gx-no-cache=1488379803872 HTTP/1.1" 200 3798
186.103.159.187 - - [01/Mar/2017:11:48:53 -0300] "POST /cormun/servlet/solicitudot?gx-no-cache=1488379803329 HTTP/1.1" 200 1291
186.103.159.187 - - [01/Mar/2017:11:48:54 -0300] "POST /cormun/servlet/solicitudot?gx-no-cache=1488379803411 HTTP/1.1" 200 38
186.103.159.187 - - [01/Mar/2017:11:48:54 -0300] "POST /cormun/servlet/solicitudot?gx-no-cache=1488379803489 HTTP/1.1" 200 1275
186.103.159.187 - - [01/Mar/2017:11:48:54 -0300] "POST /cormun/servlet/solicitudot?gx-no-cache=1488379803575 HTTP/1.1" 200 1157
201.246.239.101 - - [01/Mar/2017:11:48:58 -0300] "POST /cormun/servlet/trvisualizadoreventos?8f9212b649d19e5b166ab13f31e880be,,gx-no-cache=1488379809193 HTTP/1.1" 200 4161
192.168.10.62 - - [01/Mar/2017:11:49:03 -0300] "POST /cormun/servlet/trsolicitudgral?3d1a28f82664bb6fbe17c211c2c8bdd7,,gx-no-cache=1488383030017 HTTP/1.1" 200 6246
192.168.10.62 - - [01/Mar/2017:11:49:10 -0300] "GET /cormun/servlet/vesolicitudgral?2017,3518,, HTTP/1.1" 200 8151
192.168.10.62 - - [01/Mar/2017:11:49:10 -0300] "GET /cormun/pexe_scrolldiv.js HTTP/1.1" 404 1009
192.168.10.62 - - [01/Mar/2017:11:49:10 -0300] "GET /cormun/pexe_scrolldiv.js HTTP/1.1" 404 1009
192.168.10.62 - - [01/Mar/2017:11:49:10 -0300] "GET /cormun/servlet/vesolicitudgral?2017,3518,, HTTP/1.1" 200 8150
200.111.191.210 - - [01/Mar/2017:11:50:18 -0300] "GET /cormun/servlet/licenciaspermisos?0dd59b92e17be489a6dc4fbc322b60213242ee6cf7bda04f91b98292810157820a9bc0cb7d1fd0334990a9966b95a7713b1ec5d0ec3bc3a83f5682a71567fee60edb6b2faf13e0cbd4ffe7c545bd9430d1a9366934858db7f0425275150f3b00f48370852b7827c6ca2149f707a6da910a628e94a91fa911230ad60a7cf1e14e9a0a4ca0521794bc520558794d57e840e947ef32cd81a735dbad6f5af57c8f9988368fa0e569e87ff74cd77673161190b7840de4b07a5cbafaef101a456962e040d34eb601937a0e891d10215e7d93694e06e3747ff68be5c81e2ad1e3e004a9,gx-no-cache=1488383405555 HTTP/1.1" 200 30
200.111.191.210 - - [01/Mar/2017:11:50:18 -0300] "GET /cormun/servlet/licenciaspermisos?0dd59b92e17be489a6dc4fbc322b602157e4495068e1751c594297f4ea479ba9b99c27ff2a6d52aaae583fdd1f41e6cfeab1cd2b6e841905acdcf3c8d8b925f5bb72148781cea688b92d074d3249e18746e78e1d958fc430048693602bbdb4f01f438fa28af75f824182acf93d397b444085defdb18df4d2a754dc92c3facb9316a2d3cfeb101a8ce4c475b08b3aaa87f85c9d3c0274e6ebffa0848f41bae59fd26ced05a94d4e621d3a530d2ae86c3dfa0edae904733494b5e77c9cba0b3b44ad6d5456cd8dc9147578e0b24db786d5b5879b297545afac90dc18c6bba4707a,gx-no-cache=1488383406720 HTTP/1.1" 200 29
200.111.191.210 - - [01/Mar/2017:11:50:18 -0300] "POST /cormun/servlet/licenciaspermisos?6afc504e47bd01e5e8e09df0d1ea132b,INS,0,,,,gx-no-cache=1488383406744 HTTP/1.1" 200 93
200.111.191.210 - - [01/Mar/2017:11:50:18 -0300] "GET /cormun/servlet/hpexe_return? HTTP/1.1" 200 1013
200.111.191.210 - - [01/Mar/2017:11:50:19 -0300] "GET /cormun/static/gxcfg.js?2016101716175148 HTTP/1.1" 304 -
200.111.191.210 - - [01/Mar/2017:11:50:19 -0300] "GET /cormun/servlet/trlicencias HTTP/1.1" 200 7758
200.111.191.210 - - [01/Mar/2017:11:50:19 -0300] "GET /cormun//static/Resources/PXToolsHeaderHelp.png HTTP/1.1" 200 4055
200.111.191.210 - - [01/Mar/2017:11:50:19 -0300] "GET /cormun//static/Resources/PXToolsHeaderFavorites.png HTTP/1.1" 200 2744
200.111.191.210 - - [01/Mar/2017:11:50:19 -0300] "GET /cormun//static/Resources/PXToolsGridDisplay.png HTTP/1.1" 200 362
200.111.191.210 - - [01/Mar/2017:11:50:19 -0300] "GET /cormun//static/Resources/PXToolsActionPrint.png HTTP/1.1" 200 3317
200.111.191.210 - - [01/Mar/2017:11:50:19 -0300] "GET /cormun/servlet/trlicencias HTTP/1.1" 200 7754
186.103.159.187 - - [01/Mar/2017:11:50:26 -0300] "POST /cormun/servlet/solicitudot?gx-no-cache=1488379895577 HTTP/1.1" 200 1275
186.103.159.187 - - [01/Mar/2017:11:50:26 -0300] "POST /cormun/servlet/solicitudot?gx-no-cache=1488379895755 HTTP/1.1" 200 1157
186.103.159.187 - - [01/Mar/2017:11:50:26 -0300] "GET /cormun/servlet/solicitudot?7f104f66f12125a20b71a930dadc1f2e01879e8200fea5222a1be09df665218c08df8f31f4be6918d48c322dbc42e6679bea746b7df170bd1fa0136f4b7696d5589334da27ce696a0ceabe442400a309df41480a56f947a6b0c4d1f48bda6e66886e008ad1522d9deb6b969126baf90e6747ea9967310fb9b1cd44a7d2890679b85af39f7074af2e9c3c32e68df560c6131875271aad6b9cd3ce9729e86b2929f8e5722742d3373631242b30e0930986,gx-no-cache=1488379895854 HTTP/1.1" 200 30
186.103.156.211 - - [01/Mar/2017:11:50:54 -0300] "GET /cormun/servlet/trsolicitudot? HTTP/1.1" 200 6626
186.103.156.211 - - [01/Mar/2017:11:50:54 -0300] "GET /cormun/servlet/trsolicitudot? HTTP/1.1" 200 6625
186.103.156.211 - - [01/Mar/2017:11:51:03 -0300] "GET /cormun/servlet/trlicencias? HTTP/1.1" 200 6535
186.103.156.211 - - [01/Mar/2017:11:51:03 -0300] "GET /cormun/servlet/trlicencias? HTTP/1.1" 200 6534
200.54.247.69 - - [01/Mar/2017:11:51:36 -0300] "GET /cormun/servlet/hlogin HTTP/1.1" 200 1718
200.54.247.69 - - [01/Mar/2017:11:51:36 -0300] "GET /cormun/static/Resources/Spanish/PXTools.css?167811 HTTP/1.1" 304 -
200.54.247.69 - - [01/Mar/2017:11:51:37 -0300] "GET /cormun/static/gxcfg.js?201612216162538 HTTP/1.1" 304 -
200.54.247.69 - - [01/Mar/2017:11:51:37 -0300] "GET /cormun/static/gxtimezone.js?85251 HTTP/1.1" 304 -
200.54.247.69 - - [01/Mar/2017:11:51:37 -0300] "GET /cormun/static/gxgral.js?85251 HTTP/1.1" 304 -
200.54.247.69 - - [01/Mar/2017:11:51:37 -0300] "GET /cormun/static/messages.spa.js?85251 HTTP/1.1" 304 -
200.54.247.69 - - [01/Mar/2017:11:51:37 -0300] "GET /cormun/static/Resources/ComunLogin.png HTTP/1.1" 304 -
200.54.247.69 - - [01/Mar/2017:11:51:37 -0300] "GET /cormun/static/hlogin.js?201612216162555 HTTP/1.1" 304 -
200.54.247.69 - - [01/Mar/2017:11:51:37 -0300] "GET /cormun/static/Resources/indicator.gif HTTP/1.1" 304 -
186.79.16.23 - - [01/Mar/2017:11:51:56 -0300] "GET /cormun/servlet/solicitudot?c909dfd761e0991633dddcb21d07aff4eb7ef192fb39718e4df39ae9bce6420544541134a12a4e94771477114b4e634669b319e3d7eda428ae008914c800ad2667004b7562e4569e5fb3cc299b3356cf7db02f34a152367789541414e6247e6cd89efc50483fe3d6b267651867bcba51,gx-no-cache=1488379986758 HTTP/1.1" 200 29
186.79.16.23 - - [01/Mar/2017:11:51:56 -0300] "POST /cormun/servlet/solicitudot?gx-no-cache=1488379986993 HTTP/1.1" 200 1275
186.79.16.23 - - [01/Mar/2017:11:51:56 -0300] "POST /cormun/servlet/solicitudot?gx-no-cache=1488379987196 HTTP/1.1" 200 1156
200.54.247.69 - - [01/Mar/2017:11:52:07 -0300] "POST /cormun/servlet/hlogin?c04ff8527bfd17c4e369de126924852e,gx-no-cache=1488379998169 HTTP/1.1" 200 90
200.54.247.69 - - [01/Mar/2017:11:52:07 -0300] "GET /cormun/servlet/hpexe_link HTTP/1.1" 200 953
200.54.247.69 - - [01/Mar/2017:11:52:07 -0300] "GET /cormun/servlet/hhome HTTP/1.1" 200 3975
186.79.16.23 - - [01/Mar/2017:11:52:15 -0300] "POST /cormun/servlet/solicitudot?gx-no-cache=1488380005378 HTTP/1.1" 200 1275
186.79.16.23 - - [01/Mar/2017:11:52:15 -0300] "POST /cormun/servlet/solicitudot?gx-no-cache=1488380005942 HTTP/1.1" 200 1156
200.54.247.69 - - [01/Mar/2017:11:52:15 -0300] "GET /cormun/servlet/trautorizarsolicitud? HTTP/1.1" 200 6897
186.103.159.187 - - [01/Mar/2017:11:52:18 -0300] "POST /cormun/servlet/solicitudot?gx-no-cache=1488380008121 HTTP/1.1" 200 1275
186.103.159.187 - - [01/Mar/2017:11:52:18 -0300] "POST /cormun/servlet/solicitudot?gx-no-cache=1488380008311 HTTP/1.1" 200 1157
186.103.159.187 - - [01/Mar/2017:11:52:19 -0300] "GET /cormun/servlet/solicitudot?7f104f66f12125a20b71a930dadc1f2e01879e8200fea5222a1be09df665218c08df8f31f4be6918d48c322dbc42e6679bea746b7df170bd1fa0136f4b7696d5589334da27ce696a0ceabe442400a309df41480a56f947a6b0c4d1f48bda6e66886e008ad1522d9deb6b969126baf90e6747ea9967310fb9b1cd44a7d2890679b85af39f7074af2e9c3c32e68df560c6131875271aad6b9cd3ce9729e86b2929f8e5722742d3373631242b30e0930986,gx-no-cache=1488380008406 HTTP/1.1" 200 30
200.54.247.69 - - [01/Mar/2017:11:52:19 -0300] "GET /cormun/servlet/trsolicitudot? HTTP/1.1" 200 6943
200.54.247.69 - - [01/Mar/2017:11:52:19 -0300] "GET /cormun/static/gxcfg.js?20171191044697 HTTP/1.1" 200 953
200.54.247.69 - - [01/Mar/2017:11:52:19 -0300] "GET /cormun/static/trsolicitudot.js?20171191045625 HTTP/1.1" 304 -
186.103.159.187 - - [01/Mar/2017:11:52:19 -0300] "POST /cormun/servlet/solicitudot?a56ac4a8a304f50775b83eab458421d6,INS,0,0,,gx-no-cache=1488380008478 HTTP/1.1" 200 93
186.103.159.187 - - [01/Mar/2017:11:52:19 -0300] "GET /cormun/servlet/hpexe_return? HTTP/1.1" 200 1007
186.103.159.187 - - [01/Mar/2017:11:52:19 -0300] "GET /cormun/servlet/trsolicitudot HTTP/1.1" 200 7982
186.103.159.187 - - [01/Mar/2017:11:52:20 -0300] "GET /cormun/servlet/trsolicitudot HTTP/1.1" 200 7979
200.54.247.69 - - [01/Mar/2017:11:52:24 -0300] "GET /cormun/servlet/trautorizarsolicitud? HTTP/1.1" 200 6898
186.103.159.187 - - [01/Mar/2017:11:52:27 -0300] "POST /cormun/servlet/trsolicitudot?a56ac4a8a304f50775b83eab458421d6,gx-no-cache=1488380016766 HTTP/1.1" 200 5235
186.79.16.23 - - [01/Mar/2017:11:52:28 -0300] "GET /cormun/servlet/solicitudot?c909dfd761e0991633dddcb21d07aff444f4be3743e4c52748f9b0c72ddeed44a6276068d54226e3e7a560484088ffb3d45cfca001df298fb881b4810759d21ea483000478906328cef54201de38d65c3e115fec93d1153dba135fd9ad76b6923c94364faddef77f44ce2852f8480903ae86d8e7cd4d34d57e24992450f7a0a1890dc47cfb938287ebdeb2ef8d9236e136ab1988819722b6cebf1deeda8f65402f85a89f612140b3e61865b10446d8090837e644fd531286b3666def0c47f61e,gx-no-cache=1488380018826 HTTP/1.1" 200 30
200.54.247.69 - - [01/Mar/2017:11:52:28 -0300] "GET /cormun/servlet/trvisualizadoreventos? HTTP/1.1" 200 6702
186.103.159.187 - - [01/Mar/2017:11:52:30 -0300] "POST /cormun/servlet/trsolicitudot?a56ac4a8a304f50775b83eab458421d6,gx-no-cache=1488380019317 HTTP/1.1" 200 5234
186.103.159.187 - - [01/Mar/2017:11:52:30 -0300] "POST /cormun/servlet/trsolicitudot?a56ac4a8a304f50775b83eab458421d6,gx-no-cache=1488380019571 HTTP/1.1" 200 5235
186.103.159.187 - - [01/Mar/2017:11:52:36 -0300] "GET /cormun/servlet/solicitudot?INS,0,0, HTTP/1.1" 200 12545
200.54.247.69 - - [01/Mar/2017:11:52:37 -0300] "GET /cormun/servlet/trautorizarsolicitud? HTTP/1.1" 200 6898
186.103.159.187 - - [01/Mar/2017:11:52:37 -0300] "GET /cormun/servlet/solicitudot?INS,0,0, HTTP/1.1" 200 12550
200.111.191.210 - - [01/Mar/2017:11:52:38 -0300] "GET /cormun/servlet/trlicenciaspermisosadjuntos?7496875,20170301000000,L, HTTP/1.1" 200 6078
200.111.191.210 - - [01/Mar/2017:11:52:38 -0300] "GET /cormun/static/gxcfg.js?2016122813131454 HTTP/1.1" 200 953
200.111.191.210 - - [01/Mar/2017:11:52:38 -0300] "GET /cormun/static/trlicenciaspermisosadjuntos.js?2016122813131728 HTTP/1.1" 200 21008
200.111.191.210 - - [01/Mar/2017:11:52:38 -0300] "GET /cormun/servlet/trlicenciaspermisosadjuntos?7496875,20170301000000,L, HTTP/1.1" 200 6078
200.111.191.210 - - [01/Mar/2017:11:52:40 -0300] "GET /cormun/servlet/licenciaspermisosadjuntos?INS,7496875,L,20170301000000,, HTTP/1.1" 200 5374
200.111.191.210 - - [01/Mar/2017:11:52:40 -0300] "GET /cormun/static/gxcfg.js?2016122813131386 HTTP/1.1" 200 953
200.111.191.210 - - [01/Mar/2017:11:52:40 -0300] "GET /cormun/static/licenciaspermisosadjuntos.js?2016122813131394 HTTP/1.1" 200 8757
200.111.191.210 - - [01/Mar/2017:11:52:40 -0300] "GET /cormun/static/about:blank HTTP/1.1" 404 1011
200.111.191.210 - - [01/Mar/2017:11:52:41 -0300] "GET /cormun/servlet/licenciaspermisosadjuntos?INS,7496875,L,20170301000000,, HTTP/1.1" 200 5364
200.54.247.69 - - [01/Mar/2017:11:52:43 -0300] "GET /cormun/servlet/trsolicitudot? HTTP/1.1" 200 6943
186.103.156.211 - - [01/Mar/2017:11:52:45 -0300] "POST /cormun/servlet/trlicencias?184ec44145d743535977557df831d605,,gx-no-cache=1488380036288 HTTP/1.1" 200 3932
186.103.156.211 - - [01/Mar/2017:11:52:48 -0300] "GET /cormun/servlet/licenciaspermisos?INS,0,,, HTTP/1.1" 200 7050
200.54.247.69 - - [01/Mar/2017:11:52:48 -0300] "GET /cormun/servlet/trautorizarsolicitud? HTTP/1.1" 200 6898
186.103.159.187 - - [01/Mar/2017:11:52:48 -0300] "POST /cormun/servlet/solicitudot?a56ac4a8a304f50775b83eab458421d6,INS,0,0,,gx-no-cache=1488380038189 HTTP/1.1" 200 90
186.103.159.187 - - [01/Mar/2017:11:52:48 -0300] "GET /cormun/servlet/hpexe_link HTTP/1.1" 200 986
186.103.159.187 - - [01/Mar/2017:11:52:49 -0300] "GET /cormun/servlet/trsolicitudot?gx-no-cache=1488380019571 HTTP/1.1" 200 7980
186.103.156.211 - - [01/Mar/2017:11:52:49 -0300] "GET /cormun/servlet/licenciaspermisos?INS,0,,, HTTP/1.1" 200 7050
186.103.159.187 - - [01/Mar/2017:11:52:50 -0300] "GET /cormun/servlet/trsolicitudot?gx-no-cache=1488380019571 HTTP/1.1" 200 8000
200.54.247.69 - - [01/Mar/2017:11:52:53 -0300] "GET /cormun/servlet/trautorizarsolicitud? HTTP/1.1" 200 6898
186.79.16.23 - - [01/Mar/2017:11:52:54 -0300] "POST /cormun/servlet/solicitudot?767e66286bbf99994442236e53c5f92a,INS,0,0,,gx-no-cache=1488380044305 HTTP/1.1" 200 93
186.79.16.23 - - [01/Mar/2017:11:52:54 -0300] "GET /cormun/servlet/hpexe_return? HTTP/1.1" 200 1005
186.79.16.23 - - [01/Mar/2017:11:52:54 -0300] "GET /cormun/servlet/trsolicitudot HTTP/1.1" 200 9262
186.79.16.23 - - [01/Mar/2017:11:52:55 -0300] "GET /cormun/servlet/trsolicitudot HTTP/1.1" 200 9257
200.111.191.210 - - [01/Mar/2017:11:52:57 -0300] "POST /cormun/servlet/licenciaspermisosadjuntos?6afc504e47bd01e5e8e09df0d1ea132b,INS,7496875,L,20170301000000,, HTTP/1.1" 200 116
200.111.191.210 - - [01/Mar/2017:11:52:57 -0300] "GET /cormun/servlet/hpexe_return? HTTP/1.1" 200 1042
200.54.247.69 - - [01/Mar/2017:11:52:57 -0300] "GET /cormun/servlet/trvisualizadoreventos? HTTP/1.1" 200 6702
200.111.191.210 - - [01/Mar/2017:11:52:57 -0300] "GET /cormun/servlet/trlicenciaspermisosadjuntos?7496875,20170301000000,L, HTTP/1.1" 200 6542
200.111.191.210 - - [01/Mar/2017:11:52:58 -0300] "GET /cormun/servlet/trlicenciaspermisosadjuntos?7496875,20170301000000,L, HTTP/1.1" 200 6536
186.103.159.187 - - [01/Mar/2017:11:53:01 -0300] "POST /cormun/servlet/trsolicitudot?a56ac4a8a304f50775b83eab458421d6,gx-no-cache=1488380019571,gx-no-cache=1488380050447 HTTP/1.1" 200 4167
186.103.159.187 - - [01/Mar/2017:11:53:01 -0300] "GET /cormun/static/Shared/jqueryui/images/ui-bg_highlight-soft_100_c6c2c8_1x100.png HTTP/1.1" 404 1117
186.103.159.187 - - [01/Mar/2017:11:53:01 -0300] "GET /cormun/static/Shared/jqueryui/images/ui-icons_82798d_256x240.png HTTP/1.1" 404 1089
186.103.159.187 - - [01/Mar/2017:11:53:01 -0300] "GET /cormun/static/Shared/jqueryui/images/ui-bg_flat_55_fafafa_40x100.png HTTP/1.1" 404 1097
186.103.159.187 - - [01/Mar/2017:11:53:01 -0300] "GET /cormun/static/Shared/jqueryui/images/ui-icons_8d78a5_256x240.png HTTP/1.1" 404 1089
186.103.159.187 - - [01/Mar/2017:11:53:01 -0300] "POST /cormun/servlet/trsolicitudot?a56ac4a8a304f50775b83eab458421d6,gx-no-cache=1488380019571,gx-no-cache=1488380050737 HTTP/1.1" 200 3962
200.54.247.69 - - [01/Mar/2017:11:53:02 -0300] "GET /cormun/servlet/trsolicitudot? HTTP/1.1" 200 6946
200.54.247.69 - - [01/Mar/2017:11:53:05 -0300] "GET /cormun/servlet/solicitudot?INS,0,0, HTTP/1.1" 200 12775
200.54.247.69 - - [01/Mar/2017:11:53:05 -0300] "GET /cormun/static/gxcfg.js?20171191042720 HTTP/1.1" 200 953
200.54.247.69 - - [01/Mar/2017:11:53:05 -0300] "GET /cormun/static/solicitudot.js?2017119104297 HTTP/1.1" 304 -
200.111.191.210 - - [01/Mar/2017:11:53:08 -0300] "POST /cormun/servlet/trlicenciaspermisosadjuntos?6afc504e47bd01e5e8e09df0d1ea132b,7496875,20170301000000,L,,gx-no-cache=1488383576182 HTTP/1.1" 200 90
200.111.191.210 - - [01/Mar/2017:11:53:08 -0300] "GET /cormun/servlet/hpexe_link HTTP/1.1" 200 987
200.111.191.210 - - [01/Mar/2017:11:53:08 -0300] "GET /cormun/servlet/trlicencias HTTP/1.1" 200 7756
200.111.191.210 - - [01/Mar/2017:11:53:08 -0300] "GET /cormun/servlet/trlicencias HTTP/1.1" 200 7754
186.103.156.211 - - [01/Mar/2017:11:53:17 -0300] "GET /cormun/servlet/licenciaspermisos?4d332fc2ba54c23007f814d836c2a09190e6828e2d4f787e2e64f488f40179dc4bc1c150a1ce7ab8bc3d4128fc03d30c,gx-no-cache=1488380071897 HTTP/1.1" 200 61
186.103.156.211 - - [01/Mar/2017:11:53:17 -0300] "POST /cormun/servlet/licenciaspermisos?184ec44145d743535977557df831d605,INS,0,,,,gx-no-cache=1488380072033 HTTP/1.1" 200 4406
200.111.191.210 - - [01/Mar/2017:11:53:22 -0300] "POST /cormun/servlet/trlicencias?6afc504e47bd01e5e8e09df0d1ea132b,gx-no-cache=1488383590719 HTTP/1.1" 200 4043
200.111.191.210 - - [01/Mar/2017:11:53:23 -0300] "GET /cormun/static/Shared/jqueryui/images/ui-bg_highlight-soft_100_c6c2c8_1x100.png HTTP/1.1" 404 1117
200.111.191.210 - - [01/Mar/2017:11:53:23 -0300] "GET /cormun/static/Shared/jqueryui/images/ui-icons_82798d_256x240.png HTTP/1.1" 404 1089
200.111.191.210 - - [01/Mar/2017:11:53:23 -0300] "GET /cormun/static/Shared/jqueryui/images/ui-bg_flat_55_fafafa_40x100.png HTTP/1.1" 404 1097
200.111.191.210 - - [01/Mar/2017:11:53:23 -0300] "GET /cormun/static/Shared/jqueryui/images/ui-icons_8d78a5_256x240.png HTTP/1.1" 404 1089
186.103.159.187 - - [01/Mar/2017:11:53:23 -0300] "POST /cormun/servlet/trsolicitudot?a56ac4a8a304f50775b83eab458421d6,gx-no-cache=1488380019571,gx-no-cache=1488380072841 HTTP/1.1" 200 3982
186.103.159.187 - - [01/Mar/2017:11:53:31 -0300] "GET /cormun/servlet/solicitudot?INS,0,0, HTTP/1.1" 200 12568
186.79.16.23 - - [01/Mar/2017:11:53:32 -0300] "POST /cormun/servlet/trsolicitudot?767e66286bbf99994442236e53c5f92a,gx-no-cache=1488380083461 HTTP/1.1" 200 107
186.79.16.23 - - [01/Mar/2017:11:53:33 -0300] "GET /cormun/servlet/trsolicitudadjuntos?2017,4955, HTTP/1.1" 200 5901
186.103.159.187 - - [01/Mar/2017:11:53:33 -0300] "GET /cormun/servlet/solicitudot?INS,0,0, HTTP/1.1" 200 12551
186.79.16.23 - - [01/Mar/2017:11:53:33 -0300] "GET /cormun/servlet/trsolicitudadjuntos?2017,4955, HTTP/1.1" 200 5901
186.79.16.23 - - [01/Mar/2017:11:53:36 -0300] "GET /cormun/servlet/solicitudotadjuntos?INS,2017,4955,,1, HTTP/1.1" 200 5829
186.79.16.23 - - [01/Mar/2017:11:53:36 -0300] "GET /cormun/static/about:blank HTTP/1.1" 404 1011
186.79.16.23 - - [01/Mar/2017:11:53:37 -0300] "GET /cormun/servlet/solicitudotadjuntos?INS,2017,4955,,1, HTTP/1.1" 200 5823
186.79.16.23 - - [01/Mar/2017:11:53:37 -0300] "GET /cormun/servlet/solicitudotadjuntos?c909dfd761e0991633dddcb21d07aff413b636a864b331e9b7e6f45aa17437fff40ac61bfb329144f13894af5776fa9a,gx-no-cache=1488380088433 HTTP/1.1" 200 30
186.79.16.23 - - [01/Mar/2017:11:53:37 -0300] "POST /cormun/servlet/solicitudotadjuntos?767e66286bbf99994442236e53c5f92a,INS,2017,4955,,1,,gx-no-cache=1488380088542 HTTP/1.1" 200 3686
186.79.16.23 - - [01/Mar/2017:11:53:41 -0300] "POST /cormun/servlet/solicitudotadjuntos?gx-no-cache=1488380091790 HTTP/1.1" 200 26
200.111.191.210 - - [01/Mar/2017:11:53:43 -0300] "GET /cormun/servlet/trlicencias? HTTP/1.1" 200 6568
200.111.191.210 - - [01/Mar/2017:11:53:43 -0300] "GET /cormun/servlet/trlicencias? HTTP/1.1" 200 6568
186.103.159.187 - - [01/Mar/2017:11:53:51 -0300] "POST /cormun/servlet/solicitudot?gx-no-cache=1488380100890 HTTP/1.1" 200 3176
186.103.159.187 - - [01/Mar/2017:11:53:51 -0300] "POST /cormun/servlet/solicitudot?a56ac4a8a304f50775b83eab458421d6,INS,0,0,,gx-no-cache=1488380101128 HTTP/1.1" 200 9801
192.168.10.89 - - [01/Mar/2017:11:54:03 -0300] "POST /cormun/servlet/trsolicitudgral?837e75ca32b67095435f9dd5be027a86,,gx-no-cache=1488383329970 HTTP/1.1" 200 6700
200.54.247.69 - - [01/Mar/2017:11:54:04 -0300] "GET /cormun/servlet/trsolicitudot? HTTP/1.1" 200 6946
200.54.247.69 - - [01/Mar/2017:11:54:09 -0300] "GET /cormun/servlet/solicitudot?INS,0,0, HTTP/1.1" 200 12777
200.54.247.69 - - [01/Mar/2017:11:54:18 -0300] "GET /cormun/servlet/trsolicitudot? HTTP/1.1" 200 6946
200.111.191.210 - - [01/Mar/2017:11:54:19 -0300] "POST /cormun/servlet/trlicencias?6afc504e47bd01e5e8e09df0d1ea132b,,gx-no-cache=1488383647159 HTTP/1.1" 200 3915
200.111.191.210 - - [01/Mar/2017:11:54:21 -0300] "POST /cormun/servlet/trlicencias?6afc504e47bd01e5e8e09df0d1ea132b,,gx-no-cache=1488383649270 HTTP/1.1" 200 3915
200.54.247.69 - - [01/Mar/2017:11:54:22 -0300] "GET /cormun/servlet/trautorizarsolicitud? HTTP/1.1" 200 6898
200.111.191.210 - - [01/Mar/2017:11:54:26 -0300] "POST /cormun/servlet/trlicencias?6afc504e47bd01e5e8e09df0d1ea132b,,gx-no-cache=1488383653974 HTTP/1.1" 200 5148
200.111.191.210 - - [01/Mar/2017:11:54:26 -0300] "GET /cormun//static/Resources/PXToolsActionDisabled.gif HTTP/1.1" 200 53
200.54.247.69 - - [01/Mar/2017:11:54:29 -0300] "GET /cormun/servlet/trvisualizadoreventos? HTTP/1.1" 200 6702
200.111.191.210 - - [01/Mar/2017:11:54:30 -0300] "GET /cormun/servlet/alicenciaprn?7496875,L,20170301000000,PU HTTP/1.1" 200 1539
186.103.159.187 - - [01/Mar/2017:11:54:37 -0300] "GET /cormun/servlet/solicitudot?7f104f66f12125a20b71a930dadc1f2edece6c4e2c9bd734520f4416e6a79b495d16e8346950ec160764d70a589682a7,gx-no-cache=1488380147325 HTTP/1.1" 200 30
186.103.159.187 - - [01/Mar/2017:11:54:38 -0300] "POST /cormun/servlet/solicitudot?gx-no-cache=1488380147425 HTTP/1.1" 200 256
