192.168.10.89 - - [01/Mar/2017:16:13:31 -0300] "POST /cormun/servlet/solicitudot?4c09c947ad57f77880682ecfaab0c69f,INS,0,0,,gx-no-cache=1488398897405 HTTP/1.1" 200 93
192.168.10.89 - - [01/Mar/2017:16:13:31 -0300] "GET /cormun/servlet/hpexe_return? HTTP/1.1" 200 999
186.79.41.237 - - [01/Mar/2017:16:13:31 -0300] "POST /cormun/servlet/solicitudot?gx-no-cache=1488395679989 HTTP/1.1" 200 1291
186.79.41.237 - - [01/Mar/2017:16:13:32 -0300] "POST /cormun/servlet/solicitudot?gx-no-cache=1488395680230 HTTP/1.1" 200 38
192.168.10.89 - - [01/Mar/2017:16:13:32 -0300] "GET /cormun/servlet/trsolicitudot HTTP/1.1" 200 6932
192.168.10.89 - - [01/Mar/2017:16:13:36 -0300] "GET /cormun/servlet/trautorizarsolicitud? HTTP/1.1" 200 6883
192.168.10.89 - - [01/Mar/2017:16:13:39 -0300] "GET /cormun/static/menuarrow.gif HTTP/1.1" 404 1015
192.168.10.89 - - [01/Mar/2017:16:13:41 -0300] "POST /cormun/servlet/trautorizarsolicitud?4c09c947ad57f77880682ecfaab0c69f,,gx-no-cache=1488398907995 HTTP/1.1" 200 4111
192.168.10.89 - - [01/Mar/2017:16:13:44 -0300] "GET /cormun/servlet/trsolicitudot? HTTP/1.1" 200 6928
192.168.10.89 - - [01/Mar/2017:16:13:47 -0300] "POST /cormun/servlet/trsolicitudot?4c09c947ad57f77880682ecfaab0c69f,,gx-no-cache=1488398913346 HTTP/1.1" 200 4135
192.168.10.89 - - [01/Mar/2017:16:13:49 -0300] "GET /cormun/static/menuarrow.gif HTTP/1.1" 404 1015
192.168.10.89 - - [01/Mar/2017:16:13:53 -0300] "POST /cormun/servlet/trsolicitudot?4c09c947ad57f77880682ecfaab0c69f,,gx-no-cache=1488398919141 HTTP/1.1" 200 4135
186.79.41.237 - - [01/Mar/2017:16:13:53 -0300] "POST /cormun/servlet/solicitudot?gx-no-cache=1488395701555 HTTP/1.1" 200 1274
186.79.41.237 - - [01/Mar/2017:16:13:53 -0300] "POST /cormun/servlet/solicitudot?gx-no-cache=1488395702055 HTTP/1.1" 200 1157
186.79.41.237 - - [01/Mar/2017:16:13:53 -0300] "GET /cormun/static/menuarrow.gif HTTP/1.1" 404 1015
192.168.10.89 - - [01/Mar/2017:16:13:56 -0300] "POST /cormun/servlet/trsolicitudot?4c09c947ad57f77880682ecfaab0c69f,,gx-no-cache=1488398922157 HTTP/1.1" 200 4135
192.168.10.89 - - [01/Mar/2017:16:13:58 -0300] "GET /cormun/servlet/trautorizarsolicitud? HTTP/1.1" 200 6882
192.168.10.89 - - [01/Mar/2017:16:14:02 -0300] "POST /cormun/servlet/trautorizarsolicitud?4c09c947ad57f77880682ecfaab0c69f,,gx-no-cache=1488398928589 HTTP/1.1" 200 4110
186.79.41.237 - - [01/Mar/2017:16:14:02 -0300] "POST /cormun/servlet/solicitudot?gx-no-cache=1488395710832 HTTP/1.1" 200 1274
186.79.41.237 - - [01/Mar/2017:16:14:02 -0300] "POST /cormun/servlet/solicitudot?gx-no-cache=1488395711062 HTTP/1.1" 200 1157
186.79.41.237 - - [01/Mar/2017:16:14:25 -0300] "GET /cormun/servlet/solicitudot?d50cf3b555acfc55fb1b10008f2191e229318335788e85fff51f7106db1110cbe427c9a1d1ea4fe3eef3ab3394f0e55bfd19abb589460ef5429efdfb32b88b3a4fce80e53cd725a6c8b3e6d306902729ff819d6a9a0337e71d3396da7e5652f61e45294774ebf34f73b16bfd0ba14c74be96700c7fda66870b63a306801b568dc255ca19917afccd4dcdfcc60bb5ed6d263099cd5b55a2d0220095c4b9939ad890e1f39ae2d977015b67418cd4842082,gx-no-cache=1488395734244 HTTP/1.1" 200 30
192.168.10.89 - - [01/Mar/2017:16:14:37 -0300] "GET /cormun/servlet/trsolicitudot? HTTP/1.1" 200 6928
186.79.17.148 - - [01/Mar/2017:16:14:44 -0300] "GET /cormun/servlet/trsolicitudot? HTTP/1.1" 200 7890
186.79.17.148 - - [01/Mar/2017:16:14:44 -0300] "GET /cormun/static/gxcfg.js?20171191044697 HTTP/1.1" 304 -
186.79.17.148 - - [01/Mar/2017:16:14:46 -0300] "GET /cormun/servlet/trsolicitudot? HTTP/1.1" 200 7880
186.79.17.148 - - [01/Mar/2017:16:14:46 -0300] "GET /cormun/servlet/hlogin HTTP/1.1" 200 1738
192.168.10.89 - - [01/Mar/2017:16:15:07 -0300] "GET /cormun/servlet/solicitudot?INS,0,0, HTTP/1.1" 200 12754
192.168.10.89 - - [01/Mar/2017:16:15:17 -0300] "GET /cormun/servlet/prfichaempleado?,MD,,gxPopupLevel%3D0%3B HTTP/1.1" 200 8823
186.79.41.237 - - [01/Mar/2017:16:15:21 -0300] "POST /cormun/servlet/solicitudot?6c0eb8d8e4754480ec10566af5b47f6d,INS,0,0,,gx-no-cache=1488395787475 HTTP/1.1" 200 93
186.79.41.237 - - [01/Mar/2017:16:15:21 -0300] "GET /cormun/servlet/hpexe_return? HTTP/1.1" 200 1004
186.79.41.237 - - [01/Mar/2017:16:15:24 -0300] "GET /cormun/servlet/trsolicitudot? HTTP/1.1" 200 8177
192.168.10.89 - - [01/Mar/2017:16:15:25 -0300] "POST /cormun/servlet/prfichaempleado?4c09c947ad57f77880682ecfaab0c69f,,MD,,gxPopupLevel%3D0%3B,gx-no-cache=1488399011557 HTTP/1.1" 200 3385
186.79.41.237 - - [01/Mar/2017:16:15:26 -0300] "GET /cormun/servlet/trsolicitudot? HTTP/1.1" 200 8172
186.79.41.237 - - [01/Mar/2017:16:15:26 -0300] "GET /cormun//static/Resources/PXTools/ActionInsert.png HTTP/1.1" 304 -
192.168.10.89 - - [01/Mar/2017:16:15:29 -0300] "POST /cormun/servlet/solicitudot?gx-no-cache=1488399015121 HTTP/1.1" 200 3183
192.168.10.89 - - [01/Mar/2017:16:15:29 -0300] "POST /cormun/servlet/solicitudot?4c09c947ad57f77880682ecfaab0c69f,INS,0,0,,gx-no-cache=1488399015350 HTTP/1.1" 200 9935
192.168.10.89 - - [01/Mar/2017:16:15:31 -0300] "GET /cormun/servlet/solicitudot?e8b0b31549436c50601e20054f75a84a663eebb5eec6caa63ca1749e7e846925564446f10261e226453c495183e2dfdd,gx-no-cache=1488399017285 HTTP/1.1" 200 30
192.168.10.89 - - [01/Mar/2017:16:15:31 -0300] "POST /cormun/servlet/solicitudot?gx-no-cache=1488399017330 HTTP/1.1" 200 240
192.168.10.89 - - [01/Mar/2017:16:15:31 -0300] "GET /cormun/servlet/solicitudot?e8b0b31549436c50601e20054f75a84a51ea985f2d6f8e1b0201cb58fd416ccb7707428a3261be44d8c9243ef35fae2b01f84538c2ce40b829d4fe27753c2f3aba2c021b6709e27fc1481d74ab480df7a0b757d24a3fa276ac45df557d22e6ba141d1d5ca38e959f9b0c237f43ad965f2ec4c4c5f8649d7a24b82683cddaa3ff7a33c2ba58831ed2a5a14efaae86506a8a8424dfd62f052d55ab9cfc7ae03dceabfcee4dfde13742099c2c069bc1b49631258eaedca4eeb78c7277a95b3c422e5d99ab4bfd992fb4dfbb9594e81b7d420581b4894e73fd3ed4d740d7bd97e37314600c4bc5d6cf5f232122448976c66eb2648f23105afce4a99b15727184e76178bce310c29172992d9bba36dfe7e6ce5cb0fd45d660ed77f68d242701f4ad4fd8cb04c0f92e23c1c6b6e15a75fc175ca0bd87c0b6a0f0931949383f84215f83e1f730beea1eef1227439796207eafcd21dcfd8dcad4fec83c105265987a50c43168d76ec645ab2247f98532a3674166b9d698d779d3bc736a95aeecbf8ec045,gx-no-cache=1488399017362 HTTP/1.1" 200 30
192.168.10.89 - - [01/Mar/2017:16:15:33 -0300] "POST /cormun/servlet/solicitudot?gx-no-cache=1488399019565 HTTP/1.1" 200 30
186.79.41.237 - - [01/Mar/2017:16:15:36 -0300] "GET /cormun/servlet/solicitudot?INS,0,0, HTTP/1.1" 200 12763
186.79.41.237 - - [01/Mar/2017:16:15:40 -0300] "GET /cormun/servlet/solicitudot?INS,0,0, HTTP/1.1" 200 12768
192.168.10.89 - - [01/Mar/2017:16:15:43 -0300] "GET /cormun/servlet/prfichaempleado?,MD,,gxPopupLevel%3D0%3B HTTP/1.1" 200 8823
186.79.41.237 - - [01/Mar/2017:16:15:45 -0300] "GET /cormun/servlet/trsolicitudot? HTTP/1.1" 200 8173
192.168.10.89 - - [01/Mar/2017:16:15:48 -0300] "POST /cormun/servlet/prfichaempleado?4c09c947ad57f77880682ecfaab0c69f,,MD,,gxPopupLevel%3D0%3B,gx-no-cache=1488399035016 HTTP/1.1" 200 4050
186.79.41.237 - - [01/Mar/2017:16:15:49 -0300] "GET /cormun/servlet/trsolicitudot? HTTP/1.1" 200 8172
186.79.41.237 - - [01/Mar/2017:16:15:55 -0300] "GET /cormun/servlet/trcontratosolicitud HTTP/1.1" 200 7202
186.79.41.237 - - [01/Mar/2017:16:15:55 -0300] "GET /cormun/servlet/trcontratosolicitud HTTP/1.1" 200 7198
192.168.10.89 - - [01/Mar/2017:16:15:56 -0300] "POST /cormun/servlet/solicitudot?gx-no-cache=1488399042526 HTTP/1.1" 200 1291
192.168.10.89 - - [01/Mar/2017:16:16:00 -0300] "GET /cormun/servlet/prlicenciaspermisos?9301983,L,,MD,,gxPopupLevel%3D0%3B HTTP/1.1" 200 7668
192.168.10.89 - - [01/Mar/2017:16:16:00 -0300] "GET /cormun/static/gxcfg.js?2016122619302491 HTTP/1.1" 200 953
192.168.10.89 - - [01/Mar/2017:16:16:00 -0300] "GET /cormun/static/prlicenciaspermisos.js?2016122619302645 HTTP/1.1" 200 13363
186.79.41.237 - - [01/Mar/2017:16:16:04 -0300] "GET /cormun/servlet/hlogin HTTP/1.1" 200 1717
186.79.41.237 - - [01/Mar/2017:16:16:08 -0300] "POST /cormun/servlet/hlogin?6c0eb8d8e4754480ec10566af5b47f6d,gx-no-cache=1488395835848 HTTP/1.1" 200 90
186.79.41.237 - - [01/Mar/2017:16:16:08 -0300] "GET /cormun/servlet/hpexe_link HTTP/1.1" 200 960
186.79.41.237 - - [01/Mar/2017:16:16:09 -0300] "GET /cormun/servlet/trcontratosolicitud HTTP/1.1" 200 7199
192.168.10.89 - - [01/Mar/2017:16:16:09 -0300] "POST /cormun/servlet/solicitudot?gx-no-cache=1488399055864 HTTP/1.1" 200 41
186.79.41.237 - - [01/Mar/2017:16:16:10 -0300] "GET /cormun/servlet/trcontratosolicitud HTTP/1.1" 200 7198
192.168.10.89 - - [01/Mar/2017:16:16:12 -0300] "GET /cormun/servlet/solicitudot?e8b0b31549436c50601e20054f75a84aefeb1809dc909da70da14ed2c990ea34c7568dff2d79db52c352b53f03344cb58b64cf5ed982b67b55d95c21a6074fbcdd45ae7fa6236f7d871d7922da93a2870700104328acb8488b5d670e91b9d8c9ab485a7514ea3a172a36078795aa8d13,gx-no-cache=1488399058817 HTTP/1.1" 200 29
192.168.10.89 - - [01/Mar/2017:16:16:12 -0300] "POST /cormun/servlet/solicitudot?gx-no-cache=1488399058856 HTTP/1.1" 200 1274
186.79.41.237 - - [01/Mar/2017:16:16:13 -0300] "GET /cormun/servlet/trcontratosolicitud? HTTP/1.1" 200 7198
192.168.10.89 - - [01/Mar/2017:16:16:13 -0300] "POST /cormun/servlet/solicitudot?gx-no-cache=1488399059860 HTTP/1.1" 200 1157
186.79.41.237 - - [01/Mar/2017:16:16:14 -0300] "GET /cormun/servlet/trcontratosolicitud? HTTP/1.1" 200 7198
192.168.10.89 - - [01/Mar/2017:16:16:22 -0300] "GET /cormun/servlet/solicitudot?e8b0b31549436c50601e20054f75a84ab24c35a95a12423e7c2f21675c1f15a91ae2de5e958bbfd7921bf2dfd167e237a24807f4371018e2cfababf539e98fa9fc9c096271b5587216a78cd0ee218281abf0ca0126171d92b729f311909af6e9667563d8a378b510759473a162b3a168ebb16dfc3424145d8c377f07506b616dfcbd1d9826c2bc4ef646253ab18c4dc4e2c15ee6ccd87cdf7aa5cbd00c177ece2d5fcbf82100e5a0b098e92b22574aabadba0531bdd1db9878fd20d0dc9ffa34,gx-no-cache=1488399068702 HTTP/1.1" 200 30
186.103.159.46 - - [01/Mar/2017:16:16:24 -0300] "POST /cormun/servlet/trautorizarpermisogoce?708e3b68504a2f359aa1657744c67a00,,gx-no-cache=1488395852669 HTTP/1.1" 200 4062
186.79.41.237 - - [01/Mar/2017:16:16:29 -0300] "GET /cormun/servlet/trcontratosolicitud? HTTP/1.1" 200 7198
192.168.10.89 - - [01/Mar/2017:16:16:29 -0300] "POST /cormun/servlet/solicitudot?4c09c947ad57f77880682ecfaab0c69f,INS,0,0,,gx-no-cache=1488399075890 HTTP/1.1" 200 93
192.168.10.89 - - [01/Mar/2017:16:16:29 -0300] "GET /cormun/servlet/hpexe_return? HTTP/1.1" 200 999
186.79.41.237 - - [01/Mar/2017:16:16:30 -0300] "GET /cormun/servlet/trcontratosolicitud? HTTP/1.1" 200 7198
192.168.10.89 - - [01/Mar/2017:16:16:31 -0300] "GET /cormun/servlet/trsolicitudot HTTP/1.1" 200 8241
186.103.159.46 - - [01/Mar/2017:16:16:32 -0300] "POST /cormun/servlet/trautorizarpermisogoce?708e3b68504a2f359aa1657744c67a00,,gx-no-cache=1488395860826 HTTP/1.1" 200 4064
192.168.10.89 - - [01/Mar/2017:16:16:33 -0300] "POST /cormun/servlet/trsolicitudot?4c09c947ad57f77880682ecfaab0c69f,gx-no-cache=1488399080061 HTTP/1.1" 200 4368
192.168.10.89 - - [01/Mar/2017:16:16:34 -0300] "POST /cormun/servlet/trsolicitudot?4c09c947ad57f77880682ecfaab0c69f,gx-no-cache=1488399080377 HTTP/1.1" 200 4114
192.168.10.89 - - [01/Mar/2017:16:16:34 -0300] "GET /cormun/static/Shared/jqueryui/images/ui-icons_8d78a5_256x240.png HTTP/1.1" 404 1089
192.168.10.89 - - [01/Mar/2017:16:16:34 -0300] "GET /cormun/static/Shared/jqueryui/images/ui-bg_flat_55_fafafa_40x100.png HTTP/1.1" 404 1097
192.168.10.89 - - [01/Mar/2017:16:16:34 -0300] "GET /cormun/static/Shared/jqueryui/images/ui-bg_highlight-soft_100_c6c2c8_1x100.png HTTP/1.1" 404 1117
192.168.10.89 - - [01/Mar/2017:16:16:34 -0300] "GET /cormun/static/Shared/jqueryui/images/ui-icons_82798d_256x240.png HTTP/1.1" 404 1089
186.79.41.237 - - [01/Mar/2017:16:16:35 -0300] "GET /cormun/servlet/trcontratosolicitud HTTP/1.1" 200 7199
192.168.10.89 - - [01/Mar/2017:16:16:36 -0300] "GET /cormun/servlet/trautorizarsolicitud? HTTP/1.1" 200 8164
186.79.41.237 - - [01/Mar/2017:16:16:36 -0300] "GET /cormun/servlet/trcontratosolicitud HTTP/1.1" 200 7198
192.168.10.89 - - [01/Mar/2017:16:16:39 -0300] "POST /cormun/servlet/trautorizarsolicitud?4c09c947ad57f77880682ecfaab0c69f,,gx-no-cache=1488399085516 HTTP/1.1" 200 4344
192.168.10.89 - - [01/Mar/2017:16:16:39 -0300] "POST /cormun/servlet/trautorizarsolicitud?4c09c947ad57f77880682ecfaab0c69f,,gx-no-cache=1488399085918 HTTP/1.1" 200 4091
192.168.10.89 - - [01/Mar/2017:16:16:39 -0300] "GET /cormun/static/Shared/jqueryui/images/ui-bg_highlight-soft_100_c6c2c8_1x100.png HTTP/1.1" 404 1117
192.168.10.89 - - [01/Mar/2017:16:16:39 -0300] "GET /cormun/static/Shared/jqueryui/images/ui-bg_flat_55_fafafa_40x100.png HTTP/1.1" 404 1097
192.168.10.89 - - [01/Mar/2017:16:16:39 -0300] "GET /cormun/static/Shared/jqueryui/images/ui-icons_82798d_256x240.png HTTP/1.1" 404 1089
192.168.10.89 - - [01/Mar/2017:16:16:40 -0300] "GET /cormun/static/Shared/jqueryui/images/ui-icons_8d78a5_256x240.png HTTP/1.1" 404 1089
192.168.10.89 - - [01/Mar/2017:16:16:42 -0300] "GET /cormun/servlet/trsolicitudot? HTTP/1.1" 200 6928
186.79.41.237 - - [01/Mar/2017:16:16:46 -0300] "POST /cormun/servlet/acontrolpreferencessavestate?None,EVALENZUELA,true HTTP/1.1" 200 35
186.79.41.237 - - [01/Mar/2017:16:16:50 -0300] "POST /cormun/servlet/acontrolpreferencessavestate?None,EVALENZUELA,true HTTP/1.1" 200 35
186.103.159.46 - - [01/Mar/2017:16:16:54 -0300] "POST /cormun/servlet/trautorizarpermisogoce?708e3b68504a2f359aa1657744c67a00,,gx-no-cache=1488395882816 HTTP/1.1" 200 4065
186.103.159.44 - - [01/Mar/2017:16:16:55 -0300] "GET /cormun/servlet/trsolicitudot? HTTP/1.1" 200 9731
186.79.41.237 - - [01/Mar/2017:16:16:57 -0300] "POST /cormun/servlet/trcontratosolicitud?6c0eb8d8e4754480ec10566af5b47f6d,gx-no-cache=1488395884960 HTTP/1.1" 200 4729
186.103.159.46 - - [01/Mar/2017:16:17:00 -0300] "POST /cormun/servlet/trautorizarpermisogoce?708e3b68504a2f359aa1657744c67a00,,gx-no-cache=1488395889401 HTTP/1.1" 200 4825
186.103.159.44 - - [01/Mar/2017:16:17:00 -0300] "GET /cormun/servlet/solicitudot?INS,0,0, HTTP/1.1" 200 12576
186.79.41.237 - - [01/Mar/2017:16:17:01 -0300] "POST /cormun/servlet/trcontratosolicitud?6c0eb8d8e4754480ec10566af5b47f6d,gx-no-cache=1488395889113 HTTP/1.1" 200 4729
192.168.10.89 - - [01/Mar/2017:16:17:06 -0300] "GET /cormun/servlet/trcontratosolicitud? HTTP/1.1" 200 11921
186.79.41.237 - - [01/Mar/2017:16:17:13 -0300] "POST /cormun/servlet/trcontratosolicitud?6c0eb8d8e4754480ec10566af5b47f6d,gx-no-cache=1488395900763 HTTP/1.1" 200 4729
192.168.10.89 - - [01/Mar/2017:16:17:15 -0300] "GET /cormun/servlet/solicitudotcontratos?INS,2017,0,6792437,1,2,2016,1413,NADA,201701,44,*, HTTP/1.1" 200 9565
186.79.41.237 - - [01/Mar/2017:16:17:17 -0300] "POST /cormun/servlet/trcontratosolicitud?6c0eb8d8e4754480ec10566af5b47f6d,gx-no-cache=1488395904790 HTTP/1.1" 200 4730
192.168.10.89 - - [01/Mar/2017:16:17:17 -0300] "GET /cormun/servlet/solicitudotcontratos?e8b0b31549436c50601e20054f75a84af804ceaeb440a1bed42e3e65e31d34eb3f630a31e69c0b5e6b76c8b063df6bad,gx-no-cache=1488399124074 HTTP/1.1" 200 30
192.168.10.89 - - [01/Mar/2017:16:17:17 -0300] "GET /cormun/servlet/solicitudotcontratos?e8b0b31549436c50601e20054f75a84a236824e53b0bac4b496561e2e3bf1a3df3c2b3429617b1506bcc618c7d2f5a90bf121531a8877e7c727a80405275117a8ee6a41fe552c9e8436a2309115854515639416133019f55890e5d65a266b7019db03ecae8a8bbbf64be1eb5d0e602e61a486132470aae078ed608aa1b57654e,gx-no-cache=1488399124098 HTTP/1.1" 200 48
192.168.10.89 - - [01/Mar/2017:16:17:17 -0300] "GET /cormun/servlet/solicitudotcontratos?e8b0b31549436c50601e20054f75a84a0bd5eb44ddd181c35a4f852faefed4cf59ee05017bca2d462cd9dbada45eef89,gx-no-cache=1488399124122 HTTP/1.1" 200 30
192.168.10.89 - - [01/Mar/2017:16:17:17 -0300] "GET /cormun/servlet/solicitudotcontratos?e8b0b31549436c50601e20054f75a84a6011f1f56deab3f900c995bc80a00647404026a9cd45531f7df30bd9b18c751e46d680f691422b3d0911e7827eb0aa0b790da590bea1e62e4beeb50cc1467e0bcf76e43c24e9df437553d8d27b7bc8ce564446f10261e226453c495183e2dfdd,gx-no-cache=1488399124141 HTTP/1.1" 200 30
192.168.10.89 - - [01/Mar/2017:16:17:17 -0300] "GET /cormun/servlet/solicitudotcontratos?e8b0b31549436c50601e20054f75a84ad506596e0187c46218fa532981ab1310022a995d2f1a2b454b74c9e98e6e9000db1d2006e956df4f50996874c4a01fcfb91b50aa395cc5023c4aaa52c3a57642af827eb3ce9d1c9aa47689c2742166edc8c63b2f6815cc4c971905fb6b4160a477147ac2e38f9f92df86dcf5145a85b569b6dcca77f8bd7e0468b4b3142fb6593977d81056e6d8a1ae2b8190d29c086036616e834555740c04710fd1b850bd192bb9d6319dbc760f51b036f778591e2d4b0ce1e5f12adb898cdf98bfa8bda837f5310dd90d9136ec2f87e05955ac715104cf1ad5e85195e05189305ed0353d2680f363272bd832951b436953755ea0d5f0f2dc611ddcff76b3dbb94bd67797e8b1ce1598ab3f1aa0570cf658c5d7e64bcca113beb3d3ca9de74a97d7b5c5f2e6d47015e07d90b72a11233906619cce8c701e53cd3a2ecd71a1d22db06644c2d75185e0fc984ed7e5f9f7a04c4c44a9dcdc057ea0c09c097cd804e6eaeb8de0475b25017be6d8e1788d2f2e95c649c645af0d0fc5d011fc3da50a3fdbb7e4879c28f9a4e51c00dd59399cd0307352450b7a91122318c6d68ab2023732c548b4a850ff37ddd5d4a339641f1ba1765ba7c34e3ce27b13a78ef6640d86ff9fe6526955eb44688e6cc2cfc284a31acab4849b668336cd5edd8a3c67abbb13643931db28f9a4e51c00dd59399cd0307352450b51098197677ed68f212c3b296103eb9df0fd3307af156b89e2cd1db33089f8982f474962d8d02a053fb773f7be9d4102f2430602bd33ecaa1ed875a2ecf6fb02,gx-no-cache=1488399124164 HTTP/1.1" 200 72
192.168.10.89 - - [01/Mar/2017:16:17:20 -0300] "POST /cormun/servlet/solicitudotcontratos?4c09c947ad57f77880682ecfaab0c69f,INS,2017,0,6792437,1,2,2016,1413,NADA,201701,44,*,,gx-no-cache=1488399126356 HTTP/1.1" 200 10379
192.168.10.96 - - [01/Mar/2017:16:17:20 -0300] "POST /cormun/servlet/trsolicitudgral?e8ebc7de630670a1543265a9ce52939d,,gx-no-cache=1488399126895 HTTP/1.1" 200 105
192.168.10.96 - - [01/Mar/2017:16:17:20 -0300] "GET /cormun/SolicitudGral-7672.xls HTTP/1.1" 200 11776
192.168.10.89 - - [01/Mar/2017:16:17:21 -0300] "POST /cormun/servlet/solicitudotcontratos?gx-no-cache=1488399127865 HTTP/1.1" 200 1276
192.168.10.89 - - [01/Mar/2017:16:17:21 -0300] "POST /cormun/servlet/solicitudotcontratos?gx-no-cache=1488399127911 HTTP/1.1" 200 1154
192.168.10.89 - - [01/Mar/2017:16:17:21 -0300] "GET /cormun/servlet/solicitudotcontratos?e8b0b31549436c50601e20054f75a84aa17a3ce25dfa05762fdce2270ba3a17eeb4f56d7798252e29d65542ca90451636a96fc46ce71cc5ce7e40ec23b1ee0aad0868a7e789b59f32c350ace922df2907ef009fe2133e3f476b9e76d5682b050ef294e376522a4b77631713229d5e41309e42f0dab2a443be94df4bc21afea6e,gx-no-cache=1488399127947 HTTP/1.1" 200 30
192.168.10.89 - - [01/Mar/2017:16:17:22 -0300] "POST /cormun/servlet/solicitudotcontratos?4c09c947ad57f77880682ecfaab0c69f,INS,2017,0,6792437,1,2,2016,1413,NADA,201701,44,*,,gx-no-cache=1488399127973 HTTP/1.1" 200 93
192.168.10.89 - - [01/Mar/2017:16:17:22 -0300] "GET /cormun/servlet/hpexe_return? HTTP/1.1" 200 1040
192.168.10.89 - - [01/Mar/2017:16:17:23 -0300] "GET /cormun/servlet/trcontratosolicitud HTTP/1.1" 200 11780
186.79.41.237 - - [01/Mar/2017:16:17:28 -0300] "GET /cormun/servlet/trcontratosolicitud? HTTP/1.1" 200 7198
186.79.41.237 - - [01/Mar/2017:16:17:29 -0300] "GET /cormun/servlet/trcontratosolicitud? HTTP/1.1" 200 7198
186.79.41.237 - - [01/Mar/2017:16:17:48 -0300] "GET /cormun/servlet/trcontratounov2? HTTP/1.1" 200 16419
186.79.41.237 - - [01/Mar/2017:16:17:49 -0300] "GET /cormun/servlet/trcontratounov2? HTTP/1.1" 200 16411
186.103.159.44 - - [01/Mar/2017:16:18:01 -0300] "POST /cormun/servlet/solicitudot?gx-no-cache=1488395947021 HTTP/1.1" 200 3187
186.103.159.44 - - [01/Mar/2017:16:18:01 -0300] "POST /cormun/servlet/solicitudot?a1eca94beb0487211da0878496ebd0ea,INS,0,0,,gx-no-cache=1488395947661 HTTP/1.1" 200 9768
186.103.159.44 - - [01/Mar/2017:16:18:07 -0300] "GET /cormun/servlet/solicitudot?c3c94e29e4b828e2515c1c6b110f0914656103d01383edc24bfecef22fd357c68ca56fb6ae93c24e1cba1b752ae77c9e,gx-no-cache=1488395953044 HTTP/1.1" 200 30
186.103.159.44 - - [01/Mar/2017:16:18:07 -0300] "POST /cormun/servlet/solicitudot?gx-no-cache=1488395953134 HTTP/1.1" 200 240
186.103.159.44 - - [01/Mar/2017:16:18:07 -0300] "GET /cormun/servlet/solicitudot?c3c94e29e4b828e2515c1c6b110f09148c23b12b6603f55bd880a4fda09e92e26ec8e001040064692cdf01d6fbb03cdbf7847890749b65382c18e4fcd585150d9493e3de20bd78215be6e45fefaaab6ab270471b427b8db4daad232b5621f3abc10a380de6683bb12d6decfde5f977b411c704988edee73b5e5e4939f181eef67b53b360c74f7e44f523bcd37f1dff3947b33ece805291b10a2c8470a5367886b169a475ed99d2b1f82546d23711ff803a355792e2d9f98a8c9a881f8029d4e8b69511050391bff3ea5eabb7cc9a351ebed5bcdf0a8c418c3deaea7245bac49141e0db448f5baaea60c5b0c72319475b36edf38f4321df3060efbdc3abf6db8ace1e26c088d3da270c26814edc81ebd645edb016b4c6fda9f42713bc4746cfbb15d8514c2280ab5cf4379bb74b7ba65a872cb208a149db02d40a1b5dc37cbf47f2105cae86cf05345332b20c568a8677282ffd84dfe9fa96dbc7a0b33bfbfb0967e3730d0337a2048c5e90d18b8ddd49e1440eef3895934068bafc89a00f6d4a,gx-no-cache=1488395953239 HTTP/1.1" 200 30
186.103.159.44 - - [01/Mar/2017:16:18:09 -0300] "POST /cormun/servlet/solicitudot?gx-no-cache=1488395955511 HTTP/1.1" 200 30
186.79.41.237 - - [01/Mar/2017:16:18:24 -0300] "GET /cormun/servlet/trcontratosolicitud? HTTP/1.1" 200 7198
186.79.41.237 - - [01/Mar/2017:16:18:25 -0300] "GET /cormun/servlet/trcontratosolicitud? HTTP/1.1" 200 7198
186.79.41.237 - - [01/Mar/2017:16:18:38 -0300] "GET /cormun/servlet/trcontratosolicitud? HTTP/1.1" 200 7198
186.79.41.237 - - [01/Mar/2017:16:18:39 -0300] "GET /cormun/servlet/trcontratosolicitud? HTTP/1.1" 200 7198
186.79.8.148 - - [01/Mar/2017:16:18:43 -0300] "GET /cormun/servlet/hlogin HTTP/1.1" 200 1721
186.79.41.237 - - [01/Mar/2017:16:18:57 -0300] "GET /cormun/servlet/trvisualizadoreventos? HTTP/1.1" 200 6682
186.79.41.237 - - [01/Mar/2017:16:18:57 -0300] "GET /cormun/static/gxcfg.js?2016101716203350 HTTP/1.1" 200 953
186.79.41.237 - - [01/Mar/2017:16:18:57 -0300] "GET /cormun/static/trvisualizadoreventos.js?2016101716203614 HTTP/1.1" 304 -
186.79.41.237 - - [01/Mar/2017:16:18:57 -0300] "GET /cormun/servlet/trvisualizadoreventos? HTTP/1.1" 200 6681
186.79.8.148 - - [01/Mar/2017:16:19:00 -0300] "POST /cormun/servlet/hlogin?4ecf4718ae256f14aa6d95db80437236,gx-no-cache=1488396013713 HTTP/1.1" 200 426
186.79.41.237 - - [01/Mar/2017:16:19:03 -0300] "POST /cormun/servlet/trvisualizadoreventos?6c0eb8d8e4754480ec10566af5b47f6d,,gx-no-cache=1488396010973 HTTP/1.1" 200 111
186.79.41.237 - - [01/Mar/2017:16:19:03 -0300] "GET /cormun/VisualizadorEventos-2433.xls HTTP/1.1" 200 4096
186.103.159.44 - - [01/Mar/2017:16:19:13 -0300] "POST /cormun/servlet/solicitudot?gx-no-cache=1488396019250 HTTP/1.1" 200 1291
192.168.10.96 - - [01/Mar/2017:16:19:15 -0300] "POST /cormun/servlet/trsolicitudgral?e8ebc7de630670a1543265a9ce52939d,,gx-no-cache=1488399241790 HTTP/1.1" 200 7545
186.79.8.148 - - [01/Mar/2017:16:19:15 -0300] "POST /cormun/servlet/hlogin?4ecf4718ae256f14aa6d95db80437236,gx-no-cache=1488396029196 HTTP/1.1" 200 426
186.79.41.237 - - [01/Mar/2017:16:19:16 -0300] "GET /cormun/servlet/trcontratoobservaciondir? HTTP/1.1" 200 6724
186.79.41.237 - - [01/Mar/2017:16:19:16 -0300] "GET /cormun/static/gxcfg.js?201612218551235 HTTP/1.1" 200 953
186.79.41.237 - - [01/Mar/2017:16:19:16 -0300] "GET /cormun/static/trcontratoobservaciondir.js?201612218551533 HTTP/1.1" 200 27122
186.79.41.237 - - [01/Mar/2017:16:19:16 -0300] "GET /cormun/servlet/trcontratoobservaciondir? HTTP/1.1" 200 6723
186.79.8.148 - - [01/Mar/2017:16:19:23 -0300] "POST /cormun/servlet/hlogin?4ecf4718ae256f14aa6d95db80437236,gx-no-cache=1488396036949 HTTP/1.1" 200 90
186.79.8.148 - - [01/Mar/2017:16:19:23 -0300] "GET /cormun/servlet/hpexe_link HTTP/1.1" 200 956
186.79.8.148 - - [01/Mar/2017:16:19:23 -0300] "GET /cormun/static/gxcfg.js?201612218515529 HTTP/1.1" 200 953
186.79.8.148 - - [01/Mar/2017:16:19:23 -0300] "GET /cormun/static/hpexe_link.js?201612218515532 HTTP/1.1" 200 625
186.79.8.148 - - [01/Mar/2017:16:19:23 -0300] "GET /cormun/static/Resources/Spanish/PXTools.css?18365030 HTTP/1.1" 200 89042
186.79.8.148 - - [01/Mar/2017:16:19:24 -0300] "GET /cormun/servlet/hhome HTTP/1.1" 200 3743
186.79.8.148 - - [01/Mar/2017:16:19:24 -0300] "GET /cormun/static/Shared/jqueryui/jquery-ui.min.css?1345370 HTTP/1.1" 200 30288
186.79.8.148 - - [01/Mar/2017:16:19:24 -0300] "GET /cormun/static/SmoothNavMenu/resources/ddsmoothmenu-v.css?1112540 HTTP/1.1" 200 1188
186.79.8.148 - - [01/Mar/2017:16:19:24 -0300] "GET /cormun/static/SmoothNavMenu/resources/ddsmoothmenu.css?1112540 HTTP/1.1" 200 2223
186.79.8.148 - - [01/Mar/2017:16:19:24 -0300] "GET /cormun/static/gxcfg.js?201612218515568 HTTP/1.1" 200 953
186.79.8.148 - - [01/Mar/2017:16:19:24 -0300] "GET /cormun/static/PXToolsJavascripts/pexe_autoreload.js HTTP/1.1" 200 1762
186.79.8.148 - - [01/Mar/2017:16:19:24 -0300] "GET /cormun/static/scaMessage/css/jquery.pnotify.default.css?1816380 HTTP/1.1" 200 1707
186.79.8.148 - - [01/Mar/2017:16:19:24 -0300] "GET /cormun/static/PXToolsJavascripts/pexe_cookies.js HTTP/1.1" 200 792
186.79.8.148 - - [01/Mar/2017:16:19:24 -0300] "GET /cormun/static/PXToolsJavascripts/pexe_windows.js HTTP/1.1" 200 15207
186.79.8.148 - - [01/Mar/2017:16:19:24 -0300] "GET /cormun/static/PXToolsJavascripts/pexe_grid.js HTTP/1.1" 200 7559
186.79.8.148 - - [01/Mar/2017:16:19:24 -0300] "GET /cormun/static/PXToolsJavascripts/pexe_griddivfix.js HTTP/1.1" 200 6644
186.79.8.148 - - [01/Mar/2017:16:19:24 -0300] "GET /cormun/static/PXToolsJavascripts/pexe_link.js HTTP/1.1" 200 5671
186.79.8.148 - - [01/Mar/2017:16:19:24 -0300] "GET /cormun/static/PXToolsJavascripts/pexe_menudivfix.js HTTP/1.1" 200 333
186.79.8.148 - - [01/Mar/2017:16:19:24 -0300] "GET /cormun/static/PXToolsJavascripts/pexe_menus.js HTTP/1.1" 200 1286
186.79.8.148 - - [01/Mar/2017:16:19:24 -0300] "GET /cormun/static/PXToolsJavascripts/pexe_layers.js HTTP/1.1" 200 4114
186.79.8.148 - - [01/Mar/2017:16:19:24 -0300] "GET /cormun/static/PXToolsJavascripts/pexe_oav.js HTTP/1.1" 200 645
186.79.8.148 - - [01/Mar/2017:16:19:24 -0300] "GET /cormun/static/PXToolsJavascripts/pexe_oavdivfix.js HTTP/1.1" 200 639
186.79.8.148 - - [01/Mar/2017:16:19:24 -0300] "GET /cormun/static/PXToolsJavascripts/pexe_picture.js HTTP/1.1" 200 689
186.79.8.148 - - [01/Mar/2017:16:19:24 -0300] "GET /cormun/static/PXToolsJavascripts/pexe_popup.js HTTP/1.1" 200 13458
186.79.8.148 - - [01/Mar/2017:16:19:24 -0300] "GET /cormun/static/PXToolsJavascripts/pexe_scrolldiv.js HTTP/1.1" 200 4138
186.79.8.148 - - [01/Mar/2017:16:19:24 -0300] "GET /cormun/static/PXToolsJavascripts/pexe_tabdivfix.js HTTP/1.1" 200 876
186.79.8.148 - - [01/Mar/2017:16:19:24 -0300] "GET /cormun/static/PXToolsJavascripts/pexe_tabs.js HTTP/1.1" 200 3748
186.79.8.148 - - [01/Mar/2017:16:19:24 -0300] "GET /cormun/static/PXToolsJavascripts/pexe_upload.js HTTP/1.1" 200 1423
186.79.8.148 - - [01/Mar/2017:16:19:24 -0300] "GET /cormun/static/PXToolsJavascripts/PXToolsJavascriptsRender.js HTTP/1.1" 200 367
186.79.8.148 - - [01/Mar/2017:16:19:24 -0300] "GET /cormun/static/RunJS/RunJS.js HTTP/1.1" 200 288
186.79.8.148 - - [01/Mar/2017:16:19:24 -0300] "GET /cormun/static/Shared/ext/locale/ext-lang-en.js HTTP/1.1" 200 10940
186.79.8.148 - - [01/Mar/2017:16:19:24 -0300] "GET /cormun/static/hhome.js?201612218515573 HTTP/1.1" 200 777
186.79.8.148 - - [01/Mar/2017:16:19:24 -0300] "GET /cormun/static/hwchdr01.js?201612218432057 HTTP/1.1" 200 1183
186.79.8.148 - - [01/Mar/2017:16:19:24 -0300] "GET /cormun/static/Resources/PXToolsHeaderPreferences.png HTTP/1.1" 200 4189
186.79.8.148 - - [01/Mar/2017:16:19:24 -0300] "GET /cormun/static/Resources/PXToolsHeaderActionsLeft.png HTTP/1.1" 200 1118
186.79.8.148 - - [01/Mar/2017:16:19:24 -0300] "GET /cormun/static/Resources/logo4.png HTTP/1.1" 200 6582
186.79.8.148 - - [01/Mar/2017:16:19:24 -0300] "GET /cormun/static/Resources/PXToolsHeaderLogin.png HTTP/1.1" 200 4279
186.79.8.148 - - [01/Mar/2017:16:19:24 -0300] "GET /cormun/static/Resources/PXToolsDataTitle.png HTTP/1.1" 200 1173
186.79.8.148 - - [01/Mar/2017:16:19:25 -0300] "GET /cormun/static/gxui/gxui-all.js HTTP/1.1" 200 107772
186.79.8.148 - - [01/Mar/2017:16:19:25 -0300] "GET /cormun/static/Resources/PXToolsHeaderActionsBackground.png HTTP/1.1" 200 484
186.79.8.148 - - [01/Mar/2017:16:19:25 -0300] "GET /cormun/static/Resources/PXToolsFooterBackground2.png HTTP/1.1" 200 1172
186.79.8.148 - - [01/Mar/2017:16:19:25 -0300] "GET /cormun/static/Resources/PXToolsHeaderSecurity.png HTTP/1.1" 200 4166
186.79.8.148 - - [01/Mar/2017:16:19:25 -0300] "GET /cormun/static/Resources/PXToolsHeaderActionsRight.png HTTP/1.1" 200 1201
186.79.8.148 - - [01/Mar/2017:16:19:25 -0300] "GET /cormun/static/Resources/PXToolsHeaderBackground2.png HTTP/1.1" 200 1174
186.79.8.148 - - [01/Mar/2017:16:19:25 -0300] "GET /cormun/static/Resources/PXToolsHeaderHome.png HTTP/1.1" 200 4147
186.79.8.148 - - [01/Mar/2017:16:19:25 -0300] "GET /cormun/static/hpexe_recentlink.js?201610171694390 HTTP/1.1" 200 2144
186.79.8.148 - - [01/Mar/2017:16:19:25 -0300] "GET /cormun/static/hpexe_scripts.js?201612218432016 HTTP/1.1" 200 1544
192.168.10.96 - - [01/Mar/2017:16:19:25 -0300] "GET /cormun/servlet/solicitudgral?UPD,2017,4919, HTTP/1.1" 200 11818
186.79.8.148 - - [01/Mar/2017:16:19:25 -0300] "GET /cormun/static/hpexe_messagecontroller.js?201610171694323 HTTP/1.1" 200 870
192.168.10.96 - - [01/Mar/2017:16:19:25 -0300] "GET /cormun/static/gxcfg.js?2017261155185 HTTP/1.1" 200 953
192.168.10.96 - - [01/Mar/2017:16:19:25 -0300] "GET /cormun/static/solicitudgral.js?2017261155246 HTTP/1.1" 200 38261
186.79.8.148 - - [01/Mar/2017:16:19:25 -0300] "GET /cormun/static/hpexe_messagepopupcomponent.js?20161017169425 HTTP/1.1" 200 605
186.79.8.148 - - [01/Mar/2017:16:19:25 -0300] "GET /cormun/static/hpexe_messagegenexuscomponent.js?201612218431816 HTTP/1.1" 200 587
186.79.8.148 - - [01/Mar/2017:16:19:25 -0300] "GET /cormun/static/cmcontrolpreferences.js?201612218431999 HTTP/1.1" 200 1375
186.79.8.148 - - [01/Mar/2017:16:19:25 -0300] "GET /cormun/static/Shared/jquery/jquery-1.4.2.min.js HTTP/1.1" 200 72174
186.79.8.148 - - [01/Mar/2017:16:19:25 -0300] "GET /cormun/static/SmoothNavMenu/resources/ddsmoothmenu.js HTTP/1.1" 200 12712
186.79.8.148 - - [01/Mar/2017:16:19:25 -0300] "GET /cormun/static/SmoothNavMenu/resources/SmoothNavMenuRender.js HTTP/1.1" 200 5951
186.79.8.148 - - [01/Mar/2017:16:19:25 -0300] "GET /cormun/static/scaMessage/js/jquery.pnotify.min.js HTTP/1.1" 200 13038
186.79.8.148 - - [01/Mar/2017:16:19:25 -0300] "GET /cormun/static/scaMessage/scaMessageRender.js HTTP/1.1" 200 11977
192.168.10.96 - - [01/Mar/2017:16:19:25 -0300] "GET /cormun/servlet/solicitudgral?UPD,2017,4919, HTTP/1.1" 200 11827
186.79.8.148 - - [01/Mar/2017:16:19:26 -0300] "GET /cormun/static/hmpwkw03.js?20161221852152 HTTP/1.1" 200 3965
186.79.8.148 - - [01/Mar/2017:16:19:26 -0300] "GET /cormun/static/Shared/jquery/jquery-1.10.2.min.js HTTP/1.1" 200 273199
192.168.10.96 - - [01/Mar/2017:16:19:26 -0300] "POST /cormun/servlet/solicitudgral?gx-no-cache=1488399252883 HTTP/1.1" 200 3170
192.168.10.96 - - [01/Mar/2017:16:19:26 -0300] "GET /cormun/servlet/solicitudgral?fdd225f8d1398ecab9995d1cc90a84b9ad6795bae0e59fdaa961991dd2bd947579cb6fa5c489a51fd19b48a10401a6630accb188ef7bd4481d9c049ab2e610064dc4421839ad375956dd7c9dd587d6ea8dc014fd8ae03d095e2bb90822830f07e8223dec8ddaea2baabde9158733913f823c4bdf0d22692c9953becba8ef1386f07f9ed51f5b6f8840b877f3d21c771943ae7a4513aa76a61b58cfb04c7394176f2ac55fdf4ea5441e21ba90f9a86fcb4e319eaad4295bf07d2a69580d142a608b7ba26080c2dae53369fc820706ae95e094b9916aaf1142f21c39897b22a05bb7e40611c7e14699c076c441c889dee9a339c335f8c51bbd411a6ca3825478b59312af86092fcb94a95be27433d1fdcfc856ef7d89dd01d0cb9af6137b1f11ed90996eb538784c47a33a158b061650c11a049bfe18671c1f3b471938341ad8eef7e1e608f2abb99927f681408b97c175,gx-no-cache=1488399253010 HTTP/1.1" 200 257
186.79.8.148 - - [01/Mar/2017:16:19:26 -0300] "GET /cormun/static/Shared/jqueryui/jquery-ui.min.js HTTP/1.1" 200 240427
186.79.8.148 - - [01/Mar/2017:16:19:27 -0300] "GET /cormun/static/Shared/ext/ext-all.js HTTP/1.1" 200 1289687
186.79.41.237 - - [01/Mar/2017:16:19:27 -0300] "GET /cormun/servlet/trcontratounov2? HTTP/1.1" 200 16404
186.79.41.237 - - [01/Mar/2017:16:19:28 -0300] "GET /cormun/servlet/trcontratounov2? HTTP/1.1" 200 16396
186.79.8.148 - - [01/Mar/2017:16:19:30 -0300] "GET /cormun/servlet/hhome HTTP/1.1" 200 3740
186.79.8.148 - - [01/Mar/2017:16:19:30 -0300] "GET /cormun/static/SmoothNavMenu/resources/images/down.gif HTTP/1.1" 200 854
186.103.159.44 - - [01/Mar/2017:16:19:32 -0300] "GET /cormun/static/menuarrow.gif HTTP/1.1" 404 1015
192.168.10.96 - - [01/Mar/2017:16:19:39 -0300] "GET /cormun/servlet/solicitudgral?fdd225f8d1398ecab9995d1cc90a84b9941efff11f7ab8b41799c98f8b80a6acda5d2e5cc092b5b6b83c569129a20b5dd1a65855ebea4df04cfcafc67d783396bef9590b9cda55b5906c5757db53d0d530164e2e6197a22dc136042d54b3adc5d6ad2b8ec02aa12f6b34b26a19766ffb7165681bbe306a2dc8538ae7f64b551919dcc90d7f48bcf456aea43cccb148d0978fa4846c87a44300e370ec7820c11e791b5f778c42f998d6e73ec044ae2deb8b7ba26080c2dae53369fc820706ae9508b6622fc7daaed2836c3f84e08a9bbce4aaf5eca0bfa93f6e1aa2f1371c3c9372a32c349d7abc2db084f7ca59ada7cd0a35c97b45ac3b87e959f5eb8e4f4bf41baf555579b8b9ee2b282e473ca5bc32970cd1809dc5af3a696a40b179de4511a45614653d13023321f861e5c89d74a78a512ae223c09ed8546b26286217b8c6b1dabee1bedf84c4b850cd4ffacac17010d81dda7fac7552b814c32fc5581d05d49669aab4300d1c9eb058cff8b428c453f09a72291469bb2029086d92ad378eff91965d4869b8d26316f86be442af5db223c359fb727ad5eba86c1b94b37df44715e840eeb43e20e4406ebe08981cd0a3b3433d5ac700b79edddb0cd5495397826619a48df347552ddcb4ad7c8eae49cca0a6d5da2f63dc07b86de68a97c7e292f87a359985ba9016882cdbce9a5596b223c359fb727ad5eba86c1b94b37df44860ee4966b91e44fb7cf48f902db782eab860f449bfc70770f306a7826669346fa78462211d5373dd9db9df5f92c593,gx-no-cache=1488399265985 HTTP/1.1" 200 48
186.79.8.148 - - [01/Mar/2017:16:19:40 -0300] "GET /cormun/servlet/trsolicitudot? HTTP/1.1" 200 6678
186.79.8.148 - - [01/Mar/2017:16:19:40 -0300] "GET /cormun/static/gxui/gxui-all.css?120300 HTTP/1.1" 200 2179
186.79.8.148 - - [01/Mar/2017:16:19:40 -0300] "GET /cormun/static/calendar-system.css?85620 HTTP/1.1" 200 5572
186.79.8.148 - - [01/Mar/2017:16:19:40 -0300] "GET /cormun/static/gxcfg.js?20171191044697 HTTP/1.1" 200 953
186.79.8.148 - - [01/Mar/2017:16:19:40 -0300] "GET /cormun/static/calendar.js?85251 HTTP/1.1" 200 26246
186.79.8.148 - - [01/Mar/2017:16:19:40 -0300] "GET /cormun/static/calendar-setup.js?85251 HTTP/1.1" 200 2588
186.79.8.148 - - [01/Mar/2017:16:19:40 -0300] "GET /cormun/static/calendar-es.js?85251 HTTP/1.1" 200 1901
186.79.8.148 - - [01/Mar/2017:16:19:40 -0300] "GET /cormun/static/gxdec.js?85251 HTTP/1.1" 200 19579
186.79.8.148 - - [01/Mar/2017:16:19:40 -0300] "GET /cormun/static/Shared/ext/resources/css/ext-all.css?215870 HTTP/1.1" 200 416045
186.79.8.148 - - [01/Mar/2017:16:19:41 -0300] "GET /cormun/static/trsolicitudot.js?20171191045625 HTTP/1.1" 200 53117
186.79.8.148 - - [01/Mar/2017:16:19:41 -0300] "GET /cormun/static/Resources/PXTools/calendar.png HTTP/1.1" 200 1306
186.79.8.148 - - [01/Mar/2017:16:19:41 -0300] "GET /cormun/static/Resources/PXToolsDataSearch.png HTTP/1.1" 200 419
186.79.8.148 - - [01/Mar/2017:16:19:41 -0300] "GET /cormun/static/Resources/PXToolsGridFirstDisabled.gif HTTP/1.1" 200 100
186.79.8.148 - - [01/Mar/2017:16:19:41 -0300] "GET /cormun/static/Resources/PXToolsGridPreviousDisabled.gif HTTP/1.1" 200 90
186.79.8.148 - - [01/Mar/2017:16:19:41 -0300] "GET /cormun/static/Resources/PXToolsGridNextDisabled.gif HTTP/1.1" 200 90
186.79.8.148 - - [01/Mar/2017:16:19:41 -0300] "GET /cormun/static/Resources/PXToolsGridLastDisabled.gif HTTP/1.1" 200 98
186.79.8.148 - - [01/Mar/2017:16:19:41 -0300] "GET /cormun/static/Resources/PXToolsGridPage.gif HTTP/1.1" 200 725
186.79.8.148 - - [01/Mar/2017:16:19:41 -0300] "GET /cormun/static/Resources/PXToolsActionExcel.png HTTP/1.1" 200 3187
186.79.8.148 - - [01/Mar/2017:16:19:41 -0300] "GET /cormun/static/Resources/PXToolsGridNew.png HTTP/1.1" 200 2949
192.168.10.96 - - [01/Mar/2017:16:19:43 -0300] "POST /cormun/servlet/solicitudgral?e8ebc7de630670a1543265a9ce52939d,UPD,2017,4919,,gx-no-cache=1488399269944 HTTP/1.1" 200 10516
186.79.8.148 - - [01/Mar/2017:16:19:43 -0300] "GET /cormun/servlet/trsolicitudot? HTTP/1.1" 200 6677
186.79.8.148 - - [01/Mar/2017:16:19:43 -0300] "GET /cormun/static/Resources/asc.gif HTTP/1.1" 200 67
186.79.8.148 - - [01/Mar/2017:16:19:43 -0300] "GET /cormun/static/Resources/desc.gif HTTP/1.1" 200 65
186.79.8.148 - - [01/Mar/2017:16:19:43 -0300] "GET /cormun/static/Shared/ext/resources/themes/images/default/tools/tool-sprites.gif HTTP/1.1" 200 5434
186.79.8.148 - - [01/Mar/2017:16:19:43 -0300] "GET /cormun/static/Shared/ext/resources/themes/images/default/panel/bg-headersPanel.png HTTP/1.1" 200 255
186.79.8.148 - - [01/Mar/2017:16:19:47 -0300] "GET /cormun/servlet/solicitudot?INS,0,0, HTTP/1.1" 200 12537
192.168.10.89 - - [01/Mar/2017:16:19:47 -0300] "GET /cormun/servlet/hlogin HTTP/1.1" 200 1731
186.79.8.148 - - [01/Mar/2017:16:19:47 -0300] "GET /cormun/static/gxcfg.js?20171191042720 HTTP/1.1" 200 953
186.79.8.148 - - [01/Mar/2017:16:19:47 -0300] "GET /cormun/static/solicitudot.js?2017119104297 HTTP/1.1" 200 63948
186.79.8.148 - - [01/Mar/2017:16:19:47 -0300] "GET /cormun/static/Resources/prompt.gif HTTP/1.1" 200 902
192.168.10.96 - - [01/Mar/2017:16:19:47 -0300] "GET /cormun/servlet/solicitudgral?fdd225f8d1398ecab9995d1cc90a84b945dc1e6920f17a4b6e4305dcea0cb47e11eecf77746456bd1f094f87864ceaff120f6a9062872412a0043c16425e29a4c92a896ce4bb645c7dcca8293de9a5c373d4848e4c87215420ea1fb32df1d9e2d070465194bc50a25dc16cd371212e950c3fd564ef79eb3854301890612429dd2ceab1183f69dd8a2360bc16e2c0017ef07d1c1cef2870b3005645c7723a9a87,gx-no-cache=1488399273951 HTTP/1.1" 200 30
186.79.8.148 - - [01/Mar/2017:16:19:48 -0300] "GET /cormun/servlet/solicitudot?INS,0,0, HTTP/1.1" 200 12542
192.168.10.96 - - [01/Mar/2017:16:19:51 -0300] "GET /cormun/servlet/solicitudgral?fdd225f8d1398ecab9995d1cc90a84b945dc1e6920f17a4b6e4305dcea0cb47e11eecf77746456bd1f094f87864ceaff2d1da38adf90a7a0f2192101a4377daec92a896ce4bb645c7dcca8293de9a5c373d4848e4c87215420ea1fb32df1d9e2d070465194bc50a25dc16cd371212e950c3fd564ef79eb3854301890612429dd2ceab1183f69dd8a2360bc16e2c0017eafc63318d601ab15d607dde4d20b90f5,gx-no-cache=1488399277854 HTTP/1.1" 200 30
192.168.10.96 - - [01/Mar/2017:16:19:52 -0300] "POST /cormun/servlet/solicitudgral?gx-no-cache=1488399278942 HTTP/1.1" 200 1250
192.168.10.96 - - [01/Mar/2017:16:19:52 -0300] "POST /cormun/servlet/solicitudgral?gx-no-cache=1488399278987 HTTP/1.1" 200 1153
192.168.10.89 - - [01/Mar/2017:16:19:54 -0300] "POST /cormun/servlet/hlogin?4c09c947ad57f77880682ecfaab0c69f,gx-no-cache=1488399280162 HTTP/1.1" 200 90
192.168.10.89 - - [01/Mar/2017:16:19:54 -0300] "GET /cormun/servlet/hpexe_link HTTP/1.1" 200 946
192.168.10.89 - - [01/Mar/2017:16:19:56 -0300] "GET /cormun/servlet/hhome HTTP/1.1" 200 4382
186.79.17.148 - - [01/Mar/2017:16:19:57 -0300] "POST /cormun/servlet/hlogin?7e735c207ebf712706deb3d5cf86a656,gx-no-cache=1488395935064 HTTP/1.1" 200 90
186.79.17.148 - - [01/Mar/2017:16:19:57 -0300] "GET /cormun/servlet/hpexe_link HTTP/1.1" 200 955
186.79.17.148 - - [01/Mar/2017:16:19:57 -0300] "GET /cormun/servlet/hhome HTTP/1.1" 200 3787
186.79.17.148 - - [01/Mar/2017:16:19:59 -0300] "GET /cormun/servlet/hhome HTTP/1.1" 200 3783
186.79.41.237 - - [01/Mar/2017:16:19:59 -0300] "POST /cormun/servlet/trcontratounov2?6c0eb8d8e4754480ec10566af5b47f6d,,gx-no-cache=1488396066503 HTTP/1.1" 200 14098
186.79.17.148 - - [01/Mar/2017:16:20:02 -0300] "GET /cormun/servlet/trlicencias? HTTP/1.1" 200 6627
186.79.17.148 - - [01/Mar/2017:16:20:03 -0300] "GET /cormun/servlet/trlicencias? HTTP/1.1" 200 6626
186.79.17.148 - - [01/Mar/2017:16:20:06 -0300] "GET /cormun/servlet/licenciaspermisos?INS,0,,, HTTP/1.1" 200 7142
192.168.10.89 - - [01/Mar/2017:16:20:07 -0300] "GET /cormun/servlet/trsolicitudgral? HTTP/1.1" 200 8690
186.79.17.148 - - [01/Mar/2017:16:20:07 -0300] "GET /cormun/servlet/licenciaspermisos?INS,0,,, HTTP/1.1" 200 7142
192.168.10.96 - - [01/Mar/2017:16:20:11 -0300] "POST /cormun/servlet/solicitudgral?e8ebc7de630670a1543265a9ce52939d,UPD,2017,4919,,gx-no-cache=1488399297915 HTTP/1.1" 200 93
192.168.10.96 - - [01/Mar/2017:16:20:11 -0300] "GET /cormun/servlet/hpexe_return? HTTP/1.1" 200 1004
192.168.10.96 - - [01/Mar/2017:16:20:11 -0300] "GET /cormun/servlet/trsolicitudgral? HTTP/1.1" 200 10516
192.168.10.96 - - [01/Mar/2017:16:20:12 -0300] "GET /cormun/servlet/trsolicitudgral? HTTP/1.1" 200 10512
186.79.8.148 - - [01/Mar/2017:16:20:15 -0300] "POST /cormun/servlet/solicitudot?gx-no-cache=1488396088376 HTTP/1.1" 200 3187
186.79.8.148 - - [01/Mar/2017:16:20:15 -0300] "POST /cormun/servlet/solicitudot?4ecf4718ae256f14aa6d95db80437236,INS,0,0,,gx-no-cache=1488396089053 HTTP/1.1" 200 9785
192.168.10.89 - - [01/Mar/2017:16:20:16 -0300] "POST /cormun/servlet/trsolicitudgral?4c09c947ad57f77880682ecfaab0c69f,,gx-no-cache=1488399302691 HTTP/1.1" 200 5395
186.79.17.148 - - [01/Mar/2017:16:20:17 -0300] "GET /cormun/servlet/prfichaempleado?,MD,,gxPopupLevel%3D0%3B HTTP/1.1" 200 8849
186.79.17.148 - - [01/Mar/2017:16:20:17 -0300] "GET /cormun/static/gxcfg.js?2016102420561687 HTTP/1.1" 304 -
186.79.8.148 - - [01/Mar/2017:16:20:21 -0300] "GET /cormun/servlet/solicitudot?7a34e5f548816e8d0fa11229e9c56f1ed675ebde1f1a7a947b3d8c137fd9d69f1aa4e4f9ff74daec83c9d5b388476edb,gx-no-cache=1488396095092 HTTP/1.1" 200 30
192.168.10.89 - - [01/Mar/2017:16:20:22 -0300] "POST /cormun/servlet/trsolicitudgral?4c09c947ad57f77880682ecfaab0c69f,,gx-no-cache=1488399308780 HTTP/1.1" 200 5393
186.79.8.148 - - [01/Mar/2017:16:20:24 -0300] "POST /cormun/servlet/solicitudot?gx-no-cache=1488396097954 HTTP/1.1" 200 255
186.79.8.148 - - [01/Mar/2017:16:20:24 -0300] "GET /cormun/servlet/solicitudot?7a34e5f548816e8d0fa11229e9c56f1e24aa797a05b0eae222a5f285fba80def954cb6256b84ea7039b1662624f5a27f387e86d4ddffe3da8307cf6a107acd5be53bf666b33860f8efbd69ab832edb77d8525f4125c0b4c4d958e724944786f4bb7a954120adf3783152ba8b63f08fd91ae7f2314c02bad2be9319ff67c3f4f173550df09f9847d05091b23a4a9e823fae5a6705d87aeec01343d26cbcd92ca0d00ce31e180d990eb45fd8518b1456224a803e7aa46cf84ad4d08fc9abf3c2f6b22124376f046a6613953885a8ee8efd09751bc77e5b8bb930e620f338dc82a91fbd812fd9ad2d2511e9f591d7f5afdeef0d4505daca031c16e61bfc1306a135317e086e4933d5f00538e4138ed71e8c176a81a7eaeec6f1ba2b810fd8276ca10695342932b661374ae487dc19f0cf0d65de3cda5a197b15cf22fc289b8c9a9b92b1223f444b631fdb5202cb12a4b076619ab9a16784643079f48c57f5806052a34945a32eee4fb681405d2ba43485bb5f3716403da3ffbedf4215ebf24dd6da,gx-no-cache=1488396098097 HTTP/1.1" 200 30
200.111.191.210 - - [01/Mar/2017:16:20:34 -0300] "GET /cormun/servlet/hlogin HTTP/1.1" 200 1746
192.168.10.89 - - [01/Mar/2017:16:20:43 -0300] "POST /cormun/servlet/trsolicitudgral?4c09c947ad57f77880682ecfaab0c69f,,gx-no-cache=1488399329866 HTTP/1.1" 200 7426
186.79.41.237 - - [01/Mar/2017:16:20:45 -0300] "POST /cormun/servlet/trcontratounov2?6c0eb8d8e4754480ec10566af5b47f6d,,gx-no-cache=1488396111514 HTTP/1.1" 200 14273
186.79.41.237 - - [01/Mar/2017:16:20:48 -0300] "GET /cormun/static/Resources/PXToolsGridFirst.gif HTTP/1.1" 200 379
186.79.41.237 - - [01/Mar/2017:16:20:48 -0300] "GET /cormun/static/Resources/PXToolsGridPrevious.gif HTTP/1.1" 200 369
200.111.191.210 - - [01/Mar/2017:16:20:50 -0300] "POST /cormun/servlet/hlogin?c3993b31d5a541cd43bc0cf204b4554a,gx-no-cache=1488399638109 HTTP/1.1" 200 90
200.111.191.210 - - [01/Mar/2017:16:20:50 -0300] "GET /cormun/servlet/hpexe_link HTTP/1.1" 200 957
200.111.191.210 - - [01/Mar/2017:16:20:50 -0300] "GET /cormun/servlet/hhome HTTP/1.1" 200 3732
186.103.159.44 - - [01/Mar/2017:16:20:50 -0300] "POST /cormun/servlet/solicitudot?gx-no-cache=1488396116416 HTTP/1.1" 200 118
186.103.159.44 - - [01/Mar/2017:16:20:50 -0300] "GET /cormun/static/Shared/jqueryui/images/ui-icons_82798d_256x240.png HTTP/1.1" 404 1089
186.103.159.44 - - [01/Mar/2017:16:20:50 -0300] "GET /cormun/static/Shared/jqueryui/images/ui-bg_highlight-soft_100_c6c2c8_1x100.png HTTP/1.1" 404 1117
186.103.159.44 - - [01/Mar/2017:16:20:50 -0300] "GET /cormun/static/Shared/jqueryui/images/ui-icons_ebccce_256x240.png HTTP/1.1" 404 1089
186.103.159.44 - - [01/Mar/2017:16:20:50 -0300] "GET /cormun/static/Shared/jqueryui/images/ui-bg_flat_55_994d53_40x100.png HTTP/1.1" 404 1097
200.111.191.210 - - [01/Mar/2017:16:20:50 -0300] "GET /cormun/servlet/hhome HTTP/1.1" 200 3729
186.103.156.24 - - [01/Mar/2017:16:20:51 -0300] "GET /cormun/servlet/hlogin HTTP/1.1" 200 1720
186.103.156.24 - - [01/Mar/2017:16:20:52 -0300] "GET /cormun/static/gxtimezone.js?85251 HTTP/1.1" 304 -
186.103.156.24 - - [01/Mar/2017:16:20:52 -0300] "GET /cormun/static/Resources/Spanish/PXTools.css?167811 HTTP/1.1" 304 -
186.103.156.24 - - [01/Mar/2017:16:20:52 -0300] "GET /cormun/static/gxcfg.js?201612216162538 HTTP/1.1" 200 953
186.103.156.24 - - [01/Mar/2017:16:20:52 -0300] "GET /cormun/static/messages.spa.js?85251 HTTP/1.1" 304 -
186.103.156.24 - - [01/Mar/2017:16:20:52 -0300] "GET /cormun/static/hlogin.js?201612216162555 HTTP/1.1" 200 2136
186.103.156.24 - - [01/Mar/2017:16:20:52 -0300] "GET /cormun/static/Resources/ComunLogin.png HTTP/1.1" 200 17326
186.103.156.24 - - [01/Mar/2017:16:20:52 -0300] "GET /cormun/static/Resources/PXToolsLoginBackground.png HTTP/1.1" 200 1164
186.103.156.24 - - [01/Mar/2017:16:20:52 -0300] "GET /cormun/static/Resources/PXToolsLoginTop.png HTTP/1.1" 200 1337
186.103.156.24 - - [01/Mar/2017:16:20:52 -0300] "GET /cormun/static/Resources/PXToolsButtonRight21.png HTTP/1.1" 200 1283
186.103.156.24 - - [01/Mar/2017:16:20:52 -0300] "GET /cormun/static/Resources/PXToolsButtonLeft21.png HTTP/1.1" 200 1287
186.103.156.24 - - [01/Mar/2017:16:20:52 -0300] "GET /cormun/static/Resources/PXToolsButtonBackground2.png HTTP/1.1" 200 1181
186.103.156.24 - - [01/Mar/2017:16:20:52 -0300] "GET /cormun/static/Resources/PXToolsLoginBottom.png HTTP/1.1" 200 1389
186.103.156.24 - - [01/Mar/2017:16:20:52 -0300] "GET /cormun/servlet/hlogin HTTP/1.1" 200 1730
186.103.156.24 - - [01/Mar/2017:16:20:53 -0300] "GET /favicon.ico HTTP/1.1" 200 21630
200.111.191.210 - - [01/Mar/2017:16:20:55 -0300] "GET /cormun/servlet/trsolicitudot? HTTP/1.1" 200 6662
200.111.191.210 - - [01/Mar/2017:16:20:55 -0300] "GET /cormun/servlet/trsolicitudot? HTTP/1.1" 200 6663
186.79.41.237 - - [01/Mar/2017:16:20:55 -0300] "POST /cormun/servlet/trcontratounov2?6c0eb8d8e4754480ec10566af5b47f6d,,gx-no-cache=1488396120107 HTTP/1.1" 200 104
200.111.191.210 - - [01/Mar/2017:16:20:58 -0300] "GET /cormun/servlet/solicitudot?INS,0,0, HTTP/1.1" 200 12525
200.111.191.210 - - [01/Mar/2017:16:20:58 -0300] "GET /cormun/servlet/solicitudot?INS,0,0, HTTP/1.1" 200 12530
186.79.41.237 - - [01/Mar/2017:16:20:59 -0300] "GET /cormun/ContratoUnoV3-442.xls HTTP/1.1" 200 27136
186.79.8.148 - - [01/Mar/2017:16:21:02 -0300] "POST /cormun/servlet/solicitudot?gx-no-cache=1488396136482 HTTP/1.1" 200 30
186.79.8.148 - - [01/Mar/2017:16:21:05 -0300] "POST /cormun/servlet/solicitudot?gx-no-cache=1488396139172 HTTP/1.1" 200 1291
186.79.8.148 - - [01/Mar/2017:16:21:05 -0300] "POST /cormun/servlet/solicitudot?gx-no-cache=1488396139338 HTTP/1.1" 200 38
192.168.10.96 - - [01/Mar/2017:16:21:12 -0300] "GET /cormun/servlet/solicitudgral?UPD,2017,4919, HTTP/1.1" 200 11835
192.168.10.96 - - [01/Mar/2017:16:21:13 -0300] "GET /cormun/servlet/solicitudgral?UPD,2017,4919, HTTP/1.1" 200 11844
192.168.10.96 - - [01/Mar/2017:16:21:13 -0300] "POST /cormun/servlet/solicitudgral?gx-no-cache=1488399360248 HTTP/1.1" 200 3170
192.168.10.96 - - [01/Mar/2017:16:21:13 -0300] "GET /cormun/servlet/solicitudgral?fdd225f8d1398ecab9995d1cc90a84b9ad6795bae0e59fdaa961991dd2bd947579cb6fa5c489a51fd19b48a10401a6630accb188ef7bd4481d9c049ab2e610064dc4421839ad375956dd7c9dd587d6ea8dc014fd8ae03d095e2bb90822830f07e8223dec8ddaea2baabde9158733913f823c4bdf0d22692c9953becba8ef1386f07f9ed51f5b6f8840b877f3d21c771943ae7a4513aa76a61b58cfb04c7394176f2ac55fdf4ea5441e21ba90f9a86fcb4e319eaad4295bf07d2a69580d142a608b7ba26080c2dae53369fc820706ae95e094b9916aaf1142f21c39897b22a05bb7e40611c7e14699c076c441c889dee9a339c335f8c51bbd411a6ca3825478b59312af86092fcb94a95be27433d1fdcfc856ef7d89dd01d0cb9af6137b1f11ed90996eb538784c47a33a158b061650c11a049bfe18671c1f3b471938341ad8eef7e1e608f2abb99927f681408b97c175,gx-no-cache=1488399360374 HTTP/1.1" 200 257
200.111.191.210 - - [01/Mar/2017:16:21:23 -0300] "POST /cormun/servlet/solicitudot?gx-no-cache=1488399670988 HTTP/1.1" 200 3165
186.79.17.148 - - [01/Mar/2017:16:21:23 -0300] "POST /cormun/servlet/prfichaempleado?7e735c207ebf712706deb3d5cf86a656,,MD,,gxPopupLevel%3D0%3B,gx-no-cache=1488396020795 HTTP/1.1" 200 3406
200.111.191.210 - - [01/Mar/2017:16:21:24 -0300] "POST /cormun/servlet/solicitudot?c3993b31d5a541cd43bc0cf204b4554a,INS,0,0,,gx-no-cache=1488399671263 HTTP/1.1" 200 9757
200.111.191.210 - - [01/Mar/2017:16:21:24 -0300] "GET /cormun/servlet/solicitudot?04f755c0aa85fcf18b13bdeeacc076bfe1e443cc56e4d92cb6327532667b09c063df312e6a55fbd81ac2aecd7048d2df,gx-no-cache=1488399672060 HTTP/1.1" 200 30
186.79.17.148 - - [01/Mar/2017:16:21:27 -0300] "GET /cormun/servlet/licenciaspermisos?a1112b17c4e86e55c693bdde925f62f4536bedf4e0c4bf0b471a84a1c6f40d88c012bf0e43bacc44695b819dc6296d36,gx-no-cache=1488396025646 HTTP/1.1" 200 67
192.168.10.89 - - [01/Mar/2017:16:21:27 -0300] "POST /cormun/servlet/trsolicitudgral?4c09c947ad57f77880682ecfaab0c69f,,gx-no-cache=1488399374060 HTTP/1.1" 200 5393
186.79.17.148 - - [01/Mar/2017:16:21:28 -0300] "POST /cormun/servlet/licenciaspermisos?7e735c207ebf712706deb3d5cf86a656,INS,0,,,,gx-no-cache=1488396025757 HTTP/1.1" 200 4421
186.103.156.24 - - [01/Mar/2017:16:21:28 -0300] "POST /cormun/servlet/hlogin?2b6c8a5796205769ae63734a774721e4,gx-no-cache=1488396313703 HTTP/1.1" 200 90
186.103.156.24 - - [01/Mar/2017:16:21:28 -0300] "GET /cormun/servlet/hpexe_link HTTP/1.1" 200 955
186.103.156.24 - - [01/Mar/2017:16:21:28 -0300] "GET /cormun/static/gxcfg.js?201612218515529 HTTP/1.1" 200 953
186.103.156.24 - - [01/Mar/2017:16:21:28 -0300] "GET /cormun/static/hpexe_link.js?201612218515532 HTTP/1.1" 200 625
186.103.156.24 - - [01/Mar/2017:16:21:28 -0300] "GET /cormun/static/Resources/Spanish/PXTools.css?18365030 HTTP/1.1" 304 -
186.103.156.24 - - [01/Mar/2017:16:21:29 -0300] "GET /cormun/servlet/hhome HTTP/1.1" 200 3953
186.103.156.24 - - [01/Mar/2017:16:21:29 -0300] "GET /cormun/static/gxcfg.js?201612218515568 HTTP/1.1" 200 953
