186.79.17.148 - - [01/Mar/2017:10:50:44 -0300] "GET /cormun/servlet/solicitudotadjuntos?INS,2017,4931,,1, HTTP/1.1" 200 5985
186.79.17.148 - - [01/Mar/2017:10:50:44 -0300] "GET /cormun/servlet/solicitudotadjuntos?af0f73b3b19fb50635ea2967a7de89411792a1a934a87c669cecd67f2f1b6d043834ff5e4e9c8b4685f69faf4de194bc,gx-no-cache=1488376181985 HTTP/1.1" 200 30
186.79.17.148 - - [01/Mar/2017:10:50:45 -0300] "POST /cormun/servlet/solicitudotadjuntos?f18cff44c061400b367949f5952d6ae8,INS,2017,4931,,1,,gx-no-cache=1488376182087 HTTP/1.1" 200 3856
186.79.41.237 - - [01/Mar/2017:10:50:45 -0300] "GET /cormun/servlet/trlicencias? HTTP/1.1" 200 7777
186.79.41.237 - - [01/Mar/2017:10:50:46 -0300] "GET /cormun/servlet/trlicencias? HTTP/1.1" 200 7776
186.79.17.148 - - [01/Mar/2017:10:50:51 -0300] "POST /cormun/servlet/solicitudotadjuntos?gx-no-cache=1488376188696 HTTP/1.1" 200 26
186.79.41.237 - - [01/Mar/2017:10:51:04 -0300] "POST /cormun/servlet/trlicencias?761d22a89bde4ac11df6182d0ff63eae,,gx-no-cache=1488376336696 HTTP/1.1" 200 5211
186.79.41.237 - - [01/Mar/2017:10:51:09 -0300] "GET /cormun/static/Shared/jqueryui/images/ui-bg_highlight-soft_100_c6c2c8_1x100.png HTTP/1.1" 404 1117
186.79.41.237 - - [01/Mar/2017:10:51:09 -0300] "GET /cormun/static/Shared/jqueryui/images/ui-bg_flat_55_fafafa_40x100.png HTTP/1.1" 404 1097
186.79.41.237 - - [01/Mar/2017:10:51:09 -0300] "GET /cormun/static/Shared/jqueryui/images/ui-icons_8d78a5_256x240.png HTTP/1.1" 404 1089
186.79.41.237 - - [01/Mar/2017:10:51:09 -0300] "GET /cormun/static/Shared/jqueryui/images/ui-icons_82798d_256x240.png HTTP/1.1" 404 1089
186.79.41.237 - - [01/Mar/2017:10:51:28 -0300] "GET /cormun/servlet/hlogin HTTP/1.1" 200 1719
186.79.41.237 - - [01/Mar/2017:10:51:34 -0300] "POST /cormun/servlet/hlogin?65354939440f8b9464a316cada6e1139,gx-no-cache=1488376367254 HTTP/1.1" 200 90
186.103.159.188 - - [01/Mar/2017:10:51:37 -0300] "POST /cormun/servlet/solicitudot?gx-no-cache=1488376367639 HTTP/1.1" 200 1291
186.103.159.188 - - [01/Mar/2017:10:51:37 -0300] "POST /cormun/servlet/solicitudot?gx-no-cache=1488376367764 HTTP/1.1" 200 41
186.79.41.237 - - [01/Mar/2017:10:51:37 -0300] "GET /cormun/servlet/hpexe_link HTTP/1.1" 200 955
186.79.17.148 - - [01/Mar/2017:10:51:42 -0300] "GET /cormun/servlet/solicitudotadjuntos?af0f73b3b19fb50635ea2967a7de894137f78cf6c536ad3d12de959cc1e18e01,gx-no-cache=1488376239888 HTTP/1.1" 200 30
186.79.17.148 - - [01/Mar/2017:10:51:42 -0300] "GET /cormun/servlet/solicitudotadjuntos?af0f73b3b19fb50635ea2967a7de894137f78cf6c536ad3d12de959cc1e18e01,gx-no-cache=1488376240051 HTTP/1.1" 200 30
186.79.41.237 - - [01/Mar/2017:10:51:43 -0300] "GET /cormun/servlet/hhome HTTP/1.1" 200 3750
186.79.41.237 - - [01/Mar/2017:10:51:44 -0300] "GET /cormun/servlet/hhome HTTP/1.1" 200 3747
186.79.17.148 - - [01/Mar/2017:10:51:44 -0300] "POST /cormun/servlet/solicitudotadjuntos?f18cff44c061400b367949f5952d6ae8,INS,2017,4931,,1, HTTP/1.1" 200 116
186.79.17.148 - - [01/Mar/2017:10:51:44 -0300] "GET /cormun/servlet/hpexe_return? HTTP/1.1" 200 1023
186.79.17.148 - - [01/Mar/2017:10:51:45 -0300] "GET /cormun/servlet/trsolicitudadjuntos?2017,4931, HTTP/1.1" 200 8375
186.79.17.148 - - [01/Mar/2017:10:51:46 -0300] "GET /cormun/servlet/trsolicitudadjuntos?2017,4931, HTTP/1.1" 200 8373
186.79.41.237 - - [01/Mar/2017:10:51:47 -0300] "GET /cormun/servlet/trlicencias? HTTP/1.1" 200 7778
186.79.41.237 - - [01/Mar/2017:10:51:51 -0300] "GET /cormun/servlet/trlicencias? HTTP/1.1" 200 7777
186.79.41.237 - - [01/Mar/2017:10:51:58 -0300] "GET /cormun/servlet/trlicenciaspermisosadjuntos?9057182,20170228000000,L, HTTP/1.1" 200 6107
186.79.41.237 - - [01/Mar/2017:10:52:00 -0300] "GET /cormun/static/gxcfg.js?2016122813131454 HTTP/1.1" 200 953
186.79.41.237 - - [01/Mar/2017:10:52:00 -0300] "GET /cormun/static/trlicenciaspermisosadjuntos.js?2016122813131728 HTTP/1.1" 200 21008
186.79.41.237 - - [01/Mar/2017:10:52:02 -0300] "GET /cormun/servlet/trlicenciaspermisosadjuntos?9057182,20170228000000,L, HTTP/1.1" 200 6105
186.103.159.188 - - [01/Mar/2017:10:52:03 -0300] "POST /cormun/servlet/solicitudot?gx-no-cache=1488376393925 HTTP/1.1" 200 1275
186.103.159.188 - - [01/Mar/2017:10:52:03 -0300] "POST /cormun/servlet/solicitudot?gx-no-cache=1488376394222 HTTP/1.1" 200 1157
186.103.159.188 - - [01/Mar/2017:10:52:03 -0300] "GET /cormun/servlet/solicitudot?56e0f5720a2dffd1389fd46d81de24392f49a1431322ead3b96ebf201866870b12ec1c622e49dc26c036e7ef7412ce0599c77db647021f27275cee60353403576c3ab4c8c8c7f19e25ce63e073104ff9877f3baa6f391d817218a46aef66e49ebde83eada13a798e542e6cead16d01c6c751a2a224b1d82520b9c05b82daee55d1412d992481d621e9af09fe7a4eaa1b3b49ecc093ba2d5cc0f19a1d268c7c8c46f7fa49d770f4cfc4a2af15f87ff578,gx-no-cache=1488376394409 HTTP/1.1" 200 30
186.79.41.237 - - [01/Mar/2017:10:52:10 -0300] "GET /cormun/servlet/licenciaspermisosadjuntos?INS,9057182,L,20170228000000,, HTTP/1.1" 200 5407
186.79.41.237 - - [01/Mar/2017:10:52:11 -0300] "GET /cormun/static/gxcfg.js?2016122813131386 HTTP/1.1" 200 953
186.79.41.237 - - [01/Mar/2017:10:52:11 -0300] "GET /cormun/static/about:blank HTTP/1.1" 404 1011
186.79.41.237 - - [01/Mar/2017:10:52:12 -0300] "GET /cormun/static/licenciaspermisosadjuntos.js?2016122813131394 HTTP/1.1" 200 8757
131.253.25.185 - - [01/Mar/2017:10:52:18 -0300] "GET /cormun/static/solicitudot.js?2017119104297 HTTP/1.1" 200 63948
186.79.41.237 - - [01/Mar/2017:10:52:23 -0300] "GET /cormun/servlet/licenciaspermisosadjuntos?INS,9057182,L,20170228000000,, HTTP/1.1" 200 5396
186.79.17.148 - - [01/Mar/2017:10:53:25 -0300] "GET /cormun/servlet/solicitudotadjuntos?INS,2017,4931,,1, HTTP/1.1" 200 5992
186.79.17.148 - - [01/Mar/2017:10:53:26 -0300] "GET /cormun/static/about:blank HTTP/1.1" 404 1011
186.79.17.148 - - [01/Mar/2017:10:53:27 -0300] "GET /cormun/servlet/solicitudotadjuntos?INS,2017,4931,,1, HTTP/1.1" 200 5985
186.79.17.148 - - [01/Mar/2017:10:53:27 -0300] "GET /cormun/servlet/solicitudotadjuntos?af0f73b3b19fb50635ea2967a7de89411792a1a934a87c669cecd67f2f1b6d043834ff5e4e9c8b4685f69faf4de194bc,gx-no-cache=1488376344894 HTTP/1.1" 200 30
186.79.17.148 - - [01/Mar/2017:10:53:27 -0300] "POST /cormun/servlet/solicitudotadjuntos?f18cff44c061400b367949f5952d6ae8,INS,2017,4931,,1,,gx-no-cache=1488376345009 HTTP/1.1" 200 3856
190.101.9.138 - - [01/Mar/2017:10:53:39 -0300] "POST /cormun/servlet/solicitudot?e3c7438e578b52bda8799ee948a84168,INS,0,0,,gx-no-cache=1488376489419 HTTP/1.1" 200 93
190.101.9.138 - - [01/Mar/2017:10:53:39 -0300] "GET /cormun/servlet/hpexe_return? HTTP/1.1" 200 1011
190.101.9.138 - - [01/Mar/2017:10:53:39 -0300] "GET /cormun/static/gxcfg.js?2016101716175148 HTTP/1.1" 200 953
186.103.159.188 - - [01/Mar/2017:10:53:39 -0300] "GET /cormun/static/hpexe_return.js?2016101716175153 HTTP/1.1" 200 1633
186.103.159.188 - - [01/Mar/2017:10:53:39 -0300] "GET /cormun/servlet/trsolicitudot HTTP/1.1" 200 6739
186.103.159.188 - - [01/Mar/2017:10:53:39 -0300] "GET /cormun/servlet/trsolicitudot HTTP/1.1" 200 6735
186.103.159.188 - - [01/Mar/2017:10:53:43 -0300] "GET /cormun/servlet/trsolicitudot? HTTP/1.1" 200 6735
186.103.159.188 - - [01/Mar/2017:10:53:43 -0300] "GET /cormun/servlet/trsolicitudot? HTTP/1.1" 200 6735
186.103.159.188 - - [01/Mar/2017:10:54:05 -0300] "GET /cormun/servlet/solicitudot?INS,0,0, HTTP/1.1" 200 12585
186.103.159.188 - - [01/Mar/2017:10:54:06 -0300] "GET /cormun/servlet/solicitudot?INS,0,0, HTTP/1.1" 200 12590
186.103.159.188 - - [01/Mar/2017:10:54:21 -0300] "POST /cormun/servlet/solicitudot?gx-no-cache=1488376531383 HTTP/1.1" 200 3163
186.103.159.188 - - [01/Mar/2017:10:54:22 -0300] "POST /cormun/servlet/solicitudot?e3c7438e578b52bda8799ee948a84168,INS,0,0,,gx-no-cache=1488376531929 HTTP/1.1" 200 9766
186.103.159.188 - - [01/Mar/2017:10:54:27 -0300] "GET /cormun/servlet/solicitudot?56e0f5720a2dffd1389fd46d81de2439ccc2a706fef5327ffaf7ff14970739ba81cfe963d8278dadd870fb2bf7328c66,gx-no-cache=1488376538216 HTTP/1.1" 200 30
186.103.159.188 - - [01/Mar/2017:10:54:27 -0300] "POST /cormun/servlet/solicitudot?gx-no-cache=1488376538263 HTTP/1.1" 200 255
186.103.159.188 - - [01/Mar/2017:10:54:28 -0300] "GET /cormun/servlet/solicitudot?56e0f5720a2dffd1389fd46d81de24398aaf7c58c8ab1b58ebfabad591604bf2596ee0dfd8bb0d1f8da8891612515046f93b658526294ecbf0eb4cf1d847340e0394587c9497803a85df722c34b90395cf674ad38c1645fe08d355aa351230b45be3cce8e5ce3623777b6eae5d2905783b870c9ecd344fd91e02776e8527d69db8a2473da723b0d81a63b67ef8f507beaa4175600d2c44640f1bda98a2623c270c6de51873c428fb2824cda29c2523d4ce8bc798fa4f14f09935f8bc9e862dffd348fbd60a2399d9404db09fb19e1afd6288841291c22f5cd13973f463f2ee40fea051127759f8d712fb0f5a9f335fe9b7544814ed66e05223caccb761ca5da44328cfeea266d8a6211864a648a8b149ba99a8781ce3c1b87bd952ae06b73a89f04235b0ac74578dcf2c723ab56db04365bca95a195054bd7f008bd1c2e9fb9ea8cbe1f320b44f6af11261be38349a5e2f76230714e5e393b0d6e18c9a9bce14f1bd2e7bfaf65af70cc23a1e5466bbf31408345abfa7210557900a9aaaef043c,gx-no-cache=1488376538310 HTTP/1.1" 200 30
186.103.159.188 - - [01/Mar/2017:10:54:31 -0300] "POST /cormun/servlet/solicitudot?gx-no-cache=1488376542272 HTTP/1.1" 200 30
186.103.159.188 - - [01/Mar/2017:10:54:33 -0300] "POST /cormun/servlet/solicitudot?gx-no-cache=1488376544487 HTTP/1.1" 200 1291
186.103.159.188 - - [01/Mar/2017:10:54:33 -0300] "POST /cormun/servlet/solicitudot?gx-no-cache=1488376544565 HTTP/1.1" 200 38
186.103.159.188 - - [01/Mar/2017:10:54:50 -0300] "GET /cormun/servlet/solicitudot?56e0f5720a2dffd1389fd46d81de2439f589b9cf300b82d9bca5a24e181b96a1b0098ed8fb1d19876836098ff268d7f7865a37a69ee44e694e401e34037cf79f71a8a8d8b4bed8585653a6aaefbb6663b8e1a04822a95fb7d9fdfa08dc42f3addb1fd9d966c0952915fe77bcd69dc257bb1236316d31a0f3b2264aa6a89d0076d1fd045d7c4d7792d9571095e3e39cf33b48f9dfe1afa9f50fb15e57e45108a5,gx-no-cache=1488376561038 HTTP/1.1" 200 29
186.103.159.188 - - [01/Mar/2017:10:54:50 -0300] "POST /cormun/servlet/solicitudot?gx-no-cache=1488376561116 HTTP/1.1" 200 1274
186.103.159.188 - - [01/Mar/2017:10:54:50 -0300] "POST /cormun/servlet/solicitudot?gx-no-cache=1488376561241 HTTP/1.1" 200 1158
186.103.159.188 - - [01/Mar/2017:10:54:50 -0300] "GET /cormun/static/menuarrow.gif HTTP/1.1" 404 1015
186.103.159.188 - - [01/Mar/2017:10:54:52 -0300] "POST /cormun/servlet/solicitudot?gx-no-cache=1488376563144 HTTP/1.1" 200 1274
186.103.159.188 - - [01/Mar/2017:10:54:52 -0300] "POST /cormun/servlet/solicitudot?gx-no-cache=1488376563253 HTTP/1.1" 200 1158
186.79.41.237 - - [01/Mar/2017:10:55:12 -0300] "POST /cormun/servlet/licenciaspermisosadjuntos?65354939440f8b9464a316cada6e1139,INS,9057182,L,20170228000000,, HTTP/1.1" 200 116
186.79.41.237 - - [01/Mar/2017:10:55:12 -0300] "GET /cormun/servlet/hpexe_return? HTTP/1.1" 200 1042
186.79.41.237 - - [01/Mar/2017:10:55:13 -0300] "GET /cormun/static/gxcfg.js?2016101716175148 HTTP/1.1" 200 953
186.79.41.237 - - [01/Mar/2017:10:55:14 -0300] "GET /cormun/servlet/trlicenciaspermisosadjuntos?9057182,20170228000000,L, HTTP/1.1" 200 6578
186.79.41.237 - - [01/Mar/2017:10:55:15 -0300] "GET /cormun/servlet/trlicenciaspermisosadjuntos?9057182,20170228000000,L, HTTP/1.1" 200 6574
186.103.159.188 - - [01/Mar/2017:10:55:17 -0300] "GET /cormun/servlet/solicitudot?56e0f5720a2dffd1389fd46d81de2439404e183009a8c714a8dc2e68fa18fc6867c8694e9ccf18bf637fbf8e5d6850e299c77db647021f27275cee60353403576c3ab4c8c8c7f19e25ce63e073104ff9877f3baa6f391d817218a46aef66e49ebde83eada13a798e542e6cead16d01c6c751a2a224b1d82520b9c05b82daee55d1412d992481d621e9af09fe7a4eaa1b3b49ecc093ba2d5cc0f19a1d268c7c8c46f7fa49d770f4cfc4a2af15f87ff578,gx-no-cache=1488376588073 HTTP/1.1" 200 30
186.103.159.188 - - [01/Mar/2017:10:55:18 -0300] "POST /cormun/servlet/solicitudot?e3c7438e578b52bda8799ee948a84168,INS,0,0,,gx-no-cache=1488376588198 HTTP/1.1" 200 93
186.103.159.188 - - [01/Mar/2017:10:55:18 -0300] "GET /cormun/servlet/hpexe_return? HTTP/1.1" 200 1011
186.103.159.188 - - [01/Mar/2017:10:55:18 -0300] "GET /cormun/servlet/trsolicitudot HTTP/1.1" 200 7995
186.103.159.188 - - [01/Mar/2017:10:55:18 -0300] "GET /cormun//static/Resources/PXToolsActionView.png HTTP/1.1" 200 2995
186.103.159.188 - - [01/Mar/2017:10:55:18 -0300] "GET /cormun//static/Resources/PXToolsGridUpdate.png HTTP/1.1" 200 2984
186.103.159.188 - - [01/Mar/2017:10:55:18 -0300] "GET /cormun//static/Resources/PXTools/ActionInsert.png HTTP/1.1" 200 1482
190.101.9.138 - - [01/Mar/2017:10:55:18 -0300] "GET /cormun//static/Resources/PXToolsGridDelete.png HTTP/1.1" 200 357
190.101.9.138 - - [01/Mar/2017:10:55:18 -0300] "GET /cormun//static/Resources/PXToolsRemoveAllAction.png HTTP/1.1" 200 3558
186.103.159.188 - - [01/Mar/2017:10:55:18 -0300] "GET /cormun/servlet/trsolicitudot HTTP/1.1" 200 7991
186.79.41.237 - - [01/Mar/2017:10:55:28 -0300] "GET /cormun/servlet/trlicencias? HTTP/1.1" 200 7777
186.79.41.237 - - [01/Mar/2017:10:55:31 -0300] "GET /cormun/servlet/trlicencias? HTTP/1.1" 200 7777
190.101.9.138 - - [01/Mar/2017:10:55:37 -0300] "GET /cormun/servlet/solicitudot?INS,0,0, HTTP/1.1" 200 12583
190.101.9.138 - - [01/Mar/2017:10:55:37 -0300] "GET /cormun/servlet/solicitudot?INS,0,0, HTTP/1.1" 200 12588
186.79.16.23 - - [01/Mar/2017:10:55:41 -0300] "POST /cormun/servlet/solicitudot?gx-no-cache=1488376612636 HTTP/1.1" 200 255
186.79.41.237 - - [01/Mar/2017:10:55:43 -0300] "POST /cormun/servlet/trlicencias?65354939440f8b9464a316cada6e1139,,gx-no-cache=1488376615337 HTTP/1.1" 200 5197
186.79.41.237 - - [01/Mar/2017:10:55:54 -0300] "GET /cormun/servlet/licenciaspermisos?INS,0,,, HTTP/1.1" 200 7099
190.101.9.138 - - [01/Mar/2017:10:55:54 -0300] "POST /cormun/servlet/solicitudot?gx-no-cache=1488376625017 HTTP/1.1" 200 3149
190.101.9.138 - - [01/Mar/2017:10:55:54 -0300] "POST /cormun/servlet/solicitudot?e3c7438e578b52bda8799ee948a84168,INS,0,0,,gx-no-cache=1488376625235 HTTP/1.1" 200 9762
186.79.41.237 - - [01/Mar/2017:10:55:54 -0300] "GET /cormun/static/Resources/prompt.gif HTTP/1.1" 200 902
186.79.41.237 - - [01/Mar/2017:10:55:55 -0300] "GET /cormun/servlet/licenciaspermisos?INS,0,,, HTTP/1.1" 200 7099
190.101.9.138 - - [01/Mar/2017:10:56:14 -0300] "POST /cormun/servlet/solicitudot?gx-no-cache=1488376644829 HTTP/1.1" 200 3165
190.101.9.138 - - [01/Mar/2017:10:56:14 -0300] "POST /cormun/servlet/solicitudot?e3c7438e578b52bda8799ee948a84168,INS,0,0,,gx-no-cache=1488376645016 HTTP/1.1" 200 9828
190.101.9.138 - - [01/Mar/2017:10:56:18 -0300] "GET /cormun/servlet/solicitudot?56e0f5720a2dffd1389fd46d81de2439a07723503fcfa2602ed5283e9a9a8c0fec6d3d710d681b9f6d4a73cf366d4021,gx-no-cache=1488376649197 HTTP/1.1" 200 30
190.101.9.138 - - [01/Mar/2017:10:56:18 -0300] "POST /cormun/servlet/solicitudot?gx-no-cache=1488376649260 HTTP/1.1" 200 255
190.101.9.138 - - [01/Mar/2017:10:56:18 -0300] "GET /cormun/servlet/solicitudot?56e0f5720a2dffd1389fd46d81de24398aaf7c58c8ab1b58ebfabad591604bf2596ee0dfd8bb0d1f8da8891612515046f93b658526294ecbf0eb4cf1d847340e0394587c9497803a85df722c34b90395cf674ad38c1645fe08d355aa351230b45be3cce8e5ce3623777b6eae5d2905783b870c9ecd344fd91e02776e8527d69db8a2473da723b0d81a63b67ef8f507beaa4175600d2c44640f1bda98a2623c270c6de51873c428fb2824cda29c2523d4ce8bc798fa4f14f09935f8bc9e862dffd348fbd60a2399d9404db09fb19e1afd6288841291c22f5cd13973f463f2ee40fea051127759f8d712fb0f5a9f335fe9b7544814ed66e05223caccb761ca5da44328cfeea266d8a6211864a648a8b149ba99a8781ce3c1b87bd952ae06b73a89f04235b0ac74578dcf2c723ab56db04365bca95a195054bd7f008bd1c2e9fb9ea8cbe1f320b44f6af11261be38349a5e2f76230714e5e393b0d6e18c9a9bce14f1bd2e7bfaf65af70cc23a1e5466bbf31408345abfa7210557900a9aaaef043c,gx-no-cache=1488376649322 HTTP/1.1" 200 30
200.112.3.169 - - [01/Mar/2017:10:56:20 -0300] "GET /cormun/static/Resources/resize.gif HTTP/1.1" 200 77
200.112.3.169 - - [01/Mar/2017:10:56:20 -0300] "GET /cormun/servlet/prfichaempleado?,MD,,gxPopupLevel%3D0%3B HTTP/1.1" 302 -
190.101.9.138 - - [01/Mar/2017:10:56:20 -0300] "POST /cormun/servlet/solicitudot?gx-no-cache=1488376651475 HTTP/1.1" 200 30
200.112.3.169 - - [01/Mar/2017:10:56:20 -0300] "GET /cormun/servlet/hlogin?gxPopupLevel%3D0%3B HTTP/1.1" 200 1768
190.101.9.138 - - [01/Mar/2017:10:56:24 -0300] "POST /cormun/servlet/solicitudot?gx-no-cache=1488376654610 HTTP/1.1" 200 1292
190.101.9.138 - - [01/Mar/2017:10:56:24 -0300] "POST /cormun/servlet/solicitudot?gx-no-cache=1488376654704 HTTP/1.1" 200 38
200.112.3.169 - - [01/Mar/2017:10:56:24 -0300] "POST /cormun/servlet/hlogin?fa21dcf60132c091267415880cc6b80b,gxPopupLevel%3D0%3B,gx-no-cache=1488376655503 HTTP/1.1" 200 90
200.112.3.169 - - [01/Mar/2017:10:56:24 -0300] "GET /cormun/servlet/hpexe_link?gxPopupLevel%3D0%3B HTTP/1.1" 200 973
200.112.3.169 - - [01/Mar/2017:10:56:24 -0300] "GET /cormun/servlet/hhome HTTP/1.1" 200 3777
200.112.3.169 - - [01/Mar/2017:10:56:25 -0300] "GET /cormun/servlet/hhome HTTP/1.1" 200 3760
186.79.16.23 - - [01/Mar/2017:10:56:28 -0300] "GET /cormun/servlet/solicitudot?c909dfd761e0991633dddcb21d07aff420a34c95b84c41dc66749ab9f30a521b1f111d014c4da61e624028f17a9a256e0736f67adf7e43886aaad92b08416a430d0f7fcc2666a6994139d2e264d721b10c3ca6165ca8ecb42bf59f53f0bfc83a1bf9af00dc425af6758b7eaa86ecba996aed86eed9c917dedadf3c1339a33c5214cefbba015bfe7029050eb65c713e305d0c23bf4a2e35e5d54c6ae9f446decfa8a2666e617d9317be47cb97b56f0747835a1ac51fd1f7e30fdf35bfa6e173119b9d9229e9a080d9316db3d21e52ee32b28a0997dc34011a071ba9edb5b817aed317a8c67ff8c5ee2a12bda9e242a29e9cc4b32588888902aa6029597aed18ca97ead86170a324f0138df11f1d088df215366b2c41fae5f354679fa51f785ac5b1442dccb5be8ee1c39c99cc8d0b0b6ce67f3c437e0172a8db8e7e7c7447219a79e7763ecad64215137429d17098978965406308e6ce9a62ab0977382289ef750a9aa9773f5c615001626e724f113a5fb3e4ddcf8370bcb5509f0b201b46caf6,gx-no-cache=1488376659052 HTTP/1.1" 200 30
200.112.3.169 - - [01/Mar/2017:10:56:29 -0300] "GET /cormun/servlet/trpermisosgoce? HTTP/1.1" 200 6518
200.112.3.169 - - [01/Mar/2017:10:56:30 -0300] "GET /cormun/servlet/trpermisosgoce? HTTP/1.1" 200 6517
190.101.9.138 - - [01/Mar/2017:10:56:31 -0300] "GET /cormun/servlet/solicitudot?56e0f5720a2dffd1389fd46d81de2439f589b9cf300b82d9bca5a24e181b96a1b0098ed8fb1d19876836098ff268d7f7865a37a69ee44e694e401e34037cf79f71a8a8d8b4bed8585653a6aaefbb6663b8e1a04822a95fb7d9fdfa08dc42f3addb1fd9d966c0952915fe77bcd69dc257bb1236316d31a0f3b2264aa6a89d0076d1fd045d7c4d7792d9571095e3e39cf33b48f9dfe1afa9f50fb15e57e45108a5,gx-no-cache=1488376662176 HTTP/1.1" 200 29
186.79.16.23 - - [01/Mar/2017:10:56:32 -0300] "POST /cormun/servlet/solicitudot?gx-no-cache=1488376663005 HTTP/1.1" 200 30
186.79.16.23 - - [01/Mar/2017:10:56:33 -0300] "POST /cormun/servlet/solicitudot?gx-no-cache=1488376664264 HTTP/1.1" 200 235
186.79.16.23 - - [01/Mar/2017:10:56:34 -0300] "POST /cormun/servlet/solicitudot?gx-no-cache=1488376664783 HTTP/1.1" 200 38
190.101.9.138 - - [01/Mar/2017:10:56:35 -0300] "POST /cormun/servlet/solicitudot?gx-no-cache=1488376665749 HTTP/1.1" 200 1275
190.101.9.138 - - [01/Mar/2017:10:56:35 -0300] "POST /cormun/servlet/solicitudot?gx-no-cache=1488376665843 HTTP/1.1" 200 1158
190.101.9.138 - - [01/Mar/2017:10:56:36 -0300] "POST /cormun/servlet/solicitudot?gx-no-cache=1488376667122 HTTP/1.1" 200 1275
190.101.9.138 - - [01/Mar/2017:10:56:36 -0300] "POST /cormun/servlet/solicitudot?gx-no-cache=1488376667215 HTTP/1.1" 200 1158
200.112.3.169 - - [01/Mar/2017:10:56:44 -0300] "GET /cormun/servlet/hlogin HTTP/1.1" 200 1726
200.112.3.169 - - [01/Mar/2017:10:56:46 -0300] "POST /cormun/servlet/hlogin?fa21dcf60132c091267415880cc6b80b,gx-no-cache=1488376677296 HTTP/1.1" 200 90
200.112.3.169 - - [01/Mar/2017:10:56:46 -0300] "GET /cormun/servlet/hpexe_link HTTP/1.1" 200 959
200.112.3.169 - - [01/Mar/2017:10:56:47 -0300] "GET /cormun/servlet/trpermisosgoce HTTP/1.1" 200 6519
200.112.3.169 - - [01/Mar/2017:10:56:48 -0300] "GET /cormun/servlet/trpermisosgoce HTTP/1.1" 200 6517
190.101.9.138 - - [01/Mar/2017:10:56:50 -0300] "GET /cormun/servlet/solicitudot?56e0f5720a2dffd1389fd46d81de243914afc27904b4fe85704ef5e6705bfb74935356ef4b4f2562cb728d159465f4ec3eb8e3c1b14d384bd72d2c8dd41751e16b8423486cd311efa81e7ceb6cd9a36e0b982cb91ef015bdbfcc3867cbdfa9a83f855cad23c9b68fa755a5f56aa0e54a8928cb29865d4a22e62f632527ddc01895945b63b260617af31bfc2df7a053b39564b3e089752c695cb4a9a4c5852bfdb89b9fcb6cf5e8604e558d5c29eecf10,gx-no-cache=1488376680756 HTTP/1.1" 200 30
190.101.9.138 - - [01/Mar/2017:10:56:50 -0300] "POST /cormun/servlet/solicitudot?e3c7438e578b52bda8799ee948a84168,INS,0,0,,gx-no-cache=1488376680865 HTTP/1.1" 200 93
190.101.9.138 - - [01/Mar/2017:10:56:50 -0300] "GET /cormun/servlet/hpexe_return? HTTP/1.1" 200 1011
190.101.9.138 - - [01/Mar/2017:10:56:50 -0300] "GET /cormun/servlet/trsolicitudot HTTP/1.1" 200 8386
190.101.9.138 - - [01/Mar/2017:10:56:50 -0300] "GET /cormun/servlet/trsolicitudot HTTP/1.1" 200 8382
200.112.3.169 - - [01/Mar/2017:10:56:51 -0300] "GET /cormun/servlet/trpermisosgoce? HTTP/1.1" 200 6517
200.112.3.169 - - [01/Mar/2017:10:56:52 -0300] "GET /cormun/servlet/trpermisosgoce? HTTP/1.1" 200 6517
200.112.3.169 - - [01/Mar/2017:10:56:54 -0300] "GET /cormun/servlet/permisogoce?INS,0,,, HTTP/1.1" 200 6534
200.112.3.169 - - [01/Mar/2017:10:56:55 -0300] "GET /cormun/servlet/permisogoce?INS,0,,, HTTP/1.1" 200 6533
186.79.41.237 - - [01/Mar/2017:10:57:01 -0300] "GET /cormun/servlet/hlogin HTTP/1.1" 200 1717
200.112.3.169 - - [01/Mar/2017:10:57:03 -0300] "GET /cormun/servlet/prfichaempleado?,MD,,gxPopupLevel%3D0%3B HTTP/1.1" 200 8817
200.112.3.169 - - [01/Mar/2017:10:57:03 -0300] "GET /cormun/static/gxcfg.js?2016102420561687 HTTP/1.1" 200 953
200.112.3.169 - - [01/Mar/2017:10:57:03 -0300] "GET /cormun/static/menusearch.js?201610171694467 HTTP/1.1" 200 1424
200.112.3.169 - - [01/Mar/2017:10:57:03 -0300] "GET /cormun/static/hmpwkw011.js?201612218515582 HTTP/1.1" 200 1968
200.112.3.169 - - [01/Mar/2017:10:57:03 -0300] "GET /cormun/static/Resources/PXToolsMenuSearch.png HTTP/1.1" 200 2914
200.112.3.169 - - [01/Mar/2017:10:57:03 -0300] "GET /cormun/static/Resources/PXToolsMenuSearchCancel.png HTTP/1.1" 200 2972
200.112.3.169 - - [01/Mar/2017:10:57:03 -0300] "GET /cormun/static/prfichaempleado.js?201610242056198 HTTP/1.1" 200 16015
186.79.41.237 - - [01/Mar/2017:10:57:08 -0300] "GET /cormun/servlet/hlogin HTTP/1.1" 200 1710
186.79.41.237 - - [01/Mar/2017:10:57:08 -0300] "GET /cormun/servlet/hlogin HTTP/1.1" 200 1710
190.101.9.138 - - [01/Mar/2017:10:57:08 -0300] "POST /cormun/servlet/trsolicitudot?e3c7438e578b52bda8799ee948a84168,gx-no-cache=1488376699092 HTTP/1.1" 200 106
190.101.9.138 - - [01/Mar/2017:10:57:08 -0300] "GET /cormun/servlet/solicitudot?UPD,2017,4942, HTTP/1.1" 200 14217
190.101.9.138 - - [01/Mar/2017:10:57:09 -0300] "GET /cormun/servlet/solicitudot?UPD,2017,4942, HTTP/1.1" 200 14226
190.101.9.138 - - [01/Mar/2017:10:57:09 -0300] "POST /cormun/servlet/solicitudot?gx-no-cache=1488376700091 HTTP/1.1" 200 3165
190.101.9.138 - - [01/Mar/2017:10:57:09 -0300] "POST /cormun/servlet/solicitudot?e3c7438e578b52bda8799ee948a84168,UPD,2017,4942,,gx-no-cache=1488376700262 HTTP/1.1" 200 10839
190.101.9.138 - - [01/Mar/2017:10:57:09 -0300] "GET /cormun/servlet/solicitudot?56e0f5720a2dffd1389fd46d81de2439a07723503fcfa2602ed5283e9a9a8c0f8a0dc332bf6a252aefb0a308dd0757a6,gx-no-cache=1488376700512 HTTP/1.1" 200 30
190.101.9.138 - - [01/Mar/2017:10:57:10 -0300] "POST /cormun/servlet/solicitudot?gx-no-cache=1488376700574 HTTP/1.1" 200 255
190.101.9.138 - - [01/Mar/2017:10:57:10 -0300] "GET /cormun/servlet/solicitudot?56e0f5720a2dffd1389fd46d81de24398aaf7c58c8ab1b58ebfabad591604bf2596ee0dfd8bb0d1f8da8891612515046f93b658526294ecbf0eb4cf1d847340e0394587c9497803a85df722c34b90395cf674ad38c1645fe08d355aa351230b45be3cce8e5ce3623777b6eae5d2905783b870c9ecd344fd91e02776e8527d69db8a2473da723b0d81a63b67ef8f507beaa4175600d2c44640f1bda98a2623c270c6de51873c428fb2824cda29c2523d4ce8bc798fa4f14f09935f8bc9e862dffd348fbd60a2399d9404db09fb19e1afd6288841291c22f5cd13973f463f2ee40fea051127759f8d712fb0f5a9f335fe9b7544814ed66e05223caccb761ca5da44328cfeea266d8a6211864a648a8b149ba99a8781ce3c1b87bd952ae06b73a89f04235b0ac74578dcf2c723ab56db04365bca95a195054bd7f008bd1c2e9fb9ea8cbe1f320b44f6af11261be38349a5e2f76230714e5e393b0d6e18c9a9bce14f1bd2e7bfaf65af70cc23a1e5466bbf3ba6cc7d92c96e3897e7f37f20cdc1deb,gx-no-cache=1488376700621 HTTP/1.1" 200 30
190.101.9.138 - - [01/Mar/2017:10:57:10 -0300] "POST /cormun/servlet/solicitudot?gx-no-cache=1488376700699 HTTP/1.1" 200 30
190.101.9.138 - - [01/Mar/2017:10:57:10 -0300] "POST /cormun/servlet/solicitudot?gx-no-cache=1488376700793 HTTP/1.1" 200 1292
190.101.9.138 - - [01/Mar/2017:10:57:10 -0300] "POST /cormun/servlet/solicitudot?gx-no-cache=1488376700902 HTTP/1.1" 200 41
186.79.41.237 - - [01/Mar/2017:10:57:13 -0300] "POST /cormun/servlet/hlogin?b1290961f9027ba3b2a88d5ee4344576,gx-no-cache=1488376705640 HTTP/1.1" 200 90
186.79.41.237 - - [01/Mar/2017:10:57:13 -0300] "GET /cormun/servlet/hpexe_link HTTP/1.1" 200 947
186.79.41.237 - - [01/Mar/2017:10:57:13 -0300] "GET /cormun/servlet/hhome HTTP/1.1" 200 3741
186.79.41.237 - - [01/Mar/2017:10:57:15 -0300] "GET /cormun/servlet/hhome HTTP/1.1" 200 3738
200.112.3.169 - - [01/Mar/2017:10:57:18 -0300] "POST /cormun/servlet/prfichaempleado?fa21dcf60132c091267415880cc6b80b,,MD,,gxPopupLevel%3D0%3B,gx-no-cache=1488376709447 HTTP/1.1" 200 3412
186.79.41.237 - - [01/Mar/2017:10:57:19 -0300] "GET /cormun/servlet/trlicencias? HTTP/1.1" 200 7771
186.79.41.237 - - [01/Mar/2017:10:57:20 -0300] "GET /cormun/servlet/trlicencias? HTTP/1.1" 200 7770
200.112.3.169 - - [01/Mar/2017:10:57:26 -0300] "GET /cormun/servlet/permisogoce?f3edb81a38a606fa4045aeaf45df2f2487c598d4aac2c01bc6344e8b655366ae52996721b7f770ba8a51fd26603f9468,gx-no-cache=1488376717321 HTTP/1.1" 200 73
200.112.3.169 - - [01/Mar/2017:10:57:26 -0300] "GET /cormun/servlet/permisogoce?f3edb81a38a606fa4045aeaf45df2f24016d6cd9ebd3953b666035c37577326d95dbc8f2427ae3c82a958f567b6887d2dca6c4c3636de7280937c2ab6959addf,gx-no-cache=1488376717474 HTTP/1.1" 200 129
200.112.3.169 - - [01/Mar/2017:10:57:26 -0300] "GET /cormun/static/Shared/jqueryui/images/ui-bg_highlight-soft_100_c6c2c8_1x100.png HTTP/1.1" 404 1117
200.112.3.169 - - [01/Mar/2017:10:57:26 -0300] "GET /cormun/static/Shared/jqueryui/images/ui-bg_flat_55_994d53_40x100.png HTTP/1.1" 404 1097
200.112.3.169 - - [01/Mar/2017:10:57:26 -0300] "GET /cormun/static/Shared/jqueryui/images/ui-icons_82798d_256x240.png HTTP/1.1" 404 1089
200.112.3.169 - - [01/Mar/2017:10:57:26 -0300] "GET /cormun/static/Shared/jqueryui/images/ui-icons_ebccce_256x240.png HTTP/1.1" 404 1089
200.112.3.169 - - [01/Mar/2017:10:57:29 -0300] "GET /cormun/static/menuarrow.gif HTTP/1.1" 404 1015
190.101.9.138 - - [01/Mar/2017:10:57:29 -0300] "POST /cormun/servlet/solicitudot?e3c7438e578b52bda8799ee948a84168,UPD,2017,4942,,gx-no-cache=1488376720184 HTTP/1.1" 200 93
190.101.9.138 - - [01/Mar/2017:10:57:29 -0300] "GET /cormun/servlet/hpexe_return? HTTP/1.1" 200 1016
190.101.9.138 - - [01/Mar/2017:10:57:29 -0300] "GET /cormun/servlet/trsolicitudot HTTP/1.1" 200 8386
190.101.9.138 - - [01/Mar/2017:10:57:30 -0300] "GET /cormun/servlet/trsolicitudot HTTP/1.1" 200 8382
190.101.9.138 - - [01/Mar/2017:10:57:32 -0300] "POST /cormun/servlet/trsolicitudot?e3c7438e578b52bda8799ee948a84168,gx-no-cache=1488376723038 HTTP/1.1" 200 105
190.101.9.138 - - [01/Mar/2017:10:57:32 -0300] "GET /cormun/servlet/solicitudot?UPD,2017,4941, HTTP/1.1" 200 14200
190.101.9.138 - - [01/Mar/2017:10:57:33 -0300] "GET /cormun/servlet/solicitudot?UPD,2017,4941, HTTP/1.1" 200 14209
190.101.9.138 - - [01/Mar/2017:10:57:33 -0300] "POST /cormun/servlet/solicitudot?gx-no-cache=1488376724115 HTTP/1.1" 200 3163
190.101.9.138 - - [01/Mar/2017:10:57:33 -0300] "POST /cormun/servlet/solicitudot?e3c7438e578b52bda8799ee948a84168,UPD,2017,4941,,gx-no-cache=1488376724286 HTTP/1.1" 200 10839
190.101.9.138 - - [01/Mar/2017:10:57:33 -0300] "GET /cormun/servlet/solicitudot?56e0f5720a2dffd1389fd46d81de2439ccc2a706fef5327ffaf7ff14970739ba6c1d9170c6b31588000e2129156aa16e,gx-no-cache=1488376724505 HTTP/1.1" 200 30
190.101.9.138 - - [01/Mar/2017:10:57:33 -0300] "POST /cormun/servlet/solicitudot?gx-no-cache=1488376724536 HTTP/1.1" 200 255
190.101.9.138 - - [01/Mar/2017:10:57:34 -0300] "GET /cormun/servlet/solicitudot?56e0f5720a2dffd1389fd46d81de24398aaf7c58c8ab1b58ebfabad591604bf2596ee0dfd8bb0d1f8da8891612515046f93b658526294ecbf0eb4cf1d847340e0394587c9497803a85df722c34b90395cf674ad38c1645fe08d355aa351230b45be3cce8e5ce3623777b6eae5d2905783b870c9ecd344fd91e02776e8527d69db8a2473da723b0d81a63b67ef8f507beaa4175600d2c44640f1bda98a2623c270c6de51873c428fb2824cda29c2523d4ce8bc798fa4f14f09935f8bc9e862dffd348fbd60a2399d9404db09fb19e1afd6288841291c22f5cd13973f463f2ee40fea051127759f8d712fb0f5a9f335fe9b7544814ed66e05223caccb761ca5da44328cfeea266d8a6211864a648a8b149ba99a8781ce3c1b87bd952ae06b73a89f04235b0ac74578dcf2c723ab56db04365bca95a195054bd7f008bd1c2e9fb9ea8cbe1f320b44f6af11261be38349a5e2f76230714e5e393b0d6e18c9a9bce14f1bd2e7bfaf65af70cc23a1e5466bbf3ba6cc7d92c96e3897e7f37f20cdc1deb,gx-no-cache=1488376724598 HTTP/1.1" 200 30
190.101.9.138 - - [01/Mar/2017:10:57:34 -0300] "POST /cormun/servlet/solicitudot?gx-no-cache=1488376724645 HTTP/1.1" 200 30
190.101.9.138 - - [01/Mar/2017:10:57:34 -0300] "POST /cormun/servlet/solicitudot?gx-no-cache=1488376724692 HTTP/1.1" 200 1291
190.101.9.138 - - [01/Mar/2017:10:57:34 -0300] "POST /cormun/servlet/solicitudot?gx-no-cache=1488376724754 HTTP/1.1" 200 41
200.112.3.169 - - [01/Mar/2017:10:57:37 -0300] "GET /cormun/servlet/permisogoce?f3edb81a38a606fa4045aeaf45df2f24016d6cd9ebd3953b666035c37577326d1fcd8e1679fcd7010e7a1ab633deb27f041d4e5e1715b296210a06bbb725c6db,gx-no-cache=1488376728635 HTTP/1.1" 200 46
186.79.41.237 - - [01/Mar/2017:10:57:37 -0300] "GET /cormun/servlet/trlicenciaspermisosadjuntos?9057182,20170228000000,L, HTTP/1.1" 200 6567
190.101.9.138 - - [01/Mar/2017:10:57:38 -0300] "POST /cormun/servlet/solicitudot?e3c7438e578b52bda8799ee948a84168,UPD,2017,4941,,gx-no-cache=1488376728483 HTTP/1.1" 200 93
190.101.9.138 - - [01/Mar/2017:10:57:38 -0300] "GET /cormun/servlet/hpexe_return? HTTP/1.1" 200 1016
190.101.9.138 - - [01/Mar/2017:10:57:38 -0300] "GET /cormun/servlet/trsolicitudot HTTP/1.1" 200 8386
190.101.9.138 - - [01/Mar/2017:10:57:38 -0300] "GET /cormun/servlet/trsolicitudot HTTP/1.1" 200 8382
186.79.41.237 - - [01/Mar/2017:10:57:39 -0300] "GET /cormun/servlet/trlicenciaspermisosadjuntos?9057182,20170228000000,L, HTTP/1.1" 200 6567
186.79.16.23 - - [01/Mar/2017:10:57:40 -0300] "GET /cormun/servlet/solicitudot?c909dfd761e0991633dddcb21d07aff4eb7ef192fb39718e4df39ae9bce6420544541134a12a4e94771477114b4e634669b319e3d7eda428ae008914c800ad2667004b7562e4569e5fb3cc299b3356cf7db02f34a152367789541414e6247e6cd89efc50483fe3d6b267651867bcba51,gx-no-cache=1488376731313 HTTP/1.1" 200 29
186.79.16.23 - - [01/Mar/2017:10:57:40 -0300] "POST /cormun/servlet/solicitudot?gx-no-cache=1488376731473 HTTP/1.1" 200 643
186.79.16.23 - - [01/Mar/2017:10:57:41 -0300] "POST /cormun/servlet/solicitudot?gx-no-cache=1488376732693 HTTP/1.1" 200 1157
186.79.41.237 - - [01/Mar/2017:10:57:47 -0300] "GET /cormun/servlet/licenciaspermisosadjuntos?INS,9057182,L,20170228000000,, HTTP/1.1" 200 5399
186.79.41.237 - - [01/Mar/2017:10:57:48 -0300] "GET /cormun/static/about:blank HTTP/1.1" 404 1011
186.79.41.237 - - [01/Mar/2017:10:57:48 -0300] "GET /cormun/servlet/licenciaspermisosadjuntos?INS,9057182,L,20170228000000,, HTTP/1.1" 200 5389
186.79.16.23 - - [01/Mar/2017:10:58:38 -0300] "GET /cormun/static/menuarrow.gif HTTP/1.1" 404 1015
186.79.16.23 - - [01/Mar/2017:10:58:54 -0300] "GET /cormun/servlet/solicitudot?c909dfd761e0991633dddcb21d07aff4eccbcedd2320078e2a5b3b72110dac9beb11da722b017589ad99d12e7cf3170f4d00347db53f8384d24a0ceba55a22ce498e0e9af7b8c02d9eac85b3e98b72f7923d62a863603735d27145cc52d730c143a16a0589bcdfcf304a592acb208e6eac53305aae8a59f84b9298a6f54d4abb1f94b87b04640118b72838b0050ee6aa217acb40ef0656a6aa6bda48548b795af8f34e177ef00ead2c173cd139d31b95,gx-no-cache=1488376805223 HTTP/1.1" 200 30
186.79.16.23 - - [01/Mar/2017:10:59:06 -0300] "POST /cormun/servlet/solicitudot?767e66286bbf99994442236e53c5f92a,INS,0,0,,gx-no-cache=1488376816656 HTTP/1.1" 200 93
186.79.16.23 - - [01/Mar/2017:10:59:06 -0300] "GET /cormun/servlet/hpexe_return? HTTP/1.1" 200 1005
186.79.16.23 - - [01/Mar/2017:10:59:06 -0300] "GET /cormun/servlet/trsolicitudot HTTP/1.1" 200 8506
186.79.16.23 - - [01/Mar/2017:10:59:07 -0300] "GET /cormun/servlet/trsolicitudot HTTP/1.1" 200 8503
186.79.16.23 - - [01/Mar/2017:10:59:10 -0300] "POST /cormun/servlet/trsolicitudot?767e66286bbf99994442236e53c5f92a,gx-no-cache=1488376820761 HTTP/1.1" 200 105
186.79.16.23 - - [01/Mar/2017:10:59:10 -0300] "GET /cormun/servlet/solicitudot?UPD,2017,4940, HTTP/1.1" 200 14287
186.79.16.23 - - [01/Mar/2017:10:59:11 -0300] "GET /cormun/servlet/solicitudot?UPD,2017,4940, HTTP/1.1" 200 14296
186.79.16.23 - - [01/Mar/2017:10:59:11 -0300] "POST /cormun/servlet/solicitudot?gx-no-cache=1488376822203 HTTP/1.1" 200 3165
186.79.16.23 - - [01/Mar/2017:10:59:12 -0300] "POST /cormun/servlet/solicitudot?767e66286bbf99994442236e53c5f92a,UPD,2017,4940,,gx-no-cache=1488376822608 HTTP/1.1" 200 10855
186.79.16.23 - - [01/Mar/2017:10:59:12 -0300] "GET /cormun/servlet/solicitudot?c909dfd761e0991633dddcb21d07aff4c832b939d4f06772fe30da25f40b583a3b1349ede99e33c316e8744c10a5fdaa,gx-no-cache=1488376823126 HTTP/1.1" 200 30
186.79.16.23 - - [01/Mar/2017:10:59:12 -0300] "POST /cormun/servlet/solicitudot?gx-no-cache=1488376823222 HTTP/1.1" 200 240
186.79.16.23 - - [01/Mar/2017:10:59:12 -0300] "GET /cormun/servlet/solicitudot?c909dfd761e0991633dddcb21d07aff420a34c95b84c41dc66749ab9f30a521b3dd7c86146876f873a3c112f9dd26e590736f67adf7e43886aaad92b08416a430d0f7fcc2666a6994139d2e264d721b10c3ca6165ca8ecb42bf59f53f0bfc83a1bf9af00dc425af6758b7eaa86ecba996aed86eed9c917dedadf3c1339a33c5214cefbba015bfe7029050eb65c713e305d0c23bf4a2e35e5d54c6ae9f446decfa8a2666e617d9317be47cb97b56f0747835a1ac51fd1f7e30fdf35bfa6e173119b9d9229e9a080d9316db3d21e52ee32b28a0997dc34011a071ba9edb5b817aed317a8c67ff8c5ee2a12bda9e242a29e9cc4b32588888902aa6029597aed18ca97ead86170a324f0138df11f1d088df2098180b3a1eb5d003e611446342f860258e72c0ae6f3642f1167ca4356263e47d6e7f870c435fd6b5271b47019b25575f6642ff09f9eb838b3faddbda9a2efe941402d92e2b9cf510b299bf1fdfd4f5456ab5a7873657841b91753c1c014cbe1f0aa4d856c03cd387b69506f1a1158fe,gx-no-cache=1488376823324 HTTP/1.1" 200 30
186.79.16.23 - - [01/Mar/2017:10:59:12 -0300] "POST /cormun/servlet/solicitudot?gx-no-cache=1488376823420 HTTP/1.1" 200 30
186.79.16.23 - - [01/Mar/2017:10:59:12 -0300] "POST /cormun/servlet/solicitudot?gx-no-cache=1488376823530 HTTP/1.1" 200 1291
186.79.16.23 - - [01/Mar/2017:10:59:13 -0300] "POST /cormun/servlet/solicitudot?gx-no-cache=1488376823786 HTTP/1.1" 200 41
186.79.16.23 - - [01/Mar/2017:10:59:14 -0300] "GET /cormun/servlet/solicitudot?c909dfd761e0991633dddcb21d07aff4aa707220f2748a3a9317dc633272caba8044b8457a77456a7015bb358366d02a8197e86e811a1ab14c9683354ce3a89507e0cd4ce764ddd706e6f0d9b010f5c26be7e0a2317442d8197d007b5716bca6c266c4ba35a16c7bb8a7eafbcd99481f41fb166bc58c9ecdea6cf819f461a11984f2468ff51d0cbee9b8eb7aaeb68c023675fad589fa9afb6bbd6195057f40145283785db613cc25ecaf1377526b12cabb97fc38b6bf8ec76c56faef93396c60f21d84189da2a870596f17057a92e259,gx-no-cache=1488376825375 HTTP/1.1" 200 29
186.79.16.23 - - [01/Mar/2017:10:59:14 -0300] "POST /cormun/servlet/solicitudot?gx-no-cache=1488376825442 HTTP/1.1" 200 1274
186.79.16.23 - - [01/Mar/2017:10:59:14 -0300] "POST /cormun/servlet/solicitudot?gx-no-cache=1488376825640 HTTP/1.1" 200 1156
186.79.41.237 - - [01/Mar/2017:10:59:26 -0300] "GET /cormun/servlet/trlicenciaspermisosadjuntos?9057182,20170228000000,L, HTTP/1.1" 200 6566
186.79.41.237 - - [01/Mar/2017:10:59:28 -0300] "GET /cormun/servlet/trlicenciaspermisosadjuntos?9057182,20170228000000,L, HTTP/1.1" 200 6567
186.79.41.237 - - [01/Mar/2017:10:59:29 -0300] "POST /cormun/servlet/licenciaspermisosadjuntos?b1290961f9027ba3b2a88d5ee4344576,INS,9057182,L,20170228000000,, HTTP/1.1" 200 6116
186.79.16.23 - - [01/Mar/2017:11:00:03 -0300] "GET /cormun/servlet/solicitudot?c909dfd761e0991633dddcb21d07aff4b54ff83dfc20952c119619b50a49e0c1e2b9d8ef518123ea89c9ac255b119a65a780735dcbc478aef8a47bf86931864ba483000478906328cef54201de38d65c3e115fec93d1153dba135fd9ad76b6923c94364faddef77f44ce2852f8480903ae86d8e7cd4d34d57e24992450f7a0a1890dc47cfb938287ebdeb2ef8d9236e136ab1988819722b6cebf1deeda8f65406fce3729f12c8ff15f435d3af85499cf7d8f54e9ee964325d0d462c0501daf28,gx-no-cache=1488376874149 HTTP/1.1" 200 32
186.79.16.23 - - [01/Mar/2017:11:00:06 -0300] "POST /cormun/servlet/solicitudot?767e66286bbf99994442236e53c5f92a,UPD,2017,4940,,gx-no-cache=1488376875247 HTTP/1.1" 200 93
186.79.16.23 - - [01/Mar/2017:11:00:06 -0300] "GET /cormun/servlet/hpexe_return? HTTP/1.1" 200 1011
186.79.16.23 - - [01/Mar/2017:11:00:06 -0300] "GET /cormun/servlet/trsolicitudot HTTP/1.1" 200 8506
186.79.16.23 - - [01/Mar/2017:11:00:07 -0300] "GET /cormun/servlet/trsolicitudot HTTP/1.1" 200 8503
186.79.16.23 - - [01/Mar/2017:11:00:14 -0300] "POST /cormun/servlet/trsolicitudot?767e66286bbf99994442236e53c5f92a,gx-no-cache=1488376884843 HTTP/1.1" 200 106
186.79.16.23 - - [01/Mar/2017:11:00:14 -0300] "GET /cormun/servlet/solicitudot?UPD,2017,4943, HTTP/1.1" 200 14251
186.79.16.23 - - [01/Mar/2017:11:00:15 -0300] "GET /cormun/servlet/solicitudot?UPD,2017,4943, HTTP/1.1" 200 14260
186.79.16.23 - - [01/Mar/2017:11:00:15 -0300] "POST /cormun/servlet/solicitudot?gx-no-cache=1488376886334 HTTP/1.1" 200 3157
186.79.16.23 - - [01/Mar/2017:11:00:16 -0300] "POST /cormun/servlet/solicitudot?767e66286bbf99994442236e53c5f92a,UPD,2017,4943,,gx-no-cache=1488376886830 HTTP/1.1" 200 10826
186.79.16.23 - - [01/Mar/2017:11:00:16 -0300] "GET /cormun/servlet/solicitudot?c909dfd761e0991633dddcb21d07aff4cdd1586427577713e44a83012c347a5d3b1349ede99e33c316e8744c10a5fdaa,gx-no-cache=1488376887336 HTTP/1.1" 200 30
186.79.16.23 - - [01/Mar/2017:11:00:16 -0300] "POST /cormun/servlet/solicitudot?gx-no-cache=1488376887422 HTTP/1.1" 200 254
186.79.16.23 - - [01/Mar/2017:11:00:16 -0300] "GET /cormun/servlet/solicitudot?c909dfd761e0991633dddcb21d07aff420a34c95b84c41dc66749ab9f30a521b1f111d014c4da61e624028f17a9a256e0736f67adf7e43886aaad92b08416a430d0f7fcc2666a6994139d2e264d721b10c3ca6165ca8ecb42bf59f53f0bfc83a1bf9af00dc425af6758b7eaa86ecba996aed86eed9c917dedadf3c1339a33c5214cefbba015bfe7029050eb65c713e305d0c23bf4a2e35e5d54c6ae9f446decfa8a2666e617d9317be47cb97b56f0747835a1ac51fd1f7e30fdf35bfa6e173119b9d9229e9a080d9316db3d21e52ee32b28a0997dc34011a071ba9edb5b817aed317a8c67ff8c5ee2a12bda9e242a29e9cc4b32588888902aa6029597aed18ca97ead86170a324f0138df11f1d088df215366b2c41fae5f354679fa51f785ac5b1442dccb5be8ee1c39c99cc8d0b0b6ce67f3c437e0172a8db8e7e7c7447219a79e7763ecad64215137429d17098978965406308e6ce9a62ab0977382289ef750a9aa9773f5c615001626e724f113a5ff6e495141b98fc880763048c4ef8adbe,gx-no-cache=1488376887515 HTTP/1.1" 200 30
186.79.16.23 - - [01/Mar/2017:11:00:16 -0300] "POST /cormun/servlet/solicitudot?gx-no-cache=1488376887591 HTTP/1.1" 200 30
186.79.16.23 - - [01/Mar/2017:11:00:17 -0300] "POST /cormun/servlet/solicitudot?gx-no-cache=1488376887684 HTTP/1.1" 200 1287
186.79.16.23 - - [01/Mar/2017:11:00:17 -0300] "POST /cormun/servlet/solicitudot?gx-no-cache=1488376887879 HTTP/1.1" 200 41
186.79.16.23 - - [01/Mar/2017:11:00:17 -0300] "GET /cormun/servlet/solicitudot?c909dfd761e0991633dddcb21d07aff4aa707220f2748a3a9317dc633272caba8044b8457a77456a7015bb358366d02a8197e86e811a1ab14c9683354ce3a89507e0cd4ce764ddd706e6f0d9b010f5c26be7e0a2317442d8197d007b5716bca6c266c4ba35a16c7bb8a7eafbcd99481f41fb166bc58c9ecdea6cf819f461a11984f2468ff51d0cbee9b8eb7aaeb68c023675fad589fa9afb6bbd6195057f40145283785db613cc25ecaf1377526b12cabb97fc38b6bf8ec76c56faef93396c60f21d84189da2a870596f17057a92e259,gx-no-cache=1488376887994 HTTP/1.1" 200 29
186.79.16.23 - - [01/Mar/2017:11:00:17 -0300] "POST /cormun/servlet/solicitudot?gx-no-cache=1488376888052 HTTP/1.1" 200 1275
186.79.16.23 - - [01/Mar/2017:11:00:17 -0300] "POST /cormun/servlet/solicitudot?gx-no-cache=1488376888228 HTTP/1.1" 200 1156
186.79.16.23 - - [01/Mar/2017:11:00:17 -0300] "GET /cormun/servlet/solicitudot?c909dfd761e0991633dddcb21d07aff4eccbcedd2320078e2a5b3b72110dac9beb11da722b017589ad99d12e7cf3170f4d00347db53f8384d24a0ceba55a22ce498e0e9af7b8c02d9eac85b3e98b72f7923d62a863603735d27145cc52d730c143a16a0589bcdfcf304a592acb208e6eac53305aae8a59f84b9298a6f54d4abb1f94b87b04640118b72838b0050ee6aa217acb40ef0656a6aa6bda48548b795af8f34e177ef00ead2c173cd139d31b95,gx-no-cache=1488376888408 HTTP/1.1" 200 30
186.79.16.23 - - [01/Mar/2017:11:00:30 -0300] "GET /cormun/servlet/solicitudot?c909dfd761e0991633dddcb21d07aff4eccbcedd2320078e2a5b3b72110dac9beb11da722b017589ad99d12e7cf3170f4d00347db53f8384d24a0ceba55a22ce498e0e9af7b8c02d9eac85b3e98b72f7923d62a863603735d27145cc52d730c143a16a0589bcdfcf304a592acb208e6eac53305aae8a59f84b9298a6f54d4abb1f94b87b04640118b72838b0050ee6aa217acb40ef0656a6aa6bda48548b795af8f34e177ef00ead2c173cd139d31b95,gx-no-cache=1488376900811 HTTP/1.1" 200 30
186.79.16.23 - - [01/Mar/2017:11:00:30 -0300] "POST /cormun/servlet/solicitudot?767e66286bbf99994442236e53c5f92a,UPD,2017,4943,,gx-no-cache=1488376900916 HTTP/1.1" 200 93
186.79.16.23 - - [01/Mar/2017:11:00:30 -0300] "GET /cormun/servlet/hpexe_return? HTTP/1.1" 200 1012
186.79.16.23 - - [01/Mar/2017:11:00:30 -0300] "GET /cormun/servlet/trsolicitudot HTTP/1.1" 200 8523
186.79.16.23 - - [01/Mar/2017:11:00:31 -0300] "GET /cormun/servlet/trsolicitudot HTTP/1.1" 200 8519
186.79.16.23 - - [01/Mar/2017:11:00:35 -0300] "POST /cormun/servlet/trsolicitudot?767e66286bbf99994442236e53c5f92a,gx-no-cache=1488376905720 HTTP/1.1" 200 107
186.79.16.23 - - [01/Mar/2017:11:00:35 -0300] "GET /cormun/servlet/trsolicitudadjuntos?2017,4943, HTTP/1.1" 200 5901
186.79.16.23 - - [01/Mar/2017:11:00:35 -0300] "GET /cormun/servlet/trsolicitudadjuntos?2017,4943, HTTP/1.1" 200 5900
186.79.16.23 - - [01/Mar/2017:11:00:41 -0300] "GET /cormun/servlet/solicitudotadjuntos?INS,2017,4943,,1, HTTP/1.1" 200 5829
186.79.16.23 - - [01/Mar/2017:11:00:41 -0300] "GET /cormun/static/about:blank HTTP/1.1" 404 1011
186.79.16.23 - - [01/Mar/2017:11:00:41 -0300] "GET /cormun/servlet/solicitudotadjuntos?INS,2017,4943,,1, HTTP/1.1" 200 5823
186.79.16.23 - - [01/Mar/2017:11:00:42 -0300] "GET /cormun/servlet/solicitudotadjuntos?c909dfd761e0991633dddcb21d07aff407a585f32e441b5d8cc884bdd85ac504f40ac61bfb329144f13894af5776fa9a,gx-no-cache=1488376913028 HTTP/1.1" 200 30
186.79.16.23 - - [01/Mar/2017:11:00:42 -0300] "POST /cormun/servlet/solicitudotadjuntos?767e66286bbf99994442236e53c5f92a,INS,2017,4943,,1,,gx-no-cache=1488376913088 HTTP/1.1" 200 3685
186.79.16.23 - - [01/Mar/2017:11:00:44 -0300] "POST /cormun/servlet/solicitudotadjuntos?gx-no-cache=1488376915549 HTTP/1.1" 200 26
186.79.16.23 - - [01/Mar/2017:11:01:23 -0300] "GET /cormun/servlet/solicitudotadjuntos?c909dfd761e0991633dddcb21d07aff48c5d14643c9b5b922c20826ddeea4b17,gx-no-cache=1488376954567 HTTP/1.1" 200 30
186.79.16.23 - - [01/Mar/2017:11:01:23 -0300] "GET /cormun/servlet/solicitudotadjuntos?c909dfd761e0991633dddcb21d07aff48c5d14643c9b5b922c20826ddeea4b17,gx-no-cache=1488376954677 HTTP/1.1" 200 30
186.79.16.23 - - [01/Mar/2017:11:01:26 -0300] "POST /cormun/servlet/solicitudotadjuntos?767e66286bbf99994442236e53c5f92a,INS,2017,4943,,1, HTTP/1.1" 200 116
186.79.16.23 - - [01/Mar/2017:11:01:26 -0300] "GET /cormun/servlet/hpexe_return? HTTP/1.1" 200 1024
186.79.16.23 - - [01/Mar/2017:11:01:26 -0300] "GET /cormun/servlet/trsolicitudadjuntos?2017,4943, HTTP/1.1" 200 7975
186.79.16.23 - - [01/Mar/2017:11:01:27 -0300] "GET /cormun/servlet/trsolicitudadjuntos?2017,4943, HTTP/1.1" 200 7970
186.79.16.23 - - [01/Mar/2017:11:01:29 -0300] "GET /cormun/servlet/solicitudotadjuntos?INS,2017,4943,,1, HTTP/1.1" 200 5829
186.79.16.23 - - [01/Mar/2017:11:01:29 -0300] "GET /cormun/static/about:blank HTTP/1.1" 404 1011
186.79.16.23 - - [01/Mar/2017:11:01:29 -0300] "GET /cormun/servlet/solicitudotadjuntos?INS,2017,4943,,1, HTTP/1.1" 200 5823
186.79.16.23 - - [01/Mar/2017:11:01:29 -0300] "GET /cormun/servlet/solicitudotadjuntos?c909dfd761e0991633dddcb21d07aff407a585f32e441b5d8cc884bdd85ac504f40ac61bfb329144f13894af5776fa9a,gx-no-cache=1488376960728 HTTP/1.1" 200 30
186.79.16.23 - - [01/Mar/2017:11:01:30 -0300] "POST /cormun/servlet/solicitudotadjuntos?767e66286bbf99994442236e53c5f92a,INS,2017,4943,,1,,gx-no-cache=1488376960832 HTTP/1.1" 200 3685
186.79.16.23 - - [01/Mar/2017:11:01:32 -0300] "POST /cormun/servlet/solicitudotadjuntos?gx-no-cache=1488376963055 HTTP/1.1" 200 26
186.79.16.23 - - [01/Mar/2017:11:01:47 -0300] "GET /cormun/servlet/solicitudotadjuntos?c909dfd761e0991633dddcb21d07aff48c5d14643c9b5b922c20826ddeea4b17,gx-no-cache=1488376978376 HTTP/1.1" 200 30
186.79.16.23 - - [01/Mar/2017:11:01:47 -0300] "GET /cormun/servlet/solicitudotadjuntos?c909dfd761e0991633dddcb21d07aff48c5d14643c9b5b922c20826ddeea4b17,gx-no-cache=1488376978423 HTTP/1.1" 200 30
186.79.16.23 - - [01/Mar/2017:11:01:49 -0300] "POST /cormun/servlet/solicitudotadjuntos?767e66286bbf99994442236e53c5f92a,INS,2017,4943,,1, HTTP/1.1" 200 116
186.79.16.23 - - [01/Mar/2017:11:01:49 -0300] "GET /cormun/servlet/hpexe_return? HTTP/1.1" 200 1024
186.79.16.23 - - [01/Mar/2017:11:01:49 -0300] "GET /cormun/servlet/trsolicitudadjuntos?2017,4943, HTTP/1.1" 200 8224
186.79.16.23 - - [01/Mar/2017:11:01:50 -0300] "GET /cormun/servlet/trsolicitudadjuntos?2017,4943, HTTP/1.1" 200 8221
186.79.16.23 - - [01/Mar/2017:11:01:52 -0300] "GET /cormun/servlet/solicitudotadjuntos?INS,2017,4943,,1, HTTP/1.1" 200 5829
186.79.16.23 - - [01/Mar/2017:11:01:52 -0300] "GET /cormun/static/about:blank HTTP/1.1" 404 1011
186.79.16.23 - - [01/Mar/2017:11:01:52 -0300] "GET /cormun/servlet/solicitudotadjuntos?INS,2017,4943,,1, HTTP/1.1" 200 5823
186.79.16.23 - - [01/Mar/2017:11:01:53 -0300] "GET /cormun/servlet/solicitudotadjuntos?c909dfd761e0991633dddcb21d07aff407a585f32e441b5d8cc884bdd85ac504f40ac61bfb329144f13894af5776fa9a,gx-no-cache=1488376984037 HTTP/1.1" 200 30
186.79.16.23 - - [01/Mar/2017:11:01:53 -0300] "POST /cormun/servlet/solicitudotadjuntos?767e66286bbf99994442236e53c5f92a,INS,2017,4943,,1,,gx-no-cache=1488376984109 HTTP/1.1" 200 3685
186.79.16.23 - - [01/Mar/2017:11:01:59 -0300] "POST /cormun/servlet/solicitudotadjuntos?gx-no-cache=1488376989925 HTTP/1.1" 200 26
192.168.10.89 - - [01/Mar/2017:11:02:04 -0300] "GET /cormun/servlet/trsolicitudgral? HTTP/1.1" 200 11332
186.79.16.23 - - [01/Mar/2017:11:02:13 -0300] "GET /cormun/servlet/solicitudotadjuntos?c909dfd761e0991633dddcb21d07aff48c5d14643c9b5b922c20826ddeea4b17,gx-no-cache=1488377004583 HTTP/1.1" 200 30
186.79.16.23 - - [01/Mar/2017:11:02:13 -0300] "GET /cormun/servlet/solicitudotadjuntos?c909dfd761e0991633dddcb21d07aff48c5d14643c9b5b922c20826ddeea4b17,gx-no-cache=1488377004662 HTTP/1.1" 200 30
186.79.16.23 - - [01/Mar/2017:11:02:15 -0300] "POST /cormun/servlet/solicitudotadjuntos?767e66286bbf99994442236e53c5f92a,INS,2017,4943,,1, HTTP/1.1" 200 116
186.79.16.23 - - [01/Mar/2017:11:02:15 -0300] "GET /cormun/servlet/hpexe_return? HTTP/1.1" 200 1024
186.79.16.23 - - [01/Mar/2017:11:02:15 -0300] "GET /cormun/servlet/trsolicitudadjuntos?2017,4943, HTTP/1.1" 200 8368
186.79.16.23 - - [01/Mar/2017:11:02:16 -0300] "GET /cormun/servlet/trsolicitudadjuntos?2017,4943, HTTP/1.1" 200 8367
186.79.16.23 - - [01/Mar/2017:11:02:18 -0300] "GET /cormun/servlet/solicitudotadjuntos?INS,2017,4943,,1, HTTP/1.1" 200 5827
186.79.16.23 - - [01/Mar/2017:11:02:18 -0300] "GET /cormun/static/about:blank HTTP/1.1" 404 1011
186.79.16.23 - - [01/Mar/2017:11:02:19 -0300] "GET /cormun/servlet/solicitudotadjuntos?INS,2017,4943,,1, HTTP/1.1" 200 5821
186.79.16.23 - - [01/Mar/2017:11:02:19 -0300] "GET /cormun/servlet/solicitudotadjuntos?c909dfd761e0991633dddcb21d07aff407a585f32e441b5d8cc884bdd85ac504f40ac61bfb329144f13894af5776fa9a,gx-no-cache=1488377010361 HTTP/1.1" 200 30
186.79.16.23 - - [01/Mar/2017:11:02:19 -0300] "POST /cormun/servlet/solicitudotadjuntos?767e66286bbf99994442236e53c5f92a,INS,2017,4943,,1,,gx-no-cache=1488377010470 HTTP/1.1" 200 3682
192.168.10.89 - - [01/Mar/2017:11:02:20 -0300] "POST /cormun/servlet/trsolicitudgral?837e75ca32b67095435f9dd5be027a86,,gx-no-cache=1488380225678 HTTP/1.1" 200 22370
186.79.16.23 - - [01/Mar/2017:11:02:22 -0300] "POST /cormun/servlet/solicitudotadjuntos?gx-no-cache=1488377012918 HTTP/1.1" 200 26
192.168.10.89 - - [01/Mar/2017:11:02:30 -0300] "POST /cormun/servlet/trsolicitudgral?837e75ca32b67095435f9dd5be027a86,,gx-no-cache=1488380237100 HTTP/1.1" 200 9036
186.79.16.23 - - [01/Mar/2017:11:02:32 -0300] "GET /cormun/servlet/solicitudotadjuntos?c909dfd761e0991633dddcb21d07aff48c5d14643c9b5b922c20826ddeea4b17,gx-no-cache=1488377023537 HTTP/1.1" 200 30
186.79.16.23 - - [01/Mar/2017:11:02:32 -0300] "GET /cormun/servlet/solicitudotadjuntos?c909dfd761e0991633dddcb21d07aff48c5d14643c9b5b922c20826ddeea4b17,gx-no-cache=1488377023587 HTTP/1.1" 200 30
186.79.16.23 - - [01/Mar/2017:11:02:34 -0300] "POST /cormun/servlet/solicitudotadjuntos?767e66286bbf99994442236e53c5f92a,INS,2017,4943,,1, HTTP/1.1" 200 116
186.79.16.23 - - [01/Mar/2017:11:02:35 -0300] "GET /cormun/servlet/hpexe_return? HTTP/1.1" 200 1024
186.79.16.23 - - [01/Mar/2017:11:02:35 -0300] "GET /cormun/servlet/trsolicitudadjuntos?2017,4943, HTTP/1.1" 200 8517
186.79.16.23 - - [01/Mar/2017:11:02:35 -0300] "GET /cormun/servlet/trsolicitudadjuntos?2017,4943, HTTP/1.1" 200 8515
186.79.16.23 - - [01/Mar/2017:11:02:41 -0300] "GET /cormun/servlet/solicitudotadjuntos?INS,2017,4943,,1, HTTP/1.1" 200 5827
190.101.9.138 - - [01/Mar/2017:11:02:41 -0300] "GET /cormun/servlet/hlogin HTTP/1.1" 200 1728
186.79.16.23 - - [01/Mar/2017:11:02:41 -0300] "GET /cormun/static/about:blank HTTP/1.1" 404 1011
186.79.16.23 - - [01/Mar/2017:11:02:42 -0300] "GET /cormun/servlet/solicitudotadjuntos?INS,2017,4943,,1, HTTP/1.1" 200 5821
186.79.16.23 - - [01/Mar/2017:11:02:42 -0300] "GET /cormun/servlet/solicitudotadjuntos?c909dfd761e0991633dddcb21d07aff407a585f32e441b5d8cc884bdd85ac504f40ac61bfb329144f13894af5776fa9a,gx-no-cache=1488377033327 HTTP/1.1" 200 30
186.79.16.23 - - [01/Mar/2017:11:02:42 -0300] "POST /cormun/servlet/solicitudotadjuntos?767e66286bbf99994442236e53c5f92a,INS,2017,4943,,1,,gx-no-cache=1488377033412 HTTP/1.1" 200 3682
