186.103.156.24 - - [01/Mar/2017:16:21:29 -0300] "GET /cormun/static/hhome.js?201612218515573 HTTP/1.1" 200 777
186.103.156.24 - - [01/Mar/2017:16:21:29 -0300] "GET /cormun/static/Resources/logo4.png HTTP/1.1" 200 6582
186.103.156.24 - - [01/Mar/2017:16:21:29 -0300] "GET /cormun/static/hwchdr01.js?201612218432057 HTTP/1.1" 304 -
186.103.156.24 - - [01/Mar/2017:16:21:29 -0300] "GET /cormun/static/hpexe_recentlink.js?201610171694390 HTTP/1.1" 304 -
186.103.156.24 - - [01/Mar/2017:16:21:29 -0300] "GET /cormun/static/hpexe_scripts.js?201612218432016 HTTP/1.1" 304 -
186.103.156.24 - - [01/Mar/2017:16:21:29 -0300] "GET /cormun/static/hpexe_messagecontroller.js?201610171694323 HTTP/1.1" 304 -
186.103.156.24 - - [01/Mar/2017:16:21:29 -0300] "GET /cormun/static/hpexe_messagepopupcomponent.js?20161017169425 HTTP/1.1" 304 -
186.103.156.24 - - [01/Mar/2017:16:21:29 -0300] "GET /cormun/static/hpexe_messagegenexuscomponent.js?201612218431816 HTTP/1.1" 304 -
186.103.156.24 - - [01/Mar/2017:16:21:29 -0300] "GET /cormun/static/cmcontrolpreferences.js?201612218431999 HTTP/1.1" 304 -
186.103.156.24 - - [01/Mar/2017:16:21:29 -0300] "GET /cormun/static/Resources/PXToolsHeaderPreferences.png HTTP/1.1" 200 4189
186.103.156.24 - - [01/Mar/2017:16:21:29 -0300] "GET /cormun/static/Resources/PXToolsHeaderActionsLeft.png HTTP/1.1" 200 1118
186.103.156.24 - - [01/Mar/2017:16:21:29 -0300] "GET /cormun/static/Resources/PXToolsDataTitle.png HTTP/1.1" 200 1173
186.103.156.24 - - [01/Mar/2017:16:21:29 -0300] "GET /cormun/static/Resources/PXToolsHeaderLogin.png HTTP/1.1" 200 4279
186.103.156.24 - - [01/Mar/2017:16:21:29 -0300] "GET /cormun/static/Resources/PXToolsHeaderActionsBackground.png HTTP/1.1" 200 484
186.103.156.24 - - [01/Mar/2017:16:21:29 -0300] "GET /cormun/static/Resources/PXToolsFooterBackground2.png HTTP/1.1" 200 1172
186.103.156.24 - - [01/Mar/2017:16:21:29 -0300] "GET /cormun/static/Resources/PXToolsHeaderSecurity.png HTTP/1.1" 200 4166
186.103.156.24 - - [01/Mar/2017:16:21:29 -0300] "GET /cormun/static/Resources/PXToolsHeaderActionsRight.png HTTP/1.1" 200 1201
186.103.156.24 - - [01/Mar/2017:16:21:29 -0300] "GET /cormun/static/Resources/PXToolsHeaderBackground2.png HTTP/1.1" 200 1174
186.103.156.24 - - [01/Mar/2017:16:21:29 -0300] "GET /cormun/static/Resources/PXToolsHeaderHome.png HTTP/1.1" 200 4147
186.103.156.24 - - [01/Mar/2017:16:21:29 -0300] "GET /cormun/static/hmpwkw03.js?20161221852152 HTTP/1.1" 304 -
186.103.156.24 - - [01/Mar/2017:16:21:30 -0300] "GET /cormun/servlet/hhome HTTP/1.1" 200 3950
186.103.156.24 - - [01/Mar/2017:16:21:30 -0300] "GET /cormun/static/SmoothNavMenu/resources/images/down.gif HTTP/1.1" 200 854
186.103.156.24 - - [01/Mar/2017:16:21:30 -0300] "GET /cormun/static/SmoothNavMenu/resources/images/right.gif HTTP/1.1" 200 860
186.103.159.44 - - [01/Mar/2017:16:21:32 -0300] "POST /cormun/servlet/solicitudot?gx-no-cache=1488396158635 HTTP/1.1" 200 118
186.103.159.44 - - [01/Mar/2017:16:21:33 -0300] "GET /cormun/servlet/solicitudot?c3c94e29e4b828e2515c1c6b110f09145fb193ec26c63ca81fdcb3e045e775bf2b0de6342b4a63f4e1d3f06b52bd952fdd3ca597ea63e6685dbc7b098d5e762554fd178e95d0c9a2e6184256533b59a98c12b6e2fd46e9ddf4c767c106ad160d5fbfbc4aea1085c13b8ec3510fc64b96b250807702c6f88c946582efd5c18ca5224a9fd6d86f4c2d8612b065b1e384c592621f2fc691ddb41a1da0689bb85038,gx-no-cache=1488396158764 HTTP/1.1" 200 29
200.111.191.210 - - [01/Mar/2017:16:21:33 -0300] "POST /cormun/servlet/solicitudot?gx-no-cache=1488399681110 HTTP/1.1" 200 255
200.111.191.210 - - [01/Mar/2017:16:21:33 -0300] "GET /cormun/servlet/solicitudot?04f755c0aa85fcf18b13bdeeacc076bf66064b6139f1e83fd17370c8a8c074fd4954ad5aa2ce2735c323603d88d91b58f4e53663351b061a355e419a70f978da2554686c6580e504a2f881ca9ab55a4d9cdbd8db8c53f4d868f26efda848621bb0fcf140c4aac03021f2e43fbdcd613bbc81a67ca1b999c1788793ed765ea13cc773847e6990c0adaf3622c682f8757796b39959b49193254d306a9acca4331042472a64daf089acb67465a331532bec8cb4a53a4f366edd4235f169d90aa30884711e14005e5d4b3cf7a3da5b4cc63771c8c369bbcf344d56f0c304ff1512f19b3269269604f9606282fe348bc544993c09b3a500639befc0bbb4a8f574eca3a99cdc582c98c7191317673d4308d3bc3f9d6fe49d5fc3c73c60d3a1f8506f0dfdf0d29807ab1649ee12b86abf8cea82defb8dc49da5d2627f7bc4d44c7fca826ee12dcde19c2ddf77ff277b8fe0c792c6a49ffe7efe47784b3f00f06d0876302f8aa1ed93078ddaa4860b95ac3904002070d8d1ebe4d7e414fe94999281aae0,gx-no-cache=1488399681162 HTTP/1.1" 200 30
186.103.159.44 - - [01/Mar/2017:16:21:33 -0300] "POST /cormun/servlet/solicitudot?gx-no-cache=1488396159166 HTTP/1.1" 200 1274
186.103.159.44 - - [01/Mar/2017:16:21:33 -0300] "POST /cormun/servlet/solicitudot?gx-no-cache=1488396159401 HTTP/1.1" 200 1157
192.168.10.89 - - [01/Mar/2017:16:21:36 -0300] "POST /cormun/servlet/trsolicitudgral?4c09c947ad57f77880682ecfaab0c69f,,gx-no-cache=1488399382349 HTTP/1.1" 200 9321
186.103.156.24 - - [01/Mar/2017:16:21:37 -0300] "GET /cormun/servlet/trsolicitudot? HTTP/1.1" 200 6926
186.103.156.24 - - [01/Mar/2017:16:21:37 -0300] "GET /cormun/static/gxcfg.js?20171191044697 HTTP/1.1" 200 953
186.103.156.24 - - [01/Mar/2017:16:21:37 -0300] "GET /cormun/static/calendar.js?85251 HTTP/1.1" 304 -
186.103.156.24 - - [01/Mar/2017:16:21:37 -0300] "GET /cormun/static/calendar-setup.js?85251 HTTP/1.1" 304 -
186.103.156.24 - - [01/Mar/2017:16:21:37 -0300] "GET /cormun/static/calendar-es.js?85251 HTTP/1.1" 304 -
186.103.156.24 - - [01/Mar/2017:16:21:37 -0300] "GET /cormun/static/Resources/PXTools/calendar.png HTTP/1.1" 200 1306
186.103.156.24 - - [01/Mar/2017:16:21:37 -0300] "GET /cormun/static/Resources/PXToolsDataSearch.png HTTP/1.1" 200 419
186.103.156.24 - - [01/Mar/2017:16:21:37 -0300] "GET /cormun/static/Resources/PXToolsGridFirstDisabled.gif HTTP/1.1" 200 100
186.103.156.24 - - [01/Mar/2017:16:21:37 -0300] "GET /cormun/static/Resources/PXToolsGridPreviousDisabled.gif HTTP/1.1" 200 90
186.103.156.24 - - [01/Mar/2017:16:21:37 -0300] "GET /cormun/static/Resources/PXToolsGridNextDisabled.gif HTTP/1.1" 200 90
186.103.156.24 - - [01/Mar/2017:16:21:37 -0300] "GET /cormun/static/Resources/PXToolsGridLastDisabled.gif HTTP/1.1" 200 98
186.103.156.24 - - [01/Mar/2017:16:21:37 -0300] "GET /cormun/static/Resources/PXToolsGridPage.gif HTTP/1.1" 200 725
186.103.156.24 - - [01/Mar/2017:16:21:37 -0300] "GET /cormun/static/Resources/PXToolsActionExcel.png HTTP/1.1" 200 3187
186.103.156.24 - - [01/Mar/2017:16:21:37 -0300] "GET /cormun/static/Resources/PXToolsGridNew.png HTTP/1.1" 200 2949
186.103.156.24 - - [01/Mar/2017:16:21:37 -0300] "GET /cormun/static/gxdec.js?85251 HTTP/1.1" 304 -
186.103.156.24 - - [01/Mar/2017:16:21:37 -0300] "GET /cormun/static/trsolicitudot.js?20171191045625 HTTP/1.1" 304 -
186.103.156.24 - - [01/Mar/2017:16:21:38 -0300] "GET /cormun/servlet/trsolicitudot? HTTP/1.1" 200 6926
186.103.156.24 - - [01/Mar/2017:16:21:38 -0300] "GET /cormun/static/Shared/ext/resources/themes/images/default/panel/bg-headersPanel.png HTTP/1.1" 200 255
186.103.156.24 - - [01/Mar/2017:16:21:38 -0300] "GET /cormun/static/Shared/ext/resources/themes/images/default/tools/tool-sprites.gif HTTP/1.1" 200 5434
200.111.191.210 - - [01/Mar/2017:16:21:38 -0300] "POST /cormun/servlet/solicitudot?gx-no-cache=1488399686512 HTTP/1.1" 200 30
200.111.191.210 - - [01/Mar/2017:16:21:46 -0300] "GET /cormun/servlet/prsolicitudot?16364189,,,,,MD,,gxPopupLevel%3D0%3B HTTP/1.1" 200 5946
200.111.191.210 - - [01/Mar/2017:16:21:46 -0300] "GET /cormun/static/gxcfg.js?20161221854215 HTTP/1.1" 200 953
200.111.191.210 - - [01/Mar/2017:16:21:46 -0300] "GET /cormun/static/prsolicitudot.js?201612218542259 HTTP/1.1" 200 13680
192.168.10.89 - - [01/Mar/2017:16:21:48 -0300] "POST /cormun/servlet/trsolicitudgral?4c09c947ad57f77880682ecfaab0c69f,,gx-no-cache=1488399394793 HTTP/1.1" 200 115
192.168.10.89 - - [01/Mar/2017:16:21:48 -0300] "GET /cormun/servlet/solicitudotlog?INS,2017,3072,0,REC, HTTP/1.1" 200 6152
192.168.10.96 - - [01/Mar/2017:16:21:48 -0300] "POST /cormun/servlet/solicitudgral?e8ebc7de630670a1543265a9ce52939d,UPD,2017,4919,,gx-no-cache=1488399395157 HTTP/1.1" 200 90
192.168.10.96 - - [01/Mar/2017:16:21:48 -0300] "GET /cormun/servlet/hpexe_link HTTP/1.1" 200 963
192.168.10.96 - - [01/Mar/2017:16:21:48 -0300] "GET /cormun/servlet/trsolicitudgral HTTP/1.1" 200 10513
186.103.159.44 - - [01/Mar/2017:16:21:49 -0300] "POST /cormun/servlet/solicitudot?gx-no-cache=1488396175138 HTTP/1.1" 200 1274
186.103.159.44 - - [01/Mar/2017:16:21:49 -0300] "POST /cormun/servlet/solicitudot?gx-no-cache=1488396175255 HTTP/1.1" 200 1157
192.168.10.96 - - [01/Mar/2017:16:21:49 -0300] "GET /cormun/servlet/trsolicitudgral HTTP/1.1" 200 10512
186.103.159.44 - - [01/Mar/2017:16:21:50 -0300] "POST /cormun/servlet/solicitudot?gx-no-cache=1488396176591 HTTP/1.1" 200 118
192.168.10.89 - - [01/Mar/2017:16:21:50 -0300] "GET /cormun/servlet/solicitudotlog?e8b0b31549436c50601e20054f75a84affe3da7101ce98935fcf3a680eb00de2c7568dff2d79db52c352b53f03344cb560e0a6d827a03b950d30508585c27b7e877c123b2fb5a21d18d88460ceb1d177d8ca5a88f200b60f052d33e061a5d957b1de01caff72812a0160edb2e5d56dbc1ba5121cd2188494cdc0abd31ef1a910ad8c055469843bec24cc9121f8ec4af4eaa0499588965304a20bd2082dbdbf3a,gx-no-cache=1488399397138 HTTP/1.1" 200 94
186.103.159.44 - - [01/Mar/2017:16:21:51 -0300] "POST /cormun/servlet/solicitudot?gx-no-cache=1488396176688 HTTP/1.1" 200 1274
186.103.159.44 - - [01/Mar/2017:16:21:51 -0300] "POST /cormun/servlet/solicitudot?gx-no-cache=1488396176876 HTTP/1.1" 200 1157
200.111.191.210 - - [01/Mar/2017:16:21:56 -0300] "POST /cormun/servlet/solicitudot?gx-no-cache=1488399704311 HTTP/1.1" 200 296
200.111.191.210 - - [01/Mar/2017:16:21:56 -0300] "GET /cormun/static/Shared/jqueryui/images/ui-bg_highlight-soft_100_c6c2c8_1x100.png HTTP/1.1" 404 1117
200.111.191.210 - - [01/Mar/2017:16:21:56 -0300] "GET /cormun/static/Shared/jqueryui/images/ui-bg_flat_55_994d53_40x100.png HTTP/1.1" 404 1097
200.111.191.210 - - [01/Mar/2017:16:21:56 -0300] "GET /cormun/static/Shared/jqueryui/images/ui-icons_82798d_256x240.png HTTP/1.1" 404 1089
200.111.191.210 - - [01/Mar/2017:16:21:56 -0300] "GET /cormun/static/Shared/jqueryui/images/ui-icons_ebccce_256x240.png HTTP/1.1" 404 1089
200.111.191.210 - - [01/Mar/2017:16:21:56 -0300] "POST /cormun/servlet/solicitudot?gx-no-cache=1488399704388 HTTP/1.1" 200 117
200.111.191.210 - - [01/Mar/2017:16:21:56 -0300] "GET /cormun/servlet/solicitudot?04f755c0aa85fcf18b13bdeeacc076bfeff13025d391a082e7dd61d4e135a27fd13c756e2c6972b18ffb31c530ee812ed64511331c19c495529e8769d516ba82821db0bbaebf6b2b653c26b15ae5d2c7351139cbe82d2f93912d490da836481a7537905dcad19642bf35cf0ffedb288e0a3cfe58c86dbaa09a824c8010ac3fd58b69ca8945f8fc65fe674799ad6be29256b98d53d5d2f943581a78f964bbc477,gx-no-cache=1488399704417 HTTP/1.1" 200 29
200.111.191.210 - - [01/Mar/2017:16:21:56 -0300] "GET /cormun/servlet/solicitudot?04f755c0aa85fcf18b13bdeeacc076bf702b23e1351ea489b4eafec6e3c52254d0c36c29c42137bce9e0e0cafccac26d62495bdf6865810efdc8c7f24b2487d88707ece92d286522d5e848f46ff56d805b7fb6b13fd6c090d4015f6824b9112008d01848667769e070d89f490e75057aa47ccf74161a1b0c93b487ae2d65f11f01343257cf57766b0335d89a3b5cbd87e1a4ffe1c801b54f952f82d1b2edc339,gx-no-cache=1488399704438 HTTP/1.1" 200 57
200.111.191.210 - - [01/Mar/2017:16:21:56 -0300] "GET /cormun/servlet/solicitudot?04f755c0aa85fcf18b13bdeeacc076bfe82a10a88167e10a29b6444055dc1d8fd0c36c29c42137bce9e0e0cafccac26d62495bdf6865810efdc8c7f24b2487d84307be3edfa53197964cd8bf9e2f7ebbe7098dc69651fdbd7b31ce439d92fd73ba3c48ff2d89d7c8aefb57be385ad2a55bdb17ed22b0a616df0c4e9499a8c810,gx-no-cache=1488399704461 HTTP/1.1" 200 57
192.168.10.89 - - [01/Mar/2017:16:22:05 -0300] "POST /cormun/servlet/solicitudotlog?4c09c947ad57f77880682ecfaab0c69f,INS,2017,3072,0,REC,,gx-no-cache=1488399411504 HTTP/1.1" 200 93
192.168.10.89 - - [01/Mar/2017:16:22:05 -0300] "GET /cormun/servlet/hpexe_return? HTTP/1.1" 200 1016
186.103.159.44 - - [01/Mar/2017:16:22:06 -0300] "POST /cormun/servlet/solicitudot?gx-no-cache=1488396191915 HTTP/1.1" 200 41
186.103.159.44 - - [01/Mar/2017:16:22:06 -0300] "POST /cormun/servlet/solicitudot?gx-no-cache=1488396192060 HTTP/1.1" 200 1274
186.103.159.44 - - [01/Mar/2017:16:22:06 -0300] "POST /cormun/servlet/solicitudot?gx-no-cache=1488396192187 HTTP/1.1" 200 1157
186.103.159.44 - - [01/Mar/2017:16:22:06 -0300] "GET /cormun/servlet/solicitudot?c3c94e29e4b828e2515c1c6b110f09140af15872f714e62ac876ce6c7d87ab454c208d0ab16f9ba7e44404e6485218efbc396da5b31c4ca6fe075cd0d6c430fd53c4007d0a62236f49d08cfbe8e56256e7c714fc7a2b5442af956006699174a84c8b4a18ec8bdf139ca0c17bb9b09b195bfa3cacd6a706278b93e77f6ba9787efbd8ff458773aabe9afa383c135c6831b0ac171c24eaf8d1a4f7c31972403e90b942fc4039a2a9638eeea20ba1c2046f6c04e19f55be8d7d5f71f000b81794de,gx-no-cache=1488396192304 HTTP/1.1" 200 30
192.168.10.89 - - [01/Mar/2017:16:22:06 -0300] "GET /cormun/servlet/trsolicitudgral? HTTP/1.1" 200 12132
186.79.41.237 - - [01/Mar/2017:16:22:17 -0300] "GET /cormun/servlet/trcontratoobservaciondir? HTTP/1.1" 200 6724
186.79.41.237 - - [01/Mar/2017:16:22:20 -0300] "GET /cormun/servlet/trcontratoobservaciondir? HTTP/1.1" 200 6723
186.103.156.24 - - [01/Mar/2017:16:22:22 -0300] "POST /cormun/servlet/trsolicitudot?2b6c8a5796205769ae63734a774721e4,,gx-no-cache=1488396373255 HTTP/1.1" 200 4148
186.79.41.237 - - [01/Mar/2017:16:22:23 -0300] "POST /cormun/servlet/trcontratounov2?6c0eb8d8e4754480ec10566af5b47f6d,,gx-no-cache=1488396208028 HTTP/1.1" 200 105
186.79.41.237 - - [01/Mar/2017:16:22:26 -0300] "POST /cormun/servlet/trcontratoobservaciondir?6c0eb8d8e4754480ec10566af5b47f6d,,gx-no-cache=1488396214000 HTTP/1.1" 200 114
186.79.41.237 - - [01/Mar/2017:16:22:26 -0300] "GET /cormun/ContratoObservacionDir-4143.xls HTTP/1.1" 200 4608
186.103.159.44 - - [01/Mar/2017:16:22:30 -0300] "POST /cormun/servlet/solicitudot?a1eca94beb0487211da0878496ebd0ea,INS,0,0,,gx-no-cache=1488396215524 HTTP/1.1" 200 93
186.103.159.44 - - [01/Mar/2017:16:22:30 -0300] "GET /cormun/servlet/hpexe_return? HTTP/1.1" 200 1006
186.103.159.44 - - [01/Mar/2017:16:22:31 -0300] "GET /cormun/servlet/trsolicitudot HTTP/1.1" 200 10107
200.111.191.210 - - [01/Mar/2017:16:22:38 -0300] "POST /cormun/servlet/solicitudot?gx-no-cache=1488399746364 HTTP/1.1" 200 1291
200.111.191.210 - - [01/Mar/2017:16:22:38 -0300] "GET /cormun/static/menuarrow.gif HTTP/1.1" 404 1015
186.79.8.148 - - [01/Mar/2017:16:22:50 -0300] "GET /cormun/servlet/solicitudot?7a34e5f548816e8d0fa11229e9c56f1e1a2d1ea0d13fb6f0daa97bf7acfaf188971921638cbe74a9c677f1b61a00eb41b5831a8914f766dc24ff548eda6791ddd9ab788ac7eedabb8ce5d889302a1eea0e1bd9de930ceef25baa9af73b912ae27b098ef14fe78f4dc58e84d3dfe31f06115342f21d80ffab6196520de03a750fff473e8be85cf20bbd8b888aa757d90a4f88f277f4aede30ab829cd8f503c58c536405cc9f1f9806658712c090167fcf70211701d3a6ba780ae768b6b0e15b94311da23c6041436366e9f795c7fb60e8,gx-no-cache=1488396244469 HTTP/1.1" 200 29
186.79.8.148 - - [01/Mar/2017:16:22:57 -0300] "POST /cormun/servlet/solicitudot?gx-no-cache=1488396251116 HTTP/1.1" 200 1275
186.79.8.148 - - [01/Mar/2017:16:22:57 -0300] "POST /cormun/servlet/solicitudot?gx-no-cache=1488396251398 HTTP/1.1" 200 1157
186.103.156.24 - - [01/Mar/2017:16:22:57 -0300] "POST /cormun/servlet/trsolicitudot?2b6c8a5796205769ae63734a774721e4,,gx-no-cache=1488396411852 HTTP/1.1" 200 4159
186.79.8.148 - - [01/Mar/2017:16:22:58 -0300] "GET /cormun/static/menuarrow.gif HTTP/1.1" 404 1015
186.103.159.44 - - [01/Mar/2017:16:23:00 -0300] "GET /cormun/servlet/solicitudot?INS,0,0, HTTP/1.1" 200 12573
186.79.8.148 - - [01/Mar/2017:16:23:00 -0300] "POST /cormun/servlet/solicitudot?gx-no-cache=1488396253886 HTTP/1.1" 200 1275
186.79.8.148 - - [01/Mar/2017:16:23:00 -0300] "POST /cormun/servlet/solicitudot?gx-no-cache=1488396254086 HTTP/1.1" 200 1157
186.79.41.237 - - [01/Mar/2017:16:23:01 -0300] "POST /cormun/servlet/trcontratoobservaciondir?6c0eb8d8e4754480ec10566af5b47f6d,,gx-no-cache=1488396242727 HTTP/1.1" 200 3814
186.103.159.44 - - [01/Mar/2017:16:23:11 -0300] "POST /cormun/servlet/solicitudot?gx-no-cache=1488396257441 HTTP/1.1" 200 3187
186.103.159.44 - - [01/Mar/2017:16:23:12 -0300] "POST /cormun/servlet/solicitudot?a1eca94beb0487211da0878496ebd0ea,INS,0,0,,gx-no-cache=1488396257903 HTTP/1.1" 200 9767
186.103.159.44 - - [01/Mar/2017:16:23:15 -0300] "GET /cormun/servlet/solicitudot?c3c94e29e4b828e2515c1c6b110f0914656103d01383edc24bfecef22fd357c68ca56fb6ae93c24e1cba1b752ae77c9e,gx-no-cache=1488396261391 HTTP/1.1" 200 30
186.103.159.44 - - [01/Mar/2017:16:23:15 -0300] "POST /cormun/servlet/solicitudot?gx-no-cache=1488396261491 HTTP/1.1" 200 240
186.103.159.44 - - [01/Mar/2017:16:23:16 -0300] "GET /cormun/servlet/solicitudot?c3c94e29e4b828e2515c1c6b110f09148c23b12b6603f55bd880a4fda09e92e26ec8e001040064692cdf01d6fbb03cdbf7847890749b65382c18e4fcd585150d9493e3de20bd78215be6e45fefaaab6ab270471b427b8db4daad232b5621f3abc10a380de6683bb12d6decfde5f977b411c704988edee73b5e5e4939f181eef67b53b360c74f7e44f523bcd37f1dff3947b33ece805291b10a2c8470a5367886b169a475ed99d2b1f82546d23711ff803a355792e2d9f98a8c9a881f8029d4e8b69511050391bff3ea5eabb7cc9a351ebed5bcdf0a8c418c3deaea7245bac49141e0db448f5baaea60c5b0c72319475b36edf38f4321df3060efbdc3abf6db8ace1e26c088d3da270c26814edc81ebd645edb016b4c6fda9f42713bc4746cfbb15d8514c2280ab5cf4379bb74b7ba65a872cb208a149db02d40a1b5dc37cbf47f2105cae86cf05345332b20c568a8677282ffd84dfe9fa96dbc7a0b33bfbfb0967e3730d0337a2048c5e90d18b8ddd49e1440eef3895934068bafc89a00f6d4a,gx-no-cache=1488396261565 HTTP/1.1" 200 30
186.79.41.237 - - [01/Mar/2017:16:23:16 -0300] "GET /cormun/servlet/trvisualizadoreventos? HTTP/1.1" 200 6682
186.103.159.44 - - [01/Mar/2017:16:23:19 -0300] "POST /cormun/servlet/solicitudot?gx-no-cache=1488396264786 HTTP/1.1" 200 30
186.79.41.237 - - [01/Mar/2017:16:23:23 -0300] "POST /cormun/servlet/trcontratoobservaciondir?6c0eb8d8e4754480ec10566af5b47f6d,,gx-no-cache=1488396271393 HTTP/1.1" 200 3814
186.79.41.237 - - [01/Mar/2017:16:23:41 -0300] "GET /cormun/servlet/hlogin HTTP/1.1" 200 1716
200.111.191.210 - - [01/Mar/2017:16:23:43 -0300] "POST /cormun/servlet/solicitudot?gx-no-cache=1488399811430 HTTP/1.1" 200 41
186.103.156.24 - - [01/Mar/2017:16:24:00 -0300] "POST /cormun/servlet/trsolicitudot?2b6c8a5796205769ae63734a774721e4,,gx-no-cache=1488396482307 HTTP/1.1" 200 4163
186.103.156.24 - - [01/Mar/2017:16:24:04 -0300] "POST /cormun/servlet/trsolicitudot?2b6c8a5796205769ae63734a774721e4,,gx-no-cache=1488396486144 HTTP/1.1" 200 4164
186.103.159.44 - - [01/Mar/2017:16:24:05 -0300] "POST /cormun/servlet/solicitudot?gx-no-cache=1488396311158 HTTP/1.1" 200 1291
186.103.159.44 - - [01/Mar/2017:16:24:08 -0300] "GET /cormun/static/menuarrow.gif HTTP/1.1" 404 1015
186.103.159.44 - - [01/Mar/2017:16:24:15 -0300] "POST /cormun/servlet/solicitudot?gx-no-cache=1488396321049 HTTP/1.1" 200 118
186.103.159.44 - - [01/Mar/2017:16:24:15 -0300] "GET /cormun/static/Shared/jqueryui/images/ui-icons_ebccce_256x240.png HTTP/1.1" 404 1089
186.103.159.44 - - [01/Mar/2017:16:24:15 -0300] "GET /cormun/static/Shared/jqueryui/images/ui-bg_flat_55_994d53_40x100.png HTTP/1.1" 404 1097
186.103.159.44 - - [01/Mar/2017:16:24:15 -0300] "GET /cormun/static/Shared/jqueryui/images/ui-icons_82798d_256x240.png HTTP/1.1" 404 1089
186.103.159.44 - - [01/Mar/2017:16:24:15 -0300] "GET /cormun/static/Shared/jqueryui/images/ui-bg_highlight-soft_100_c6c2c8_1x100.png HTTP/1.1" 404 1117
186.79.41.237 - - [01/Mar/2017:16:24:25 -0300] "POST /cormun/servlet/hlogin?4b0de1452a422c9e3e07ba425400fb6e,gx-no-cache=1488396333260 HTTP/1.1" 200 90
186.79.41.237 - - [01/Mar/2017:16:24:25 -0300] "GET /cormun/servlet/hpexe_link HTTP/1.1" 200 948
186.79.41.237 - - [01/Mar/2017:16:24:25 -0300] "GET /cormun/servlet/hhome HTTP/1.1" 200 3956
186.79.41.237 - - [01/Mar/2017:16:24:25 -0300] "GET /cormun/servlet/hhome HTTP/1.1" 200 3952
186.103.159.44 - - [01/Mar/2017:16:24:26 -0300] "POST /cormun/servlet/solicitudot?gx-no-cache=1488396332216 HTTP/1.1" 200 41
186.79.17.148 - - [01/Mar/2017:16:24:26 -0300] "GET /cormun/static/menuarrow.gif HTTP/1.1" 404 1015
186.79.41.237 - - [01/Mar/2017:16:24:29 -0300] "GET /cormun/servlet/trcontratosolicitud? HTTP/1.1" 200 11639
186.79.41.237 - - [01/Mar/2017:16:24:30 -0300] "GET /cormun/servlet/trcontratosolicitud? HTTP/1.1" 200 11625
186.103.159.46 - - [01/Mar/2017:16:24:33 -0300] "POST /cormun/servlet/trautorizarpermisogoce?708e3b68504a2f359aa1657744c67a00,,gx-no-cache=1488396341792 HTTP/1.1" 200 4061
186.103.159.44 - - [01/Mar/2017:16:24:35 -0300] "GET /cormun/servlet/solicitudot?c3c94e29e4b828e2515c1c6b110f09145fb193ec26c63ca81fdcb3e045e775bf2b0de6342b4a63f4e1d3f06b52bd952fdd3ca597ea63e6685dbc7b098d5e762554fd178e95d0c9a2e6184256533b59a98c12b6e2fd46e9ddf4c767c106ad160d5fbfbc4aea1085c13b8ec3510fc64b96b250807702c6f88c946582efd5c18ca5224a9fd6d86f4c2d8612b065b1e384c592621f2fc691ddb41a1da0689bb85038,gx-no-cache=1488396340428 HTTP/1.1" 200 29
186.103.159.44 - - [01/Mar/2017:16:24:35 -0300] "POST /cormun/servlet/solicitudot?gx-no-cache=1488396340883 HTTP/1.1" 200 1275
186.103.159.44 - - [01/Mar/2017:16:24:35 -0300] "POST /cormun/servlet/solicitudot?gx-no-cache=1488396341097 HTTP/1.1" 200 1157
200.111.191.210 - - [01/Mar/2017:16:24:36 -0300] "POST /cormun/servlet/solicitudot?gx-no-cache=1488399863745 HTTP/1.1" 200 1275
200.111.191.210 - - [01/Mar/2017:16:24:36 -0300] "POST /cormun/servlet/solicitudot?gx-no-cache=1488399863824 HTTP/1.1" 200 1156
200.111.191.210 - - [01/Mar/2017:16:24:36 -0300] "GET /cormun/servlet/solicitudot?04f755c0aa85fcf18b13bdeeacc076bf4e6485f79526280a229d44765aafbfee911695e6b66325126ee00d25774e8138e7e314d1f4480e495ef49db3a6e1bb473bce77d8bb223e9ffb3d5829b3db462301343257cf57766b0335d89a3b5cbd87dbf8350c290fa9f533a9bd8f3642df9e19f87319bfc193515f4ea31401ee21909a1ad2c962c54c0eee6356a936c190152b9071fce8d47e4251f5746b34cfab25151d9221f55598baf06f7a3689155c6835450184dc9109577154af214f95e34a,gx-no-cache=1488399863863 HTTP/1.1" 200 30
186.103.156.24 - - [01/Mar/2017:16:24:36 -0300] "GET /cormun/servlet/trcontratosolicitud? HTTP/1.1" 200 11249
186.103.156.24 - - [01/Mar/2017:16:24:36 -0300] "GET /cormun/static/gxcfg.js?20171317451682 HTTP/1.1" 200 953
200.111.191.210 - - [01/Mar/2017:16:24:36 -0300] "POST /cormun/servlet/solicitudot?c3993b31d5a541cd43bc0cf204b4554a,INS,0,0,,gx-no-cache=1488399863896 HTTP/1.1" 200 93
200.111.191.210 - - [01/Mar/2017:16:24:36 -0300] "GET /cormun/servlet/hpexe_return? HTTP/1.1" 200 1010
186.103.156.24 - - [01/Mar/2017:16:24:36 -0300] "GET /cormun/static/trcontratosolicitud.js?20171317452124 HTTP/1.1" 200 28173
200.111.191.210 - - [01/Mar/2017:16:24:36 -0300] "GET /cormun/servlet/trsolicitudot HTTP/1.1" 200 8004
186.103.156.24 - - [01/Mar/2017:16:24:37 -0300] "GET /cormun//static/Resources/PXToolsActionDisabled.gif HTTP/1.1" 200 53
186.103.156.24 - - [01/Mar/2017:16:24:37 -0300] "GET /cormun//static/Resources/PXToolsGridNew.png HTTP/1.1" 200 2949
186.103.156.24 - - [01/Mar/2017:16:24:37 -0300] "GET /cormun/servlet/trcontratosolicitud? HTTP/1.1" 200 11237
200.111.191.210 - - [01/Mar/2017:16:24:37 -0300] "GET /cormun/servlet/trsolicitudot HTTP/1.1" 200 8001
186.103.159.44 - - [01/Mar/2017:16:24:37 -0300] "POST /cormun/servlet/solicitudot?gx-no-cache=1488396343665 HTTP/1.1" 200 1275
186.103.159.44 - - [01/Mar/2017:16:24:38 -0300] "POST /cormun/servlet/solicitudot?gx-no-cache=1488396343794 HTTP/1.1" 200 1157
186.103.159.46 - - [01/Mar/2017:16:24:38 -0300] "POST /cormun/servlet/trautorizarpermisogoce?708e3b68504a2f359aa1657744c67a00,,gx-no-cache=1488396346856 HTTP/1.1" 200 4827
186.79.41.237 - - [01/Mar/2017:16:24:41 -0300] "GET /cormun/servlet/solicitudotcontratos?INS,2017,0,18041670,6,6,2016,4982,INTEGRACION,201701,9,*, HTTP/1.1" 200 9559
186.79.41.237 - - [01/Mar/2017:16:24:42 -0300] "GET /cormun/servlet/solicitudotcontratos?INS,2017,0,18041670,6,6,2016,4982,INTEGRACION,201701,9,*, HTTP/1.1" 200 9589
186.79.41.237 - - [01/Mar/2017:16:24:42 -0300] "GET /cormun/servlet/solicitudotcontratos?8806f5743c2866d85edd96b7fa3e32d63854769ad3a33b28e289ad754d1ef353121a9458bf31f86d077302dbbf567418,gx-no-cache=1488396351168 HTTP/1.1" 200 30
186.79.41.237 - - [01/Mar/2017:16:24:42 -0300] "GET /cormun/servlet/solicitudotcontratos?8806f5743c2866d85edd96b7fa3e32d6254d851f0b4d79d693728016dc14f3b8417292112aaded98f1f2efc8891fb972ef759875f93cca033522e9e9f0288cd1b33a29df18d94a77b99ad2747535e6ca5dab7dd39ea9e842dfc3727d1e7411e6f653b56f0d83f358fd4424e177659622806c427d9400a560fa55e517db3098a6,gx-no-cache=1488396351274 HTTP/1.1" 200 50
186.79.41.237 - - [01/Mar/2017:16:24:42 -0300] "GET /cormun/servlet/solicitudotcontratos?8806f5743c2866d85edd96b7fa3e32d6f5f266e6cb8abdd676764fca12081be7ac2bcb995ff79202a0d4bed0ca53d58c,gx-no-cache=1488396351356 HTTP/1.1" 200 30
186.79.41.237 - - [01/Mar/2017:16:24:43 -0300] "GET /cormun/servlet/solicitudotcontratos?8806f5743c2866d85edd96b7fa3e32d668157581017e3a9be9317e0523c039dc7dd6c0db35e1aa7c95778a7dd3f1b38e3390f08cd57a12fdbdd8e0a7c424e68dfd7f029b0678df729152d34e0cee9196b0a40e212c157ecefb953f205abf0e9b8528ef41ca78fb186d335ab3a572cf19,gx-no-cache=1488396351430 HTTP/1.1" 200 30
186.79.41.237 - - [01/Mar/2017:16:24:43 -0300] "GET /cormun/servlet/solicitudotcontratos?8806f5743c2866d85edd96b7fa3e32d6aad2ae2294e3f513021b92ec5df5d98e5dfea1fab1926734443d0dbacb61f8676bff8ac411c081be8f5960cc751853ed8cd29528cb9be4ca5469727df0e9e09784f7ddc30dacfe99c78acd941a78fd789f3279cfa43c3321930e474373f262b9832196858ec0938a1717d45c022b69ebc1d07734a1dd8536e3625e942fca164956627cabd22da7a419e34183c0e5a201f5dcaedae655ee5a21400f9b43158af401b3f74780f3cbfe9dff3db9b9dd5bde4dc4c19209895ea131950fad180df1d5a677cef676dff93762a0f22eb92b61f08b28171f8f997cc5ffb343fcc5d3f0a7fdfd9bcfaa0e30e8a0119decef5367d74d5a4664a66bd351f54839608256a3cf6d7078ae41996b8827c1906baafea6a47c67ac8702d980116bc4c7eedb1e0ea8d22c2306418f3bf533afb7d904d3e722e52046c1431892441930850c9b59f65e4626cf09cf38afbb52ef61ccf1687f14da68216e0384ae0aedb168ad937e4511fdff2574d04cbb49d3a5558a89fab48fc9037ad63b367f083d078a1670a71f0197bf8b50325c857e03624faeee15adfb4af0ad035c9b2f748f9c8b624fc2dc3afd21809f68ee02990473e722629992e27b18ef452f748f6330d9e9737bdcfdadb28e6144172d69922f1f163f5f400e5e280ce5eb1f685f213e5decf5b59348b16b2f8aa39875c3bc2f6bf5d2361716ff25b019ee4e0e3d27382de789a1a540552ec5aaea014a8cd94c00a2b957ea4330d2f13147c184ed0765cd17025a11b8d8ffa394a7828737444da21b64ea220030,gx-no-cache=1488396351515 HTTP/1.1" 200 83
186.79.8.148 - - [01/Mar/2017:16:24:45 -0300] "GET /cormun/servlet/solicitudot?7a34e5f548816e8d0fa11229e9c56f1e1641ff245b806c1da91a097fa8d6cbb2380b8ecf2395125450a0aeecfecd5dfecbbc88eec1a696a48b3d9c04d2fbb292ea447c180047b316ca8cb9d33553a4702719906f3bb979aa921fd4561eb77b2933fb0f7d6bc7639e5aed44d5d87e9b37b8ce012523d3f243a1cf0cd641e4ff14b08162fba302472e22af1c7a9148c594ec04e3d09ae8ac0782a4fcb812aac3c63a694608e2776bc12c8527481f82081d,gx-no-cache=1488396359476 HTTP/1.1" 200 30
186.103.159.44 - - [01/Mar/2017:16:24:46 -0300] "GET /cormun/servlet/solicitudot?c3c94e29e4b828e2515c1c6b110f09140af15872f714e62ac876ce6c7d87ab458bea3569b711e3feef0b4df4a99974afa8a78b485397c56f0f93896b947e80a9c42396cc9a6998e6721fbc99689e00b88e1f6d04e10de4e51688deadcf890ccf2d8334a07043d9895ce0f7a1dbf71bc3e548c70047c81f8bef40dd719636406c0d864b4c38a7bde8c18f8f5658d9a3611e41d0e8e277808e7bbddc02f1af49118bd4a31ca58ce8689f20427c64598c1c8b2af5871ae9aae93dacc18f582a2540,gx-no-cache=1488396351693 HTTP/1.1" 200 30
200.111.191.210 - - [01/Mar/2017:16:24:46 -0300] "GET /cormun/servlet/solicitudot?INS,0,0, HTTP/1.1" 200 12525
200.111.191.210 - - [01/Mar/2017:16:24:46 -0300] "GET /cormun/servlet/solicitudot?INS,0,0, HTTP/1.1" 200 12530
186.79.41.237 - - [01/Mar/2017:16:24:52 -0300] "POST /cormun/servlet/solicitudotcontratos?4b0de1452a422c9e3e07ba425400fb6e,INS,2017,0,18041670,6,6,2016,4982,INTEGRACION,201701,9,*,,gx-no-cache=1488396360592 HTTP/1.1" 200 10399
186.79.41.237 - - [01/Mar/2017:16:24:52 -0300] "POST /cormun/servlet/solicitudotcontratos?gx-no-cache=1488396361125 HTTP/1.1" 200 1276
186.79.41.237 - - [01/Mar/2017:16:24:52 -0300] "POST /cormun/servlet/solicitudotcontratos?gx-no-cache=1488396361310 HTTP/1.1" 200 1154
186.79.41.237 - - [01/Mar/2017:16:24:53 -0300] "GET /cormun/servlet/solicitudotcontratos?8806f5743c2866d85edd96b7fa3e32d66e4f1a4789e37c9aee2ff5d32acf785a2ab7c5042824cac1434a043eebb73c31f19beb504458d15ac75b3527e6bbc51a366e41ef889410c8cb580ef7ededa57624f0b20bd1e197e535a761c8bd6edb3a430408e87695571fe9437e9cde94ca781565118338b9e59c6c1802ee70a0cda7,gx-no-cache=1488396361478 HTTP/1.1" 200 30
186.79.41.237 - - [01/Mar/2017:16:24:54 -0300] "POST /cormun/servlet/solicitudotcontratos?4b0de1452a422c9e3e07ba425400fb6e,INS,2017,0,18041670,6,6,2016,4982,INTEGRACION,201701,9,*,,gx-no-cache=1488396361586 HTTP/1.1" 200 93
186.79.41.237 - - [01/Mar/2017:16:24:54 -0300] "GET /cormun/servlet/hpexe_return? HTTP/1.1" 200 1046
192.168.10.96 - - [01/Mar/2017:16:24:54 -0300] "GET /cormun/servlet/solicitudgral?UPD,2017,4919, HTTP/1.1" 200 11835
186.79.41.237 - - [01/Mar/2017:16:24:54 -0300] "GET /cormun/servlet/trcontratosolicitud HTTP/1.1" 200 11499
192.168.10.96 - - [01/Mar/2017:16:24:54 -0300] "GET /cormun/servlet/solicitudgral?UPD,2017,4919, HTTP/1.1" 200 11844
186.79.41.237 - - [01/Mar/2017:16:24:54 -0300] "GET /cormun/servlet/trcontratosolicitud HTTP/1.1" 200 11495
192.168.10.96 - - [01/Mar/2017:16:24:55 -0300] "POST /cormun/servlet/solicitudgral?gx-no-cache=1488399581734 HTTP/1.1" 200 3170
192.168.10.96 - - [01/Mar/2017:16:24:55 -0300] "GET /cormun/servlet/solicitudgral?fdd225f8d1398ecab9995d1cc90a84b9ad6795bae0e59fdaa961991dd2bd947579cb6fa5c489a51fd19b48a10401a6630accb188ef7bd4481d9c049ab2e610064dc4421839ad375956dd7c9dd587d6ea8dc014fd8ae03d095e2bb90822830f07e8223dec8ddaea2baabde9158733913f823c4bdf0d22692c9953becba8ef1386f07f9ed51f5b6f8840b877f3d21c771943ae7a4513aa76a61b58cfb04c7394176f2ac55fdf4ea5441e21ba90f9a86fcb4e319eaad4295bf07d2a69580d142a608b7ba26080c2dae53369fc820706ae95e094b9916aaf1142f21c39897b22a05bb7e40611c7e14699c076c441c889dee9a339c335f8c51bbd411a6ca3825478b59312af86092fcb94a95be27433d1fdcfc856ef7d89dd01d0cb9af6137b1f11ed90996eb538784c47a33a158b061650c11a049bfe18671c1f3b471938341ad8eef7e1e608f2abb99927f681408b97c175,gx-no-cache=1488399581864 HTTP/1.1" 200 257
186.103.156.24 - - [01/Mar/2017:16:24:59 -0300] "GET /cormun/servlet/trsolicitudot? HTTP/1.1" 200 6963
186.103.156.24 - - [01/Mar/2017:16:25:00 -0300] "GET /cormun/servlet/trsolicitudot? HTTP/1.1" 200 6962
186.103.159.44 - - [01/Mar/2017:16:25:04 -0300] "POST /cormun/servlet/solicitudot?a1eca94beb0487211da0878496ebd0ea,INS,0,0,,gx-no-cache=1488396369928 HTTP/1.1" 200 93
186.103.159.44 - - [01/Mar/2017:16:25:04 -0300] "GET /cormun/servlet/hpexe_return? HTTP/1.1" 200 1006
186.103.159.44 - - [01/Mar/2017:16:25:05 -0300] "GET /cormun/servlet/trsolicitudot HTTP/1.1" 200 10436
200.111.191.210 - - [01/Mar/2017:16:25:05 -0300] "POST /cormun/servlet/solicitudot?gx-no-cache=1488399893293 HTTP/1.1" 200 3165
200.111.191.210 - - [01/Mar/2017:16:25:05 -0300] "POST /cormun/servlet/solicitudot?c3993b31d5a541cd43bc0cf204b4554a,INS,0,0,,gx-no-cache=1488399893442 HTTP/1.1" 200 9757
192.168.10.96 - - [01/Mar/2017:16:25:08 -0300] "POST /cormun/servlet/solicitudgral?e8ebc7de630670a1543265a9ce52939d,UPD,2017,4919,,gx-no-cache=1488399595225 HTTP/1.1" 200 90
192.168.10.96 - - [01/Mar/2017:16:25:08 -0300] "GET /cormun/servlet/hpexe_link HTTP/1.1" 200 963
192.168.10.96 - - [01/Mar/2017:16:25:08 -0300] "GET /cormun/servlet/trsolicitudgral HTTP/1.1" 200 10513
192.168.10.96 - - [01/Mar/2017:16:25:09 -0300] "GET /cormun/servlet/trsolicitudgral HTTP/1.1" 200 10512
200.111.191.210 - - [01/Mar/2017:16:25:09 -0300] "GET /cormun/servlet/solicitudot?04f755c0aa85fcf18b13bdeeacc076bfe1e443cc56e4d92cb6327532667b09c063df312e6a55fbd81ac2aecd7048d2df,gx-no-cache=1488399897245 HTTP/1.1" 200 30
200.111.191.210 - - [01/Mar/2017:16:25:09 -0300] "POST /cormun/servlet/solicitudot?gx-no-cache=1488399897284 HTTP/1.1" 200 255
200.111.191.210 - - [01/Mar/2017:16:25:09 -0300] "GET /cormun/servlet/solicitudot?04f755c0aa85fcf18b13bdeeacc076bf66064b6139f1e83fd17370c8a8c074fd4954ad5aa2ce2735c323603d88d91b58f4e53663351b061a355e419a70f978da2554686c6580e504a2f881ca9ab55a4d9cdbd8db8c53f4d868f26efda848621bb0fcf140c4aac03021f2e43fbdcd613bbc81a67ca1b999c1788793ed765ea13cc773847e6990c0adaf3622c682f8757796b39959b49193254d306a9acca4331042472a64daf089acb67465a331532bec8cb4a53a4f366edd4235f169d90aa30884711e14005e5d4b3cf7a3da5b4cc63771c8c369bbcf344d56f0c304ff1512f19b3269269604f9606282fe348bc544993c09b3a500639befc0bbb4a8f574eca3a99cdc582c98c7191317673d4308d3bc3f9d6fe49d5fc3c73c60d3a1f8506f0dfdf0d29807ab1649ee12b86abf8cea82defb8dc49da5d2627f7bc4d44c7fca826ee12dcde19c2ddf77ff277b8fe0c792c6a49ffe7efe47784b3f00f06d0876302f8aa1ed93078ddaa4860b95ac3904002070d8d1ebe4d7e414fe94999281aae0,gx-no-cache=1488399897315 HTTP/1.1" 200 30
186.79.41.237 - - [01/Mar/2017:16:25:10 -0300] "GET /cormun/servlet/solicitudotcontratos?INS,2017,0,16883795,k,6,2016,3293,NADA,201701,3,B, HTTP/1.1" 200 9562
200.111.191.210 - - [01/Mar/2017:16:25:12 -0300] "POST /cormun/servlet/solicitudot?gx-no-cache=1488399899862 HTTP/1.1" 200 30
186.79.41.237 - - [01/Mar/2017:16:25:12 -0300] "GET /cormun/servlet/solicitudotcontratos?INS,2017,0,16883795,k,6,2016,3293,NADA,201701,3,B, HTTP/1.1" 200 9594
186.79.41.237 - - [01/Mar/2017:16:25:12 -0300] "GET /cormun/servlet/solicitudotcontratos?8806f5743c2866d85edd96b7fa3e32d63c6fa5390b63b1135369dfa7b2c14922121a9458bf31f86d077302dbbf567418,gx-no-cache=1488396381232 HTTP/1.1" 200 30
186.79.41.237 - - [01/Mar/2017:16:25:13 -0300] "GET /cormun/servlet/solicitudotcontratos?8806f5743c2866d85edd96b7fa3e32d6254d851f0b4d79d693728016dc14f3b8404dd763086ec837a743c57547598d6bef759875f93cca033522e9e9f0288cd11686d32f31738c8df31b62a08cae31d15dab7dd39ea9e842dfc3727d1e7411e6f653b56f0d83f358fd4424e177659622806c427d9400a560fa55e517db3098a6,gx-no-cache=1488396381530 HTTP/1.1" 200 50
186.79.41.237 - - [01/Mar/2017:16:25:13 -0300] "GET /cormun/servlet/solicitudotcontratos?8806f5743c2866d85edd96b7fa3e32d62932f089f533ea53bcc132a7d2e7b36071c85553117b0856b792187b3b36dc7d,gx-no-cache=1488396381698 HTTP/1.1" 200 30
186.79.41.237 - - [01/Mar/2017:16:25:13 -0300] "GET /cormun/servlet/solicitudotcontratos?8806f5743c2866d85edd96b7fa3e32d668157581017e3a9be9317e0523c039dc7dd6c0db35e1aa7c95778a7dd3f1b38e3390f08cd57a12fdbdd8e0a7c424e68dfd7f029b0678df729152d34e0cee9196b0a40e212c157ecefb953f205abf0e9b8528ef41ca78fb186d335ab3a572cf19,gx-no-cache=1488396381904 HTTP/1.1" 200 30
186.79.41.237 - - [01/Mar/2017:16:25:13 -0300] "GET /cormun/servlet/solicitudotcontratos?8806f5743c2866d85edd96b7fa3e32d6aad2ae2294e3f513021b92ec5df5d98e5dfea1fab1926734443d0dbacb61f867991d3a5de3d97c286379849f2a8c863833ce449105de259ce18ee660f6d142d9877d2cca63507021bbeca50c0638fa04a26ec2c39936a504a21b69d4a3be4d8a30f14ad7810b4c6624d430b9ef02ff0bfbd82293e83a0295670020acc5be3ecf5f6c8b693c082cb1c93c06cc29c3f2eda973e5937a15eab706caee154e237d8ce94d1722fe54ec0a84c303e8460a565327ca04a556b9f4734ee208ae0714ead328248596a5cf07b8e7c4e5c3f74e903c4e18e10637c9eb2d413415d5f027b8ac199c57909fc75b611a2524df1467649087346632e4019491e700910383de032500d5bf206289476979d4d7a2166e633f10000b2473c12d1ab804ae173bce0bc7f79092e6e65149c21def8b58d4717d1b8c58318f9ad8ea15288caad301d4be7035125527271d3d7c883319470f90e5786eb642fd4caa9e4673de3b9f05dfee49e489e1023fcede1dc245baef6aca7b69a66003de6b8c0926ee180ca217c97a6242814f12e739fbed78abeb3e094031557e3d3b88dbef0659ff1edafcc5a68864443f21a9d93fa11609a740c95de5d746af59f0aa5e7a12a4ab2ebaebde3163efad46fe7e5e5148a1adf209846abe3586b0df63188055654b828c9b68582ad31042814f12e739fbed78abeb3e094031553cabfd7d96d51687a3dead6b60e79e780578514c1877a0e7711dd864f7ffb6e271269cdb501f42635e2189508b7d24c16266a5ca51fdb4bf12f7bb8e854e2de4,gx-no-cache=1488396382102 HTTP/1.1" 200 72
186.103.156.24 - - [01/Mar/2017:16:25:14 -0300] "POST /cormun/servlet/trsolicitudot?2b6c8a5796205769ae63734a774721e4,,gx-no-cache=1488396564110 HTTP/1.1" 200 4162
200.111.191.210 - - [01/Mar/2017:16:25:17 -0300] "GET /cormun/servlet/prsolicitudot?16364189,,,,,MD,,gxPopupLevel%3D0%3B HTTP/1.1" 200 5999
186.79.41.237 - - [01/Mar/2017:16:25:20 -0300] "GET /cormun/servlet/trcontratosolicitud HTTP/1.1" 200 11496
186.79.41.237 - - [01/Mar/2017:16:25:21 -0300] "GET /cormun/servlet/trcontratosolicitud HTTP/1.1" 200 11486
186.79.8.148 - - [01/Mar/2017:16:25:21 -0300] "POST /cormun/servlet/solicitudot?4ecf4718ae256f14aa6d95db80437236,INS,0,0,,gx-no-cache=1488396394418 HTTP/1.1" 200 93
186.79.8.148 - - [01/Mar/2017:16:25:21 -0300] "GET /cormun/servlet/hpexe_return? HTTP/1.1" 200 1007
186.79.8.148 - - [01/Mar/2017:16:25:21 -0300] "GET /cormun/static/gxcfg.js?2016101716175148 HTTP/1.1" 200 953
186.79.8.148 - - [01/Mar/2017:16:25:21 -0300] "GET /cormun/static/hpexe_return.js?2016101716175153 HTTP/1.1" 200 1633
186.79.8.148 - - [01/Mar/2017:16:25:21 -0300] "GET /cormun/servlet/trsolicitudot HTTP/1.1" 200 8014
200.111.191.210 - - [01/Mar/2017:16:25:22 -0300] "POST /cormun/servlet/solicitudot?gx-no-cache=1488399910073 HTTP/1.1" 200 296
200.111.191.210 - - [01/Mar/2017:16:25:22 -0300] "GET /cormun/static/Shared/jqueryui/images/ui-bg_highlight-soft_100_c6c2c8_1x100.png HTTP/1.1" 404 1117
200.111.191.210 - - [01/Mar/2017:16:25:22 -0300] "GET /cormun/static/Shared/jqueryui/images/ui-bg_flat_55_994d53_40x100.png HTTP/1.1" 404 1097
200.111.191.210 - - [01/Mar/2017:16:25:22 -0300] "GET /cormun/static/Shared/jqueryui/images/ui-icons_ebccce_256x240.png HTTP/1.1" 404 1089
200.111.191.210 - - [01/Mar/2017:16:25:22 -0300] "GET /cormun/static/Shared/jqueryui/images/ui-icons_82798d_256x240.png HTTP/1.1" 404 1089
200.111.191.210 - - [01/Mar/2017:16:25:22 -0300] "POST /cormun/servlet/solicitudot?gx-no-cache=1488399910112 HTTP/1.1" 200 117
200.111.191.210 - - [01/Mar/2017:16:25:22 -0300] "GET /cormun/servlet/solicitudot?04f755c0aa85fcf18b13bdeeacc076bfeff13025d391a082e7dd61d4e135a27fd13c756e2c6972b18ffb31c530ee812ed64511331c19c495529e8769d516ba82821db0bbaebf6b2b653c26b15ae5d2c7351139cbe82d2f93912d490da836481a7537905dcad19642bf35cf0ffedb288e0a3cfe58c86dbaa09a824c8010ac3fd58b69ca8945f8fc65fe674799ad6be29256b98d53d5d2f943581a78f964bbc477,gx-no-cache=1488399910144 HTTP/1.1" 200 29
200.111.191.210 - - [01/Mar/2017:16:25:22 -0300] "GET /cormun/servlet/solicitudot?04f755c0aa85fcf18b13bdeeacc076bf702b23e1351ea489b4eafec6e3c52254d0c36c29c42137bce9e0e0cafccac26d62495bdf6865810efdc8c7f24b2487d88707ece92d286522d5e848f46ff56d805b7fb6b13fd6c090d4015f6824b9112008d01848667769e070d89f490e75057aa47ccf74161a1b0c93b487ae2d65f11f01343257cf57766b0335d89a3b5cbd87e1a4ffe1c801b54f952f82d1b2edc339,gx-no-cache=1488399910164 HTTP/1.1" 200 57
200.111.191.210 - - [01/Mar/2017:16:25:22 -0300] "GET /cormun/servlet/solicitudot?04f755c0aa85fcf18b13bdeeacc076bfe82a10a88167e10a29b6444055dc1d8fd0c36c29c42137bce9e0e0cafccac26d62495bdf6865810efdc8c7f24b2487d84307be3edfa53197964cd8bf9e2f7ebbe7098dc69651fdbd7b31ce439d92fd73ba3c48ff2d89d7c8aefb57be385ad2a55bdb17ed22b0a616df0c4e9499a8c810,gx-no-cache=1488399910186 HTTP/1.1" 200 57
186.79.8.148 - - [01/Mar/2017:16:25:23 -0300] "GET /cormun//static/Resources/PXToolsActionView.png HTTP/1.1" 200 2995
186.79.8.148 - - [01/Mar/2017:16:25:23 -0300] "GET /cormun/servlet/trsolicitudot HTTP/1.1" 200 8010
186.79.8.148 - - [01/Mar/2017:16:25:23 -0300] "GET /cormun//static/Resources/PXToolsGridUpdate.png HTTP/1.1" 200 2984
186.79.8.148 - - [01/Mar/2017:16:25:23 -0300] "GET /cormun//static/Resources/PXToolsGridDelete.png HTTP/1.1" 200 357
186.79.8.148 - - [01/Mar/2017:16:25:23 -0300] "GET /cormun//static/Resources/PXToolsRemoveAllAction.png HTTP/1.1" 200 3558
186.79.8.148 - - [01/Mar/2017:16:25:23 -0300] "GET /cormun//static/Resources/PXTools/ActionInsert.png HTTP/1.1" 200 1482
186.103.156.24 - - [01/Mar/2017:16:25:24 -0300] "GET /cormun/Manuales/ManualSolicitud.pdf HTTP/1.1" 200 850295
186.79.8.148 - - [01/Mar/2017:16:25:27 -0300] "GET /cormun/servlet/solicitudot?INS,0,0, HTTP/1.1" 200 12536
186.79.8.148 - - [01/Mar/2017:16:25:28 -0300] "GET /cormun/servlet/solicitudot?INS,0,0, HTTP/1.1" 200 12540
186.103.159.44 - - [01/Mar/2017:16:25:31 -0300] "GET /cormun/servlet/solicitudot?INS,0,0, HTTP/1.1" 200 12575
200.111.191.210 - - [01/Mar/2017:16:25:43 -0300] "POST /cormun/servlet/solicitudot?gx-no-cache=1488399930676 HTTP/1.1" 200 1291
200.111.191.210 - - [01/Mar/2017:16:25:43 -0300] "GET /cormun/static/menuarrow.gif HTTP/1.1" 404 1015
192.168.10.89 - - [01/Mar/2017:16:25:44 -0300] "GET /cormun/servlet/solicitudgral?UPD,2017,4835, HTTP/1.1" 200 12162
186.103.159.44 - - [01/Mar/2017:16:25:46 -0300] "POST /cormun/servlet/solicitudot?gx-no-cache=1488396411656 HTTP/1.1" 200 3187
186.103.156.24 - - [01/Mar/2017:16:25:46 -0300] "GET /cormun/servlet/trsolicitudot? HTTP/1.1" 200 6950
192.168.10.89 - - [01/Mar/2017:16:25:46 -0300] "GET /cormun/servlet/solicitudgral?UPD,2017,4835, HTTP/1.1" 200 12172
186.103.159.44 - - [01/Mar/2017:16:25:46 -0300] "POST /cormun/servlet/solicitudot?a1eca94beb0487211da0878496ebd0ea,INS,0,0,,gx-no-cache=1488396412097 HTTP/1.1" 200 9768
186.103.156.24 - - [01/Mar/2017:16:25:47 -0300] "GET /cormun/servlet/trsolicitudot? HTTP/1.1" 200 6950
192.168.10.89 - - [01/Mar/2017:16:25:48 -0300] "POST /cormun/servlet/solicitudgral?gx-no-cache=1488399634328 HTTP/1.1" 200 3162
192.168.10.89 - - [01/Mar/2017:16:25:48 -0300] "GET /cormun/servlet/solicitudgral?e8b0b31549436c50601e20054f75a84a236824e53b0bac4b496561e2e3bf1a3d4480e433a46c58741b769f5536fdf33d46d680f691422b3d0911e7827eb0aa0bf75a6d43047d15b520da893a52addded3fdd62cc97ca8afafe1c393df9319f2bb91b50aa395cc5023c4aaa52c3a57642c9951217f56919839cd939428a0cbe7ffb770eb1a0cf073f88d34b8435e9d89160d4ed29abba23f7cad5cc834584e82a739c88d013e8dd768b25334b4c3541138f2f0fc3c7b6da87f183502dc15cc117ea42bc3931db869abbe0536c5a2ba019cf54a80c737f8297fb8a63cdfd0821d3e8f28d1e93f163e06286a61b4e5bd07b77e1a6f8ac1e056fd20b98d65b593e107744e45a894d0f9abc3bb36fedd84dfdfd278f7f3601ac0b71c10a0f3ebf78e6f5be5f1555210680af8e9662fde2f2b2bf121531a8877e7c727a80405275117a22ba7d7483362e269e4306e90ca95339,gx-no-cache=1488399634535 HTTP/1.1" 200 257
186.103.159.44 - - [01/Mar/2017:16:25:52 -0300] "GET /cormun/servlet/solicitudot?c3c94e29e4b828e2515c1c6b110f0914656103d01383edc24bfecef22fd357c68ca56fb6ae93c24e1cba1b752ae77c9e,gx-no-cache=1488396417835 HTTP/1.1" 200 30
186.103.159.44 - - [01/Mar/2017:16:25:52 -0300] "POST /cormun/servlet/solicitudot?gx-no-cache=1488396417918 HTTP/1.1" 200 240
186.103.159.44 - - [01/Mar/2017:16:25:52 -0300] "GET /cormun/servlet/solicitudot?c3c94e29e4b828e2515c1c6b110f09148c23b12b6603f55bd880a4fda09e92e26ec8e001040064692cdf01d6fbb03cdbf7847890749b65382c18e4fcd585150d9493e3de20bd78215be6e45fefaaab6ab270471b427b8db4daad232b5621f3abc10a380de6683bb12d6decfde5f977b411c704988edee73b5e5e4939f181eef67b53b360c74f7e44f523bcd37f1dff3947b33ece805291b10a2c8470a5367886b169a475ed99d2b1f82546d23711ff803a355792e2d9f98a8c9a881f8029d4e8b69511050391bff3ea5eabb7cc9a351ebed5bcdf0a8c418c3deaea7245bac49141e0db448f5baaea60c5b0c72319475b36edf38f4321df3060efbdc3abf6db8ace1e26c088d3da270c26814edc81ebd645edb016b4c6fda9f42713bc4746cfbb15d8514c2280ab5cf4379bb74b7ba65a872cb208a149db02d40a1b5dc37cbf47f2105cae86cf05345332b20c568a8677282ffd84dfe9fa96dbc7a0b33bfbfb0967e3730d0337a2048c5e90d18b8ddd49e1440eef3895934068bafc89a00f6d4a,gx-no-cache=1488396417984 HTTP/1.1" 200 30
192.168.10.89 - - [01/Mar/2017:16:25:54 -0300] "GET /cormun/servlet/solicitudgral?e8b0b31549436c50601e20054f75a84ad4dd23fdda6d7c7be126bf9eaf7943975ea791eb1557f5e61d4db684aed9afed6a0822ebae87dfda999c2e73597bd274af448c5fded412f16918cffe60121c5c2ddec566fb26231ab92d0c77fb45d35ddfbacefc97c5d20aacdafc2d6605713ec4fbcd4a0ae33ab166f1a39200486376877e0a904a34b92fcc3dfb6c07ea75a9e3a85c8d9ce5ffcda34b6ccee83411e45c9b2a2949b786774557a26856573450bab4dd376a97d66fca57c9200c38954f12f9ac63d2c1f093fed4722f7fd43e8a6ac3f934018b94126fbd261de69cedeb79cdfd37e6f96f6227fe849e27345ab209435fdbdbb2ba0188b2bfa0dbac970a9e080f87efa35a9a4402c318252a627aa0643225a55ad60444d788e0287cbcc605c988270d1ee0b6eaea0fc69a6175dc8eee018b134ba0765370f0b8d2bfcb2e7c3dcba9f850dcdd26e91379749515864853b7b758ae937200d4f9d3669d4a36ed69122f2be9f2dc65f175b165d6c13879bfefbbc45eae353da67a91455220067ce783d771060f8d2dcbc36ea75cacea4dfa6d087ec8e91bf999dba048c53476a17008b0663b88169fab7d3ef8cadb47caae7e42a146c5a1eea31fc67aa72b997a3ed2d33fbc72e7750883236dec5af3461560f7ebc7f226e784e0f560989d64291caef1a8a02929c6b3a9b698a176f90f0ae5757ff077d952f6d72e88222f0cdc416559d12a22c82b91ba0c4a8a4c1f51098197677ed68f212c3b296103eb9d3dd2e21848608b0d1457c725e7affa11,gx-no-cache=1488399640383 HTTP/1.1" 200 48
186.103.159.44 - - [01/Mar/2017:16:25:54 -0300] "POST /cormun/servlet/solicitudot?gx-no-cache=1488396420681 HTTP/1.1" 200 30
192.168.10.89 - - [01/Mar/2017:16:25:55 -0300] "POST /cormun/servlet/solicitudgral?4c09c947ad57f77880682ecfaab0c69f,UPD,2017,4835,,gx-no-cache=1488399641597 HTTP/1.1" 200 10547
192.168.10.89 - - [01/Mar/2017:16:25:56 -0300] "GET /cormun/servlet/solicitudgral?e8b0b31549436c50601e20054f75a84a491bcf941b206b70d6897a11643a5662a88fdd73d369e2121ea5012872b982f27c13b9a8641c236a6df708c0f19e72a9e3f7ddd9d1208b048009a4f8fc028bd1b5147f159b8d01748ef41089b1528b64f7b7a393a056f10af261b66d2f0ccf2610f7f742b02cc7b58a79bbb7468bad5d16c4800624a5449c2c0dd15ba2e9a82d117d2f6d96c88d665943d44a1218bf8d,gx-no-cache=1488399642700 HTTP/1.1" 200 29
192.168.10.89 - - [01/Mar/2017:16:25:56 -0300] "POST /cormun/servlet/solicitudgral?gx-no-cache=1488399642749 HTTP/1.1" 200 1249
192.168.10.89 - - [01/Mar/2017:16:25:56 -0300] "POST /cormun/servlet/solicitudgral?gx-no-cache=1488399642792 HTTP/1.1" 200 1155
200.111.191.210 - - [01/Mar/2017:16:25:58 -0300] "POST /cormun/servlet/solicitudot?gx-no-cache=1488399946400 HTTP/1.1" 200 41
192.168.10.89 - - [01/Mar/2017:16:25:59 -0300] "POST /cormun/servlet/solicitudgral?4c09c947ad57f77880682ecfaab0c69f,UPD,2017,4835,,gx-no-cache=1488399645588 HTTP/1.1" 200 93
192.168.10.89 - - [01/Mar/2017:16:25:59 -0300] "GET /cormun/servlet/hpexe_return? HTTP/1.1" 200 1006
192.168.10.89 - - [01/Mar/2017:16:26:00 -0300] "GET /cormun/servlet/trsolicitudgral HTTP/1.1" 200 12135
186.67.172.234 - - [01/Mar/2017:16:26:08 -0300] "POST /cormun/servlet/trsolicitudot?2a6fade2f5844a3b787c555adcb67b64,gx-no-cache=1488396447421 HTTP/1.1" 440 972
186.67.172.234 - - [01/Mar/2017:16:26:11 -0300] "GET /cormun/servlet/trsolicitudot HTTP/1.1" 200 7876
186.67.172.234 - - [01/Mar/2017:16:26:11 -0300] "GET /cormun/servlet/hlogin HTTP/1.1" 200 1735
186.67.172.234 - - [01/Mar/2017:16:26:12 -0300] "GET /cormun/servlet/trsolicitudot HTTP/1.1" 200 7876
192.168.10.89 - - [01/Mar/2017:16:26:17 -0300] "POST /cormun/servlet/trsolicitudgral?4c09c947ad57f77880682ecfaab0c69f,gx-no-cache=1488399663758 HTTP/1.1" 200 8575
192.168.10.89 - - [01/Mar/2017:16:26:18 -0300] "GET /cormun/static/Shared/jqueryui/images/ui-bg_flat_55_fafafa_40x100.png HTTP/1.1" 404 1097
192.168.10.89 - - [01/Mar/2017:16:26:18 -0300] "GET /cormun/static/Shared/jqueryui/images/ui-bg_highlight-soft_100_c6c2c8_1x100.png HTTP/1.1" 404 1117
192.168.10.89 - - [01/Mar/2017:16:26:18 -0300] "GET /cormun/static/Shared/jqueryui/images/ui-icons_8d78a5_256x240.png HTTP/1.1" 404 1089
192.168.10.89 - - [01/Mar/2017:16:26:18 -0300] "GET /cormun/static/Shared/jqueryui/images/ui-icons_82798d_256x240.png HTTP/1.1" 404 1089
200.111.191.210 - - [01/Mar/2017:16:26:19 -0300] "POST /cormun/servlet/solicitudot?gx-no-cache=1488399966653 HTTP/1.1" 200 1275
200.111.191.210 - - [01/Mar/2017:16:26:19 -0300] "POST /cormun/servlet/solicitudot?gx-no-cache=1488399966791 HTTP/1.1" 200 1156
200.111.191.210 - - [01/Mar/2017:16:26:19 -0300] "GET /cormun/servlet/solicitudot?04f755c0aa85fcf18b13bdeeacc076bf4e6485f79526280a229d44765aafbfee911695e6b66325126ee00d25774e8138e7e314d1f4480e495ef49db3a6e1bb473bce77d8bb223e9ffb3d5829b3db462301343257cf57766b0335d89a3b5cbd87dbf8350c290fa9f533a9bd8f3642df9e19f87319bfc193515f4ea31401ee21909a1ad2c962c54c0eee6356a936c190152b9071fce8d47e4251f5746b34cfab25151d9221f55598baf06f7a3689155c6835450184dc9109577154af214f95e34a,gx-no-cache=1488399966834 HTTP/1.1" 200 30
200.111.191.210 - - [01/Mar/2017:16:26:19 -0300] "POST /cormun/servlet/solicitudot?c3993b31d5a541cd43bc0cf204b4554a,INS,0,0,,gx-no-cache=1488399966863 HTTP/1.1" 200 93
200.111.191.210 - - [01/Mar/2017:16:26:19 -0300] "GET /cormun/servlet/hpexe_return? HTTP/1.1" 200 1010
200.111.191.210 - - [01/Mar/2017:16:26:19 -0300] "GET /cormun/servlet/trsolicitudot HTTP/1.1" 200 8317
200.111.191.210 - - [01/Mar/2017:16:26:20 -0300] "GET /cormun/servlet/trsolicitudot HTTP/1.1" 200 8313
186.67.172.234 - - [01/Mar/2017:16:26:22 -0300] "POST /cormun/servlet/hlogin?788f689102b03935b49671fe21260562,gx-no-cache=1488396461372 HTTP/1.1" 200 90
186.67.172.234 - - [01/Mar/2017:16:26:22 -0300] "GET /cormun/servlet/hpexe_link HTTP/1.1" 200 959
186.67.172.234 - - [01/Mar/2017:16:26:22 -0300] "GET /cormun/servlet/trsolicitudot HTTP/1.1" 200 8644
186.67.172.234 - - [01/Mar/2017:16:26:23 -0300] "GET /cormun/servlet/trsolicitudot HTTP/1.1" 200 8643
186.67.172.234 - - [01/Mar/2017:16:26:27 -0300] "POST /cormun/servlet/trsolicitudot?788f689102b03935b49671fe21260562,gx-no-cache=1488396466577 HTTP/1.1" 200 107
186.67.172.234 - - [01/Mar/2017:16:26:27 -0300] "GET /cormun/servlet/trsolicitudadjuntos?2017,4968, HTTP/1.1" 200 6124
186.67.172.234 - - [01/Mar/2017:16:26:28 -0300] "GET /cormun/servlet/trsolicitudadjuntos?2017,4968, HTTP/1.1" 200 6123
186.67.172.234 - - [01/Mar/2017:16:26:31 -0300] "GET /cormun/servlet/solicitudotadjuntos?INS,2017,4968,,1, HTTP/1.1" 200 6051
186.67.172.234 - - [01/Mar/2017:16:26:31 -0300] "GET /cormun/static/about:blank HTTP/1.1" 404 1011
186.67.172.234 - - [01/Mar/2017:16:26:32 -0300] "GET /cormun/servlet/solicitudotadjuntos?INS,2017,4968,,1, HTTP/1.1" 200 6045
186.103.156.24 - - [01/Mar/2017:16:26:32 -0300] "GET /cormun/servlet/trsolicitudot? HTTP/1.1" 200 6950
186.67.172.234 - - [01/Mar/2017:16:26:32 -0300] "GET /cormun/servlet/solicitudotadjuntos?b9a03848b24a44faf3f8f47ae02ff23a8acd5b46c6203b25c3dca2ffff18dca8912f47b40868deba04d4824d6db39ca2,gx-no-cache=1488396471372 HTTP/1.1" 200 30
186.67.172.234 - - [01/Mar/2017:16:26:32 -0300] "POST /cormun/servlet/solicitudotadjuntos?788f689102b03935b49671fe21260562,INS,2017,4968,,1,,gx-no-cache=1488396471465 HTTP/1.1" 200 3861
186.103.156.24 - - [01/Mar/2017:16:26:33 -0300] "GET /cormun/servlet/trsolicitudot? HTTP/1.1" 200 6950
