186.103.157.42 - - [01/Mar/2017:15:48:05 -0300] "POST /cormun/servlet/solicitudot?9981b113ba3e4ce259bb6b53d6b840e0,INS,0,0,,gx-no-cache=1488394022884 HTTP/1.1" 200 11775
186.103.159.46 - - [01/Mar/2017:15:48:06 -0300] "GET /cormun/servlet/trsolicitudot? HTTP/1.1" 200 6956
186.103.159.46 - - [01/Mar/2017:15:48:06 -0300] "GET /cormun/static/calendar-system.css?85620 HTTP/1.1" 200 5572
186.103.159.46 - - [01/Mar/2017:15:48:06 -0300] "GET /cormun/static/gxui/gxui-all.css?120300 HTTP/1.1" 200 2179
186.103.159.46 - - [01/Mar/2017:15:48:06 -0300] "GET /cormun/static/calendar-es.js?85251 HTTP/1.1" 200 1901
186.103.159.46 - - [01/Mar/2017:15:48:06 -0300] "GET /cormun/static/gxcfg.js?20171191044697 HTTP/1.1" 200 953
186.103.159.188 - - [01/Mar/2017:15:48:07 -0300] "POST /cormun/servlet/trsolicitudot?9e6e45ada3b566be3db79f072927bedb,,gx-no-cache=1488394158745 HTTP/1.1" 200 105
186.103.159.188 - - [01/Mar/2017:15:48:07 -0300] "GET /cormun/servlet/solicitudot?UPD,2017,4944, HTTP/1.1" 200 14273
186.103.159.46 - - [01/Mar/2017:15:48:07 -0300] "GET /cormun/static/calendar-setup.js?85251 HTTP/1.1" 200 2588
186.103.159.46 - - [01/Mar/2017:15:48:07 -0300] "GET /cormun/static/calendar.js?85251 HTTP/1.1" 200 26246
186.103.159.46 - - [01/Mar/2017:15:48:08 -0300] "GET /cormun/static/gxdec.js?85251 HTTP/1.1" 200 19579
186.103.159.188 - - [01/Mar/2017:15:48:08 -0300] "GET /cormun/servlet/solicitudot?UPD,2017,4944, HTTP/1.1" 200 14283
186.103.159.46 - - [01/Mar/2017:15:48:08 -0300] "GET /cormun/static/trsolicitudot.js?20171191045625 HTTP/1.1" 200 53117
186.103.159.46 - - [01/Mar/2017:15:48:08 -0300] "GET /cormun/static/Resources/PXTools/calendar.png HTTP/1.1" 200 1306
186.103.159.46 - - [01/Mar/2017:15:48:08 -0300] "GET /cormun/static/Resources/PXToolsDataSearch.png HTTP/1.1" 200 419
186.103.159.46 - - [01/Mar/2017:15:48:08 -0300] "GET /cormun/static/Resources/PXToolsGridFirstDisabled.gif HTTP/1.1" 200 100
186.103.159.46 - - [01/Mar/2017:15:48:08 -0300] "GET /cormun/static/Resources/PXToolsGridPreviousDisabled.gif HTTP/1.1" 200 90
186.103.159.188 - - [01/Mar/2017:15:48:08 -0300] "POST /cormun/servlet/solicitudot?gx-no-cache=1488394159947 HTTP/1.1" 200 3189
186.103.159.46 - - [01/Mar/2017:15:48:09 -0300] "GET /cormun/static/Resources/PXToolsGridNextDisabled.gif HTTP/1.1" 200 90
186.103.159.46 - - [01/Mar/2017:15:48:09 -0300] "GET /cormun/static/Resources/PXToolsGridLastDisabled.gif HTTP/1.1" 200 98
186.103.159.188 - - [01/Mar/2017:15:48:09 -0300] "POST /cormun/servlet/solicitudot?9e6e45ada3b566be3db79f072927bedb,UPD,2017,4944,,gx-no-cache=1488394160430 HTTP/1.1" 200 10872
186.103.159.46 - - [01/Mar/2017:15:48:09 -0300] "GET /cormun/static/Resources/PXToolsGridPage.gif HTTP/1.1" 200 725
186.103.159.188 - - [01/Mar/2017:15:48:09 -0300] "GET /cormun/servlet/solicitudot?e0c8e3e4fbb7b8ed51c1b104e10ede6b603aea9f2feb981add641a1f19024e638237230f8b6a7f9ff650d921ba26fc37,gx-no-cache=1488394160695 HTTP/1.1" 200 30
186.103.159.46 - - [01/Mar/2017:15:48:09 -0300] "GET /cormun/static/Resources/PXToolsActionExcel.png HTTP/1.1" 200 3187
186.103.159.46 - - [01/Mar/2017:15:48:09 -0300] "GET /cormun/static/Resources/PXToolsGridNew.png HTTP/1.1" 200 2949
186.103.159.188 - - [01/Mar/2017:15:48:09 -0300] "POST /cormun/servlet/solicitudot?gx-no-cache=1488394160758 HTTP/1.1" 200 256
186.103.159.188 - - [01/Mar/2017:15:48:09 -0300] "GET /cormun/servlet/solicitudot?e0c8e3e4fbb7b8ed51c1b104e10ede6ba338df5f61488f667f03f5d87137499b59297a6ab6ba3720d8af771bb7ff13df356b20caaff3504f279cd1fd50b7839d9e8ebd656f0bf5749a1d352641e579d907d7bdf68b35c837c82586a49de307b6ea0c7498fccae5c0621356cc50e56650b20f796f1f41671625d5f7ac1403ce5074649c298f6e6edc9c661034f57721b58bcf8e38dc91dbd52f05f88fb8dbd23a53e97baef18c371b8440ac5fbc51853b163eaf516d909b7b6701a2f7f52d23bc47cdd7c5f1ba50663c7588a1f39f3a2e2e470c7241f0b9228535166a246874c99f801a00df04f4c03bd77528e87cd62c2367e6f675456290165f030e0202ff42890d9b4be5e7c4bf54169b98f40a5490930adcdb3becd4f492aaffd36f99cb9b21a9c62f25dac6515bb6b2888c51f11ac427e91163701946a74ef31e105df15fa8f4ceb71855677f95159b54b9872e070b4d976fc3a44a4998d7f0caaed6754acbfb99c77ed0dc26bfbc2bb12eacf0369e265c99a142e1611a84699249ecda8a,gx-no-cache=1488394160820 HTTP/1.1" 200 30
186.103.159.188 - - [01/Mar/2017:15:48:09 -0300] "POST /cormun/servlet/solicitudot?gx-no-cache=1488394161148 HTTP/1.1" 200 30
186.103.159.188 - - [01/Mar/2017:15:48:09 -0300] "POST /cormun/servlet/solicitudot?gx-no-cache=1488394161210 HTTP/1.1" 200 1291
186.103.159.188 - - [01/Mar/2017:15:48:09 -0300] "POST /cormun/servlet/solicitudot?gx-no-cache=1488394161319 HTTP/1.1" 200 41
186.103.159.46 - - [01/Mar/2017:15:48:16 -0300] "GET /cormun/static/Shared/ext/resources/css/ext-all.css?215870 HTTP/1.1" 200 416045
186.79.41.237 - - [01/Mar/2017:15:48:16 -0300] "POST /cormun/servlet/solicitudotcontratos?gx-no-cache=1488394164804 HTTP/1.1" 200 83
186.103.159.46 - - [01/Mar/2017:15:48:18 -0300] "GET /cormun/static/Resources/asc.gif HTTP/1.1" 200 67
186.103.159.46 - - [01/Mar/2017:15:48:18 -0300] "GET /cormun/static/Resources/desc.gif HTTP/1.1" 200 65
186.103.159.46 - - [01/Mar/2017:15:48:18 -0300] "GET /cormun/servlet/trsolicitudot? HTTP/1.1" 200 6955
186.103.159.46 - - [01/Mar/2017:15:48:18 -0300] "GET /cormun/static/Shared/ext/resources/themes/images/default/panel/bg-headersPanel.png HTTP/1.1" 200 255
186.103.159.46 - - [01/Mar/2017:15:48:18 -0300] "GET /cormun/static/Shared/ext/resources/themes/images/default/tools/tool-sprites.gif HTTP/1.1" 200 5434
186.79.41.237 - - [01/Mar/2017:15:48:21 -0300] "POST /cormun/servlet/solicitudotcontratos?6c0eb8d8e4754480ec10566af5b47f6d,INS,2017,0,17476807,2,6,2016,3289,NADA,201701,3,B,,gx-no-cache=1488394169754 HTTP/1.1" 200 10416
186.79.41.237 - - [01/Mar/2017:15:48:22 -0300] "POST /cormun/servlet/solicitudotcontratos?gx-no-cache=1488394170525 HTTP/1.1" 200 1276
186.79.41.237 - - [01/Mar/2017:15:48:22 -0300] "POST /cormun/servlet/solicitudotcontratos?gx-no-cache=1488394170814 HTTP/1.1" 200 1155
186.79.41.237 - - [01/Mar/2017:15:48:22 -0300] "GET /cormun/servlet/solicitudotcontratos?d50cf3b555acfc55fb1b10008f2191e2591cc6e99c4194370a2027ae36f43e8f9d3d0e6f23ab971cbb63f229ca1997407cfebd3ab218a7578c891a8010b6bbe8771ae27655b94b042216eed101fb799eb345059705e004d6d40076371b69bb96340f55372b03ae478e15d6d8cf43389c04a289aee15027b973b137c3cebf67bd,gx-no-cache=1488394171048 HTTP/1.1" 200 30
186.79.41.237 - - [01/Mar/2017:15:48:23 -0300] "POST /cormun/servlet/solicitudotcontratos?6c0eb8d8e4754480ec10566af5b47f6d,INS,2017,0,17476807,2,6,2016,3289,NADA,201701,3,B,,gx-no-cache=1488394171247 HTTP/1.1" 200 93
186.79.41.237 - - [01/Mar/2017:15:48:24 -0300] "GET /cormun/servlet/hpexe_return? HTTP/1.1" 200 1045
186.79.41.237 - - [01/Mar/2017:15:48:24 -0300] "GET /cormun/servlet/trcontratosolicitud HTTP/1.1" 200 12691
186.79.41.237 - - [01/Mar/2017:15:48:25 -0300] "GET /cormun/servlet/trcontratosolicitud HTTP/1.1" 200 12702
186.103.159.188 - - [01/Mar/2017:15:48:25 -0300] "GET /cormun/servlet/solicitudot?e0c8e3e4fbb7b8ed51c1b104e10ede6be36518f4cdd629ff7cfaf1a74037f3f3306c00f4a8b4e056a5f0a8d484689aaca6e75f2d9e63b48fe8cef870ce5ec1dca1433f6e8442c2e7f220211271255105f8b5cd6a36506f21694d1c5d520bda58d356c324de0e1333055dabf0a34653d99ab678d357dc8c4d5d712ab5959f208729d2b0f4d258014038d43a2132fea18553c2dabe79a93ebc545a8679b285cf4c,gx-no-cache=1488394176965 HTTP/1.1" 200 29
186.103.159.188 - - [01/Mar/2017:15:48:25 -0300] "POST /cormun/servlet/solicitudot?gx-no-cache=1488394177027 HTTP/1.1" 200 1273
186.103.159.188 - - [01/Mar/2017:15:48:25 -0300] "POST /cormun/servlet/solicitudot?gx-no-cache=1488394177105 HTTP/1.1" 200 1157
186.103.159.188 - - [01/Mar/2017:15:48:25 -0300] "GET /cormun/servlet/solicitudot?e0c8e3e4fbb7b8ed51c1b104e10ede6ba81acb9f8dd1173103673316412e00cbf36ce68c81bb8efa92e399fd2bfe33c797cbada391561f4c764ebeb371e857b57db74523241c6450ce849c673ec01f95574f7c1964e6b74d58aa84c9fcc46f61c9c54e062cdb71dd5e55b6d98131eca658daed4e5e5a5fd707ae73ac31aa474d6ee83976508962c63211843aaabe3e6b817010abebbd34b510b94e39ad382f3b7ee3b98f96081aca2c3ab4194187888f,gx-no-cache=1488394177183 HTTP/1.1" 200 32
186.103.159.188 - - [01/Mar/2017:15:48:26 -0300] "POST /cormun/servlet/solicitudot?9e6e45ada3b566be3db79f072927bedb,UPD,2017,4944,,gx-no-cache=1488394177230 HTTP/1.1" 200 93
186.103.159.188 - - [01/Mar/2017:15:48:26 -0300] "GET /cormun/servlet/hpexe_return? HTTP/1.1" 200 1016
186.103.159.188 - - [01/Mar/2017:15:48:26 -0300] "GET /cormun/servlet/trsolicitudot HTTP/1.1" 200 8483
186.103.159.188 - - [01/Mar/2017:15:48:26 -0300] "GET /cormun/servlet/trsolicitudot HTTP/1.1" 200 8479
186.103.157.42 - - [01/Mar/2017:15:48:33 -0300] "GET /cormun/servlet/hlogin HTTP/1.1" 200 1720
186.103.157.42 - - [01/Mar/2017:15:48:34 -0300] "GET /cormun/static/gxcfg.js?201612216162538 HTTP/1.1" 304 -
186.103.157.42 - - [01/Mar/2017:15:48:34 -0300] "GET /cormun/servlet/hlogin HTTP/1.1" 200 1728
186.103.159.46 - - [01/Mar/2017:15:48:34 -0300] "GET /cormun/servlet/trautorizarsolicitud? HTTP/1.1" 200 6908
186.103.159.46 - - [01/Mar/2017:15:48:34 -0300] "GET /cormun/static/gxcfg.js?2017259112829 HTTP/1.1" 200 953
186.103.159.46 - - [01/Mar/2017:15:48:34 -0300] "GET /cormun/static/trautorizarsolicitud.js?2017259113483 HTTP/1.1" 200 53096
186.103.159.46 - - [01/Mar/2017:15:48:35 -0300] "GET /cormun/servlet/trautorizarsolicitud? HTTP/1.1" 200 6908
186.103.157.42 - - [01/Mar/2017:15:48:37 -0300] "POST /cormun/servlet/hlogin?fc574b374c7b34cb86294b5db541a4c0,gx-no-cache=1488394193232 HTTP/1.1" 200 90
186.103.157.42 - - [01/Mar/2017:15:48:37 -0300] "GET /cormun/servlet/hpexe_link HTTP/1.1" 200 951
186.103.157.42 - - [01/Mar/2017:15:48:38 -0300] "GET /cormun/static/gxcfg.js?201612218515529 HTTP/1.1" 304 -
186.103.157.42 - - [01/Mar/2017:15:48:38 -0300] "GET /cormun/servlet/hhome HTTP/1.1" 200 4041
186.103.157.42 - - [01/Mar/2017:15:48:38 -0300] "GET /cormun/static/gxcfg.js?201612218515568 HTTP/1.1" 304 -
186.103.159.188 - - [01/Mar/2017:15:48:38 -0300] "POST /cormun/servlet/trsolicitudot?9e6e45ada3b566be3db79f072927bedb,gx-no-cache=1488394190053 HTTP/1.1" 200 106
186.103.159.188 - - [01/Mar/2017:15:48:38 -0300] "GET /cormun/servlet/solicitudot?UPD,2017,4949, HTTP/1.1" 200 14253
186.103.157.42 - - [01/Mar/2017:15:48:39 -0300] "GET /cormun/servlet/hhome HTTP/1.1" 200 4037
186.103.159.188 - - [01/Mar/2017:15:48:39 -0300] "GET /cormun/servlet/solicitudot?UPD,2017,4949, HTTP/1.1" 200 14262
186.103.159.188 - - [01/Mar/2017:15:48:40 -0300] "POST /cormun/servlet/solicitudot?gx-no-cache=1488394191052 HTTP/1.1" 200 3197
186.103.159.188 - - [01/Mar/2017:15:48:40 -0300] "POST /cormun/servlet/solicitudot?9e6e45ada3b566be3db79f072927bedb,UPD,2017,4949,,gx-no-cache=1488394191598 HTTP/1.1" 200 10857
186.103.159.188 - - [01/Mar/2017:15:48:40 -0300] "GET /cormun/servlet/solicitudot?e0c8e3e4fbb7b8ed51c1b104e10ede6ba36a8dde4cf4b3e8703baba5a80dab0e8237230f8b6a7f9ff650d921ba26fc37,gx-no-cache=1488394191863 HTTP/1.1" 200 30
186.103.159.188 - - [01/Mar/2017:15:48:40 -0300] "POST /cormun/servlet/solicitudot?gx-no-cache=1488394191894 HTTP/1.1" 200 238
186.103.159.188 - - [01/Mar/2017:15:48:40 -0300] "GET /cormun/servlet/solicitudot?e0c8e3e4fbb7b8ed51c1b104e10ede6ba338df5f61488f667f03f5d87137499b114a1e540b26b94d946f3f5d944e25e1356b20caaff3504f279cd1fd50b7839d9e8ebd656f0bf5749a1d352641e579d907d7bdf68b35c837c82586a49de307b6ea0c7498fccae5c0621356cc50e56650b20f796f1f41671625d5f7ac1403ce5074649c298f6e6edc9c661034f57721b58bcf8e38dc91dbd52f05f88fb8dbd23a53e97baef18c371b8440ac5fbc51853b163eaf516d909b7b6701a2f7f52d23bc47cdd7c5f1ba50663c7588a1f39f3a2e2e470c7241f0b9228535166a246874c99f801a00df04f4c03bd77528e87cd62c2367e6f675456290165f030e0202ff42890d9b4be5e7c4bf54169b98f40a549027bdf4eb26f9b47136e8e28c6814260acb5d5072d1aeb2f4d3a66c2fb7598229834933681bcf0c9d4f5a396ebfe737ee411940a6ebca329a070efa5afb59ec7c7aa9ca9000399ef14c122f6241d2aeabda1bd46c41daeb5be67b992c03eaf9cc041e86e86295e9bf0f6ede5ac441e9c9,gx-no-cache=1488394191925 HTTP/1.1" 200 30
186.103.159.188 - - [01/Mar/2017:15:48:40 -0300] "POST /cormun/servlet/solicitudot?gx-no-cache=1488394192284 HTTP/1.1" 200 30
186.103.159.188 - - [01/Mar/2017:15:48:41 -0300] "POST /cormun/servlet/solicitudot?gx-no-cache=1488394192362 HTTP/1.1" 200 1291
186.103.159.188 - - [01/Mar/2017:15:48:41 -0300] "POST /cormun/servlet/solicitudot?gx-no-cache=1488394192814 HTTP/1.1" 200 41
186.103.159.188 - - [01/Mar/2017:15:48:43 -0300] "POST /cormun/servlet/solicitudot?9e6e45ada3b566be3db79f072927bedb,UPD,2017,4949,,gx-no-cache=1488394194998 HTTP/1.1" 200 93
186.103.159.188 - - [01/Mar/2017:15:48:43 -0300] "GET /cormun/servlet/hpexe_return? HTTP/1.1" 200 1016
186.103.159.188 - - [01/Mar/2017:15:48:43 -0300] "GET /cormun/servlet/trsolicitudot HTTP/1.1" 200 8483
186.103.159.188 - - [01/Mar/2017:15:48:44 -0300] "GET /cormun/servlet/trsolicitudot HTTP/1.1" 200 8479
186.103.159.188 - - [01/Mar/2017:15:48:46 -0300] "POST /cormun/servlet/trsolicitudot?9e6e45ada3b566be3db79f072927bedb,gx-no-cache=1488394197385 HTTP/1.1" 200 105
186.103.159.188 - - [01/Mar/2017:15:48:46 -0300] "GET /cormun/servlet/solicitudot?UPD,2017,4944, HTTP/1.1" 200 14270
186.103.159.188 - - [01/Mar/2017:15:48:46 -0300] "GET /cormun/servlet/solicitudot?UPD,2017,4944, HTTP/1.1" 200 14280
186.103.159.46 - - [01/Mar/2017:15:48:46 -0300] "GET /cormun/servlet/trvisualizadoreventos? HTTP/1.1" 200 6710
186.103.159.46 - - [01/Mar/2017:15:48:47 -0300] "GET /cormun/static/gxcfg.js?2016101716203350 HTTP/1.1" 200 953
186.103.159.46 - - [01/Mar/2017:15:48:47 -0300] "GET /cormun/static/Resources/PXToolsActionPrint.png HTTP/1.1" 200 3317
186.103.159.188 - - [01/Mar/2017:15:48:47 -0300] "POST /cormun/servlet/solicitudot?gx-no-cache=1488394198399 HTTP/1.1" 200 3189
186.103.159.46 - - [01/Mar/2017:15:48:47 -0300] "GET /cormun/static/trvisualizadoreventos.js?2016101716203614 HTTP/1.1" 200 19309
186.103.159.188 - - [01/Mar/2017:15:48:47 -0300] "POST /cormun/servlet/solicitudot?9e6e45ada3b566be3db79f072927bedb,UPD,2017,4944,,gx-no-cache=1488394198649 HTTP/1.1" 200 10873
186.103.159.188 - - [01/Mar/2017:15:48:47 -0300] "GET /cormun/servlet/solicitudot?e0c8e3e4fbb7b8ed51c1b104e10ede6b603aea9f2feb981add641a1f19024e638237230f8b6a7f9ff650d921ba26fc37,gx-no-cache=1488394199008 HTTP/1.1" 200 30
186.103.159.188 - - [01/Mar/2017:15:48:47 -0300] "POST /cormun/servlet/solicitudot?gx-no-cache=1488394199023 HTTP/1.1" 200 256
186.103.159.188 - - [01/Mar/2017:15:48:48 -0300] "GET /cormun/servlet/solicitudot?e0c8e3e4fbb7b8ed51c1b104e10ede6ba338df5f61488f667f03f5d87137499b59297a6ab6ba3720d8af771bb7ff13df356b20caaff3504f279cd1fd50b7839d9e8ebd656f0bf5749a1d352641e579d907d7bdf68b35c837c82586a49de307b6ea0c7498fccae5c0621356cc50e56650b20f796f1f41671625d5f7ac1403ce5074649c298f6e6edc9c661034f57721b58bcf8e38dc91dbd52f05f88fb8dbd23a53e97baef18c371b8440ac5fbc51853b163eaf516d909b7b6701a2f7f52d23bc47cdd7c5f1ba50663c7588a1f39f3a2e2e470c7241f0b9228535166a246874c99f801a00df04f4c03bd77528e87cd62c2367e6f675456290165f030e0202ff42890d9b4be5e7c4bf54169b98f40a5490930adcdb3becd4f492aaffd36f99cb9b21a9c62f25dac6515bb6b2888c51f11ac427e91163701946a74ef31e105df15fa8f4ceb71855677f95159b54b9872e070b4d976fc3a44a4998d7f0caaed6754acbfb99c77ed0dc26bfbc2bb12eacf0369e265c99a142e1611a84699249ecda8a,gx-no-cache=1488394199101 HTTP/1.1" 200 30
186.103.159.188 - - [01/Mar/2017:15:48:48 -0300] "POST /cormun/servlet/solicitudot?gx-no-cache=1488394199444 HTTP/1.1" 200 30
186.103.159.188 - - [01/Mar/2017:15:48:48 -0300] "POST /cormun/servlet/solicitudot?gx-no-cache=1488394199507 HTTP/1.1" 200 1290
186.103.159.188 - - [01/Mar/2017:15:48:48 -0300] "POST /cormun/servlet/solicitudot?gx-no-cache=1488394199600 HTTP/1.1" 200 41
186.103.159.46 - - [01/Mar/2017:15:48:48 -0300] "GET /cormun/servlet/trvisualizadoreventos? HTTP/1.1" 200 6709
186.103.159.44 - - [01/Mar/2017:15:48:48 -0300] "POST /cormun/servlet/solicitudot?gx-no-cache=1488394194248 HTTP/1.1" 200 240
186.103.159.46 - - [01/Mar/2017:15:48:52 -0300] "GET /cormun/servlet/trcontratosolicitud? HTTP/1.1" 200 13834
186.103.159.46 - - [01/Mar/2017:15:48:52 -0300] "GET /cormun/static/gxcfg.js?20171317451682 HTTP/1.1" 200 953
186.103.159.46 - - [01/Mar/2017:15:48:52 -0300] "GET /cormun/static/trcontratosolicitud.js?20171317452124 HTTP/1.1" 200 28173
186.103.159.46 - - [01/Mar/2017:15:48:53 -0300] "GET /cormun//static/Resources/PXToolsActionDisabled.gif HTTP/1.1" 200 53
186.103.159.46 - - [01/Mar/2017:15:48:53 -0300] "GET /cormun//static/Resources/PXToolsGridNew.png HTTP/1.1" 200 2949
186.103.159.46 - - [01/Mar/2017:15:48:53 -0300] "GET /cormun/servlet/trcontratosolicitud? HTTP/1.1" 200 13843
186.103.159.188 - - [01/Mar/2017:15:48:54 -0300] "GET /cormun/servlet/solicitudot?e0c8e3e4fbb7b8ed51c1b104e10ede6be36518f4cdd629ff7cfaf1a74037f3f3306c00f4a8b4e056a5f0a8d484689aaca6e75f2d9e63b48fe8cef870ce5ec1dca1433f6e8442c2e7f220211271255105f8b5cd6a36506f21694d1c5d520bda58d356c324de0e1333055dabf0a34653d99ab678d357dc8c4d5d712ab5959f208729d2b0f4d258014038d43a2132fea18553c2dabe79a93ebc545a8679b285cf4c,gx-no-cache=1488394206028 HTTP/1.1" 200 29
186.103.159.188 - - [01/Mar/2017:15:48:54 -0300] "POST /cormun/servlet/solicitudot?gx-no-cache=1488394206059 HTTP/1.1" 200 1273
186.103.159.188 - - [01/Mar/2017:15:48:54 -0300] "POST /cormun/servlet/solicitudot?gx-no-cache=1488394206137 HTTP/1.1" 200 1157
186.103.159.188 - - [01/Mar/2017:15:48:54 -0300] "GET /cormun/servlet/solicitudot?e0c8e3e4fbb7b8ed51c1b104e10ede6ba81acb9f8dd1173103673316412e00cbf36ce68c81bb8efa92e399fd2bfe33c797cbada391561f4c764ebeb371e857b57db74523241c6450ce849c673ec01f95574f7c1964e6b74d58aa84c9fcc46f61c9c54e062cdb71dd5e55b6d98131eca658daed4e5e5a5fd707ae73ac31aa474d6ee83976508962c63211843aaabe3e6b817010abebbd34b510b94e39ad382f3b7ee3b98f96081aca2c3ab4194187888f,gx-no-cache=1488394206246 HTTP/1.1" 200 32
186.103.159.188 - - [01/Mar/2017:15:48:55 -0300] "POST /cormun/servlet/solicitudot?9e6e45ada3b566be3db79f072927bedb,UPD,2017,4944,,gx-no-cache=1488394206293 HTTP/1.1" 200 93
186.103.159.188 - - [01/Mar/2017:15:48:55 -0300] "GET /cormun/servlet/hpexe_return? HTTP/1.1" 200 1016
186.103.159.44 - - [01/Mar/2017:15:48:55 -0300] "POST /cormun/servlet/solicitudot?gx-no-cache=1488394200944 HTTP/1.1" 200 298
186.103.159.188 - - [01/Mar/2017:15:48:55 -0300] "GET /cormun/servlet/trsolicitudot HTTP/1.1" 200 8483
186.103.159.188 - - [01/Mar/2017:15:48:55 -0300] "GET /cormun/servlet/trsolicitudot HTTP/1.1" 200 8479
186.103.159.44 - - [01/Mar/2017:15:48:58 -0300] "GET /cormun/servlet/solicitudot?c3c94e29e4b828e2515c1c6b110f09148c23b12b6603f55bd880a4fda09e92e21e0ab26f8ab10a3b858bff492991ca56f7847890749b65382c18e4fcd585150d9493e3de20bd78215be6e45fefaaab6ab270471b427b8db4daad232b5621f3abc10a380de6683bb12d6decfde5f977b411c704988edee73b5e5e4939f181eef67b53b360c74f7e44f523bcd37f1dff3947b33ece805291b10a2c8470a5367886b169a475ed99d2b1f82546d23711ff803a355792e2d9f98a8c9a881f8029d4e8b69511050391bff3ea5eabb7cc9a351ebed5bcdf0a8c418c3deaea7245bac49141e0db448f5baaea60c5b0c72319475bfc900fc5147aff160e9dd0caf540a07fce1e26c088d3da270c26814edc81ebd645edb016b4c6fda9f42713bc4746cfbb15d8514c2280ab5cf4379bb74b7ba65a872cb208a149db02d40a1b5dc37cbf478e094e8744dbffd64b02875da3aab4d60d1bb9e07402ab204783bd4c70ad7a67565f08d8c2a967373ecfeef2ccef0301888cb1a94cd08968267855d8e8b3109e29fda767521d44e08ee0e83d6d112029,gx-no-cache=1488394203640 HTTP/1.1" 200 30
186.103.159.44 - - [01/Mar/2017:15:49:01 -0300] "POST /cormun/servlet/solicitudot?gx-no-cache=1488394207560 HTTP/1.1" 200 30
186.103.159.188 - - [01/Mar/2017:15:49:02 -0300] "POST /cormun/servlet/trsolicitudot?9e6e45ada3b566be3db79f072927bedb,gx-no-cache=1488394213485 HTTP/1.1" 200 5303
186.103.159.188 - - [01/Mar/2017:15:49:02 -0300] "GET /cormun/static/Shared/jqueryui/images/ui-bg_highlight-soft_100_c6c2c8_1x100.png HTTP/1.1" 404 1117
186.103.159.188 - - [01/Mar/2017:15:49:02 -0300] "GET /cormun/static/Shared/jqueryui/images/ui-icons_82798d_256x240.png HTTP/1.1" 404 1089
186.103.159.188 - - [01/Mar/2017:15:49:02 -0300] "GET /cormun/static/Shared/jqueryui/images/ui-bg_flat_55_fafafa_40x100.png HTTP/1.1" 404 1097
186.103.159.188 - - [01/Mar/2017:15:49:02 -0300] "GET /cormun/static/Shared/jqueryui/images/ui-icons_8d78a5_256x240.png HTTP/1.1" 404 1089
190.101.9.138 - - [01/Mar/2017:15:49:02 -0300] "POST /cormun/servlet/trsolicitudot?9e6e45ada3b566be3db79f072927bedb,gx-no-cache=1488394213765 HTTP/1.1" 200 5245
190.101.9.138 - - [01/Mar/2017:15:49:04 -0300] "POST /cormun/servlet/trsolicitudot?9e6e45ada3b566be3db79f072927bedb,gx-no-cache=1488394215263 HTTP/1.1" 200 4170
190.101.9.138 - - [01/Mar/2017:15:49:04 -0300] "POST /cormun/servlet/trsolicitudot?9e6e45ada3b566be3db79f072927bedb,gx-no-cache=1488394215669 HTTP/1.1" 200 3936
186.79.41.237 - - [01/Mar/2017:15:49:06 -0300] "GET /cormun/servlet/solicitudotcontratos?INS,2017,0,17476807,2,6,2016,3288,LEY+SEP,201701,2,B, HTTP/1.1" 200 9554
186.79.41.237 - - [01/Mar/2017:15:49:08 -0300] "GET /cormun/servlet/solicitudotcontratos?INS,2017,0,17476807,2,6,2016,3288,LEY+SEP,201701,2,B, HTTP/1.1" 200 9588
186.79.41.237 - - [01/Mar/2017:15:49:09 -0300] "GET /cormun/servlet/solicitudotcontratos?d50cf3b555acfc55fb1b10008f2191e214e1a9e18292ef1683045a2ce324dc8fd079893a8a211b3cdd590ac0d7504889,gx-no-cache=1488394217426 HTTP/1.1" 200 30
186.79.41.237 - - [01/Mar/2017:15:49:09 -0300] "GET /cormun/servlet/solicitudotcontratos?d50cf3b555acfc55fb1b10008f2191e28e28eaf6e0964123cac6375852fdcdd2cb96459306ad5f9009f3f5719aa90c9bffb04910a29b8382b71bf46315827774888c1f114c4ff54296bdc81d3c0a8598a81ccb88391f7535a6b6fa2a312bea18b4eb4737d782a139bd03ab24b2ed1b25445d6abc02a3c62ad2981c7363370edb,gx-no-cache=1488394217685 HTTP/1.1" 200 50
186.79.41.237 - - [01/Mar/2017:15:49:09 -0300] "GET /cormun/servlet/solicitudotcontratos?d50cf3b555acfc55fb1b10008f2191e2341a0710b6a25816af8e3fda3768b8a5f92c8ac02c2c886bb08e0c558b43d8ad,gx-no-cache=1488394217815 HTTP/1.1" 200 30
186.79.41.237 - - [01/Mar/2017:15:49:09 -0300] "GET /cormun/servlet/solicitudotcontratos?d50cf3b555acfc55fb1b10008f2191e21817cda94776750beb0d7ac85c47c9f8cb7af0926868247769f2ca94a5fd1fceae4dccb76c5dd85f8be3d9ee4748755d86bc198fd4abf4cf5b8fa109156dce8245a94658630018ec6c4f6d768aed4e5e8cfe33a18607c344aecc0b7cb8e43749,gx-no-cache=1488394218014 HTTP/1.1" 200 30
186.79.41.237 - - [01/Mar/2017:15:49:09 -0300] "GET /cormun/servlet/solicitudotcontratos?d50cf3b555acfc55fb1b10008f2191e2377d2a4c97c4ee8ec6fdaf91a9e8ffeddb76723484ff6df2d02e424c4a003f661e2a752bb6791e9b881809de33c2d0dbae4dccb76c5dd85f8be3d9ee4748755d402673f1769c3d5939f6514abf2069c0cc6ce185966cde95ab49b8fec52fcf439601439035e4ad4dc643aa1c8623711caeb9d0d582013fcd2eedd4d701d40cb4ae31f4c651c21a3557859396db9a76b71e2a752bb6791e9b881809de33c2d0db8349af75943ee607efe4c0b2b9f04895abc6332df4d13e4ba726f33d0f4e19e729329614313a89c50272b496dfe1d119ffa11744d74d1ce64d1b25168c6ea49dd6d24065c37a110f380ac7b30e297bd72cc355690f83dfa328e2dc12b668364853b6ec86eb06284d0b3e7264d2d47f1069cdd5c28e5288934ba252b33f77b9cb2b9d6ceb865226f26fe4928faea5cc6945dab3006219c9f212f95ace35ed100d611bb59b12ccc3b60c4ba5d3efc9ed5d5e247583dfb15fee13283559dc17417562fbf62904cc62b5a75366255d310229547b79bfe9928ace54c575df9e65074023385cac025445f3ff25d112d955525fdd596fdb63740770bcc210576c3bce105b0491773196f12d3fddfc578aa00369edd99938108a6c0f15d581cf7f16908520bd611d1ca01b51477a6d3185ebe4b7e8cd21a9eed38befaf69f936941fc5c378e45f0b41a950e76511099f2976f8573ddca507b78593b688774d36f1a1b1a7fa35e4045eb421b6d217d5a18b0378075c4e232c15a41ecf14bd3ccf163a74883e20cbc06d7849eec010f626f346d980,gx-no-cache=1488394218225 HTTP/1.1" 200 79
186.103.159.44 - - [01/Mar/2017:15:49:22 -0300] "POST /cormun/servlet/solicitudot?gx-no-cache=1488394228563 HTTP/1.1" 200 1291
186.79.41.237 - - [01/Mar/2017:15:49:29 -0300] "GET /cormun/servlet/trcontratosolicitud HTTP/1.1" 200 12691
186.79.41.237 - - [01/Mar/2017:15:49:30 -0300] "GET /cormun/servlet/trcontratosolicitud HTTP/1.1" 200 12702
186.103.159.44 - - [01/Mar/2017:15:49:43 -0300] "POST /cormun/servlet/solicitudot?gx-no-cache=1488394249145 HTTP/1.1" 200 117
186.103.159.44 - - [01/Mar/2017:15:49:43 -0300] "GET /cormun/static/Shared/jqueryui/images/ui-bg_flat_55_994d53_40x100.png HTTP/1.1" 404 1097
186.103.159.44 - - [01/Mar/2017:15:49:43 -0300] "GET /cormun/static/Shared/jqueryui/images/ui-icons_ebccce_256x240.png HTTP/1.1" 404 1089
186.103.159.44 - - [01/Mar/2017:15:49:43 -0300] "GET /cormun/static/Shared/jqueryui/images/ui-icons_82798d_256x240.png HTTP/1.1" 404 1089
186.103.159.44 - - [01/Mar/2017:15:49:43 -0300] "GET /cormun/static/Shared/jqueryui/images/ui-bg_highlight-soft_100_c6c2c8_1x100.png HTTP/1.1" 404 1117
186.79.41.237 - - [01/Mar/2017:15:49:45 -0300] "GET /cormun/servlet/solicitudotcontratos?INS,2017,0,17476807,2,6,2016,3288,LEY+SEP,201701,2,B, HTTP/1.1" 200 9554
186.79.41.237 - - [01/Mar/2017:15:49:46 -0300] "GET /cormun/servlet/solicitudotcontratos?INS,2017,0,17476807,2,6,2016,3288,LEY+SEP,201701,2,B, HTTP/1.1" 200 9588
186.79.41.237 - - [01/Mar/2017:15:49:46 -0300] "GET /cormun/servlet/solicitudotcontratos?d50cf3b555acfc55fb1b10008f2191e214e1a9e18292ef1683045a2ce324dc8fd079893a8a211b3cdd590ac0d7504889,gx-no-cache=1488394255090 HTTP/1.1" 200 30
186.103.159.46 - - [01/Mar/2017:15:49:46 -0300] "POST /cormun/servlet/trcontratosolicitud?708e3b68504a2f359aa1657744c67a00,,gx-no-cache=1488394255108 HTTP/1.1" 200 11572
186.79.41.237 - - [01/Mar/2017:15:49:46 -0300] "GET /cormun/servlet/solicitudotcontratos?d50cf3b555acfc55fb1b10008f2191e28e28eaf6e0964123cac6375852fdcdd2cb96459306ad5f9009f3f5719aa90c9bffb04910a29b8382b71bf46315827774888c1f114c4ff54296bdc81d3c0a8598a81ccb88391f7535a6b6fa2a312bea18b4eb4737d782a139bd03ab24b2ed1b25445d6abc02a3c62ad2981c7363370edb,gx-no-cache=1488394255174 HTTP/1.1" 200 50
186.79.41.237 - - [01/Mar/2017:15:49:46 -0300] "GET /cormun/servlet/solicitudotcontratos?d50cf3b555acfc55fb1b10008f2191e2341a0710b6a25816af8e3fda3768b8a5f92c8ac02c2c886bb08e0c558b43d8ad,gx-no-cache=1488394255369 HTTP/1.1" 200 30
186.79.41.237 - - [01/Mar/2017:15:49:47 -0300] "GET /cormun/servlet/solicitudotcontratos?d50cf3b555acfc55fb1b10008f2191e21817cda94776750beb0d7ac85c47c9f8cb7af0926868247769f2ca94a5fd1fceae4dccb76c5dd85f8be3d9ee4748755d86bc198fd4abf4cf5b8fa109156dce8245a94658630018ec6c4f6d768aed4e5e8cfe33a18607c344aecc0b7cb8e43749,gx-no-cache=1488394255561 HTTP/1.1" 200 30
186.103.159.46 - - [01/Mar/2017:15:49:47 -0300] "GET /cormun/static/Resources/PXToolsGridNext.gif HTTP/1.1" 200 369
186.103.159.46 - - [01/Mar/2017:15:49:47 -0300] "GET /cormun/static/Resources/PXToolsGridLast.gif HTTP/1.1" 200 370
186.79.41.237 - - [01/Mar/2017:15:49:47 -0300] "GET /cormun/servlet/solicitudotcontratos?d50cf3b555acfc55fb1b10008f2191e2377d2a4c97c4ee8ec6fdaf91a9e8ffeddb76723484ff6df2d02e424c4a003f661e2a752bb6791e9b881809de33c2d0dbae4dccb76c5dd85f8be3d9ee4748755d402673f1769c3d5939f6514abf2069c0cc6ce185966cde95ab49b8fec52fcf439601439035e4ad4dc643aa1c8623711caeb9d0d582013fcd2eedd4d701d40cb4ae31f4c651c21a3557859396db9a76b71e2a752bb6791e9b881809de33c2d0db8349af75943ee607efe4c0b2b9f04895abc6332df4d13e4ba726f33d0f4e19e729329614313a89c50272b496dfe1d119ffa11744d74d1ce64d1b25168c6ea49dd6d24065c37a110f380ac7b30e297bd72cc355690f83dfa328e2dc12b668364853b6ec86eb06284d0b3e7264d2d47f1069cdd5c28e5288934ba252b33f77b9cb2b9d6ceb865226f26fe4928faea5cc6945dab3006219c9f212f95ace35ed100d611bb59b12ccc3b60c4ba5d3efc9ed5d5e247583dfb15fee13283559dc17417562fbf62904cc62b5a75366255d310229547b79bfe9928ace54c575df9e65074023385cac025445f3ff25d112d955525fdd596fdb63740770bcc210576c3bce105b0491773196f12d3fddfc578aa00369edd99938108a6c0f15d581cf7f16908520bd611d1ca01b51477a6d3185ebe4b7e8cd21a9eed38befaf69f936941fc5c378e45f0b41a950e76511099f2976f8573ddca507b78593b688774d36f1a1b1a7fa35e4045eb421b6d217d5a18b0378075c4e232c15a41ecf14bd3ccf163a74883e20cbc06d7849eec010f626f346d980,gx-no-cache=1488394256244 HTTP/1.1" 200 79
186.79.41.237 - - [01/Mar/2017:15:49:57 -0300] "POST /cormun/servlet/solicitudotcontratos?6c0eb8d8e4754480ec10566af5b47f6d,INS,2017,0,17476807,2,6,2016,3288,LEY+SEP,201701,2,B,,gx-no-cache=1488394265069 HTTP/1.1" 200 10412
186.79.41.237 - - [01/Mar/2017:15:49:58 -0300] "POST /cormun/servlet/solicitudotcontratos?gx-no-cache=1488394266882 HTTP/1.1" 200 1277
186.79.41.237 - - [01/Mar/2017:15:49:58 -0300] "POST /cormun/servlet/solicitudotcontratos?gx-no-cache=1488394267147 HTTP/1.1" 200 1155
186.79.41.237 - - [01/Mar/2017:15:49:58 -0300] "GET /cormun/servlet/solicitudotcontratos?d50cf3b555acfc55fb1b10008f2191e2591cc6e99c4194370a2027ae36f43e8f9d3d0e6f23ab971cbb63f229ca1997407cfebd3ab218a7578c891a8010b6bbe8771ae27655b94b042216eed101fb799eb345059705e004d6d40076371b69bb96340f55372b03ae478e15d6d8cf43389c04a289aee15027b973b137c3cebf67bd,gx-no-cache=1488394267361 HTTP/1.1" 200 30
186.79.41.237 - - [01/Mar/2017:15:49:59 -0300] "POST /cormun/servlet/solicitudotcontratos?6c0eb8d8e4754480ec10566af5b47f6d,INS,2017,0,17476807,2,6,2016,3288,LEY+SEP,201701,2,B,,gx-no-cache=1488394267451 HTTP/1.1" 200 93
186.79.41.237 - - [01/Mar/2017:15:49:59 -0300] "GET /cormun/servlet/hpexe_return? HTTP/1.1" 200 1047
186.79.41.237 - - [01/Mar/2017:15:50:00 -0300] "GET /cormun/servlet/trcontratosolicitud HTTP/1.1" 200 12577
186.79.41.237 - - [01/Mar/2017:15:50:00 -0300] "GET /cormun/servlet/trcontratosolicitud HTTP/1.1" 200 12561
186.79.41.237 - - [01/Mar/2017:15:50:30 -0300] "GET /cormun/servlet/solicitudotcontratos?INS,2017,0,17522639,7,6,2016,3291,LEY+SEP,201701,5,B, HTTP/1.1" 200 9576
186.79.41.237 - - [01/Mar/2017:15:50:30 -0300] "GET /cormun/servlet/solicitudotcontratos?INS,2017,0,17522639,7,6,2016,3291,LEY+SEP,201701,5,B, HTTP/1.1" 200 9611
186.79.41.237 - - [01/Mar/2017:15:50:31 -0300] "GET /cormun/servlet/solicitudotcontratos?d50cf3b555acfc55fb1b10008f2191e25058d5d6f90a4ce9c45f5af111a58a7ad079893a8a211b3cdd590ac0d7504889,gx-no-cache=1488394299682 HTTP/1.1" 200 30
186.79.41.237 - - [01/Mar/2017:15:50:31 -0300] "GET /cormun/servlet/solicitudotcontratos?d50cf3b555acfc55fb1b10008f2191e28e28eaf6e0964123cac6375852fdcdd2cb96459306ad5f9009f3f5719aa90c9bffb04910a29b8382b71bf46315827774888c1f114c4ff54296bdc81d3c0a8598a81ccb88391f7535a6b6fa2a312bea18b4eb4737d782a139bd03ab24b2ed1b25445d6abc02a3c62ad2981c7363370edb,gx-no-cache=1488394299958 HTTP/1.1" 200 50
186.79.41.237 - - [01/Mar/2017:15:50:32 -0300] "GET /cormun/servlet/solicitudotcontratos?d50cf3b555acfc55fb1b10008f2191e28cc76a46bc9eee732a62b714e1fb0f13e051f5c44d5c1e97bb960d2746029e14,gx-no-cache=1488394300855 HTTP/1.1" 200 30
186.79.41.237 - - [01/Mar/2017:15:50:32 -0300] "GET /cormun/servlet/solicitudotcontratos?d50cf3b555acfc55fb1b10008f2191e21817cda94776750beb0d7ac85c47c9f8cb7af0926868247769f2ca94a5fd1fceae4dccb76c5dd85f8be3d9ee4748755d86bc198fd4abf4cf5b8fa109156dce8245a94658630018ec6c4f6d768aed4e5e8cfe33a18607c344aecc0b7cb8e43749,gx-no-cache=1488394301054 HTTP/1.1" 200 30
186.79.41.237 - - [01/Mar/2017:15:50:32 -0300] "GET /cormun/servlet/solicitudotcontratos?d50cf3b555acfc55fb1b10008f2191e2377d2a4c97c4ee8ec6fdaf91a9e8ffeddb76723484ff6df2d02e424c4a003f661e2a752bb6791e9b881809de33c2d0dbae4dccb76c5dd85f8be3d9ee4748755d402673f1769c3d5939f6514abf2069c0cc6ce185966cde95ab49b8fec52fcf439601439035e4ad4dc643aa1c8623711caeb9d0d582013fcd2eedd4d701d40cb4ae31f4c651c21a3557859396db9a76b71e2a752bb6791e9b881809de33c2d0db8349af75943ee607efe4c0b2b9f04895abc6332df4d13e4ba726f33d0f4e19e729329614313a89c50272b496dfe1d119ffa11744d74d1ce64d1b25168c6ea49dd6d24065c37a110f380ac7b30e297bd72cc355690f83dfa328e2dc12b668364853b6ec86eb06284d0b3e7264d2d47f1069cdd5c28e5288934ba252b33f77b9cb2b9d6ceb865226f26fe4928faea5cc6945dab3006219c9f212f95ace35ed100d611bb59b12ccc3b60c4ba5d3efc9ed5d5e247583dfb15fee13283559dc17417562fbf62904cc62b5a75366255d310229547b79bfe9928ace54c575df9e65074023385cac025445f3ff25d112d955525fdd596fdb63740770bcc210576c3bce105b0491773196f12d3fddfc578aa00369edd99938108a6c0f15d581cf7f16908520bd611d1ca01b51477a6d3185ebe4b7e8cd21a9eed38befaf69f936941fc5c378e45f0b41a950e76511099f2976f8573ddca507b78593b688774d36f1a1b1a7fa35e4045eb421b6d217d5a18b0378075c4e232c15a41ecf14bd3ccf163a74883e20cbc06d7849eec010f626f346d980,gx-no-cache=1488394301148 HTTP/1.1" 200 79
186.103.159.46 - - [01/Mar/2017:15:50:33 -0300] "GET /cormun/servlet/tratrazos? HTTP/1.1" 200 6746
186.103.159.46 - - [01/Mar/2017:15:50:33 -0300] "GET /cormun/static/gxcfg.js?2016111619465317 HTTP/1.1" 200 953
186.103.159.46 - - [01/Mar/2017:15:50:33 -0300] "GET /cormun/static/tratrazos.js?2016111619465747 HTTP/1.1" 200 30414
186.103.159.46 - - [01/Mar/2017:15:50:35 -0300] "GET /cormun/servlet/tratrazos? HTTP/1.1" 200 6746
186.103.159.46 - - [01/Mar/2017:15:50:56 -0300] "GET /cormun/servlet/trpermisosgoce? HTTP/1.1" 200 6731
186.103.159.46 - - [01/Mar/2017:15:50:56 -0300] "GET /cormun/static/gxcfg.js?201612262011714 HTTP/1.1" 200 953
186.103.159.46 - - [01/Mar/2017:15:50:56 -0300] "GET /cormun/static/trpermisosgoce.js?201612262012096 HTTP/1.1" 200 31909
186.103.159.46 - - [01/Mar/2017:15:50:57 -0300] "GET /cormun/servlet/trpermisosgoce? HTTP/1.1" 200 6731
186.103.159.46 - - [01/Mar/2017:15:51:06 -0300] "GET /cormun/servlet/trautorizarpermisogoce? HTTP/1.1" 200 6701
186.103.159.46 - - [01/Mar/2017:15:51:06 -0300] "GET /cormun/static/gxcfg.js?201612262053193 HTTP/1.1" 200 953
186.103.159.46 - - [01/Mar/2017:15:51:06 -0300] "GET /cormun/static/trautorizarpermisogoce.js?201612262053552 HTTP/1.1" 200 31039
186.103.159.46 - - [01/Mar/2017:15:51:07 -0300] "GET /cormun/servlet/trautorizarpermisogoce? HTTP/1.1" 200 6700
186.103.159.46 - - [01/Mar/2017:15:51:08 -0300] "POST /cormun/servlet/acontrolpreferencessavestate?None,AQUEZADA,true HTTP/1.1" 200 35
186.79.41.237 - - [01/Mar/2017:15:51:18 -0300] "POST /cormun/servlet/solicitudotcontratos?6c0eb8d8e4754480ec10566af5b47f6d,INS,2017,0,17522639,7,6,2016,3291,LEY+SEP,201701,5,B,,gx-no-cache=1488394344470 HTTP/1.1" 200 10433
186.79.41.237 - - [01/Mar/2017:15:51:18 -0300] "POST /cormun/servlet/solicitudotcontratos?gx-no-cache=1488394347135 HTTP/1.1" 200 1277
186.79.41.237 - - [01/Mar/2017:15:51:19 -0300] "POST /cormun/servlet/solicitudotcontratos?gx-no-cache=1488394347534 HTTP/1.1" 200 1155
186.79.41.237 - - [01/Mar/2017:15:51:19 -0300] "GET /cormun/servlet/solicitudotcontratos?d50cf3b555acfc55fb1b10008f2191e2591cc6e99c4194370a2027ae36f43e8f9d3d0e6f23ab971cbb63f229ca1997407cfebd3ab218a7578c891a8010b6bbe8771ae27655b94b042216eed101fb799eb345059705e004d6d40076371b69bb96340f55372b03ae478e15d6d8cf43389c04a289aee15027b973b137c3cebf67bd,gx-no-cache=1488394347716 HTTP/1.1" 200 30
186.79.41.237 - - [01/Mar/2017:15:51:20 -0300] "POST /cormun/servlet/solicitudotcontratos?6c0eb8d8e4754480ec10566af5b47f6d,INS,2017,0,17522639,7,6,2016,3291,LEY+SEP,201701,5,B,,gx-no-cache=1488394347916 HTTP/1.1" 200 93
186.79.41.237 - - [01/Mar/2017:15:51:23 -0300] "GET /cormun/servlet/hpexe_return? HTTP/1.1" 200 1047
186.79.41.237 - - [01/Mar/2017:15:51:24 -0300] "GET /cormun/servlet/trcontratosolicitud HTTP/1.1" 200 12461
186.79.41.237 - - [01/Mar/2017:15:51:25 -0300] "GET /cormun/servlet/trcontratosolicitud HTTP/1.1" 200 12453
186.103.159.44 - - [01/Mar/2017:15:51:25 -0300] "POST /cormun/servlet/solicitudot?gx-no-cache=1488394351663 HTTP/1.1" 200 238
186.79.41.237 - - [01/Mar/2017:15:51:32 -0300] "GET /cormun/servlet/solicitudotcontratos?INS,2017,0,17522639,7,6,2016,2849,LEY+SEP,201701,2,B, HTTP/1.1" 200 9575
186.79.41.237 - - [01/Mar/2017:15:51:32 -0300] "GET /cormun/servlet/solicitudotcontratos?INS,2017,0,17522639,7,6,2016,2849,LEY+SEP,201701,2,B, HTTP/1.1" 200 9608
186.79.41.237 - - [01/Mar/2017:15:51:33 -0300] "GET /cormun/servlet/solicitudotcontratos?d50cf3b555acfc55fb1b10008f2191e25058d5d6f90a4ce9c45f5af111a58a7ad079893a8a211b3cdd590ac0d7504889,gx-no-cache=1488394361816 HTTP/1.1" 200 30
186.79.41.237 - - [01/Mar/2017:15:51:33 -0300] "GET /cormun/servlet/solicitudotcontratos?d50cf3b555acfc55fb1b10008f2191e28e28eaf6e0964123cac6375852fdcdd2cb96459306ad5f9009f3f5719aa90c9bffb04910a29b8382b71bf46315827774888c1f114c4ff54296bdc81d3c0a8598a81ccb88391f7535a6b6fa2a312bea18b4eb4737d782a139bd03ab24b2ed1b25445d6abc02a3c62ad2981c7363370edb,gx-no-cache=1488394362210 HTTP/1.1" 200 50
186.79.41.237 - - [01/Mar/2017:15:51:34 -0300] "GET /cormun/servlet/solicitudotcontratos?d50cf3b555acfc55fb1b10008f2191e28cc76a46bc9eee732a62b714e1fb0f13e051f5c44d5c1e97bb960d2746029e14,gx-no-cache=1488394363104 HTTP/1.1" 200 30
186.79.41.237 - - [01/Mar/2017:15:51:34 -0300] "GET /cormun/servlet/solicitudotcontratos?d50cf3b555acfc55fb1b10008f2191e21817cda94776750beb0d7ac85c47c9f8cb7af0926868247769f2ca94a5fd1fceae4dccb76c5dd85f8be3d9ee4748755d86bc198fd4abf4cf5b8fa109156dce8245a94658630018ec6c4f6d768aed4e5e8cfe33a18607c344aecc0b7cb8e43749,gx-no-cache=1488394363177 HTTP/1.1" 200 30
186.79.41.237 - - [01/Mar/2017:15:51:34 -0300] "GET /cormun/servlet/solicitudotcontratos?d50cf3b555acfc55fb1b10008f2191e2377d2a4c97c4ee8ec6fdaf91a9e8ffeddb76723484ff6df2d02e424c4a003f661e2a752bb6791e9b881809de33c2d0dbae4dccb76c5dd85f8be3d9ee4748755d402673f1769c3d5939f6514abf2069c0cc6ce185966cde95ab49b8fec52fcf439601439035e4ad4dc643aa1c8623711caeb9d0d582013fcd2eedd4d701d40cb4ae31f4c651c21a3557859396db9a76b71e2a752bb6791e9b881809de33c2d0db8349af75943ee607efe4c0b2b9f04895abc6332df4d13e4ba726f33d0f4e19e729329614313a89c50272b496dfe1d119ffa11744d74d1ce64d1b25168c6ea49dd6d24065c37a110f380ac7b30e297bd72cc355690f83dfa328e2dc12b668364853b6ec86eb06284d0b3e7264d2d47f1069cdd5c28e5288934ba252b33f77b9cb2b9d6ceb865226f26fe4928faea5cc6945dab3006219c9f212f95ace35ed100d611bb59b12ccc3b60c4ba5d3efc9ed5d5e247583dfb15fee13283559dc17417562fbf62904cc62b5a75366255d310229547b79bfe9928ace54c575df9e65074023385cac025445f3ff25d112d955525fdd596fdb63740770bcc210576c3bce105b0491773196f12d3fddfc578aa00369edd99938108a6c0f15d581cf7f16908520bd611d1ca01b51477a6d3185ebe4b7e8cd21a9eed38befaf69f936941fc5c378e45f0b41a950e76511099f2976f8573ddca507b78593b688774d36f1a1b1a7fa35e4045eb421b6d217d5a18b0378075c4e232c15a41ecf14bd3ccf163a74883e20cbc06d7849eec010f626f346d980,gx-no-cache=1488394363360 HTTP/1.1" 200 79
186.103.159.44 - - [01/Mar/2017:15:51:39 -0300] "GET /cormun/servlet/solicitudot?c3c94e29e4b828e2515c1c6b110f09148c23b12b6603f55bd880a4fda09e92e26ec8e001040064692cdf01d6fbb03cdbf7847890749b65382c18e4fcd585150d9493e3de20bd78215be6e45fefaaab6ab270471b427b8db4daad232b5621f3abc10a380de6683bb12d6decfde5f977b411c704988edee73b5e5e4939f181eef67b53b360c74f7e44f523bcd37f1dff3947b33ece805291b10a2c8470a5367886b169a475ed99d2b1f82546d23711ff803a355792e2d9f98a8c9a881f8029d4e8b69511050391bff3ea5eabb7cc9a351ebed5bcdf0a8c418c3deaea7245bac49141e0db448f5baaea60c5b0c72319475bff6c8c78dc70707c248e15977d34be74ce1e26c088d3da270c26814edc81ebd645edb016b4c6fda9f42713bc4746cfbb15d8514c2280ab5cf4379bb74b7ba65a872cb208a149db02d40a1b5dc37cbf47f2105cae86cf05345332b20c568a8677282ffd84dfe9fa96dbc7a0b33bfbfb0967e3730d0337a2048c5e90d18b8ddd495b3a5aee5a780ac287ec80b5d082c1b9,gx-no-cache=1488394365000 HTTP/1.1" 200 30
186.103.159.44 - - [01/Mar/2017:15:51:39 -0300] "POST /cormun/servlet/solicitudot?gx-no-cache=1488394365385 HTTP/1.1" 200 30
186.103.159.44 - - [01/Mar/2017:15:51:39 -0300] "POST /cormun/servlet/solicitudot?gx-no-cache=1488394365477 HTTP/1.1" 200 1291
186.103.159.44 - - [01/Mar/2017:15:51:40 -0300] "GET /cormun/static/menuarrow.gif HTTP/1.1" 404 1015
186.79.41.237 - - [01/Mar/2017:15:51:41 -0300] "POST /cormun/servlet/solicitudotcontratos?6c0eb8d8e4754480ec10566af5b47f6d,INS,2017,0,17522639,7,6,2016,2849,LEY+SEP,201701,2,B,,gx-no-cache=1488394368979 HTTP/1.1" 200 10430
186.103.159.44 - - [01/Mar/2017:15:51:43 -0300] "POST /cormun/servlet/solicitudot?gx-no-cache=1488394369341 HTTP/1.1" 200 30
186.103.159.44 - - [01/Mar/2017:15:51:43 -0300] "POST /cormun/servlet/solicitudot?gx-no-cache=1488394369494 HTTP/1.1" 200 1291
186.79.41.237 - - [01/Mar/2017:15:51:44 -0300] "POST /cormun/servlet/solicitudotcontratos?gx-no-cache=1488394372431 HTTP/1.1" 200 1277
186.79.41.237 - - [01/Mar/2017:15:51:44 -0300] "POST /cormun/servlet/solicitudotcontratos?gx-no-cache=1488394372845 HTTP/1.1" 200 1155
186.79.41.237 - - [01/Mar/2017:15:51:44 -0300] "GET /cormun/servlet/solicitudotcontratos?d50cf3b555acfc55fb1b10008f2191e2591cc6e99c4194370a2027ae36f43e8f9d3d0e6f23ab971cbb63f229ca1997407cfebd3ab218a7578c891a8010b6bbe8771ae27655b94b042216eed101fb799eb345059705e004d6d40076371b69bb96340f55372b03ae478e15d6d8cf43389c04a289aee15027b973b137c3cebf67bd,gx-no-cache=1488394373094 HTTP/1.1" 200 30
186.79.41.237 - - [01/Mar/2017:15:51:46 -0300] "POST /cormun/servlet/solicitudotcontratos?6c0eb8d8e4754480ec10566af5b47f6d,INS,2017,0,17522639,7,6,2016,2849,LEY+SEP,201701,2,B,,gx-no-cache=1488394373291 HTTP/1.1" 200 93
186.79.41.237 - - [01/Mar/2017:15:51:46 -0300] "GET /cormun/servlet/hpexe_return? HTTP/1.1" 200 1046
186.79.41.237 - - [01/Mar/2017:15:51:46 -0300] "GET /cormun/servlet/trcontratosolicitud HTTP/1.1" 200 12355
186.103.159.44 - - [01/Mar/2017:15:51:49 -0300] "POST /cormun/servlet/solicitudot?gx-no-cache=1488394374828 HTTP/1.1" 200 41
186.79.41.237 - - [01/Mar/2017:15:51:49 -0300] "GET /cormun/servlet/trcontratosolicitud HTTP/1.1" 200 12354
186.79.41.237 - - [01/Mar/2017:15:51:56 -0300] "GET /cormun/servlet/solicitudotcontratos?INS,2017,0,7994956,6,6,2016,3295,LEY+SEP,201701,2,B, HTTP/1.1" 200 9585
186.79.41.237 - - [01/Mar/2017:15:51:57 -0300] "GET /cormun/servlet/solicitudotcontratos?INS,2017,0,7994956,6,6,2016,3295,LEY+SEP,201701,2,B, HTTP/1.1" 200 9619
186.79.41.237 - - [01/Mar/2017:15:51:57 -0300] "GET /cormun/servlet/solicitudotcontratos?d50cf3b555acfc55fb1b10008f2191e2b20dfe36f62874a9e5c7926863619845ba2a38962ab4c67a59e4c22f0238406f,gx-no-cache=1488394386186 HTTP/1.1" 200 30
186.79.41.237 - - [01/Mar/2017:15:51:58 -0300] "GET /cormun/servlet/solicitudotcontratos?d50cf3b555acfc55fb1b10008f2191e28e28eaf6e0964123cac6375852fdcdd2cb96459306ad5f9009f3f5719aa90c9bffb04910a29b8382b71bf46315827774888c1f114c4ff54296bdc81d3c0a8598a81ccb88391f7535a6b6fa2a312bea18b4eb4737d782a139bd03ab24b2ed1b25445d6abc02a3c62ad2981c7363370edb,gx-no-cache=1488394386449 HTTP/1.1" 200 50
186.79.41.237 - - [01/Mar/2017:15:51:58 -0300] "GET /cormun/servlet/solicitudotcontratos?d50cf3b555acfc55fb1b10008f2191e2465748f01a1aa7c2e361fc7cd753e411d0af51dca91164a74034369c99a05321,gx-no-cache=1488394386683 HTTP/1.1" 200 30
186.79.41.237 - - [01/Mar/2017:15:51:59 -0300] "GET /cormun/servlet/solicitudotcontratos?d50cf3b555acfc55fb1b10008f2191e21817cda94776750beb0d7ac85c47c9f8cb7af0926868247769f2ca94a5fd1fceae4dccb76c5dd85f8be3d9ee4748755d86bc198fd4abf4cf5b8fa109156dce8245a94658630018ec6c4f6d768aed4e5e8cfe33a18607c344aecc0b7cb8e43749,gx-no-cache=1488394387505 HTTP/1.1" 200 30
186.79.41.237 - - [01/Mar/2017:15:51:59 -0300] "GET /cormun/servlet/solicitudotcontratos?d50cf3b555acfc55fb1b10008f2191e2377d2a4c97c4ee8ec6fdaf91a9e8ffeddb76723484ff6df2d02e424c4a003f661e2a752bb6791e9b881809de33c2d0dbae4dccb76c5dd85f8be3d9ee4748755d402673f1769c3d5939f6514abf2069c0cc6ce185966cde95ab49b8fec52fcf439601439035e4ad4dc643aa1c8623711caeb9d0d582013fcd2eedd4d701d40cb4ae31f4c651c21a3557859396db9a76b71e2a752bb6791e9b881809de33c2d0db8349af75943ee607efe4c0b2b9f04895abc6332df4d13e4ba726f33d0f4e19e729329614313a89c50272b496dfe1d119ffa11744d74d1ce64d1b25168c6ea49dd6d24065c37a110f380ac7b30e297bd72cc355690f83dfa328e2dc12b668364853b6ec86eb06284d0b3e7264d2d47f1069cdd5c28e5288934ba252b33f77b9cb2b9d6ceb865226f26fe4928faea5cc6945dab3006219c9f212f95ace35ed100d611bb59b12ccc3b60c4ba5d3efc9ed5d5e247583dfb15fee13283559dc17417562fbf62904cc62b5a75366255d310229547b79bfe9928ace54c575df9e65074023385cac025445f3ff25d112d955525fdd596fdb63740770bcc210576c3bce105b0491773196f12d3fddfc578aa00369edd99938108a6c0f15d581cf7f16908520bd611d1ca01b51477a6d3185ebe4b7e8cd21a9eed38befaf69f936941fc5c378e45f0b41a950e76511099f2976f8573ddca507b78593b688774d36f1a1b1a7fa35e4045eb421b6d217d5a18b0378075c4e232c15a41ecf14bd3ccf163a74883e20cbc06d7849eec010f626f346d980,gx-no-cache=1488394387695 HTTP/1.1" 200 79
186.79.41.237 - - [01/Mar/2017:15:52:07 -0300] "GET /cormun/servlet/trcontratosolicitud HTTP/1.1" 200 12362
186.79.41.237 - - [01/Mar/2017:15:52:10 -0300] "GET /cormun/servlet/trcontratosolicitud HTTP/1.1" 200 12357
200.83.57.219 - - [01/Mar/2017:15:52:43 -0300] "POST /cormun/servlet/solicitudotadjuntos?gx-no-cache=1488394436055 HTTP/1.1" 200 26
186.103.157.42 - - [01/Mar/2017:15:52:56 -0300] "GET /cormun/servlet/trsolicitudot? HTTP/1.1" 200 8747
186.103.157.42 - - [01/Mar/2017:15:52:56 -0300] "GET /cormun/static/gxcfg.js?20171191044697 HTTP/1.1" 304 -
186.103.157.42 - - [01/Mar/2017:15:52:57 -0300] "GET /cormun/servlet/trsolicitudot? HTTP/1.1" 200 8745
186.103.157.42 - - [01/Mar/2017:15:53:00 -0300] "POST /cormun/servlet/trsolicitudot?fc574b374c7b34cb86294b5db541a4c0,,gx-no-cache=1488394455676 HTTP/1.1" 200 5894
186.103.157.42 - - [01/Mar/2017:15:53:00 -0300] "GET /cormun/static/Shared/jqueryui/images/ui-bg_highlight-soft_100_c6c2c8_1x100.png HTTP/1.1" 404 1117
186.103.157.42 - - [01/Mar/2017:15:53:00 -0300] "GET /cormun/static/Shared/jqueryui/images/ui-icons_82798d_256x240.png HTTP/1.1" 404 1089
186.103.157.42 - - [01/Mar/2017:15:53:00 -0300] "GET /cormun/static/Shared/jqueryui/images/ui-bg_flat_55_fafafa_40x100.png HTTP/1.1" 404 1097
186.103.157.42 - - [01/Mar/2017:15:53:00 -0300] "GET /cormun/static/Shared/jqueryui/images/ui-icons_8d78a5_256x240.png HTTP/1.1" 404 1089
186.103.157.42 - - [01/Mar/2017:15:53:03 -0300] "POST /cormun/servlet/trsolicitudot?fc574b374c7b34cb86294b5db541a4c0,,gx-no-cache=1488394459077 HTTP/1.1" 200 5491
186.103.157.42 - - [01/Mar/2017:15:53:04 -0300] "POST /cormun/servlet/trsolicitudot?fc574b374c7b34cb86294b5db541a4c0,,gx-no-cache=1488394459378 HTTP/1.1" 200 5434
186.103.157.42 - - [01/Mar/2017:15:53:06 -0300] "POST /cormun/servlet/trsolicitudot?fc574b374c7b34cb86294b5db541a4c0,,gx-no-cache=1488394461551 HTTP/1.1" 200 4350
186.103.157.42 - - [01/Mar/2017:15:53:06 -0300] "POST /cormun/servlet/trsolicitudot?fc574b374c7b34cb86294b5db541a4c0,,gx-no-cache=1488394461797 HTTP/1.1" 200 4118
186.103.157.42 - - [01/Mar/2017:15:53:09 -0300] "GET /cormun/servlet/trautorizarsolicitud? HTTP/1.1" 200 8689
186.103.157.42 - - [01/Mar/2017:15:53:09 -0300] "GET /cormun/static/gxcfg.js?2017259112829 HTTP/1.1" 304 -
186.103.157.42 - - [01/Mar/2017:15:53:09 -0300] "GET /cormun/static/trautorizarsolicitud.js?2017259113483 HTTP/1.1" 304 -
186.103.157.42 - - [01/Mar/2017:15:53:09 -0300] "GET /cormun/servlet/trautorizarsolicitud? HTTP/1.1" 200 8689
186.103.157.42 - - [01/Mar/2017:15:53:12 -0300] "POST /cormun/servlet/trautorizarsolicitud?fc574b374c7b34cb86294b5db541a4c0,,gx-no-cache=1488394468046 HTTP/1.1" 200 5457
186.103.157.42 - - [01/Mar/2017:15:53:12 -0300] "GET /cormun/static/Shared/jqueryui/images/ui-bg_highlight-soft_100_c6c2c8_1x100.png HTTP/1.1" 404 1117
186.103.157.42 - - [01/Mar/2017:15:53:12 -0300] "GET /cormun/static/Shared/jqueryui/images/ui-icons_82798d_256x240.png HTTP/1.1" 404 1089
186.103.157.42 - - [01/Mar/2017:15:53:12 -0300] "GET /cormun/static/Shared/jqueryui/images/ui-bg_flat_55_fafafa_40x100.png HTTP/1.1" 404 1097
186.103.157.42 - - [01/Mar/2017:15:53:12 -0300] "GET /cormun/static/Shared/jqueryui/images/ui-icons_8d78a5_256x240.png HTTP/1.1" 404 1089
186.103.157.42 - - [01/Mar/2017:15:53:13 -0300] "POST /cormun/servlet/trautorizarsolicitud?fc574b374c7b34cb86294b5db541a4c0,,gx-no-cache=1488394468321 HTTP/1.1" 200 5402
186.103.159.46 - - [01/Mar/2017:15:53:13 -0300] "GET /cormun/servlet/hhome HTTP/1.1" 200 3271
186.103.157.42 - - [01/Mar/2017:15:53:13 -0300] "POST /cormun/servlet/trautorizarsolicitud?fc574b374c7b34cb86294b5db541a4c0,,gx-no-cache=1488394469180 HTTP/1.1" 200 4330
186.103.157.42 - - [01/Mar/2017:15:53:14 -0300] "POST /cormun/servlet/trautorizarsolicitud?fc574b374c7b34cb86294b5db541a4c0,,gx-no-cache=1488394469441 HTTP/1.1" 200 4096
186.103.159.46 - - [01/Mar/2017:15:53:15 -0300] "GET /cormun/servlet/hhome HTTP/1.1" 200 3281
186.103.159.46 - - [01/Mar/2017:15:53:16 -0300] "GET /cormun/servlet/hlogin HTTP/1.1" 200 1732
186.103.159.44 - - [01/Mar/2017:15:53:21 -0300] "GET /cormun/servlet/solicitudot?c3c94e29e4b828e2515c1c6b110f09145fb193ec26c63ca81fdcb3e045e775bf2b0de6342b4a63f4e1d3f06b52bd952fd8d4309f9ec65a593b19323807cf36658526c532a0da3a0c07b7187c44374f2fbf4ec253f32ecebc2dc6211587b9dc0316c50632b158bddd30e8162cf9543d15,gx-no-cache=1488394467274 HTTP/1.1" 200 29
186.103.159.44 - - [01/Mar/2017:15:53:22 -0300] "POST /cormun/servlet/solicitudot?gx-no-cache=1488394467684 HTTP/1.1" 200 1274
186.103.159.44 - - [01/Mar/2017:15:53:22 -0300] "POST /cormun/servlet/solicitudot?gx-no-cache=1488394467869 HTTP/1.1" 200 1156
186.103.159.44 - - [01/Mar/2017:15:53:24 -0300] "POST /cormun/servlet/solicitudot?gx-no-cache=1488394470022 HTTP/1.1" 200 1274
186.103.159.44 - - [01/Mar/2017:15:53:25 -0300] "POST /cormun/servlet/solicitudot?gx-no-cache=1488394471615 HTTP/1.1" 200 1156
186.103.159.44 - - [01/Mar/2017:15:53:26 -0300] "GET /cormun/servlet/solicitudot?c3c94e29e4b828e2515c1c6b110f0914f0685a1180bc00837d91bbd712980b1f1798e9253d28c0f944765214d2edce69785ab581b3307cd8aa4b2e62329534ad53c4007d0a62236f49d08cfbe8e56256e7c714fc7a2b5442af956006699174a84c8b4a18ec8bdf139ca0c17bb9b09b195bfa3cacd6a706278b93e77f6ba9787efbd8ff458773aabe9afa383c135c6831b0ac171c24eaf8d1a4f7c31972403e9068ead0a09491d121da335359375bfa6d8dac1a16ee731cd26787a631272f5a8d,gx-no-cache=1488394471898 HTTP/1.1" 200 30
186.103.157.42 - - [01/Mar/2017:15:53:29 -0300] "POST /cormun/servlet/solicitudot?9981b113ba3e4ce259bb6b53d6b840e0,INS,0,0,,gx-no-cache=1488394347547 HTTP/1.1" 200 11899
186.103.159.46 - - [01/Mar/2017:15:53:34 -0300] "POST /cormun/servlet/hlogin?b2bd580c2e59cd60da85b112b820bc18,gx-no-cache=1488394485529 HTTP/1.1" 200 90
186.103.159.46 - - [01/Mar/2017:15:53:34 -0300] "GET /cormun/servlet/hpexe_link HTTP/1.1" 200 953
186.103.159.46 - - [01/Mar/2017:15:53:35 -0300] "GET /cormun/servlet/hhome HTTP/1.1" 200 3765
186.103.159.46 - - [01/Mar/2017:15:53:36 -0300] "GET /cormun/servlet/hhome HTTP/1.1" 200 3761
