186.79.41.237 - - [01/Mar/2017:16:31:53 -0300] "GET /cormun/servlet/solicitudotcontratos?INS,2017,0,11171505,K,6,2016,1411,LEY+SEP,201701,8,*, HTTP/1.1" 200 9548
186.79.17.148 - - [01/Mar/2017:16:31:53 -0300] "GET /cormun/servlet/trlicencias HTTP/1.1" 200 7778
186.79.41.237 - - [01/Mar/2017:16:31:53 -0300] "GET /cormun/servlet/solicitudotcontratos?INS,2017,0,11171505,K,6,2016,1411,LEY+SEP,201701,8,*, HTTP/1.1" 200 9585
186.79.41.237 - - [01/Mar/2017:16:31:54 -0300] "GET /cormun/servlet/solicitudotcontratos?8806f5743c2866d85edd96b7fa3e32d649658a2551d18fbaebba590861292707121a9458bf31f86d077302dbbf567418,gx-no-cache=1488396782557 HTTP/1.1" 200 30
186.79.41.237 - - [01/Mar/2017:16:31:54 -0300] "GET /cormun/servlet/solicitudotcontratos?8806f5743c2866d85edd96b7fa3e32d6254d851f0b4d79d693728016dc14f3b8417292112aaded98f1f2efc8891fb972ef759875f93cca033522e9e9f0288cd1b33a29df18d94a77b99ad2747535e6ca5dab7dd39ea9e842dfc3727d1e7411e6f653b56f0d83f358fd4424e177659622806c427d9400a560fa55e517db3098a6,gx-no-cache=1488396782752 HTTP/1.1" 200 50
186.79.41.237 - - [01/Mar/2017:16:31:54 -0300] "GET /cormun/servlet/solicitudotcontratos?8806f5743c2866d85edd96b7fa3e32d6e39a7f590297196ff89b0b0f37384906d50e13c3c3c6ba158b0559269a22b986,gx-no-cache=1488396782882 HTTP/1.1" 200 30
186.79.41.237 - - [01/Mar/2017:16:31:54 -0300] "GET /cormun/servlet/solicitudotcontratos?8806f5743c2866d85edd96b7fa3e32d668157581017e3a9be9317e0523c039dc7dd6c0db35e1aa7c95778a7dd3f1b38e3390f08cd57a12fdbdd8e0a7c424e68dfd7f029b0678df729152d34e0cee9196b0a40e212c157ecefb953f205abf0e9b8528ef41ca78fb186d335ab3a572cf19,gx-no-cache=1488396782991 HTTP/1.1" 200 30
186.79.41.237 - - [01/Mar/2017:16:31:54 -0300] "GET /cormun/servlet/solicitudotcontratos?8806f5743c2866d85edd96b7fa3e32d6aad2ae2294e3f513021b92ec5df5d98e5dfea1fab1926734443d0dbacb61f8675eb3c614f22f0683f62ba948c70a5d693390f08cd57a12fdbdd8e0a7c424e68d15edff5ef78d872256445fc1904583abece38b498a916d246230d3cce6690757317d3c1e67296ebc65b176be279ffc648f7954dab9d0502f93126f9d62efc04c64967c9957833533c43c47ec0f8408715eb3c614f22f0683f62ba948c70a5d694ccd5c2748a76b9e1e51daeaf01a2607e492eb01891f1cbe43fa25a64fac40560470ed2daa2b2312912ed599deb9e0decaefe8ccdd333bec6652ceedb8bb7af0a511afbec26ca74bb90369c28eefd5234696f7df1f3b55bdab9956baada45dfff79092e6e65149c21def8b58d4717d1baa37ce5d2967993a12b0f767c8024b2ea420e1878c8ad29914f091df20d37320586e75dbdfd7402fe63226d5cf3c4633a5ba7ea2909eccb0870b5693fb07e31f753d37069d687bdf577ec34bafa30ad1a349aa62316acc6769470522fa0cd0d7a1f3b5c63963b1cf17f19e2e0ba6f40dc545f7377bf2370c858e2ba6b40612c0e5a6522cdad912cbf6e59f2bac4f7f53a4a7c0f3ee773335ca0f9d02713ed262adeed57845a494bbee12763dddd104fdb77938a581f5278cce37a0a6b12b832f116c1c1ceb85fe2bf042f4e2e58dff84c14d699aa33ccc94ada0250d0880ec6ab720be0a3c750de97f80d2bd0be525cf2edb040d035d5daad7b1d942a4ac745afce77be18b7f200eaa978a6d76c2751f53eebaf8b5ea7e932778dead59d0b767,gx-no-cache=1488396783130 HTTP/1.1" 200 79
186.103.159.44 - - [01/Mar/2017:16:31:56 -0300] "GET /cormun/servlet/solicitudotadjuntos?INS,2017,5000,,1, HTTP/1.1" 200 5805
186.67.172.234 - - [01/Mar/2017:16:31:57 -0300] "GET /cormun/servlet/solicitudotadjuntos?b9a03848b24a44faf3f8f47ae02ff23a044a71eaada84f47f1290ba62df73fea,gx-no-cache=1488396795897 HTTP/1.1" 200 30
186.103.159.44 - - [01/Mar/2017:16:31:57 -0300] "HEAD /cormun/static/about:blank HTTP/1.1" 404 -
186.79.17.148 - - [01/Mar/2017:16:31:57 -0300] "GET /cormun/servlet/alicenciaprn?6770104,L,20170301000000,PU HTTP/1.1" 200 1545
186.67.172.234 - - [01/Mar/2017:16:31:57 -0300] "GET /cormun/servlet/solicitudotadjuntos?b9a03848b24a44faf3f8f47ae02ff23a044a71eaada84f47f1290ba62df73fea,gx-no-cache=1488396795954 HTTP/1.1" 200 30
186.103.159.44 - - [01/Mar/2017:16:31:58 -0300] "GET /cormun/servlet/solicitudotadjuntos?c3c94e29e4b828e2515c1c6b110f0914b22b071391115a3f4fdf9970c420861af094068eb6c30de739c0f98162cfd36f,gx-no-cache=1488396784193 HTTP/1.1" 200 30
186.103.159.44 - - [01/Mar/2017:16:31:58 -0300] "POST /cormun/servlet/solicitudotadjuntos?a1eca94beb0487211da0878496ebd0ea,INS,2017,5000,,1,,gx-no-cache=1488396784293 HTTP/1.1" 200 3670
186.67.172.234 - - [01/Mar/2017:16:31:59 -0300] "POST /cormun/servlet/solicitudotadjuntos?788f689102b03935b49671fe21260562,INS,2017,4969,,1, HTTP/1.1" 200 116
186.67.172.234 - - [01/Mar/2017:16:31:59 -0300] "GET /cormun/servlet/hpexe_return? HTTP/1.1" 200 1026
186.67.172.234 - - [01/Mar/2017:16:31:59 -0300] "GET /cormun/servlet/trsolicitudadjuntos?2017,4969, HTTP/1.1" 200 8443
186.67.172.234 - - [01/Mar/2017:16:32:00 -0300] "GET /cormun/servlet/trsolicitudadjuntos?2017,4969, HTTP/1.1" 200 8441
186.79.41.237 - - [01/Mar/2017:16:32:01 -0300] "POST /cormun/servlet/solicitudotcontratos?4b0de1452a422c9e3e07ba425400fb6e,INS,2017,0,11171505,K,6,2016,1411,LEY+SEP,201701,8,*,,gx-no-cache=1488396789517 HTTP/1.1" 200 10377
186.79.41.237 - - [01/Mar/2017:16:32:01 -0300] "POST /cormun/servlet/solicitudotcontratos?gx-no-cache=1488396790133 HTTP/1.1" 200 1277
186.79.41.237 - - [01/Mar/2017:16:32:02 -0300] "POST /cormun/servlet/solicitudotcontratos?gx-no-cache=1488396790397 HTTP/1.1" 200 1154
186.67.172.234 - - [01/Mar/2017:16:32:02 -0300] "GET /cormun/servlet/solicitudotadjuntos?INS,2017,4969,,1, HTTP/1.1" 200 6051
186.79.41.237 - - [01/Mar/2017:16:32:02 -0300] "GET /cormun/servlet/solicitudotcontratos?8806f5743c2866d85edd96b7fa3e32d66e4f1a4789e37c9aee2ff5d32acf785a2ab7c5042824cac1434a043eebb73c31f19beb504458d15ac75b3527e6bbc51a366e41ef889410c8cb580ef7ededa57624f0b20bd1e197e535a761c8bd6edb3a430408e87695571fe9437e9cde94ca781565118338b9e59c6c1802ee70a0cda7,gx-no-cache=1488396790587 HTTP/1.1" 200 30
186.67.172.234 - - [01/Mar/2017:16:32:02 -0300] "GET /cormun/static/about:blank HTTP/1.1" 404 1011
186.67.172.234 - - [01/Mar/2017:16:32:02 -0300] "GET /cormun/servlet/solicitudotadjuntos?INS,2017,4969,,1, HTTP/1.1" 200 6045
186.103.159.44 - - [01/Mar/2017:16:32:02 -0300] "POST /cormun/servlet/solicitudotadjuntos?gx-no-cache=1488396788342 HTTP/1.1" 200 26
186.67.172.234 - - [01/Mar/2017:16:32:02 -0300] "GET /cormun/servlet/solicitudotadjuntos?b9a03848b24a44faf3f8f47ae02ff23af4ae4118a05eb7733ef58e9a0da7b12a912f47b40868deba04d4824d6db39ca2,gx-no-cache=1488396801749 HTTP/1.1" 200 30
186.79.41.237 - - [01/Mar/2017:16:32:03 -0300] "POST /cormun/servlet/solicitudotcontratos?4b0de1452a422c9e3e07ba425400fb6e,INS,2017,0,11171505,K,6,2016,1411,LEY+SEP,201701,8,*,,gx-no-cache=1488396790718 HTTP/1.1" 200 93
186.79.41.237 - - [01/Mar/2017:16:32:03 -0300] "GET /cormun/servlet/hpexe_return? HTTP/1.1" 200 1044
186.67.172.234 - - [01/Mar/2017:16:32:03 -0300] "POST /cormun/servlet/solicitudotadjuntos?788f689102b03935b49671fe21260562,INS,2017,4969,,1,,gx-no-cache=1488396801809 HTTP/1.1" 200 3862
186.79.41.237 - - [01/Mar/2017:16:32:03 -0300] "GET /cormun/servlet/trcontratosolicitud HTTP/1.1" 200 11377
186.79.41.237 - - [01/Mar/2017:16:32:04 -0300] "GET /cormun/servlet/trcontratosolicitud HTTP/1.1" 200 11366
186.67.172.234 - - [01/Mar/2017:16:32:05 -0300] "POST /cormun/servlet/solicitudotadjuntos?gx-no-cache=1488396804760 HTTP/1.1" 200 26
186.67.172.234 - - [01/Mar/2017:16:32:13 -0300] "GET /cormun/servlet/solicitudotadjuntos?b9a03848b24a44faf3f8f47ae02ff23a044a71eaada84f47f1290ba62df73fea,gx-no-cache=1488396811824 HTTP/1.1" 200 30
186.67.172.234 - - [01/Mar/2017:16:32:13 -0300] "GET /cormun/servlet/solicitudotadjuntos?b9a03848b24a44faf3f8f47ae02ff23a044a71eaada84f47f1290ba62df73fea,gx-no-cache=1488396812129 HTTP/1.1" 200 30
186.103.159.44 - - [01/Mar/2017:16:32:17 -0300] "GET /cormun/servlet/solicitudotadjuntos?c3c94e29e4b828e2515c1c6b110f0914fe3011ecdbb106620c037846700add08,gx-no-cache=1488396803414 HTTP/1.1" 200 30
186.103.159.44 - - [01/Mar/2017:16:32:17 -0300] "GET /cormun/servlet/solicitudotadjuntos?c3c94e29e4b828e2515c1c6b110f0914fe3011ecdbb106620c037846700add08,gx-no-cache=1488396803486 HTTP/1.1" 200 30
186.67.172.234 - - [01/Mar/2017:16:32:17 -0300] "POST /cormun/servlet/solicitudotadjuntos?788f689102b03935b49671fe21260562,INS,2017,4969,,1, HTTP/1.1" 200 116
186.67.172.234 - - [01/Mar/2017:16:32:17 -0300] "GET /cormun/servlet/hpexe_return? HTTP/1.1" 200 1026
186.67.172.234 - - [01/Mar/2017:16:32:18 -0300] "GET /cormun/servlet/trsolicitudadjuntos?2017,4969, HTTP/1.1" 200 8591
186.67.172.234 - - [01/Mar/2017:16:32:19 -0300] "GET /cormun/servlet/trsolicitudadjuntos?2017,4969, HTTP/1.1" 200 8587
186.67.172.234 - - [01/Mar/2017:16:32:21 -0300] "GET /cormun/servlet/solicitudotadjuntos?INS,2017,4969,,1, HTTP/1.1" 200 6051
186.67.172.234 - - [01/Mar/2017:16:32:21 -0300] "GET /cormun/static/about:blank HTTP/1.1" 404 1011
186.67.172.234 - - [01/Mar/2017:16:32:22 -0300] "GET /cormun/servlet/solicitudotadjuntos?INS,2017,4969,,1, HTTP/1.1" 200 6045
186.67.172.234 - - [01/Mar/2017:16:32:22 -0300] "GET /cormun/servlet/solicitudotadjuntos?b9a03848b24a44faf3f8f47ae02ff23af4ae4118a05eb7733ef58e9a0da7b12a912f47b40868deba04d4824d6db39ca2,gx-no-cache=1488396820947 HTTP/1.1" 200 30
186.67.172.234 - - [01/Mar/2017:16:32:22 -0300] "POST /cormun/servlet/solicitudotadjuntos?788f689102b03935b49671fe21260562,INS,2017,4969,,1,,gx-no-cache=1488396821047 HTTP/1.1" 200 3861
200.111.191.210 - - [01/Mar/2017:16:32:23 -0300] "GET /cormun/servlet/hlogin HTTP/1.1" 200 1746
186.67.172.234 - - [01/Mar/2017:16:32:24 -0300] "POST /cormun/servlet/solicitudotadjuntos?gx-no-cache=1488396823624 HTTP/1.1" 200 26
186.103.159.44 - - [01/Mar/2017:16:32:25 -0300] "POST /cormun/servlet/solicitudotadjuntos?a1eca94beb0487211da0878496ebd0ea,INS,2017,5000,,1, HTTP/1.1" 200 116
186.103.159.44 - - [01/Mar/2017:16:32:25 -0300] "GET /cormun/servlet/hpexe_return? HTTP/1.1" 200 1025
186.103.159.44 - - [01/Mar/2017:16:32:26 -0300] "GET /cormun/servlet/trsolicitudadjuntos?2017,5000, HTTP/1.1" 200 8639
186.103.159.44 - - [01/Mar/2017:16:32:31 -0300] "GET /cormun/servlet/solicitudotadjuntos?INS,2017,5000,,1, HTTP/1.1" 200 5805
186.103.159.44 - - [01/Mar/2017:16:32:31 -0300] "HEAD /cormun/static/about:blank HTTP/1.1" 404 -
186.103.159.44 - - [01/Mar/2017:16:32:32 -0300] "GET /cormun/servlet/solicitudotadjuntos?c3c94e29e4b828e2515c1c6b110f0914b22b071391115a3f4fdf9970c420861af094068eb6c30de739c0f98162cfd36f,gx-no-cache=1488396818643 HTTP/1.1" 200 30
186.103.159.44 - - [01/Mar/2017:16:32:33 -0300] "POST /cormun/servlet/solicitudotadjuntos?a1eca94beb0487211da0878496ebd0ea,INS,2017,5000,,1,,gx-no-cache=1488396818790 HTTP/1.1" 200 3669
200.111.191.210 - - [01/Mar/2017:16:32:37 -0300] "POST /cormun/servlet/hlogin?c3993b31d5a541cd43bc0cf204b4554a,gx-no-cache=1488400345470 HTTP/1.1" 200 90
200.111.191.210 - - [01/Mar/2017:16:32:37 -0300] "GET /cormun/servlet/hpexe_link HTTP/1.1" 200 957
200.111.191.210 - - [01/Mar/2017:16:32:38 -0300] "GET /cormun/servlet/hhome HTTP/1.1" 200 3732
186.103.159.44 - - [01/Mar/2017:16:32:38 -0300] "POST /cormun/servlet/solicitudotadjuntos?gx-no-cache=1488396823791 HTTP/1.1" 200 26
200.111.191.210 - - [01/Mar/2017:16:32:38 -0300] "GET /cormun/servlet/hhome HTTP/1.1" 200 3729
186.103.159.44 - - [01/Mar/2017:16:32:43 -0300] "GET /cormun/servlet/solicitudotadjuntos?c3c94e29e4b828e2515c1c6b110f0914fe3011ecdbb106620c037846700add08,gx-no-cache=1488396829702 HTTP/1.1" 200 30
186.103.159.44 - - [01/Mar/2017:16:32:44 -0300] "GET /cormun/servlet/solicitudotadjuntos?c3c94e29e4b828e2515c1c6b110f0914fe3011ecdbb106620c037846700add08,gx-no-cache=1488396829772 HTTP/1.1" 200 30
200.111.191.210 - - [01/Mar/2017:16:32:45 -0300] "GET /cormun/servlet/trsolicitudot? HTTP/1.1" 200 6662
200.111.191.210 - - [01/Mar/2017:16:32:46 -0300] "GET /cormun/servlet/trsolicitudot? HTTP/1.1" 200 6663
200.111.191.210 - - [01/Mar/2017:16:32:51 -0300] "GET /cormun/servlet/trvisualizadoreventos? HTTP/1.1" 200 6796
200.111.191.210 - - [01/Mar/2017:16:32:52 -0300] "GET /cormun/servlet/trvisualizadoreventos? HTTP/1.1" 200 6796
200.111.191.210 - - [01/Mar/2017:16:32:57 -0300] "GET /cormun/servlet/hlogin HTTP/1.1" 200 1746
186.103.159.44 - - [01/Mar/2017:16:32:58 -0300] "POST /cormun/servlet/solicitudotadjuntos?a1eca94beb0487211da0878496ebd0ea,INS,2017,5000,,1, HTTP/1.1" 200 116
186.103.159.44 - - [01/Mar/2017:16:32:58 -0300] "GET /cormun/servlet/hpexe_return? HTTP/1.1" 200 1025
186.103.159.44 - - [01/Mar/2017:16:32:59 -0300] "GET /cormun/servlet/trsolicitudadjuntos?2017,5000, HTTP/1.1" 200 8879
186.67.172.234 - - [01/Mar/2017:16:33:00 -0300] "POST /cormun/servlet/solicitudotadjuntos?788f689102b03935b49671fe21260562,INS,2017,4969,,1, HTTP/1.1" 200 116
186.67.172.234 - - [01/Mar/2017:16:33:00 -0300] "GET /cormun/servlet/hpexe_return? HTTP/1.1" 200 1026
186.67.172.234 - - [01/Mar/2017:16:33:00 -0300] "GET /cormun/servlet/trsolicitudadjuntos?2017,4969, HTTP/1.1" 200 8591
186.67.172.234 - - [01/Mar/2017:16:33:01 -0300] "GET /cormun/servlet/trsolicitudadjuntos?2017,4969, HTTP/1.1" 200 8587
186.103.159.44 - - [01/Mar/2017:16:33:06 -0300] "GET /cormun/servlet/solicitudotadjuntos?INS,2017,5000,,2, HTTP/1.1" 200 5803
186.103.159.44 - - [01/Mar/2017:16:33:07 -0300] "HEAD /cormun/static/about:blank HTTP/1.1" 404 -
200.111.191.210 - - [01/Mar/2017:16:33:07 -0300] "POST /cormun/servlet/hlogin?c3993b31d5a541cd43bc0cf204b4554a,gx-no-cache=1488400375094 HTTP/1.1" 200 90
200.111.191.210 - - [01/Mar/2017:16:33:07 -0300] "GET /cormun/servlet/hpexe_link HTTP/1.1" 200 967
200.111.191.210 - - [01/Mar/2017:16:33:07 -0300] "GET /cormun/servlet/trvisualizadoreventos HTTP/1.1" 200 6798
200.111.191.210 - - [01/Mar/2017:16:33:08 -0300] "GET /cormun/servlet/trvisualizadoreventos HTTP/1.1" 200 6796
186.103.159.44 - - [01/Mar/2017:16:33:08 -0300] "GET /cormun/servlet/solicitudotadjuntos?c3c94e29e4b828e2515c1c6b110f0914b22b071391115a3f4fdf9970c420861af094068eb6c30de739c0f98162cfd36f,gx-no-cache=1488396854273 HTTP/1.1" 200 30
186.103.159.44 - - [01/Mar/2017:16:33:08 -0300] "POST /cormun/servlet/solicitudotadjuntos?a1eca94beb0487211da0878496ebd0ea,INS,2017,5000,,2,,gx-no-cache=1488396854386 HTTP/1.1" 200 3812
186.103.159.44 - - [01/Mar/2017:16:33:11 -0300] "POST /cormun/servlet/solicitudotadjuntos?gx-no-cache=1488396857223 HTTP/1.1" 200 26
200.111.191.210 - - [01/Mar/2017:16:33:15 -0300] "GET /cormun/servlet/hlogin HTTP/1.1" 200 1745
186.79.41.237 - - [01/Mar/2017:16:33:15 -0300] "GET /cormun/servlet/solicitudotcontratos?INS,2017,0,16885046,8,6,2016,5575,INTEGRACION,201701,3,B, HTTP/1.1" 200 9551
186.79.41.237 - - [01/Mar/2017:16:33:16 -0300] "GET /cormun/servlet/solicitudotcontratos?INS,2017,0,16885046,8,6,2016,5575,INTEGRACION,201701,3,B, HTTP/1.1" 200 9583
186.103.159.44 - - [01/Mar/2017:16:33:17 -0300] "GET /cormun/servlet/solicitudotadjuntos?c3c94e29e4b828e2515c1c6b110f0914fe3011ecdbb106620c037846700add08,gx-no-cache=1488396862741 HTTP/1.1" 200 30
186.103.159.44 - - [01/Mar/2017:16:33:17 -0300] "GET /cormun/servlet/solicitudotadjuntos?c3c94e29e4b828e2515c1c6b110f0914fe3011ecdbb106620c037846700add08,gx-no-cache=1488396862813 HTTP/1.1" 200 30
186.79.41.237 - - [01/Mar/2017:16:33:17 -0300] "GET /cormun/servlet/solicitudotcontratos?8806f5743c2866d85edd96b7fa3e32d634b65699f361d87670816e033a444bba121a9458bf31f86d077302dbbf567418,gx-no-cache=1488396865302 HTTP/1.1" 200 30
186.79.41.237 - - [01/Mar/2017:16:33:17 -0300] "GET /cormun/servlet/solicitudotcontratos?8806f5743c2866d85edd96b7fa3e32d6254d851f0b4d79d693728016dc14f3b8404dd763086ec837a743c57547598d6bef759875f93cca033522e9e9f0288cd11686d32f31738c8df31b62a08cae31d15dab7dd39ea9e842dfc3727d1e7411e6f653b56f0d83f358fd4424e177659622806c427d9400a560fa55e517db3098a6,gx-no-cache=1488396866064 HTTP/1.1" 200 50
186.79.41.237 - - [01/Mar/2017:16:33:17 -0300] "GET /cormun/servlet/solicitudotcontratos?8806f5743c2866d85edd96b7fa3e32d62932f089f533ea53bcc132a7d2e7b3605c92899bbae2e1153b1b8f863e551211,gx-no-cache=1488396866167 HTTP/1.1" 200 30
186.103.159.44 - - [01/Mar/2017:16:33:17 -0300] "POST /cormun/servlet/solicitudotadjuntos?a1eca94beb0487211da0878496ebd0ea,INS,2017,5000,,2, HTTP/1.1" 200 116
186.79.41.237 - - [01/Mar/2017:16:33:17 -0300] "GET /cormun/servlet/solicitudotcontratos?8806f5743c2866d85edd96b7fa3e32d668157581017e3a9be9317e0523c039dc7dd6c0db35e1aa7c95778a7dd3f1b38e3390f08cd57a12fdbdd8e0a7c424e68dfd7f029b0678df729152d34e0cee9196b0a40e212c157ecefb953f205abf0e9b8528ef41ca78fb186d335ab3a572cf19,gx-no-cache=1488396866322 HTTP/1.1" 200 30
186.103.159.44 - - [01/Mar/2017:16:33:17 -0300] "GET /cormun/servlet/hpexe_return? HTTP/1.1" 200 1025
186.79.41.237 - - [01/Mar/2017:16:33:18 -0300] "GET /cormun/servlet/solicitudotcontratos?8806f5743c2866d85edd96b7fa3e32d6aad2ae2294e3f513021b92ec5df5d98e5dfea1fab1926734443d0dbacb61f8676bff8ac411c081be8f5960cc751853ed8cd29528cb9be4ca5469727df0e9e09784f7ddc30dacfe99c78acd941a78fd789f3279cfa43c3321930e474373f262b9832196858ec0938a1717d45c022b69ebc1d07734a1dd8536e3625e942fca164956627cabd22da7a419e34183c0e5a201f5dcaedae655ee5a21400f9b43158af401b3f74780f3cbfe9dff3db9b9dd5bde4dc4c19209895ea131950fad180df1d5a677cef676dff93762a0f22eb92b61f08b28171f8f997cc5ffb343fcc5d3f0a7fdfd9bcfaa0e30e8a0119decef5367d74d5a4664a66bd351f54839608256a3cf6d7078ae41996b8827c1906baafea6a47c67ac8702d980116bc4c7eedb1e0ea8d22c2306418f3bf533afb7d904d3e722e52046c1431892441930850c9b59f65e4626cf09cf38afbb52ef61ccf1687f14da68216e0384ae0aedb168ad937e4511fdff2574d04cbb49d3a5558a89fab48fc9037ad63b367f083d078a1670a71f0197bf8b50325c857e03624faeee15adfb4af0ad035c9b2f748f9c8b624fc2dc3afd21809f68ee02990473e722629992e27b18ef452f748f6330d9e9737bdcfdadb28e6144172d69922f1f163f5f400e5e280ce5eb1f685f213e5decf5b59348b16b2f8aa39875c3bc2f6bf5d2361716ff25b019ee4e0e3d27382de789a1a540552ec5aaea014a8cd94c00a2b957ea4330d2f13147c184ed0765cd17025a11b8d8ffa394a7828737444da21b64ea220030,gx-no-cache=1488396866487 HTTP/1.1" 200 83
186.103.159.44 - - [01/Mar/2017:16:33:19 -0300] "GET /cormun/servlet/trsolicitudadjuntos?2017,5000, HTTP/1.1" 200 9109
186.79.41.237 - - [01/Mar/2017:16:33:23 -0300] "POST /cormun/servlet/solicitudotcontratos?4b0de1452a422c9e3e07ba425400fb6e,INS,2017,0,16885046,8,6,2016,5575,INTEGRACION,201701,3,B,,gx-no-cache=1488396871718 HTTP/1.1" 200 10411
186.79.41.237 - - [01/Mar/2017:16:33:24 -0300] "POST /cormun/servlet/solicitudotcontratos?gx-no-cache=1488396872553 HTTP/1.1" 200 1276
186.79.41.237 - - [01/Mar/2017:16:33:24 -0300] "POST /cormun/servlet/solicitudotcontratos?gx-no-cache=1488396872770 HTTP/1.1" 200 1155
186.79.41.237 - - [01/Mar/2017:16:33:24 -0300] "GET /cormun/servlet/solicitudotcontratos?8806f5743c2866d85edd96b7fa3e32d66e4f1a4789e37c9aee2ff5d32acf785a2ab7c5042824cac1434a043eebb73c31f19beb504458d15ac75b3527e6bbc51a366e41ef889410c8cb580ef7ededa57624f0b20bd1e197e535a761c8bd6edb3a430408e87695571fe9437e9cde94ca781565118338b9e59c6c1802ee70a0cda7,gx-no-cache=1488396873011 HTTP/1.1" 200 30
186.79.41.237 - - [01/Mar/2017:16:33:26 -0300] "POST /cormun/servlet/solicitudotcontratos?4b0de1452a422c9e3e07ba425400fb6e,INS,2017,0,16885046,8,6,2016,5575,INTEGRACION,201701,3,B,,gx-no-cache=1488396873224 HTTP/1.1" 200 93
186.79.41.237 - - [01/Mar/2017:16:33:26 -0300] "GET /cormun/servlet/hpexe_return? HTTP/1.1" 200 1047
186.103.159.44 - - [01/Mar/2017:16:33:26 -0300] "GET /cormun/servlet/trsolicitudot? HTTP/1.1" 200 10828
186.79.41.237 - - [01/Mar/2017:16:33:26 -0300] "GET /cormun/servlet/trcontratosolicitud HTTP/1.1" 200 11219
200.111.191.210 - - [01/Mar/2017:16:33:27 -0300] "POST /cormun/servlet/hlogin?c3993b31d5a541cd43bc0cf204b4554a,gx-no-cache=1488400395226 HTTP/1.1" 200 459
186.79.41.237 - - [01/Mar/2017:16:33:27 -0300] "GET /cormun/servlet/trcontratosolicitud HTTP/1.1" 200 11215
200.111.191.210 - - [01/Mar/2017:16:33:34 -0300] "POST /cormun/servlet/hlogin?c3993b31d5a541cd43bc0cf204b4554a,gx-no-cache=1488400402619 HTTP/1.1" 200 459
200.111.191.210 - - [01/Mar/2017:16:33:42 -0300] "POST /cormun/servlet/hlogin?c3993b31d5a541cd43bc0cf204b4554a,gx-no-cache=1488400410103 HTTP/1.1" 200 90
200.111.191.210 - - [01/Mar/2017:16:33:42 -0300] "GET /cormun/servlet/hpexe_link HTTP/1.1" 200 957
200.111.191.210 - - [01/Mar/2017:16:33:42 -0300] "GET /cormun/servlet/hhome HTTP/1.1" 200 3934
200.111.191.210 - - [01/Mar/2017:16:33:43 -0300] "GET /cormun/servlet/hhome HTTP/1.1" 200 3930
192.168.10.89 - - [01/Mar/2017:16:33:44 -0300] "POST /cormun/servlet/solicitudgral?4c09c947ad57f77880682ecfaab0c69f,UPD,2017,4767,,gx-no-cache=1488400110455 HTTP/1.1" 200 10543
192.168.10.89 - - [01/Mar/2017:16:33:44 -0300] "GET /cormun/servlet/solicitudgral?e8b0b31549436c50601e20054f75a84a491bcf941b206b70d6897a11643a5662a88fdd73d369e2121ea5012872b982f27c13b9a8641c236a6df708c0f19e72a9e3f7ddd9d1208b048009a4f8fc028bd1b5147f159b8d01748ef41089b1528b64f7b7a393a056f10af261b66d2f0ccf2610f7f742b02cc7b58a79bbb7468bad5d16c4800624a5449c2c0dd15ba2e9a82d117d2f6d96c88d665943d44a1218bf8d,gx-no-cache=1488400110738 HTTP/1.1" 200 29
192.168.10.89 - - [01/Mar/2017:16:33:44 -0300] "POST /cormun/servlet/solicitudgral?gx-no-cache=1488400110762 HTTP/1.1" 200 1249
192.168.10.89 - - [01/Mar/2017:16:33:44 -0300] "POST /cormun/servlet/solicitudgral?gx-no-cache=1488400110799 HTTP/1.1" 200 1155
186.103.159.44 - - [01/Mar/2017:16:33:46 -0300] "POST /cormun/servlet/trsolicitudot?a1eca94beb0487211da0878496ebd0ea,,gx-no-cache=1488396891770 HTTP/1.1" 200 7685
186.103.159.44 - - [01/Mar/2017:16:33:47 -0300] "POST /cormun/servlet/trsolicitudot?a1eca94beb0487211da0878496ebd0ea,,gx-no-cache=1488396892982 HTTP/1.1" 200 7627
200.111.191.210 - - [01/Mar/2017:16:33:48 -0300] "GET /cormun/servlet/trautorizarsolicitud? HTTP/1.1" 200 8638
186.103.159.44 - - [01/Mar/2017:16:33:48 -0300] "GET /cormun/static/Shared/jqueryui/images/ui-bg_highlight-soft_100_c6c2c8_1x100.png HTTP/1.1" 404 1117
186.103.159.44 - - [01/Mar/2017:16:33:48 -0300] "GET /cormun/static/Shared/jqueryui/images/ui-icons_82798d_256x240.png HTTP/1.1" 404 1089
186.103.159.44 - - [01/Mar/2017:16:33:48 -0300] "GET /cormun/static/Shared/jqueryui/images/ui-icons_8d78a5_256x240.png HTTP/1.1" 404 1089
186.103.159.44 - - [01/Mar/2017:16:33:48 -0300] "GET /cormun/static/Shared/jqueryui/images/ui-bg_flat_55_fafafa_40x100.png HTTP/1.1" 404 1097
200.111.191.210 - - [01/Mar/2017:16:33:48 -0300] "GET /cormun/servlet/trautorizarsolicitud? HTTP/1.1" 200 8636
192.168.10.89 - - [01/Mar/2017:16:33:51 -0300] "POST /cormun/servlet/solicitudgral?4c09c947ad57f77880682ecfaab0c69f,UPD,2017,4767,,gx-no-cache=1488400117894 HTTP/1.1" 200 93
192.168.10.89 - - [01/Mar/2017:16:33:51 -0300] "GET /cormun/servlet/hpexe_return? HTTP/1.1" 200 1027
186.103.159.44 - - [01/Mar/2017:16:33:52 -0300] "POST /cormun/servlet/trsolicitudot?a1eca94beb0487211da0878496ebd0ea,,gx-no-cache=1488396897144 HTTP/1.1" 200 7386
192.168.10.89 - - [01/Mar/2017:16:33:53 -0300] "GET /cormun/servlet/trsolicitudgral?gx-no-cache=1488399695497 HTTP/1.1" 200 11490
186.103.159.44 - - [01/Mar/2017:16:33:53 -0300] "POST /cormun/servlet/trsolicitudot?a1eca94beb0487211da0878496ebd0ea,,gx-no-cache=1488396899265 HTTP/1.1" 200 7328
186.79.41.237 - - [01/Mar/2017:16:33:56 -0300] "GET /cormun/servlet/solicitudotcontratos?INS,2017,0,13098672,2,6,2016,3970,LEY+SEP,201701,2,B, HTTP/1.1" 200 9562
186.79.41.237 - - [01/Mar/2017:16:33:56 -0300] "GET /cormun/servlet/solicitudotcontratos?INS,2017,0,13098672,2,6,2016,3970,LEY+SEP,201701,2,B, HTTP/1.1" 200 9595
186.79.41.237 - - [01/Mar/2017:16:33:57 -0300] "GET /cormun/servlet/solicitudotcontratos?8806f5743c2866d85edd96b7fa3e32d69598a39f0a84f28d3030308f896143e0121a9458bf31f86d077302dbbf567418,gx-no-cache=1488396905696 HTTP/1.1" 200 30
186.79.41.237 - - [01/Mar/2017:16:33:57 -0300] "GET /cormun/servlet/solicitudotcontratos?8806f5743c2866d85edd96b7fa3e32d6254d851f0b4d79d693728016dc14f3b8404dd763086ec837a743c57547598d6bef759875f93cca033522e9e9f0288cd11686d32f31738c8df31b62a08cae31d15dab7dd39ea9e842dfc3727d1e7411e6f653b56f0d83f358fd4424e177659622806c427d9400a560fa55e517db3098a6,gx-no-cache=1488396905996 HTTP/1.1" 200 50
186.79.41.237 - - [01/Mar/2017:16:33:57 -0300] "GET /cormun/servlet/solicitudotcontratos?8806f5743c2866d85edd96b7fa3e32d61f5222e31fcb5e46b9222b4e495a26d87098f900b303a4b352da22cb1d9b64fe,gx-no-cache=1488396906147 HTTP/1.1" 200 30
186.79.41.237 - - [01/Mar/2017:16:33:57 -0300] "GET /cormun/servlet/solicitudotcontratos?8806f5743c2866d85edd96b7fa3e32d668157581017e3a9be9317e0523c039dc7dd6c0db35e1aa7c95778a7dd3f1b38e3390f08cd57a12fdbdd8e0a7c424e68dfd7f029b0678df729152d34e0cee9196b0a40e212c157ecefb953f205abf0e9b8528ef41ca78fb186d335ab3a572cf19,gx-no-cache=1488396906287 HTTP/1.1" 200 30
186.79.41.237 - - [01/Mar/2017:16:33:58 -0300] "GET /cormun/servlet/solicitudotcontratos?8806f5743c2866d85edd96b7fa3e32d6aad2ae2294e3f513021b92ec5df5d98e5dfea1fab1926734443d0dbacb61f8675eb3c614f22f0683f62ba948c70a5d693390f08cd57a12fdbdd8e0a7c424e68d15edff5ef78d872256445fc1904583abece38b498a916d246230d3cce6690757317d3c1e67296ebc65b176be279ffc648f7954dab9d0502f93126f9d62efc04c64967c9957833533c43c47ec0f8408715eb3c614f22f0683f62ba948c70a5d694ccd5c2748a76b9e1e51daeaf01a2607e492eb01891f1cbe43fa25a64fac40560470ed2daa2b2312912ed599deb9e0decaefe8ccdd333bec6652ceedb8bb7af0a511afbec26ca74bb90369c28eefd5234696f7df1f3b55bdab9956baada45dfff79092e6e65149c21def8b58d4717d1baa37ce5d2967993a12b0f767c8024b2ea420e1878c8ad29914f091df20d37320586e75dbdfd7402fe63226d5cf3c4633a5ba7ea2909eccb0870b5693fb07e31f753d37069d687bdf577ec34bafa30ad1a349aa62316acc6769470522fa0cd0d7a1f3b5c63963b1cf17f19e2e0ba6f40dc545f7377bf2370c858e2ba6b40612c0e5a6522cdad912cbf6e59f2bac4f7f53a4a7c0f3ee773335ca0f9d02713ed262adeed57845a494bbee12763dddd104fdb77938a581f5278cce37a0a6b12b832f116c1c1ceb85fe2bf042f4e2e58dff84c14d699aa33ccc94ada0250d0880ec6ab720be0a3c750de97f80d2bd0be525cf2edb040d035d5daad7b1d942a4ac745afce77be18b7f200eaa978a6d76c2751f53eebaf8b5ea7e932778dead59d0b767,gx-no-cache=1488396906427 HTTP/1.1" 200 79
186.79.8.148 - - [01/Mar/2017:16:33:59 -0300] "GET /cormun/servlet/solicitudot?7a34e5f548816e8d0fa11229e9c56f1e1a2d1ea0d13fb6f0daa97bf7acfaf188971921638cbe74a9c677f1b61a00eb412df0a227fb19103a1115e90cfc8f3c5f7291d8099fdf0227500e3b85815ee01c6bfb37e5379a45b186c133f996f43bf318fc7b48a898471dbf2f008d5bbb4880,gx-no-cache=1488396912903 HTTP/1.1" 200 29
186.79.8.148 - - [01/Mar/2017:16:33:59 -0300] "POST /cormun/servlet/solicitudot?gx-no-cache=1488396913116 HTTP/1.1" 200 641
192.168.10.89 - - [01/Mar/2017:16:34:00 -0300] "POST /cormun/servlet/trsolicitudgral?4c09c947ad57f77880682ecfaab0c69f,gx-no-cache=1488399695497,gx-no-cache=1488400127019 HTTP/1.1" 200 7927
186.103.159.44 - - [01/Mar/2017:16:34:01 -0300] "POST /cormun/servlet/trsolicitudot?a1eca94beb0487211da0878496ebd0ea,,gx-no-cache=1488396906563 HTTP/1.1" 200 6990
192.168.10.89 - - [01/Mar/2017:16:34:01 -0300] "GET /cormun/static/Shared/jqueryui/images/ui-icons_8d78a5_256x240.png HTTP/1.1" 404 1089
192.168.10.89 - - [01/Mar/2017:16:34:01 -0300] "GET /cormun/static/Shared/jqueryui/images/ui-bg_highlight-soft_100_c6c2c8_1x100.png HTTP/1.1" 404 1117
192.168.10.89 - - [01/Mar/2017:16:34:01 -0300] "GET /cormun/static/Shared/jqueryui/images/ui-bg_flat_55_fafafa_40x100.png HTTP/1.1" 404 1097
192.168.10.89 - - [01/Mar/2017:16:34:01 -0300] "GET /cormun/static/Shared/jqueryui/images/ui-icons_82798d_256x240.png HTTP/1.1" 404 1089
186.79.8.148 - - [01/Mar/2017:16:34:02 -0300] "POST /cormun/servlet/solicitudot?gx-no-cache=1488396915664 HTTP/1.1" 200 1157
186.103.159.44 - - [01/Mar/2017:16:34:03 -0300] "POST /cormun/servlet/trsolicitudot?a1eca94beb0487211da0878496ebd0ea,,gx-no-cache=1488396908626 HTTP/1.1" 200 6932
192.168.10.89 - - [01/Mar/2017:16:34:03 -0300] "POST /cormun/servlet/trsolicitudgral?4c09c947ad57f77880682ecfaab0c69f,gx-no-cache=1488399695497,gx-no-cache=1488400129792 HTTP/1.1" 200 7884
192.168.10.89 - - [01/Mar/2017:16:34:17 -0300] "GET /cormun/servlet/solicitudgral?UPD,2017,4768, HTTP/1.1" 200 12170
192.168.10.89 - - [01/Mar/2017:16:34:20 -0300] "POST /cormun/servlet/solicitudgral?gx-no-cache=1488400146141 HTTP/1.1" 200 3145
192.168.10.89 - - [01/Mar/2017:16:34:20 -0300] "GET /cormun/servlet/solicitudgral?e8b0b31549436c50601e20054f75a84a236824e53b0bac4b496561e2e3bf1a3d4480e433a46c58741b769f5536fdf33d46d680f691422b3d0911e7827eb0aa0bf75a6d43047d15b520da893a52addded3fdd62cc97ca8afafe1c393df9319f2bb91b50aa395cc5023c4aaa52c3a57642c9951217f56919839cd939428a0cbe7ffb770eb1a0cf073f88d34b8435e9d89160d4ed29abba23f7cad5cc834584e82a739c88d013e8dd768b25334b4c3541138f2f0fc3c7b6da87f183502dc15cc117ea42bc3931db869abbe0536c5a2ba019cf54a80c737f8297fb8a63cdfd0821d3e8f28d1e93f163e06286a61b4e5bd07b77e1a6f8ac1e056fd20b98d65b593e107744e45a894d0f9abc3bb36fedd84dfdfd278f7f3601ac0b71c10a0f3ebf78e6f5be5f1555210680af8e9662fde2f2b2bf121531a8877e7c727a80405275117a22ba7d7483362e269e4306e90ca95339,gx-no-cache=1488400146312 HTTP/1.1" 200 257
192.168.10.89 - - [01/Mar/2017:16:34:25 -0300] "GET /cormun/servlet/solicitudgral?e8b0b31549436c50601e20054f75a84ad4dd23fdda6d7c7be126bf9eaf7943975ea791eb1557f5e61d4db684aed9afed6a0822ebae87dfda999c2e73597bd274af448c5fded412f16918cffe60121c5c2ddec566fb26231ab92d0c77fb45d35ddfbacefc97c5d20aacdafc2d6605713ec4fbcd4a0ae33ab166f1a39200486376877e0a904a34b92fcc3dfb6c07ea75a9e3a85c8d9ce5ffcda34b6ccee83411e45c9b2a2949b786774557a26856573450bab4dd376a97d66fca57c9200c38954f12f9ac63d2c1f093fed4722f7fd43e8a6ac3f934018b94126fbd261de69cedeb79cdfd37e6f96f6227fe849e27345ab209435fdbdbb2ba0188b2bfa0dbac970a9e080f87efa35a9a4402c318252a627aa0643225a55ad60444d788e0287cbcc605c988270d1ee0b6eaea0fc69a6175dc8eee018b134ba0765370f0b8d2bfcb2e7c3dcba9f850dcdd26e91379749515864853b7b758ae937200d4f9d3669d4a36ed69122f2be9f2dc65f175b165d6c13879bfefbbc45eae353da67a91455220067ce783d771060f8d2dcbc36ea75cacea4dfa6d087ec8e91bf999dba048c53476a17008b0663b88169fab7d3ef8cadb47caae7e42a146c5a1eea31fc67aa72b997a3ed2d33fbc72e7750883236dec5af3461560f7ebc7f226e784e0f560989d64291caef1a8a02929c6b3a9b698a176f90f0ae5757ff077d952f6d72e88222f0cdc416559d12a22c82b91ba0c4a8a4c1f51098197677ed68f212c3b296103eb9d3dd2e21848608b0d1457c725e7affa11,gx-no-cache=1488400151446 HTTP/1.1" 200 48
192.168.10.89 - - [01/Mar/2017:16:34:30 -0300] "POST /cormun/servlet/solicitudgral?4c09c947ad57f77880682ecfaab0c69f,UPD,2017,4768,,gx-no-cache=1488400156493 HTTP/1.1" 200 10547
192.168.10.89 - - [01/Mar/2017:16:34:31 -0300] "GET /cormun/servlet/solicitudgral?e8b0b31549436c50601e20054f75a84a491bcf941b206b70d6897a11643a5662a88fdd73d369e2121ea5012872b982f27c13b9a8641c236a6df708c0f19e72a9e3f7ddd9d1208b048009a4f8fc028bd1b5147f159b8d01748ef41089b1528b64f7b7a393a056f10af261b66d2f0ccf2610f7f742b02cc7b58a79bbb7468bad5d16c4800624a5449c2c0dd15ba2e9a82d117d2f6d96c88d665943d44a1218bf8d,gx-no-cache=1488400157379 HTTP/1.1" 200 29
192.168.10.89 - - [01/Mar/2017:16:34:31 -0300] "POST /cormun/servlet/solicitudgral?gx-no-cache=1488400157402 HTTP/1.1" 200 1249
192.168.10.89 - - [01/Mar/2017:16:34:31 -0300] "POST /cormun/servlet/solicitudgral?gx-no-cache=1488400157439 HTTP/1.1" 200 1155
192.168.10.89 - - [01/Mar/2017:16:34:35 -0300] "POST /cormun/servlet/solicitudgral?4c09c947ad57f77880682ecfaab0c69f,UPD,2017,4768,,gx-no-cache=1488400161741 HTTP/1.1" 200 93
192.168.10.89 - - [01/Mar/2017:16:34:35 -0300] "GET /cormun/servlet/hpexe_return? HTTP/1.1" 200 1027
192.168.10.89 - - [01/Mar/2017:16:34:37 -0300] "GET /cormun/servlet/trsolicitudgral?gx-no-cache=1488399695497 HTTP/1.1" 200 11186
200.111.191.210 - - [01/Mar/2017:16:34:39 -0300] "GET /cormun/servlet/trautorizarsolicitud? HTTP/1.1" 200 8636
200.111.191.210 - - [01/Mar/2017:16:34:39 -0300] "GET /cormun/servlet/trautorizarsolicitud? HTTP/1.1" 200 8636
192.168.10.89 - - [01/Mar/2017:16:34:42 -0300] "POST /cormun/servlet/trsolicitudgral?4c09c947ad57f77880682ecfaab0c69f,gx-no-cache=1488399695497,gx-no-cache=1488400168181 HTTP/1.1" 200 7583
192.168.10.89 - - [01/Mar/2017:16:34:42 -0300] "GET /cormun/static/Shared/jqueryui/images/ui-icons_8d78a5_256x240.png HTTP/1.1" 404 1089
192.168.10.89 - - [01/Mar/2017:16:34:42 -0300] "GET /cormun/static/Shared/jqueryui/images/ui-icons_82798d_256x240.png HTTP/1.1" 404 1089
192.168.10.89 - - [01/Mar/2017:16:34:42 -0300] "GET /cormun/static/Shared/jqueryui/images/ui-bg_highlight-soft_100_c6c2c8_1x100.png HTTP/1.1" 404 1117
192.168.10.89 - - [01/Mar/2017:16:34:42 -0300] "GET /cormun/static/Shared/jqueryui/images/ui-bg_flat_55_fafafa_40x100.png HTTP/1.1" 404 1097
200.111.191.210 - - [01/Mar/2017:16:34:45 -0300] "POST /cormun/servlet/trautorizarsolicitud?c3993b31d5a541cd43bc0cf204b4554a,,gx-no-cache=1488400472707 HTTP/1.1" 200 5922
200.111.191.210 - - [01/Mar/2017:16:34:45 -0300] "GET /cormun/static/Shared/jqueryui/images/ui-bg_highlight-soft_100_c6c2c8_1x100.png HTTP/1.1" 404 1117
200.111.191.210 - - [01/Mar/2017:16:34:45 -0300] "GET /cormun/static/Shared/jqueryui/images/ui-icons_82798d_256x240.png HTTP/1.1" 404 1089
200.111.191.210 - - [01/Mar/2017:16:34:45 -0300] "GET /cormun/static/Shared/jqueryui/images/ui-bg_flat_55_fafafa_40x100.png HTTP/1.1" 404 1097
200.111.191.210 - - [01/Mar/2017:16:34:45 -0300] "GET /cormun/static/Shared/jqueryui/images/ui-icons_8d78a5_256x240.png HTTP/1.1" 404 1089
186.79.41.237 - - [01/Mar/2017:16:35:02 -0300] "GET /cormun/servlet/trsolicitudot? HTTP/1.1" 200 8231
186.79.41.237 - - [01/Mar/2017:16:35:03 -0300] "GET /cormun/servlet/trsolicitudot? HTTP/1.1" 200 8168
200.111.191.210 - - [01/Mar/2017:16:35:10 -0300] "POST /cormun/servlet/trautorizarsolicitud?c3993b31d5a541cd43bc0cf204b4554a,,gx-no-cache=1488400498544 HTTP/1.1" 200 4111
186.79.41.237 - - [01/Mar/2017:16:35:12 -0300] "POST /cormun/servlet/trsolicitudot?4b0de1452a422c9e3e07ba425400fb6e,,gx-no-cache=1488396979661 HTTP/1.1" 200 5456
200.111.191.210 - - [01/Mar/2017:16:35:16 -0300] "GET /cormun/servlet/trautorizarsolicitud? HTTP/1.1" 200 6846
200.111.191.210 - - [01/Mar/2017:16:35:16 -0300] "GET /cormun/servlet/trautorizarsolicitud? HTTP/1.1" 200 6846
200.111.191.210 - - [01/Mar/2017:16:35:20 -0300] "GET /cormun/servlet/trautorizarsolicitud? HTTP/1.1" 200 6846
200.111.191.210 - - [01/Mar/2017:16:35:21 -0300] "GET /cormun/servlet/trautorizarsolicitud? HTTP/1.1" 200 6846
200.111.191.210 - - [01/Mar/2017:16:35:31 -0300] "GET /cormun/servlet/hlogin HTTP/1.1" 200 1746
186.79.8.148 - - [01/Mar/2017:16:35:42 -0300] "POST /cormun/servlet/solicitudot?gx-no-cache=1488397016439 HTTP/1.1" 200 1273
186.79.8.148 - - [01/Mar/2017:16:35:43 -0300] "POST /cormun/servlet/solicitudot?gx-no-cache=1488397016735 HTTP/1.1" 200 1157
192.168.10.89 - - [01/Mar/2017:16:35:47 -0300] "GET /cormun/servlet/solicitudgral3?UPD,2017,4931, HTTP/1.1" 200 12972
192.168.10.89 - - [01/Mar/2017:16:35:49 -0300] "POST /cormun/servlet/solicitudgral3?gx-no-cache=1488400236135 HTTP/1.1" 200 3341
192.168.10.89 - - [01/Mar/2017:16:35:50 -0300] "GET /cormun/servlet/solicitudgral3?e8b0b31549436c50601e20054f75a84a236824e53b0bac4b496561e2e3bf1a3d4480e433a46c58741b769f5536fdf33d46d680f691422b3d0911e7827eb0aa0bf75a6d43047d15b520da893a52addded9f1254502085857206ffb204b02e56ddb91b50aa395cc5023c4aaa52c3a57642c9951217f56919839cd939428a0cbe7ffb770eb1a0cf073f88d34b8435e9d89160d4ed29abba23f7cad5cc834584e82a739c88d013e8dd768b25334b4c3541138f2f0fc3c7b6da87f183502dc15cc117ea42bc3931db869abbe0536c5a2ba019cf54a80c737f8297fb8a63cdfd0821d3e8f28d1e93f163e06286a61b4e5bd07b77e1a6f8ac1e056fd20b98d65b593e107744e45a894d0f9abc3bb36fedd84dfdfd278f7f3601ac0b71c10a0f3ebf78e6f5be5f1555210680af8e9662fde2f2b2bf121531a8877e7c727a80405275117a22ba7d7483362e269e4306e90ca95339,gx-no-cache=1488400236362 HTTP/1.1" 200 242
192.168.10.89 - - [01/Mar/2017:16:35:50 -0300] "POST /cormun/servlet/solicitudgral3?gx-no-cache=1488400236393 HTTP/1.1" 200 1356
192.168.10.89 - - [01/Mar/2017:16:35:50 -0300] "GET /cormun/servlet/solicitudgral3?e8b0b31549436c50601e20054f75a84a6011f1f56deab3f900c995bc80a00647404026a9cd45531f7df30bd9b18c751e46d680f691422b3d0911e7827eb0aa0b790da590bea1e62e4beeb50cc1467e0b4df2559163f092ef3cdc2136ef9d5e8d0e9b4cc7aafb95db517f3f6d51c2ba41cc545af091d2efdb2127793f6798c8a0,gx-no-cache=1488400236473 HTTP/1.1" 200 41
200.111.191.210 - - [01/Mar/2017:16:35:51 -0300] "POST /cormun/servlet/hlogin?c3993b31d5a541cd43bc0cf204b4554a,gx-no-cache=1488400539013 HTTP/1.1" 200 90
200.111.191.210 - - [01/Mar/2017:16:35:51 -0300] "GET /cormun/servlet/hpexe_link HTTP/1.1" 200 968
200.111.191.210 - - [01/Mar/2017:16:35:51 -0300] "GET /cormun/servlet/trautorizarsolicitud HTTP/1.1" 200 6848
200.111.191.210 - - [01/Mar/2017:16:35:51 -0300] "GET /cormun/servlet/trautorizarsolicitud HTTP/1.1" 200 6846
192.168.10.89 - - [01/Mar/2017:16:35:53 -0300] "POST /cormun/servlet/solicitudgral3?4c09c947ad57f77880682ecfaab0c69f,UPD,2017,4931,,gx-no-cache=1488400239564 HTTP/1.1" 200 10997
192.168.10.89 - - [01/Mar/2017:16:35:54 -0300] "GET /cormun/servlet/solicitudgral3?e8b0b31549436c50601e20054f75a84a491bcf941b206b70d6897a11643a5662a88fdd73d369e2121ea5012872b982f27c13b9a8641c236a6df708c0f19e72a9e3f7ddd9d1208b048009a4f8fc028bd1b5147f159b8d01748ef41089b1528b64f7b7a393a056f10af261b66d2f0ccf2610f7f742b02cc7b58a79bbb7468bad5d16c4800624a5449c2c0dd15ba2e9a82d117d2f6d96c88d665943d44a1218bf8d,gx-no-cache=1488400240381 HTTP/1.1" 200 29
192.168.10.89 - - [01/Mar/2017:16:35:54 -0300] "POST /cormun/servlet/solicitudgral3?gx-no-cache=1488400240405 HTTP/1.1" 200 1249
192.168.10.89 - - [01/Mar/2017:16:35:54 -0300] "POST /cormun/servlet/solicitudgral3?gx-no-cache=1488400240442 HTTP/1.1" 200 1155
200.111.191.210 - - [01/Mar/2017:16:35:56 -0300] "GET /cormun/servlet/trautorizarsolicitud? HTTP/1.1" 200 6846
200.111.191.210 - - [01/Mar/2017:16:35:56 -0300] "GET /cormun/servlet/trautorizarsolicitud? HTTP/1.1" 200 6846
192.168.10.89 - - [01/Mar/2017:16:35:56 -0300] "GET /cormun/servlet/solicitudgral3?e8b0b31549436c50601e20054f75a84aa17a3ce25dfa05762fdce2270ba3a17e582a70c2001239b37e55b19b2a7b3aece1e52955cf476b875f7e464b3144737fbf121531a8877e7c727a80405275117a60b2a9ea3994512661cc5118da4338b21a4669b32bee248a36df4083faa44fd394b40bf01f71b8f3aaf4fa032c3382de,gx-no-cache=1488400242659 HTTP/1.1" 200 30
192.168.10.89 - - [01/Mar/2017:16:36:04 -0300] "POST /cormun/servlet/solicitudgral3?4c09c947ad57f77880682ecfaab0c69f,UPD,2017,4931,,gx-no-cache=1488400250595 HTTP/1.1" 200 93
192.168.10.89 - - [01/Mar/2017:16:36:04 -0300] "GET /cormun/servlet/hpexe_return? HTTP/1.1" 200 1028
192.168.10.89 - - [01/Mar/2017:16:36:06 -0300] "GET /cormun/servlet/trsolicitudgral?gx-no-cache=1488399695497 HTTP/1.1" 200 10834
200.111.191.210 - - [01/Mar/2017:16:36:07 -0300] "GET /cormun/servlet/hlogin HTTP/1.1" 200 1746
192.168.10.89 - - [01/Mar/2017:16:36:10 -0300] "POST /cormun/servlet/trsolicitudgral?4c09c947ad57f77880682ecfaab0c69f,gx-no-cache=1488399695497,gx-no-cache=1488400256927 HTTP/1.1" 200 7159
192.168.10.89 - - [01/Mar/2017:16:36:11 -0300] "GET /cormun/static/Shared/jqueryui/images/ui-bg_flat_55_fafafa_40x100.png HTTP/1.1" 404 1097
192.168.10.89 - - [01/Mar/2017:16:36:11 -0300] "GET /cormun/static/Shared/jqueryui/images/ui-bg_highlight-soft_100_c6c2c8_1x100.png HTTP/1.1" 404 1117
192.168.10.89 - - [01/Mar/2017:16:36:11 -0300] "GET /cormun/static/Shared/jqueryui/images/ui-icons_8d78a5_256x240.png HTTP/1.1" 404 1089
192.168.10.89 - - [01/Mar/2017:16:36:11 -0300] "GET /cormun/static/Shared/jqueryui/images/ui-icons_82798d_256x240.png HTTP/1.1" 404 1089
186.79.16.23 - - [01/Mar/2017:16:36:11 -0300] "GET /cormun/servlet/trautorizarsolicitud? HTTP/1.1" 200 7291
186.79.16.23 - - [01/Mar/2017:16:36:12 -0300] "GET /cormun/servlet/trautorizarsolicitud? HTTP/1.1" 200 7291
186.79.16.23 - - [01/Mar/2017:16:36:12 -0300] "GET /cormun/servlet/hlogin HTTP/1.1" 200 1748
186.79.16.23 - - [01/Mar/2017:16:36:14 -0300] "POST /cormun/servlet/hlogin?33f18c2aae0557841b28c0f6ca3728a1,gx-no-cache=1488397046608 HTTP/1.1" 200 90
186.79.16.23 - - [01/Mar/2017:16:36:14 -0300] "GET /cormun/servlet/hpexe_link HTTP/1.1" 200 969
186.79.16.23 - - [01/Mar/2017:16:36:15 -0300] "GET /cormun/servlet/trautorizarsolicitud HTTP/1.1" 200 6714
186.79.16.23 - - [01/Mar/2017:16:36:15 -0300] "GET /cormun/servlet/trautorizarsolicitud HTTP/1.1" 200 6712
186.79.16.23 - - [01/Mar/2017:16:36:20 -0300] "GET /cormun/servlet/trautorizarsolicitud? HTTP/1.1" 200 6712
186.79.16.23 - - [01/Mar/2017:16:36:20 -0300] "GET /cormun/servlet/trautorizarsolicitud? HTTP/1.1" 200 6714
192.168.10.89 - - [01/Mar/2017:16:36:30 -0300] "POST /cormun/servlet/trsolicitudgral?4c09c947ad57f77880682ecfaab0c69f,gx-no-cache=1488399695497,gx-no-cache=1488400276448 HTTP/1.1" 200 6723
192.168.10.89 - - [01/Mar/2017:16:36:47 -0300] "GET /cormun/servlet/hlogin HTTP/1.1" 200 1752
186.79.41.237 - - [01/Mar/2017:16:36:47 -0300] "POST /cormun/servlet/trsolicitudot?4b0de1452a422c9e3e07ba425400fb6e,,gx-no-cache=1488397074742 HTTP/1.1" 200 106
186.79.41.237 - - [01/Mar/2017:16:36:48 -0300] "GET /cormun/servlet/solicitudot?UPD,2017,4997, HTTP/1.1" 200 14380
186.79.41.237 - - [01/Mar/2017:16:36:48 -0300] "GET /cormun/servlet/solicitudot?UPD,2017,4997, HTTP/1.1" 200 14390
200.86.95.220 - - [01/Mar/2017:16:36:48 -0300] "GET /cormun/servlet/hlogin HTTP/1.1" 200 1718
200.86.95.220 - - [01/Mar/2017:16:36:49 -0300] "GET /cormun/servlet/hlogin HTTP/1.1" 200 1728
186.79.41.237 - - [01/Mar/2017:16:36:49 -0300] "POST /cormun/servlet/solicitudot?gx-no-cache=1488397077504 HTTP/1.1" 200 3141
186.79.41.237 - - [01/Mar/2017:16:36:50 -0300] "POST /cormun/servlet/solicitudot?4b0de1452a422c9e3e07ba425400fb6e,UPD,2017,4997,,gx-no-cache=1488397077967 HTTP/1.1" 200 11020
186.79.41.237 - - [01/Mar/2017:16:36:50 -0300] "GET /cormun/servlet/solicitudot?8806f5743c2866d85edd96b7fa3e32d66c6c8e57a9012f03058f67dda4d02ff290798c348d84675fc0bf73f97f6e5619,gx-no-cache=1488397078634 HTTP/1.1" 200 30
186.79.41.237 - - [01/Mar/2017:16:36:50 -0300] "POST /cormun/servlet/solicitudot?gx-no-cache=1488397078825 HTTP/1.1" 200 256
186.79.41.237 - - [01/Mar/2017:16:36:50 -0300] "GET /cormun/servlet/solicitudot?8806f5743c2866d85edd96b7fa3e32d62ad9506804a6434a5665d276ef2880ac6cf1cf4daf7eaf03e873ee128561719c6013936879d150d880266aeaa87a9d10d938ee19f68400520e7b4fe6c00266c586e307fc750d7d2daa7a8d71d4faac632735420c4fb789138bef64b64a4bb4c276fdeaa5b04863743f69e2c1bd31d23a36898472d07ba61e006ef3d3b8ce5551b5fac970d6f607b6672886bdc537cc1bf2ed5ea8eab532cde37628568296b2674f8f2ceffd78cdd668e8f8336807b928d4f920c574e95f5691b62f15e0fa4b2c0661b627b7865290dc52e2c95823ddea2b31a187db9b39ab38937987b488cf3dc9b6c0385ebeb5f5d1287ab292fe286acff22914aac282877c813bc3216df6f27503a9d2b7cfaaa6ae16a27faf2931bec1bb37a1453f68d5315a9f958935df4441a70b34c0900f351b4b1be668d342aae40d90f2016dc8a4035eace72d2b540a2939c8755a81d87554a16bb61f5e17b3f116ca01e4533224c2298fb5a453df022c266eca966fa5c77cbd0bdd8c750dea,gx-no-cache=1488397079095 HTTP/1.1" 200 30
186.79.41.237 - - [01/Mar/2017:16:36:50 -0300] "POST /cormun/servlet/solicitudot?gx-no-cache=1488397079205 HTTP/1.1" 200 30
186.79.41.237 - - [01/Mar/2017:16:36:51 -0300] "POST /cormun/servlet/solicitudot?gx-no-cache=1488397079544 HTTP/1.1" 200 1291
186.79.41.237 - - [01/Mar/2017:16:36:51 -0300] "POST /cormun/servlet/solicitudot?gx-no-cache=1488397079759 HTTP/1.1" 200 41
200.86.95.220 - - [01/Mar/2017:16:37:02 -0300] "POST /cormun/servlet/hlogin?173b542e7ab2203fc8eb3a9188249124,gx-no-cache=1488397094867 HTTP/1.1" 200 90
200.86.95.220 - - [01/Mar/2017:16:37:02 -0300] "GET /cormun/servlet/hpexe_link HTTP/1.1" 200 953
200.86.95.220 - - [01/Mar/2017:16:37:02 -0300] "GET /cormun/servlet/hhome HTTP/1.1" 200 3926
186.79.41.237 - - [01/Mar/2017:16:37:03 -0300] "GET /cormun/servlet/solicitudot?8806f5743c2866d85edd96b7fa3e32d638a9519387073327e222fc1581b1e8f28a0b2b2bc82898b7127f400e4230f49d55d958518de81f85b6231718d1a1ff61c911cd0ef903c14092a8a9c2d0f4f1c3eb36d92caffd4ea9d59402dd18f93a06beef7ff7c64fdf4c233d62edbc66ad4625e7efb888ab96b4576daefcd9c6742178d8c9e539e30bc9f6996f207910c087a28d97650675b806a981721601782c5a,gx-no-cache=1488397091452 HTTP/1.1" 200 29
186.79.41.237 - - [01/Mar/2017:16:37:03 -0300] "POST /cormun/servlet/solicitudot?gx-no-cache=1488397091702 HTTP/1.1" 200 1274
200.86.95.220 - - [01/Mar/2017:16:37:03 -0300] "GET /cormun/servlet/hhome HTTP/1.1" 200 3922
186.79.41.237 - - [01/Mar/2017:16:37:04 -0300] "POST /cormun/servlet/solicitudot?gx-no-cache=1488397092955 HTTP/1.1" 200 1157
186.79.41.237 - - [01/Mar/2017:16:37:04 -0300] "GET /cormun/servlet/solicitudot?8806f5743c2866d85edd96b7fa3e32d680795be5c55b64e5f02a32d4058a7e73b9a758a7ead271d21276f3b47a74f29abc5019b2728064da5410fdec77d35c0e941e7311eddfb38cb37efbfa470006a70a432458b981ab09f2f4e07ca5e554266feaa9e313fa4ee9bbe1e115c1865df928461fca55a1829dca10b6cfac84f961783129dee7ba9c804142dc49d43877e887ef234df2846a712f3a66b0196962abdcd17aee7d3e4f764d185ad8f1687b75,gx-no-cache=1488397093273 HTTP/1.1" 200 30
186.79.17.148 - - [01/Mar/2017:16:37:05 -0300] "POST /cormun/servlet/trlicencias?7e735c207ebf712706deb3d5cf86a656,gx-no-cache=1488396962760 HTTP/1.1" 200 4017
186.79.17.148 - - [01/Mar/2017:16:37:05 -0300] "GET /cormun/static/Shared/jqueryui/images/ui-bg_highlight-soft_100_c6c2c8_1x100.png HTTP/1.1" 404 1117
186.79.17.148 - - [01/Mar/2017:16:37:05 -0300] "GET /cormun/static/Shared/jqueryui/images/ui-icons_82798d_256x240.png HTTP/1.1" 404 1089
186.79.17.148 - - [01/Mar/2017:16:37:05 -0300] "GET /cormun/static/Shared/jqueryui/images/ui-bg_flat_55_fafafa_40x100.png HTTP/1.1" 404 1097
186.79.17.148 - - [01/Mar/2017:16:37:05 -0300] "GET /cormun/static/Shared/jqueryui/images/ui-icons_8d78a5_256x240.png HTTP/1.1" 404 1089
200.86.95.220 - - [01/Mar/2017:16:37:06 -0300] "GET /cormun/servlet/trautorizarsolicitud? HTTP/1.1" 200 6842
200.86.95.220 - - [01/Mar/2017:16:37:06 -0300] "GET /cormun/static/trautorizarsolicitud.js?2017259113483 HTTP/1.1" 304 -
186.79.41.237 - - [01/Mar/2017:16:37:06 -0300] "POST /cormun/servlet/solicitudot?4b0de1452a422c9e3e07ba425400fb6e,UPD,2017,4997,,gx-no-cache=1488397093512 HTTP/1.1" 200 93
186.79.41.237 - - [01/Mar/2017:16:37:06 -0300] "GET /cormun/servlet/hpexe_return? HTTP/1.1" 200 1007
186.79.41.237 - - [01/Mar/2017:16:37:07 -0300] "GET /cormun/servlet/trsolicitudot? HTTP/1.1" 200 8172
200.86.95.220 - - [01/Mar/2017:16:37:07 -0300] "GET /cormun/servlet/trautorizarsolicitud? HTTP/1.1" 200 6843
186.79.41.237 - - [01/Mar/2017:16:37:07 -0300] "GET /cormun/servlet/trsolicitudot? HTTP/1.1" 200 8168
186.79.41.237 - - [01/Mar/2017:16:37:15 -0300] "GET /cormun/servlet/trsolicitudot? HTTP/1.1" 200 8168
186.79.41.237 - - [01/Mar/2017:16:37:16 -0300] "GET /cormun/servlet/trsolicitudot? HTTP/1.1" 200 8168
186.79.41.237 - - [01/Mar/2017:16:37:20 -0300] "POST /cormun/servlet/trsolicitudot?4b0de1452a422c9e3e07ba425400fb6e,,gx-no-cache=1488397108104 HTTP/1.1" 200 5413
192.168.10.89 - - [01/Mar/2017:16:37:27 -0300] "POST /cormun/servlet/hlogin?4c09c947ad57f77880682ecfaab0c69f,gx-no-cache=1488400333482 HTTP/1.1" 200 90
192.168.10.89 - - [01/Mar/2017:16:37:27 -0300] "GET /cormun/servlet/hpexe_link HTTP/1.1" 200 946
192.168.10.89 - - [01/Mar/2017:16:37:29 -0300] "GET /cormun/servlet/hhome HTTP/1.1" 200 3954
186.79.41.237 - - [01/Mar/2017:16:37:29 -0300] "GET /cormun/servlet/solicitudot?INS,0,0, HTTP/1.1" 200 12762
186.79.41.237 - - [01/Mar/2017:16:37:31 -0300] "GET /cormun/servlet/solicitudot?INS,0,0, HTTP/1.1" 200 12767
186.79.17.148 - - [01/Mar/2017:16:37:35 -0300] "GET /cormun/servlet/hlogin HTTP/1.1" 200 1720
192.168.10.89 - - [01/Mar/2017:16:37:37 -0300] "GET /cormun/servlet/trsolicitudot? HTTP/1.1" 200 8244
186.79.41.237 - - [01/Mar/2017:16:37:38 -0300] "POST /cormun/servlet/solicitudot?gx-no-cache=1488397126910 HTTP/1.1" 200 3141
186.79.41.237 - - [01/Mar/2017:16:37:39 -0300] "GET /cormun/static/Shared/jqueryui/images/ui-bg_highlight-soft_100_c6c2c8_1x100.png HTTP/1.1" 404 1117
186.79.41.237 - - [01/Mar/2017:16:37:39 -0300] "GET /cormun/static/Shared/jqueryui/images/ui-bg_flat_55_994d53_40x100.png HTTP/1.1" 404 1097
186.79.41.237 - - [01/Mar/2017:16:37:39 -0300] "GET /cormun/static/Shared/jqueryui/images/ui-icons_ebccce_256x240.png HTTP/1.1" 404 1089
186.79.41.237 - - [01/Mar/2017:16:37:39 -0300] "GET /cormun/servlet/solicitudot?8806f5743c2866d85edd96b7fa3e32d6e378c567f788cd1729789a3ea405c285,gx-no-cache=1488397127730 HTTP/1.1" 200 111
186.79.41.237 - - [01/Mar/2017:16:37:42 -0300] "GET /cormun/static/Shared/jqueryui/images/ui-icons_82798d_256x240.png HTTP/1.1" 404 1089
192.168.10.89 - - [01/Mar/2017:16:37:48 -0300] "POST /cormun/servlet/trsolicitudot?4c09c947ad57f77880682ecfaab0c69f,,gx-no-cache=1488400354701 HTTP/1.1" 200 105
200.86.95.220 - - [01/Mar/2017:16:37:48 -0300] "GET /cormun/servlet/hlogin HTTP/1.1" 200 1718
192.168.10.89 - - [01/Mar/2017:16:37:48 -0300] "GET /cormun/servlet/solicitudot?UPD,2017,3072, HTTP/1.1" 200 14459
192.168.10.89 - - [01/Mar/2017:16:37:51 -0300] "POST /cormun/servlet/solicitudot?gx-no-cache=1488400357383 HTTP/1.1" 200 3174
192.168.10.89 - - [01/Mar/2017:16:37:51 -0300] "POST /cormun/servlet/solicitudot?4c09c947ad57f77880682ecfaab0c69f,UPD,2017,3072,,gx-no-cache=1488400357643 HTTP/1.1" 200 11062
192.168.10.89 - - [01/Mar/2017:16:37:51 -0300] "GET /cormun/servlet/solicitudot?e8b0b31549436c50601e20054f75a84ab4f5aaf16a61611f470abdafce2d447f3f630a31e69c0b5e6b76c8b063df6bad,gx-no-cache=1488400357865 HTTP/1.1" 200 30
192.168.10.89 - - [01/Mar/2017:16:37:51 -0300] "POST /cormun/servlet/solicitudot?gx-no-cache=1488400357946 HTTP/1.1" 200 256
192.168.10.89 - - [01/Mar/2017:16:37:51 -0300] "GET /cormun/servlet/solicitudot?e8b0b31549436c50601e20054f75a84a51ea985f2d6f8e1b0201cb58fd416ccb189fc3b716ecaadd8ab33f5874f51d9401f84538c2ce40b829d4fe27753c2f3aba2c021b6709e27fc1481d74ab480df7a0b757d24a3fa276ac45df557d22e6ba141d1d5ca38e959f9b0c237f43ad965f2ec4c4c5f8649d7a24b82683cddaa3ff7a33c2ba58831ed2a5a14efaae86506a8a8424dfd62f052d55ab9cfc7ae03dceabfcee4dfde13742099c2c069bc1b49631258eaedca4eeb78c7277a95b3c422e5d99ab4bfd992fb4dfbb9594e81b7d420581b4894e73fd3ed4d740d7bd97e37314600c4bc5d6cf5f232122448976c66e97a6cd770db10077782557915d48e79478bce310c29172992d9bba36dfe7e6cea27d54db55d8afa567fe4d8e6d7a47b13c26921f8b4200814faaf5fb434a3218ad47787c56b078073c3c44530a334f5eee701bb5aea733be60eb3d99a625f97037d0d1dd6149e3689014b376b24981189c7c22fe64e6b39e1e33b7a8956750b6cc45c7c574593b70a391b7e25f945b99,gx-no-cache=1488400357977 HTTP/1.1" 200 30
192.168.10.89 - - [01/Mar/2017:16:37:51 -0300] "POST /cormun/servlet/solicitudot?gx-no-cache=1488400357999 HTTP/1.1" 200 30
192.168.10.89 - - [01/Mar/2017:16:37:51 -0300] "POST /cormun/servlet/solicitudot?gx-no-cache=1488400358047 HTTP/1.1" 200 1290
192.168.10.89 - - [01/Mar/2017:16:37:51 -0300] "POST /cormun/servlet/solicitudot?gx-no-cache=1488400358091 HTTP/1.1" 200 41
