200.83.57.219 - - [01/Mar/2017:15:56:51 -0300] "GET /cormun/servlet/trsolicitudadjuntos?2017,4979, HTTP/1.1" 200 9151
186.103.157.42 - - [01/Mar/2017:15:56:52 -0300] "GET /cormun/servlet/trautorizarsolicitud? HTTP/1.1" 200 8601
186.103.157.42 - - [01/Mar/2017:15:56:52 -0300] "GET /cormun/static/gxcfg.js?2017259112829 HTTP/1.1" 200 953
186.103.157.42 - - [01/Mar/2017:15:56:52 -0300] "GET /cormun/static/trautorizarsolicitud.js?2017259113483 HTTP/1.1" 200 53096
186.103.157.42 - - [01/Mar/2017:15:56:52 -0300] "GET /cormun/servlet/trautorizarsolicitud? HTTP/1.1" 200 8600
186.103.159.44 - - [01/Mar/2017:15:56:55 -0300] "GET /cormun/servlet/solicitudotadjuntos?INS,2017,4987,,1, HTTP/1.1" 200 5808
186.103.159.44 - - [01/Mar/2017:15:56:55 -0300] "HEAD /cormun/static/about:blank HTTP/1.1" 404 -
186.103.159.44 - - [01/Mar/2017:15:56:57 -0300] "GET /cormun/servlet/solicitudotadjuntos?c3c94e29e4b828e2515c1c6b110f0914f6ec1dcc4386141468bea1a576a5204fb9c65e559f3c920f320a94283545a73c,gx-no-cache=1488394682841 HTTP/1.1" 200 30
186.103.159.44 - - [01/Mar/2017:15:56:57 -0300] "POST /cormun/servlet/solicitudotadjuntos?a1eca94beb0487211da0878496ebd0ea,INS,2017,4987,,1,,gx-no-cache=1488394682970 HTTP/1.1" 200 3639
200.83.57.219 - - [01/Mar/2017:15:56:57 -0300] "GET /cormun/servlet/solicitudotadjuntos?INS,2017,4979,,2, HTTP/1.1" 200 6124
200.83.57.219 - - [01/Mar/2017:15:56:58 -0300] "GET /cormun/static/about:blank HTTP/1.1" 404 1011
200.83.57.219 - - [01/Mar/2017:15:56:58 -0300] "GET /cormun/servlet/solicitudotadjuntos?INS,2017,4979,,2, HTTP/1.1" 200 6118
186.103.157.42 - - [01/Mar/2017:15:56:58 -0300] "POST /cormun/servlet/trautorizarsolicitud?9981b113ba3e4ce259bb6b53d6b840e0,,gx-no-cache=1488394557123 HTTP/1.1" 200 5482
186.103.157.42 - - [01/Mar/2017:15:56:58 -0300] "GET /cormun/static/Shared/jqueryui/images/ui-bg_highlight-soft_100_c6c2c8_1x100.png HTTP/1.1" 404 1117
186.103.157.42 - - [01/Mar/2017:15:56:58 -0300] "GET /cormun/static/Shared/jqueryui/images/ui-icons_82798d_256x240.png HTTP/1.1" 404 1089
186.103.157.42 - - [01/Mar/2017:15:56:58 -0300] "GET /cormun/static/Shared/jqueryui/images/ui-bg_flat_55_fafafa_40x100.png HTTP/1.1" 404 1097
200.83.57.219 - - [01/Mar/2017:15:56:58 -0300] "GET /cormun/servlet/solicitudotadjuntos?3630b18e9895b8ea7d4d2c7f174fc8eae4de33d1ef60aabb2e936534633012e47f060848b601abe725eef24e598e68d6,gx-no-cache=1488394690977 HTTP/1.1" 200 30
186.103.157.42 - - [01/Mar/2017:15:56:58 -0300] "GET /cormun/static/Shared/jqueryui/images/ui-icons_8d78a5_256x240.png HTTP/1.1" 404 1089
186.103.157.42 - - [01/Mar/2017:15:56:58 -0300] "POST /cormun/servlet/trautorizarsolicitud?9981b113ba3e4ce259bb6b53d6b840e0,,gx-no-cache=1488394557384 HTTP/1.1" 200 5427
200.83.57.219 - - [01/Mar/2017:15:56:59 -0300] "POST /cormun/servlet/solicitudotadjuntos?6c0e93580404ee4c32d65afd6f8bf691,INS,2017,4979,,2,,gx-no-cache=1488394691061 HTTP/1.1" 200 4055
186.103.157.42 - - [01/Mar/2017:15:56:59 -0300] "POST /cormun/servlet/trautorizarsolicitud?9981b113ba3e4ce259bb6b53d6b840e0,,gx-no-cache=1488394558425 HTTP/1.1" 200 4353
186.103.157.42 - - [01/Mar/2017:15:57:00 -0300] "POST /cormun/servlet/trautorizarsolicitud?9981b113ba3e4ce259bb6b53d6b840e0,,gx-no-cache=1488394558578 HTTP/1.1" 200 4104
186.103.159.44 - - [01/Mar/2017:15:57:00 -0300] "POST /cormun/servlet/solicitudotadjuntos?gx-no-cache=1488394686350 HTTP/1.1" 200 26
200.83.57.219 - - [01/Mar/2017:15:57:06 -0300] "POST /cormun/servlet/solicitudotadjuntos?gx-no-cache=1488394699077 HTTP/1.1" 200 26
200.83.57.219 - - [01/Mar/2017:15:57:10 -0300] "GET /cormun/servlet/solicitudotadjuntos?3630b18e9895b8ea7d4d2c7f174fc8ea128348d7b1198631ec366f8e631c7620,gx-no-cache=1488394702790 HTTP/1.1" 200 30
200.83.57.219 - - [01/Mar/2017:15:57:10 -0300] "GET /cormun/servlet/solicitudotadjuntos?3630b18e9895b8ea7d4d2c7f174fc8ea128348d7b1198631ec366f8e631c7620,gx-no-cache=1488394702833 HTTP/1.1" 200 30
200.83.57.219 - - [01/Mar/2017:15:57:11 -0300] "POST /cormun/servlet/solicitudotadjuntos?6c0e93580404ee4c32d65afd6f8bf691,INS,2017,4979,,2, HTTP/1.1" 200 116
200.83.57.219 - - [01/Mar/2017:15:57:11 -0300] "GET /cormun/servlet/hpexe_return? HTTP/1.1" 200 1026
186.103.159.44 - - [01/Mar/2017:15:57:12 -0300] "GET /cormun/servlet/solicitudotadjuntos?c3c94e29e4b828e2515c1c6b110f0914fe3011ecdbb106620c037846700add08,gx-no-cache=1488394698590 HTTP/1.1" 200 30
200.83.57.219 - - [01/Mar/2017:15:57:12 -0300] "GET /cormun/servlet/trsolicitudadjuntos?2017,4979, HTTP/1.1" 200 9387
186.103.159.44 - - [01/Mar/2017:15:57:12 -0300] "GET /cormun/servlet/solicitudotadjuntos?c3c94e29e4b828e2515c1c6b110f0914fe3011ecdbb106620c037846700add08,gx-no-cache=1488394698639 HTTP/1.1" 200 30
186.103.159.44 - - [01/Mar/2017:15:57:14 -0300] "POST /cormun/servlet/solicitudotadjuntos?a1eca94beb0487211da0878496ebd0ea,INS,2017,4987,,1, HTTP/1.1" 200 116
186.103.159.44 - - [01/Mar/2017:15:57:14 -0300] "GET /cormun/servlet/hpexe_return? HTTP/1.1" 200 1025
200.83.57.219 - - [01/Mar/2017:15:57:14 -0300] "GET /cormun/servlet/trsolicitudadjuntos?2017,4979, HTTP/1.1" 200 9383
186.79.41.237 - - [01/Mar/2017:15:57:14 -0300] "GET /cormun/servlet/solicitudotcontratos?INS,2017,0,10861333,5,2,2016,2339,INTEGRACION,201701,10,*, HTTP/1.1" 200 9552
186.103.159.44 - - [01/Mar/2017:15:57:15 -0300] "GET /cormun/servlet/trsolicitudadjuntos?2017,4987, HTTP/1.1" 200 8380
186.79.41.237 - - [01/Mar/2017:15:57:15 -0300] "GET /cormun/servlet/solicitudotcontratos?INS,2017,0,10861333,5,2,2016,2339,INTEGRACION,201701,10,*, HTTP/1.1" 200 9585
186.79.41.237 - - [01/Mar/2017:15:57:16 -0300] "GET /cormun/servlet/solicitudotcontratos?d50cf3b555acfc55fb1b10008f2191e208d47ba8398495ec07c83725e6d828fed079893a8a211b3cdd590ac0d7504889,gx-no-cache=1488394704386 HTTP/1.1" 200 30
186.79.41.237 - - [01/Mar/2017:15:57:16 -0300] "GET /cormun/servlet/solicitudotcontratos?d50cf3b555acfc55fb1b10008f2191e28e28eaf6e0964123cac6375852fdcdd29c5d029ce21e5806b25fc7e84a3807b9ffb04910a29b8382b71bf4631582777460526c936a83d005f4f667b3161b7a9f5a0c62101e3cae3058900af2d632240383de34b4a7e861b9ba1c69277465aa0ee88012b80311f4a2c0b80f640c1c1a88,gx-no-cache=1488394704546 HTTP/1.1" 200 48
186.79.41.237 - - [01/Mar/2017:15:57:16 -0300] "GET /cormun/servlet/solicitudotcontratos?d50cf3b555acfc55fb1b10008f2191e2694c5c8bcb68acf027127744577d8589cce7890ecab54881d6e11845e9a65a6d,gx-no-cache=1488394704660 HTTP/1.1" 200 30
186.79.41.237 - - [01/Mar/2017:15:57:16 -0300] "GET /cormun/servlet/solicitudotcontratos?d50cf3b555acfc55fb1b10008f2191e21817cda94776750beb0d7ac85c47c9f8cb7af0926868247769f2ca94a5fd1fceae4dccb76c5dd85f8be3d9ee4748755d86bc198fd4abf4cf5b8fa109156dce8253913bbf74e05160a02e6e73988708e08cfe33a18607c344aecc0b7cb8e43749,gx-no-cache=1488394704762 HTTP/1.1" 200 30
186.79.41.237 - - [01/Mar/2017:15:57:16 -0300] "GET /cormun/servlet/solicitudotcontratos?d50cf3b555acfc55fb1b10008f2191e2377d2a4c97c4ee8ec6fdaf91a9e8ffeddb76723484ff6df2d02e424c4a003f66acb76f9982dff2d07b32e6d35fa0833218f3790e029c9d1dfdcbf87480fbfe9aff76b4f212d54a4aff197d7f892e63154ddccb1267a5bed75e5a23a27dddcb5ee419d9084eca433e65bf1702353b77cfb2a643320cd7d52737b273b470766c30ba797ebc369a7e86682082d75ebd36397cbca8a9148bf383e030b251434a105721df959657b3ef57b4639f89c661f04347c0c27cd4b7a08bdfa40cf28c33feaad1e08e64391b574efc9cca9defa72d94ac3fcde9d6c6e64ded575b8245f5627c171fa7008b6bed6d9ba6339e87a706360fce74fe27e2ca613a5cb665849805a56a20e5c2216d80fcdd0b3fa3eccc3466af8745dfeba0a6b51187b55262f90122ea3d50777daa5d7fe806abe699d6e5584bdb475f10c4411b98024026df9153a37d3506f1d4332147c1256f5158dee791575c9e83bba87d5fababa9a7fb11388de9da746a9dba7c3b537f269fa2f738dc628f605ed2cffd9fe1e5a388a070fc82975ba7c0b53f3abc5349f9813d73a002944907b46eb70ae58b133049a39d3408605a636fddca3d34b8127557c880eb9fa4a5a0d1fd5887faa43649769a5db5c93cb9100424b39dd07ddd1367c47554445d246464701037ec2f1692fd37afe895e06e4236c7d731c4807338315f92fb349bb08f4864ab1aa24c73d5fc097b40507a00ec00ebd09d8df982ef3eeb0ddbe3794f654f538c28c84b4a7836e15950d5daf9c17e171816d15c29e255d903b7bb,gx-no-cache=1488394704875 HTTP/1.1" 200 83
200.83.57.219 - - [01/Mar/2017:15:57:20 -0300] "POST /cormun/servlet/trsolicitudadjuntos?6c0e93580404ee4c32d65afd6f8bf691,2017,4979,,gx-no-cache=1488394712325 HTTP/1.1" 200 90
200.83.57.219 - - [01/Mar/2017:15:57:20 -0300] "GET /cormun/servlet/hpexe_link HTTP/1.1" 200 972
200.83.57.219 - - [01/Mar/2017:15:57:20 -0300] "GET /cormun/servlet/trsolicitudot HTTP/1.1" 200 8794
200.83.57.219 - - [01/Mar/2017:15:57:21 -0300] "GET /cormun/servlet/trsolicitudot HTTP/1.1" 200 8792
186.103.159.44 - - [01/Mar/2017:15:57:21 -0300] "GET /cormun/servlet/solicitudotadjuntos?INS,2017,4987,,1, HTTP/1.1" 200 5809
186.103.159.44 - - [01/Mar/2017:15:57:21 -0300] "HEAD /cormun/static/about:blank HTTP/1.1" 404 -
186.103.159.44 - - [01/Mar/2017:15:57:23 -0300] "GET /cormun/servlet/solicitudotadjuntos?c3c94e29e4b828e2515c1c6b110f0914f6ec1dcc4386141468bea1a576a5204fb9c65e559f3c920f320a94283545a73c,gx-no-cache=1488394708889 HTTP/1.1" 200 30
186.79.41.237 - - [01/Mar/2017:15:57:23 -0300] "POST /cormun/servlet/solicitudotcontratos?6c0eb8d8e4754480ec10566af5b47f6d,INS,2017,0,10861333,5,2,2016,2339,INTEGRACION,201701,10,*,,gx-no-cache=1488394711194 HTTP/1.1" 200 10387
186.103.159.44 - - [01/Mar/2017:15:57:23 -0300] "POST /cormun/servlet/solicitudotadjuntos?a1eca94beb0487211da0878496ebd0ea,INS,2017,4987,,1,,gx-no-cache=1488394708974 HTTP/1.1" 200 3640
186.79.41.237 - - [01/Mar/2017:15:57:23 -0300] "POST /cormun/servlet/solicitudotcontratos?gx-no-cache=1488394712113 HTTP/1.1" 200 1276
186.79.41.237 - - [01/Mar/2017:15:57:23 -0300] "POST /cormun/servlet/solicitudotcontratos?gx-no-cache=1488394712314 HTTP/1.1" 200 1154
186.79.41.237 - - [01/Mar/2017:15:57:24 -0300] "GET /cormun/servlet/solicitudotcontratos?d50cf3b555acfc55fb1b10008f2191e2591cc6e99c4194370a2027ae36f43e8f9d3d0e6f23ab971cbb63f229ca1997407cfebd3ab218a7578c891a8010b6bbe8771ae27655b94b042216eed101fb799eb345059705e004d6d40076371b69bb96340f55372b03ae478e15d6d8cf43389c04a289aee15027b973b137c3cebf67bd,gx-no-cache=1488394712497 HTTP/1.1" 200 30
200.83.57.219 - - [01/Mar/2017:15:57:24 -0300] "POST /cormun/servlet/trsolicitudot?6c0e93580404ee4c32d65afd6f8bf691,gx-no-cache=1488394716719 HTTP/1.1" 200 107
200.83.57.219 - - [01/Mar/2017:15:57:24 -0300] "GET /cormun/servlet/trsolicitudadjuntos?2017,4936, HTTP/1.1" 200 9473
186.79.41.237 - - [01/Mar/2017:15:57:25 -0300] "POST /cormun/servlet/solicitudotcontratos?6c0eb8d8e4754480ec10566af5b47f6d,INS,2017,0,10861333,5,2,2016,2339,INTEGRACION,201701,10,*,,gx-no-cache=1488394712916 HTTP/1.1" 200 93
186.79.41.237 - - [01/Mar/2017:15:57:25 -0300] "GET /cormun/servlet/hpexe_return? HTTP/1.1" 200 1051
186.79.41.237 - - [01/Mar/2017:15:57:25 -0300] "GET /cormun/servlet/trcontratosolicitud HTTP/1.1" 200 12089
200.83.57.219 - - [01/Mar/2017:15:57:25 -0300] "GET /cormun/servlet/trsolicitudadjuntos?2017,4936, HTTP/1.1" 200 9476
186.79.41.237 - - [01/Mar/2017:15:57:26 -0300] "GET /cormun/servlet/trcontratosolicitud HTTP/1.1" 200 12083
186.103.159.44 - - [01/Mar/2017:15:57:27 -0300] "POST /cormun/servlet/solicitudotadjuntos?gx-no-cache=1488394713406 HTTP/1.1" 200 26
186.103.159.46 - - [01/Mar/2017:15:57:28 -0300] "GET /cormun/static/Resources/resize.gif HTTP/1.1" 200 77
186.103.159.46 - - [01/Mar/2017:15:57:35 -0300] "GET /cormun/servlet/prfichaempleado?,MD,,gxPopupLevel%3D0%3B HTTP/1.1" 200 8824
186.103.159.46 - - [01/Mar/2017:15:57:35 -0300] "GET /cormun/static/Resources/PXToolsMenuSearch.png HTTP/1.1" 200 2914
186.103.159.46 - - [01/Mar/2017:15:57:35 -0300] "GET /cormun/static/gxcfg.js?2016102420561687 HTTP/1.1" 200 953
186.103.159.46 - - [01/Mar/2017:15:57:35 -0300] "GET /cormun/static/menusearch.js?201610171694467 HTTP/1.1" 200 1424
186.103.159.46 - - [01/Mar/2017:15:57:35 -0300] "GET /cormun/static/Resources/PXToolsMenuSearchCancel.png HTTP/1.1" 200 2972
186.103.159.46 - - [01/Mar/2017:15:57:35 -0300] "GET /cormun/static/prfichaempleado.js?201610242056198 HTTP/1.1" 200 16015
186.103.159.46 - - [01/Mar/2017:15:57:35 -0300] "GET /cormun/static/hmpwkw011.js?201612218515582 HTTP/1.1" 200 1968
186.103.159.44 - - [01/Mar/2017:15:57:37 -0300] "GET /cormun/servlet/solicitudotadjuntos?c3c94e29e4b828e2515c1c6b110f0914fe3011ecdbb106620c037846700add08,gx-no-cache=1488394723630 HTTP/1.1" 200 30
186.103.159.44 - - [01/Mar/2017:15:57:37 -0300] "GET /cormun/servlet/solicitudotadjuntos?c3c94e29e4b828e2515c1c6b110f0914fe3011ecdbb106620c037846700add08,gx-no-cache=1488394723687 HTTP/1.1" 200 30
186.103.159.44 - - [01/Mar/2017:15:57:40 -0300] "POST /cormun/servlet/solicitudotadjuntos?a1eca94beb0487211da0878496ebd0ea,INS,2017,4987,,1, HTTP/1.1" 200 116
186.103.159.44 - - [01/Mar/2017:15:57:40 -0300] "GET /cormun/servlet/hpexe_return? HTTP/1.1" 200 1025
186.103.159.44 - - [01/Mar/2017:15:57:41 -0300] "GET /cormun/servlet/trsolicitudadjuntos?2017,4987, HTTP/1.1" 200 8516
186.79.41.237 - - [01/Mar/2017:15:57:43 -0300] "GET /cormun/servlet/solicitudotcontratos?INS,2017,0,17930212,8,2,2016,2346,INTEGRACION,201701,37,B, HTTP/1.1" 200 9579
186.79.41.237 - - [01/Mar/2017:15:57:44 -0300] "GET /cormun/servlet/solicitudotcontratos?INS,2017,0,17930212,8,2,2016,2346,INTEGRACION,201701,37,B, HTTP/1.1" 200 9612
186.79.41.237 - - [01/Mar/2017:15:57:44 -0300] "GET /cormun/servlet/solicitudotcontratos?d50cf3b555acfc55fb1b10008f2191e20b972671bbaf497e7d7c0e80e2192435d079893a8a211b3cdd590ac0d7504889,gx-no-cache=1488394732945 HTTP/1.1" 200 30
186.79.41.237 - - [01/Mar/2017:15:57:44 -0300] "GET /cormun/servlet/solicitudotcontratos?d50cf3b555acfc55fb1b10008f2191e28e28eaf6e0964123cac6375852fdcdd2cb96459306ad5f9009f3f5719aa90c9bffb04910a29b8382b71bf46315827774888c1f114c4ff54296bdc81d3c0a85985a0c62101e3cae3058900af2d632240383de34b4a7e861b9ba1c69277465aa0ee88012b80311f4a2c0b80f640c1c1a88,gx-no-cache=1488394733065 HTTP/1.1" 200 48
186.79.41.237 - - [01/Mar/2017:15:57:44 -0300] "GET /cormun/servlet/solicitudotcontratos?d50cf3b555acfc55fb1b10008f2191e2fcafae9d8af779f6589e6f4488e7876ba3fcf5e92369b3d245c9d8940afd596d,gx-no-cache=1488394733145 HTTP/1.1" 200 30
186.79.41.237 - - [01/Mar/2017:15:57:44 -0300] "GET /cormun/servlet/solicitudotcontratos?d50cf3b555acfc55fb1b10008f2191e21817cda94776750beb0d7ac85c47c9f8cb7af0926868247769f2ca94a5fd1fceae4dccb76c5dd85f8be3d9ee4748755d86bc198fd4abf4cf5b8fa109156dce8253913bbf74e05160a02e6e73988708e08cfe33a18607c344aecc0b7cb8e43749,gx-no-cache=1488394733217 HTTP/1.1" 200 30
186.79.41.237 - - [01/Mar/2017:15:57:44 -0300] "GET /cormun/servlet/solicitudotcontratos?d50cf3b555acfc55fb1b10008f2191e2377d2a4c97c4ee8ec6fdaf91a9e8ffeddb76723484ff6df2d02e424c4a003f66acb76f9982dff2d07b32e6d35fa0833218f3790e029c9d1dfdcbf87480fbfe9aff76b4f212d54a4aff197d7f892e63154ddccb1267a5bed75e5a23a27dddcb5ee419d9084eca433e65bf1702353b77cfb2a643320cd7d52737b273b470766c30ba797ebc369a7e86682082d75ebd36397cbca8a9148bf383e030b251434a105721df959657b3ef57b4639f89c661f04347c0c27cd4b7a08bdfa40cf28c33feaad1e08e64391b574efc9cca9defa72d94ac3fcde9d6c6e64ded575b8245f5627c171fa7008b6bed6d9ba6339e87a706360fce74fe27e2ca613a5cb665849805a56a20e5c2216d80fcdd0b3fa3eccc3466af8745dfeba0a6b51187b55262f90122ea3d50777daa5d7fe806abe699d6e5584bdb475f10c4411b98024026df9153a37d3506f1d4332147c1256f5158dee791575c9e83bba87d5fababa9a7fb11388de9da746a9dba7c3b537f269fa2f738dc628f605ed2cffd9fe1e5a388a070fc82975ba7c0b53f3abc5349f9813d73a002944907b46eb70ae58b133049a39d3408605a636fddca3d34b8127557c880eb9fa4a5a0d1fd5887faa43649769a5db5c93cb9100424b39dd07ddd1367c47554445d246464701037ec2f1692fd37afe895e06e4236c7d731c4807338315f92fb349bb08f4864ab1aa24c73d5fc097b40507a00ec00ebd09d8df982ef3eeb0ddbe3794f654f538c28c84b4a7836e15950d5daf9c17e171816d15c29e255d903b7bb,gx-no-cache=1488394733302 HTTP/1.1" 200 83
186.103.159.44 - - [01/Mar/2017:15:57:46 -0300] "GET /cormun/servlet/solicitudotadjuntos?INS,2017,4987,,1, HTTP/1.1" 200 5809
200.83.57.219 - - [01/Mar/2017:15:57:46 -0300] "GET /cormun/servlet/hhome HTTP/1.1" 200 4111
186.103.159.44 - - [01/Mar/2017:15:57:46 -0300] "HEAD /cormun/static/about:blank HTTP/1.1" 404 -
200.83.57.219 - - [01/Mar/2017:15:57:47 -0300] "GET /cormun/servlet/hhome HTTP/1.1" 200 4096
186.103.159.44 - - [01/Mar/2017:15:57:47 -0300] "GET /cormun/servlet/solicitudotadjuntos?c3c94e29e4b828e2515c1c6b110f0914f6ec1dcc4386141468bea1a576a5204fb9c65e559f3c920f320a94283545a73c,gx-no-cache=1488394733708 HTTP/1.1" 200 30
186.103.159.44 - - [01/Mar/2017:15:57:48 -0300] "POST /cormun/servlet/solicitudotadjuntos?a1eca94beb0487211da0878496ebd0ea,INS,2017,4987,,1,,gx-no-cache=1488394733809 HTTP/1.1" 200 3640
186.103.159.44 - - [01/Mar/2017:15:57:52 -0300] "POST /cormun/servlet/solicitudotadjuntos?gx-no-cache=1488394737783 HTTP/1.1" 200 26
186.79.41.237 - - [01/Mar/2017:15:57:52 -0300] "POST /cormun/servlet/solicitudotcontratos?6c0eb8d8e4754480ec10566af5b47f6d,INS,2017,0,17930212,8,2,2016,2346,INTEGRACION,201701,37,B,,gx-no-cache=1488394740413 HTTP/1.1" 200 10419
186.103.159.46 - - [01/Mar/2017:15:57:52 -0300] "GET /cormun/servlet/permisogoce?bfdf00a94e2c60a659d3585f6afe337c59d0e0827edd22c14a97e10a3ffd41b3c0abe4c2451fb89f9ea177fc46552ac0,gx-no-cache=1488394743129 HTTP/1.1" 200 66
186.103.159.46 - - [01/Mar/2017:15:57:52 -0300] "GET /cormun/static/menuarrow.gif HTTP/1.1" 404 1015
186.79.41.237 - - [01/Mar/2017:15:57:52 -0300] "POST /cormun/servlet/solicitudotcontratos?gx-no-cache=1488394740936 HTTP/1.1" 200 1276
186.79.41.237 - - [01/Mar/2017:15:57:52 -0300] "POST /cormun/servlet/solicitudotcontratos?gx-no-cache=1488394741135 HTTP/1.1" 200 1154
186.79.41.237 - - [01/Mar/2017:15:57:52 -0300] "GET /cormun/servlet/solicitudotcontratos?d50cf3b555acfc55fb1b10008f2191e2591cc6e99c4194370a2027ae36f43e8f9d3d0e6f23ab971cbb63f229ca1997407cfebd3ab218a7578c891a8010b6bbe8771ae27655b94b042216eed101fb799eb345059705e004d6d40076371b69bb96340f55372b03ae478e15d6d8cf43389c04a289aee15027b973b137c3cebf67bd,gx-no-cache=1488394741314 HTTP/1.1" 200 30
186.79.41.237 - - [01/Mar/2017:15:57:53 -0300] "POST /cormun/servlet/solicitudotcontratos?6c0eb8d8e4754480ec10566af5b47f6d,INS,2017,0,17930212,8,2,2016,2346,INTEGRACION,201701,37,B,,gx-no-cache=1488394741403 HTTP/1.1" 200 93
186.79.41.237 - - [01/Mar/2017:15:57:53 -0300] "GET /cormun/servlet/hpexe_return? HTTP/1.1" 200 1049
186.79.41.237 - - [01/Mar/2017:15:57:54 -0300] "GET /cormun/servlet/trcontratosolicitud HTTP/1.1" 200 11945
186.79.41.237 - - [01/Mar/2017:15:57:54 -0300] "GET /cormun/servlet/trcontratosolicitud HTTP/1.1" 200 11941
186.103.159.44 - - [01/Mar/2017:15:58:02 -0300] "GET /cormun/servlet/solicitudotadjuntos?c3c94e29e4b828e2515c1c6b110f0914fe3011ecdbb106620c037846700add08,gx-no-cache=1488394747895 HTTP/1.1" 200 30
186.103.159.44 - - [01/Mar/2017:15:58:02 -0300] "GET /cormun/servlet/solicitudotadjuntos?c3c94e29e4b828e2515c1c6b110f0914fe3011ecdbb106620c037846700add08,gx-no-cache=1488394747957 HTTP/1.1" 200 30
186.103.159.44 - - [01/Mar/2017:15:58:03 -0300] "POST /cormun/servlet/solicitudotadjuntos?a1eca94beb0487211da0878496ebd0ea,INS,2017,4987,,1, HTTP/1.1" 200 116
186.103.159.44 - - [01/Mar/2017:15:58:03 -0300] "GET /cormun/servlet/hpexe_return? HTTP/1.1" 200 1025
192.168.10.96 - - [01/Mar/2017:15:58:03 -0300] "POST /cormun/servlet/trsolicitudgral?e8ebc7de630670a1543265a9ce52939d,,gx-no-cache=1488397970155 HTTP/1.1" 200 6696
186.103.159.44 - - [01/Mar/2017:15:58:04 -0300] "GET /cormun/servlet/trsolicitudadjuntos?2017,4987, HTTP/1.1" 200 8659
186.103.159.44 - - [01/Mar/2017:15:58:08 -0300] "GET /cormun/servlet/solicitudotadjuntos?INS,2017,4987,,1, HTTP/1.1" 200 5809
186.103.159.44 - - [01/Mar/2017:15:58:10 -0300] "HEAD /cormun/static/about:blank HTTP/1.1" 404 -
186.103.159.44 - - [01/Mar/2017:15:58:11 -0300] "GET /cormun/servlet/solicitudotadjuntos?c3c94e29e4b828e2515c1c6b110f0914f6ec1dcc4386141468bea1a576a5204fb9c65e559f3c920f320a94283545a73c,gx-no-cache=1488394757213 HTTP/1.1" 200 30
186.103.159.44 - - [01/Mar/2017:15:58:11 -0300] "POST /cormun/servlet/solicitudotadjuntos?a1eca94beb0487211da0878496ebd0ea,INS,2017,4987,,1,,gx-no-cache=1488394757310 HTTP/1.1" 200 3640
186.103.159.44 - - [01/Mar/2017:15:58:15 -0300] "POST /cormun/servlet/solicitudotadjuntos?gx-no-cache=1488394760886 HTTP/1.1" 200 26
186.79.41.237 - - [01/Mar/2017:15:58:15 -0300] "GET /cormun/servlet/solicitudotcontratos?INS,2017,0,5614503,6,6,2016,3969,LEY+SEP,201701,4,B, HTTP/1.1" 200 9559
186.79.41.237 - - [01/Mar/2017:15:58:16 -0300] "GET /cormun/servlet/solicitudotcontratos?INS,2017,0,5614503,6,6,2016,3969,LEY+SEP,201701,4,B, HTTP/1.1" 200 9594
186.79.41.237 - - [01/Mar/2017:15:58:16 -0300] "GET /cormun/servlet/solicitudotcontratos?d50cf3b555acfc55fb1b10008f2191e230251408d2ac9525edaa72a57505dcbcba2a38962ab4c67a59e4c22f0238406f,gx-no-cache=1488394765254 HTTP/1.1" 200 30
186.79.41.237 - - [01/Mar/2017:15:58:17 -0300] "GET /cormun/servlet/solicitudotcontratos?d50cf3b555acfc55fb1b10008f2191e28e28eaf6e0964123cac6375852fdcdd2cb96459306ad5f9009f3f5719aa90c9bffb04910a29b8382b71bf46315827774888c1f114c4ff54296bdc81d3c0a8598a81ccb88391f7535a6b6fa2a312bea18b4eb4737d782a139bd03ab24b2ed1b25445d6abc02a3c62ad2981c7363370edb,gx-no-cache=1488394765432 HTTP/1.1" 200 50
186.79.41.237 - - [01/Mar/2017:15:58:17 -0300] "GET /cormun/servlet/solicitudotcontratos?d50cf3b555acfc55fb1b10008f2191e2ea43ba04216a1ef48aa72a2b794fd66aee0aa5f3d2b9d5c3e114db7a10585bdf,gx-no-cache=1488394765607 HTTP/1.1" 200 30
186.79.41.237 - - [01/Mar/2017:15:58:17 -0300] "GET /cormun/servlet/solicitudotcontratos?d50cf3b555acfc55fb1b10008f2191e21817cda94776750beb0d7ac85c47c9f8cb7af0926868247769f2ca94a5fd1fceae4dccb76c5dd85f8be3d9ee4748755d86bc198fd4abf4cf5b8fa109156dce8245a94658630018ec6c4f6d768aed4e5e8cfe33a18607c344aecc0b7cb8e43749,gx-no-cache=1488394765714 HTTP/1.1" 200 30
186.79.41.237 - - [01/Mar/2017:15:58:17 -0300] "GET /cormun/servlet/solicitudotcontratos?d50cf3b555acfc55fb1b10008f2191e2377d2a4c97c4ee8ec6fdaf91a9e8ffeddb76723484ff6df2d02e424c4a003f661e2a752bb6791e9b881809de33c2d0dbae4dccb76c5dd85f8be3d9ee4748755d402673f1769c3d5939f6514abf2069c0cc6ce185966cde95ab49b8fec52fcf439601439035e4ad4dc643aa1c8623711caeb9d0d582013fcd2eedd4d701d40cb4ae31f4c651c21a3557859396db9a76b71e2a752bb6791e9b881809de33c2d0db8349af75943ee607efe4c0b2b9f04895abc6332df4d13e4ba726f33d0f4e19e729329614313a89c50272b496dfe1d119ffa11744d74d1ce64d1b25168c6ea49dd6d24065c37a110f380ac7b30e297bd72cc355690f83dfa328e2dc12b668364853b6ec86eb06284d0b3e7264d2d47f1069cdd5c28e5288934ba252b33f77b9cb2b9d6ceb865226f26fe4928faea5cc6945dab3006219c9f212f95ace35ed100d611bb59b12ccc3b60c4ba5d3efc9ed5d5e247583dfb15fee13283559dc17417562fbf62904cc62b5a75366255d310229547b79bfe9928ace54c575df9e65074023385cac025445f3ff25d112d955525fdd596fdb63740770bcc210576c3bce105b0491773196f12d3fddfc578aa00369edd99938108a6c0f15d581cf7f16908520bd611d1ca01b51477a6d3185ebe4b7e8cd21a9eed38befaf69f936941fc5c378e45f0b41a950e76511099f2976f8573ddca507b78593b688774d36f1a1b1a7fa35e4045eb421b6d217d5a18b0378075c4e232c15a41ecf14bd3ccf163a74883e20cbc06d7849eec010f626f346d980,gx-no-cache=1488394765800 HTTP/1.1" 200 79
186.103.159.46 - - [01/Mar/2017:15:58:20 -0300] "GET /cormun/servlet/permisogoce?bfdf00a94e2c60a659d3585f6afe337c0a7d48e32f6f30bd895646f411325afc2160a95e7625099f8bfc7371dfe9015b8e0138b36fcf2bc282a628397dfba9f7,gx-no-cache=1488394771234 HTTP/1.1" 200 46
186.79.41.237 - - [01/Mar/2017:15:58:22 -0300] "POST /cormun/servlet/solicitudotcontratos?6c0eb8d8e4754480ec10566af5b47f6d,INS,2017,0,5614503,6,6,2016,3969,LEY+SEP,201701,4,B,,gx-no-cache=1488394770443 HTTP/1.1" 200 10407
186.79.41.237 - - [01/Mar/2017:15:58:23 -0300] "POST /cormun/servlet/solicitudotcontratos?gx-no-cache=1488394771545 HTTP/1.1" 200 1277
186.79.41.237 - - [01/Mar/2017:15:58:23 -0300] "POST /cormun/servlet/solicitudotcontratos?gx-no-cache=1488394771736 HTTP/1.1" 200 1154
186.79.41.237 - - [01/Mar/2017:15:58:23 -0300] "GET /cormun/servlet/solicitudotcontratos?d50cf3b555acfc55fb1b10008f2191e2591cc6e99c4194370a2027ae36f43e8f9d3d0e6f23ab971cbb63f229ca1997407cfebd3ab218a7578c891a8010b6bbe8771ae27655b94b042216eed101fb799eb345059705e004d6d40076371b69bb96340f55372b03ae478e15d6d8cf43389c04a289aee15027b973b137c3cebf67bd,gx-no-cache=1488394771895 HTTP/1.1" 200 30
186.79.41.237 - - [01/Mar/2017:15:58:24 -0300] "POST /cormun/servlet/solicitudotcontratos?6c0eb8d8e4754480ec10566af5b47f6d,INS,2017,0,5614503,6,6,2016,3969,LEY+SEP,201701,4,B,,gx-no-cache=1488394772008 HTTP/1.1" 200 93
186.79.41.237 - - [01/Mar/2017:15:58:24 -0300] "GET /cormun/servlet/hpexe_return? HTTP/1.1" 200 1048
186.79.41.237 - - [01/Mar/2017:15:58:25 -0300] "GET /cormun/servlet/trcontratosolicitud HTTP/1.1" 200 11862
186.103.159.44 - - [01/Mar/2017:15:58:26 -0300] "GET /cormun/servlet/solicitudotadjuntos?c3c94e29e4b828e2515c1c6b110f0914fe3011ecdbb106620c037846700add08,gx-no-cache=1488394771998 HTTP/1.1" 200 30
186.103.159.44 - - [01/Mar/2017:15:58:26 -0300] "GET /cormun/servlet/solicitudotadjuntos?c3c94e29e4b828e2515c1c6b110f0914fe3011ecdbb106620c037846700add08,gx-no-cache=1488394772044 HTTP/1.1" 200 30
186.79.41.237 - - [01/Mar/2017:15:58:26 -0300] "GET /cormun/servlet/trcontratosolicitud HTTP/1.1" 200 11841
186.103.159.44 - - [01/Mar/2017:15:58:28 -0300] "POST /cormun/servlet/solicitudotadjuntos?a1eca94beb0487211da0878496ebd0ea,INS,2017,4987,,1, HTTP/1.1" 200 116
186.103.159.44 - - [01/Mar/2017:15:58:28 -0300] "GET /cormun/servlet/hpexe_return? HTTP/1.1" 200 1025
186.103.159.44 - - [01/Mar/2017:15:58:29 -0300] "GET /cormun/servlet/trsolicitudadjuntos?2017,4987, HTTP/1.1" 200 8901
186.103.159.44 - - [01/Mar/2017:15:58:35 -0300] "GET /cormun/servlet/solicitudotadjuntos?INS,2017,4987,,1, HTTP/1.1" 200 5809
186.103.159.44 - - [01/Mar/2017:15:58:36 -0300] "HEAD /cormun/static/about:blank HTTP/1.1" 404 -
186.103.159.44 - - [01/Mar/2017:15:58:37 -0300] "GET /cormun/servlet/solicitudotadjuntos?c3c94e29e4b828e2515c1c6b110f0914f6ec1dcc4386141468bea1a576a5204fb9c65e559f3c920f320a94283545a73c,gx-no-cache=1488394783293 HTTP/1.1" 200 30
186.103.159.44 - - [01/Mar/2017:15:58:37 -0300] "POST /cormun/servlet/solicitudotadjuntos?a1eca94beb0487211da0878496ebd0ea,INS,2017,4987,,1,,gx-no-cache=1488394783369 HTTP/1.1" 200 3640
186.103.159.44 - - [01/Mar/2017:15:58:42 -0300] "POST /cormun/servlet/solicitudotadjuntos?a1eca94beb0487211da0878496ebd0ea,INS,2017,4987,,1,,gx-no-cache=1488394788397 HTTP/1.1" 200 93
186.103.159.44 - - [01/Mar/2017:15:58:42 -0300] "GET /cormun/servlet/hpexe_return? HTTP/1.1" 200 1025
186.103.159.44 - - [01/Mar/2017:15:58:43 -0300] "GET /cormun/servlet/trsolicitudadjuntos?2017,4987, HTTP/1.1" 200 8904
186.103.159.44 - - [01/Mar/2017:15:58:47 -0300] "GET /cormun/servlet/solicitudotadjuntos?INS,2017,4987,,2, HTTP/1.1" 200 5808
186.103.159.44 - - [01/Mar/2017:15:58:48 -0300] "HEAD /cormun/static/about:blank HTTP/1.1" 404 -
186.103.159.44 - - [01/Mar/2017:15:58:49 -0300] "GET /cormun/servlet/solicitudotadjuntos?c3c94e29e4b828e2515c1c6b110f0914f6ec1dcc4386141468bea1a576a5204fb9c65e559f3c920f320a94283545a73c,gx-no-cache=1488394795473 HTTP/1.1" 200 30
186.103.159.44 - - [01/Mar/2017:15:58:49 -0300] "POST /cormun/servlet/solicitudotadjuntos?a1eca94beb0487211da0878496ebd0ea,INS,2017,4987,,2,,gx-no-cache=1488394795607 HTTP/1.1" 200 3852
186.103.159.44 - - [01/Mar/2017:15:58:53 -0300] "POST /cormun/servlet/solicitudotadjuntos?gx-no-cache=1488394799698 HTTP/1.1" 200 26
186.79.41.237 - - [01/Mar/2017:15:58:54 -0300] "GET /cormun/servlet/solicitudotcontratos?INS,2017,0,14202116,1,6,2016,3130,NADA,201701,14,B, HTTP/1.1" 200 9539
186.79.41.237 - - [01/Mar/2017:15:58:54 -0300] "GET /cormun/servlet/solicitudotcontratos?INS,2017,0,14202116,1,6,2016,3130,NADA,201701,14,B, HTTP/1.1" 200 9570
186.79.41.237 - - [01/Mar/2017:15:58:55 -0300] "GET /cormun/servlet/solicitudotcontratos?d50cf3b555acfc55fb1b10008f2191e2168107e08ce85c138e69584517e64ee0d079893a8a211b3cdd590ac0d7504889,gx-no-cache=1488394803533 HTTP/1.1" 200 30
186.79.41.237 - - [01/Mar/2017:15:58:55 -0300] "GET /cormun/servlet/solicitudotcontratos?d50cf3b555acfc55fb1b10008f2191e28e28eaf6e0964123cac6375852fdcdd2db82fc28b5d0f7e1196810f9e7217a83ffb04910a29b8382b71bf46315827774730206eb2b7ced9ae2ebb8e7d79bc25fa81ccb88391f7535a6b6fa2a312bea18b4eb4737d782a139bd03ab24b2ed1b25445d6abc02a3c62ad2981c7363370edb,gx-no-cache=1488394803833 HTTP/1.1" 200 50
186.79.41.237 - - [01/Mar/2017:15:58:55 -0300] "GET /cormun/servlet/solicitudotcontratos?d50cf3b555acfc55fb1b10008f2191e277e6ea15d4ccd2a3e7f558b826122dfbee7f8357d37cbb48fdfad0c0dc80fd0b,gx-no-cache=1488394803928 HTTP/1.1" 200 30
186.79.41.237 - - [01/Mar/2017:15:58:55 -0300] "GET /cormun/servlet/solicitudotcontratos?d50cf3b555acfc55fb1b10008f2191e21817cda94776750beb0d7ac85c47c9f8cb7af0926868247769f2ca94a5fd1fceae4dccb76c5dd85f8be3d9ee4748755d86bc198fd4abf4cf5b8fa109156dce8245a94658630018ec6c4f6d768aed4e5e8cfe33a18607c344aecc0b7cb8e43749,gx-no-cache=1488394804149 HTTP/1.1" 200 30
186.79.41.237 - - [01/Mar/2017:15:58:55 -0300] "GET /cormun/servlet/solicitudotcontratos?d50cf3b555acfc55fb1b10008f2191e2377d2a4c97c4ee8ec6fdaf91a9e8ffeddb76723484ff6df2d02e424c4a003f66a7c73ba79fbe8a4d8930604c02e76bb3ad7d7ae324b663a0a9c6a5b1f3a3388d9ff0ce8743b3181ec4da2e2643fc3ded4e42af71c6bb888471d724725636e0773d74de05db504c00cd71e6f41ee828088f4ba32c7edf432bbc364328b0b14cc6dc7f070ae800afaea0adabafda6d371a5686cfab40cf83e2012396eb8c4b5a0631256199d230662231e1333193af5173b508f39eaa4a28e3711d1ce9637bc87ebae6ba69397b7409a3dadf2eb520742b4cb7dcb003e9a52a61773d59ec2a6bdb77d47e2f6870a3bedeb1d735f818c6ba27d1110fdb6f7994088c24cd5188c6c9e53b9984ccaeb071679405f4316e818ab0b33f1e354a217de4e0dd9aeee248d153b6ec86eb06284d0b3e7264d2d47f100f07e731120d3b15e42021cc0a6719e9b42ed0aa90c84635d17f45938027c4982cf967eda0c21ae4a96518ff05b7c28147fd9fab873db2452bfb7a2e34c93a807e492cb6eb88ebb3c254cb09c6d498263e6802593652d8c9b0286072aaae2f04b2caaedac6876a03ecb26a2e8c00e0531c3bcbb1da6acd8ca375ea9fd58bd37f5cf645878cddc005105a6336f2eb6fd1112e3632afd9e7e19e56bedc53c64be877f8ef914773d7a769b1bffa6970cf113e6802593652d8c9b0286072aaae2f0465f22eeb126673a6fa6d2308ad3a69c7fbc67bdbfc5f1fb0cb5a2ea8a5d42214152c7ddeb3df8b327bb12b182a558c4518ff8c331887931c3fab3e9e074e08cd,gx-no-cache=1488394804372 HTTP/1.1" 200 72
186.79.41.237 - - [01/Mar/2017:15:59:00 -0300] "POST /cormun/servlet/solicitudotcontratos?6c0eb8d8e4754480ec10566af5b47f6d,INS,2017,0,14202116,1,6,2016,3130,NADA,201701,14,B,,gx-no-cache=1488394808858 HTTP/1.1" 200 10395
186.79.41.237 - - [01/Mar/2017:15:59:01 -0300] "POST /cormun/servlet/solicitudotcontratos?gx-no-cache=1488394809703 HTTP/1.1" 200 1276
186.79.41.237 - - [01/Mar/2017:15:59:01 -0300] "POST /cormun/servlet/solicitudotcontratos?gx-no-cache=1488394809984 HTTP/1.1" 200 1153
186.79.41.237 - - [01/Mar/2017:15:59:01 -0300] "GET /cormun/servlet/solicitudotcontratos?d50cf3b555acfc55fb1b10008f2191e2591cc6e99c4194370a2027ae36f43e8f9d3d0e6f23ab971cbb63f229ca1997407cfebd3ab218a7578c891a8010b6bbe8771ae27655b94b042216eed101fb799eb345059705e004d6d40076371b69bb96340f55372b03ae478e15d6d8cf43389c04a289aee15027b973b137c3cebf67bd,gx-no-cache=1488394810279 HTTP/1.1" 200 30
186.79.41.237 - - [01/Mar/2017:15:59:03 -0300] "POST /cormun/servlet/solicitudotcontratos?6c0eb8d8e4754480ec10566af5b47f6d,INS,2017,0,14202116,1,6,2016,3130,NADA,201701,14,B,,gx-no-cache=1488394810421 HTTP/1.1" 200 93
186.79.41.237 - - [01/Mar/2017:15:59:03 -0300] "GET /cormun/servlet/hpexe_return? HTTP/1.1" 200 1043
186.79.41.237 - - [01/Mar/2017:15:59:03 -0300] "GET /cormun/servlet/trcontratosolicitud HTTP/1.1" 200 11746
186.103.159.44 - - [01/Mar/2017:15:59:04 -0300] "GET /cormun/servlet/solicitudotadjuntos?c3c94e29e4b828e2515c1c6b110f0914fe3011ecdbb106620c037846700add08,gx-no-cache=1488394809782 HTTP/1.1" 200 30
186.103.159.44 - - [01/Mar/2017:15:59:04 -0300] "GET /cormun/servlet/solicitudotadjuntos?c3c94e29e4b828e2515c1c6b110f0914fe3011ecdbb106620c037846700add08,gx-no-cache=1488394809879 HTTP/1.1" 200 30
186.79.41.237 - - [01/Mar/2017:15:59:04 -0300] "GET /cormun/servlet/trcontratosolicitud HTTP/1.1" 200 11732
186.103.159.44 - - [01/Mar/2017:15:59:04 -0300] "POST /cormun/servlet/solicitudotadjuntos?a1eca94beb0487211da0878496ebd0ea,INS,2017,4987,,2, HTTP/1.1" 200 116
186.103.159.44 - - [01/Mar/2017:15:59:04 -0300] "GET /cormun/servlet/hpexe_return? HTTP/1.1" 200 1026
186.103.159.44 - - [01/Mar/2017:15:59:05 -0300] "GET /cormun/servlet/trsolicitudadjuntos?2017,4987, HTTP/1.1" 200 9108
186.103.159.44 - - [01/Mar/2017:15:59:12 -0300] "GET /cormun/servlet/trsolicitudot? HTTP/1.1" 200 10258
192.168.10.96 - - [01/Mar/2017:15:59:24 -0300] "POST /cormun/servlet/trsolicitudgral?e8ebc7de630670a1543265a9ce52939d,,gx-no-cache=1488398050648 HTTP/1.1" 200 6689
186.103.159.44 - - [01/Mar/2017:15:59:24 -0300] "POST /cormun/servlet/trsolicitudot?a1eca94beb0487211da0878496ebd0ea,,gx-no-cache=1488394830229 HTTP/1.1" 200 106
186.103.159.44 - - [01/Mar/2017:15:59:24 -0300] "GET /cormun/servlet/solicitudot?UPD,2017,4987, HTTP/1.1" 200 14259
186.103.159.44 - - [01/Mar/2017:15:59:27 -0300] "POST /cormun/servlet/solicitudot?gx-no-cache=1488394832917 HTTP/1.1" 200 3171
186.103.159.44 - - [01/Mar/2017:15:59:27 -0300] "POST /cormun/servlet/solicitudot?a1eca94beb0487211da0878496ebd0ea,UPD,2017,4987,,gx-no-cache=1488394833331 HTTP/1.1" 200 10817
186.103.159.44 - - [01/Mar/2017:15:59:28 -0300] "GET /cormun/servlet/solicitudot?c3c94e29e4b828e2515c1c6b110f091420c666158b3eb77ffe1e5da5cd2761a260e6370e6a4760a274864ca9c4e43a73,gx-no-cache=1488394833881 HTTP/1.1" 200 30
186.103.159.44 - - [01/Mar/2017:15:59:28 -0300] "POST /cormun/servlet/solicitudot?gx-no-cache=1488394834088 HTTP/1.1" 200 238
186.103.159.44 - - [01/Mar/2017:15:59:28 -0300] "GET /cormun/servlet/solicitudot?c3c94e29e4b828e2515c1c6b110f09148c23b12b6603f55bd880a4fda09e92e26ec8e001040064692cdf01d6fbb03cdbf7847890749b65382c18e4fcd585150d9493e3de20bd78215be6e45fefaaab6ab270471b427b8db4daad232b5621f3abc10a380de6683bb12d6decfde5f977b411c704988edee73b5e5e4939f181eef67b53b360c74f7e44f523bcd37f1dff3947b33ece805291b10a2c8470a5367886b169a475ed99d2b1f82546d23711ff803a355792e2d9f98a8c9a881f8029d4e8b69511050391bff3ea5eabb7cc9a351ebed5bcdf0a8c418c3deaea7245bac49141e0db448f5baaea60c5b0c72319475bff6c8c78dc70707c248e15977d34be74ce1e26c088d3da270c26814edc81ebd645edb016b4c6fda9f42713bc4746cfbb15d8514c2280ab5cf4379bb74b7ba65a872cb208a149db02d40a1b5dc37cbf47f2105cae86cf05345332b20c568a8677282ffd84dfe9fa96dbc7a0b33bfbfb0967e3730d0337a2048c5e90d18b8ddd495b3a5aee5a780ac287ec80b5d082c1b9,gx-no-cache=1488394834204 HTTP/1.1" 200 30
186.103.159.44 - - [01/Mar/2017:15:59:28 -0300] "POST /cormun/servlet/solicitudot?gx-no-cache=1488394834604 HTTP/1.1" 200 30
186.103.159.44 - - [01/Mar/2017:15:59:29 -0300] "POST /cormun/servlet/solicitudot?gx-no-cache=1488394834747 HTTP/1.1" 200 1291
186.103.159.44 - - [01/Mar/2017:15:59:29 -0300] "POST /cormun/servlet/solicitudot?gx-no-cache=1488394834978 HTTP/1.1" 200 41
186.103.159.44 - - [01/Mar/2017:15:59:38 -0300] "GET /cormun/servlet/solicitudot?c3c94e29e4b828e2515c1c6b110f091495aa1f5dc2065c2165566a3a34087cfa0b1bca94137114cdcc375a445cd007c247bc7d1d525f708e71cac2567e76430c16f70b270251e82c20e4ec4086336c97a313703cadd2096ee02a5dc8ffa65c7745bb4dbd5373c9f62decf8a8878d27af,gx-no-cache=1488394844445 HTTP/1.1" 200 29
186.103.159.44 - - [01/Mar/2017:15:59:39 -0300] "POST /cormun/servlet/solicitudot?gx-no-cache=1488394844847 HTTP/1.1" 200 1275
186.103.159.44 - - [01/Mar/2017:15:59:39 -0300] "POST /cormun/servlet/solicitudot?gx-no-cache=1488394845456 HTTP/1.1" 200 1156
186.103.159.44 - - [01/Mar/2017:15:59:40 -0300] "GET /cormun/servlet/solicitudot?c3c94e29e4b828e2515c1c6b110f0914f0685a1180bc00837d91bbd712980b1f1798e9253d28c0f944765214d2edce69785ab581b3307cd8aa4b2e62329534ad53c4007d0a62236f49d08cfbe8e56256e7c714fc7a2b5442af956006699174a84c8b4a18ec8bdf139ca0c17bb9b09b195bfa3cacd6a706278b93e77f6ba9787efbd8ff458773aabe9afa383c135c6831b0ac171c24eaf8d1a4f7c31972403e9068ead0a09491d121da335359375bfa6d54e71803df3f649e774456ecede6def2,gx-no-cache=1488394845687 HTTP/1.1" 200 32
186.103.159.44 - - [01/Mar/2017:15:59:40 -0300] "POST /cormun/servlet/solicitudot?a1eca94beb0487211da0878496ebd0ea,UPD,2017,4987,,gx-no-cache=1488394846061 HTTP/1.1" 200 93
186.103.159.46 - - [01/Mar/2017:15:59:40 -0300] "POST /cormun/servlet/permisogoce?b2bd580c2e59cd60da85b112b820bc18,INS,0,,,,gx-no-cache=1488394850944 HTTP/1.1" 200 93
186.103.159.46 - - [01/Mar/2017:15:59:40 -0300] "GET /cormun/servlet/hpexe_return? HTTP/1.1" 200 1009
186.103.159.44 - - [01/Mar/2017:15:59:40 -0300] "GET /cormun/servlet/hpexe_return? HTTP/1.1" 200 1012
186.103.159.46 - - [01/Mar/2017:15:59:41 -0300] "GET /cormun/servlet/trpermisosgoce HTTP/1.1" 200 7351
186.103.159.44 - - [01/Mar/2017:15:59:41 -0300] "GET /cormun/servlet/trsolicitudot HTTP/1.1" 200 10253
186.103.159.46 - - [01/Mar/2017:15:59:43 -0300] "GET /cormun/servlet/trpermisosgoce HTTP/1.1" 200 7347
186.103.159.46 - - [01/Mar/2017:15:59:43 -0300] "GET /cormun//static/Resources/PXToolsGridDisplay.png HTTP/1.1" 200 362
186.103.159.46 - - [01/Mar/2017:15:59:43 -0300] "GET /cormun//static/Resources/PXToolsActionPrint.png HTTP/1.1" 200 3317
186.103.159.46 - - [01/Mar/2017:15:59:43 -0300] "GET /cormun//static/Resources/PXToolsHeaderHelp.png HTTP/1.1" 200 4055
186.103.159.46 - - [01/Mar/2017:15:59:43 -0300] "GET /cormun//static/Resources/PXToolsHeaderFavorites.png HTTP/1.1" 200 2744
186.103.159.44 - - [01/Mar/2017:16:00:14 -0300] "POST /cormun/servlet/trsolicitudot?a1eca94beb0487211da0878496ebd0ea,gx-no-cache=1488394880416 HTTP/1.1" 200 106
186.103.159.44 - - [01/Mar/2017:16:00:15 -0300] "GET /cormun/servlet/solicitudot?UPD,2017,4987, HTTP/1.1" 200 14263
186.103.159.44 - - [01/Mar/2017:16:00:17 -0300] "POST /cormun/servlet/solicitudot?gx-no-cache=1488394882912 HTTP/1.1" 200 3171
186.103.159.44 - - [01/Mar/2017:16:00:17 -0300] "POST /cormun/servlet/solicitudot?a1eca94beb0487211da0878496ebd0ea,UPD,2017,4987,,gx-no-cache=1488394883258 HTTP/1.1" 200 10817
186.103.159.44 - - [01/Mar/2017:16:00:17 -0300] "GET /cormun/servlet/solicitudot?c3c94e29e4b828e2515c1c6b110f091420c666158b3eb77ffe1e5da5cd2761a260e6370e6a4760a274864ca9c4e43a73,gx-no-cache=1488394883672 HTTP/1.1" 200 30
186.103.159.44 - - [01/Mar/2017:16:00:18 -0300] "POST /cormun/servlet/solicitudot?gx-no-cache=1488394883850 HTTP/1.1" 200 238
186.103.159.44 - - [01/Mar/2017:16:00:18 -0300] "GET /cormun/servlet/solicitudot?c3c94e29e4b828e2515c1c6b110f09148c23b12b6603f55bd880a4fda09e92e26ec8e001040064692cdf01d6fbb03cdbf7847890749b65382c18e4fcd585150d9493e3de20bd78215be6e45fefaaab6ab270471b427b8db4daad232b5621f3abc10a380de6683bb12d6decfde5f977b411c704988edee73b5e5e4939f181eef67b53b360c74f7e44f523bcd37f1dff3947b33ece805291b10a2c8470a5367886b169a475ed99d2b1f82546d23711ff803a355792e2d9f98a8c9a881f8029d4e8b69511050391bff3ea5eabb7cc9a351ebed5bcdf0a8c418c3deaea7245bac49141e0db448f5baaea60c5b0c72319475bff6c8c78dc70707c248e15977d34be74ce1e26c088d3da270c26814edc81ebd645edb016b4c6fda9f42713bc4746cfbb15d8514c2280ab5cf4379bb74b7ba65a872cb208a149db02d40a1b5dc37cbf47f2105cae86cf05345332b20c568a8677282ffd84dfe9fa96dbc7a0b33bfbfb0967e3730d0337a2048c5e90d18b8ddd495b3a5aee5a780ac287ec80b5d082c1b9,gx-no-cache=1488394883965 HTTP/1.1" 200 30
186.103.159.44 - - [01/Mar/2017:16:00:18 -0300] "POST /cormun/servlet/solicitudot?gx-no-cache=1488394884384 HTTP/1.1" 200 30
186.103.159.44 - - [01/Mar/2017:16:00:18 -0300] "POST /cormun/servlet/solicitudot?gx-no-cache=1488394884509 HTTP/1.1" 200 1291
186.103.159.44 - - [01/Mar/2017:16:00:18 -0300] "POST /cormun/servlet/solicitudot?gx-no-cache=1488394884713 HTTP/1.1" 200 41
186.79.41.237 - - [01/Mar/2017:16:00:24 -0300] "GET /cormun/servlet/trcontratosolicitud? HTTP/1.1" 200 11739
186.79.41.237 - - [01/Mar/2017:16:00:25 -0300] "GET /cormun/servlet/trcontratosolicitud? HTTP/1.1" 200 11737
186.103.159.46 - - [01/Mar/2017:16:00:29 -0300] "GET /cormun/servlet/apermisogoceprn?7469771,P,20170301165427,PU HTTP/1.1" 200 1564
186.79.41.237 - - [01/Mar/2017:16:00:44 -0300] "GET /cormun/servlet/solicitudotcontratos?INS,2017,0,13098672,2,6,2016,3970,LEY+SEP,201701,2,B, HTTP/1.1" 200 9563
186.79.41.237 - - [01/Mar/2017:16:00:45 -0300] "GET /cormun/servlet/solicitudotcontratos?INS,2017,0,13098672,2,6,2016,3970,LEY+SEP,201701,2,B, HTTP/1.1" 200 9597
186.79.41.237 - - [01/Mar/2017:16:00:46 -0300] "GET /cormun/servlet/solicitudotcontratos?d50cf3b555acfc55fb1b10008f2191e222abf209deec3680afe9a45bcc951b56d079893a8a211b3cdd590ac0d7504889,gx-no-cache=1488394914595 HTTP/1.1" 200 30
186.79.41.237 - - [01/Mar/2017:16:00:46 -0300] "GET /cormun/servlet/solicitudotcontratos?d50cf3b555acfc55fb1b10008f2191e28e28eaf6e0964123cac6375852fdcdd2cb96459306ad5f9009f3f5719aa90c9bffb04910a29b8382b71bf46315827774888c1f114c4ff54296bdc81d3c0a8598a81ccb88391f7535a6b6fa2a312bea18b4eb4737d782a139bd03ab24b2ed1b25445d6abc02a3c62ad2981c7363370edb,gx-no-cache=1488394914825 HTTP/1.1" 200 50
186.79.41.237 - - [01/Mar/2017:16:00:46 -0300] "GET /cormun/servlet/solicitudotcontratos?d50cf3b555acfc55fb1b10008f2191e28996d740f775c198edfab9441954ef701638304cfb690821c05a3a8ed3fa8d1a,gx-no-cache=1488394914994 HTTP/1.1" 200 30
186.79.41.237 - - [01/Mar/2017:16:00:47 -0300] "GET /cormun/servlet/solicitudotcontratos?d50cf3b555acfc55fb1b10008f2191e21817cda94776750beb0d7ac85c47c9f8cb7af0926868247769f2ca94a5fd1fceae4dccb76c5dd85f8be3d9ee4748755d86bc198fd4abf4cf5b8fa109156dce8245a94658630018ec6c4f6d768aed4e5e8cfe33a18607c344aecc0b7cb8e43749,gx-no-cache=1488394915176 HTTP/1.1" 200 30
186.79.41.237 - - [01/Mar/2017:16:00:47 -0300] "GET /cormun/servlet/solicitudotcontratos?d50cf3b555acfc55fb1b10008f2191e2377d2a4c97c4ee8ec6fdaf91a9e8ffeddb76723484ff6df2d02e424c4a003f661e2a752bb6791e9b881809de33c2d0dbae4dccb76c5dd85f8be3d9ee4748755d402673f1769c3d5939f6514abf2069c0cc6ce185966cde95ab49b8fec52fcf439601439035e4ad4dc643aa1c8623711caeb9d0d582013fcd2eedd4d701d40cb4ae31f4c651c21a3557859396db9a76b71e2a752bb6791e9b881809de33c2d0db8349af75943ee607efe4c0b2b9f04895abc6332df4d13e4ba726f33d0f4e19e729329614313a89c50272b496dfe1d119ffa11744d74d1ce64d1b25168c6ea49dd6d24065c37a110f380ac7b30e297bd72cc355690f83dfa328e2dc12b668364853b6ec86eb06284d0b3e7264d2d47f1069cdd5c28e5288934ba252b33f77b9cb2b9d6ceb865226f26fe4928faea5cc6945dab3006219c9f212f95ace35ed100d611bb59b12ccc3b60c4ba5d3efc9ed5d5e247583dfb15fee13283559dc17417562fbf62904cc62b5a75366255d310229547b79bfe9928ace54c575df9e65074023385cac025445f3ff25d112d955525fdd596fdb63740770bcc210576c3bce105b0491773196f12d3fddfc578aa00369edd99938108a6c0f15d581cf7f16908520bd611d1ca01b51477a6d3185ebe4b7e8cd21a9eed38befaf69f936941fc5c378e45f0b41a950e76511099f2976f8573ddca507b78593b688774d36f1a1b1a7fa35e4045eb421b6d217d5a18b0378075c4e232c15a41ecf14bd3ccf163a74883e20cbc06d7849eec010f626f346d980,gx-no-cache=1488394915648 HTTP/1.1" 200 79
186.103.159.44 - - [01/Mar/2017:16:00:49 -0300] "GET /cormun/servlet/solicitudot?c3c94e29e4b828e2515c1c6b110f091495aa1f5dc2065c2165566a3a34087cfa0b1bca94137114cdcc375a445cd007c247bc7d1d525f708e71cac2567e76430c16f70b270251e82c20e4ec4086336c97a313703cadd2096ee02a5dc8ffa65c7745bb4dbd5373c9f62decf8a8878d27af,gx-no-cache=1488394914755 HTTP/1.1" 200 29
186.103.159.44 - - [01/Mar/2017:16:00:49 -0300] "POST /cormun/servlet/solicitudot?gx-no-cache=1488394915215 HTTP/1.1" 200 1275
186.103.159.44 - - [01/Mar/2017:16:00:49 -0300] "POST /cormun/servlet/solicitudot?gx-no-cache=1488394915487 HTTP/1.1" 200 1156
186.103.159.44 - - [01/Mar/2017:16:00:50 -0300] "GET /cormun/servlet/solicitudot?c3c94e29e4b828e2515c1c6b110f0914f0685a1180bc00837d91bbd712980b1f1798e9253d28c0f944765214d2edce69785ab581b3307cd8aa4b2e62329534ad53c4007d0a62236f49d08cfbe8e56256e7c714fc7a2b5442af956006699174a84c8b4a18ec8bdf139ca0c17bb9b09b195bfa3cacd6a706278b93e77f6ba9787efbd8ff458773aabe9afa383c135c6831b0ac171c24eaf8d1a4f7c31972403e9068ead0a09491d121da335359375bfa6d54e71803df3f649e774456ecede6def2,gx-no-cache=1488394915644 HTTP/1.1" 200 32
186.103.159.44 - - [01/Mar/2017:16:00:50 -0300] "POST /cormun/servlet/solicitudot?a1eca94beb0487211da0878496ebd0ea,UPD,2017,4987,,gx-no-cache=1488394916045 HTTP/1.1" 200 93
186.103.159.44 - - [01/Mar/2017:16:00:50 -0300] "GET /cormun/servlet/hpexe_return? HTTP/1.1" 200 1012
186.103.159.44 - - [01/Mar/2017:16:00:51 -0300] "GET /cormun/servlet/trsolicitudot HTTP/1.1" 200 10218
186.103.159.44 - - [01/Mar/2017:16:01:14 -0300] "POST /cormun/servlet/trsolicitudot?a1eca94beb0487211da0878496ebd0ea,gx-no-cache=1488394939664 HTTP/1.1" 200 6979
186.103.159.44 - - [01/Mar/2017:16:01:15 -0300] "POST /cormun/servlet/trsolicitudot?a1eca94beb0487211da0878496ebd0ea,gx-no-cache=1488394941178 HTTP/1.1" 200 6920
186.103.159.44 - - [01/Mar/2017:16:01:16 -0300] "GET /cormun/static/Shared/jqueryui/images/ui-bg_flat_55_fafafa_40x100.png HTTP/1.1" 404 1097
186.103.159.44 - - [01/Mar/2017:16:01:16 -0300] "GET /cormun/static/Shared/jqueryui/images/ui-icons_82798d_256x240.png HTTP/1.1" 404 1089
186.103.159.44 - - [01/Mar/2017:16:01:16 -0300] "GET /cormun/static/Shared/jqueryui/images/ui-bg_highlight-soft_100_c6c2c8_1x100.png HTTP/1.1" 404 1117
186.103.159.44 - - [01/Mar/2017:16:01:16 -0300] "GET /cormun/static/Shared/jqueryui/images/ui-icons_8d78a5_256x240.png HTTP/1.1" 404 1089
186.79.41.237 - - [01/Mar/2017:16:01:21 -0300] "GET /cormun/servlet/trcontratosolicitud? HTTP/1.1" 200 11734
186.79.41.237 - - [01/Mar/2017:16:01:22 -0300] "GET /cormun/servlet/trcontratosolicitud? HTTP/1.1" 200 11739
186.103.157.42 - - [01/Mar/2017:16:01:25 -0300] "GET /cormun/servlet/trsolicitudot? HTTP/1.1" 200 7021
186.103.157.42 - - [01/Mar/2017:16:01:26 -0300] "GET /cormun/servlet/trsolicitudot? HTTP/1.1" 200 7020
186.103.159.44 - - [01/Mar/2017:16:01:35 -0300] "GET /cormun/servlet/trsolicitudot? HTTP/1.1" 200 9725
186.103.159.44 - - [01/Mar/2017:16:01:45 -0300] "GET /cormun/servlet/trsolicitudot? HTTP/1.1" 200 9725
186.103.159.46 - - [01/Mar/2017:16:01:45 -0300] "POST /cormun/servlet/trpermisosgoce?b2bd580c2e59cd60da85b112b820bc18,gx-no-cache=1488394976265 HTTP/1.1" 200 4668
186.79.41.237 - - [01/Mar/2017:16:01:47 -0300] "GET /cormun/servlet/solicitudotcontratos?INS,2017,0,16885046,8,2,2016,5560,NADA,201701,30,B, HTTP/1.1" 200 9554
186.79.41.237 - - [01/Mar/2017:16:01:48 -0300] "GET /cormun/servlet/solicitudotcontratos?INS,2017,0,16885046,8,2,2016,5560,NADA,201701,30,B, HTTP/1.1" 200 9587
186.79.41.237 - - [01/Mar/2017:16:01:49 -0300] "GET /cormun/servlet/solicitudotcontratos?d50cf3b555acfc55fb1b10008f2191e2188c4275a6a687b5380fd2213a0304e7d079893a8a211b3cdd590ac0d7504889,gx-no-cache=1488394977372 HTTP/1.1" 200 30
186.79.41.237 - - [01/Mar/2017:16:01:49 -0300] "GET /cormun/servlet/solicitudotcontratos?d50cf3b555acfc55fb1b10008f2191e28e28eaf6e0964123cac6375852fdcdd2cb96459306ad5f9009f3f5719aa90c9bffb04910a29b8382b71bf46315827774888c1f114c4ff54296bdc81d3c0a85985a0c62101e3cae3058900af2d632240383de34b4a7e861b9ba1c69277465aa0ee88012b80311f4a2c0b80f640c1c1a88,gx-no-cache=1488394977689 HTTP/1.1" 200 48
186.79.41.237 - - [01/Mar/2017:16:01:49 -0300] "GET /cormun/servlet/solicitudotcontratos?d50cf3b555acfc55fb1b10008f2191e29c7c8243e75aae93cb52ba0eabd13c229be54673bd3db8934610ae2ece9752cb,gx-no-cache=1488394977872 HTTP/1.1" 200 30
186.79.41.237 - - [01/Mar/2017:16:01:50 -0300] "GET /cormun/servlet/solicitudotcontratos?d50cf3b555acfc55fb1b10008f2191e21817cda94776750beb0d7ac85c47c9f8cb7af0926868247769f2ca94a5fd1fceae4dccb76c5dd85f8be3d9ee4748755d86bc198fd4abf4cf5b8fa109156dce8253913bbf74e05160a02e6e73988708e08cfe33a18607c344aecc0b7cb8e43749,gx-no-cache=1488394978521 HTTP/1.1" 200 30
186.79.41.237 - - [01/Mar/2017:16:01:50 -0300] "GET /cormun/servlet/solicitudotcontratos?d50cf3b555acfc55fb1b10008f2191e2377d2a4c97c4ee8ec6fdaf91a9e8ffeddb76723484ff6df2d02e424c4a003f66a7c73ba79fbe8a4d8930604c02e76bb3ad7d7ae324b663a0a9c6a5b1f3a3388d9ff0ce8743b3181ec4da2e2643fc3ded4e42af71c6bb888471d724725636e0773d74de05db504c00cd71e6f41ee828088f4ba32c7edf432bbc364328b0b14cc6dc7f070ae800afaea0adabafda6d371a5686cfab40cf83e2012396eb8c4b5a0631256199d230662231e1333193af5173b508f39eaa4a28e3711d1ce9637bc87ebae6ba69397b7409a3dadf2eb520742b4cb7dcb003e9a52a61773d59ec2a6bdb77d47e2f6870a3bedeb1d735f818c6ba27d1110fdb6f7994088c24cd5188c6c9e53b9984ccaeb071679405f4316e818ab0b33f1e354a217de4e0dd9aeee248d153b6ec86eb06284d0b3e7264d2d47f100f07e731120d3b15e42021cc0a6719e9b42ed0aa90c84635d17f45938027c4982cf967eda0c21ae4a96518ff05b7c28147fd9fab873db2452bfb7a2e34c93a807e492cb6eb88ebb3c254cb09c6d498263e6802593652d8c9b0286072aaae2f04b2caaedac6876a03ecb26a2e8c00e0531c3bcbb1da6acd8ca375ea9fd58bd37f5cf645878cddc005105a6336f2eb6fd1112e3632afd9e7e19e56bedc53c64be877f8ef914773d7a769b1bffa6970cf113e6802593652d8c9b0286072aaae2f0465f22eeb126673a6fa6d2308ad3a69c7fbc67bdbfc5f1fb0cb5a2ea8a5d42214152c7ddeb3df8b327bb12b182a558c4518ff8c331887931c3fab3e9e074e08cd,gx-no-cache=1488394978657 HTTP/1.1" 200 72
186.103.157.42 - - [01/Mar/2017:16:01:50 -0300] "GET /cormun/servlet/trautorizarsolicitud? HTTP/1.1" 200 6976
186.103.159.44 - - [01/Mar/2017:16:01:50 -0300] "GET /cormun/servlet/solicitudot?INS,0,0, HTTP/1.1" 200 12576
186.103.157.42 - - [01/Mar/2017:16:01:51 -0300] "GET /cormun/servlet/trautorizarsolicitud? HTTP/1.1" 200 6976
186.103.159.46 - - [01/Mar/2017:16:01:59 -0300] "GET /cormun/servlet/permisogoce?INS,0,,, HTTP/1.1" 200 6521
186.103.159.46 - - [01/Mar/2017:16:02:01 -0300] "GET /cormun/servlet/permisogoce?INS,0,,, HTTP/1.1" 200 6521
186.103.159.44 - - [01/Mar/2017:16:02:02 -0300] "POST /cormun/servlet/solicitudot?gx-no-cache=1488394987699 HTTP/1.1" 200 3181
186.103.157.42 - - [01/Mar/2017:16:02:03 -0300] "POST /cormun/servlet/trautorizarsolicitud?9981b113ba3e4ce259bb6b53d6b840e0,,gx-no-cache=1488394862054 HTTP/1.1" 200 4123
186.103.159.44 - - [01/Mar/2017:16:02:03 -0300] "POST /cormun/servlet/solicitudot?a1eca94beb0487211da0878496ebd0ea,INS,0,0,,gx-no-cache=1488394988905 HTTP/1.1" 200 9777
200.111.191.210 - - [01/Mar/2017:16:02:04 -0300] "GET /cormun/servlet/trsolicitudot? HTTP/1.1" 200 7870
200.111.191.210 - - [01/Mar/2017:16:02:04 -0300] "GET /cormun/servlet/hlogin HTTP/1.1" 200 1741
200.111.191.210 - - [01/Mar/2017:16:02:04 -0300] "GET /cormun/servlet/trsolicitudot? HTTP/1.1" 200 7881
186.103.157.42 - - [01/Mar/2017:16:02:05 -0300] "POST /cormun/servlet/trautorizarsolicitud?9981b113ba3e4ce259bb6b53d6b840e0,,gx-no-cache=1488394863531 HTTP/1.1" 200 4123
186.103.157.42 - - [01/Mar/2017:16:02:07 -0300] "GET /cormun/static/menuarrow.gif HTTP/1.1" 404 1015
