186.79.17.148 - - [01/Mar/2017:08:56:05 -0300] "POST /cormun/servlet/trlicenciaspermisosadjuntos?5229b9bea1b1cab6b38caeeaf06205b0,8510071,20170301000000,L,,gx-no-cache=1488369302601 HTTP/1.1" 200 90
186.79.17.148 - - [01/Mar/2017:08:56:05 -0300] "GET /cormun/servlet/hpexe_link HTTP/1.1" 200 991
186.79.17.148 - - [01/Mar/2017:08:56:05 -0300] "GET /cormun/servlet/trlicencias HTTP/1.1" 200 7784
186.79.17.148 - - [01/Mar/2017:08:56:07 -0300] "GET /cormun/servlet/trlicencias HTTP/1.1" 200 7782
186.79.17.148 - - [01/Mar/2017:08:56:10 -0300] "GET /cormun/servlet/alicenciaprn?8510071,L,20170301000000,PU HTTP/1.1" 200 1519
192.168.10.89 - - [01/Mar/2017:08:56:38 -0300] "GET /cormunbeta/servlet/hlogin HTTP/1.1" 200 1721
186.67.172.234 - - [01/Mar/2017:08:56:41 -0300] "GET /cormun/static/menuarrow.gif HTTP/1.1" 404 1015
192.168.10.89 - - [01/Mar/2017:08:56:54 -0300] "POST /cormunbeta/servlet/hlogin?4d8a5ec1495a36f1244b87da85bcd88f,gx-no-cache=1488372693861 HTTP/1.1" 200 90
192.168.10.89 - - [01/Mar/2017:08:56:54 -0300] "GET /cormunbeta/servlet/hpexe_link HTTP/1.1" 200 957
192.168.10.89 - - [01/Mar/2017:08:56:54 -0300] "GET /cormunbeta/static/Resources/Spanish/PXTools.css?18365030 HTTP/1.1" 304 -
192.168.10.89 - - [01/Mar/2017:08:56:54 -0300] "GET /cormunbeta/static/gxcfg.js?201612218515529 HTTP/1.1" 200 953
192.168.10.89 - - [01/Mar/2017:08:56:54 -0300] "GET /cormunbeta/static/hpexe_link.js?201612218515532 HTTP/1.1" 304 -
192.168.10.89 - - [01/Mar/2017:08:56:55 -0300] "GET /cormunbeta/servlet/hhome HTTP/1.1" 200 4340
192.168.10.89 - - [01/Mar/2017:08:56:55 -0300] "GET /cormunbeta/static/Shared/jqueryui/jquery-ui.min.css?1345370 HTTP/1.1" 304 -
192.168.10.89 - - [01/Mar/2017:08:56:55 -0300] "GET /cormunbeta/static/scaMessage/css/jquery.pnotify.default.css?1816380 HTTP/1.1" 304 -
192.168.10.89 - - [01/Mar/2017:08:56:55 -0300] "GET /cormunbeta/static/gxcfg.js?201612218515568 HTTP/1.1" 200 953
192.168.10.89 - - [01/Mar/2017:08:56:55 -0300] "GET /cormunbeta/static/PXToolsJavascripts/pexe_windows.js HTTP/1.1" 304 -
192.168.10.89 - - [01/Mar/2017:08:56:55 -0300] "GET /cormunbeta/static/PXToolsJavascripts/pexe_griddivfix.js HTTP/1.1" 304 -
192.168.10.89 - - [01/Mar/2017:08:56:55 -0300] "GET /cormunbeta/static/PXToolsJavascripts/pexe_link.js HTTP/1.1" 304 -
192.168.10.89 - - [01/Mar/2017:08:56:55 -0300] "GET /cormunbeta/static/PXToolsJavascripts/pexe_layers.js HTTP/1.1" 304 -
192.168.10.89 - - [01/Mar/2017:08:56:55 -0300] "GET /cormunbeta/static/PXToolsJavascripts/pexe_oavdivfix.js HTTP/1.1" 304 -
192.168.10.89 - - [01/Mar/2017:08:56:55 -0300] "GET /cormunbeta/static/PXToolsJavascripts/pexe_popup.js HTTP/1.1" 304 -
192.168.10.89 - - [01/Mar/2017:08:56:55 -0300] "GET /cormunbeta/static/PXToolsJavascripts/pexe_scrolldiv.js HTTP/1.1" 304 -
192.168.10.89 - - [01/Mar/2017:08:56:56 -0300] "GET /cormunbeta/static/PXToolsJavascripts/pexe_tabdivfix.js HTTP/1.1" 304 -
192.168.10.89 - - [01/Mar/2017:08:56:56 -0300] "GET /cormunbeta/static/PXToolsJavascripts/pexe_tabs.js HTTP/1.1" 304 -
192.168.10.89 - - [01/Mar/2017:08:56:56 -0300] "GET /cormunbeta/static/Resources/logo4.png HTTP/1.1" 304 -
192.168.10.89 - - [01/Mar/2017:08:56:56 -0300] "GET /cormunbeta/static/Resources/PXToolsHeaderActionsLeft.png HTTP/1.1" 304 -
192.168.10.89 - - [01/Mar/2017:08:56:56 -0300] "GET /cormunbeta/static/Resources/PXToolsHeaderHome.png HTTP/1.1" 304 -
192.168.10.89 - - [01/Mar/2017:08:56:56 -0300] "GET /cormunbeta/static/Resources/PXToolsHeaderLogin.png HTTP/1.1" 304 -
192.168.10.89 - - [01/Mar/2017:08:56:56 -0300] "GET /cormunbeta/static/Resources/PXToolsHeaderPreferences.png HTTP/1.1" 304 -
192.168.10.89 - - [01/Mar/2017:08:56:56 -0300] "GET /cormunbeta/static/Resources/PXToolsHeaderSecurity.png HTTP/1.1" 304 -
192.168.10.89 - - [01/Mar/2017:08:56:56 -0300] "GET /cormunbeta/static/Resources/PXToolsHeaderActionsRight.png HTTP/1.1" 304 -
192.168.10.89 - - [01/Mar/2017:08:56:56 -0300] "GET /cormunbeta/static/Resources/PXToolsHeaderActionsBackground.png HTTP/1.1" 304 -
192.168.10.89 - - [01/Mar/2017:08:56:56 -0300] "GET /cormunbeta/static/Resources/PXToolsFooterBackground2.png HTTP/1.1" 304 -
192.168.10.89 - - [01/Mar/2017:08:56:56 -0300] "GET /cormunbeta/static/Resources/PXToolsHeaderBackground2.png HTTP/1.1" 304 -
192.168.10.89 - - [01/Mar/2017:08:56:56 -0300] "GET /cormunbeta/static/gxui/gxui-all.js HTTP/1.1" 304 -
192.168.10.89 - - [01/Mar/2017:08:56:56 -0300] "GET /cormunbeta/static/hhome.js?201612218515573 HTTP/1.1" 304 -
192.168.10.89 - - [01/Mar/2017:08:56:56 -0300] "GET /cormunbeta/static/hwchdr01.js?201612218432057 HTTP/1.1" 304 -
192.168.10.89 - - [01/Mar/2017:08:56:56 -0300] "GET /cormunbeta/static/Resources/PXToolsDataTitle.png HTTP/1.1" 304 -
192.168.10.89 - - [01/Mar/2017:08:56:56 -0300] "GET /cormunbeta/static/hpexe_recentlink.js?201610171694390 HTTP/1.1" 304 -
192.168.10.89 - - [01/Mar/2017:08:56:56 -0300] "GET /cormunbeta/static/hpexe_scripts.js?201612218432016 HTTP/1.1" 304 -
192.168.10.89 - - [01/Mar/2017:08:56:56 -0300] "GET /cormunbeta/static/hpexe_messagecontroller.js?201610171694323 HTTP/1.1" 304 -
192.168.10.89 - - [01/Mar/2017:08:56:56 -0300] "GET /cormunbeta/static/hpexe_messagepopupcomponent.js?20161017169425 HTTP/1.1" 304 -
192.168.10.89 - - [01/Mar/2017:08:56:56 -0300] "GET /cormunbeta/static/hpexe_messagegenexuscomponent.js?201612218431816 HTTP/1.1" 304 -
192.168.10.89 - - [01/Mar/2017:08:56:56 -0300] "GET /cormunbeta/static/cmcontrolpreferences.js?201612218431999 HTTP/1.1" 304 -
192.168.10.89 - - [01/Mar/2017:08:56:56 -0300] "GET /cormunbeta/static/Shared/jquery/jquery-1.4.2.min.js HTTP/1.1" 304 -
192.168.10.89 - - [01/Mar/2017:08:56:56 -0300] "GET /cormunbeta/static/SmoothNavMenu/resources/ddsmoothmenu.js HTTP/1.1" 304 -
192.168.10.89 - - [01/Mar/2017:08:56:56 -0300] "GET /cormunbeta/static/SmoothNavMenu/resources/SmoothNavMenuRender.js HTTP/1.1" 304 -
192.168.10.89 - - [01/Mar/2017:08:56:56 -0300] "GET /cormunbeta/static/scaMessage/scaMessageRender.js HTTP/1.1" 304 -
192.168.10.89 - - [01/Mar/2017:08:56:56 -0300] "GET /cormunbeta/static/hmpwkw03.js?20161221852152 HTTP/1.1" 304 -
192.168.10.89 - - [01/Mar/2017:08:57:04 -0300] "GET /cormunbeta/servlet/trsolicitudgral? HTTP/1.1" 200 8501
192.168.10.89 - - [01/Mar/2017:08:57:04 -0300] "GET /cormunbeta/static/gxui/gxui-all.css?120300 HTTP/1.1" 304 -
192.168.10.89 - - [01/Mar/2017:08:57:04 -0300] "GET /cormunbeta/static/Shared/ext/resources/css/ext-all.css?215870 HTTP/1.1" 304 -
192.168.10.89 - - [01/Mar/2017:08:57:04 -0300] "GET /cormunbeta/static/calendar-system.css?85620 HTTP/1.1" 304 -
192.168.10.89 - - [01/Mar/2017:08:57:04 -0300] "GET /cormunbeta/static/gxcfg.js?201711112283756 HTTP/1.1" 200 953
192.168.10.89 - - [01/Mar/2017:08:57:04 -0300] "GET /cormunbeta/static/calendar.js?85251 HTTP/1.1" 200 26246
192.168.10.89 - - [01/Mar/2017:08:57:04 -0300] "GET /cormunbeta/static/calendar-setup.js?85251 HTTP/1.1" 200 2588
192.168.10.89 - - [01/Mar/2017:08:57:04 -0300] "GET /cormunbeta/static/calendar-es.js?85251 HTTP/1.1" 200 1901
192.168.10.89 - - [01/Mar/2017:08:57:04 -0300] "GET /cormunbeta/static/Resources/PXTools/calendar.png HTTP/1.1" 304 -
192.168.10.89 - - [01/Mar/2017:08:57:04 -0300] "GET /cormunbeta/static/Resources/PXToolsGridPreviousDisabled.gif HTTP/1.1" 304 -
192.168.10.89 - - [01/Mar/2017:08:57:04 -0300] "GET /cormunbeta/static/Resources/PXToolsGridFirstDisabled.gif HTTP/1.1" 304 -
192.168.10.89 - - [01/Mar/2017:08:57:04 -0300] "GET /cormunbeta/static/Resources/PXToolsDataSearch.png HTTP/1.1" 304 -
192.168.10.89 - - [01/Mar/2017:08:57:04 -0300] "GET /cormunbeta/static/Resources/PXToolsGridLastDisabled.gif HTTP/1.1" 304 -
192.168.10.89 - - [01/Mar/2017:08:57:04 -0300] "GET /cormunbeta/static/Resources/PXToolsGridNextDisabled.gif HTTP/1.1" 304 -
192.168.10.89 - - [01/Mar/2017:08:57:04 -0300] "GET /cormunbeta/static/Resources/PXToolsGridPage.gif HTTP/1.1" 304 -
192.168.10.89 - - [01/Mar/2017:08:57:04 -0300] "GET /cormunbeta/static/Resources/PXToolsActionExcel.png HTTP/1.1" 304 -
192.168.10.89 - - [01/Mar/2017:08:57:04 -0300] "GET /cormunbeta/static/gxdec.js?85251 HTTP/1.1" 200 19579
192.168.10.89 - - [01/Mar/2017:08:57:04 -0300] "GET /cormunbeta/static/trsolicitudgral.js?201711112284670 HTTP/1.1" 200 53927
192.168.10.89 - - [01/Mar/2017:08:57:05 -0300] "GET /cormunbeta/static/Resources/asc.gif HTTP/1.1" 304 -
192.168.10.89 - - [01/Mar/2017:08:57:05 -0300] "GET /cormunbeta/static/Resources/desc.gif HTTP/1.1" 304 -
192.168.10.89 - - [01/Mar/2017:08:57:05 -0300] "GET /cormunbeta/static/Shared/ext/resources/themes/images/default/tools/tool-sprites.gif HTTP/1.1" 304 -
192.168.10.89 - - [01/Mar/2017:08:57:07 -0300] "GET /cormunbeta/static/menuarrow.gif HTTP/1.1" 404 1023
192.168.10.89 - - [01/Mar/2017:08:57:21 -0300] "POST /cormunbeta/servlet/trsolicitudgral?4d8a5ec1495a36f1244b87da85bcd88f,,gx-no-cache=1488372727525 HTTP/1.1" 200 5389
192.168.10.89 - - [01/Mar/2017:08:57:27 -0300] "POST /cormunbeta/servlet/trsolicitudgral?4d8a5ec1495a36f1244b87da85bcd88f,,gx-no-cache=1488372733924 HTTP/1.1" 200 5391
192.168.10.89 - - [01/Mar/2017:08:57:47 -0300] "POST /cormunbeta/servlet/trsolicitudgral?4d8a5ec1495a36f1244b87da85bcd88f,,gx-no-cache=1488372753317 HTTP/1.1" 200 5392
192.168.10.89 - - [01/Mar/2017:08:58:00 -0300] "POST /cormunbeta/servlet/trsolicitudgral?4d8a5ec1495a36f1244b87da85bcd88f,,gx-no-cache=1488372766623 HTTP/1.1" 200 5390
192.168.10.89 - - [01/Mar/2017:08:58:08 -0300] "POST /cormunbeta/servlet/trsolicitudgral?4d8a5ec1495a36f1244b87da85bcd88f,,gx-no-cache=1488372774219 HTTP/1.1" 200 5393
192.168.10.89 - - [01/Mar/2017:08:58:25 -0300] "POST /cormunbeta/servlet/trsolicitudgral?4d8a5ec1495a36f1244b87da85bcd88f,,gx-no-cache=1488372791758 HTTP/1.1" 200 5398
186.79.17.148 - - [01/Mar/2017:08:58:26 -0300] "POST /cormun/servlet/trlicencias?5229b9bea1b1cab6b38caeeaf06205b0,gx-no-cache=1488369443716 HTTP/1.1" 200 4017
186.79.17.148 - - [01/Mar/2017:08:58:26 -0300] "GET /cormun/static/Shared/jqueryui/images/ui-bg_highlight-soft_100_c6c2c8_1x100.png HTTP/1.1" 404 1117
186.79.17.148 - - [01/Mar/2017:08:58:26 -0300] "GET /cormun/static/Shared/jqueryui/images/ui-bg_flat_55_fafafa_40x100.png HTTP/1.1" 404 1097
186.79.17.148 - - [01/Mar/2017:08:58:26 -0300] "GET /cormun/static/Shared/jqueryui/images/ui-icons_8d78a5_256x240.png HTTP/1.1" 404 1089
186.79.17.148 - - [01/Mar/2017:08:58:26 -0300] "GET /cormun/static/Shared/jqueryui/images/ui-icons_82798d_256x240.png HTTP/1.1" 404 1089
192.168.10.89 - - [01/Mar/2017:08:58:30 -0300] "POST /cormunbeta/servlet/trsolicitudgral?4d8a5ec1495a36f1244b87da85bcd88f,,gx-no-cache=1488372797097 HTTP/1.1" 200 5396
186.79.17.148 - - [01/Mar/2017:08:58:39 -0300] "GET /cormun/servlet/hlogin HTTP/1.1" 200 1726
186.79.17.148 - - [01/Mar/2017:08:58:40 -0300] "GET /cormun/servlet/hlogin HTTP/1.1" 200 1726
186.67.172.234 - - [01/Mar/2017:08:58:55 -0300] "GET /cormun/servlet/licenciaspermisos?e76c0031b9378393ae82491b6c1040f14a2b5e9bcbfd03b6f43567c6d6044baf0736e36925851515a2d32f6ee35dcca8d551e6eac896f08456f09cc7e98dbb695ee7ac216af1e1b5164ab7a82df29977d3c70fd5456f46350b75f5491ee180da3653556e173d3d1d59cedff0f53ed8be678805b96d32f10f7da8090e5b28e439c686e47ead86de7d76011e7d9f0e403bad6a8b059cf4446a583277575cfa5f44d16154dfc8eee6c04e0148bbc731ad49,gx-no-cache=1488369602524 HTTP/1.1" 200 30
186.67.172.234 - - [01/Mar/2017:08:58:55 -0300] "GET /cormun/servlet/licenciaspermisos?e76c0031b9378393ae82491b6c1040f15446d523fc45788a8abaca89c9188e67203d5ccb23e18db33a7eda5106cf1987bfb2daed5c94fce853e378959f510ef2dc67c8a9625c88a574e9388bde36fe4cffeb34efb54c4c81f8ede397f4c02a8201ead3d1705e0625139b21de55bff1946bd39f705c8ce206ee3740339ca43008134700b29f83a030eba8d52898b22048da67b04e788c6fed3bd172010f322b17947f57e2f00fbe91f9dfdf1cc2fd4956,gx-no-cache=1488369602620 HTTP/1.1" 200 29
186.67.172.234 - - [01/Mar/2017:08:58:55 -0300] "POST /cormun/servlet/licenciaspermisos?239ead339a817797e6d0094b354ac154,INS,0,,,,gx-no-cache=1488369602688 HTTP/1.1" 200 93
186.67.172.234 - - [01/Mar/2017:08:58:55 -0300] "GET /cormun/servlet/hpexe_return? HTTP/1.1" 200 1016
186.67.172.234 - - [01/Mar/2017:08:58:56 -0300] "GET /cormun/servlet/trlicencias HTTP/1.1" 200 8362
186.67.172.234 - - [01/Mar/2017:08:58:56 -0300] "GET /cormun/servlet/trlicencias HTTP/1.1" 200 8357
186.79.17.148 - - [01/Mar/2017:08:58:57 -0300] "POST /cormun/servlet/hlogin?5229b9bea1b1cab6b38caeeaf06205b0,gx-no-cache=1488369475720 HTTP/1.1" 200 90
186.79.17.148 - - [01/Mar/2017:08:58:57 -0300] "GET /cormun/servlet/hpexe_link HTTP/1.1" 200 959
186.79.17.148 - - [01/Mar/2017:08:58:58 -0300] "GET /cormun/servlet/hhome HTTP/1.1" 200 3967
186.79.17.148 - - [01/Mar/2017:08:59:01 -0300] "GET /cormun/servlet/hhome HTTP/1.1" 200 3964
186.79.80.199 - - [01/Mar/2017:08:59:03 -0300] "GET /cormun/servlet/hlogin HTTP/1.1" 200 1714
192.168.10.89 - - [01/Mar/2017:08:59:08 -0300] "GET /cormunbeta/servlet/trsolicitudgral? HTTP/1.1" 200 8517
192.168.10.89 - - [01/Mar/2017:08:59:15 -0300] "GET /cormunbeta/servlet/trconsultaempleado? HTTP/1.1" 200 9415
192.168.10.89 - - [01/Mar/2017:08:59:15 -0300] "GET /cormunbeta/static/gxcfg.js?201612218544926 HTTP/1.1" 200 953
192.168.10.89 - - [01/Mar/2017:08:59:15 -0300] "GET /cormunbeta/static/trconsultaempleado.js?201612218545140 HTTP/1.1" 200 15811
192.168.10.89 - - [01/Mar/2017:08:59:16 -0300] "GET /cormunbeta//static/Resources/PXToolsActionView.png HTTP/1.1" 200 2995
186.79.80.199 - - [01/Mar/2017:08:59:16 -0300] "POST /cormun/servlet/hlogin?7bf1b56dcb2615cf42b83b9da89580ab,gx-no-cache=1488369629231 HTTP/1.1" 200 90
186.79.80.199 - - [01/Mar/2017:08:59:16 -0300] "GET /cormun/servlet/hpexe_link HTTP/1.1" 200 950
186.79.80.199 - - [01/Mar/2017:08:59:17 -0300] "GET /cormun/servlet/hhome HTTP/1.1" 200 3978
186.79.17.148 - - [01/Mar/2017:08:59:18 -0300] "GET /cormun/servlet/trlicencias? HTTP/1.1" 200 6834
186.79.17.148 - - [01/Mar/2017:08:59:21 -0300] "GET /cormun/servlet/trlicencias? HTTP/1.1" 200 6833
186.79.80.199 - - [01/Mar/2017:08:59:22 -0300] "GET /cormun/servlet/hhome HTTP/1.1" 200 3975
192.168.10.89 - - [01/Mar/2017:08:59:23 -0300] "POST /cormunbeta/servlet/trconsultaempleado?4d8a5ec1495a36f1244b87da85bcd88f,,gx-no-cache=1488372849831 HTTP/1.1" 200 4382
186.79.80.199 - - [01/Mar/2017:08:59:26 -0300] "GET /cormun/servlet/trsolicitudot? HTTP/1.1" 200 8235
186.79.17.148 - - [01/Mar/2017:08:59:27 -0300] "POST /cormun/servlet/trlicencias?5229b9bea1b1cab6b38caeeaf06205b0,,gx-no-cache=1488369504990 HTTP/1.1" 200 5710
192.168.10.89 - - [01/Mar/2017:08:59:27 -0300] "GET /cormunbeta/servlet/trsolicitudnombre?12692377, HTTP/1.1" 200 7918
192.168.10.89 - - [01/Mar/2017:08:59:27 -0300] "GET /cormunbeta/static/gxcfg.js?201711112281096 HTTP/1.1" 200 953
192.168.10.89 - - [01/Mar/2017:08:59:27 -0300] "GET /cormunbeta/static/trsolicitudnombre.js?201711112281663 HTTP/1.1" 200 43570
186.79.80.199 - - [01/Mar/2017:08:59:27 -0300] "GET /cormun/servlet/trsolicitudot? HTTP/1.1" 200 8231
186.67.172.234 - - [01/Mar/2017:08:59:28 -0300] "GET /cormun/servlet/trpermisosingoce? HTTP/1.1" 200 6506
186.67.172.234 - - [01/Mar/2017:08:59:28 -0300] "GET /cormun/static/gxcfg.js?2016111619312653 HTTP/1.1" 200 953
186.67.172.234 - - [01/Mar/2017:08:59:28 -0300] "GET /cormun/static/trpermisosingoce.js?2016111619313084 HTTP/1.1" 200 31498
186.67.172.234 - - [01/Mar/2017:08:59:29 -0300] "GET /cormun/servlet/trpermisosingoce? HTTP/1.1" 200 6507
190.101.9.138 - - [01/Mar/2017:08:59:31 -0300] "GET /cormun/servlet/hlogin HTTP/1.1" 200 1723
186.79.17.148 - - [01/Mar/2017:08:59:38 -0300] "POST /cormun/servlet/trlicencias?5229b9bea1b1cab6b38caeeaf06205b0,,gx-no-cache=1488369516106 HTTP/1.1" 200 5687
186.79.17.148 - - [01/Mar/2017:08:59:43 -0300] "POST /cormun/servlet/trlicencias?5229b9bea1b1cab6b38caeeaf06205b0,,gx-no-cache=1488369520919 HTTP/1.1" 200 5687
186.79.80.199 - - [01/Mar/2017:08:59:46 -0300] "GET /cormun/servlet/solicitudot?INS,0,0, HTTP/1.1" 200 12771
190.101.9.138 - - [01/Mar/2017:08:59:47 -0300] "POST /cormun/servlet/hlogin?c224383192e2a177d313ffc566ad5700,gx-no-cache=1488369660354 HTTP/1.1" 200 90
190.101.9.138 - - [01/Mar/2017:08:59:47 -0300] "GET /cormun/servlet/hpexe_link HTTP/1.1" 200 953
190.101.9.138 - - [01/Mar/2017:08:59:47 -0300] "GET /cormun/servlet/hhome HTTP/1.1" 200 3919
190.101.9.138 - - [01/Mar/2017:08:59:48 -0300] "GET /cormun/servlet/hhome HTTP/1.1" 200 3916
186.79.80.199 - - [01/Mar/2017:08:59:48 -0300] "GET /cormun/servlet/solicitudot?INS,0,0, HTTP/1.1" 200 12776
186.79.17.148 - - [01/Mar/2017:08:59:54 -0300] "POST /cormun/servlet/trlicencias?5229b9bea1b1cab6b38caeeaf06205b0,,gx-no-cache=1488369531800 HTTP/1.1" 200 5687
190.101.9.138 - - [01/Mar/2017:08:59:56 -0300] "GET /cormun/servlet/trcontratosolicitud? HTTP/1.1" 200 13672
186.79.17.148 - - [01/Mar/2017:08:59:56 -0300] "POST /cormun/servlet/trlicencias?5229b9bea1b1cab6b38caeeaf06205b0,,gx-no-cache=1488369534551 HTTP/1.1" 200 5686
190.101.9.138 - - [01/Mar/2017:08:59:56 -0300] "GET /cormun/static/gxcfg.js?20171317451682 HTTP/1.1" 200 953
190.101.9.138 - - [01/Mar/2017:08:59:56 -0300] "GET /cormun/static/trcontratosolicitud.js?20171317452124 HTTP/1.1" 200 28173
190.101.9.138 - - [01/Mar/2017:08:59:57 -0300] "GET /cormun//static/Resources/PXToolsGridNew.png HTTP/1.1" 200 2949
190.101.9.138 - - [01/Mar/2017:08:59:57 -0300] "GET /cormun//static/Resources/PXToolsActionDisabled.gif HTTP/1.1" 200 53
190.101.9.138 - - [01/Mar/2017:08:59:57 -0300] "GET /cormun/servlet/trcontratosolicitud? HTTP/1.1" 200 13673
186.79.80.199 - - [01/Mar/2017:09:00:03 -0300] "POST /cormun/servlet/solicitudot?gx-no-cache=1488369675886 HTTP/1.1" 200 3146
186.79.80.199 - - [01/Mar/2017:09:00:04 -0300] "POST /cormun/servlet/solicitudot?7bf1b56dcb2615cf42b83b9da89580ab,INS,0,0,,gx-no-cache=1488369676777 HTTP/1.1" 200 9930
186.79.80.199 - - [01/Mar/2017:09:00:07 -0300] "GET /cormun/servlet/solicitudot?6b211738f48fbb9c96fac703046a8d7b0f3d318b7311d5a546380feec379ff813e7d4b0f845b57135fb0e262cbb39cef,gx-no-cache=1488369680207 HTTP/1.1" 200 30
186.79.80.199 - - [01/Mar/2017:09:00:10 -0300] "POST /cormun/servlet/solicitudot?gx-no-cache=1488369682115 HTTP/1.1" 200 255
186.79.17.148 - - [01/Mar/2017:09:00:12 -0300] "POST /cormun/servlet/trlicencias?5229b9bea1b1cab6b38caeeaf06205b0,,gx-no-cache=1488369550701 HTTP/1.1" 200 4099
186.79.80.199 - - [01/Mar/2017:09:00:16 -0300] "GET /cormun/servlet/solicitudot?6b211738f48fbb9c96fac703046a8d7baecd469023399ceb0b29f059facb4a56423166651c95f92337ece0bf8854f26c7b28b44d7c6e8537e31712be174b61e9ea95c5fd3d441ea950d86134731ba22c1bcbcac3231796bf78048cec972b0083a19b51f779963b29cf85d1e96f1589b2100cc53b52c0ed3c68e7402dbf882d7b14c61899aedbee3658ffbc9c5f82021f0ce1dd446b23cfa5273f5bd9ab63c11db6019d71bcaa522488c5e293e82c35ae77017ac50b1aa391409f51c8d1ad1f8431bc26d7a74c2306b0b24f23e9be44b554da85a8fae550298da0e798bdbf518dc5a43eb7a8a804fadd50d76a2d2da0b2894cf6a4c2459fd8994ad124725a834ee3880a669e62db29b30fdf0391778530fa018cb4a4d00fba4f8e59ccdb3321cd7e28986350d968572e06ed126633ad3439d8943f9804cdb65ef29208ee72682e5d089979a987d88c22645938db57feabd60b148576d7e852065c64fda28993acf52ac4f1c3478153a2a46d406ed9f53825cbda480eea8a89072a4bd0b6bc3d9b,gx-no-cache=1488369689572 HTTP/1.1" 200 30
186.79.17.148 - - [01/Mar/2017:09:00:17 -0300] "POST /cormun/servlet/trlicencias?5229b9bea1b1cab6b38caeeaf06205b0,,gx-no-cache=1488369555066 HTTP/1.1" 200 4100
186.79.17.148 - - [01/Mar/2017:09:00:22 -0300] "POST /cormun/servlet/trlicencias?5229b9bea1b1cab6b38caeeaf06205b0,,gx-no-cache=1488369560390 HTTP/1.1" 200 5710
186.67.172.234 - - [01/Mar/2017:09:00:28 -0300] "GET /cormun/static/menuarrow.gif HTTP/1.1" 404 1015
186.79.17.148 - - [01/Mar/2017:09:00:37 -0300] "POST /cormun/servlet/trlicencias?5229b9bea1b1cab6b38caeeaf06205b0,,gx-no-cache=1488369574563 HTTP/1.1" 200 90
186.79.17.148 - - [01/Mar/2017:09:00:37 -0300] "GET /cormun/servlet/hpexe_link HTTP/1.1" 200 963
186.79.17.148 - - [01/Mar/2017:09:00:38 -0300] "GET /cormun/servlet/hhome HTTP/1.1" 200 3967
190.101.9.138 - - [01/Mar/2017:09:00:39 -0300] "GET /cormun/servlet/trcontratoobservaciondir? HTTP/1.1" 200 7109
190.101.9.138 - - [01/Mar/2017:09:00:39 -0300] "GET /cormun/static/gxcfg.js?201612218551235 HTTP/1.1" 200 953
186.103.159.188 - - [01/Mar/2017:09:00:39 -0300] "GET /cormun/static/trcontratoobservaciondir.js?201612218551533 HTTP/1.1" 200 27122
186.79.17.148 - - [01/Mar/2017:09:00:40 -0300] "GET /cormun/servlet/hhome HTTP/1.1" 200 3964
186.103.159.188 - - [01/Mar/2017:09:00:40 -0300] "GET /cormun/servlet/trcontratoobservaciondir? HTTP/1.1" 200 7108
186.79.17.148 - - [01/Mar/2017:09:00:42 -0300] "GET /cormun/servlet/trsolicitudot? HTTP/1.1" 200 6943
186.79.17.148 - - [01/Mar/2017:09:00:44 -0300] "GET /cormun/servlet/trsolicitudot? HTTP/1.1" 200 6943
186.79.17.148 - - [01/Mar/2017:09:00:47 -0300] "GET /cormun/servlet/solicitudot?INS,0,0, HTTP/1.1" 200 12769
186.79.80.199 - - [01/Mar/2017:09:00:49 -0300] "POST /cormun/servlet/solicitudot?gx-no-cache=1488369721227 HTTP/1.1" 200 30
186.79.17.148 - - [01/Mar/2017:09:00:49 -0300] "GET /cormun/servlet/solicitudot?INS,0,0, HTTP/1.1" 200 12774
186.79.80.199 - - [01/Mar/2017:09:00:56 -0300] "GET /cormun/servlet/prsolicitudot?15995528,,,,,MD,,gxPopupLevel%3D0%3B HTTP/1.1" 200 5983
192.168.10.89 - - [01/Mar/2017:09:00:56 -0300] "GET /cormunbeta/servlet/hlogin HTTP/1.1" 200 1750
186.79.17.148 - - [01/Mar/2017:09:01:03 -0300] "POST /cormun/servlet/solicitudot?gx-no-cache=1488369600932 HTTP/1.1" 200 3164
186.79.17.148 - - [01/Mar/2017:09:01:05 -0300] "POST /cormun/servlet/solicitudot?5229b9bea1b1cab6b38caeeaf06205b0,INS,0,0,,gx-no-cache=1488369602846 HTTP/1.1" 200 9944
186.79.80.199 - - [01/Mar/2017:09:01:08 -0300] "POST /cormun/servlet/solicitudot?gx-no-cache=1488369741075 HTTP/1.1" 200 296
190.101.9.138 - - [01/Mar/2017:09:01:08 -0300] "GET /cormun/Manuales/InstructivoDirector.pdf HTTP/1.1" 200 352207
186.79.80.199 - - [01/Mar/2017:09:01:08 -0300] "GET /cormun/static/Shared/jqueryui/images/ui-icons_82798d_256x240.png HTTP/1.1" 404 1089
186.79.80.199 - - [01/Mar/2017:09:01:08 -0300] "POST /cormun/servlet/solicitudot?gx-no-cache=1488369741443 HTTP/1.1" 200 117
186.79.80.199 - - [01/Mar/2017:09:01:08 -0300] "GET /cormun/static/Shared/jqueryui/images/ui-bg_highlight-soft_100_c6c2c8_1x100.png HTTP/1.1" 404 1117
186.79.80.199 - - [01/Mar/2017:09:01:08 -0300] "GET /cormun/static/Shared/jqueryui/images/ui-bg_flat_55_994d53_40x100.png HTTP/1.1" 404 1097
186.79.80.199 - - [01/Mar/2017:09:01:09 -0300] "GET /cormun/static/Shared/jqueryui/images/ui-icons_ebccce_256x240.png HTTP/1.1" 404 1089
186.79.80.199 - - [01/Mar/2017:09:01:09 -0300] "GET /cormun/servlet/solicitudot?6b211738f48fbb9c96fac703046a8d7bac06fbcbf26330dfc642aefd8a660e8156af5fd8227110fc7a0220a06270a6f817623deb450b6cc38e32e1bdf1d879d8397eb8482a76af4e22e69d279125ad0e5f467921302151aabcc49cd888f758cb5615dc252ac6102273472eb3b6e2d060a76861f1cd21741ce1f6d03a13082b5b44f0db6369af260ed067a6e1907fad7f036255096e5891d83e92e5edd52d0067,gx-no-cache=1488369741872 HTTP/1.1" 200 29
186.79.80.199 - - [01/Mar/2017:09:01:09 -0300] "GET /cormun/servlet/solicitudot?6b211738f48fbb9c96fac703046a8d7b8c4a6aae977ed417f4e818f3feda24aa7bc41310468c2ade57fb93cd64e0d6bc22ea139473607698229375ccf476f556a40a8271252bd953f1a9a273cdfafa0b6273d8f7671e588b73bab7528724831cb21fa522549dd5abf0e0d5229fafde21cbe14ad6661be1a6c084e7a90064cf46a16c9c0e5d88606db66484663cf7f1d197a36eaaf53e2ef961f00762873343a6,gx-no-cache=1488369742135 HTTP/1.1" 200 57
186.79.80.199 - - [01/Mar/2017:09:01:09 -0300] "GET /cormun/servlet/solicitudot?6b211738f48fbb9c96fac703046a8d7be932fd4b631313eda4b43737d4ee507a7bc41310468c2ade57fb93cd64e0d6bc22ea139473607698229375ccf476f55606f7d2ba2edbdfc4b7826f1f17403e1599294279ca0c6034232f0e106376dc2e39a1426cfe35ea5ff24e04df1416da5b68dde8f2bfc3f6c9fbaf866503f7c53a,gx-no-cache=1488369742354 HTTP/1.1" 200 57
186.79.17.148 - - [01/Mar/2017:09:01:15 -0300] "GET /cormun/servlet/solicitudot?4ebcb2818ff0ceabb66be03b4ce08e0bcdf1b291ad1344a841ca00e665df53a5a38f5f9b8227f3e0c7ff7f103643549a,gx-no-cache=1488369613237 HTTP/1.1" 200 30
186.79.17.148 - - [01/Mar/2017:09:01:15 -0300] "POST /cormun/servlet/solicitudot?gx-no-cache=1488369613392 HTTP/1.1" 200 240
186.79.17.148 - - [01/Mar/2017:09:01:15 -0300] "GET /cormun/servlet/solicitudot?4ebcb2818ff0ceabb66be03b4ce08e0b2fc7415a38656d0f259c0c6415e4fdac748b10d93b133c53a57f209a223677ea6797b56cd6647037590c8590b1b56c5eeb6b5e818b138fdc8d41c61cde9716d550866328fd0847e656717757f226f15a562e43375dd55d14742993f909001c689d6325f77a3ef65a68228833c9297f5c931cba54e33825ebfea8d652a9d129b072c3ce3216768d980d30ac17ed31626eb17896b15d2de4e42fd8da130b1a2545956177916cf73110576ac27adee8de070be333626412b6617390819ed0eae7296e9158eeccf3c047b4c36cba5bf180490248c7abb82a6fad2389b1601a7d570a3183430740a7dafad69ad539ff4fe8902392836e909284bf9a3926cc4d0e3665dfe5fe98c0a7acd2ea41f7a38a365d259009efb4e6589bc254812595e7a1c03baae50374c574ff6b3313890bd224099acee4585476fcd8f44782e2917a2db488779cc823085007a39c571f76beca2e89f2e0b010ff8842e88dd7f530fe93bce0f12c97a1550ee009add9d6f79b9f1507,gx-no-cache=1488369613565 HTTP/1.1" 200 30
192.168.10.89 - - [01/Mar/2017:09:01:17 -0300] "POST /cormunbeta/servlet/hlogin?4d8a5ec1495a36f1244b87da85bcd88f,gx-no-cache=1488372963352 HTTP/1.1" 200 464
186.79.17.148 - - [01/Mar/2017:09:01:17 -0300] "POST /cormun/servlet/solicitudot?gx-no-cache=1488369615913 HTTP/1.1" 200 30
192.168.10.89 - - [01/Mar/2017:09:01:21 -0300] "POST /cormunbeta/servlet/hlogin?4d8a5ec1495a36f1244b87da85bcd88f,gx-no-cache=1488372967376 HTTP/1.1" 200 464
192.168.10.89 - - [01/Mar/2017:09:01:25 -0300] "POST /cormunbeta/servlet/hlogin?4d8a5ec1495a36f1244b87da85bcd88f,gx-no-cache=1488372972238 HTTP/1.1" 200 464
186.79.80.199 - - [01/Mar/2017:09:01:27 -0300] "POST /cormun/servlet/solicitudot?gx-no-cache=1488369759772 HTTP/1.1" 200 1291
186.79.17.148 - - [01/Mar/2017:09:01:29 -0300] "GET /cormun/servlet/prfichaempleado?,MD,,gxPopupLevel%3D0%3B HTTP/1.1" 200 8838
192.168.10.89 - - [01/Mar/2017:09:01:30 -0300] "POST /cormunbeta/servlet/hlogin?4d8a5ec1495a36f1244b87da85bcd88f,gx-no-cache=1488372976918 HTTP/1.1" 200 464
186.79.80.199 - - [01/Mar/2017:09:01:32 -0300] "GET /cormun/servlet/prlicenciaspermisos?15992610,P,,MD,,gxPopupLevel%3D0%3B HTTP/1.1" 200 5424
186.79.80.199 - - [01/Mar/2017:09:01:33 -0300] "GET /cormun/static/gxcfg.js?2016122619302491 HTTP/1.1" 200 953
186.103.159.188 - - [01/Mar/2017:09:01:35 -0300] "GET /cormun/servlet/trcontratoobservaciondir? HTTP/1.1" 200 7109
186.103.159.188 - - [01/Mar/2017:09:01:35 -0300] "GET /cormun/servlet/trcontratoobservaciondir? HTTP/1.1" 200 7108
186.79.80.199 - - [01/Mar/2017:09:01:37 -0300] "GET /cormun/static/prlicenciaspermisos.js?2016122619302645 HTTP/1.1" 200 13363
186.79.17.148 - - [01/Mar/2017:09:01:43 -0300] "POST /cormun/servlet/prfichaempleado?5229b9bea1b1cab6b38caeeaf06205b0,,MD,,gxPopupLevel%3D0%3B,gx-no-cache=1488369640223 HTTP/1.1" 200 3509
186.103.159.188 - - [01/Mar/2017:09:01:43 -0300] "GET /cormun/servlet/trvisualizadoreventos? HTTP/1.1" 200 6647
186.103.159.188 - - [01/Mar/2017:09:01:43 -0300] "GET /cormun/static/gxcfg.js?2016101716203350 HTTP/1.1" 200 953
186.103.159.188 - - [01/Mar/2017:09:01:44 -0300] "GET /cormun/static/trvisualizadoreventos.js?2016101716203614 HTTP/1.1" 200 19309
186.103.159.188 - - [01/Mar/2017:09:01:44 -0300] "GET /cormun/static/Resources/PXToolsActionPrint.png HTTP/1.1" 200 3317
186.103.159.188 - - [01/Mar/2017:09:01:44 -0300] "GET /cormun/servlet/trvisualizadoreventos? HTTP/1.1" 200 6646
186.79.17.148 - - [01/Mar/2017:09:01:51 -0300] "POST /cormun/servlet/solicitudot?gx-no-cache=1488369647470 HTTP/1.1" 200 1291
186.79.17.148 - - [01/Mar/2017:09:01:52 -0300] "GET /cormun/static/menuarrow.gif HTTP/1.1" 404 1015
186.79.80.199 - - [01/Mar/2017:09:01:58 -0300] "POST /cormun/servlet/solicitudot?gx-no-cache=1488369791302 HTTP/1.1" 200 41
186.79.17.148 - - [01/Mar/2017:09:01:58 -0300] "POST /cormun/servlet/solicitudot?gx-no-cache=1488369657001 HTTP/1.1" 200 41
192.168.10.89 - - [01/Mar/2017:09:01:59 -0300] "POST /cormunbeta/servlet/hlogin?4d8a5ec1495a36f1244b87da85bcd88f,gx-no-cache=1488373006285 HTTP/1.1" 200 464
192.168.10.89 - - [01/Mar/2017:09:02:13 -0300] "GET /cormun/servlet/hlogin HTTP/1.1" 200 1718
190.101.9.138 - - [01/Mar/2017:09:02:13 -0300] "POST /cormun/servlet/trvisualizadoreventos?c224383192e2a177d313ffc566ad5700,,gx-no-cache=1488369805975 HTTP/1.1" 200 90
186.67.172.234 - - [01/Mar/2017:09:02:13 -0300] "GET /cormun/servlet/permisosingoce?INS,0, HTTP/1.1" 200 6447
190.101.9.138 - - [01/Mar/2017:09:02:13 -0300] "GET /cormun/servlet/hpexe_link HTTP/1.1" 200 975
186.79.80.199 - - [01/Mar/2017:09:02:13 -0300] "POST /cormun/servlet/solicitudot?gx-no-cache=1488369806462 HTTP/1.1" 200 1274
186.67.172.234 - - [01/Mar/2017:09:02:14 -0300] "GET /cormun/static/gxcfg.js?2016111618225749 HTTP/1.1" 200 953
190.101.9.138 - - [01/Mar/2017:09:02:14 -0300] "GET /cormun/servlet/trcontratoobservaciondir HTTP/1.1" 200 7110
186.67.172.234 - - [01/Mar/2017:09:02:14 -0300] "GET /cormun/static/permisosingoce.js?2016111618225789 HTTP/1.1" 200 23797
186.67.172.234 - - [01/Mar/2017:09:02:14 -0300] "GET /cormun/servlet/permisosingoce?INS,0, HTTP/1.1" 200 6447
190.101.9.138 - - [01/Mar/2017:09:02:14 -0300] "GET /cormun/servlet/trcontratoobservaciondir HTTP/1.1" 200 7108
186.79.80.199 - - [01/Mar/2017:09:02:14 -0300] "POST /cormun/servlet/solicitudot?gx-no-cache=1488369806754 HTTP/1.1" 200 1156
186.79.80.199 - - [01/Mar/2017:09:02:15 -0300] "GET /cormun/servlet/solicitudot?6b211738f48fbb9c96fac703046a8d7b124806a6a76fa0b4ab82cff169559197406be838d1b1fd2e717f601f0e65a652cdfb2d12eecec773d900e2ab5f58005e104d27a562ae852d89d8c6a1fc0a1019a16c9c0e5d88606db66484663cf7f1d12243c485a268a6d8753a8a7edb1be6a3e89d3d0194c0611dfe2fb0d9df93e60ed12f86707a686591cad570f1239aff8492ab982c8e81f8e0767cdd0631cc29fc938a0202f869c1ffb1f158fc8e217dbe22cf10055ca3bf926f2b111d96d466d0,gx-no-cache=1488369807832 HTTP/1.1" 200 30
186.79.17.148 - - [01/Mar/2017:09:02:15 -0300] "GET /cormun/servlet/solicitudot?4ebcb2818ff0ceabb66be03b4ce08e0b6e8014ed325f78305cc8c4372f8c839d8357a05149c9fa11bbdcb305df2001cb4dba5b37f6fed88857c79cc1a60ea41dab97bf2f56a93b3f08f605026f5f94261b367b1f07dd9cbf031de12019b33ebb23cfdbfd28cd270058d725f1f59a3898e93eb782af3cf372ae15d12c485dfc23f0b168f237e5cbed859bc39ff8a56b31e23d3394340e5dc95874ef7a37ed24d0,gx-no-cache=1488369673977 HTTP/1.1" 200 29
186.79.17.148 - - [01/Mar/2017:09:02:17 -0300] "POST /cormun/servlet/solicitudot?gx-no-cache=1488369674972 HTTP/1.1" 200 1274
186.103.159.188 - - [01/Mar/2017:09:02:18 -0300] "GET /cormun/servlet/trvisualizadoreventos? HTTP/1.1" 200 6647
186.79.17.148 - - [01/Mar/2017:09:02:18 -0300] "POST /cormun/servlet/solicitudot?gx-no-cache=1488369676946 HTTP/1.1" 200 1157
186.103.159.188 - - [01/Mar/2017:09:02:19 -0300] "GET /cormun/servlet/trvisualizadoreventos? HTTP/1.1" 200 6646
192.168.10.89 - - [01/Mar/2017:09:02:20 -0300] "POST /cormun/servlet/hlogin?08cf9365cbbcab9673b3d06872f59807,gx-no-cache=1488373026325 HTTP/1.1" 200 90
192.168.10.89 - - [01/Mar/2017:09:02:20 -0300] "GET /cormun/servlet/hpexe_link HTTP/1.1" 200 953
192.168.10.89 - - [01/Mar/2017:09:02:20 -0300] "GET /cormun/servlet/hhome HTTP/1.1" 200 4387
186.79.17.148 - - [01/Mar/2017:09:02:21 -0300] "POST /cormun/servlet/solicitudot?gx-no-cache=1488369679005 HTTP/1.1" 200 1274
186.79.17.148 - - [01/Mar/2017:09:02:21 -0300] "POST /cormun/servlet/solicitudot?gx-no-cache=1488369679223 HTTP/1.1" 200 1157
186.79.17.148 - - [01/Mar/2017:09:02:23 -0300] "GET /cormun/servlet/solicitudot?4ebcb2818ff0ceabb66be03b4ce08e0bcf0153e3ed1fd7c5e03cac0f006fc6762a28d2ec827c4a9cda15d373aebd6d543a22e9348d812845083da1b7b49bdc97c6ca3f4e76fd53448df71e1bfdcb608e25c790acb16db108c468d61c8e8b2eb36a327696e3d727557fb46911d497d48f98b0e691d0a3b141da9329094b66491b112a5494d5ac525aa73e1e57aa05832b6f925d218381c2e1ac155f86047ce4d98d3f754fd1d62abbd74302b9efe62394ff5b0cbd4478273d7dffd540e5a6d65e,gx-no-cache=1488369681254 HTTP/1.1" 200 30
192.168.10.89 - - [01/Mar/2017:09:02:23 -0300] "GET /cormun/servlet/trsolicitudgral? HTTP/1.1" 200 24373
192.168.10.89 - - [01/Mar/2017:09:02:30 -0300] "GET /cormun/static/menuarrow.gif HTTP/1.1" 404 1015
192.168.10.89 - - [01/Mar/2017:09:02:37 -0300] "POST /cormun/servlet/trsolicitudgral?08cf9365cbbcab9673b3d06872f59807,,gx-no-cache=1488373043834 HTTP/1.1" 200 8123
186.67.172.234 - - [01/Mar/2017:09:02:45 -0300] "GET /cormun/servlet/permisosingoce?50d2cabc5ef34a48f826c78a114191fc05eed9a016a435b593bdc5e5afc65c2fd38f2a67bfdd720dac415cec04a31e49,gx-no-cache=1488369832506 HTTP/1.1" 200 149
186.67.172.234 - - [01/Mar/2017:09:02:45 -0300] "GET /cormun/static/Shared/jqueryui/images/ui-bg_highlight-soft_100_c6c2c8_1x100.png HTTP/1.1" 404 1117
186.67.172.234 - - [01/Mar/2017:09:02:45 -0300] "GET /cormun/static/Shared/jqueryui/images/ui-icons_82798d_256x240.png HTTP/1.1" 404 1089
186.67.172.234 - - [01/Mar/2017:09:02:45 -0300] "GET /cormun/static/Shared/jqueryui/images/ui-bg_flat_55_994d53_40x100.png HTTP/1.1" 404 1097
186.67.172.234 - - [01/Mar/2017:09:02:45 -0300] "GET /cormun/static/Shared/jqueryui/images/ui-icons_ebccce_256x240.png HTTP/1.1" 404 1089
186.67.172.234 - - [01/Mar/2017:09:02:47 -0300] "GET /cormun/static/menuarrow.gif HTTP/1.1" 404 1015
186.67.172.234 - - [01/Mar/2017:09:02:51 -0300] "GET /cormun/servlet/permisosingoce?50d2cabc5ef34a48f826c78a114191fc05eed9a016a435b593bdc5e5afc65c2fd38f2a67bfdd720dac415cec04a31e49,gx-no-cache=1488369838086 HTTP/1.1" 200 149
186.79.80.199 - - [01/Mar/2017:09:02:53 -0300] "POST /cormun/servlet/solicitudot?7bf1b56dcb2615cf42b83b9da89580ab,INS,0,0,,gx-no-cache=1488369845009 HTTP/1.1" 200 93
186.79.80.199 - - [01/Mar/2017:09:02:53 -0300] "GET /cormun/servlet/hpexe_return? HTTP/1.1" 200 1003
186.79.80.199 - - [01/Mar/2017:09:02:54 -0300] "GET /cormun/servlet/trsolicitudot HTTP/1.1" 200 8663
186.79.80.199 - - [01/Mar/2017:09:02:56 -0300] "GET /cormun/servlet/trsolicitudot HTTP/1.1" 200 8659
186.67.172.234 - - [01/Mar/2017:09:03:00 -0300] "GET /cormun/servlet/permisosingoce?50d2cabc5ef34a48f826c78a114191fcb7817d928012937c93d59aa16d1f008df8b254f4ea9698e9f858e8bb44190424,gx-no-cache=1488369847503 HTTP/1.1" 200 33
186.79.80.199 - - [01/Mar/2017:09:03:02 -0300] "POST /cormun/servlet/trsolicitudot?7bf1b56dcb2615cf42b83b9da89580ab,gx-no-cache=1488369854268 HTTP/1.1" 200 5468
186.79.80.199 - - [01/Mar/2017:09:03:02 -0300] "GET /cormun/static/Shared/jqueryui/images/ui-bg_highlight-soft_100_c6c2c8_1x100.png HTTP/1.1" 404 1117
186.79.80.199 - - [01/Mar/2017:09:03:03 -0300] "GET /cormun/static/Shared/jqueryui/images/ui-icons_82798d_256x240.png HTTP/1.1" 404 1089
186.79.80.199 - - [01/Mar/2017:09:03:03 -0300] "GET /cormun/static/Shared/jqueryui/images/ui-bg_flat_55_fafafa_40x100.png HTTP/1.1" 404 1097
186.79.80.199 - - [01/Mar/2017:09:03:03 -0300] "POST /cormun/servlet/trsolicitudot?7bf1b56dcb2615cf42b83b9da89580ab,gx-no-cache=1488369855397 HTTP/1.1" 200 5412
186.79.80.199 - - [01/Mar/2017:09:03:03 -0300] "GET /cormun/static/Shared/jqueryui/images/ui-icons_8d78a5_256x240.png HTTP/1.1" 404 1089
186.67.172.234 - - [01/Mar/2017:09:03:04 -0300] "GET /cormun/servlet/permisosingoce?50d2cabc5ef34a48f826c78a114191fc302e715def5d4cd817b60d3569e8709d7bf77702a60f921e140931766c88b2459fc719c477d6a153d15a68e3a6a3eb21d95149ac04115ef1355d8432a308d31b926e3f756405aeb10b023b8453d71b06faf6b3fecdf79ab07b61e24493c8194a9aecc10bd122e74a07f765540449d079f7c9405da26fc022b0ab16571198a3dbd16154dfc8eee6c04e0148bbc731ad49,gx-no-cache=1488369851668 HTTP/1.1" 200 41
186.79.80.199 - - [01/Mar/2017:09:03:05 -0300] "POST /cormun/servlet/trsolicitudot?7bf1b56dcb2615cf42b83b9da89580ab,gx-no-cache=1488369858073 HTTP/1.1" 200 4345
192.168.10.89 - - [01/Mar/2017:09:03:06 -0300] "POST /cormun/servlet/trsolicitudgral?08cf9365cbbcab9673b3d06872f59807,,gx-no-cache=1488373072655 HTTP/1.1" 200 115
186.79.80.199 - - [01/Mar/2017:09:03:06 -0300] "POST /cormun/servlet/trsolicitudot?7bf1b56dcb2615cf42b83b9da89580ab,gx-no-cache=1488369858697 HTTP/1.1" 200 4119
192.168.10.89 - - [01/Mar/2017:09:03:06 -0300] "GET /cormun/servlet/solicitudotlog?INS,2017,4881,0,REC, HTTP/1.1" 200 6159
192.168.10.89 - - [01/Mar/2017:09:03:07 -0300] "GET /cormun/servlet/solicitudotlog?f5bcde11b715010075db6f2f57393f72f33f45980aea793a37a679a4000201061ddb2b73681c103591b6293fd7c8b99824463c1d6618ca4a70dcf03ecd1b8312bea6a816a142177b66bd4524f24917b3b0cf67286bfa2c9cf6af6cb381077d1d56f4d9faa9a3cc403d66b332992db85b9719222f470bfef39ce346d47eb073c6ec3848d7e47fdd81382e5e89843e1da79a8acc64125c806c10510eea4461d6e5,gx-no-cache=1488373073910 HTTP/1.1" 200 94
192.168.10.60 - - [01/Mar/2017:09:03:09 -0300] "POST /cormun/servlet/trautorizarot?3cb87e0052bf5361e2cfab01080ebc58,,gx-no-cache=1488369060263 HTTP/1.1" 200 12173
186.79.80.199 - - [01/Mar/2017:09:03:10 -0300] "GET /cormun/servlet/trautorizarsolicitud? HTTP/1.1" 200 8604
186.79.80.199 - - [01/Mar/2017:09:03:10 -0300] "GET /cormun/static/gxcfg.js?2017259112829 HTTP/1.1" 200 953
186.79.80.199 - - [01/Mar/2017:09:03:11 -0300] "GET /cormun/static/trautorizarsolicitud.js?2017259113483 HTTP/1.1" 200 53096
200.112.233.47 - - [01/Mar/2017:09:03:12 -0300] "GET /cormun/servlet/hhome HTTP/1.1" 200 3272
200.112.233.47 - - [01/Mar/2017:09:03:12 -0300] "GET /cormun/static/SmoothNavMenu/resources/ddsmoothmenu-v.css?1112540 HTTP/1.1" 200 1188
200.112.233.47 - - [01/Mar/2017:09:03:12 -0300] "GET /cormun/static/SmoothNavMenu/resources/ddsmoothmenu.css?1112540 HTTP/1.1" 200 2223
200.112.233.47 - - [01/Mar/2017:09:03:12 -0300] "GET /cormun/static/scaMessage/css/jquery.pnotify.default.css?1816380 HTTP/1.1" 200 1707
200.112.233.47 - - [01/Mar/2017:09:03:12 -0300] "GET /cormun/static/Shared/jqueryui/jquery-ui.min.css?1345370 HTTP/1.1" 200 30288
200.112.233.47 - - [01/Mar/2017:09:03:12 -0300] "GET /cormun/static/gxtimezone.js?85251 HTTP/1.1" 200 5781
200.112.233.47 - - [01/Mar/2017:09:03:12 -0300] "GET /cormun/static/gxcfg.js?201612218515568 HTTP/1.1" 200 953
200.112.233.47 - - [01/Mar/2017:09:03:12 -0300] "GET /cormun/static/Resources/Spanish/PXTools.css?18365030 HTTP/1.1" 200 89042
200.112.233.47 - - [01/Mar/2017:09:03:12 -0300] "GET /cormun/static/PXToolsJavascripts/pexe_autoreload.js HTTP/1.1" 200 1762
200.112.233.47 - - [01/Mar/2017:09:03:12 -0300] "GET /cormun/static/PXToolsJavascripts/pexe_cookies.js HTTP/1.1" 200 792
200.112.233.47 - - [01/Mar/2017:09:03:12 -0300] "GET /cormun/static/PXToolsJavascripts/pexe_windows.js HTTP/1.1" 200 15207
200.112.233.47 - - [01/Mar/2017:09:03:12 -0300] "GET /cormun/static/PXToolsJavascripts/pexe_grid.js HTTP/1.1" 200 7559
200.112.233.47 - - [01/Mar/2017:09:03:12 -0300] "GET /cormun/static/PXToolsJavascripts/pexe_griddivfix.js HTTP/1.1" 200 6644
200.112.233.47 - - [01/Mar/2017:09:03:12 -0300] "GET /cormun/static/PXToolsJavascripts/pexe_link.js HTTP/1.1" 200 5671
200.112.233.47 - - [01/Mar/2017:09:03:12 -0300] "GET /cormun/static/PXToolsJavascripts/pexe_menudivfix.js HTTP/1.1" 200 333
200.112.233.47 - - [01/Mar/2017:09:03:12 -0300] "GET /cormun/static/PXToolsJavascripts/pexe_menus.js HTTP/1.1" 200 1286
200.112.233.47 - - [01/Mar/2017:09:03:12 -0300] "GET /cormun/static/PXToolsJavascripts/pexe_layers.js HTTP/1.1" 200 4114
200.112.233.47 - - [01/Mar/2017:09:03:12 -0300] "GET /cormun/static/PXToolsJavascripts/pexe_oav.js HTTP/1.1" 200 645
200.112.233.47 - - [01/Mar/2017:09:03:12 -0300] "GET /cormun/static/PXToolsJavascripts/pexe_oavdivfix.js HTTP/1.1" 200 639
200.112.233.47 - - [01/Mar/2017:09:03:12 -0300] "GET /cormun/static/PXToolsJavascripts/pexe_picture.js HTTP/1.1" 200 689
200.112.233.47 - - [01/Mar/2017:09:03:12 -0300] "GET /cormun/static/PXToolsJavascripts/pexe_popup.js HTTP/1.1" 200 13458
200.112.233.47 - - [01/Mar/2017:09:03:12 -0300] "GET /cormun/static/PXToolsJavascripts/pexe_scrolldiv.js HTTP/1.1" 200 4138
200.112.233.47 - - [01/Mar/2017:09:03:12 -0300] "GET /cormun/static/PXToolsJavascripts/pexe_tabdivfix.js HTTP/1.1" 200 876
200.112.233.47 - - [01/Mar/2017:09:03:12 -0300] "GET /cormun/static/PXToolsJavascripts/pexe_upload.js HTTP/1.1" 200 1423
200.112.233.47 - - [01/Mar/2017:09:03:12 -0300] "GET /cormun/static/PXToolsJavascripts/PXToolsJavascriptsRender.js HTTP/1.1" 200 367
200.112.233.47 - - [01/Mar/2017:09:03:12 -0300] "GET /cormun/static/gxgral.js?85251 HTTP/1.1" 200 384558
200.112.233.47 - - [01/Mar/2017:09:03:12 -0300] "GET /cormun/static/PXToolsJavascripts/pexe_tabs.js HTTP/1.1" 200 3748
200.112.233.47 - - [01/Mar/2017:09:03:13 -0300] "GET /cormun/static/RunJS/RunJS.js HTTP/1.1" 200 288
200.112.233.47 - - [01/Mar/2017:09:03:13 -0300] "GET /cormun/static/hhome.js?201612218515573 HTTP/1.1" 200 777
200.112.233.47 - - [01/Mar/2017:09:03:13 -0300] "GET /cormun/static/gxui/gxui-all.js HTTP/1.1" 200 107772
200.112.233.47 - - [01/Mar/2017:09:03:13 -0300] "GET /cormun/static/Shared/ext/locale/ext-lang-en.js HTTP/1.1" 200 10940
200.112.233.47 - - [01/Mar/2017:09:03:13 -0300] "GET /cormun/static/Resources/PXToolsHeaderActionsLeft.png HTTP/1.1" 200 1118
200.112.233.47 - - [01/Mar/2017:09:03:13 -0300] "GET /cormun/static/Resources/logo4.png HTTP/1.1" 200 6582
200.112.233.47 - - [01/Mar/2017:09:03:13 -0300] "GET /cormun/static/Resources/PXToolsHeaderLogin.png HTTP/1.1" 200 4279
200.112.233.47 - - [01/Mar/2017:09:03:13 -0300] "GET /cormun/static/Resources/PXToolsDataTitle.png HTTP/1.1" 200 1173
200.112.233.47 - - [01/Mar/2017:09:03:13 -0300] "GET /cormun/static/Resources/PXToolsHeaderActionsBackground.png HTTP/1.1" 200 484
200.112.233.47 - - [01/Mar/2017:09:03:13 -0300] "GET /cormun/static/Resources/PXToolsFooterBackground2.png HTTP/1.1" 200 1172
200.112.233.47 - - [01/Mar/2017:09:03:13 -0300] "GET /cormun/static/Resources/PXToolsHeaderSecurity.png HTTP/1.1" 200 4166
200.112.233.47 - - [01/Mar/2017:09:03:13 -0300] "GET /cormun/static/messages.spa.js?85251 HTTP/1.1" 200 30736
200.112.233.47 - - [01/Mar/2017:09:03:13 -0300] "GET /cormun/static/Resources/PXToolsHeaderPreferences.png HTTP/1.1" 200 4189
200.112.233.47 - - [01/Mar/2017:09:03:13 -0300] "GET /cormun/static/Resources/PXToolsHeaderActionsRight.png HTTP/1.1" 200 1201
200.112.233.47 - - [01/Mar/2017:09:03:13 -0300] "GET /cormun/static/Resources/PXToolsHeaderBackground2.png HTTP/1.1" 200 1174
200.112.233.47 - - [01/Mar/2017:09:03:13 -0300] "GET /cormun/static/Resources/PXToolsHeaderHome.png HTTP/1.1" 200 4147
200.112.233.47 - - [01/Mar/2017:09:03:13 -0300] "GET /cormun/static/hwchdr01.js?201612218432057 HTTP/1.1" 200 1183
200.112.233.47 - - [01/Mar/2017:09:03:13 -0300] "GET /cormun/static/hpexe_recentlink.js?201610171694390 HTTP/1.1" 200 2144
200.112.233.47 - - [01/Mar/2017:09:03:14 -0300] "GET /cormun/static/hpexe_scripts.js?201612218432016 HTTP/1.1" 200 1544
200.112.233.47 - - [01/Mar/2017:09:03:14 -0300] "GET /cormun/static/hpexe_messagecontroller.js?201610171694323 HTTP/1.1" 200 870
200.112.233.47 - - [01/Mar/2017:09:03:14 -0300] "GET /cormun/static/hpexe_messagepopupcomponent.js?20161017169425 HTTP/1.1" 200 605
200.112.233.47 - - [01/Mar/2017:09:03:14 -0300] "GET /cormun/static/hpexe_messagegenexuscomponent.js?201612218431816 HTTP/1.1" 200 587
200.112.233.47 - - [01/Mar/2017:09:03:14 -0300] "GET /cormun/static/cmcontrolpreferences.js?201612218431999 HTTP/1.1" 200 1375
200.112.233.47 - - [01/Mar/2017:09:03:14 -0300] "GET /cormun/static/Shared/jquery/jquery-1.4.2.min.js HTTP/1.1" 200 72174
200.112.233.47 - - [01/Mar/2017:09:03:14 -0300] "GET /cormun/static/Shared/jquery/jquery-1.10.2.min.js HTTP/1.1" 200 273199
200.112.233.47 - - [01/Mar/2017:09:03:14 -0300] "GET /cormun/static/SmoothNavMenu/resources/ddsmoothmenu.js HTTP/1.1" 200 12712
200.112.233.47 - - [01/Mar/2017:09:03:14 -0300] "GET /cormun/static/SmoothNavMenu/resources/SmoothNavMenuRender.js HTTP/1.1" 200 5951
200.112.233.47 - - [01/Mar/2017:09:03:14 -0300] "GET /cormun/static/scaMessage/js/jquery.pnotify.min.js HTTP/1.1" 200 13038
200.112.233.47 - - [01/Mar/2017:09:03:14 -0300] "GET /cormun/static/scaMessage/scaMessageRender.js HTTP/1.1" 200 11977
200.112.233.47 - - [01/Mar/2017:09:03:14 -0300] "GET /cormun/static/hmpwkw03.js?20161221852152 HTTP/1.1" 200 3965
192.168.10.89 - - [01/Mar/2017:09:03:15 -0300] "POST /cormun/servlet/solicitudotlog?08cf9365cbbcab9673b3d06872f59807,INS,2017,4881,0,REC,,gx-no-cache=1488373081417 HTTP/1.1" 200 93
192.168.10.89 - - [01/Mar/2017:09:03:15 -0300] "GET /cormun/servlet/hpexe_return? HTTP/1.1" 200 1023
200.112.233.47 - - [01/Mar/2017:09:03:15 -0300] "GET /cormun/static/Shared/jqueryui/jquery-ui.min.js HTTP/1.1" 200 240427
192.168.10.89 - - [01/Mar/2017:09:03:15 -0300] "GET /cormun/servlet/trsolicitudgral? HTTP/1.1" 200 11090
186.79.80.199 - - [01/Mar/2017:09:03:17 -0300] "GET /cormun/servlet/trautorizarsolicitud? HTTP/1.1" 200 8603
200.112.233.47 - - [01/Mar/2017:09:03:19 -0300] "GET /cormun/static/Shared/ext/ext-all.js HTTP/1.1" 200 1289687
200.112.233.47 - - [01/Mar/2017:09:03:20 -0300] "GET /cormun/static/Resources/indicator.gif HTTP/1.1" 200 1553
200.112.233.47 - - [01/Mar/2017:09:03:20 -0300] "GET /cormun/servlet/hhome HTTP/1.1" 200 3282
200.112.233.47 - - [01/Mar/2017:09:03:20 -0300] "GET /cormun/servlet/hlogin HTTP/1.1" 200 1733
200.112.233.47 - - [01/Mar/2017:09:03:20 -0300] "GET /cormun/static/gxcfg.js?201612216162538 HTTP/1.1" 200 953
200.112.233.47 - - [01/Mar/2017:09:03:20 -0300] "GET /cormun/static/hlogin.js?201612216162555 HTTP/1.1" 200 2136
200.112.233.47 - - [01/Mar/2017:09:03:21 -0300] "GET /cormun/static/Resources/ComunLogin.png HTTP/1.1" 200 17326
200.112.233.47 - - [01/Mar/2017:09:03:21 -0300] "GET /cormun/static/Resources/Spanish/PXTools.css?167811 HTTP/1.1" 200 89042
200.112.233.47 - - [01/Mar/2017:09:03:21 -0300] "GET /cormun/static/Resources/PXToolsLoginTop.png HTTP/1.1" 200 1337
200.112.233.47 - - [01/Mar/2017:09:03:21 -0300] "GET /cormun/static/Resources/PXToolsLoginBackground.png HTTP/1.1" 200 1164
200.112.233.47 - - [01/Mar/2017:09:03:21 -0300] "GET /cormun/static/Resources/PXToolsButtonLeft21.png HTTP/1.1" 200 1287
200.112.233.47 - - [01/Mar/2017:09:03:21 -0300] "GET /cormun/static/Resources/PXToolsButtonRight21.png HTTP/1.1" 200 1283
200.112.233.47 - - [01/Mar/2017:09:03:21 -0300] "GET /cormun/static/Resources/PXToolsButtonBackground2.png HTTP/1.1" 200 1181
200.112.233.47 - - [01/Mar/2017:09:03:21 -0300] "GET /cormun/static/Resources/PXToolsLoginBottom.png HTTP/1.1" 200 1389
200.112.233.47 - - [01/Mar/2017:09:03:21 -0300] "GET /favicon.ico HTTP/1.1" 200 21630
192.168.10.60 - - [01/Mar/2017:09:03:21 -0300] "POST /cormun/servlet/trautorizarot?3cb87e0052bf5361e2cfab01080ebc58,,gx-no-cache=1488369072382 HTTP/1.1" 200 4999
186.79.80.199 - - [01/Mar/2017:09:03:22 -0300] "POST /cormun/servlet/trautorizarsolicitud?7bf1b56dcb2615cf42b83b9da89580ab,,gx-no-cache=1488369873536 HTTP/1.1" 200 5437
186.79.80.199 - - [01/Mar/2017:09:03:22 -0300] "GET /cormun/static/Shared/jqueryui/images/ui-bg_highlight-soft_100_c6c2c8_1x100.png HTTP/1.1" 404 1117
186.79.80.199 - - [01/Mar/2017:09:03:23 -0300] "GET /cormun/static/Shared/jqueryui/images/ui-icons_82798d_256x240.png HTTP/1.1" 404 1089
186.79.80.199 - - [01/Mar/2017:09:03:23 -0300] "GET /cormun/static/Shared/jqueryui/images/ui-bg_flat_55_fafafa_40x100.png HTTP/1.1" 404 1097
186.79.80.199 - - [01/Mar/2017:09:03:23 -0300] "POST /cormun/servlet/trautorizarsolicitud?7bf1b56dcb2615cf42b83b9da89580ab,,gx-no-cache=1488369875403 HTTP/1.1" 200 5384
186.79.80.199 - - [01/Mar/2017:09:03:23 -0300] "GET /cormun/static/Shared/jqueryui/images/ui-icons_8d78a5_256x240.png HTTP/1.1" 404 1089
200.112.233.47 - - [01/Mar/2017:09:03:24 -0300] "POST /cormun/servlet/hlogin?078624a2cc4dcf2bdf097130703400b8,gx-no-cache=1488369876118 HTTP/1.1" 200 90
192.168.10.89 - - [01/Mar/2017:09:03:25 -0300] "GET /cormun/servlet/hlogin HTTP/1.1" 200 1737
200.112.233.47 - - [01/Mar/2017:09:03:25 -0300] "GET /cormun/servlet/hpexe_link HTTP/1.1" 200 955
200.112.233.47 - - [01/Mar/2017:09:03:25 -0300] "GET /cormun/static/gxcfg.js?201612218515529 HTTP/1.1" 200 953
200.112.233.47 - - [01/Mar/2017:09:03:25 -0300] "GET /cormun/static/hpexe_link.js?201612218515532 HTTP/1.1" 200 625
200.112.233.47 - - [01/Mar/2017:09:03:25 -0300] "GET /cormun/servlet/hhome HTTP/1.1" 200 3698
186.79.80.199 - - [01/Mar/2017:09:03:25 -0300] "POST /cormun/servlet/trautorizarsolicitud?7bf1b56dcb2615cf42b83b9da89580ab,,gx-no-cache=1488369877731 HTTP/1.1" 200 4317
186.79.80.199 - - [01/Mar/2017:09:03:26 -0300] "POST /cormun/servlet/trautorizarsolicitud?7bf1b56dcb2615cf42b83b9da89580ab,,gx-no-cache=1488369878791 HTTP/1.1" 200 4096
200.112.233.47 - - [01/Mar/2017:09:03:26 -0300] "GET /cormun/servlet/hhome HTTP/1.1" 200 3695
200.112.233.47 - - [01/Mar/2017:09:03:26 -0300] "GET /cormun/static/SmoothNavMenu/resources/images/down.gif HTTP/1.1" 200 854
200.112.233.47 - - [01/Mar/2017:09:03:30 -0300] "GET /cormun/servlet/trlicencias? HTTP/1.1" 200 6535
200.112.233.47 - - [01/Mar/2017:09:03:30 -0300] "GET /cormun/static/gxui/gxui-all.css?120300 HTTP/1.1" 200 2179
200.112.233.47 - - [01/Mar/2017:09:03:30 -0300] "GET /cormun/static/gxcfg.js?2016122619301429 HTTP/1.1" 200 953
200.112.233.47 - - [01/Mar/2017:09:03:30 -0300] "GET /cormun/static/calendar-system.css?85620 HTTP/1.1" 200 5572
200.112.233.47 - - [01/Mar/2017:09:03:30 -0300] "GET /cormun/static/calendar-setup.js?85251 HTTP/1.1" 200 2588
200.112.233.47 - - [01/Mar/2017:09:03:30 -0300] "GET /cormun/static/calendar-es.js?85251 HTTP/1.1" 200 1901
200.112.233.47 - - [01/Mar/2017:09:03:30 -0300] "GET /cormun/static/calendar.js?85251 HTTP/1.1" 200 26246
200.112.233.47 - - [01/Mar/2017:09:03:31 -0300] "GET /cormun/static/gxdec.js?85251 HTTP/1.1" 200 19579
200.112.233.47 - - [01/Mar/2017:09:03:31 -0300] "GET /cormun/static/trlicencias.js?2016122619301919 HTTP/1.1" 200 37916
200.112.233.47 - - [01/Mar/2017:09:03:31 -0300] "GET /cormun/static/Resources/PXTools/calendar.png HTTP/1.1" 200 1306
200.112.233.47 - - [01/Mar/2017:09:03:31 -0300] "GET /cormun/static/Resources/PXToolsDataSearch.png HTTP/1.1" 200 419
200.112.233.47 - - [01/Mar/2017:09:03:31 -0300] "GET /cormun/static/Resources/PXToolsGridFirstDisabled.gif HTTP/1.1" 200 100
200.112.233.47 - - [01/Mar/2017:09:03:31 -0300] "GET /cormun/static/Resources/PXToolsGridPreviousDisabled.gif HTTP/1.1" 200 90
200.112.233.47 - - [01/Mar/2017:09:03:31 -0300] "GET /cormun/static/Resources/PXToolsGridNextDisabled.gif HTTP/1.1" 200 90
