186.103.159.188 - - [01/Mar/2017:15:42:43 -0300] "GET /cormun/servlet/solicitudotlog?68f10717373f2cacb74759d1aeed82e3f2b158814ac4cbd88062638f9e50f2a38549f4293f901f81c5e044b0ff4869c9c55702ddccad8fe9812edad6d64f01454a0a3efcf57cf2891b2bcdaad3b256c499fef41b36622ea6fa9d6bc83594cb43fb33f2f02a04a7e4ef3257160e2a84f6de3edfa93aac4bf2b35915e5f3e944eaff2c5e2292be3ca1fecf08eb71621745f26cebc2ffcd4b46fd25d26a78a832c4,gx-no-cache=1488393835596 HTTP/1.1" 200 94
186.79.41.237 - - [01/Mar/2017:15:42:43 -0300] "POST /cormun/servlet/solicitudotcontratos?gx-no-cache=1488393831919 HTTP/1.1" 200 1276
186.79.41.237 - - [01/Mar/2017:15:42:43 -0300] "POST /cormun/servlet/solicitudotcontratos?gx-no-cache=1488393832146 HTTP/1.1" 200 1154
186.79.41.237 - - [01/Mar/2017:15:42:44 -0300] "GET /cormun/servlet/solicitudotcontratos?d50cf3b555acfc55fb1b10008f2191e2591cc6e99c4194370a2027ae36f43e8f9d3d0e6f23ab971cbb63f229ca1997407cfebd3ab218a7578c891a8010b6bbe8771ae27655b94b042216eed101fb799eb345059705e004d6d40076371b69bb96340f55372b03ae478e15d6d8cf43389c04a289aee15027b973b137c3cebf67bd,gx-no-cache=1488393832428 HTTP/1.1" 200 30
186.79.41.237 - - [01/Mar/2017:15:42:47 -0300] "POST /cormun/servlet/solicitudotcontratos?6c0eb8d8e4754480ec10566af5b47f6d,INS,2017,0,18041670,6,2,2016,4351,INTEGRACION,201701,30,*,,gx-no-cache=1488393832578 HTTP/1.1" 200 93
186.79.41.237 - - [01/Mar/2017:15:42:47 -0300] "GET /cormun/servlet/hpexe_return? HTTP/1.1" 200 1051
186.79.41.237 - - [01/Mar/2017:15:42:47 -0300] "GET /cormun/servlet/trcontratosolicitud HTTP/1.1" 200 13120
186.79.41.237 - - [01/Mar/2017:15:42:48 -0300] "GET /cormun/servlet/trcontratosolicitud HTTP/1.1" 200 13149
186.103.159.44 - - [01/Mar/2017:15:42:54 -0300] "GET /cormun/servlet/solicitudot?INS,0,0, HTTP/1.1" 200 12574
200.83.57.219 - - [01/Mar/2017:15:43:01 -0300] "GET /cormun/servlet/solicitudot?3630b18e9895b8ea7d4d2c7f174fc8ea3d16bfc725406294316f66557c196c5ecbc30410d1201fdd6acedc5edee3eb6a07a13adc595ce4bbad77f84f4417a882391da6afce07cf37b13aeefae15f1714888c9fbccff8f877881e338e94124239a77ecfb1053192337d10b54671a3e442,gx-no-cache=1488393854005 HTTP/1.1" 200 29
200.83.57.219 - - [01/Mar/2017:15:43:01 -0300] "POST /cormun/servlet/solicitudot?gx-no-cache=1488393854104 HTTP/1.1" 200 643
200.83.57.219 - - [01/Mar/2017:15:43:02 -0300] "POST /cormun/servlet/solicitudot?gx-no-cache=1488393854156 HTTP/1.1" 200 518
200.83.57.219 - - [01/Mar/2017:15:43:02 -0300] "GET /cormun/servlet/solicitudot?3630b18e9895b8ea7d4d2c7f174fc8ea6a09886c306bd2df6aeded92c151ff1074c94c4cdfd2865e9705b3e5c169be8d800b49e5cf6eeeb09281600340c1b8ecef4732480d1c979badb65c4916605e857d74e1b8c59f774fa24b6571a35fadd49ff26cc35b23a533692f2f98f58a807a54a7c87f3b3bd32fd0082e12d36d8680bb229e9eda37db7888af950e9757baba646a6e217029f6ae0fb9d16333788068,gx-no-cache=1488393854233 HTTP/1.1" 200 30
200.83.57.219 - - [01/Mar/2017:15:43:02 -0300] "POST /cormun/servlet/solicitudot?6c0e93580404ee4c32d65afd6f8bf691,INS,0,0,,gx-no-cache=1488393854300 HTTP/1.1" 200 10835
186.103.159.188 - - [01/Mar/2017:15:43:02 -0300] "POST /cormun/servlet/solicitudotlog?7aa0e143202f0a3be103e155dfb03dee,INS,2017,4944,0,REC,,gx-no-cache=1488393854750 HTTP/1.1" 200 93
186.103.159.188 - - [01/Mar/2017:15:43:02 -0300] "GET /cormun/servlet/hpexe_return? HTTP/1.1" 200 1044
186.103.159.188 - - [01/Mar/2017:15:43:02 -0300] "GET /cormun/servlet/trautorizarsolicitud?gx-no-cache=1488393819722 HTTP/1.1" 200 8328
186.103.159.188 - - [01/Mar/2017:15:43:03 -0300] "GET /cormun/servlet/trautorizarsolicitud?gx-no-cache=1488393819722 HTTP/1.1" 200 8345
200.83.57.219 - - [01/Mar/2017:15:43:04 -0300] "GET /cormun/static/menuarrow.gif HTTP/1.1" 404 1015
186.103.159.188 - - [01/Mar/2017:15:43:08 -0300] "POST /cormun/servlet/trautorizarsolicitud?7aa0e143202f0a3be103e155dfb03dee,gx-no-cache=1488393819722,gx-no-cache=1488393861193 HTTP/1.1" 200 5193
186.103.159.188 - - [01/Mar/2017:15:43:09 -0300] "GET /cormun/static/Shared/jqueryui/images/ui-bg_highlight-soft_100_c6c2c8_1x100.png HTTP/1.1" 404 1117
186.103.159.188 - - [01/Mar/2017:15:43:09 -0300] "GET /cormun/static/Shared/jqueryui/images/ui-icons_82798d_256x240.png HTTP/1.1" 404 1089
186.103.159.188 - - [01/Mar/2017:15:43:09 -0300] "GET /cormun/static/Shared/jqueryui/images/ui-bg_flat_55_fafafa_40x100.png HTTP/1.1" 404 1097
190.101.9.138 - - [01/Mar/2017:15:43:09 -0300] "GET /cormun/static/Shared/jqueryui/images/ui-icons_8d78a5_256x240.png HTTP/1.1" 404 1089
186.103.159.188 - - [01/Mar/2017:15:43:09 -0300] "POST /cormun/servlet/trautorizarsolicitud?7aa0e143202f0a3be103e155dfb03dee,gx-no-cache=1488393819722,gx-no-cache=1488393861456 HTTP/1.1" 200 5138
186.103.159.188 - - [01/Mar/2017:15:43:11 -0300] "POST /cormun/servlet/trautorizarsolicitud?7aa0e143202f0a3be103e155dfb03dee,gx-no-cache=1488393819722,gx-no-cache=1488393863701 HTTP/1.1" 200 4027
186.103.159.188 - - [01/Mar/2017:15:43:11 -0300] "POST /cormun/servlet/trautorizarsolicitud?7aa0e143202f0a3be103e155dfb03dee,gx-no-cache=1488393819722,gx-no-cache=1488393863916 HTTP/1.1" 200 3835
200.83.57.219 - - [01/Mar/2017:15:43:12 -0300] "GET /cormun/servlet/solicitudot?3630b18e9895b8ea7d4d2c7f174fc8ea6a09886c306bd2df6aeded92c151ff10347e9f1f3c159cfc6d5f1d7b977721f7e78ad50125ae0e1d9b51db5834b0dc67e0418c880e7447c2083f025f2fdc438db0e3ec64179c88ae3e93ef2aa06379678098a9f204789170a75fe705da940ea6adf32bcabdee086902cee56d8def8e1614f4b94b00ccd19df122145977a719e53d03fbc8527f35a9d379b725d1a17bc412e8dfeb11ebab3ed54ebb01cc157195,gx-no-cache=1488393864743 HTTP/1.1" 200 30
200.83.57.219 - - [01/Mar/2017:15:43:12 -0300] "POST /cormun/servlet/solicitudot?6c0e93580404ee4c32d65afd6f8bf691,INS,0,0,,gx-no-cache=1488393864801 HTTP/1.1" 200 93
200.83.57.219 - - [01/Mar/2017:15:43:12 -0300] "GET /cormun/servlet/hpexe_return? HTTP/1.1" 200 1007
200.83.57.219 - - [01/Mar/2017:15:43:12 -0300] "GET /cormun/static/gxcfg.js?2016101716175148 HTTP/1.1" 200 953
200.83.57.219 - - [01/Mar/2017:15:43:12 -0300] "GET /cormun/static/hpexe_return.js?2016101716175153 HTTP/1.1" 200 1633
200.83.57.219 - - [01/Mar/2017:15:43:13 -0300] "GET /cormun/servlet/trsolicitudot HTTP/1.1" 200 8796
200.83.57.219 - - [01/Mar/2017:15:43:13 -0300] "GET /cormun/servlet/trsolicitudot HTTP/1.1" 200 8792
200.83.57.219 - - [01/Mar/2017:15:43:16 -0300] "POST /cormun/servlet/trsolicitudot?6c0e93580404ee4c32d65afd6f8bf691,gx-no-cache=1488393868052 HTTP/1.1" 200 106
200.83.57.219 - - [01/Mar/2017:15:43:16 -0300] "GET /cormun/servlet/trsolicitudadjuntos?2017,4979, HTTP/1.1" 200 6197
200.83.57.219 - - [01/Mar/2017:15:43:16 -0300] "GET /cormun/static/gxcfg.js?201612218531388 HTTP/1.1" 200 953
200.83.57.219 - - [01/Mar/2017:15:43:16 -0300] "GET /cormun/static/trsolicitudadjuntos.js?201612218531657 HTTP/1.1" 200 17913
200.83.57.219 - - [01/Mar/2017:15:43:16 -0300] "GET /cormun/servlet/trsolicitudadjuntos?2017,4979, HTTP/1.1" 200 6196
186.103.157.42 - - [01/Mar/2017:15:43:24 -0300] "POST /cormun/servlet/solicitudot?gx-no-cache=1488393743146 HTTP/1.1" 200 3186
186.103.157.42 - - [01/Mar/2017:15:43:25 -0300] "POST /cormun/servlet/solicitudot?9981b113ba3e4ce259bb6b53d6b840e0,INS,0,0,,gx-no-cache=1488393743394 HTTP/1.1" 200 9977
186.103.157.42 - - [01/Mar/2017:15:43:25 -0300] "GET /cormun/servlet/solicitudot?8c3d490f35e13410b8749ff68ce20a5c121c0dffe300058d1782ed4ae828d7109838bed6fb679749dad26f09d7572b45,gx-no-cache=1488393744069 HTTP/1.1" 200 30
186.103.157.42 - - [01/Mar/2017:15:43:29 -0300] "POST /cormun/servlet/solicitudot?gx-no-cache=1488393747752 HTTP/1.1" 200 240
186.103.157.42 - - [01/Mar/2017:15:43:29 -0300] "GET /cormun/servlet/solicitudot?8c3d490f35e13410b8749ff68ce20a5c7eb522c8602669d248ccf4ad21696a8dc7ed0ad607a9dfd0502372d22a0904c0dcc5c49e3834d1d44a1b205c575b46d89e2001943435f806760e544ce270fbb7af1a97955428b8b025a767c7717de7fb054be6b223aff39ce7c592ff2ec8eeff6fd26189dcc17c0d031ee354532085ba3c4470173d001cfe53b9d0b72906bf01e56b4184ae8cac69f2cb6f7111e67cf9622f87205b250ff81e9a1543c49bff9b6aed015504d6a91ef14c14c48edecbccb46c790a122b9868eb2b0824c1d2fd5573849d5bcc0ef208c71cedfbc82aa16e01af0442683315ab61b05d3c723a20a5192d61f5f0a9687e0704fa9bb9edb190abace3143558845c15f2f71f4965fed55b0200e37b501648ffcab2ea58425f0a8c6b7cb2068bcf6e57476a2361a6b174d047a55868ebe74351192e328d3519b651499d691e7fbca83fce86e2833e85b03d8f71693fd9ef3824c11bddad77807577c618c5c6e5f6fa712ed37caadb93a024a0c16521edadb51d2a4f70ef807ce9,gx-no-cache=1488393747816 HTTP/1.1" 200 30
200.83.57.219 - - [01/Mar/2017:15:43:29 -0300] "GET /cormun/servlet/solicitudotadjuntos?INS,2017,4979,,1, HTTP/1.1" 200 6125
200.83.57.219 - - [01/Mar/2017:15:43:30 -0300] "GET /cormun/static/gxcfg.js?201612218465951 HTTP/1.1" 200 953
200.83.57.219 - - [01/Mar/2017:15:43:30 -0300] "GET /cormun/static/solicitudotadjuntos.js?201612218465969 HTTP/1.1" 200 11762
200.83.57.219 - - [01/Mar/2017:15:43:30 -0300] "GET /cormun/static/about:blank HTTP/1.1" 404 1011
200.83.57.219 - - [01/Mar/2017:15:43:30 -0300] "GET /cormun/servlet/solicitudotadjuntos?INS,2017,4979,,1, HTTP/1.1" 200 6119
200.83.57.219 - - [01/Mar/2017:15:43:30 -0300] "GET /cormun/servlet/solicitudotadjuntos?3630b18e9895b8ea7d4d2c7f174fc8eae4de33d1ef60aabb2e936534633012e47f060848b601abe725eef24e598e68d6,gx-no-cache=1488393883067 HTTP/1.1" 200 30
200.83.57.219 - - [01/Mar/2017:15:43:31 -0300] "POST /cormun/servlet/solicitudotadjuntos?6c0e93580404ee4c32d65afd6f8bf691,INS,2017,4979,,1,,gx-no-cache=1488393883131 HTTP/1.1" 200 3836
186.103.157.42 - - [01/Mar/2017:15:43:37 -0300] "POST /cormun/servlet/solicitudot?gx-no-cache=1488393756266 HTTP/1.1" 200 30
186.79.41.237 - - [01/Mar/2017:15:43:44 -0300] "GET /cormun/servlet/solicitudotcontratos?INS,2017,0,17504141,9,6,2016,4965,INTEGRACION,201701,10,B, HTTP/1.1" 200 9586
186.79.41.237 - - [01/Mar/2017:15:43:45 -0300] "GET /cormun/servlet/solicitudotcontratos?INS,2017,0,17504141,9,6,2016,4965,INTEGRACION,201701,10,B, HTTP/1.1" 200 9618
186.79.41.237 - - [01/Mar/2017:15:43:46 -0300] "GET /cormun/servlet/solicitudotcontratos?d50cf3b555acfc55fb1b10008f2191e2bd45e549dd7123fdb61c68f0ecdcdb2dd079893a8a211b3cdd590ac0d7504889,gx-no-cache=1488393894818 HTTP/1.1" 200 30
186.79.41.237 - - [01/Mar/2017:15:43:46 -0300] "GET /cormun/servlet/solicitudotcontratos?d50cf3b555acfc55fb1b10008f2191e28e28eaf6e0964123cac6375852fdcdd2cb96459306ad5f9009f3f5719aa90c9bffb04910a29b8382b71bf46315827774888c1f114c4ff54296bdc81d3c0a8598a81ccb88391f7535a6b6fa2a312bea18b4eb4737d782a139bd03ab24b2ed1b25445d6abc02a3c62ad2981c7363370edb,gx-no-cache=1488393895066 HTTP/1.1" 200 50
186.79.41.237 - - [01/Mar/2017:15:43:46 -0300] "GET /cormun/servlet/solicitudotcontratos?d50cf3b555acfc55fb1b10008f2191e251e8c4a8cdcef082d51ac05e9d61051eb387e0a11f9e3baf033b35fc33cf074b,gx-no-cache=1488393895237 HTTP/1.1" 200 30
186.79.41.237 - - [01/Mar/2017:15:43:47 -0300] "GET /cormun/servlet/solicitudotcontratos?d50cf3b555acfc55fb1b10008f2191e21817cda94776750beb0d7ac85c47c9f8cb7af0926868247769f2ca94a5fd1fceae4dccb76c5dd85f8be3d9ee4748755d86bc198fd4abf4cf5b8fa109156dce8245a94658630018ec6c4f6d768aed4e5e8cfe33a18607c344aecc0b7cb8e43749,gx-no-cache=1488393895478 HTTP/1.1" 200 30
186.79.41.237 - - [01/Mar/2017:15:43:47 -0300] "GET /cormun/servlet/solicitudotcontratos?d50cf3b555acfc55fb1b10008f2191e2377d2a4c97c4ee8ec6fdaf91a9e8ffeddb76723484ff6df2d02e424c4a003f66acb76f9982dff2d07b32e6d35fa0833218f3790e029c9d1dfdcbf87480fbfe9aff76b4f212d54a4aff197d7f892e63154ddccb1267a5bed75e5a23a27dddcb5ee419d9084eca433e65bf1702353b77cfb2a643320cd7d52737b273b470766c30ba797ebc369a7e86682082d75ebd36397cbca8a9148bf383e030b251434a105721df959657b3ef57b4639f89c661f04347c0c27cd4b7a08bdfa40cf28c33feaad1e08e64391b574efc9cca9defa72d94ac3fcde9d6c6e64ded575b8245f5627c171fa7008b6bed6d9ba6339e87a706360fce74fe27e2ca613a5cb665849805a56a20e5c2216d80fcdd0b3fa3eccc3466af8745dfeba0a6b51187b55262f90122ea3d50777daa5d7fe806abe699d6e5584bdb475f10c4411b98024026df9153a37d3506f1d4332147c1256f5158dee791575c9e83bba87d5fababa9a7fb11388de9da746a9dba7c3b537f269fa2f738dc628f605ed2cffd9fe1e5a388a070fc82975ba7c0b53f3abc5349f9813d73a002944907b46eb70ae58b133049a39d3408605a636fddca3d34b8127557c880eb9fa4a5a0d1fd5887faa43649769a5db5c93cb9100424b39dd07ddd1367c47554445d246464701037ec2f1692fd37afe895e06e4236c7d731c4807338315f92fb349bb08f4864ab1aa24c73d5fc097b40507a00ec00ebd09d8df982ef3eeb0ddbe3794f654f538c28c84b4a7836e15950d5daf9c17e171816d15c29e255d903b7bb,gx-no-cache=1488393895708 HTTP/1.1" 200 83
186.103.157.42 - - [01/Mar/2017:15:43:54 -0300] "GET /cormun/servlet/prcontratosol?12158284,,,,,MD,,gxPopupLevel%3D0%3B HTTP/1.1" 200 6025
186.103.157.42 - - [01/Mar/2017:15:43:54 -0300] "GET /cormun/static/gxcfg.js?2016102711553248 HTTP/1.1" 200 953
186.103.157.42 - - [01/Mar/2017:15:43:54 -0300] "GET /cormun/static/prcontratosol.js?2016102711553411 HTTP/1.1" 200 14084
186.103.157.42 - - [01/Mar/2017:15:43:54 -0300] "GET /cormun/static/Resources/PXToolsGridFirst.gif HTTP/1.1" 200 379
186.103.157.42 - - [01/Mar/2017:15:43:54 -0300] "GET /cormun/static/Resources/PXToolsGridNext.gif HTTP/1.1" 200 369
186.103.157.42 - - [01/Mar/2017:15:43:54 -0300] "GET /cormun/static/Resources/PXToolsGridPrevious.gif HTTP/1.1" 200 369
186.103.157.42 - - [01/Mar/2017:15:43:54 -0300] "GET /cormun/static/Resources/PXToolsGridLast.gif HTTP/1.1" 200 370
186.103.157.42 - - [01/Mar/2017:15:44:03 -0300] "POST /cormun/servlet/solicitudot?gx-no-cache=1488393781198 HTTP/1.1" 200 1372
186.103.157.42 - - [01/Mar/2017:15:44:03 -0300] "GET /cormun/static/Shared/jqueryui/images/ui-bg_highlight-soft_100_c6c2c8_1x100.png HTTP/1.1" 404 1117
186.103.157.42 - - [01/Mar/2017:15:44:03 -0300] "GET /cormun/static/Shared/jqueryui/images/ui-icons_82798d_256x240.png HTTP/1.1" 404 1089
186.103.157.42 - - [01/Mar/2017:15:44:03 -0300] "GET /cormun/static/Shared/jqueryui/images/ui-icons_ebccce_256x240.png HTTP/1.1" 404 1089
186.103.157.42 - - [01/Mar/2017:15:44:03 -0300] "GET /cormun/static/Shared/jqueryui/images/ui-bg_flat_55_994d53_40x100.png HTTP/1.1" 404 1097
186.103.157.42 - - [01/Mar/2017:15:44:03 -0300] "POST /cormun/servlet/solicitudot?gx-no-cache=1488393781845 HTTP/1.1" 200 117
186.103.157.42 - - [01/Mar/2017:15:44:03 -0300] "GET /cormun/servlet/solicitudot?8c3d490f35e13410b8749ff68ce20a5cdebc9b5b972762201f9257713e712633c71a2243b67de1fe853e5f66dff638a485c2cb0b91492191bf2e969a2da15b267be02d54dbb4158d95d0d534d6045a4c72d076acf6ecaad0220117ddfa235f635ff5e37b02fdbbf3e432e0d27f83a39fca312cdd5c7c16af935c6c641604072fa05ded8e2dde99aedfe55d6a88f8c7682bb6286c847304b37fbb265dffdc4bb3,gx-no-cache=1488393781878 HTTP/1.1" 200 29
186.103.157.42 - - [01/Mar/2017:15:44:03 -0300] "GET /cormun/servlet/solicitudot?8c3d490f35e13410b8749ff68ce20a5c7513a24915791e8035049160e1b0b991b91797983962ccfe259d31e6cc8219c1ca8389a6fce33c383a1833f4c5f3e23a7e43ec4f358e31859c08144a0a4b76d3f3999054b7cb2448e655e842d3200b0ea6172b5c028e25dcd09774d279c2cfc19bc1300e6b2d073cf1b03fda286b54bf2d3015cfa83bfc18d613fdfe004f6b85d24d6a5431cf47690838f4a4868d4496,gx-no-cache=1488393781913 HTTP/1.1" 200 57
186.103.157.42 - - [01/Mar/2017:15:44:03 -0300] "GET /cormun/servlet/solicitudot?8c3d490f35e13410b8749ff68ce20a5c556d09c0112bd305ed6e644ac768df85b91797983962ccfe259d31e6cc8219c1ca8389a6fce33c383a1833f4c5f3e23a245edce910e95b3dfad586f147fd51c4725a6f24d42c067859d07e95a2029b8695b533b3e394b349dea735db7203e14cca05d1769282807c47e8d66b290969ed,gx-no-cache=1488393781947 HTTP/1.1" 200 57
186.103.157.42 - - [01/Mar/2017:15:44:17 -0300] "GET /cormun/servlet/prfichaempleado?,MD,,gxPopupLevel%3D0%3B HTTP/1.1" 200 8940
186.79.41.237 - - [01/Mar/2017:15:44:23 -0300] "POST /cormun/servlet/solicitudotcontratos?6c0eb8d8e4754480ec10566af5b47f6d,INS,2017,0,17504141,9,6,2016,4965,INTEGRACION,201701,10,B,,gx-no-cache=1488393930642 HTTP/1.1" 200 10431
186.79.41.237 - - [01/Mar/2017:15:44:23 -0300] "POST /cormun/servlet/solicitudotcontratos?gx-no-cache=1488393932126 HTTP/1.1" 200 1276
186.79.41.237 - - [01/Mar/2017:15:44:24 -0300] "POST /cormun/servlet/solicitudotcontratos?gx-no-cache=1488393932519 HTTP/1.1" 200 1154
186.79.41.237 - - [01/Mar/2017:15:44:24 -0300] "GET /cormun/servlet/solicitudotcontratos?d50cf3b555acfc55fb1b10008f2191e2591cc6e99c4194370a2027ae36f43e8f9d3d0e6f23ab971cbb63f229ca1997407cfebd3ab218a7578c891a8010b6bbe8771ae27655b94b042216eed101fb799eb345059705e004d6d40076371b69bb96340f55372b03ae478e15d6d8cf43389c04a289aee15027b973b137c3cebf67bd,gx-no-cache=1488393933281 HTTP/1.1" 200 30
186.79.41.237 - - [01/Mar/2017:15:44:25 -0300] "POST /cormun/servlet/solicitudotcontratos?6c0eb8d8e4754480ec10566af5b47f6d,INS,2017,0,17504141,9,6,2016,4965,INTEGRACION,201701,10,B,,gx-no-cache=1488393933410 HTTP/1.1" 200 93
186.79.41.237 - - [01/Mar/2017:15:44:25 -0300] "GET /cormun/servlet/hpexe_return? HTTP/1.1" 200 1051
186.79.41.237 - - [01/Mar/2017:15:44:26 -0300] "GET /cormun/servlet/trcontratosolicitud HTTP/1.1" 200 13036
186.79.41.237 - - [01/Mar/2017:15:44:27 -0300] "GET /cormun/servlet/trcontratosolicitud HTTP/1.1" 200 13027
186.103.157.42 - - [01/Mar/2017:15:44:32 -0300] "POST /cormun/servlet/prfichaempleado?9981b113ba3e4ce259bb6b53d6b840e0,,MD,,gxPopupLevel%3D0%3B,gx-no-cache=1488393811263 HTTP/1.1" 200 3504
186.103.157.42 - - [01/Mar/2017:15:44:41 -0300] "GET /cormun/servlet/prlicenciaspermisos?9178795,L,,MD,,gxPopupLevel%3D0%3B HTTP/1.1" 200 7732
186.103.157.42 - - [01/Mar/2017:15:44:47 -0300] "POST /cormun/servlet/solicitudot?gx-no-cache=1488393825788 HTTP/1.1" 200 1292
186.103.157.42 - - [01/Mar/2017:15:44:51 -0300] "POST /cormun/servlet/solicitudot?gx-no-cache=1488393830457 HTTP/1.1" 200 41
186.79.41.237 - - [01/Mar/2017:15:44:57 -0300] "GET /cormun/servlet/solicitudotcontratos?INS,2017,0,17504141,9,2,2016,3744,INTEGRACION,201701,20,B, HTTP/1.1" 200 9583
186.79.41.237 - - [01/Mar/2017:15:44:59 -0300] "GET /cormun/servlet/solicitudotcontratos?INS,2017,0,17504141,9,2,2016,3744,INTEGRACION,201701,20,B, HTTP/1.1" 200 9615
186.79.41.237 - - [01/Mar/2017:15:44:59 -0300] "GET /cormun/servlet/solicitudotcontratos?d50cf3b555acfc55fb1b10008f2191e2bd45e549dd7123fdb61c68f0ecdcdb2dd079893a8a211b3cdd590ac0d7504889,gx-no-cache=1488393968080 HTTP/1.1" 200 30
186.79.41.237 - - [01/Mar/2017:15:44:59 -0300] "GET /cormun/servlet/solicitudotcontratos?d50cf3b555acfc55fb1b10008f2191e28e28eaf6e0964123cac6375852fdcdd2cb96459306ad5f9009f3f5719aa90c9bffb04910a29b8382b71bf46315827774888c1f114c4ff54296bdc81d3c0a85985a0c62101e3cae3058900af2d632240383de34b4a7e861b9ba1c69277465aa0ee88012b80311f4a2c0b80f640c1c1a88,gx-no-cache=1488393968304 HTTP/1.1" 200 48
186.79.41.237 - - [01/Mar/2017:15:45:00 -0300] "GET /cormun/servlet/solicitudotcontratos?d50cf3b555acfc55fb1b10008f2191e251e8c4a8cdcef082d51ac05e9d61051e15572aefcd3df4b6b803ee543cc8a49d,gx-no-cache=1488393968420 HTTP/1.1" 200 30
186.79.41.237 - - [01/Mar/2017:15:45:00 -0300] "GET /cormun/servlet/solicitudotcontratos?d50cf3b555acfc55fb1b10008f2191e21817cda94776750beb0d7ac85c47c9f8cb7af0926868247769f2ca94a5fd1fceae4dccb76c5dd85f8be3d9ee4748755d86bc198fd4abf4cf5b8fa109156dce8253913bbf74e05160a02e6e73988708e08cfe33a18607c344aecc0b7cb8e43749,gx-no-cache=1488393968581 HTTP/1.1" 200 30
186.79.41.237 - - [01/Mar/2017:15:45:00 -0300] "GET /cormun/servlet/solicitudotcontratos?d50cf3b555acfc55fb1b10008f2191e2377d2a4c97c4ee8ec6fdaf91a9e8ffeddb76723484ff6df2d02e424c4a003f66acb76f9982dff2d07b32e6d35fa0833218f3790e029c9d1dfdcbf87480fbfe9aff76b4f212d54a4aff197d7f892e63154ddccb1267a5bed75e5a23a27dddcb5ee419d9084eca433e65bf1702353b77cfb2a643320cd7d52737b273b470766c30ba797ebc369a7e86682082d75ebd36397cbca8a9148bf383e030b251434a105721df959657b3ef57b4639f89c661f04347c0c27cd4b7a08bdfa40cf28c33feaad1e08e64391b574efc9cca9defa72d94ac3fcde9d6c6e64ded575b8245f5627c171fa7008b6bed6d9ba6339e87a706360fce74fe27e2ca613a5cb665849805a56a20e5c2216d80fcdd0b3fa3eccc3466af8745dfeba0a6b51187b55262f90122ea3d50777daa5d7fe806abe699d6e5584bdb475f10c4411b98024026df9153a37d3506f1d4332147c1256f5158dee791575c9e83bba87d5fababa9a7fb11388de9da746a9dba7c3b537f269fa2f738dc628f605ed2cffd9fe1e5a388a070fc82975ba7c0b53f3abc5349f9813d73a002944907b46eb70ae58b133049a39d3408605a636fddca3d34b8127557c880eb9fa4a5a0d1fd5887faa43649769a5db5c93cb9100424b39dd07ddd1367c47554445d246464701037ec2f1692fd37afe895e06e4236c7d731c4807338315f92fb349bb08f4864ab1aa24c73d5fc097b40507a00ec00ebd09d8df982ef3eeb0ddbe3794f654f538c28c84b4a7836e15950d5daf9c17e171816d15c29e255d903b7bb,gx-no-cache=1488393969277 HTTP/1.1" 200 83
186.103.157.42 - - [01/Mar/2017:15:45:04 -0300] "POST /cormun/servlet/solicitudot?gx-no-cache=1488393842703 HTTP/1.1" 200 1274
186.103.157.42 - - [01/Mar/2017:15:45:04 -0300] "POST /cormun/servlet/solicitudot?gx-no-cache=1488393842752 HTTP/1.1" 200 1157
186.103.157.42 - - [01/Mar/2017:15:45:04 -0300] "GET /cormun/static/menuarrow.gif HTTP/1.1" 404 1015
186.103.157.42 - - [01/Mar/2017:15:45:09 -0300] "POST /cormun/servlet/solicitudot?gx-no-cache=1488393848363 HTTP/1.1" 200 1274
186.103.157.42 - - [01/Mar/2017:15:45:09 -0300] "POST /cormun/servlet/solicitudot?gx-no-cache=1488393848452 HTTP/1.1" 200 1157
186.79.41.237 - - [01/Mar/2017:15:45:14 -0300] "POST /cormun/servlet/solicitudotcontratos?6c0eb8d8e4754480ec10566af5b47f6d,INS,2017,0,17504141,9,2,2016,3744,INTEGRACION,201701,20,B,,gx-no-cache=1488393982476 HTTP/1.1" 200 10422
186.79.41.237 - - [01/Mar/2017:15:45:15 -0300] "POST /cormun/servlet/solicitudotcontratos?gx-no-cache=1488393984213 HTTP/1.1" 200 1276
186.79.41.237 - - [01/Mar/2017:15:45:16 -0300] "POST /cormun/servlet/solicitudotcontratos?gx-no-cache=1488393984439 HTTP/1.1" 200 1154
186.79.41.237 - - [01/Mar/2017:15:45:16 -0300] "GET /cormun/servlet/solicitudotcontratos?d50cf3b555acfc55fb1b10008f2191e2591cc6e99c4194370a2027ae36f43e8f9d3d0e6f23ab971cbb63f229ca1997407cfebd3ab218a7578c891a8010b6bbe8771ae27655b94b042216eed101fb799eb345059705e004d6d40076371b69bb96340f55372b03ae478e15d6d8cf43389c04a289aee15027b973b137c3cebf67bd,gx-no-cache=1488393984641 HTTP/1.1" 200 30
186.79.41.237 - - [01/Mar/2017:15:45:18 -0300] "POST /cormun/servlet/solicitudotcontratos?6c0eb8d8e4754480ec10566af5b47f6d,INS,2017,0,17504141,9,2,2016,3744,INTEGRACION,201701,20,B,,gx-no-cache=1488393984775 HTTP/1.1" 200 93
186.79.41.237 - - [01/Mar/2017:15:45:19 -0300] "GET /cormun/servlet/hpexe_return? HTTP/1.1" 200 1049
186.79.41.237 - - [01/Mar/2017:15:45:20 -0300] "GET /cormun/servlet/trcontratosolicitud HTTP/1.1" 200 12885
186.79.41.237 - - [01/Mar/2017:15:45:21 -0300] "GET /cormun/servlet/trcontratosolicitud HTTP/1.1" 200 12890
186.103.157.42 - - [01/Mar/2017:15:45:21 -0300] "GET /cormun/servlet/solicitudot?8c3d490f35e13410b8749ff68ce20a5c526dbf695481826a466267b0991ed7789cd72da20dd222794fadcb813bc3424e8da11071a03ce841cc92ba44e0ba0fa45e0b7188f643b05efb48333675f872682d3015cfa83bfc18d613fdfe004f6b857d48fab4b99b8e732b575c0d6705b91052b10e6909347061ca7bf790cda13b968cc1fd209ac5ea807c375173b5e6ec7ceac002f88df92b2a983038b8eb2c41feb44ac12da5bb66226843cacd0d542d228ec893c2841f4f12f51f7473464ad6c7,gx-no-cache=1488393860023 HTTP/1.1" 200 30
186.103.157.42 - - [01/Mar/2017:15:45:32 -0300] "POST /cormun/servlet/solicitudot?9981b113ba3e4ce259bb6b53d6b840e0,INS,0,0,,gx-no-cache=1488393870507 HTTP/1.1" 200 11335
186.103.159.44 - - [01/Mar/2017:15:45:43 -0300] "POST /cormun/servlet/solicitudot?gx-no-cache=1488394008284 HTTP/1.1" 200 3081
186.103.159.44 - - [01/Mar/2017:15:45:43 -0300] "POST /cormun/servlet/solicitudot?a1eca94beb0487211da0878496ebd0ea,INS,0,0,,gx-no-cache=1488394009113 HTTP/1.1" 200 9677
186.103.157.42 - - [01/Mar/2017:15:45:49 -0300] "GET /cormun/servlet/solicitudot?8c3d490f35e13410b8749ff68ce20a5c526dbf695481826a466267b0991ed7789cd72da20dd222794fadcb813bc3424e8da11071a03ce841cc92ba44e0ba0fa45e0b7188f643b05efb48333675f872682d3015cfa83bfc18d613fdfe004f6b857d48fab4b99b8e732b575c0d6705b91052b10e6909347061ca7bf790cda13b968cc1fd209ac5ea807c375173b5e6ec7ceac002f88df92b2a983038b8eb2c41feb44ac12da5bb66226843cacd0d542d22df76bc323d068478864f23443c8fbe11,gx-no-cache=1488393888355 HTTP/1.1" 200 32
186.103.157.42 - - [01/Mar/2017:15:45:50 -0300] "POST /cormun/servlet/solicitudot?9981b113ba3e4ce259bb6b53d6b840e0,INS,0,0,,gx-no-cache=1488393888385 HTTP/1.1" 200 11382
192.168.10.96 - - [01/Mar/2017:15:45:52 -0300] "GET /cormun/servlet/trconsultaempleado? HTTP/1.1" 200 8139
186.79.41.237 - - [01/Mar/2017:15:45:52 -0300] "GET /cormun/servlet/solicitudotcontratos?INS,2017,0,17476807,2,6,2016,2850,LEY+SEP,201701,5,B, HTTP/1.1" 200 9555
192.168.10.96 - - [01/Mar/2017:15:45:52 -0300] "GET /cormun/servlet/hlogin HTTP/1.1" 200 1729
192.168.10.96 - - [01/Mar/2017:15:45:53 -0300] "GET /cormun/servlet/trconsultaempleado? HTTP/1.1" 200 8151
186.79.41.237 - - [01/Mar/2017:15:45:54 -0300] "GET /cormun/servlet/solicitudotcontratos?INS,2017,0,17476807,2,6,2016,2850,LEY+SEP,201701,5,B, HTTP/1.1" 200 9590
186.79.41.237 - - [01/Mar/2017:15:45:55 -0300] "GET /cormun/servlet/solicitudotcontratos?d50cf3b555acfc55fb1b10008f2191e214e1a9e18292ef1683045a2ce324dc8fd079893a8a211b3cdd590ac0d7504889,gx-no-cache=1488394023563 HTTP/1.1" 200 30
186.79.41.237 - - [01/Mar/2017:15:45:55 -0300] "GET /cormun/servlet/solicitudotcontratos?d50cf3b555acfc55fb1b10008f2191e28e28eaf6e0964123cac6375852fdcdd2cb96459306ad5f9009f3f5719aa90c9bffb04910a29b8382b71bf46315827774888c1f114c4ff54296bdc81d3c0a8598a81ccb88391f7535a6b6fa2a312bea18b4eb4737d782a139bd03ab24b2ed1b25445d6abc02a3c62ad2981c7363370edb,gx-no-cache=1488394023773 HTTP/1.1" 200 50
186.79.41.237 - - [01/Mar/2017:15:45:56 -0300] "GET /cormun/servlet/solicitudotcontratos?d50cf3b555acfc55fb1b10008f2191e2341a0710b6a25816af8e3fda3768b8a5f92c8ac02c2c886bb08e0c558b43d8ad,gx-no-cache=1488394024722 HTTP/1.1" 200 30
186.79.41.237 - - [01/Mar/2017:15:45:56 -0300] "GET /cormun/servlet/solicitudotcontratos?d50cf3b555acfc55fb1b10008f2191e21817cda94776750beb0d7ac85c47c9f8cb7af0926868247769f2ca94a5fd1fceae4dccb76c5dd85f8be3d9ee4748755d86bc198fd4abf4cf5b8fa109156dce8245a94658630018ec6c4f6d768aed4e5e8cfe33a18607c344aecc0b7cb8e43749,gx-no-cache=1488394024942 HTTP/1.1" 200 30
186.79.41.237 - - [01/Mar/2017:15:45:56 -0300] "GET /cormun/servlet/solicitudotcontratos?d50cf3b555acfc55fb1b10008f2191e2377d2a4c97c4ee8ec6fdaf91a9e8ffeddb76723484ff6df2d02e424c4a003f661e2a752bb6791e9b881809de33c2d0dbae4dccb76c5dd85f8be3d9ee4748755d402673f1769c3d5939f6514abf2069c0cc6ce185966cde95ab49b8fec52fcf439601439035e4ad4dc643aa1c8623711caeb9d0d582013fcd2eedd4d701d40cb4ae31f4c651c21a3557859396db9a76b71e2a752bb6791e9b881809de33c2d0db8349af75943ee607efe4c0b2b9f04895abc6332df4d13e4ba726f33d0f4e19e729329614313a89c50272b496dfe1d119ffa11744d74d1ce64d1b25168c6ea49dd6d24065c37a110f380ac7b30e297bd72cc355690f83dfa328e2dc12b668364853b6ec86eb06284d0b3e7264d2d47f1069cdd5c28e5288934ba252b33f77b9cb2b9d6ceb865226f26fe4928faea5cc6945dab3006219c9f212f95ace35ed100d611bb59b12ccc3b60c4ba5d3efc9ed5d5e247583dfb15fee13283559dc17417562fbf62904cc62b5a75366255d310229547b79bfe9928ace54c575df9e65074023385cac025445f3ff25d112d955525fdd596fdb63740770bcc210576c3bce105b0491773196f12d3fddfc578aa00369edd99938108a6c0f15d581cf7f16908520bd611d1ca01b51477a6d3185ebe4b7e8cd21a9eed38befaf69f936941fc5c378e45f0b41a950e76511099f2976f8573ddca507b78593b688774d36f1a1b1a7fa35e4045eb421b6d217d5a18b0378075c4e232c15a41ecf14bd3ccf163a74883e20cbc06d7849eec010f626f346d980,gx-no-cache=1488394025107 HTTP/1.1" 200 79
186.103.159.44 - - [01/Mar/2017:15:45:58 -0300] "GET /cormun/servlet/solicitudot?c3c94e29e4b828e2515c1c6b110f091420c666158b3eb77ffe1e5da5cd2761a28ca56fb6ae93c24e1cba1b752ae77c9e,gx-no-cache=1488394024307 HTTP/1.1" 200 30
186.103.157.42 - - [01/Mar/2017:15:46:05 -0300] "POST /cormun/servlet/solicitudot?9981b113ba3e4ce259bb6b53d6b840e0,INS,0,0,,gx-no-cache=1488393903493 HTTP/1.1" 200 11433
192.168.10.96 - - [01/Mar/2017:15:46:17 -0300] "POST /cormun/servlet/hlogin?e8ebc7de630670a1543265a9ce52939d,gx-no-cache=1488397263899 HTTP/1.1" 200 90
192.168.10.96 - - [01/Mar/2017:15:46:17 -0300] "GET /cormun/servlet/hpexe_link HTTP/1.1" 200 952
192.168.10.96 - - [01/Mar/2017:15:46:18 -0300] "GET /cormun/servlet/trconsultaempleado HTTP/1.1" 200 9041
192.168.10.96 - - [01/Mar/2017:15:46:19 -0300] "GET /cormun/servlet/trconsultaempleado HTTP/1.1" 200 9039
192.168.10.96 - - [01/Mar/2017:15:46:23 -0300] "GET /cormun/servlet/trsolicitudgral? HTTP/1.1" 200 24311
192.168.10.96 - - [01/Mar/2017:15:46:23 -0300] "GET /cormun/static/gxcfg.js?2017262239522 HTTP/1.1" 200 953
192.168.10.96 - - [01/Mar/2017:15:46:23 -0300] "GET /cormun/static/Resources/PXToolsAddAllStandardAction.png HTTP/1.1" 200 628
192.168.10.96 - - [01/Mar/2017:15:46:23 -0300] "GET /cormun/static/Resources/PXToolsRemoveAllStandardAction.png HTTP/1.1" 200 495
192.168.10.96 - - [01/Mar/2017:15:46:23 -0300] "GET /cormun/static/trsolicitudgral.js?20172622391253 HTTP/1.1" 200 54259
192.168.10.96 - - [01/Mar/2017:15:46:24 -0300] "GET /cormun//static/Resources/PXToolsGridUpdate.png HTTP/1.1" 200 2984
192.168.10.96 - - [01/Mar/2017:15:46:24 -0300] "GET /cormun//static/Resources/PXToolsGridDelete.png HTTP/1.1" 200 357
192.168.10.96 - - [01/Mar/2017:15:46:25 -0300] "GET /cormun/servlet/trsolicitudgral? HTTP/1.1" 200 24310
186.103.157.42 - - [01/Mar/2017:15:46:26 -0300] "GET /cormun/servlet/solicitudot?8c3d490f35e13410b8749ff68ce20a5c526dbf695481826a466267b0991ed7789cd72da20dd222794fadcb813bc3424e8da11071a03ce841cc92ba44e0ba0fa45e0b7188f643b05efb48333675f872682d3015cfa83bfc18d613fdfe004f6b857d48fab4b99b8e732b575c0d6705b91052b10e6909347061ca7bf790cda13b968cc1fd209ac5ea807c375173b5e6ec7ceac002f88df92b2a983038b8eb2c41feb44ac12da5bb66226843cacd0d542d22e7dbf3e828e2420561cf525e88d5042a,gx-no-cache=1488393924910 HTTP/1.1" 200 32
186.103.157.42 - - [01/Mar/2017:15:46:26 -0300] "POST /cormun/servlet/solicitudot?9981b113ba3e4ce259bb6b53d6b840e0,INS,0,0,,gx-no-cache=1488393925015 HTTP/1.1" 200 11474
192.168.10.96 - - [01/Mar/2017:15:46:52 -0300] "POST /cormun/servlet/trsolicitudgral?e8ebc7de630670a1543265a9ce52939d,,gx-no-cache=1488397298811 HTTP/1.1" 200 11761
186.103.159.46 - - [01/Mar/2017:15:47:00 -0300] "GET /cormun/servlet/hlogin HTTP/1.1" 200 1720
186.103.159.46 - - [01/Mar/2017:15:47:00 -0300] "GET /cormun/static/gxtimezone.js?85251 HTTP/1.1" 200 5781
186.103.159.46 - - [01/Mar/2017:15:47:00 -0300] "GET /cormun/static/gxcfg.js?201612216162538 HTTP/1.1" 200 953
186.103.157.42 - - [01/Mar/2017:15:47:00 -0300] "GET /cormun/servlet/solicitudot?8c3d490f35e13410b8749ff68ce20a5c526dbf695481826a466267b0991ed7789cd72da20dd222794fadcb813bc3424e8da11071a03ce841cc92ba44e0ba0fa45e0b7188f643b05efb48333675f872682d3015cfa83bfc18d613fdfe004f6b857d48fab4b99b8e732b575c0d6705b91052b10e6909347061ca7bf790cda13b968cc1fd209ac5ea807c375173b5e6ec7ceac002f88df92b2a983038b8eb2c41feb44ac12da5bb66226843cacd0d542d225786f7a8344f799dfed51482d6da0eb3,gx-no-cache=1488393959003 HTTP/1.1" 200 32
186.103.159.46 - - [01/Mar/2017:15:47:00 -0300] "GET /cormun/static/Resources/Spanish/PXTools.css?167811 HTTP/1.1" 200 89042
186.103.157.42 - - [01/Mar/2017:15:47:00 -0300] "POST /cormun/servlet/solicitudot?9981b113ba3e4ce259bb6b53d6b840e0,INS,0,0,,gx-no-cache=1488393959042 HTTP/1.1" 200 11536
186.103.159.46 - - [01/Mar/2017:15:47:01 -0300] "GET /cormun/static/messages.spa.js?85251 HTTP/1.1" 200 30736
186.103.159.46 - - [01/Mar/2017:15:47:01 -0300] "GET /cormun/static/hlogin.js?201612216162555 HTTP/1.1" 200 2136
186.103.159.46 - - [01/Mar/2017:15:47:01 -0300] "GET /cormun/static/Resources/ComunLogin.png HTTP/1.1" 200 17326
186.103.157.42 - - [01/Mar/2017:15:47:03 -0300] "POST /cormun/servlet/solicitudot?9981b113ba3e4ce259bb6b53d6b840e0,INS,0,0,,gx-no-cache=1488393961557 HTTP/1.1" 200 11591
186.103.157.42 - - [01/Mar/2017:15:47:03 -0300] "POST /cormun/servlet/solicitudot?9981b113ba3e4ce259bb6b53d6b840e0,INS,0,0,,gx-no-cache=1488393961873 HTTP/1.1" 200 11654
186.103.159.46 - - [01/Mar/2017:15:47:06 -0300] "GET /cormun/static/gxgral.js?85251 HTTP/1.1" 200 384558
186.103.159.46 - - [01/Mar/2017:15:47:07 -0300] "GET /cormun/static/Resources/PXToolsLoginTop.png HTTP/1.1" 200 1337
186.103.159.46 - - [01/Mar/2017:15:47:07 -0300] "GET /cormun/static/Resources/PXToolsLoginBackground.png HTTP/1.1" 200 1164
186.103.159.46 - - [01/Mar/2017:15:47:07 -0300] "GET /cormun/static/Resources/PXToolsButtonLeft21.png HTTP/1.1" 200 1287
186.103.159.46 - - [01/Mar/2017:15:47:07 -0300] "GET /cormun/static/Resources/PXToolsButtonRight21.png HTTP/1.1" 200 1283
186.103.159.46 - - [01/Mar/2017:15:47:08 -0300] "GET /cormun/static/Resources/indicator.gif HTTP/1.1" 200 1553
186.103.159.46 - - [01/Mar/2017:15:47:08 -0300] "GET /cormun/static/Resources/PXToolsButtonBackground2.png HTTP/1.1" 200 1181
186.103.159.46 - - [01/Mar/2017:15:47:08 -0300] "GET /cormun/static/Resources/PXToolsLoginBottom.png HTTP/1.1" 200 1389
186.103.159.46 - - [01/Mar/2017:15:47:08 -0300] "GET /cormun/servlet/hlogin HTTP/1.1" 200 1730
186.103.159.46 - - [01/Mar/2017:15:47:08 -0300] "GET /favicon.ico HTTP/1.1" 200 21630
186.79.41.237 - - [01/Mar/2017:15:47:08 -0300] "POST /cormun/servlet/solicitudotcontratos?gx-no-cache=1488394096872 HTTP/1.1" 200 72
186.103.157.42 - - [01/Mar/2017:15:47:09 -0300] "GET /cormun/servlet/solicitudot?8c3d490f35e13410b8749ff68ce20a5c526dbf695481826a466267b0991ed7789cd72da20dd222794fadcb813bc3424e8da11071a03ce841cc92ba44e0ba0fa45e0b7188f643b05efb48333675f872682d3015cfa83bfc18d613fdfe004f6b857d48fab4b99b8e732b575c0d6705b91052b10e6909347061ca7bf790cda13b968cc1fd209ac5ea807c375173b5e6ec7ceac002f88df92b2a983038b8eb2c41feb44ac12da5bb66226843cacd0d542d22488d16c0859ccbd50ed73a55d3cf8ee1,gx-no-cache=1488393967827 HTTP/1.1" 200 32
186.103.157.42 - - [01/Mar/2017:15:47:09 -0300] "POST /cormun/servlet/solicitudot?9981b113ba3e4ce259bb6b53d6b840e0,INS,0,0,,gx-no-cache=1488393967856 HTTP/1.1" 200 11707
186.103.159.46 - - [01/Mar/2017:15:47:20 -0300] "POST /cormun/servlet/hlogin?708e3b68504a2f359aa1657744c67a00,gx-no-cache=1488394109222 HTTP/1.1" 200 90
186.103.159.46 - - [01/Mar/2017:15:47:20 -0300] "GET /cormun/servlet/hpexe_link HTTP/1.1" 200 954
186.103.159.46 - - [01/Mar/2017:15:47:20 -0300] "GET /cormun/static/gxcfg.js?201612218515529 HTTP/1.1" 200 953
186.103.159.46 - - [01/Mar/2017:15:47:20 -0300] "GET /cormun/static/hpexe_link.js?201612218515532 HTTP/1.1" 200 625
186.103.159.46 - - [01/Mar/2017:15:47:21 -0300] "GET /cormun/static/Resources/Spanish/PXTools.css?18365030 HTTP/1.1" 200 89042
186.103.159.46 - - [01/Mar/2017:15:47:22 -0300] "GET /cormun/servlet/hhome HTTP/1.1" 200 3980
186.103.157.42 - - [01/Mar/2017:15:47:22 -0300] "GET /cormun/servlet/solicitudot?8c3d490f35e13410b8749ff68ce20a5c526dbf695481826a466267b0991ed7789cd72da20dd222794fadcb813bc3424e8da11071a03ce841cc92ba44e0ba0fa45e0b7188f643b05efb48333675f872682d3015cfa83bfc18d613fdfe004f6b857d48fab4b99b8e732b575c0d6705b91052b10e6909347061ca7bf790cda13b968cc1fd209ac5ea807c375173b5e6ec7ceac002f88df92b2a983038b8eb2c41feb44ac12da5bb66226843cacd0d542d22041e91c89288d0bafbc401911b5c553f,gx-no-cache=1488393981220 HTTP/1.1" 200 32
186.103.159.46 - - [01/Mar/2017:15:47:23 -0300] "GET /cormun/static/SmoothNavMenu/resources/ddsmoothmenu.css?1112540 HTTP/1.1" 200 2223
186.103.159.46 - - [01/Mar/2017:15:47:23 -0300] "GET /cormun/static/Shared/jqueryui/jquery-ui.min.css?1345370 HTTP/1.1" 200 30288
186.103.159.46 - - [01/Mar/2017:15:47:23 -0300] "GET /cormun/static/SmoothNavMenu/resources/ddsmoothmenu-v.css?1112540 HTTP/1.1" 200 1188
186.103.159.46 - - [01/Mar/2017:15:47:23 -0300] "GET /cormun/static/scaMessage/css/jquery.pnotify.default.css?1816380 HTTP/1.1" 200 1707
186.103.159.46 - - [01/Mar/2017:15:47:23 -0300] "GET /cormun/static/PXToolsJavascripts/pexe_autoreload.js HTTP/1.1" 200 1762
186.103.159.46 - - [01/Mar/2017:15:47:23 -0300] "GET /cormun/static/gxcfg.js?201612218515568 HTTP/1.1" 200 953
186.103.159.46 - - [01/Mar/2017:15:47:23 -0300] "GET /cormun/static/PXToolsJavascripts/pexe_cookies.js HTTP/1.1" 200 792
186.103.159.46 - - [01/Mar/2017:15:47:23 -0300] "GET /cormun/static/PXToolsJavascripts/pexe_windows.js HTTP/1.1" 200 15207
186.103.159.46 - - [01/Mar/2017:15:47:23 -0300] "GET /cormun/static/PXToolsJavascripts/pexe_grid.js HTTP/1.1" 200 7559
186.103.159.46 - - [01/Mar/2017:15:47:23 -0300] "GET /cormun/static/PXToolsJavascripts/pexe_griddivfix.js HTTP/1.1" 200 6644
186.103.159.46 - - [01/Mar/2017:15:47:23 -0300] "GET /cormun/static/PXToolsJavascripts/pexe_link.js HTTP/1.1" 200 5671
186.103.159.46 - - [01/Mar/2017:15:47:23 -0300] "GET /cormun/static/PXToolsJavascripts/pexe_menudivfix.js HTTP/1.1" 200 333
186.103.159.46 - - [01/Mar/2017:15:47:23 -0300] "GET /cormun/static/PXToolsJavascripts/pexe_menus.js HTTP/1.1" 200 1286
186.103.159.46 - - [01/Mar/2017:15:47:23 -0300] "GET /cormun/static/PXToolsJavascripts/pexe_layers.js HTTP/1.1" 200 4114
186.103.159.46 - - [01/Mar/2017:15:47:23 -0300] "GET /cormun/static/PXToolsJavascripts/pexe_oav.js HTTP/1.1" 200 645
186.103.159.46 - - [01/Mar/2017:15:47:23 -0300] "GET /cormun/static/PXToolsJavascripts/pexe_oavdivfix.js HTTP/1.1" 200 639
186.103.159.46 - - [01/Mar/2017:15:47:23 -0300] "GET /cormun/static/PXToolsJavascripts/pexe_picture.js HTTP/1.1" 200 689
186.103.159.46 - - [01/Mar/2017:15:47:23 -0300] "GET /cormun/static/PXToolsJavascripts/pexe_popup.js HTTP/1.1" 200 13458
186.103.159.46 - - [01/Mar/2017:15:47:23 -0300] "GET /cormun/static/PXToolsJavascripts/pexe_scrolldiv.js HTTP/1.1" 200 4138
186.103.159.46 - - [01/Mar/2017:15:47:23 -0300] "GET /cormun/static/PXToolsJavascripts/pexe_tabdivfix.js HTTP/1.1" 200 876
186.103.159.46 - - [01/Mar/2017:15:47:23 -0300] "GET /cormun/static/PXToolsJavascripts/pexe_tabs.js HTTP/1.1" 200 3748
186.103.159.46 - - [01/Mar/2017:15:47:23 -0300] "GET /cormun/static/PXToolsJavascripts/pexe_upload.js HTTP/1.1" 200 1423
186.103.159.46 - - [01/Mar/2017:15:47:23 -0300] "GET /cormun/static/PXToolsJavascripts/PXToolsJavascriptsRender.js HTTP/1.1" 200 367
186.79.41.237 - - [01/Mar/2017:15:47:23 -0300] "POST /cormun/servlet/solicitudotcontratos?6c0eb8d8e4754480ec10566af5b47f6d,INS,2017,0,17476807,2,6,2016,2850,LEY+SEP,201701,5,B,,gx-no-cache=1488394111701 HTTP/1.1" 200 10411
186.79.41.237 - - [01/Mar/2017:15:47:24 -0300] "POST /cormun/servlet/solicitudotcontratos?gx-no-cache=1488394112422 HTTP/1.1" 200 1277
186.103.159.46 - - [01/Mar/2017:15:47:24 -0300] "GET /cormun/static/RunJS/RunJS.js HTTP/1.1" 200 288
186.79.41.237 - - [01/Mar/2017:15:47:24 -0300] "POST /cormun/servlet/solicitudotcontratos?gx-no-cache=1488394112662 HTTP/1.1" 200 1155
186.79.41.237 - - [01/Mar/2017:15:47:24 -0300] "GET /cormun/servlet/solicitudotcontratos?d50cf3b555acfc55fb1b10008f2191e2591cc6e99c4194370a2027ae36f43e8f9d3d0e6f23ab971cbb63f229ca1997407cfebd3ab218a7578c891a8010b6bbe8771ae27655b94b042216eed101fb799eb345059705e004d6d40076371b69bb96340f55372b03ae478e15d6d8cf43389c04a289aee15027b973b137c3cebf67bd,gx-no-cache=1488394112885 HTTP/1.1" 200 30
186.103.159.46 - - [01/Mar/2017:15:47:24 -0300] "GET /cormun/static/Shared/ext/locale/ext-lang-en.js HTTP/1.1" 200 10940
186.103.159.46 - - [01/Mar/2017:15:47:24 -0300] "GET /cormun/static/hwchdr01.js?201612218432057 HTTP/1.1" 200 1183
186.103.159.46 - - [01/Mar/2017:15:47:24 -0300] "GET /cormun/static/hpexe_recentlink.js?201610171694390 HTTP/1.1" 200 2144
186.103.159.46 - - [01/Mar/2017:15:47:24 -0300] "GET /cormun/static/hhome.js?201612218515573 HTTP/1.1" 200 777
186.103.159.46 - - [01/Mar/2017:15:47:24 -0300] "GET /cormun/static/Resources/PXToolsHeaderActionsLeft.png HTTP/1.1" 200 1118
186.103.159.46 - - [01/Mar/2017:15:47:24 -0300] "GET /cormun/static/Resources/PXToolsHeaderPreferences.png HTTP/1.1" 200 4189
186.103.159.46 - - [01/Mar/2017:15:47:24 -0300] "GET /cormun/static/Resources/logo4.png HTTP/1.1" 200 6582
186.103.159.46 - - [01/Mar/2017:15:47:24 -0300] "GET /cormun/static/Resources/PXToolsHeaderLogin.png HTTP/1.1" 200 4279
186.103.159.46 - - [01/Mar/2017:15:47:24 -0300] "GET /cormun/static/Resources/PXToolsDataTitle.png HTTP/1.1" 200 1173
186.103.159.46 - - [01/Mar/2017:15:47:24 -0300] "GET /cormun/static/Resources/PXToolsHeaderActionsBackground.png HTTP/1.1" 200 484
186.103.159.46 - - [01/Mar/2017:15:47:24 -0300] "GET /cormun/static/Resources/PXToolsHeaderSecurity.png HTTP/1.1" 200 4166
186.103.159.46 - - [01/Mar/2017:15:47:24 -0300] "GET /cormun/static/Resources/PXToolsFooterBackground2.png HTTP/1.1" 200 1172
186.103.159.46 - - [01/Mar/2017:15:47:24 -0300] "GET /cormun/static/Resources/PXToolsHeaderActionsRight.png HTTP/1.1" 200 1201
186.103.159.46 - - [01/Mar/2017:15:47:24 -0300] "GET /cormun/static/Resources/PXToolsHeaderBackground2.png HTTP/1.1" 200 1174
186.103.159.46 - - [01/Mar/2017:15:47:24 -0300] "GET /cormun/static/Resources/PXToolsHeaderHome.png HTTP/1.1" 200 4147
186.103.159.46 - - [01/Mar/2017:15:47:24 -0300] "GET /cormun/static/hpexe_scripts.js?201612218432016 HTTP/1.1" 200 1544
186.103.159.46 - - [01/Mar/2017:15:47:24 -0300] "GET /cormun/static/hpexe_messagecontroller.js?201610171694323 HTTP/1.1" 200 870
186.103.159.46 - - [01/Mar/2017:15:47:24 -0300] "GET /cormun/static/hpexe_messagepopupcomponent.js?20161017169425 HTTP/1.1" 200 605
186.103.159.46 - - [01/Mar/2017:15:47:24 -0300] "GET /cormun/static/hpexe_messagegenexuscomponent.js?201612218431816 HTTP/1.1" 200 587
186.103.159.46 - - [01/Mar/2017:15:47:24 -0300] "GET /cormun/static/cmcontrolpreferences.js?201612218431999 HTTP/1.1" 200 1375
192.168.10.96 - - [01/Mar/2017:15:47:25 -0300] "POST /cormun/servlet/trsolicitudgral?e8ebc7de630670a1543265a9ce52939d,,gx-no-cache=1488397331609 HTTP/1.1" 200 115
186.103.159.46 - - [01/Mar/2017:15:47:25 -0300] "GET /cormun/static/SmoothNavMenu/resources/ddsmoothmenu.js HTTP/1.1" 200 12712
192.168.10.96 - - [01/Mar/2017:15:47:25 -0300] "GET /cormun/servlet/solicitudotlog?INS,2017,4702,0,REC, HTTP/1.1" 200 5871
186.103.159.46 - - [01/Mar/2017:15:47:25 -0300] "GET /cormun/static/SmoothNavMenu/resources/SmoothNavMenuRender.js HTTP/1.1" 200 5951
192.168.10.96 - - [01/Mar/2017:15:47:25 -0300] "GET /cormun/static/gxcfg.js?201612218471193 HTTP/1.1" 200 953
192.168.10.96 - - [01/Mar/2017:15:47:25 -0300] "GET /cormun/static/solicitudotlog.js?20161221847122 HTTP/1.1" 200 8925
186.103.157.42 - - [01/Mar/2017:15:47:25 -0300] "POST /cormun/servlet/solicitudot?9981b113ba3e4ce259bb6b53d6b840e0,INS,0,0,,gx-no-cache=1488393983744 HTTP/1.1" 200 11740
186.103.159.46 - - [01/Mar/2017:15:47:25 -0300] "GET /cormun/static/Shared/jquery/jquery-1.4.2.min.js HTTP/1.1" 200 72174
186.103.159.46 - - [01/Mar/2017:15:47:25 -0300] "GET /cormun/static/gxui/gxui-all.js HTTP/1.1" 200 107772
186.103.159.46 - - [01/Mar/2017:15:47:25 -0300] "GET /cormun/static/scaMessage/js/jquery.pnotify.min.js HTTP/1.1" 200 13038
186.79.41.237 - - [01/Mar/2017:15:47:25 -0300] "POST /cormun/servlet/solicitudotcontratos?6c0eb8d8e4754480ec10566af5b47f6d,INS,2017,0,17476807,2,6,2016,2850,LEY+SEP,201701,5,B,,gx-no-cache=1488394113021 HTTP/1.1" 200 93
186.103.159.46 - - [01/Mar/2017:15:47:25 -0300] "GET /cormun/static/scaMessage/scaMessageRender.js HTTP/1.1" 200 11977
192.168.10.96 - - [01/Mar/2017:15:47:25 -0300] "GET /cormun/servlet/solicitudotlog?INS,2017,4702,0,REC, HTTP/1.1" 200 5871
186.79.41.237 - - [01/Mar/2017:15:47:25 -0300] "GET /cormun/servlet/hpexe_return? HTTP/1.1" 200 1047
186.103.159.46 - - [01/Mar/2017:15:47:25 -0300] "GET /cormun/static/hmpwkw03.js?20161221852152 HTTP/1.1" 200 3965
186.79.41.237 - - [01/Mar/2017:15:47:26 -0300] "GET /cormun/servlet/trcontratosolicitud HTTP/1.1" 200 12790
192.168.10.96 - - [01/Mar/2017:15:47:26 -0300] "GET /cormun/servlet/solicitudotlog?fdd225f8d1398ecab9995d1cc90a84b93bbd127ac85ecc2412fb5130ec1277ee165f296879497e9117e51b20c81788ea76bbeafe7b754f8fa8b548d78dd91e9b4086b8a48f2cc2423a1403663ce6d6e2fb40be1df28dd25a66870ee64b0ab9695ed148d65aa35cc9e9196540df3618ee3be8aff374dd2c0be4dc95322bc4d3077cab98425fe8562e4fab546d178203a34c21b5305cb5cf41fb19e2a7f9cb6021,gx-no-cache=1488397332803 HTTP/1.1" 200 94
186.103.159.188 - - [01/Mar/2017:15:47:26 -0300] "GET /cormun/servlet/hhome HTTP/1.1" 200 3775
186.103.159.188 - - [01/Mar/2017:15:47:27 -0300] "GET /cormun/servlet/hhome HTTP/1.1" 200 3773
186.79.41.237 - - [01/Mar/2017:15:47:27 -0300] "GET /cormun/servlet/trcontratosolicitud HTTP/1.1" 200 12783
186.103.159.46 - - [01/Mar/2017:15:47:28 -0300] "GET /cormun/static/Shared/jquery/jquery-1.10.2.min.js HTTP/1.1" 200 273199
186.103.159.46 - - [01/Mar/2017:15:47:29 -0300] "GET /cormun/static/Shared/jqueryui/jquery-ui.min.js HTTP/1.1" 200 240427
186.103.159.188 - - [01/Mar/2017:15:47:30 -0300] "GET /cormun/servlet/trsolicitudot? HTTP/1.1" 200 8478
186.103.159.188 - - [01/Mar/2017:15:47:30 -0300] "GET /cormun/servlet/trsolicitudot? HTTP/1.1" 200 8476
192.168.10.96 - - [01/Mar/2017:15:47:36 -0300] "POST /cormun/servlet/solicitudotlog?e8ebc7de630670a1543265a9ce52939d,INS,2017,4702,0,REC,,gx-no-cache=1488397343071 HTTP/1.1" 200 93
192.168.10.96 - - [01/Mar/2017:15:47:36 -0300] "GET /cormun/servlet/hpexe_return? HTTP/1.1" 200 1014
192.168.10.96 - - [01/Mar/2017:15:47:36 -0300] "GET /cormun/static/gxcfg.js?2016101716175148 HTTP/1.1" 200 953
192.168.10.96 - - [01/Mar/2017:15:47:36 -0300] "GET /cormun/static/hpexe_return.js?2016101716175153 HTTP/1.1" 200 1633
192.168.10.96 - - [01/Mar/2017:15:47:36 -0300] "GET /cormun/servlet/trsolicitudgral? HTTP/1.1" 200 14424
192.168.10.96 - - [01/Mar/2017:15:47:37 -0300] "GET /cormun/servlet/trsolicitudgral? HTTP/1.1" 200 14419
186.79.41.237 - - [01/Mar/2017:15:47:52 -0300] "GET /cormun/servlet/solicitudotcontratos?INS,2017,0,17476807,2,6,2016,3289,NADA,201701,3,B, HTTP/1.1" 200 9553
186.79.41.237 - - [01/Mar/2017:15:47:52 -0300] "GET /cormun/servlet/solicitudotcontratos?INS,2017,0,17476807,2,6,2016,3289,NADA,201701,3,B, HTTP/1.1" 200 9584
186.79.41.237 - - [01/Mar/2017:15:47:54 -0300] "GET /cormun/servlet/solicitudotcontratos?d50cf3b555acfc55fb1b10008f2191e214e1a9e18292ef1683045a2ce324dc8fd079893a8a211b3cdd590ac0d7504889,gx-no-cache=1488394141613 HTTP/1.1" 200 30
186.79.41.237 - - [01/Mar/2017:15:47:54 -0300] "GET /cormun/servlet/solicitudotcontratos?d50cf3b555acfc55fb1b10008f2191e28e28eaf6e0964123cac6375852fdcdd2cb96459306ad5f9009f3f5719aa90c9bffb04910a29b8382b71bf46315827774888c1f114c4ff54296bdc81d3c0a8598a81ccb88391f7535a6b6fa2a312bea18b4eb4737d782a139bd03ab24b2ed1b25445d6abc02a3c62ad2981c7363370edb,gx-no-cache=1488394143353 HTTP/1.1" 200 50
186.79.41.237 - - [01/Mar/2017:15:47:55 -0300] "GET /cormun/servlet/solicitudotcontratos?d50cf3b555acfc55fb1b10008f2191e2341a0710b6a25816af8e3fda3768b8a5f92c8ac02c2c886bb08e0c558b43d8ad,gx-no-cache=1488394143501 HTTP/1.1" 200 30
186.103.157.42 - - [01/Mar/2017:15:47:55 -0300] "POST /cormun/servlet/solicitudot?gx-no-cache=1488394014154 HTTP/1.1" 200 30
186.103.157.42 - - [01/Mar/2017:15:47:55 -0300] "POST /cormun/servlet/solicitudot?gx-no-cache=1488394014222 HTTP/1.1" 200 1290
186.103.157.42 - - [01/Mar/2017:15:47:55 -0300] "POST /cormun/servlet/solicitudot?gx-no-cache=1488394014307 HTTP/1.1" 200 41
186.103.157.42 - - [01/Mar/2017:15:47:55 -0300] "POST /cormun/servlet/solicitudot?gx-no-cache=1488394014352 HTTP/1.1" 200 1274
186.79.41.237 - - [01/Mar/2017:15:47:55 -0300] "GET /cormun/servlet/solicitudotcontratos?d50cf3b555acfc55fb1b10008f2191e21817cda94776750beb0d7ac85c47c9f8cb7af0926868247769f2ca94a5fd1fceae4dccb76c5dd85f8be3d9ee4748755d86bc198fd4abf4cf5b8fa109156dce8245a94658630018ec6c4f6d768aed4e5e8cfe33a18607c344aecc0b7cb8e43749,gx-no-cache=1488394144297 HTTP/1.1" 200 30
186.103.157.42 - - [01/Mar/2017:15:47:55 -0300] "POST /cormun/servlet/solicitudot?gx-no-cache=1488394014405 HTTP/1.1" 200 1157
186.79.41.237 - - [01/Mar/2017:15:47:56 -0300] "GET /cormun/servlet/solicitudotcontratos?d50cf3b555acfc55fb1b10008f2191e2377d2a4c97c4ee8ec6fdaf91a9e8ffeddb76723484ff6df2d02e424c4a003f66a7c73ba79fbe8a4d8930604c02e76bb3ad7d7ae324b663a0a9c6a5b1f3a3388d9ff0ce8743b3181ec4da2e2643fc3ded4e42af71c6bb888471d724725636e0773d74de05db504c00cd71e6f41ee828088f4ba32c7edf432bbc364328b0b14cc6dc7f070ae800afaea0adabafda6d371a5686cfab40cf83e2012396eb8c4b5a0631256199d230662231e1333193af5173b508f39eaa4a28e3711d1ce9637bc87ebae6ba69397b7409a3dadf2eb520742b4cb7dcb003e9a52a61773d59ec2a6bdb77d47e2f6870a3bedeb1d735f818c6ba27d1110fdb6f7994088c24cd5188c6c9e53b9984ccaeb071679405f4316e818ab0b33f1e354a217de4e0dd9aeee248d153b6ec86eb06284d0b3e7264d2d47f100f07e731120d3b15e42021cc0a6719e9b42ed0aa90c84635d17f45938027c4982cf967eda0c21ae4a96518ff05b7c28147fd9fab873db2452bfb7a2e34c93a807e492cb6eb88ebb3c254cb09c6d498263e6802593652d8c9b0286072aaae2f04b2caaedac6876a03ecb26a2e8c00e0531c3bcbb1da6acd8ca375ea9fd58bd37f5cf645878cddc005105a6336f2eb6fd1112e3632afd9e7e19e56bedc53c64be877f8ef914773d7a769b1bffa6970cf113e6802593652d8c9b0286072aaae2f0465f22eeb126673a6fa6d2308ad3a69c7fbc67bdbfc5f1fb0cb5a2ea8a5d42214152c7ddeb3df8b327bb12b182a558c4518ff8c331887931c3fab3e9e074e08cd,gx-no-cache=1488394144497 HTTP/1.1" 200 72
186.103.159.46 - - [01/Mar/2017:15:47:59 -0300] "GET /cormun/static/Shared/ext/ext-all.js HTTP/1.1" 200 1289687
186.103.157.42 - - [01/Mar/2017:15:48:00 -0300] "POST /cormun/servlet/solicitudot?gx-no-cache=1488394018585 HTTP/1.1" 200 30
186.103.157.42 - - [01/Mar/2017:15:48:00 -0300] "POST /cormun/servlet/solicitudot?gx-no-cache=1488394018628 HTTP/1.1" 200 1290
186.103.157.42 - - [01/Mar/2017:15:48:00 -0300] "POST /cormun/servlet/solicitudot?gx-no-cache=1488394018715 HTTP/1.1" 200 41
186.103.157.42 - - [01/Mar/2017:15:48:00 -0300] "POST /cormun/servlet/solicitudot?gx-no-cache=1488394018745 HTTP/1.1" 200 1274
186.103.157.42 - - [01/Mar/2017:15:48:00 -0300] "POST /cormun/servlet/solicitudot?gx-no-cache=1488394018783 HTTP/1.1" 200 1157
186.103.159.46 - - [01/Mar/2017:15:48:01 -0300] "GET /cormun/servlet/hhome HTTP/1.1" 200 3977
186.103.159.46 - - [01/Mar/2017:15:48:01 -0300] "GET /cormun/static/SmoothNavMenu/resources/images/down.gif HTTP/1.1" 200 854
186.103.159.46 - - [01/Mar/2017:15:48:01 -0300] "GET /cormun/static/SmoothNavMenu/resources/images/right.gif HTTP/1.1" 200 860
186.103.157.42 - - [01/Mar/2017:15:48:04 -0300] "GET /cormun/servlet/solicitudot?8c3d490f35e13410b8749ff68ce20a5c526dbf695481826a466267b0991ed7789cd72da20dd222794fadcb813bc3424e8da11071a03ce841cc92ba44e0ba0fa45e0b7188f643b05efb48333675f872682d3015cfa83bfc18d613fdfe004f6b857d48fab4b99b8e732b575c0d6705b91052b10e6909347061ca7bf790cda13b968cc1fd209ac5ea807c375173b5e6ec7ceac002f88df92b2a983038b8eb2c41feb44ac12da5bb66226843cacd0d542d222155d417aeaec801b81ea69cf93eee40,gx-no-cache=1488394022815 HTTP/1.1" 200 32
