186.103.159.187 - - [01/Mar/2017:11:54:38 -0300] "GET /cormun/servlet/solicitudot?7f104f66f12125a20b71a930dadc1f2e5e52750247fad28340156b874c527344b9d9b488717f72d931f014cae589469d2bb39b19518f3d8036cf7ea0504d28d0098da1c7f612aab923b4b61a3ac10cc6c025055cfc602265488d115c252bd2bfe4ab4275de8c93562aec97f32a1027a122fdbf287dc49bf8a68925ccd9997b738dccd9393be0b3f9b23873f6ec42a59737b2b68c1537009bb7f653535f9356ff1ad9fa6b3fd0f0e9f5d30ddc67db1831d72f73b31c7f337bba2e091b87d62e7ce9c003914f5ffdac9fd4e338f71177c59638aaeb6e231c46ae1fd8252812967acac7be611868215a99a148783851e7dd4f54417f617f510c4d6e179aff88e2541e2792c8256154820ab8c87625a706b10776fab607bdbaf7350138da76ccf2a4652b890fcfcccb04ae6ed41dbc26b460427623693e9c674b76d4257d30f5d5223ec9e464f91f1aa59ca192c42b51fbc3c6ff48b5df0ee228f4d2868dd46582ab429586cd46f2798849229fdc0a61a54eae2dd6f41fe347cf21b662765d9edad1,gx-no-cache=1488380147476 HTTP/1.1" 200 30
186.103.159.187 - - [01/Mar/2017:11:54:41 -0300] "POST /cormun/servlet/solicitudot?gx-no-cache=1488380150502 HTTP/1.1" 200 30
186.103.159.187 - - [01/Mar/2017:11:54:52 -0300] "POST /cormun/servlet/solicitudot?gx-no-cache=1488380162185 HTTP/1.1" 200 1290
186.103.159.187 - - [01/Mar/2017:11:54:52 -0300] "POST /cormun/servlet/solicitudot?gx-no-cache=1488380162279 HTTP/1.1" 200 38
186.103.159.187 - - [01/Mar/2017:11:55:06 -0300] "GET /cormun/servlet/solicitudot?7f104f66f12125a20b71a930dadc1f2eb00310174aa897c931d229e3135d06860039ac67cf13019112cc28658078f930c34669c0ebad323e1da6ebab14d7cd45ef9c913b48699e053d51be6938183298edf48c09291bfb1310da72ac55489182e00f9cfcabd300d95c90146ef7eb9b1fcb3ed7d27958b62f0bdbd6b7a04a0305937a11fd33fde0a48afec929e57d22eb907653f8eafdc59585bca0cc9f070da1,gx-no-cache=1488380176329 HTTP/1.1" 200 29
186.103.159.187 - - [01/Mar/2017:11:55:07 -0300] "POST /cormun/servlet/solicitudot?gx-no-cache=1488380176373 HTTP/1.1" 200 1274
186.103.159.187 - - [01/Mar/2017:11:55:07 -0300] "POST /cormun/servlet/solicitudot?gx-no-cache=1488380176436 HTTP/1.1" 200 1156
186.103.159.187 - - [01/Mar/2017:11:55:07 -0300] "GET /cormun/static/menuarrow.gif HTTP/1.1" 404 1015
186.103.159.187 - - [01/Mar/2017:11:55:08 -0300] "POST /cormun/servlet/solicitudot?gx-no-cache=1488380178309 HTTP/1.1" 200 1274
186.103.159.187 - - [01/Mar/2017:11:55:08 -0300] "POST /cormun/servlet/solicitudot?gx-no-cache=1488380178365 HTTP/1.1" 200 1156
186.79.16.23 - - [01/Mar/2017:11:55:18 -0300] "GET /cormun/servlet/solicitudotadjuntos?c909dfd761e0991633dddcb21d07aff48c5d14643c9b5b922c20826ddeea4b17,gx-no-cache=1488380189464 HTTP/1.1" 200 30
186.79.16.23 - - [01/Mar/2017:11:55:18 -0300] "GET /cormun/servlet/solicitudotadjuntos?c909dfd761e0991633dddcb21d07aff48c5d14643c9b5b922c20826ddeea4b17,gx-no-cache=1488380189540 HTTP/1.1" 200 30
186.103.159.187 - - [01/Mar/2017:11:55:18 -0300] "GET /cormun/servlet/solicitudot?7f104f66f12125a20b71a930dadc1f2ed74490e649c987c120c34e5ac6c7d5617f0cfe93d470659ba3fa1f8e8d70804327c748511a679912f25d7b5451edcad851baa44d61c3b7458a3e928db85173a5c6b855b450c249e6aba4487276f96b94abd871d748f4760d6123b5066fd445ad7a85d41f12332226accf0491546a89ca047e31ff12bb438931f800d0530f384d7e7e2c27faf589dccf3907ecd695dfe02fa0e007757897fc3f886793b7bff175,gx-no-cache=1488380188205 HTTP/1.1" 200 30
186.79.16.23 - - [01/Mar/2017:11:55:21 -0300] "POST /cormun/servlet/solicitudotadjuntos?767e66286bbf99994442236e53c5f92a,INS,2017,4955,,1, HTTP/1.1" 200 116
186.79.16.23 - - [01/Mar/2017:11:55:21 -0300] "GET /cormun/servlet/hpexe_return? HTTP/1.1" 200 1024
186.79.16.23 - - [01/Mar/2017:11:55:21 -0300] "GET /cormun/servlet/trsolicitudadjuntos?2017,4955, HTTP/1.1" 200 7998
186.103.156.211 - - [01/Mar/2017:11:55:22 -0300] "GET /cormun/servlet/licenciaspermisos?4d332fc2ba54c23007f814d836c2a0913a7b61dbec050f381413a5306c70f2646fcf5de052b2b81c9a593c1d667072f400888b237e303b97229d48b81a60115cce7976453b502f0680f3aa17abf3f28bf143177ba55aad1fac1963c698459d702a33aa7595326db2486b191b2a3c6fc10c223d981d5f853d652343bb89ca46512d243a7285ae9fd259bf3622b04b8ae22d94d6d63794b0dd58f886331088f281f8edb2be808c270960978f13a46f7c4f,gx-no-cache=1488380211466 HTTP/1.1" 200 30
186.103.156.211 - - [01/Mar/2017:11:55:22 -0300] "GET /cormun/servlet/licenciaspermisos?4d332fc2ba54c23007f814d836c2a0910bf081fb46c2a41f8f2cbbc9d80294b82db598e48e43022fdd2d8542733623572f1d93454eb40acbf8cc96607748de7e66e0108096af28d6d4b935337b79eade5c9a229d5cb4523deea071a85a7abe1fe038e5243c84bf8f7a98b0f0aaaad47213a2fc2b1a3a13c610e9d48f332f7e5ddf9dc267b7b361601a85938f4255bcaefdb613491e7fe08bbe43862d5f34a69798c0922b355b0e1c8f7f99ad54572b80,gx-no-cache=1488380211556 HTTP/1.1" 200 29
186.79.16.23 - - [01/Mar/2017:11:55:22 -0300] "GET /cormun/servlet/trsolicitudadjuntos?2017,4955, HTTP/1.1" 200 7992
186.103.156.211 - - [01/Mar/2017:11:55:22 -0300] "POST /cormun/servlet/licenciaspermisos?184ec44145d743535977557df831d605,INS,0,,,,gx-no-cache=1488380211602 HTTP/1.1" 200 4553
186.103.156.211 - - [01/Mar/2017:11:55:22 -0300] "GET /cormun/static/Shared/jqueryui/images/ui-bg_highlight-soft_100_c6c2c8_1x100.png HTTP/1.1" 404 1117
186.103.156.211 - - [01/Mar/2017:11:55:22 -0300] "GET /cormun/static/Shared/jqueryui/images/ui-icons_82798d_256x240.png HTTP/1.1" 404 1089
186.103.156.211 - - [01/Mar/2017:11:55:22 -0300] "GET /cormun/static/Shared/jqueryui/images/ui-icons_ebccce_256x240.png HTTP/1.1" 404 1089
186.103.156.211 - - [01/Mar/2017:11:55:22 -0300] "GET /cormun/static/Shared/jqueryui/images/ui-bg_flat_55_994d53_40x100.png HTTP/1.1" 404 1097
192.168.10.89 - - [01/Mar/2017:11:55:26 -0300] "POST /cormun/servlet/trsolicitudgral?837e75ca32b67095435f9dd5be027a86,,gx-no-cache=1488383412944 HTTP/1.1" 200 5580
186.79.16.23 - - [01/Mar/2017:11:55:29 -0300] "GET /cormun/servlet/solicitudotadjuntos?INS,2017,4955,,1, HTTP/1.1" 200 5829
186.103.156.211 - - [01/Mar/2017:11:55:29 -0300] "GET /cormun/servlet/licenciaspermisos?4d332fc2ba54c23007f814d836c2a0913a7b61dbec050f381413a5306c70f2646fcf5de052b2b81c9a593c1d667072f400888b237e303b97229d48b81a60115cce7976453b502f0680f3aa17abf3f28bf143177ba55aad1fac1963c698459d70f68f2b90b3bebfc5c42af05b7af371bd0c223d981d5f853d652343bb89ca4651524337514f7d97d501c69d6cc659d23a951bf5e95b1fee3a256abe62cfd06d6708577d7f71d919732eaebe3cb251602053e37e0ae094285e791f3a4d7c067c606670875ca0d6f18a4b7bae9c1cfdebb83afb52f92da8282473e49ed01b205458,gx-no-cache=1488380219810 HTTP/1.1" 200 30
186.79.16.23 - - [01/Mar/2017:11:55:29 -0300] "GET /cormun/static/about:blank HTTP/1.1" 404 1011
186.103.156.211 - - [01/Mar/2017:11:55:29 -0300] "GET /cormun/servlet/licenciaspermisos?4d332fc2ba54c23007f814d836c2a0910bf081fb46c2a41f8f2cbbc9d80294b82db598e48e43022fdd2d8542733623572f1d93454eb40acbf8cc96607748de7e66e0108096af28d6d4b935337b79eade5c9a229d5cb4523deea071a85a7abe1fd595c11e6b9280524a3fcf7fb88e5b4913a2fc2b1a3a13c610e9d48f332f7e5d6da00348cfb510823a075a152f15dd2337c26f7e81c5ca9da909912ab93c3a291b629ff98de790564378f8419133b80c9cf9a878e2535a906a1556f3f201c7e5eeb2db5a7f5949ed5994658fa12358da68a94cdbbf0bf6eccf130e8dfc1711ac,gx-no-cache=1488380219872 HTTP/1.1" 200 29
186.103.156.211 - - [01/Mar/2017:11:55:29 -0300] "POST /cormun/servlet/licenciaspermisos?184ec44145d743535977557df831d605,INS,0,,,,gx-no-cache=1488380219916 HTTP/1.1" 200 93
186.103.156.211 - - [01/Mar/2017:11:55:29 -0300] "GET /cormun/servlet/hpexe_return? HTTP/1.1" 200 1013
186.79.16.23 - - [01/Mar/2017:11:55:30 -0300] "GET /cormun/servlet/solicitudotadjuntos?INS,2017,4955,,1, HTTP/1.1" 200 5823
186.103.156.211 - - [01/Mar/2017:11:55:30 -0300] "GET /cormun/static/gxcfg.js?2016101716175148 HTTP/1.1" 200 953
186.103.156.211 - - [01/Mar/2017:11:55:30 -0300] "GET /cormun/static/hpexe_return.js?2016101716175153 HTTP/1.1" 200 1633
186.103.156.211 - - [01/Mar/2017:11:55:30 -0300] "GET /cormun/servlet/trlicencias? HTTP/1.1" 200 7721
186.79.16.23 - - [01/Mar/2017:11:55:30 -0300] "GET /cormun/servlet/solicitudotadjuntos?c909dfd761e0991633dddcb21d07aff413b636a864b331e9b7e6f45aa17437fff40ac61bfb329144f13894af5776fa9a,gx-no-cache=1488380201302 HTTP/1.1" 200 30
186.79.16.23 - - [01/Mar/2017:11:55:30 -0300] "POST /cormun/servlet/solicitudotadjuntos?767e66286bbf99994442236e53c5f92a,INS,2017,4955,,1,,gx-no-cache=1488380201398 HTTP/1.1" 200 3686
186.103.156.211 - - [01/Mar/2017:11:55:31 -0300] "GET /cormun/servlet/trlicencias? HTTP/1.1" 200 7717
186.103.159.187 - - [01/Mar/2017:11:55:31 -0300] "POST /cormun/servlet/solicitudot?a56ac4a8a304f50775b83eab458421d6,INS,0,0,,gx-no-cache=1488380200682 HTTP/1.1" 200 93
186.103.159.187 - - [01/Mar/2017:11:55:31 -0300] "GET /cormun/servlet/hpexe_return? HTTP/1.1" 200 1027
186.103.159.187 - - [01/Mar/2017:11:55:32 -0300] "GET /cormun/servlet/trsolicitudot?gx-no-cache=1488380019571 HTTP/1.1" 200 6715
186.103.159.187 - - [01/Mar/2017:11:55:33 -0300] "GET /cormun/servlet/trsolicitudot?gx-no-cache=1488380019571 HTTP/1.1" 200 6734
186.79.16.23 - - [01/Mar/2017:11:55:33 -0300] "POST /cormun/servlet/solicitudotadjuntos?gx-no-cache=1488380204287 HTTP/1.1" 200 26
186.79.16.23 - - [01/Mar/2017:11:55:38 -0300] "GET /cormun/servlet/solicitudotadjuntos?c909dfd761e0991633dddcb21d07aff48c5d14643c9b5b922c20826ddeea4b17,gx-no-cache=1488380209712 HTTP/1.1" 200 30
186.79.16.23 - - [01/Mar/2017:11:55:38 -0300] "GET /cormun/servlet/solicitudotadjuntos?c909dfd761e0991633dddcb21d07aff48c5d14643c9b5b922c20826ddeea4b17,gx-no-cache=1488380209759 HTTP/1.1" 200 30
186.79.16.23 - - [01/Mar/2017:11:55:40 -0300] "POST /cormun/servlet/solicitudotadjuntos?767e66286bbf99994442236e53c5f92a,INS,2017,4955,,1, HTTP/1.1" 200 116
186.79.16.23 - - [01/Mar/2017:11:55:40 -0300] "GET /cormun/servlet/hpexe_return? HTTP/1.1" 200 1024
186.103.156.211 - - [01/Mar/2017:11:55:40 -0300] "GET /cormun/servlet/trlicencias? HTTP/1.1" 200 7717
186.79.16.23 - - [01/Mar/2017:11:55:40 -0300] "GET /cormun/servlet/trsolicitudadjuntos?2017,4955, HTTP/1.1" 200 8233
186.103.156.211 - - [01/Mar/2017:11:55:41 -0300] "GET /cormun/servlet/trlicencias? HTTP/1.1" 200 7717
186.79.16.23 - - [01/Mar/2017:11:55:41 -0300] "GET /cormun/servlet/trsolicitudadjuntos?2017,4955, HTTP/1.1" 200 8230
186.79.16.23 - - [01/Mar/2017:11:55:43 -0300] "GET /cormun/servlet/solicitudotadjuntos?INS,2017,4955,,1, HTTP/1.1" 200 5829
186.79.16.23 - - [01/Mar/2017:11:55:44 -0300] "GET /cormun/static/about:blank HTTP/1.1" 404 1011
186.79.16.23 - - [01/Mar/2017:11:55:44 -0300] "GET /cormun/servlet/solicitudotadjuntos?INS,2017,4955,,1, HTTP/1.1" 200 5823
186.79.16.23 - - [01/Mar/2017:11:55:44 -0300] "GET /cormun/servlet/solicitudotadjuntos?c909dfd761e0991633dddcb21d07aff413b636a864b331e9b7e6f45aa17437fff40ac61bfb329144f13894af5776fa9a,gx-no-cache=1488380215616 HTTP/1.1" 200 30
186.79.16.23 - - [01/Mar/2017:11:55:45 -0300] "POST /cormun/servlet/solicitudotadjuntos?767e66286bbf99994442236e53c5f92a,INS,2017,4955,,1,,gx-no-cache=1488380215733 HTTP/1.1" 200 3686
186.103.156.211 - - [01/Mar/2017:11:55:47 -0300] "GET /cormun/servlet/trsolicitudot? HTTP/1.1" 200 6625
186.79.16.23 - - [01/Mar/2017:11:55:47 -0300] "POST /cormun/servlet/solicitudotadjuntos?gx-no-cache=1488380218591 HTTP/1.1" 200 26
186.103.156.211 - - [01/Mar/2017:11:55:48 -0300] "GET /cormun/servlet/trsolicitudot? HTTP/1.1" 200 6625
186.103.159.187 - - [01/Mar/2017:11:55:50 -0300] "GET /cormun/servlet/hhome HTTP/1.1" 200 3757
186.103.159.187 - - [01/Mar/2017:11:55:51 -0300] "GET /cormun/servlet/hhome HTTP/1.1" 200 3733
186.103.156.211 - - [01/Mar/2017:11:55:52 -0300] "GET /cormun/servlet/trlicencias? HTTP/1.1" 200 7718
186.79.16.23 - - [01/Mar/2017:11:55:52 -0300] "GET /cormun/servlet/solicitudotadjuntos?c909dfd761e0991633dddcb21d07aff48c5d14643c9b5b922c20826ddeea4b17,gx-no-cache=1488380223735 HTTP/1.1" 200 30
200.112.5.202 - - [01/Mar/2017:11:55:52 -0300] "GET /cormun/servlet/hlogin HTTP/1.1" 200 1728
186.79.16.23 - - [01/Mar/2017:11:55:53 -0300] "GET /cormun/servlet/solicitudotadjuntos?c909dfd761e0991633dddcb21d07aff48c5d14643c9b5b922c20826ddeea4b17,gx-no-cache=1488380223804 HTTP/1.1" 200 30
186.103.156.211 - - [01/Mar/2017:11:55:53 -0300] "GET /cormun/servlet/trlicencias? HTTP/1.1" 200 7717
186.79.16.23 - - [01/Mar/2017:11:55:55 -0300] "POST /cormun/servlet/solicitudotadjuntos?767e66286bbf99994442236e53c5f92a,INS,2017,4955,,1, HTTP/1.1" 200 116
186.79.16.23 - - [01/Mar/2017:11:55:55 -0300] "GET /cormun/servlet/hpexe_return? HTTP/1.1" 200 1024
186.79.16.23 - - [01/Mar/2017:11:55:55 -0300] "GET /cormun/servlet/trsolicitudadjuntos?2017,4955, HTTP/1.1" 200 8385
186.79.16.23 - - [01/Mar/2017:11:55:56 -0300] "GET /cormun/servlet/trsolicitudadjuntos?2017,4955, HTTP/1.1" 200 8381
200.111.191.210 - - [01/Mar/2017:11:55:57 -0300] "GET /cormun/servlet/trlicenciaspermisosadjuntos?7496875,20170301000000,L, HTTP/1.1" 200 6481
200.111.191.210 - - [01/Mar/2017:11:55:57 -0300] "GET /cormun/servlet/trlicenciaspermisosadjuntos?7496875,20170301000000,L, HTTP/1.1" 200 6481
186.79.16.23 - - [01/Mar/2017:11:55:58 -0300] "GET /cormun/servlet/solicitudotadjuntos?INS,2017,4955,,1, HTTP/1.1" 200 5829
186.79.16.23 - - [01/Mar/2017:11:55:58 -0300] "GET /cormun/static/about:blank HTTP/1.1" 404 1011
186.79.16.23 - - [01/Mar/2017:11:55:58 -0300] "GET /cormun/servlet/solicitudotadjuntos?INS,2017,4955,,1, HTTP/1.1" 200 5823
186.103.159.187 - - [01/Mar/2017:11:55:59 -0300] "GET /cormun/servlet/trsolicitudot? HTTP/1.1" 200 6710
186.79.16.23 - - [01/Mar/2017:11:55:59 -0300] "GET /cormun/servlet/solicitudotadjuntos?c909dfd761e0991633dddcb21d07aff413b636a864b331e9b7e6f45aa17437fff40ac61bfb329144f13894af5776fa9a,gx-no-cache=1488380230069 HTTP/1.1" 200 30
186.79.16.23 - - [01/Mar/2017:11:55:59 -0300] "POST /cormun/servlet/solicitudotadjuntos?767e66286bbf99994442236e53c5f92a,INS,2017,4955,,1,,gx-no-cache=1488380230167 HTTP/1.1" 200 3686
186.103.159.187 - - [01/Mar/2017:11:55:59 -0300] "GET /cormun/servlet/trsolicitudot? HTTP/1.1" 200 6712
186.79.16.23 - - [01/Mar/2017:11:56:04 -0300] "POST /cormun/servlet/solicitudotadjuntos?gx-no-cache=1488380235181 HTTP/1.1" 200 26
200.111.191.210 - - [01/Mar/2017:11:56:05 -0300] "GET /cormun/PublicTempStorage/0919414358973.PDF HTTP/1.1" 200 987558
200.112.5.202 - - [01/Mar/2017:11:56:06 -0300] "POST /cormun/servlet/hlogin?c48f2155c1f22ddb2967d4e4d878e032,gx-no-cache=1488380239280 HTTP/1.1" 200 90
200.112.5.202 - - [01/Mar/2017:11:56:06 -0300] "GET /cormun/servlet/hpexe_link HTTP/1.1" 200 956
200.112.5.202 - - [01/Mar/2017:11:56:06 -0300] "GET /cormun/servlet/hhome HTTP/1.1" 200 3976
200.111.191.210 - - [01/Mar/2017:11:56:07 -0300] "GET /cormun/servlet/trlicenciaspermisosadjuntos?7496875,20170301000000,L, HTTP/1.1" 200 6481
200.111.191.210 - - [01/Mar/2017:11:56:08 -0300] "GET /cormun/servlet/trlicenciaspermisosadjuntos?7496875,20170301000000,L, HTTP/1.1" 200 6481
200.112.5.202 - - [01/Mar/2017:11:56:08 -0300] "GET /cormun/servlet/hhome HTTP/1.1" 200 3974
200.111.191.210 - - [01/Mar/2017:11:56:10 -0300] "POST /cormun/servlet/trlicenciaspermisosadjuntos?6afc504e47bd01e5e8e09df0d1ea132b,7496875,20170301000000,L,,gx-no-cache=1488383758745 HTTP/1.1" 200 4302
186.79.16.23 - - [01/Mar/2017:11:56:13 -0300] "GET /cormun/servlet/solicitudotadjuntos?c909dfd761e0991633dddcb21d07aff48c5d14643c9b5b922c20826ddeea4b17,gx-no-cache=1488380244745 HTTP/1.1" 200 30
186.79.16.23 - - [01/Mar/2017:11:56:13 -0300] "GET /cormun/servlet/solicitudotadjuntos?c909dfd761e0991633dddcb21d07aff48c5d14643c9b5b922c20826ddeea4b17,gx-no-cache=1488380244794 HTTP/1.1" 200 30
186.103.159.187 - - [01/Mar/2017:11:56:14 -0300] "GET /cormun/servlet/solicitudot?INS,0,0, HTTP/1.1" 200 12546
186.103.159.187 - - [01/Mar/2017:11:56:15 -0300] "GET /cormun/servlet/solicitudot?INS,0,0, HTTP/1.1" 200 12551
186.79.16.23 - - [01/Mar/2017:11:56:15 -0300] "POST /cormun/servlet/solicitudotadjuntos?767e66286bbf99994442236e53c5f92a,INS,2017,4955,,1, HTTP/1.1" 200 116
186.79.16.23 - - [01/Mar/2017:11:56:15 -0300] "GET /cormun/servlet/hpexe_return? HTTP/1.1" 200 1024
186.79.16.23 - - [01/Mar/2017:11:56:16 -0300] "GET /cormun/servlet/trsolicitudadjuntos?2017,4955, HTTP/1.1" 200 8522
186.79.16.23 - - [01/Mar/2017:11:56:16 -0300] "GET /cormun/servlet/trsolicitudadjuntos?2017,4955, HTTP/1.1" 200 8519
186.79.16.23 - - [01/Mar/2017:11:56:19 -0300] "GET /cormun/servlet/solicitudotadjuntos?INS,2017,4955,,1, HTTP/1.1" 200 5829
186.79.16.23 - - [01/Mar/2017:11:56:19 -0300] "GET /cormun/static/about:blank HTTP/1.1" 404 1011
186.79.16.23 - - [01/Mar/2017:11:56:19 -0300] "GET /cormun/servlet/solicitudotadjuntos?INS,2017,4955,,1, HTTP/1.1" 200 5823
186.79.16.23 - - [01/Mar/2017:11:56:19 -0300] "GET /cormun/servlet/solicitudotadjuntos?c909dfd761e0991633dddcb21d07aff413b636a864b331e9b7e6f45aa17437fff40ac61bfb329144f13894af5776fa9a,gx-no-cache=1488380250767 HTTP/1.1" 200 30
186.79.16.23 - - [01/Mar/2017:11:56:20 -0300] "POST /cormun/servlet/solicitudotadjuntos?767e66286bbf99994442236e53c5f92a,INS,2017,4955,,1,,gx-no-cache=1488380250838 HTTP/1.1" 200 3686
186.79.16.23 - - [01/Mar/2017:11:56:24 -0300] "POST /cormun/servlet/solicitudotadjuntos?gx-no-cache=1488380254824 HTTP/1.1" 200 26
186.79.16.23 - - [01/Mar/2017:11:56:28 -0300] "GET /cormun/servlet/solicitudotadjuntos?c909dfd761e0991633dddcb21d07aff48c5d14643c9b5b922c20826ddeea4b17,gx-no-cache=1488380259696 HTTP/1.1" 200 30
186.79.16.23 - - [01/Mar/2017:11:56:28 -0300] "GET /cormun/servlet/solicitudotadjuntos?c909dfd761e0991633dddcb21d07aff48c5d14643c9b5b922c20826ddeea4b17,gx-no-cache=1488380259768 HTTP/1.1" 200 30
186.79.16.23 - - [01/Mar/2017:11:56:30 -0300] "POST /cormun/servlet/solicitudotadjuntos?767e66286bbf99994442236e53c5f92a,INS,2017,4955,,1, HTTP/1.1" 200 116
186.79.16.23 - - [01/Mar/2017:11:56:30 -0300] "GET /cormun/servlet/hpexe_return? HTTP/1.1" 200 1024
186.79.16.23 - - [01/Mar/2017:11:56:30 -0300] "GET /cormun/servlet/trsolicitudadjuntos?2017,4955, HTTP/1.1" 200 8662
186.79.16.23 - - [01/Mar/2017:11:56:31 -0300] "GET /cormun/servlet/trsolicitudadjuntos?2017,4955, HTTP/1.1" 200 8657
186.79.16.23 - - [01/Mar/2017:11:56:33 -0300] "GET /cormun/servlet/solicitudotadjuntos?INS,2017,4955,,1, HTTP/1.1" 200 5829
186.79.16.23 - - [01/Mar/2017:11:56:33 -0300] "GET /cormun/static/about:blank HTTP/1.1" 404 1011
186.79.16.23 - - [01/Mar/2017:11:56:33 -0300] "GET /cormun/servlet/solicitudotadjuntos?INS,2017,4955,,1, HTTP/1.1" 200 5823
186.79.16.23 - - [01/Mar/2017:11:56:33 -0300] "GET /cormun/servlet/solicitudotadjuntos?c909dfd761e0991633dddcb21d07aff413b636a864b331e9b7e6f45aa17437fff40ac61bfb329144f13894af5776fa9a,gx-no-cache=1488380264666 HTTP/1.1" 200 30
186.79.16.23 - - [01/Mar/2017:11:56:34 -0300] "POST /cormun/servlet/solicitudotadjuntos?767e66286bbf99994442236e53c5f92a,INS,2017,4955,,1,,gx-no-cache=1488380264731 HTTP/1.1" 200 3686
186.79.16.23 - - [01/Mar/2017:11:56:36 -0300] "POST /cormun/servlet/solicitudotadjuntos?gx-no-cache=1488380267398 HTTP/1.1" 200 26
186.103.159.187 - - [01/Mar/2017:11:56:41 -0300] "POST /cormun/servlet/solicitudot?gx-no-cache=1488380271240 HTTP/1.1" 200 3176
186.103.159.187 - - [01/Mar/2017:11:56:42 -0300] "POST /cormun/servlet/solicitudot?a56ac4a8a304f50775b83eab458421d6,INS,0,0,,gx-no-cache=1488380271452 HTTP/1.1" 200 9778
186.79.16.23 - - [01/Mar/2017:11:56:43 -0300] "GET /cormun/servlet/solicitudotadjuntos?c909dfd761e0991633dddcb21d07aff48c5d14643c9b5b922c20826ddeea4b17,gx-no-cache=1488380274042 HTTP/1.1" 200 30
186.79.16.23 - - [01/Mar/2017:11:56:43 -0300] "GET /cormun/servlet/solicitudotadjuntos?c909dfd761e0991633dddcb21d07aff48c5d14643c9b5b922c20826ddeea4b17,gx-no-cache=1488380274118 HTTP/1.1" 200 30
186.103.159.187 - - [01/Mar/2017:11:56:44 -0300] "GET /cormun/servlet/solicitudot?7f104f66f12125a20b71a930dadc1f2edece6c4e2c9bd734520f4416e6a79b495d16e8346950ec160764d70a589682a7,gx-no-cache=1488380273912 HTTP/1.1" 200 30
186.103.159.187 - - [01/Mar/2017:11:56:44 -0300] "POST /cormun/servlet/solicitudot?gx-no-cache=1488380273972 HTTP/1.1" 200 256
186.103.159.187 - - [01/Mar/2017:11:56:44 -0300] "GET /cormun/servlet/solicitudot?7f104f66f12125a20b71a930dadc1f2e5e52750247fad28340156b874c527344b9d9b488717f72d931f014cae589469d2bb39b19518f3d8036cf7ea0504d28d0098da1c7f612aab923b4b61a3ac10cc6c025055cfc602265488d115c252bd2bfe4ab4275de8c93562aec97f32a1027a122fdbf287dc49bf8a68925ccd9997b738dccd9393be0b3f9b23873f6ec42a59737b2b68c1537009bb7f653535f9356ff1ad9fa6b3fd0f0e9f5d30ddc67db1831d72f73b31c7f337bba2e091b87d62e7ce9c003914f5ffdac9fd4e338f71177c59638aaeb6e231c46ae1fd8252812967acac7be611868215a99a148783851e7dd4f54417f617f510c4d6e179aff88e2541e2792c8256154820ab8c87625a706b10776fab607bdbaf7350138da76ccf2a4652b890fcfcccb04ae6ed41dbc26b460427623693e9c674b76d4257d30f5d5223ec9e464f91f1aa59ca192c42b51fbc3c6ff48b5df0ee228f4d2868dd46582ab429586cd46f2798849229fdc0a61a54eae2dd6f41fe347cf21b662765d9edad1,gx-no-cache=1488380274018 HTTP/1.1" 200 30
186.79.80.199 - - [01/Mar/2017:11:56:44 -0300] "GET /cormun/servlet/hlogin HTTP/1.1" 200 1720
186.79.80.199 - - [01/Mar/2017:11:56:45 -0300] "GET /cormun/static/gxcfg.js?201612216162538 HTTP/1.1" 304 -
186.79.16.23 - - [01/Mar/2017:11:56:46 -0300] "POST /cormun/servlet/solicitudotadjuntos?767e66286bbf99994442236e53c5f92a,INS,2017,4955,,1, HTTP/1.1" 200 116
186.79.16.23 - - [01/Mar/2017:11:56:46 -0300] "GET /cormun/servlet/hpexe_return? HTTP/1.1" 200 1024
186.79.16.23 - - [01/Mar/2017:11:56:46 -0300] "GET /cormun/servlet/trsolicitudadjuntos?2017,4955, HTTP/1.1" 200 8910
186.79.16.23 - - [01/Mar/2017:11:56:47 -0300] "GET /cormun/servlet/trsolicitudadjuntos?2017,4955, HTTP/1.1" 200 8908
186.79.80.199 - - [01/Mar/2017:11:56:56 -0300] "POST /cormun/servlet/hlogin?479176e3841a295cc126dea539e7ef41,gx-no-cache=1488380289209 HTTP/1.1" 200 90
186.79.80.199 - - [01/Mar/2017:11:56:56 -0300] "GET /cormun/servlet/hpexe_link HTTP/1.1" 200 956
186.79.80.199 - - [01/Mar/2017:11:56:57 -0300] "GET /cormun/servlet/hhome HTTP/1.1" 200 3984
186.79.80.199 - - [01/Mar/2017:11:56:58 -0300] "GET /cormun/servlet/hhome HTTP/1.1" 200 3981
186.103.159.187 - - [01/Mar/2017:11:57:01 -0300] "POST /cormun/servlet/solicitudot?gx-no-cache=1488380290941 HTTP/1.1" 200 30
186.79.80.199 - - [01/Mar/2017:11:57:03 -0300] "GET /cormun/servlet/trsolicitudot? HTTP/1.1" 200 6956
186.103.156.211 - - [01/Mar/2017:11:57:03 -0300] "POST /cormun/servlet/trlicencias?184ec44145d743535977557df831d605,,gx-no-cache=1488380321565 HTTP/1.1" 200 3933
186.103.159.187 - - [01/Mar/2017:11:57:04 -0300] "GET /cormun/servlet/prcontratosol?12962041,,,,,MD,,gxPopupLevel%3D0%3B HTTP/1.1" 200 5888
186.103.156.211 - - [01/Mar/2017:11:57:09 -0300] "GET /cormun/servlet/trlicencias? HTTP/1.1" 200 6557
186.103.159.187 - - [01/Mar/2017:11:57:09 -0300] "POST /cormun/servlet/solicitudot?gx-no-cache=1488380299285 HTTP/1.1" 200 1290
186.103.159.187 - - [01/Mar/2017:11:57:09 -0300] "POST /cormun/servlet/solicitudot?gx-no-cache=1488380299354 HTTP/1.1" 200 38
186.103.159.187 - - [01/Mar/2017:11:57:10 -0300] "GET /cormun/servlet/solicitudot?7f104f66f12125a20b71a930dadc1f2eb00310174aa897c931d229e3135d06860039ac67cf13019112cc28658078f930c34669c0ebad323e1da6ebab14d7cd45ef9c913b48699e053d51be6938183298edf48c09291bfb1310da72ac55489182e00f9cfcabd300d95c90146ef7eb9b1fcb3ed7d27958b62f0bdbd6b7a04a0305937a11fd33fde0a48afec929e57d22eb907653f8eafdc59585bca0cc9f070da1,gx-no-cache=1488380299402 HTTP/1.1" 200 29
186.103.159.187 - - [01/Mar/2017:11:57:10 -0300] "POST /cormun/servlet/solicitudot?gx-no-cache=1488380299461 HTTP/1.1" 200 1273
186.103.159.187 - - [01/Mar/2017:11:57:10 -0300] "POST /cormun/servlet/solicitudot?gx-no-cache=1488380299534 HTTP/1.1" 200 1156
186.103.156.211 - - [01/Mar/2017:11:57:10 -0300] "GET /cormun/servlet/trlicencias? HTTP/1.1" 200 6557
186.79.16.23 - - [01/Mar/2017:11:57:10 -0300] "GET /cormun/servlet/solicitudotadjuntos?INS,2017,4955,,2, HTTP/1.1" 200 5827
186.79.16.23 - - [01/Mar/2017:11:57:11 -0300] "GET /cormun/servlet/solicitudotadjuntos?INS,2017,4955,,2, HTTP/1.1" 200 5821
186.103.159.187 - - [01/Mar/2017:11:57:11 -0300] "GET /cormun/servlet/prsolicitudot?12962041,,,,,MD,,gxPopupLevel%3D0%3B HTTP/1.1" 200 6084
186.79.16.23 - - [01/Mar/2017:11:57:11 -0300] "GET /cormun/static/about:blank HTTP/1.1" 404 1011
186.79.16.23 - - [01/Mar/2017:11:57:11 -0300] "GET /cormun/servlet/solicitudotadjuntos?c909dfd761e0991633dddcb21d07aff413b636a864b331e9b7e6f45aa17437fff40ac61bfb329144f13894af5776fa9a,gx-no-cache=1488380302281 HTTP/1.1" 200 30
186.79.80.199 - - [01/Mar/2017:11:57:11 -0300] "GET /cormun/servlet/trsolicitudot? HTTP/1.1" 200 6956
186.79.16.23 - - [01/Mar/2017:11:57:11 -0300] "POST /cormun/servlet/solicitudotadjuntos?767e66286bbf99994442236e53c5f92a,INS,2017,4955,,2,,gx-no-cache=1488380302352 HTTP/1.1" 200 3829
200.54.247.69 - - [01/Mar/2017:11:57:14 -0300] "GET /cormun/servlet/trsolicitudot? HTTP/1.1" 200 6946
200.54.247.69 - - [01/Mar/2017:11:57:18 -0300] "GET /cormun/servlet/trautorizarsolicitud? HTTP/1.1" 200 6898
186.79.80.199 - - [01/Mar/2017:11:57:22 -0300] "GET /cormun/servlet/solicitudot?INS,0,0, HTTP/1.1" 200 12775
200.54.247.69 - - [01/Mar/2017:11:57:22 -0300] "GET /cormun/servlet/trvisualizadoreventos? HTTP/1.1" 200 6702
186.79.80.199 - - [01/Mar/2017:11:57:24 -0300] "GET /cormun/servlet/solicitudot?INS,0,0, HTTP/1.1" 200 12780
192.168.10.89 - - [01/Mar/2017:11:57:25 -0300] "POST /cormun/servlet/trsolicitudgral?837e75ca32b67095435f9dd5be027a86,,gx-no-cache=1488383531730 HTTP/1.1" 200 10060
200.54.247.69 - - [01/Mar/2017:11:57:25 -0300] "POST /cormun/servlet/trvisualizadoreventos?c04ff8527bfd17c4e369de126924852e,,gx-no-cache=1488380316559 HTTP/1.1" 200 3952
186.79.80.199 - - [01/Mar/2017:11:57:34 -0300] "POST /cormun/servlet/solicitudot?gx-no-cache=1488380326346 HTTP/1.1" 200 3081
186.79.80.199 - - [01/Mar/2017:11:57:35 -0300] "POST /cormun/servlet/solicitudot?479176e3841a295cc126dea539e7ef41,INS,0,0,,gx-no-cache=1488380327431 HTTP/1.1" 200 9862
186.79.80.199 - - [01/Mar/2017:11:57:38 -0300] "GET /cormun/servlet/solicitudot?69ae52d0aa5ba2261b239e07ba0a6529d199da535c551ceb72e2a351606c38d2af3469301b40a1f28efc035c2d1eaec1,gx-no-cache=1488380330996 HTTP/1.1" 200 30
200.111.191.210 - - [01/Mar/2017:11:58:05 -0300] "GET /cormun/servlet/trsolicitudot? HTTP/1.1" 200 6476
200.111.191.210 - - [01/Mar/2017:11:58:05 -0300] "GET /cormun/static/gxui/gxui-all.css?120300 HTTP/1.1" 200 2179
200.111.191.210 - - [01/Mar/2017:11:58:05 -0300] "GET /cormun/static/calendar-system.css?85620 HTTP/1.1" 200 5572
200.111.191.210 - - [01/Mar/2017:11:58:05 -0300] "GET /cormun/static/SmoothNavMenu/resources/ddsmoothmenu.css?1112540 HTTP/1.1" 200 2223
200.111.191.210 - - [01/Mar/2017:11:58:05 -0300] "GET /cormun/static/Shared/jqueryui/jquery-ui.min.css?1345370 HTTP/1.1" 200 30288
200.111.191.210 - - [01/Mar/2017:11:58:05 -0300] "GET /cormun/static/Resources/Spanish/PXTools.css?18365030 HTTP/1.1" 200 89042
200.111.191.210 - - [01/Mar/2017:11:58:05 -0300] "GET /cormun/static/scaMessage/css/jquery.pnotify.default.css?1816380 HTTP/1.1" 200 1707
200.111.191.210 - - [01/Mar/2017:11:58:05 -0300] "GET /cormun/static/SmoothNavMenu/resources/ddsmoothmenu-v.css?1112540 HTTP/1.1" 200 1188
200.111.191.210 - - [01/Mar/2017:11:58:05 -0300] "GET /cormun/static/gxtimezone.js?85251 HTTP/1.1" 200 5781
200.111.191.210 - - [01/Mar/2017:11:58:06 -0300] "GET /cormun/static/gxcfg.js?20171191044697 HTTP/1.1" 200 953
200.111.191.210 - - [01/Mar/2017:11:58:06 -0300] "GET /cormun/static/calendar-setup.js?85251 HTTP/1.1" 200 2588
200.111.191.210 - - [01/Mar/2017:11:58:06 -0300] "GET /cormun/static/calendar-es.js?85251 HTTP/1.1" 200 1901
200.111.191.210 - - [01/Mar/2017:11:58:06 -0300] "GET /cormun/static/calendar.js?85251 HTTP/1.1" 200 26246
200.111.191.210 - - [01/Mar/2017:11:58:06 -0300] "GET /cormun/static/PXToolsJavascripts/pexe_autoreload.js HTTP/1.1" 200 1762
200.111.191.210 - - [01/Mar/2017:11:58:06 -0300] "GET /cormun/static/RunJS/RunJS.js HTTP/1.1" 200 288
200.111.191.210 - - [01/Mar/2017:11:58:06 -0300] "GET /cormun/static/gxgral.js?85251 HTTP/1.1" 200 384558
200.111.191.210 - - [01/Mar/2017:11:58:06 -0300] "GET /cormun/static/PXToolsJavascripts/pexe_cookies.js HTTP/1.1" 200 792
200.111.191.210 - - [01/Mar/2017:11:58:06 -0300] "GET /cormun/static/PXToolsJavascripts/pexe_windows.js HTTP/1.1" 200 15207
200.111.191.210 - - [01/Mar/2017:11:58:06 -0300] "GET /cormun/static/gxui/gxui-all.js HTTP/1.1" 200 107772
200.111.191.210 - - [01/Mar/2017:11:58:06 -0300] "GET /cormun/static/Shared/ext/resources/css/ext-all.css?215870 HTTP/1.1" 200 416045
200.111.191.210 - - [01/Mar/2017:11:58:07 -0300] "GET /cormun/static/PXToolsJavascripts/pexe_grid.js HTTP/1.1" 200 7559
200.111.191.210 - - [01/Mar/2017:11:58:07 -0300] "GET /cormun/static/PXToolsJavascripts/pexe_griddivfix.js HTTP/1.1" 200 6644
200.111.191.210 - - [01/Mar/2017:11:58:07 -0300] "GET /cormun/static/PXToolsJavascripts/pexe_menudivfix.js HTTP/1.1" 200 333
200.111.191.210 - - [01/Mar/2017:11:58:07 -0300] "GET /cormun/static/PXToolsJavascripts/pexe_link.js HTTP/1.1" 200 5671
200.111.191.210 - - [01/Mar/2017:11:58:07 -0300] "GET /cormun/static/PXToolsJavascripts/pexe_menus.js HTTP/1.1" 200 1286
200.111.191.210 - - [01/Mar/2017:11:58:07 -0300] "GET /cormun/static/PXToolsJavascripts/pexe_layers.js HTTP/1.1" 200 4114
200.111.191.210 - - [01/Mar/2017:11:58:07 -0300] "GET /cormun/static/PXToolsJavascripts/pexe_oav.js HTTP/1.1" 200 645
200.111.191.210 - - [01/Mar/2017:11:58:07 -0300] "GET /cormun/static/PXToolsJavascripts/pexe_oavdivfix.js HTTP/1.1" 200 639
200.111.191.210 - - [01/Mar/2017:11:58:07 -0300] "GET /cormun/static/PXToolsJavascripts/pexe_picture.js HTTP/1.1" 200 689
200.111.191.210 - - [01/Mar/2017:11:58:07 -0300] "GET /cormun/static/PXToolsJavascripts/pexe_popup.js HTTP/1.1" 200 13458
200.111.191.210 - - [01/Mar/2017:11:58:07 -0300] "GET /cormun/static/PXToolsJavascripts/pexe_upload.js HTTP/1.1" 200 1423
200.111.191.210 - - [01/Mar/2017:11:58:07 -0300] "GET /cormun/static/PXToolsJavascripts/pexe_tabs.js HTTP/1.1" 200 3748
200.111.191.210 - - [01/Mar/2017:11:58:07 -0300] "GET /cormun/static/PXToolsJavascripts/pexe_scrolldiv.js HTTP/1.1" 200 4138
200.111.191.210 - - [01/Mar/2017:11:58:07 -0300] "GET /cormun/static/PXToolsJavascripts/pexe_tabdivfix.js HTTP/1.1" 200 876
200.111.191.210 - - [01/Mar/2017:11:58:07 -0300] "GET /cormun/static/PXToolsJavascripts/PXToolsJavascriptsRender.js HTTP/1.1" 200 367
200.111.191.210 - - [01/Mar/2017:11:58:08 -0300] "GET /cormun/static/Shared/ext/locale/ext-lang-en.js HTTP/1.1" 200 10940
200.111.191.210 - - [01/Mar/2017:11:58:08 -0300] "GET /cormun/static/Shared/ext/ext-all.js HTTP/1.1" 200 1289687
200.111.191.210 - - [01/Mar/2017:11:58:08 -0300] "GET /cormun/static/messages.spa.js?85251 HTTP/1.1" 200 30736
200.111.191.210 - - [01/Mar/2017:11:58:08 -0300] "GET /cormun/static/gxdec.js?85251 HTTP/1.1" 200 19579
200.111.191.210 - - [01/Mar/2017:11:58:08 -0300] "GET /cormun/static/trsolicitudot.js?20171191045625 HTTP/1.1" 200 53117
200.111.191.210 - - [01/Mar/2017:11:58:08 -0300] "GET /cormun/static/hwchdr01.js?201612218432057 HTTP/1.1" 200 1183
200.111.191.210 - - [01/Mar/2017:11:58:08 -0300] "GET /cormun/static/hpexe_messagepopupcomponent.js?20161017169425 HTTP/1.1" 200 605
200.111.191.210 - - [01/Mar/2017:11:58:08 -0300] "GET /cormun/static/hpexe_scripts.js?201612218432016 HTTP/1.1" 200 1544
200.111.191.210 - - [01/Mar/2017:11:58:08 -0300] "GET /cormun/static/hpexe_messagecontroller.js?201610171694323 HTTP/1.1" 200 870
200.111.191.210 - - [01/Mar/2017:11:58:08 -0300] "GET /cormun/static/hpexe_recentlink.js?201610171694390 HTTP/1.1" 200 2144
200.111.191.210 - - [01/Mar/2017:11:58:08 -0300] "GET /cormun/static/hpexe_messagegenexuscomponent.js?201612218431816 HTTP/1.1" 200 587
200.111.191.210 - - [01/Mar/2017:11:58:09 -0300] "GET /cormun/static/Resources/PXToolsHeaderActionsBackground.png HTTP/1.1" 200 484
200.111.191.210 - - [01/Mar/2017:11:58:09 -0300] "GET /cormun/static/Resources/PXToolsGridPage.gif HTTP/1.1" 200 725
200.111.191.210 - - [01/Mar/2017:11:58:09 -0300] "GET /cormun/static/Resources/PXToolsGridPreviousDisabled.gif HTTP/1.1" 200 90
200.111.191.210 - - [01/Mar/2017:11:58:09 -0300] "GET /cormun/static/Resources/PXToolsHeaderActionsRight.png HTTP/1.1" 200 1201
200.111.191.210 - - [01/Mar/2017:11:58:09 -0300] "GET /cormun/static/Resources/PXToolsHeaderLogin.png HTTP/1.1" 200 4279
200.111.191.210 - - [01/Mar/2017:11:58:09 -0300] "GET /cormun/static/Resources/PXToolsGridLastDisabled.gif HTTP/1.1" 200 98
200.111.191.210 - - [01/Mar/2017:11:58:09 -0300] "GET /cormun/static/Resources/PXToolsDataTitle.png HTTP/1.1" 200 1173
200.111.191.210 - - [01/Mar/2017:11:58:09 -0300] "GET /cormun/static/Resources/PXToolsGridNew.png HTTP/1.1" 200 2949
200.111.191.210 - - [01/Mar/2017:11:58:09 -0300] "GET /cormun/static/Resources/PXToolsHeaderBackground2.png HTTP/1.1" 200 1174
200.111.191.210 - - [01/Mar/2017:11:58:09 -0300] "GET /cormun/static/Resources/PXToolsHeaderActionsLeft.png HTTP/1.1" 200 1118
200.111.191.210 - - [01/Mar/2017:11:58:09 -0300] "GET /cormun/static/Resources/PXToolsFooterBackground2.png HTTP/1.1" 200 1172
200.111.191.210 - - [01/Mar/2017:11:58:09 -0300] "GET /cormun/static/Resources/PXToolsHeaderSecurity.png HTTP/1.1" 200 4166
200.111.191.210 - - [01/Mar/2017:11:58:09 -0300] "GET /cormun/static/Resources/PXToolsHeaderHome.png HTTP/1.1" 200 4147
200.111.191.210 - - [01/Mar/2017:11:58:09 -0300] "GET /cormun/static/Resources/PXToolsActionExcel.png HTTP/1.1" 200 3187
200.111.191.210 - - [01/Mar/2017:11:58:09 -0300] "GET /cormun/static/Resources/PXToolsHeaderPreferences.png HTTP/1.1" 200 4189
200.111.191.210 - - [01/Mar/2017:11:58:09 -0300] "GET /cormun/static/Resources/PXToolsGridFirstDisabled.gif HTTP/1.1" 200 100
200.111.191.210 - - [01/Mar/2017:11:58:09 -0300] "GET /cormun/static/Resources/PXToolsGridNextDisabled.gif HTTP/1.1" 200 90
200.111.191.210 - - [01/Mar/2017:11:58:09 -0300] "GET /cormun/static/cmcontrolpreferences.js?201612218431999 HTTP/1.1" 200 1375
200.111.191.210 - - [01/Mar/2017:11:58:09 -0300] "GET /cormun/static/Shared/jquery/jquery-1.4.2.min.js HTTP/1.1" 200 72174
200.111.191.210 - - [01/Mar/2017:11:58:09 -0300] "GET /cormun/static/SmoothNavMenu/resources/SmoothNavMenuRender.js HTTP/1.1" 200 5951
200.111.191.210 - - [01/Mar/2017:11:58:09 -0300] "GET /cormun/static/SmoothNavMenu/resources/ddsmoothmenu.js HTTP/1.1" 200 12712
200.111.191.210 - - [01/Mar/2017:11:58:09 -0300] "GET /cormun/static/scaMessage/js/jquery.pnotify.min.js HTTP/1.1" 200 13038
200.111.191.210 - - [01/Mar/2017:11:58:09 -0300] "GET /cormun/static/scaMessage/scaMessageRender.js HTTP/1.1" 200 11977
200.111.191.210 - - [01/Mar/2017:11:58:09 -0300] "GET /cormun/static/hmpwkw03.js?20161221852152 HTTP/1.1" 200 3965
200.111.191.210 - - [01/Mar/2017:11:58:09 -0300] "GET /cormun/static/Resources/logo4.png HTTP/1.1" 200 6582
200.111.191.210 - - [01/Mar/2017:11:58:09 -0300] "GET /cormun/static/Resources/PXTools/calendar.png HTTP/1.1" 200 1306
200.111.191.210 - - [01/Mar/2017:11:58:09 -0300] "GET /cormun/static/Resources/PXToolsDataSearch.png HTTP/1.1" 200 419
200.111.191.210 - - [01/Mar/2017:11:58:09 -0300] "GET /cormun/static/Shared/jqueryui/jquery-ui.min.js HTTP/1.1" 200 240427
200.111.191.210 - - [01/Mar/2017:11:58:09 -0300] "GET /cormun/static/Shared/jquery/jquery-1.10.2.min.js HTTP/1.1" 200 273199
200.111.191.210 - - [01/Mar/2017:11:58:10 -0300] "GET /cormun/servlet/trsolicitudot? HTTP/1.1" 200 6486
200.111.191.210 - - [01/Mar/2017:11:58:10 -0300] "GET /cormun/static/Resources/indicator.gif HTTP/1.1" 200 1553
200.111.191.210 - - [01/Mar/2017:11:58:10 -0300] "GET /cormun/static/SmoothNavMenu/resources/images/down.gif HTTP/1.1" 200 854
200.111.191.210 - - [01/Mar/2017:11:58:10 -0300] "GET /cormun/static/Resources/desc.gif HTTP/1.1" 200 65
200.111.191.210 - - [01/Mar/2017:11:58:10 -0300] "GET /cormun/static/Shared/ext/resources/themes/images/default/tools/tool-sprites.gif HTTP/1.1" 200 5434
200.111.191.210 - - [01/Mar/2017:11:58:10 -0300] "GET /cormun/static/Resources/asc.gif HTTP/1.1" 200 67
200.111.191.210 - - [01/Mar/2017:11:58:10 -0300] "GET /cormun/static/Shared/ext/resources/themes/images/default/panel/bg-headersPanel.png HTTP/1.1" 200 255
200.54.247.69 - - [01/Mar/2017:11:58:14 -0300] "GET /cormun/static/menuarrow.gif HTTP/1.1" 404 1015
200.111.191.210 - - [01/Mar/2017:11:58:14 -0300] "GET /cormun/servlet/trlicencias? HTTP/1.1" 200 7710
200.111.191.210 - - [01/Mar/2017:11:58:14 -0300] "GET /cormun/static/gxcfg.js?2016122619301429 HTTP/1.1" 200 953
200.111.191.210 - - [01/Mar/2017:11:58:14 -0300] "GET /cormun/static/trlicencias.js?2016122619301919 HTTP/1.1" 200 37916
200.111.191.210 - - [01/Mar/2017:11:58:15 -0300] "GET /cormun//static/Resources/PXToolsActionDisabled.gif HTTP/1.1" 200 53
200.111.191.210 - - [01/Mar/2017:11:58:15 -0300] "GET /cormun/servlet/trlicencias? HTTP/1.1" 200 7709
200.111.191.210 - - [01/Mar/2017:11:58:15 -0300] "GET /cormun//static/Resources/PXToolsGridDisplay.png HTTP/1.1" 200 362
200.111.191.210 - - [01/Mar/2017:11:58:15 -0300] "GET /cormun//static/Resources/PXToolsHeaderHelp.png HTTP/1.1" 200 4055
200.111.191.210 - - [01/Mar/2017:11:58:15 -0300] "GET /cormun//static/Resources/PXTools/ActionInsert.png HTTP/1.1" 200 1482
200.111.191.210 - - [01/Mar/2017:11:58:15 -0300] "GET /cormun//static/Resources/PXToolsActionPrint.png HTTP/1.1" 200 3317
200.111.191.210 - - [01/Mar/2017:11:58:15 -0300] "GET /cormun//static/Resources/PXToolsHeaderFavorites.png HTTP/1.1" 200 2744
186.103.156.211 - - [01/Mar/2017:11:58:17 -0300] "GET /cormun/servlet/licenciaspermisos?INS,0,,, HTTP/1.1" 200 7050
186.103.156.211 - - [01/Mar/2017:11:58:17 -0300] "GET /cormun/servlet/licenciaspermisos?INS,0,,, HTTP/1.1" 200 7050
200.111.191.210 - - [01/Mar/2017:11:58:18 -0300] "POST /cormun/servlet/trlicencias?6afc504e47bd01e5e8e09df0d1ea132b,,gx-no-cache=1488383885658 HTTP/1.1" 200 5147
200.111.191.210 - - [01/Mar/2017:11:58:25 -0300] "GET /cormun/servlet/trlicenciaspermisosadjuntos?7496875,20170301000000,L, HTTP/1.1" 200 6480
200.111.191.210 - - [01/Mar/2017:11:58:25 -0300] "GET /cormun/static/gxcfg.js?2016122813131454 HTTP/1.1" 200 953
200.111.191.210 - - [01/Mar/2017:11:58:25 -0300] "GET /cormun/static/trlicenciaspermisosadjuntos.js?2016122813131728 HTTP/1.1" 200 21008
186.103.159.187 - - [01/Mar/2017:11:58:26 -0300] "GET /cormun/servlet/prpersonalsolicitud?12962041,,,,,MD,,gxPopupLevel%3D0%3B HTTP/1.1" 200 5895
186.103.159.187 - - [01/Mar/2017:11:58:26 -0300] "GET /cormun/static/gxcfg.js?201612218544014 HTTP/1.1" 200 953
186.103.159.187 - - [01/Mar/2017:11:58:26 -0300] "GET /cormun/static/prpersonalsolicitud.js?201612218544168 HTTP/1.1" 200 13873
200.111.191.210 - - [01/Mar/2017:11:58:26 -0300] "GET /cormun/servlet/trlicenciaspermisosadjuntos?7496875,20170301000000,L, HTTP/1.1" 200 6480
200.54.247.69 - - [01/Mar/2017:11:58:28 -0300] "POST /cormun/servlet/trvisualizadoreventos?c04ff8527bfd17c4e369de126924852e,,gx-no-cache=1488380378791 HTTP/1.1" 200 3960
200.111.191.210 - - [01/Mar/2017:11:58:33 -0300] "GET /cormun/servlet/trlicencias? HTTP/1.1" 200 7710
200.54.247.69 - - [01/Mar/2017:11:58:33 -0300] "GET /cormun/servlet/trvisualizadoreventos? HTTP/1.1" 200 6706
200.111.191.210 - - [01/Mar/2017:11:58:33 -0300] "GET /cormun/servlet/trlicencias? HTTP/1.1" 200 7709
200.54.247.69 - - [01/Mar/2017:11:58:38 -0300] "GET /cormun/servlet/trautorizarsolicitud? HTTP/1.1" 200 6898
186.103.156.211 - - [01/Mar/2017:11:58:38 -0300] "GET /cormun/servlet/licenciaspermisos?4d332fc2ba54c23007f814d836c2a09184cd70beafadae776a3c41d05cc58f25bf5674dab015d66be5341d5e884716aa,gx-no-cache=1488380427953 HTTP/1.1" 200 31
186.103.156.211 - - [01/Mar/2017:11:58:38 -0300] "POST /cormun/servlet/licenciaspermisos?184ec44145d743535977557df831d605,INS,0,,,,gx-no-cache=1488380428035 HTTP/1.1" 200 4387
200.54.247.69 - - [01/Mar/2017:11:58:54 -0300] "POST /cormun/servlet/trautorizarsolicitud?c04ff8527bfd17c4e369de126924852e,,gx-no-cache=1488380405056 HTTP/1.1" 200 4131
200.54.247.69 - - [01/Mar/2017:11:58:56 -0300] "POST /cormun/servlet/trautorizarsolicitud?c04ff8527bfd17c4e369de126924852e,,gx-no-cache=1488380407539 HTTP/1.1" 200 4132
200.54.247.69 - - [01/Mar/2017:11:58:58 -0300] "POST /cormun/servlet/trautorizarsolicitud?c04ff8527bfd17c4e369de126924852e,,gx-no-cache=1488380408690 HTTP/1.1" 200 4132
200.111.191.210 - - [01/Mar/2017:11:59:01 -0300] "GET /cormun/servlet/trlicenciaspermisosadjuntos?7496875,20170301000000,L, HTTP/1.1" 200 6480
200.111.191.210 - - [01/Mar/2017:11:59:02 -0300] "GET /cormun/servlet/trlicenciaspermisosadjuntos?7496875,20170301000000,L, HTTP/1.1" 200 6481
200.111.191.210 - - [01/Mar/2017:11:59:10 -0300] "GET /cormun/servlet/trlicencias? HTTP/1.1" 200 7710
200.111.191.210 - - [01/Mar/2017:11:59:11 -0300] "GET /cormun/servlet/trlicencias? HTTP/1.1" 200 7709
186.79.16.23 - - [01/Mar/2017:11:59:18 -0300] "POST /cormun/servlet/solicitudotadjuntos?gx-no-cache=1488380429631 HTTP/1.1" 200 26
200.111.191.210 - - [01/Mar/2017:11:59:19 -0300] "GET /cormun/servlet/trlicenciaspermisoslog?7496875,L,20170301000000, HTTP/1.1" 200 6254
200.111.191.210 - - [01/Mar/2017:11:59:19 -0300] "GET /cormun/static/gxcfg.js?201612261930395 HTTP/1.1" 200 953
200.111.191.210 - - [01/Mar/2017:11:59:19 -0300] "GET /cormun/static/trlicenciaspermisoslog.js?2016122619304187 HTTP/1.1" 200 20023
200.111.191.210 - - [01/Mar/2017:11:59:19 -0300] "GET /cormun/servlet/trlicenciaspermisoslog?7496875,L,20170301000000, HTTP/1.1" 200 6255
186.79.80.199 - - [01/Mar/2017:11:59:19 -0300] "POST /cormun/servlet/solicitudot?gx-no-cache=1488380432373 HTTP/1.1" 200 255
186.79.80.199 - - [01/Mar/2017:11:59:22 -0300] "GET /cormun/servlet/solicitudot?69ae52d0aa5ba2261b239e07ba0a652947c2f5b771da77a776c74d2d0e664d698adbb699bb31f4bdcd8eedff3723d9dcc7200973f6f3b29ff22f5aed2f0c25c7acea824af07bac013ee2f7955d10073f51c2c20eb8afb3c8b46f59c5ccaf38d8416918a3b7cab2964ec4253c706f337f32e04bc8215789fe655fe452a68c1981667af40f2559321a0d0b6dd12917ea9ce234faf4336a174f7983466b2a05d7a648d53711413e9728fcad2c5f83e280b694317359fd1df5fc94400f254ce964d1061ae754f2e640b419510ffe75c358b9d2c916095497100bee8ca4b5552ad576779d71f72accac4da1ee061bad3d17eaf112f46536b3d26534732fe0cda73ae6f0b6d0feb49335bdfe725c8f126c8aef4e66f4630495ac4b997bd7810e0d71dc61f99a42ae86442449b015b1151ec3dbd83b2cb27849d4998e347f625970c73ea62ce8367994a5b1bcc24830bda79273771c1386fa1c0d8c6afd89f827402f23a8227efb07e4004a3c049a238b85915779dd83f37963ceb5c5851688432f3b2b,gx-no-cache=1488380435646 HTTP/1.1" 200 30
200.111.191.210 - - [01/Mar/2017:11:59:27 -0300] "GET /cormun/servlet/trlicencias? HTTP/1.1" 200 7710
200.111.191.210 - - [01/Mar/2017:11:59:28 -0300] "GET /cormun/servlet/trlicencias? HTTP/1.1" 200 7709
186.79.16.23 - - [01/Mar/2017:11:59:30 -0300] "POST /cormun/servlet/solicitudotadjuntos?gx-no-cache=1488380441645 HTTP/1.1" 200 26
200.54.247.69 - - [01/Mar/2017:11:59:39 -0300] "POST /cormun/servlet/trautorizarsolicitud?c04ff8527bfd17c4e369de126924852e,,gx-no-cache=1488380449645 HTTP/1.1" 200 4141
200.54.247.69 - - [01/Mar/2017:11:59:41 -0300] "POST /cormun/servlet/trautorizarsolicitud?c04ff8527bfd17c4e369de126924852e,,gx-no-cache=1488380451858 HTTP/1.1" 200 4141
200.54.247.69 - - [01/Mar/2017:11:59:41 -0300] "POST /cormun/servlet/trautorizarsolicitud?c04ff8527bfd17c4e369de126924852e,,gx-no-cache=1488380452385 HTTP/1.1" 200 4141
200.54.247.69 - - [01/Mar/2017:11:59:42 -0300] "POST /cormun/servlet/trautorizarsolicitud?c04ff8527bfd17c4e369de126924852e,,gx-no-cache=1488380452969 HTTP/1.1" 200 4140
200.54.247.69 - - [01/Mar/2017:11:59:43 -0300] "POST /cormun/servlet/trautorizarsolicitud?c04ff8527bfd17c4e369de126924852e,,gx-no-cache=1488380454490 HTTP/1.1" 200 4140
186.79.16.23 - - [01/Mar/2017:11:59:49 -0300] "GET /cormun/servlet/solicitudotadjuntos?c909dfd761e0991633dddcb21d07aff48c5d14643c9b5b922c20826ddeea4b17,gx-no-cache=1488380460244 HTTP/1.1" 200 30
186.79.16.23 - - [01/Mar/2017:11:59:49 -0300] "GET /cormun/servlet/solicitudotadjuntos?c909dfd761e0991633dddcb21d07aff48c5d14643c9b5b922c20826ddeea4b17,gx-no-cache=1488380460295 HTTP/1.1" 200 30
186.79.16.23 - - [01/Mar/2017:11:59:50 -0300] "POST /cormun/servlet/solicitudotadjuntos?767e66286bbf99994442236e53c5f92a,INS,2017,4955,,2, HTTP/1.1" 200 116
186.79.16.23 - - [01/Mar/2017:11:59:51 -0300] "GET /cormun/servlet/hpexe_return? HTTP/1.1" 200 1024
186.79.16.23 - - [01/Mar/2017:11:59:51 -0300] "GET /cormun/servlet/trsolicitudadjuntos?2017,4955, HTTP/1.1" 200 9144
186.79.16.23 - - [01/Mar/2017:11:59:52 -0300] "GET /cormun/servlet/trsolicitudadjuntos?2017,4955, HTTP/1.1" 200 9142
186.79.80.199 - - [01/Mar/2017:12:00:02 -0300] "POST /cormun/servlet/solicitudot?gx-no-cache=1488380474247 HTTP/1.1" 200 30
186.79.80.199 - - [01/Mar/2017:12:00:04 -0300] "POST /cormun/servlet/solicitudot?gx-no-cache=1488380476827 HTTP/1.1" 200 235
186.79.80.199 - - [01/Mar/2017:12:00:05 -0300] "POST /cormun/servlet/solicitudot?gx-no-cache=1488380477807 HTTP/1.1" 200 38
200.111.191.210 - - [01/Mar/2017:12:00:13 -0300] "GET /cormun/servlet/trlicencias? HTTP/1.1" 200 7709
200.111.191.210 - - [01/Mar/2017:12:00:13 -0300] "GET /cormun/servlet/trlicencias? HTTP/1.1" 200 7709
200.111.191.210 - - [01/Mar/2017:12:00:28 -0300] "GET /cormun/servlet/trlicencias? HTTP/1.1" 200 7709
200.111.191.210 - - [01/Mar/2017:12:00:28 -0300] "GET /cormun/servlet/trlicencias? HTTP/1.1" 200 7709
200.111.191.210 - - [01/Mar/2017:12:00:33 -0300] "GET /cormun/servlet/licenciaspermisos?INS,0,,, HTTP/1.1" 200 7079
200.111.191.210 - - [01/Mar/2017:12:00:33 -0300] "GET /cormun/static/gxcfg.js?2016122619301043 HTTP/1.1" 200 953
200.111.191.210 - - [01/Mar/2017:12:00:33 -0300] "GET /cormun/static/licenciaspermisos.js?2016122619301096 HTTP/1.1" 200 33213
200.111.191.210 - - [01/Mar/2017:12:00:33 -0300] "GET /cormun/static/Resources/prompt.gif HTTP/1.1" 200 902
200.111.191.210 - - [01/Mar/2017:12:00:33 -0300] "GET /cormun/static/Resources/PXToolsButtonRight21.png HTTP/1.1" 200 1283
200.111.191.210 - - [01/Mar/2017:12:00:33 -0300] "GET /cormun/static/Resources/PXToolsButtonBackground2.png HTTP/1.1" 200 1181
200.111.191.210 - - [01/Mar/2017:12:00:33 -0300] "GET /cormun/static/Resources/PXToolsButtonLeft21.png HTTP/1.1" 200 1287
200.111.191.210 - - [01/Mar/2017:12:00:33 -0300] "GET /cormun/servlet/licenciaspermisos?INS,0,,, HTTP/1.1" 200 7079
186.79.80.199 - - [01/Mar/2017:12:00:41 -0300] "GET /cormun/servlet/solicitudot?69ae52d0aa5ba2261b239e07ba0a6529662fe8612f562abf90203bbbd6eef91d4c2696ed0542a6eb56fd90faa9cb5d6713083c1ca6360321c9151d986857fc8c43140e480728353ce8d47bb4748c10ffba82fcdd80ea9ca0c2c050612a348d4ce200612277cac5b99cdfc410fea6dd0e,gx-no-cache=1488380513833 HTTP/1.1" 200 29
186.79.80.199 - - [01/Mar/2017:12:00:41 -0300] "POST /cormun/servlet/solicitudot?gx-no-cache=1488380514511 HTTP/1.1" 200 643
200.111.191.210 - - [01/Mar/2017:12:00:42 -0300] "GET /cormun/servlet/licenciaspermisos?0dd59b92e17be489a6dc4fbc322b602187c88412a185aba69170cb878c9ccbce89b19522d9ee263e919b984f4140dadc,gx-no-cache=1488384029921 HTTP/1.1" 200 59
200.111.191.210 - - [01/Mar/2017:12:00:42 -0300] "POST /cormun/servlet/licenciaspermisos?6afc504e47bd01e5e8e09df0d1ea132b,INS,0,,,,gx-no-cache=1488384029969 HTTP/1.1" 200 4393
186.79.80.199 - - [01/Mar/2017:12:00:43 -0300] "POST /cormun/servlet/solicitudot?gx-no-cache=1488380516368 HTTP/1.1" 200 1157
186.79.16.23 - - [01/Mar/2017:12:00:54 -0300] "POST /cormun/servlet/trsolicitudadjuntos?767e66286bbf99994442236e53c5f92a,2017,4955,,gx-no-cache=1488380524951 HTTP/1.1" 200 90
186.79.16.23 - - [01/Mar/2017:12:00:54 -0300] "GET /cormun/servlet/hpexe_link HTTP/1.1" 200 969
186.79.16.23 - - [01/Mar/2017:12:00:54 -0300] "GET /cormun/servlet/trsolicitudot HTTP/1.1" 200 9259
186.79.16.23 - - [01/Mar/2017:12:00:55 -0300] "GET /cormun/servlet/trsolicitudot HTTP/1.1" 200 9257
186.103.156.211 - - [01/Mar/2017:12:01:15 -0300] "GET /cormun/servlet/licenciaspermisos?4d332fc2ba54c23007f814d836c2a0913a7b61dbec050f381413a5306c70f2646fcf5de052b2b81c9a593c1d667072f400888b237e303b97229d48b81a60115cce7976453b502f0680f3aa17abf3f28bf143177ba55aad1fac1963c698459d70f68f2b90b3bebfc5c42af05b7af371bd0c223d981d5f853d652343bb89ca4651524337514f7d97d501c69d6cc659d23a951bf5e95b1fee3a256abe62cfd06d6708577d7f71d919732eaebe3cb251602053e37e0ae094285e791f3a4d7c067c606670875ca0d6f18a4b7bae9c1cfdebb8f30e03f3aee9fffb5af4fcf456df7e32,gx-no-cache=1488380604210 HTTP/1.1" 200 30
186.103.156.211 - - [01/Mar/2017:12:01:15 -0300] "GET /cormun/servlet/licenciaspermisos?4d332fc2ba54c23007f814d836c2a0910bf081fb46c2a41f8f2cbbc9d80294b82db598e48e43022fdd2d8542733623572f1d93454eb40acbf8cc96607748de7e66e0108096af28d6d4b935337b79eade5c9a229d5cb4523deea071a85a7abe1fd595c11e6b9280524a3fcf7fb88e5b4913a2fc2b1a3a13c610e9d48f332f7e5d6da00348cfb510823a075a152f15dd2337c26f7e81c5ca9da909912ab93c3a291b629ff98de790564378f8419133b80c9cf9a878e2535a906a1556f3f201c7e5eeb2db5a7f5949ed5994658fa12358da8dbfded79ef55e61798031df4b4558e2,gx-no-cache=1488380604289 HTTP/1.1" 200 29
186.103.156.211 - - [01/Mar/2017:12:01:16 -0300] "POST /cormun/servlet/licenciaspermisos?184ec44145d743535977557df831d605,INS,0,,,,gx-no-cache=1488380604342 HTTP/1.1" 200 93
186.103.156.211 - - [01/Mar/2017:12:01:16 -0300] "GET /cormun/servlet/hpexe_return? HTTP/1.1" 200 1012
186.103.156.211 - - [01/Mar/2017:12:01:16 -0300] "GET /cormun/servlet/trlicencias HTTP/1.1" 200 6562
186.103.156.211 - - [01/Mar/2017:12:01:17 -0300] "GET /cormun/servlet/trlicencias HTTP/1.1" 200 6557
186.103.156.211 - - [01/Mar/2017:12:01:28 -0300] "GET /cormun/servlet/trvisualizadoreventos? HTTP/1.1" 200 6422
186.103.159.187 - - [01/Mar/2017:12:01:29 -0300] "GET /cormun/servlet/solicitudot?7f104f66f12125a20b71a930dadc1f2ed74490e649c987c120c34e5ac6c7d5619aede924960151b7803d1b11f72cb2d9d88b203b7c3aa20e085ba455f3b86b15def4c1bfa445edfd095f6d5a0050783e2173a4eaba273755088c4fefe187f807204a4a28410b5bcfb5bf492f554f71ab9b8d428a1da149d3df35c1d8c6e1cbe1ad61199d8d03f92d9d6b2df82643212adebe6ca4d4feb700d24d1558d9108348,gx-no-cache=1488380558509 HTTP/1.1" 200 30
186.103.156.211 - - [01/Mar/2017:12:01:29 -0300] "GET /cormun/servlet/trvisualizadoreventos? HTTP/1.1" 200 6422
186.79.16.23 - - [01/Mar/2017:12:01:31 -0300] "GET /cormun/servlet/solicitudot?INS,0,0, HTTP/1.1" 200 12598
186.79.16.23 - - [01/Mar/2017:12:01:32 -0300] "GET /cormun/servlet/solicitudot?INS,0,0, HTTP/1.1" 200 12603
186.103.156.211 - - [01/Mar/2017:12:01:34 -0300] "GET /cormun/servlet/trlicencias? HTTP/1.1" 200 6551
186.103.156.211 - - [01/Mar/2017:12:01:35 -0300] "GET /cormun/servlet/trlicencias? HTTP/1.1" 200 6550
