192.168.10.60 - - [01/Mar/2017:08:36:56 -0300] "POST /cormun/servlet/trautorizarot?3cb87e0052bf5361e2cfab01080ebc58,,gx-no-cache=1488367486184 HTTP/1.1" 200 21649
186.79.17.148 - - [01/Mar/2017:08:36:57 -0300] "GET /cormun/servlet/prfichaempleado?,MD,,gxPopupLevel%3D0%3B HTTP/1.1" 200 8854
186.79.17.148 - - [01/Mar/2017:08:37:15 -0300] "POST /cormun/servlet/prfichaempleado?5229b9bea1b1cab6b38caeeaf06205b0,,MD,,gxPopupLevel%3D0%3B,gx-no-cache=1488368173100 HTTP/1.1" 200 3521
186.79.17.148 - - [01/Mar/2017:08:37:37 -0300] "GET /cormun/servlet/licenciaspermisos?67914c159e20958c9720f5e479f66a2e80d75cd399a6be6da2aa19cb883ce6773e348fd7612aa9c02e1cc3fe8d9807b1,gx-no-cache=1488368194931 HTTP/1.1" 200 69
186.79.17.148 - - [01/Mar/2017:08:37:37 -0300] "POST /cormun/servlet/licenciaspermisos?5229b9bea1b1cab6b38caeeaf06205b0,INS,0,,,,gx-no-cache=1488368195282 HTTP/1.1" 200 4488
186.79.17.148 - - [01/Mar/2017:08:37:38 -0300] "GET /cormun/servlet/licenciaspermisos?67914c159e20958c9720f5e479f66a2e99a280c949e0189f3efa9831d9577132714f571b13cc40b4526b96f99af215567674de4ba0765c9e3202b07ed022b378af00b45aa073d54a038ab70093876eedd281e68e60fdd70e779f750c7f4b7dd0b906ac146829e6b7495672ed7aae11f66beb4123d4044d99ea68f56ab020f41e3dc0bbe2a56d3f210823af2277ace4441149351e1e6fd6d128ff980e9df7898667f3e888cb63c599a60fe31aa4a51b36,gx-no-cache=1488368196060 HTTP/1.1" 200 108
186.79.17.148 - - [01/Mar/2017:08:37:38 -0300] "POST /cormun/servlet/licenciaspermisos?5229b9bea1b1cab6b38caeeaf06205b0,INS,0,,,,gx-no-cache=1488368196294 HTTP/1.1" 200 4567
186.79.17.148 - - [01/Mar/2017:08:37:45 -0300] "GET /cormun/servlet/licenciaspermisos?67914c159e20958c9720f5e479f66a2e8945feb32a428ab4d4ceb1c66f73043617019772803d20c83c56ef178d0952d22392836e909284bf9a3926cc4d0e36656d6374b4a3197296bb1cc64dfb5613668f32254cbb2aec9a9518a6e01edd715d8347f989a2c54bf04cd0fc263cc7408510003cdda0885a7e81f57152756d61ba5c4da43faa403f1b7069fe2a5208187f046c402e0751104bdec8e91efabd5297866903d879b052d1cb3b92611240848db7ac4d06e4b54a729df279bfb74e3874ae4c945dd30024478dae78a0ff35d9635b43badadb388c072f0e966833d2482d,gx-no-cache=1488368203544 HTTP/1.1" 200 30
186.79.17.148 - - [01/Mar/2017:08:37:45 -0300] "POST /cormun/servlet/licenciaspermisos?5229b9bea1b1cab6b38caeeaf06205b0,INS,0,,,,gx-no-cache=1488368203647 HTTP/1.1" 200 4498
186.79.17.148 - - [01/Mar/2017:08:37:53 -0300] "GET /cormun/servlet/licenciaspermisos?67914c159e20958c9720f5e479f66a2e80d75cd399a6be6da2aa19cb883ce6771dd3eda18cf933fd4696031f41e00e18c95fc47366a23a0a1b7d85d9b320898072c856c1a4b15bd1862a2cfb84a359e9,gx-no-cache=1488368211305 HTTP/1.1" 200 69
186.79.17.148 - - [01/Mar/2017:08:37:53 -0300] "POST /cormun/servlet/licenciaspermisos?5229b9bea1b1cab6b38caeeaf06205b0,INS,0,,,,gx-no-cache=1488368211408 HTTP/1.1" 200 4485
186.67.172.234 - - [01/Mar/2017:08:37:55 -0300] "GET /cormun/servlet/licenciaspermisos?e76c0031b9378393ae82491b6c1040f14a2b5e9bcbfd03b6f43567c6d6044bafca83f881501d7428a4971b9b7393377cd551e6eac896f08456f09cc7e98dbb695ee7ac216af1e1b5164ab7a82df29977d3c70fd5456f46350b75f5491ee180da7958cef82de735c6974d54c6bdda8efa678805b96d32f10f7da8090e5b28e4397094211b758d41f1d33a0316edeca66169d01b9da936e7900f9b7ed0c312c0d813777dbebda8cf2f82259ee796448c72894927a8440430fccd84397052967f23f454ff07ea01022ccce7f34cd5a8ff3995811422bffa0fced90c781e90294acf,gx-no-cache=1488368341937 HTTP/1.1" 200 30
186.67.172.234 - - [01/Mar/2017:08:37:55 -0300] "POST /cormun/servlet/licenciaspermisos?239ead339a817797e6d0094b354ac154,INS,0,,,,gx-no-cache=1488368342253 HTTP/1.1" 200 4458
186.79.17.148 - - [01/Mar/2017:08:37:55 -0300] "GET /cormun/servlet/licenciaspermisos?67914c159e20958c9720f5e479f66a2e8945feb32a428ab4d4ceb1c66f73043628174234af39dfec3406860203ca208f2392836e909284bf9a3926cc4d0e36656d6374b4a3197296bb1cc64dfb5613668f32254cbb2aec9a9518a6e01edd715d86e66ff07176c09923c5128427da245310003cdda0885a7e81f57152756d61bac740f78fb11c681dc59ab83202c66e60e21e983d1f2f640c27d4fc92301cad847b0310987741aa3f67e3cfdc9d521364,gx-no-cache=1488368213758 HTTP/1.1" 200 30
186.79.17.148 - - [01/Mar/2017:08:37:56 -0300] "POST /cormun/servlet/licenciaspermisos?5229b9bea1b1cab6b38caeeaf06205b0,INS,0,,,,gx-no-cache=1488368213838 HTTP/1.1" 200 4500
186.67.172.234 - - [01/Mar/2017:08:38:00 -0300] "GET /cormun/servlet/licenciaspermisos?e76c0031b9378393ae82491b6c1040f15446d523fc45788a8abaca89c9188e679ce021a4c3ae24b000ad089a9cbd7ddebfb2daed5c94fce853e378959f510ef2dc67c8a9625c88a574e9388bde36fe4cffeb34efb54c4c81f8ede397f4c02a82a470ec17a16930e56e40acd56613d5226bd39f705c8ce206ee3740339ca43008ff8a7ac5ac52a7114d953740a42ff710a83bf0a1674fde306eaa1fe20e6d6b0ba054e1520c5fcda519837e0bae2c407eea1c56f6953e1e29674918ab489fdab072dacd6d46acc88bfa5b0f30f9a0c2affff68779e5bf467b5592089b8f9286ad,gx-no-cache=1488368347763 HTTP/1.1" 200 108
186.67.172.234 - - [01/Mar/2017:08:38:00 -0300] "GET /cormun/static/Shared/jqueryui/images/ui-bg_highlight-soft_100_c6c2c8_1x100.png HTTP/1.1" 404 1117
186.67.172.234 - - [01/Mar/2017:08:38:00 -0300] "GET /cormun/static/Shared/jqueryui/images/ui-icons_82798d_256x240.png HTTP/1.1" 404 1089
186.67.172.234 - - [01/Mar/2017:08:38:00 -0300] "GET /cormun/static/Shared/jqueryui/images/ui-bg_flat_55_994d53_40x100.png HTTP/1.1" 404 1097
186.67.172.234 - - [01/Mar/2017:08:38:00 -0300] "GET /cormun/static/Shared/jqueryui/images/ui-icons_ebccce_256x240.png HTTP/1.1" 404 1089
186.67.172.234 - - [01/Mar/2017:08:38:00 -0300] "POST /cormun/servlet/licenciaspermisos?239ead339a817797e6d0094b354ac154,INS,0,,,,gx-no-cache=1488368347916 HTTP/1.1" 200 4531
186.67.172.234 - - [01/Mar/2017:08:38:07 -0300] "GET /cormun/servlet/licenciaspermisos?e76c0031b9378393ae82491b6c1040f14a2b5e9bcbfd03b6f43567c6d6044baf0736e36925851515a2d32f6ee35dcca8d551e6eac896f08456f09cc7e98dbb695ee7ac216af1e1b5164ab7a82df29977d3c70fd5456f46350b75f5491ee180da7958cef82de735c6974d54c6bdda8efa678805b96d32f10f7da8090e5b28e4397094211b758d41f1d33a0316edeca66169d01b9da936e7900f9b7ed0c312c0d813777dbebda8cf2f82259ee796448c72894927a8440430fccd84397052967f23f454ff07ea01022ccce7f34cd5a8ff3995811422bffa0fced90c781e90294acf,gx-no-cache=1488368354904 HTTP/1.1" 200 30
186.67.172.234 - - [01/Mar/2017:08:38:08 -0300] "POST /cormun/servlet/licenciaspermisos?239ead339a817797e6d0094b354ac154,INS,0,,,,gx-no-cache=1488368354917 HTTP/1.1" 200 4459
192.168.10.60 - - [01/Mar/2017:08:38:18 -0300] "POST /cormun/servlet/trautorizarot?3cb87e0052bf5361e2cfab01080ebc58,,gx-no-cache=1488367568530 HTTP/1.1" 200 21645
186.79.17.148 - - [01/Mar/2017:08:38:19 -0300] "GET /cormun/servlet/licenciaspermisos?67914c159e20958c9720f5e479f66a2e80d75cd399a6be6da2aa19cb883ce6771dd3eda18cf933fd4696031f41e00e18c95fc47366a23a0a1b7d85d9b320898072c856c1a4b15bd1862a2cfb84a359e9,gx-no-cache=1488368237755 HTTP/1.1" 200 69
186.79.17.148 - - [01/Mar/2017:08:38:20 -0300] "POST /cormun/servlet/licenciaspermisos?5229b9bea1b1cab6b38caeeaf06205b0,INS,0,,,,gx-no-cache=1488368237881 HTTP/1.1" 200 4488
192.168.10.60 - - [01/Mar/2017:08:38:29 -0300] "POST /cormun/servlet/trautorizarot?3cb87e0052bf5361e2cfab01080ebc58,,gx-no-cache=1488367578940 HTTP/1.1" 200 21647
192.168.10.60 - - [01/Mar/2017:08:38:43 -0300] "POST /cormun/servlet/trautorizarot?3cb87e0052bf5361e2cfab01080ebc58,,gx-no-cache=1488367593222 HTTP/1.1" 200 21618
192.168.10.60 - - [01/Mar/2017:08:38:57 -0300] "POST /cormun/servlet/trautorizarot?3cb87e0052bf5361e2cfab01080ebc58,,gx-no-cache=1488367607149 HTTP/1.1" 200 21683
186.79.17.148 - - [01/Mar/2017:08:39:01 -0300] "GET /cormun/servlet/licenciaspermisos?67914c159e20958c9720f5e479f66a2e99a280c949e0189f3efa9831d9577132714f571b13cc40b4526b96f99af215567674de4ba0765c9e3202b07ed022b378af00b45aa073d54a038ab70093876eedd281e68e60fdd70e779f750c7f4b7dd0b906ac146829e6b7495672ed7aae11f66beb4123d4044d99ea68f56ab020f41e3dc0bbe2a56d3f210823af2277ace4441149351e1e6fd6d128ff980e9df7898667f3e888cb63c599a60fe31aa4a51b36,gx-no-cache=1488368278858 HTTP/1.1" 200 108
186.79.17.148 - - [01/Mar/2017:08:39:01 -0300] "POST /cormun/servlet/licenciaspermisos?5229b9bea1b1cab6b38caeeaf06205b0,INS,0,,,,gx-no-cache=1488368279321 HTTP/1.1" 200 93
186.79.17.148 - - [01/Mar/2017:08:39:01 -0300] "GET /cormun/servlet/hpexe_return? HTTP/1.1" 200 1016
186.79.17.148 - - [01/Mar/2017:08:39:02 -0300] "GET /cormun/servlet/trlicencias HTTP/1.1" 200 6635
186.79.17.148 - - [01/Mar/2017:08:39:04 -0300] "GET /cormun/servlet/trlicencias HTTP/1.1" 200 6630
186.79.17.148 - - [01/Mar/2017:08:39:09 -0300] "GET /cormun/servlet/trsolicitudot? HTTP/1.1" 200 6743
186.79.17.148 - - [01/Mar/2017:08:39:11 -0300] "GET /cormun/servlet/trsolicitudot? HTTP/1.1" 200 6744
186.79.17.148 - - [01/Mar/2017:08:39:13 -0300] "GET /cormun/servlet/solicitudot?INS,0,0, HTTP/1.1" 200 12597
186.79.17.148 - - [01/Mar/2017:08:39:16 -0300] "GET /cormun/servlet/solicitudot?INS,0,0, HTTP/1.1" 200 12602
186.79.17.148 - - [01/Mar/2017:08:39:29 -0300] "POST /cormun/servlet/solicitudot?gx-no-cache=1488368306494 HTTP/1.1" 200 3157
186.79.17.148 - - [01/Mar/2017:08:39:30 -0300] "POST /cormun/servlet/solicitudot?5229b9bea1b1cab6b38caeeaf06205b0,INS,0,0,,gx-no-cache=1488368308280 HTTP/1.1" 200 9777
186.79.17.148 - - [01/Mar/2017:08:39:49 -0300] "GET /cormun/servlet/solicitudot?4ebcb2818ff0ceabb66be03b4ce08e0bcdf1b291ad1344a841ca00e665df53a5a38f5f9b8227f3e0c7ff7f103643549a,gx-no-cache=1488368327787 HTTP/1.1" 200 30
192.168.10.60 - - [01/Mar/2017:08:40:10 -0300] "POST /cormun/servlet/trautorizarot?3cb87e0052bf5361e2cfab01080ebc58,,gx-no-cache=1488367680057 HTTP/1.1" 200 21607
192.168.10.60 - - [01/Mar/2017:08:40:23 -0300] "POST /cormun/servlet/trautorizarot?3cb87e0052bf5361e2cfab01080ebc58,,gx-no-cache=1488367692943 HTTP/1.1" 200 21612
192.168.10.60 - - [01/Mar/2017:08:40:42 -0300] "POST /cormun/servlet/trautorizarot?3cb87e0052bf5361e2cfab01080ebc58,,gx-no-cache=1488367712365 HTTP/1.1" 200 21600
192.168.10.60 - - [01/Mar/2017:08:40:56 -0300] "POST /cormun/servlet/trautorizarot?3cb87e0052bf5361e2cfab01080ebc58,,gx-no-cache=1488367726828 HTTP/1.1" 200 21554
192.168.10.60 - - [01/Mar/2017:08:41:15 -0300] "POST /cormun/servlet/trautorizarot?3cb87e0052bf5361e2cfab01080ebc58,,gx-no-cache=1488367745019 HTTP/1.1" 200 21619
186.67.172.234 - - [01/Mar/2017:08:41:22 -0300] "GET /cormun/servlet/licenciaspermisos?e76c0031b9378393ae82491b6c1040f15446d523fc45788a8abaca89c9188e67203d5ccb23e18db33a7eda5106cf1987bfb2daed5c94fce853e378959f510ef2dc67c8a9625c88a574e9388bde36fe4cffeb34efb54c4c81f8ede397f4c02a82a470ec17a16930e56e40acd56613d5226bd39f705c8ce206ee3740339ca43008ff8a7ac5ac52a7114d953740a42ff710a83bf0a1674fde306eaa1fe20e6d6b0ba054e1520c5fcda519837e0bae2c407eea1c56f6953e1e29674918ab489fdab072dacd6d46acc88bfa5b0f30f9a0c2affff68779e5bf467b5592089b8f9286ad,gx-no-cache=1488368549427 HTTP/1.1" 200 29
186.67.172.234 - - [01/Mar/2017:08:41:22 -0300] "POST /cormun/servlet/licenciaspermisos?239ead339a817797e6d0094b354ac154,INS,0,,,,gx-no-cache=1488368549535 HTTP/1.1" 200 93
186.67.172.234 - - [01/Mar/2017:08:41:22 -0300] "GET /cormun/servlet/hpexe_return? HTTP/1.1" 200 1016
186.67.172.234 - - [01/Mar/2017:08:41:22 -0300] "GET /cormun/servlet/trlicencias HTTP/1.1" 200 8062
186.67.172.234 - - [01/Mar/2017:08:41:23 -0300] "GET /cormun/servlet/trlicencias HTTP/1.1" 200 8058
192.168.10.60 - - [01/Mar/2017:08:41:35 -0300] "POST /cormun/servlet/trautorizarot?3cb87e0052bf5361e2cfab01080ebc58,,gx-no-cache=1488367765043 HTTP/1.1" 200 21619
186.79.17.148 - - [01/Mar/2017:08:41:50 -0300] "POST /cormun/servlet/solicitudot?gx-no-cache=1488368446778 HTTP/1.1" 200 297
186.79.17.148 - - [01/Mar/2017:08:41:50 -0300] "GET /cormun/servlet/solicitudot?4ebcb2818ff0ceabb66be03b4ce08e0b2fc7415a38656d0f259c0c6415e4fdac378686650b9b0c8890643728990784d56797b56cd6647037590c8590b1b56c5eeb6b5e818b138fdc8d41c61cde9716d550866328fd0847e656717757f226f15a562e43375dd55d14742993f909001c689d6325f77a3ef65a68228833c9297f5c931cba54e33825ebfea8d652a9d129b072c3ce3216768d980d30ac17ed31626eb17896b15d2de4e42fd8da130b1a2545956177916cf73110576ac27adee8de070be333626412b6617390819ed0eae7296e9158eeccf3c047b4c36cba5bf180490248c7abb82a6fad2389b1601a7d570a28174234af39dfec3406860203ca208f2392836e909284bf9a3926cc4d0e3665dfe5fe98c0a7acd2ea41f7a38a365d259009efb4e6589bc254812595e7a1c03baae50374c574ff6b3313890bd224099a24569977dba0dcb599150c31cc7eb0b852062d4cfd53427e64c4a14eec70e4cb718972c0c3d79fe9b7b0cbe1c10dc607d9bf2ea4be20ace3e44b302abfe942507b0310987741aa3f67e3cfdc9d521364,gx-no-cache=1488368448619 HTTP/1.1" 200 30
186.67.172.234 - - [01/Mar/2017:08:41:53 -0300] "GET /cormun/servlet/licenciaspermisos?INS,0,,, HTTP/1.1" 200 7086
186.67.172.234 - - [01/Mar/2017:08:41:53 -0300] "GET /cormun/servlet/licenciaspermisos?INS,0,,, HTTP/1.1" 200 7085
186.79.17.148 - - [01/Mar/2017:08:41:56 -0300] "POST /cormun/servlet/solicitudot?gx-no-cache=1488368454187 HTTP/1.1" 200 30
192.168.10.60 - - [01/Mar/2017:08:41:59 -0300] "POST /cormun/servlet/trautorizarot?3cb87e0052bf5361e2cfab01080ebc58,,gx-no-cache=1488367789157 HTTP/1.1" 200 21650
186.79.17.148 - - [01/Mar/2017:08:42:06 -0300] "GET /cormun/servlet/prfichaempleado?,MD,,gxPopupLevel%3D0%3B HTTP/1.1" 200 8850
186.79.17.148 - - [01/Mar/2017:08:42:20 -0300] "POST /cormun/servlet/prfichaempleado?5229b9bea1b1cab6b38caeeaf06205b0,,MD,,gxPopupLevel%3D0%3B,gx-no-cache=1488368477840 HTTP/1.1" 200 3515
186.79.17.148 - - [01/Mar/2017:08:42:26 -0300] "POST /cormun/servlet/solicitudot?gx-no-cache=1488368484075 HTTP/1.1" 200 1291
186.79.17.148 - - [01/Mar/2017:08:42:26 -0300] "GET /cormun/static/menuarrow.gif HTTP/1.1" 404 1015
192.168.10.60 - - [01/Mar/2017:08:42:37 -0300] "POST /cormun/servlet/trautorizarot?3cb87e0052bf5361e2cfab01080ebc58,,gx-no-cache=1488367827849 HTTP/1.1" 200 21691
186.79.17.148 - - [01/Mar/2017:08:42:47 -0300] "POST /cormun/servlet/solicitudot?gx-no-cache=1488368505006 HTTP/1.1" 200 118
186.79.17.148 - - [01/Mar/2017:08:42:47 -0300] "GET /cormun/static/Shared/jqueryui/images/ui-bg_highlight-soft_100_c6c2c8_1x100.png HTTP/1.1" 404 1117
186.79.17.148 - - [01/Mar/2017:08:42:47 -0300] "GET /cormun/static/Shared/jqueryui/images/ui-bg_flat_55_994d53_40x100.png HTTP/1.1" 404 1097
186.79.17.148 - - [01/Mar/2017:08:42:47 -0300] "GET /cormun/static/Shared/jqueryui/images/ui-icons_ebccce_256x240.png HTTP/1.1" 404 1089
186.79.17.148 - - [01/Mar/2017:08:42:47 -0300] "GET /cormun/static/Shared/jqueryui/images/ui-icons_82798d_256x240.png HTTP/1.1" 404 1089
192.168.10.60 - - [01/Mar/2017:08:42:52 -0300] "POST /cormun/servlet/trautorizarot?3cb87e0052bf5361e2cfab01080ebc58,,gx-no-cache=1488367842562 HTTP/1.1" 200 21690
192.168.10.60 - - [01/Mar/2017:08:43:03 -0300] "POST /cormun/servlet/trautorizarot?3cb87e0052bf5361e2cfab01080ebc58,,gx-no-cache=1488367854000 HTTP/1.1" 200 20091
192.168.10.60 - - [01/Mar/2017:08:43:16 -0300] "POST /cormun/servlet/trautorizarot?3cb87e0052bf5361e2cfab01080ebc58,,gx-no-cache=1488367866701 HTTP/1.1" 200 17996
192.168.10.60 - - [01/Mar/2017:08:43:43 -0300] "POST /cormun/servlet/trautorizarot?3cb87e0052bf5361e2cfab01080ebc58,,gx-no-cache=1488367893346 HTTP/1.1" 200 13674
186.79.17.148 - - [01/Mar/2017:08:44:06 -0300] "GET /cormun/servlet/solicitudot?4ebcb2818ff0ceabb66be03b4ce08e0b6e8014ed325f78305cc8c4372f8c839d8357a05149c9fa11bbdcb305df2001cb13f0c03334018fac308e227f73441d62411085a2534854ec6cab66600562e50819bd162550107d71e8f62da3e4d95e43eb16a483837cafef88041d369742b920,gx-no-cache=1488368584465 HTTP/1.1" 200 29
186.79.17.148 - - [01/Mar/2017:08:44:06 -0300] "POST /cormun/servlet/solicitudot?gx-no-cache=1488368584625 HTTP/1.1" 200 1274
186.79.17.148 - - [01/Mar/2017:08:44:06 -0300] "POST /cormun/servlet/solicitudot?gx-no-cache=1488368584894 HTTP/1.1" 200 1157
186.79.17.148 - - [01/Mar/2017:08:44:08 -0300] "POST /cormun/servlet/solicitudot?gx-no-cache=1488368586807 HTTP/1.1" 200 1274
186.79.17.148 - - [01/Mar/2017:08:44:09 -0300] "POST /cormun/servlet/solicitudot?gx-no-cache=1488368587060 HTTP/1.1" 200 1157
186.79.17.148 - - [01/Mar/2017:08:44:14 -0300] "GET /cormun/servlet/solicitudot?4ebcb2818ff0ceabb66be03b4ce08e0bcf0153e3ed1fd7c5e03cac0f006fc6762a28d2ec827c4a9cda15d373aebd6d543a22e9348d812845083da1b7b49bdc97c6ca3f4e76fd53448df71e1bfdcb608e25c790acb16db108c468d61c8e8b2eb36a327696e3d727557fb46911d497d48f98b0e691d0a3b141da9329094b66491b112a5494d5ac525aa73e1e57aa05832b6f925d218381c2e1ac155f86047ce4d98d3f754fd1d62abbd74302b9efe62394ff5b0cbd4478273d7dffd540e5a6d65e,gx-no-cache=1488368592955 HTTP/1.1" 200 30
192.168.10.60 - - [01/Mar/2017:08:44:16 -0300] "POST /cormun/servlet/trautorizarot?3cb87e0052bf5361e2cfab01080ebc58,,gx-no-cache=1488367926296 HTTP/1.1" 200 12740
192.168.10.60 - - [01/Mar/2017:08:44:28 -0300] "POST /cormun/servlet/trautorizarot?3cb87e0052bf5361e2cfab01080ebc58,,gx-no-cache=1488367939063 HTTP/1.1" 200 12161
192.168.10.60 - - [01/Mar/2017:08:44:34 -0300] "POST /cormun/servlet/trautorizarot?3cb87e0052bf5361e2cfab01080ebc58,,gx-no-cache=1488367945026 HTTP/1.1" 200 11547
192.168.10.60 - - [01/Mar/2017:08:44:55 -0300] "POST /cormun/servlet/trautorizarot?3cb87e0052bf5361e2cfab01080ebc58,,gx-no-cache=1488367965651 HTTP/1.1" 200 10802
186.79.17.148 - - [01/Mar/2017:08:45:14 -0300] "GET /cormun/servlet/prlicenciaspermisos?8510071,L,,MD,,gxPopupLevel%3D0%3B HTTP/1.1" 200 5587
186.79.17.148 - - [01/Mar/2017:08:45:14 -0300] "GET /cormun/static/gxcfg.js?2016122619302491 HTTP/1.1" 200 953
186.79.17.148 - - [01/Mar/2017:08:45:14 -0300] "GET /cormun/static/prlicenciaspermisos.js?2016122619302645 HTTP/1.1" 200 13363
192.168.10.60 - - [01/Mar/2017:08:45:21 -0300] "POST /cormun/servlet/trautorizarot?3cb87e0052bf5361e2cfab01080ebc58,,gx-no-cache=1488367991353 HTTP/1.1" 200 10203
192.168.10.96 - - [01/Mar/2017:08:46:33 -0300] "GET /cormun/servlet/hlogin HTTP/1.1" 200 1715
192.168.10.96 - - [01/Mar/2017:08:46:33 -0300] "GET /cormun/static/Resources/Spanish/PXTools.css?167811 HTTP/1.1" 200 89042
192.168.10.96 - - [01/Mar/2017:08:46:33 -0300] "GET /cormun/static/gxtimezone.js?85251 HTTP/1.1" 200 5781
192.168.10.96 - - [01/Mar/2017:08:46:33 -0300] "GET /cormun/static/gxgral.js?85251 HTTP/1.1" 200 384558
192.168.10.96 - - [01/Mar/2017:08:46:33 -0300] "GET /cormun/static/gxcfg.js?201612216162538 HTTP/1.1" 200 953
192.168.10.96 - - [01/Mar/2017:08:46:33 -0300] "GET /cormun/static/Resources/PXToolsLoginBackground.png HTTP/1.1" 200 1164
192.168.10.96 - - [01/Mar/2017:08:46:33 -0300] "GET /cormun/static/messages.spa.js?85251 HTTP/1.1" 200 30736
192.168.10.96 - - [01/Mar/2017:08:46:33 -0300] "GET /cormun/static/Resources/PXToolsLoginTop.png HTTP/1.1" 200 1337
192.168.10.96 - - [01/Mar/2017:08:46:33 -0300] "GET /cormun/static/hlogin.js?201612216162555 HTTP/1.1" 200 2136
192.168.10.96 - - [01/Mar/2017:08:46:33 -0300] "GET /cormun/static/Resources/ComunLogin.png HTTP/1.1" 200 17326
192.168.10.96 - - [01/Mar/2017:08:46:33 -0300] "GET /cormun/static/Resources/PXToolsButtonRight21.png HTTP/1.1" 200 1283
192.168.10.96 - - [01/Mar/2017:08:46:33 -0300] "GET /cormun/static/Resources/PXToolsButtonLeft21.png HTTP/1.1" 200 1287
192.168.10.96 - - [01/Mar/2017:08:46:33 -0300] "GET /cormun/static/Resources/PXToolsLoginBottom.png HTTP/1.1" 200 1389
192.168.10.96 - - [01/Mar/2017:08:46:33 -0300] "GET /cormun/static/Resources/PXToolsButtonBackground2.png HTTP/1.1" 200 1181
192.168.10.96 - - [01/Mar/2017:08:46:33 -0300] "GET /cormun/static/Resources/indicator.gif HTTP/1.1" 200 1553
192.168.10.96 - - [01/Mar/2017:08:46:33 -0300] "GET /cormun/servlet/hlogin HTTP/1.1" 200 1726
192.168.10.60 - - [01/Mar/2017:08:46:39 -0300] "POST /cormun/servlet/trautorizarot?3cb87e0052bf5361e2cfab01080ebc58,,gx-no-cache=1488368069833 HTTP/1.1" 200 9539
192.168.10.60 - - [01/Mar/2017:08:46:48 -0300] "POST /cormun/servlet/trautorizarot?3cb87e0052bf5361e2cfab01080ebc58,,gx-no-cache=1488368078712 HTTP/1.1" 200 9228
192.168.10.60 - - [01/Mar/2017:08:46:58 -0300] "POST /cormun/servlet/trautorizarot?3cb87e0052bf5361e2cfab01080ebc58,,gx-no-cache=1488368088719 HTTP/1.1" 200 8410
192.168.10.60 - - [01/Mar/2017:08:47:25 -0300] "POST /cormun/servlet/trautorizarot?3cb87e0052bf5361e2cfab01080ebc58,,gx-no-cache=1488368116086 HTTP/1.1" 200 7748
192.168.10.60 - - [01/Mar/2017:08:47:35 -0300] "POST /cormun/servlet/trautorizarot?3cb87e0052bf5361e2cfab01080ebc58,,gx-no-cache=1488368125737 HTTP/1.1" 200 7403
186.79.17.148 - - [01/Mar/2017:08:48:51 -0300] "POST /cormun/servlet/solicitudot?5229b9bea1b1cab6b38caeeaf06205b0,INS,0,0,,gx-no-cache=1488368869435 HTTP/1.1" 200 93
186.79.17.148 - - [01/Mar/2017:08:48:52 -0300] "GET /cormun/servlet/hpexe_return? HTTP/1.1" 200 1011
186.79.17.148 - - [01/Mar/2017:08:48:52 -0300] "GET /cormun/servlet/trsolicitudot HTTP/1.1" 200 6747
186.79.17.148 - - [01/Mar/2017:08:48:54 -0300] "GET /cormun/servlet/trsolicitudot HTTP/1.1" 200 6744
192.168.10.60 - - [01/Mar/2017:08:49:03 -0300] "POST /cormun/servlet/trautorizarot?3cb87e0052bf5361e2cfab01080ebc58,,gx-no-cache=1488368213447 HTTP/1.1" 200 7040
192.168.10.62 - - [01/Mar/2017:08:49:10 -0300] "GET /cormun/servlet/hlogin HTTP/1.1" 200 1713
192.168.10.60 - - [01/Mar/2017:08:49:20 -0300] "POST /cormun/servlet/trautorizarot?3cb87e0052bf5361e2cfab01080ebc58,,gx-no-cache=1488368230513 HTTP/1.1" 200 6673
192.168.10.60 - - [01/Mar/2017:08:49:27 -0300] "POST /cormun/servlet/trautorizarot?3cb87e0052bf5361e2cfab01080ebc58,,gx-no-cache=1488368237463 HTTP/1.1" 200 6280
192.168.10.60 - - [01/Mar/2017:08:49:34 -0300] "POST /cormun/servlet/trautorizarot?3cb87e0052bf5361e2cfab01080ebc58,,gx-no-cache=1488368244794 HTTP/1.1" 200 5175
192.168.10.60 - - [01/Mar/2017:08:49:44 -0300] "POST /cormun/servlet/trautorizarot?3cb87e0052bf5361e2cfab01080ebc58,,gx-no-cache=1488368254980 HTTP/1.1" 200 12516
192.168.10.62 - - [01/Mar/2017:08:50:09 -0300] "POST /cormun/servlet/hlogin?d9a05f14c6013f30ffd3b4164de3d66b,gx-no-cache=1488372295559 HTTP/1.1" 200 90
192.168.10.62 - - [01/Mar/2017:08:50:09 -0300] "GET /cormun/servlet/hpexe_link HTTP/1.1" 200 949
192.168.10.62 - - [01/Mar/2017:08:50:09 -0300] "GET /cormun/servlet/hhome HTTP/1.1" 200 3745
192.168.10.62 - - [01/Mar/2017:08:50:09 -0300] "GET /cormun/static/gxcfg.js?201612218515568 HTTP/1.1" 200 953
192.168.10.62 - - [01/Mar/2017:08:50:09 -0300] "GET /cormun/static/hhome.js?201612218515573 HTTP/1.1" 200 777
192.168.10.62 - - [01/Mar/2017:08:50:10 -0300] "GET /cormun/servlet/hhome HTTP/1.1" 200 3742
192.168.10.62 - - [01/Mar/2017:08:50:26 -0300] "GET /cormun/servlet/trsolicitudgral? HTTP/1.1" 200 15362
192.168.10.62 - - [01/Mar/2017:08:50:27 -0300] "GET /cormun/servlet/trsolicitudgral? HTTP/1.1" 200 15360
186.79.17.148 - - [01/Mar/2017:08:50:31 -0300] "GET /cormun/servlet/trlicencias? HTTP/1.1" 200 6631
186.79.17.148 - - [01/Mar/2017:08:50:33 -0300] "GET /cormun/servlet/trlicencias? HTTP/1.1" 200 6630
192.168.10.62 - - [01/Mar/2017:08:50:37 -0300] "GET /cormun/static/menuarrow.gif HTTP/1.1" 404 1015
192.168.10.62 - - [01/Mar/2017:08:50:41 -0300] "POST /cormun/servlet/trsolicitudgral?d9a05f14c6013f30ffd3b4164de3d66b,,gx-no-cache=1488372327304 HTTP/1.1" 200 21895
192.168.10.62 - - [01/Mar/2017:08:50:42 -0300] "GET /cormun/static/Resources/PXToolsGridNext.gif HTTP/1.1" 200 369
192.168.10.62 - - [01/Mar/2017:08:50:42 -0300] "GET /cormun/static/Resources/PXToolsGridLast.gif HTTP/1.1" 200 370
186.79.17.148 - - [01/Mar/2017:08:51:53 -0300] "GET /cormun/servlet/trlicencias? HTTP/1.1" 200 6630
186.79.17.148 - - [01/Mar/2017:08:51:55 -0300] "GET /cormun/servlet/trlicencias? HTTP/1.1" 200 6630
186.79.17.148 - - [01/Mar/2017:08:51:58 -0300] "GET /cormun/servlet/licenciaspermisos?INS,0,,, HTTP/1.1" 200 7145
186.79.17.148 - - [01/Mar/2017:08:51:59 -0300] "GET /cormun/servlet/licenciaspermisos?INS,0,,, HTTP/1.1" 200 7145
192.168.10.96 - - [01/Mar/2017:08:52:06 -0300] "POST /cormun/servlet/hlogin?b3d9d0bbb4134ef89fd08940513881b6,gx-no-cache=1488372412417 HTTP/1.1" 200 90
192.168.10.96 - - [01/Mar/2017:08:52:06 -0300] "GET /cormun/servlet/hpexe_link HTTP/1.1" 200 950
192.168.10.96 - - [01/Mar/2017:08:52:06 -0300] "GET /cormun/static/Resources/Spanish/PXTools.css?18365030 HTTP/1.1" 200 89042
192.168.10.96 - - [01/Mar/2017:08:52:06 -0300] "GET /cormun/static/hpexe_link.js?201612218515532 HTTP/1.1" 200 625
192.168.10.96 - - [01/Mar/2017:08:52:06 -0300] "GET /cormun/static/gxcfg.js?201612218515529 HTTP/1.1" 200 953
192.168.10.96 - - [01/Mar/2017:08:52:06 -0300] "GET /cormun/servlet/hhome HTTP/1.1" 200 4099
192.168.10.96 - - [01/Mar/2017:08:52:06 -0300] "GET /cormun/static/Shared/jqueryui/jquery-ui.min.css?1345370 HTTP/1.1" 200 30288
192.168.10.96 - - [01/Mar/2017:08:52:06 -0300] "GET /cormun/static/SmoothNavMenu/resources/ddsmoothmenu.css?1112540 HTTP/1.1" 200 2223
192.168.10.96 - - [01/Mar/2017:08:52:06 -0300] "GET /cormun/static/SmoothNavMenu/resources/ddsmoothmenu-v.css?1112540 HTTP/1.1" 200 1188
192.168.10.96 - - [01/Mar/2017:08:52:06 -0300] "GET /cormun/static/gxcfg.js?201612218515568 HTTP/1.1" 200 953
192.168.10.96 - - [01/Mar/2017:08:52:06 -0300] "GET /cormun/static/scaMessage/css/jquery.pnotify.default.css?1816380 HTTP/1.1" 200 1707
192.168.10.96 - - [01/Mar/2017:08:52:06 -0300] "GET /cormun/static/PXToolsJavascripts/pexe_autoreload.js HTTP/1.1" 200 1762
192.168.10.96 - - [01/Mar/2017:08:52:06 -0300] "GET /cormun/static/PXToolsJavascripts/pexe_cookies.js HTTP/1.1" 200 792
192.168.10.96 - - [01/Mar/2017:08:52:06 -0300] "GET /cormun/static/PXToolsJavascripts/pexe_grid.js HTTP/1.1" 200 7559
192.168.10.96 - - [01/Mar/2017:08:52:06 -0300] "GET /cormun/static/PXToolsJavascripts/pexe_griddivfix.js HTTP/1.1" 200 6644
192.168.10.96 - - [01/Mar/2017:08:52:06 -0300] "GET /cormun/static/PXToolsJavascripts/pexe_windows.js HTTP/1.1" 200 15207
192.168.10.96 - - [01/Mar/2017:08:52:06 -0300] "GET /cormun/static/PXToolsJavascripts/pexe_menus.js HTTP/1.1" 200 1286
192.168.10.96 - - [01/Mar/2017:08:52:06 -0300] "GET /cormun/static/PXToolsJavascripts/pexe_menudivfix.js HTTP/1.1" 200 333
192.168.10.96 - - [01/Mar/2017:08:52:06 -0300] "GET /cormun/static/PXToolsJavascripts/pexe_oavdivfix.js HTTP/1.1" 200 639
192.168.10.96 - - [01/Mar/2017:08:52:06 -0300] "GET /cormun/static/PXToolsJavascripts/pexe_link.js HTTP/1.1" 200 5671
192.168.10.96 - - [01/Mar/2017:08:52:06 -0300] "GET /cormun/static/PXToolsJavascripts/pexe_layers.js HTTP/1.1" 200 4114
192.168.10.96 - - [01/Mar/2017:08:52:06 -0300] "GET /cormun/static/PXToolsJavascripts/pexe_oav.js HTTP/1.1" 200 645
192.168.10.96 - - [01/Mar/2017:08:52:06 -0300] "GET /cormun/static/PXToolsJavascripts/pexe_scrolldiv.js HTTP/1.1" 200 4138
192.168.10.96 - - [01/Mar/2017:08:52:06 -0300] "GET /cormun/static/PXToolsJavascripts/pexe_popup.js HTTP/1.1" 200 13458
192.168.10.96 - - [01/Mar/2017:08:52:06 -0300] "GET /cormun/static/PXToolsJavascripts/pexe_tabdivfix.js HTTP/1.1" 200 876
192.168.10.96 - - [01/Mar/2017:08:52:06 -0300] "GET /cormun/static/PXToolsJavascripts/pexe_picture.js HTTP/1.1" 200 689
192.168.10.96 - - [01/Mar/2017:08:52:06 -0300] "GET /cormun/static/PXToolsJavascripts/pexe_tabs.js HTTP/1.1" 200 3748
192.168.10.96 - - [01/Mar/2017:08:52:06 -0300] "GET /cormun/static/PXToolsJavascripts/pexe_upload.js HTTP/1.1" 200 1423
192.168.10.96 - - [01/Mar/2017:08:52:06 -0300] "GET /cormun/static/PXToolsJavascripts/PXToolsJavascriptsRender.js HTTP/1.1" 200 367
192.168.10.96 - - [01/Mar/2017:08:52:06 -0300] "GET /cormun/static/RunJS/RunJS.js HTTP/1.1" 200 288
192.168.10.96 - - [01/Mar/2017:08:52:06 -0300] "GET /cormun/static/Shared/ext/locale/ext-lang-en.js HTTP/1.1" 200 10940
192.168.10.96 - - [01/Mar/2017:08:52:06 -0300] "GET /cormun/static/hwchdr01.js?201612218432057 HTTP/1.1" 200 1183
192.168.10.96 - - [01/Mar/2017:08:52:06 -0300] "GET /cormun/static/hhome.js?201612218515573 HTTP/1.1" 200 777
192.168.10.96 - - [01/Mar/2017:08:52:06 -0300] "GET /cormun/static/hpexe_recentlink.js?201610171694390 HTTP/1.1" 200 2144
192.168.10.96 - - [01/Mar/2017:08:52:06 -0300] "GET /cormun/static/gxui/gxui-all.js HTTP/1.1" 200 107772
192.168.10.96 - - [01/Mar/2017:08:52:06 -0300] "GET /cormun/static/hpexe_scripts.js?201612218432016 HTTP/1.1" 200 1544
192.168.10.96 - - [01/Mar/2017:08:52:06 -0300] "GET /cormun/static/Resources/PXToolsHeaderLogin.png HTTP/1.1" 200 4279
192.168.10.96 - - [01/Mar/2017:08:52:06 -0300] "GET /cormun/static/Resources/PXToolsHeaderActionsBackground.png HTTP/1.1" 200 484
192.168.10.96 - - [01/Mar/2017:08:52:06 -0300] "GET /cormun/static/Resources/PXToolsHeaderBackground2.png HTTP/1.1" 200 1174
192.168.10.96 - - [01/Mar/2017:08:52:06 -0300] "GET /cormun/static/Resources/PXToolsHeaderPreferences.png HTTP/1.1" 200 4189
192.168.10.96 - - [01/Mar/2017:08:52:06 -0300] "GET /cormun/static/Resources/PXToolsDataTitle.png HTTP/1.1" 200 1173
192.168.10.96 - - [01/Mar/2017:08:52:06 -0300] "GET /cormun/static/Resources/PXToolsHeaderHome.png HTTP/1.1" 200 4147
192.168.10.96 - - [01/Mar/2017:08:52:06 -0300] "GET /cormun/static/Resources/PXToolsFooterBackground2.png HTTP/1.1" 200 1172
192.168.10.96 - - [01/Mar/2017:08:52:06 -0300] "GET /cormun/static/Resources/PXToolsHeaderSecurity.png HTTP/1.1" 200 4166
192.168.10.96 - - [01/Mar/2017:08:52:06 -0300] "GET /cormun/static/Resources/logo4.png HTTP/1.1" 200 6582
192.168.10.96 - - [01/Mar/2017:08:52:06 -0300] "GET /cormun/static/Resources/PXToolsHeaderActionsLeft.png HTTP/1.1" 200 1118
192.168.10.96 - - [01/Mar/2017:08:52:06 -0300] "GET /cormun/static/Resources/PXToolsHeaderActionsRight.png HTTP/1.1" 200 1201
192.168.10.96 - - [01/Mar/2017:08:52:06 -0300] "GET /cormun/static/hpexe_messagecontroller.js?201610171694323 HTTP/1.1" 200 870
192.168.10.96 - - [01/Mar/2017:08:52:06 -0300] "GET /cormun/static/hpexe_messagepopupcomponent.js?20161017169425 HTTP/1.1" 200 605
192.168.10.96 - - [01/Mar/2017:08:52:06 -0300] "GET /cormun/static/hpexe_messagegenexuscomponent.js?201612218431816 HTTP/1.1" 200 587
192.168.10.96 - - [01/Mar/2017:08:52:06 -0300] "GET /cormun/static/cmcontrolpreferences.js?201612218431999 HTTP/1.1" 200 1375
192.168.10.96 - - [01/Mar/2017:08:52:06 -0300] "GET /cormun/static/Shared/jquery/jquery-1.4.2.min.js HTTP/1.1" 200 72174
192.168.10.96 - - [01/Mar/2017:08:52:06 -0300] "GET /cormun/static/SmoothNavMenu/resources/ddsmoothmenu.js HTTP/1.1" 200 12712
192.168.10.96 - - [01/Mar/2017:08:52:06 -0300] "GET /cormun/static/SmoothNavMenu/resources/SmoothNavMenuRender.js HTTP/1.1" 200 5951
192.168.10.96 - - [01/Mar/2017:08:52:06 -0300] "GET /cormun/static/scaMessage/js/jquery.pnotify.min.js HTTP/1.1" 200 13038
192.168.10.96 - - [01/Mar/2017:08:52:06 -0300] "GET /cormun/static/scaMessage/scaMessageRender.js HTTP/1.1" 200 11977
192.168.10.96 - - [01/Mar/2017:08:52:06 -0300] "GET /cormun/static/Shared/ext/ext-all.js HTTP/1.1" 200 1289687
192.168.10.96 - - [01/Mar/2017:08:52:06 -0300] "GET /cormun/static/hmpwkw03.js?20161221852152 HTTP/1.1" 200 3965
192.168.10.96 - - [01/Mar/2017:08:52:06 -0300] "GET /cormun/static/Shared/jquery/jquery-1.10.2.min.js HTTP/1.1" 200 273199
192.168.10.96 - - [01/Mar/2017:08:52:06 -0300] "GET /cormun/static/Shared/jqueryui/jquery-ui.min.js HTTP/1.1" 200 240427
192.168.10.96 - - [01/Mar/2017:08:52:07 -0300] "GET /cormun/static/SmoothNavMenu/resources/images/down.gif HTTP/1.1" 200 854
192.168.10.96 - - [01/Mar/2017:08:52:07 -0300] "GET /cormun/static/SmoothNavMenu/resources/images/right.gif HTTP/1.1" 200 860
192.168.10.96 - - [01/Mar/2017:08:52:07 -0300] "GET /cormun/servlet/hhome HTTP/1.1" 200 4096
186.79.17.148 - - [01/Mar/2017:08:52:09 -0300] "GET /cormun/servlet/prfichaempleado?,MD,,gxPopupLevel%3D0%3B HTTP/1.1" 200 8854
192.168.10.96 - - [01/Mar/2017:08:52:12 -0300] "GET /cormun/servlet/trconsultaempleado? HTTP/1.1" 200 9177
192.168.10.96 - - [01/Mar/2017:08:52:12 -0300] "GET /cormun/static/gxui/gxui-all.css?120300 HTTP/1.1" 200 2179
192.168.10.96 - - [01/Mar/2017:08:52:12 -0300] "GET /cormun/static/gxcfg.js?201612218544926 HTTP/1.1" 200 953
192.168.10.96 - - [01/Mar/2017:08:52:12 -0300] "GET /cormun/static/gxdec.js?85251 HTTP/1.1" 200 19579
192.168.10.96 - - [01/Mar/2017:08:52:12 -0300] "GET /cormun/static/Shared/ext/resources/css/ext-all.css?215870 HTTP/1.1" 200 416045
192.168.10.96 - - [01/Mar/2017:08:52:12 -0300] "GET /cormun/static/trconsultaempleado.js?201612218545140 HTTP/1.1" 200 15811
192.168.10.96 - - [01/Mar/2017:08:52:12 -0300] "GET /cormun/static/Resources/PXToolsDataSearch.png HTTP/1.1" 200 419
192.168.10.96 - - [01/Mar/2017:08:52:12 -0300] "GET /cormun/static/Resources/PXToolsGridFirstDisabled.gif HTTP/1.1" 200 100
192.168.10.96 - - [01/Mar/2017:08:52:12 -0300] "GET /cormun/static/Resources/PXToolsGridPreviousDisabled.gif HTTP/1.1" 200 90
192.168.10.96 - - [01/Mar/2017:08:52:12 -0300] "GET /cormun/static/Resources/PXToolsGridNextDisabled.gif HTTP/1.1" 200 90
192.168.10.96 - - [01/Mar/2017:08:52:12 -0300] "GET /cormun/static/Resources/PXToolsGridLastDisabled.gif HTTP/1.1" 200 98
192.168.10.96 - - [01/Mar/2017:08:52:12 -0300] "GET /cormun/static/Resources/PXToolsGridPage.gif HTTP/1.1" 200 725
192.168.10.96 - - [01/Mar/2017:08:52:12 -0300] "GET /cormun/static/Resources/asc.gif HTTP/1.1" 200 67
192.168.10.96 - - [01/Mar/2017:08:52:12 -0300] "GET /cormun//static/Resources/PXToolsActionView.png HTTP/1.1" 200 2995
192.168.10.96 - - [01/Mar/2017:08:52:12 -0300] "GET /cormun/static/Resources/desc.gif HTTP/1.1" 200 65
192.168.10.96 - - [01/Mar/2017:08:52:12 -0300] "GET /cormun/static/Shared/ext/resources/themes/images/default/panel/bg-headersPanel.png HTTP/1.1" 200 255
192.168.10.96 - - [01/Mar/2017:08:52:12 -0300] "GET /cormun/static/Shared/ext/resources/themes/images/default/tools/tool-sprites.gif HTTP/1.1" 200 5434
192.168.10.96 - - [01/Mar/2017:08:52:13 -0300] "GET /cormun/servlet/trconsultaempleado? HTTP/1.1" 200 9175
186.79.17.148 - - [01/Mar/2017:08:52:23 -0300] "POST /cormun/servlet/prfichaempleado?5229b9bea1b1cab6b38caeeaf06205b0,,MD,,gxPopupLevel%3D0%3B,gx-no-cache=1488369081013 HTTP/1.1" 200 3512
192.168.10.96 - - [01/Mar/2017:08:52:26 -0300] "POST /cormun/servlet/trconsultaempleado?b3d9d0bbb4134ef89fd08940513881b6,,gx-no-cache=1488372432575 HTTP/1.1" 200 4322
186.79.17.148 - - [01/Mar/2017:08:52:27 -0300] "GET /cormun/servlet/licenciaspermisos?67914c159e20958c9720f5e479f66a2e80d75cd399a6be6da2aa19cb883ce6773e348fd7612aa9c02e1cc3fe8d9807b1,gx-no-cache=1488369085961 HTTP/1.1" 200 69
186.79.17.148 - - [01/Mar/2017:08:52:28 -0300] "POST /cormun/servlet/licenciaspermisos?5229b9bea1b1cab6b38caeeaf06205b0,INS,0,,,,gx-no-cache=1488369086096 HTTP/1.1" 200 4414
192.168.10.62 - - [01/Mar/2017:08:52:32 -0300] "GET /cormun/servlet/vesolicitudgral?2017,4919,, HTTP/1.1" 200 8099
192.168.10.62 - - [01/Mar/2017:08:52:32 -0300] "GET /cormun/static/gxcfg.js?201612218543032 HTTP/1.1" 200 953
192.168.10.62 - - [01/Mar/2017:08:52:32 -0300] "GET /cormun/pexe_scrolldiv.js HTTP/1.1" 404 1009
192.168.10.62 - - [01/Mar/2017:08:52:32 -0300] "GET /cormun/static/vesolicitudgral.js?201612218543091 HTTP/1.1" 200 6721
192.168.10.62 - - [01/Mar/2017:08:52:32 -0300] "GET /cormun/static/hwcviewtabs.js?201612218431866 HTTP/1.1" 200 1074
192.168.10.62 - - [01/Mar/2017:08:52:32 -0300] "GET /cormun/static/Resources/PXToolsTabFirstSelected.png HTTP/1.1" 200 1259
192.168.10.62 - - [01/Mar/2017:08:52:32 -0300] "GET /cormun/static/Resources/PXToolsTabPrevious.gif HTTP/1.1" 200 172
192.168.10.62 - - [01/Mar/2017:08:52:32 -0300] "GET /cormun/static/hpexe_tabsview.js?201610171694228 HTTP/1.1" 200 1661
192.168.10.62 - - [01/Mar/2017:08:52:32 -0300] "GET /cormun/static/Resources/PXToolsTabNext.gif HTTP/1.1" 200 168
192.168.10.62 - - [01/Mar/2017:08:52:32 -0300] "GET /cormun/pexe_scrolldiv.js HTTP/1.1" 404 1009
192.168.10.62 - - [01/Mar/2017:08:52:32 -0300] "GET /cormun/static/Resources/PXToolsTabLastUnselected.png HTTP/1.1" 200 1291
192.168.10.62 - - [01/Mar/2017:08:52:32 -0300] "GET /cormun/static/tbsolicitudgral01.js?20171102165139 HTTP/1.1" 200 29094
192.168.10.62 - - [01/Mar/2017:08:52:33 -0300] "GET /cormun/static/calendar-system.css HTTP/1.1" 200 5572
192.168.10.62 - - [01/Mar/2017:08:52:33 -0300] "GET /cormun/static/Resources/PXToolsTabBackUnselected.png HTTP/1.1" 200 1175
192.168.10.62 - - [01/Mar/2017:08:52:33 -0300] "GET /cormun/static/Resources/PXToolsTabBackSelected.png HTTP/1.1" 200 1157
192.168.10.62 - - [01/Mar/2017:08:52:33 -0300] "GET /cormun/static/Resources/PXToolsTabSelectedUnselected.png HTTP/1.1" 200 1428
192.168.10.62 - - [01/Mar/2017:08:52:33 -0300] "GET /cormun/static/Resources/PXToolsTabUnselectedUnselected.png HTTP/1.1" 200 1459
192.168.10.62 - - [01/Mar/2017:08:52:33 -0300] "GET /cormun/servlet/vesolicitudgral?2017,4919,, HTTP/1.1" 200 8098
186.79.17.148 - - [01/Mar/2017:08:52:42 -0300] "GET /cormun/static/menuarrow.gif HTTP/1.1" 404 1015
192.168.10.62 - - [01/Mar/2017:08:52:48 -0300] "GET /cormun/servlet/vesolicitudgral?2017,4919,,SolicitudOTAdjuntos HTTP/1.1" 200 9818
192.168.10.62 - - [01/Mar/2017:08:52:48 -0300] "GET /cormun/pexe_scrolldiv.js HTTP/1.1" 404 1009
192.168.10.62 - - [01/Mar/2017:08:52:48 -0300] "GET /cormun/static/tbsolicitudgral02.js?201612218423933 HTTP/1.1" 200 13303
192.168.10.62 - - [01/Mar/2017:08:52:48 -0300] "GET /cormun/pexe_scrolldiv.js HTTP/1.1" 404 1009
192.168.10.62 - - [01/Mar/2017:08:52:48 -0300] "GET /cormun/static/gxui/gxui-all.css HTTP/1.1" 200 2179
192.168.10.62 - - [01/Mar/2017:08:52:48 -0300] "GET /cormun/static/Shared/ext/resources/css/ext-all.css HTTP/1.1" 200 416045
192.168.10.62 - - [01/Mar/2017:08:52:48 -0300] "GET /cormun/static/Resources/PXToolsTabFirstUnselected.png HTTP/1.1" 200 1264
192.168.10.62 - - [01/Mar/2017:08:52:48 -0300] "GET /cormun/static/Resources/PXToolsTabUnselectedSelected.png HTTP/1.1" 200 1444
192.168.10.62 - - [01/Mar/2017:08:52:51 -0300] "POST /cormun/servlet/acontrolpreferencessavestate?None,FGONZALEZG,true HTTP/1.1" 200 35
186.67.172.234 - - [01/Mar/2017:08:52:51 -0300] "GET /cormun/servlet/licenciaspermisos?e76c0031b9378393ae82491b6c1040f1ae968a05bf348c8c9fdcb7af2015ece8f4b3effbc5f9f90ce1af47593658c075,gx-no-cache=1488369237185 HTTP/1.1" 200 66
192.168.10.96 - - [01/Mar/2017:08:52:51 -0300] "GET /cormun/servlet/trsolicitudnombre?12844620, HTTP/1.1" 200 7131
186.67.172.234 - - [01/Mar/2017:08:52:51 -0300] "POST /cormun/servlet/licenciaspermisos?239ead339a817797e6d0094b354ac154,INS,0,,,,gx-no-cache=1488369238888 HTTP/1.1" 200 4414
192.168.10.96 - - [01/Mar/2017:08:52:51 -0300] "GET /cormun/static/calendar-system.css?85620 HTTP/1.1" 200 5572
192.168.10.96 - - [01/Mar/2017:08:52:51 -0300] "GET /cormun/static/gxcfg.js?20171191035873 HTTP/1.1" 200 953
192.168.10.96 - - [01/Mar/2017:08:52:51 -0300] "GET /cormun/static/calendar-setup.js?85251 HTTP/1.1" 200 2588
192.168.10.96 - - [01/Mar/2017:08:52:51 -0300] "GET /cormun/static/calendar.js?85251 HTTP/1.1" 200 26246
192.168.10.96 - - [01/Mar/2017:08:52:51 -0300] "GET /cormun/static/calendar-es.js?85251 HTTP/1.1" 200 1901
192.168.10.96 - - [01/Mar/2017:08:52:51 -0300] "GET /cormun/static/trsolicitudnombre.js?201711910440 HTTP/1.1" 200 43570
192.168.10.96 - - [01/Mar/2017:08:52:51 -0300] "GET /cormun/static/Resources/PXToolsActionExcel.png HTTP/1.1" 200 3187
192.168.10.96 - - [01/Mar/2017:08:52:52 -0300] "GET /cormun/servlet/trsolicitudnombre?12844620, HTTP/1.1" 200 7131
192.168.10.62 - - [01/Mar/2017:08:52:52 -0300] "GET /cormun/servlet/vesolicitudgral?2017,4919,,SolicitudOTAdjuntos HTTP/1.1" 200 9819
192.168.10.96 - - [01/Mar/2017:08:52:54 -0300] "GET /cormun/servlet/vesolicitudnombre?2017,4735,, HTTP/1.1" 200 8350
192.168.10.96 - - [01/Mar/2017:08:52:54 -0300] "GET /cormun/static/gxcfg.js?201612218544286 HTTP/1.1" 200 953
192.168.10.96 - - [01/Mar/2017:08:52:54 -0300] "GET /cormun/pexe_scrolldiv.js HTTP/1.1" 404 1009
192.168.10.96 - - [01/Mar/2017:08:52:54 -0300] "GET /cormun/static/vesolicitudnombre.js?201612218544339 HTTP/1.1" 200 6119
192.168.10.96 - - [01/Mar/2017:08:52:54 -0300] "GET /cormun/static/hwcviewtabs.js?201612218431866 HTTP/1.1" 200 1074
192.168.10.96 - - [01/Mar/2017:08:52:54 -0300] "GET /cormun/static/hpexe_tabsview.js?201610171694228 HTTP/1.1" 200 1661
192.168.10.96 - - [01/Mar/2017:08:52:54 -0300] "GET /cormun/static/Resources/PXToolsTabLastUnselected.png HTTP/1.1" 200 1291
192.168.10.96 - - [01/Mar/2017:08:52:54 -0300] "GET /cormun/static/Resources/PXToolsTabNext.gif HTTP/1.1" 200 168
192.168.10.96 - - [01/Mar/2017:08:52:54 -0300] "GET /cormun/static/Resources/PXToolsTabPrevious.gif HTTP/1.1" 200 172
192.168.10.96 - - [01/Mar/2017:08:52:54 -0300] "GET /cormun/static/Resources/PXToolsTabFirstSelected.png HTTP/1.1" 200 1259
192.168.10.96 - - [01/Mar/2017:08:52:54 -0300] "GET /cormun/pexe_scrolldiv.js HTTP/1.1" 404 1009
192.168.10.96 - - [01/Mar/2017:08:52:54 -0300] "GET /cormun/static/tbsolicitudnombre01.js?2017110216261 HTTP/1.1" 200 28971
192.168.10.96 - - [01/Mar/2017:08:52:54 -0300] "GET /cormun/static/Resources/PXTools/calendar.png HTTP/1.1" 200 1306
192.168.10.96 - - [01/Mar/2017:08:52:54 -0300] "GET /cormun/static/calendar-system.css HTTP/1.1" 200 5572
192.168.10.96 - - [01/Mar/2017:08:52:54 -0300] "GET /cormun/static/Resources/PXToolsTabBackSelected.png HTTP/1.1" 200 1157
192.168.10.96 - - [01/Mar/2017:08:52:54 -0300] "GET /cormun/static/Resources/PXToolsTabBackUnselected.png HTTP/1.1" 200 1175
192.168.10.96 - - [01/Mar/2017:08:52:54 -0300] "GET /cormun/static/Resources/PXToolsTabSelectedUnselected.png HTTP/1.1" 200 1428
192.168.10.96 - - [01/Mar/2017:08:52:54 -0300] "GET /cormun/static/Resources/PXToolsTabUnselectedUnselected.png HTTP/1.1" 200 1459
192.168.10.96 - - [01/Mar/2017:08:52:55 -0300] "GET /cormun/servlet/vesolicitudnombre?2017,4735,, HTTP/1.1" 200 8342
192.168.10.96 - - [01/Mar/2017:08:52:57 -0300] "GET /cormun/servlet/vesolicitudnombre?2017,4735,,SolicitudOTAdjuntos HTTP/1.1" 200 7320
192.168.10.96 - - [01/Mar/2017:08:52:57 -0300] "GET /cormun/pexe_scrolldiv.js HTTP/1.1" 404 1009
192.168.10.96 - - [01/Mar/2017:08:52:57 -0300] "GET /cormun/static/tbsolicitudnombre02.js?201612218422876 HTTP/1.1" 200 14723
192.168.10.96 - - [01/Mar/2017:08:52:57 -0300] "GET /cormun/pexe_scrolldiv.js HTTP/1.1" 404 1009
192.168.10.96 - - [01/Mar/2017:08:52:57 -0300] "GET /cormun/static/gxui/gxui-all.css HTTP/1.1" 200 2179
192.168.10.96 - - [01/Mar/2017:08:52:57 -0300] "GET /cormun/static/Shared/ext/resources/css/ext-all.css HTTP/1.1" 200 416045
192.168.10.96 - - [01/Mar/2017:08:52:57 -0300] "GET /cormun/static/Resources/PXToolsTabFirstUnselected.png HTTP/1.1" 200 1264
192.168.10.96 - - [01/Mar/2017:08:52:57 -0300] "GET /cormun/static/Resources/PXToolsTabUnselectedSelected.png HTTP/1.1" 200 1444
192.168.10.96 - - [01/Mar/2017:08:52:57 -0300] "GET /cormun/servlet/vesolicitudnombre?2017,4735,,SolicitudOTAdjuntos HTTP/1.1" 200 7320
192.168.10.96 - - [01/Mar/2017:08:52:58 -0300] "POST /cormun/servlet/acontrolpreferencessavestate?None,DZAMUDIO,true HTTP/1.1" 200 35
192.168.10.96 - - [01/Mar/2017:08:53:00 -0300] "GET /cormun/servlet/vesolicitudnombre?2017,4735,, HTTP/1.1" 200 8350
192.168.10.96 - - [01/Mar/2017:08:53:01 -0300] "GET /cormun/servlet/vesolicitudnombre?2017,4735,, HTTP/1.1" 200 8342
192.168.10.96 - - [01/Mar/2017:08:53:02 -0300] "GET /cormun/servlet/vesolicitudnombre?2017,4735,,SolicitudOTLog HTTP/1.1" 200 9008
192.168.10.96 - - [01/Mar/2017:08:53:02 -0300] "GET /cormun/pexe_scrolldiv.js HTTP/1.1" 404 1009
192.168.10.96 - - [01/Mar/2017:08:53:02 -0300] "GET /cormun/static/tbsolicitudnombre03.js?201612218422543 HTTP/1.1" 200 13343
192.168.10.96 - - [01/Mar/2017:08:53:02 -0300] "GET /cormun/static/Resources/PXToolsTabLastSelected.png HTTP/1.1" 200 1262
192.168.10.96 - - [01/Mar/2017:08:53:02 -0300] "GET /cormun/pexe_scrolldiv.js HTTP/1.1" 404 1009
192.168.10.96 - - [01/Mar/2017:08:53:03 -0300] "GET /cormun/servlet/vesolicitudnombre?2017,4735,,SolicitudOTLog HTTP/1.1" 200 9009
192.168.10.96 - - [01/Mar/2017:08:53:04 -0300] "POST /cormun/servlet/acontrolpreferencessavestate?None,DZAMUDIO,true HTTP/1.1" 200 35
192.168.10.96 - - [01/Mar/2017:08:53:05 -0300] "GET /cormun/servlet/vesolicitudnombre?2017,4735,,SolicitudOTAdjuntos HTTP/1.1" 200 7323
192.168.10.96 - - [01/Mar/2017:08:53:05 -0300] "GET /cormun/pexe_scrolldiv.js HTTP/1.1" 404 1009
192.168.10.96 - - [01/Mar/2017:08:53:05 -0300] "GET /cormun/pexe_scrolldiv.js HTTP/1.1" 404 1009
192.168.10.96 - - [01/Mar/2017:08:53:06 -0300] "GET /cormun/servlet/vesolicitudnombre?2017,4735,,SolicitudOTAdjuntos HTTP/1.1" 200 7323
192.168.10.96 - - [01/Mar/2017:08:53:06 -0300] "POST /cormun/servlet/acontrolpreferencessavestate?None,DZAMUDIO,true HTTP/1.1" 200 35
192.168.10.96 - - [01/Mar/2017:08:53:09 -0300] "POST /cormun/servlet/vesolicitudnombre?b3d9d0bbb4134ef89fd08940513881b6,2017,4735,,SolicitudOTAdjuntos,gx-no-cache=1488372475261 HTTP/1.1" 200 90
192.168.10.96 - - [01/Mar/2017:08:53:09 -0300] "GET /cormun/servlet/hpexe_link HTTP/1.1" 200 988
192.168.10.96 - - [01/Mar/2017:08:53:09 -0300] "GET /cormun/servlet/trsolicitudnombre?12844620, HTTP/1.1" 200 7137
192.168.10.96 - - [01/Mar/2017:08:53:09 -0300] "GET /cormun/servlet/trsolicitudnombre?12844620, HTTP/1.1" 200 7135
192.168.10.62 - - [01/Mar/2017:08:53:21 -0300] "POST /cormun/servlet/vesolicitudgral?d9a05f14c6013f30ffd3b4164de3d66b,2017,4919,,SolicitudOTAdjuntos,gx-no-cache=1488372487656 HTTP/1.1" 200 90
192.168.10.62 - - [01/Mar/2017:08:53:21 -0300] "GET /cormun/servlet/hpexe_link HTTP/1.1" 200 976
192.168.10.62 - - [01/Mar/2017:08:53:22 -0300] "GET /cormun/servlet/trsolicitudgral? HTTP/1.1" 200 24015
192.168.10.62 - - [01/Mar/2017:08:53:23 -0300] "GET /cormun/servlet/trsolicitudgral? HTTP/1.1" 200 24015
192.168.10.62 - - [01/Mar/2017:08:53:33 -0300] "POST /cormun/servlet/trsolicitudgral?d9a05f14c6013f30ffd3b4164de3d66b,,gx-no-cache=1488372499285 HTTP/1.1" 200 105
192.168.10.62 - - [01/Mar/2017:08:53:33 -0300] "GET /cormun/SolicitudGral-1288.xls HTTP/1.1" 200 45056
192.168.10.96 - - [01/Mar/2017:08:53:45 -0300] "GET /cormun/servlet/trconsultaempleado? HTTP/1.1" 200 6504
192.168.10.96 - - [01/Mar/2017:08:53:45 -0300] "GET /cormun/servlet/trconsultaempleado? HTTP/1.1" 200 6504
192.168.10.96 - - [01/Mar/2017:08:53:57 -0300] "POST /cormun/servlet/trconsultaempleado?b3d9d0bbb4134ef89fd08940513881b6,,gx-no-cache=1488372523749 HTTP/1.1" 200 4338
192.168.10.96 - - [01/Mar/2017:08:54:04 -0300] "GET /cormun/servlet/trsolicitudnombre?15993133, HTTP/1.1" 200 7145
192.168.10.96 - - [01/Mar/2017:08:54:04 -0300] "GET /cormun/servlet/trsolicitudnombre?15993133, HTTP/1.1" 200 7145
192.168.10.96 - - [01/Mar/2017:08:54:06 -0300] "GET /cormun/servlet/vesolicitudnombre?2017,4727,, HTTP/1.1" 200 8370
192.168.10.96 - - [01/Mar/2017:08:54:06 -0300] "GET /cormun/pexe_scrolldiv.js HTTP/1.1" 404 1009
192.168.10.96 - - [01/Mar/2017:08:54:06 -0300] "GET /cormun/pexe_scrolldiv.js HTTP/1.1" 404 1009
192.168.10.96 - - [01/Mar/2017:08:54:07 -0300] "GET /cormun/servlet/vesolicitudnombre?2017,4727,, HTTP/1.1" 200 8361
192.168.10.96 - - [01/Mar/2017:08:54:09 -0300] "GET /cormun/servlet/vesolicitudnombre?2017,4727,,SolicitudOTAdjuntos HTTP/1.1" 200 7322
192.168.10.96 - - [01/Mar/2017:08:54:09 -0300] "GET /cormun/pexe_scrolldiv.js HTTP/1.1" 404 1009
192.168.10.96 - - [01/Mar/2017:08:54:09 -0300] "GET /cormun/pexe_scrolldiv.js HTTP/1.1" 404 1009
192.168.10.96 - - [01/Mar/2017:08:54:09 -0300] "GET /cormun/servlet/vesolicitudnombre?2017,4727,,SolicitudOTAdjuntos HTTP/1.1" 200 7322
192.168.10.96 - - [01/Mar/2017:08:54:10 -0300] "POST /cormun/servlet/acontrolpreferencessavestate?None,DZAMUDIO,true HTTP/1.1" 200 35
186.79.17.148 - - [01/Mar/2017:08:54:17 -0300] "GET /cormun/servlet/licenciaspermisos?67914c159e20958c9720f5e479f66a2e8945feb32a428ab4d4ceb1c66f73043617019772803d20c83c56ef178d0952d22392836e909284bf9a3926cc4d0e36656d6374b4a3197296bb1cc64dfb5613668f32254cbb2aec9a9518a6e01edd715d86e66ff07176c09923c5128427da245310003cdda0885a7e81f57152756d61bac740f78fb11c681dc59ab83202c66e60e21e983d1f2f640c27d4fc92301cad847b0310987741aa3f67e3cfdc9d521364,gx-no-cache=1488369195922 HTTP/1.1" 200 30
186.79.17.148 - - [01/Mar/2017:08:54:18 -0300] "GET /cormun/servlet/licenciaspermisos?67914c159e20958c9720f5e479f66a2e99a280c949e0189f3efa9831d9577132a8733a0d4ca5233bbed23cb87641fe317674de4ba0765c9e3202b07ed022b378af00b45aa073d54a038ab70093876eedd281e68e60fdd70e779f750c7f4b7dd0b906ac146829e6b7495672ed7aae11f66beb4123d4044d99ea68f56ab020f41e3dc0bbe2a56d3f210823af2277ace4441149351e1e6fd6d128ff980e9df7898667f3e888cb63c599a60fe31aa4a51b36,gx-no-cache=1488369196100 HTTP/1.1" 200 29
186.79.17.148 - - [01/Mar/2017:08:54:18 -0300] "POST /cormun/servlet/licenciaspermisos?5229b9bea1b1cab6b38caeeaf06205b0,INS,0,,,,gx-no-cache=1488369196262 HTTP/1.1" 200 93
186.79.17.148 - - [01/Mar/2017:08:54:18 -0300] "GET /cormun/servlet/hpexe_return? HTTP/1.1" 200 1016
186.79.17.148 - - [01/Mar/2017:08:54:19 -0300] "GET /cormun/servlet/trlicencias HTTP/1.1" 200 7786
186.79.17.148 - - [01/Mar/2017:08:54:21 -0300] "GET /cormun/servlet/trlicencias HTTP/1.1" 200 7782
186.79.17.148 - - [01/Mar/2017:08:55:20 -0300] "GET /cormun/servlet/trlicenciaspermisosadjuntos?8510071,20170301000000,L, HTTP/1.1" 200 6148
186.79.17.148 - - [01/Mar/2017:08:55:22 -0300] "GET /cormun/servlet/trlicenciaspermisosadjuntos?8510071,20170301000000,L, HTTP/1.1" 200 6148
186.79.17.148 - - [01/Mar/2017:08:55:24 -0300] "GET /cormun/servlet/licenciaspermisosadjuntos?INS,8510071,L,20170301000000,, HTTP/1.1" 200 5442
186.79.17.148 - - [01/Mar/2017:08:55:25 -0300] "GET /cormun/static/gxcfg.js?2016122813131386 HTTP/1.1" 200 953
186.79.17.148 - - [01/Mar/2017:08:55:25 -0300] "GET /cormun/static/about:blank HTTP/1.1" 404 1011
186.79.17.148 - - [01/Mar/2017:08:55:26 -0300] "GET /cormun/servlet/licenciaspermisosadjuntos?INS,8510071,L,20170301000000,, HTTP/1.1" 200 5432
186.79.17.148 - - [01/Mar/2017:08:55:55 -0300] "POST /cormun/servlet/licenciaspermisosadjuntos?5229b9bea1b1cab6b38caeeaf06205b0,INS,8510071,L,20170301000000,, HTTP/1.1" 200 116
186.79.17.148 - - [01/Mar/2017:08:55:56 -0300] "GET /cormun/servlet/hpexe_return? HTTP/1.1" 200 1045
186.79.17.148 - - [01/Mar/2017:08:55:56 -0300] "GET /cormun/servlet/trlicenciaspermisosadjuntos?8510071,20170301000000,L, HTTP/1.1" 200 6619
186.79.17.148 - - [01/Mar/2017:08:55:58 -0300] "GET /cormun/servlet/trlicenciaspermisosadjuntos?8510071,20170301000000,L, HTTP/1.1" 200 6615
186.79.17.148 - - [01/Mar/2017:08:56:01 -0300] "GET /cormun/PublicTempStorage/licencia_irene_valenzuela8434880.jpeg HTTP/1.1" 200 561071
