186.67.172.234 - - [01/Mar/2017:16:26:42 -0300] "POST /cormun/servlet/solicitudotadjuntos?gx-no-cache=1488396481049 HTTP/1.1" 200 26
186.103.156.24 - - [01/Mar/2017:16:26:45 -0300] "GET /cormun/servlet/solicitudot?INS,0,0, HTTP/1.1" 200 12754
186.103.156.24 - - [01/Mar/2017:16:26:45 -0300] "GET /cormun/static/Resources/prompt.gif HTTP/1.1" 200 902
186.103.156.24 - - [01/Mar/2017:16:26:45 -0300] "GET /cormun/static/gxcfg.js?20171191042720 HTTP/1.1" 200 953
186.103.156.24 - - [01/Mar/2017:16:26:45 -0300] "GET /cormun/static/solicitudot.js?2017119104297 HTTP/1.1" 200 63948
186.103.156.24 - - [01/Mar/2017:16:26:46 -0300] "GET /cormun/servlet/solicitudot?INS,0,0, HTTP/1.1" 200 12759
186.103.159.44 - - [01/Mar/2017:16:26:46 -0300] "POST /cormun/servlet/solicitudot?gx-no-cache=1488396471640 HTTP/1.1" 200 1291
192.168.10.89 - - [01/Mar/2017:16:26:49 -0300] "POST /cormun/servlet/trsolicitudgral?4c09c947ad57f77880682ecfaab0c69f,gx-no-cache=1488399695497 HTTP/1.1" 200 8255
186.103.159.44 - - [01/Mar/2017:16:26:49 -0300] "GET /cormun/static/menuarrow.gif HTTP/1.1" 404 1015
186.67.172.234 - - [01/Mar/2017:16:26:54 -0300] "GET /cormun/servlet/solicitudotadjuntos?b9a03848b24a44faf3f8f47ae02ff23a044a71eaada84f47f1290ba62df73fea,gx-no-cache=1488396493026 HTTP/1.1" 200 30
186.67.172.234 - - [01/Mar/2017:16:26:54 -0300] "GET /cormun/servlet/solicitudotadjuntos?b9a03848b24a44faf3f8f47ae02ff23a044a71eaada84f47f1290ba62df73fea,gx-no-cache=1488396493087 HTTP/1.1" 200 30
186.103.159.44 - - [01/Mar/2017:16:26:57 -0300] "POST /cormun/servlet/solicitudot?gx-no-cache=1488396483447 HTTP/1.1" 200 41
186.67.172.234 - - [01/Mar/2017:16:26:57 -0300] "POST /cormun/servlet/solicitudotadjuntos?788f689102b03935b49671fe21260562,INS,2017,4968,,1, HTTP/1.1" 200 116
186.67.172.234 - - [01/Mar/2017:16:26:57 -0300] "GET /cormun/servlet/hpexe_return? HTTP/1.1" 200 1026
186.67.172.234 - - [01/Mar/2017:16:26:58 -0300] "GET /cormun/servlet/trsolicitudadjuntos?2017,4968, HTTP/1.1" 200 8267
186.67.172.234 - - [01/Mar/2017:16:26:58 -0300] "GET /cormun/servlet/trsolicitudadjuntos?2017,4968, HTTP/1.1" 200 8262
186.67.172.234 - - [01/Mar/2017:16:27:02 -0300] "GET /cormun/servlet/solicitudotadjuntos?INS,2017,4968,,1, HTTP/1.1" 200 6051
186.67.172.234 - - [01/Mar/2017:16:27:02 -0300] "GET /cormun/static/about:blank HTTP/1.1" 404 1011
186.67.172.234 - - [01/Mar/2017:16:27:02 -0300] "GET /cormun/servlet/solicitudotadjuntos?INS,2017,4968,,1, HTTP/1.1" 200 6045
186.67.172.234 - - [01/Mar/2017:16:27:03 -0300] "GET /cormun/servlet/solicitudotadjuntos?b9a03848b24a44faf3f8f47ae02ff23a8acd5b46c6203b25c3dca2ffff18dca8912f47b40868deba04d4824d6db39ca2,gx-no-cache=1488396502021 HTTP/1.1" 200 30
186.67.172.234 - - [01/Mar/2017:16:27:04 -0300] "POST /cormun/servlet/solicitudotadjuntos?788f689102b03935b49671fe21260562,INS,2017,4968,,1,,gx-no-cache=1488396502806 HTTP/1.1" 200 3861
186.67.172.234 - - [01/Mar/2017:16:27:07 -0300] "POST /cormun/servlet/solicitudotadjuntos?gx-no-cache=1488396506225 HTTP/1.1" 200 26
186.103.159.44 - - [01/Mar/2017:16:27:08 -0300] "GET /cormun/servlet/solicitudot?c3c94e29e4b828e2515c1c6b110f09145fb193ec26c63ca81fdcb3e045e775bf2b0de6342b4a63f4e1d3f06b52bd952fdd3ca597ea63e6685dbc7b098d5e762554fd178e95d0c9a2e6184256533b59a98c12b6e2fd46e9ddf4c767c106ad160d5fbfbc4aea1085c13b8ec3510fc64b96b250807702c6f88c946582efd5c18ca5224a9fd6d86f4c2d8612b065b1e384c592621f2fc691ddb41a1da0689bb85038,gx-no-cache=1488396494345 HTTP/1.1" 200 29
186.103.159.44 - - [01/Mar/2017:16:27:09 -0300] "POST /cormun/servlet/solicitudot?gx-no-cache=1488396494772 HTTP/1.1" 200 1273
186.103.159.44 - - [01/Mar/2017:16:27:09 -0300] "POST /cormun/servlet/solicitudot?gx-no-cache=1488396495019 HTTP/1.1" 200 1157
186.103.159.44 - - [01/Mar/2017:16:27:11 -0300] "POST /cormun/servlet/solicitudot?gx-no-cache=1488396496765 HTTP/1.1" 200 1273
186.103.159.44 - - [01/Mar/2017:16:27:11 -0300] "POST /cormun/servlet/solicitudot?gx-no-cache=1488396496980 HTTP/1.1" 200 1157
186.67.172.234 - - [01/Mar/2017:16:27:16 -0300] "GET /cormun/servlet/solicitudotadjuntos?b9a03848b24a44faf3f8f47ae02ff23a044a71eaada84f47f1290ba62df73fea,gx-no-cache=1488396515025 HTTP/1.1" 200 30
186.67.172.234 - - [01/Mar/2017:16:27:16 -0300] "GET /cormun/servlet/solicitudotadjuntos?b9a03848b24a44faf3f8f47ae02ff23a044a71eaada84f47f1290ba62df73fea,gx-no-cache=1488396515081 HTTP/1.1" 200 30
186.67.172.234 - - [01/Mar/2017:16:27:20 -0300] "POST /cormun/servlet/solicitudotadjuntos?788f689102b03935b49671fe21260562,INS,2017,4968,,1, HTTP/1.1" 200 116
186.67.172.234 - - [01/Mar/2017:16:27:20 -0300] "GET /cormun/servlet/hpexe_return? HTTP/1.1" 200 1026
186.67.172.234 - - [01/Mar/2017:16:27:21 -0300] "GET /cormun/servlet/trsolicitudadjuntos?2017,4968, HTTP/1.1" 200 8443
186.67.172.234 - - [01/Mar/2017:16:27:22 -0300] "GET /cormun/servlet/trsolicitudadjuntos?2017,4968, HTTP/1.1" 200 8440
186.103.159.44 - - [01/Mar/2017:16:27:24 -0300] "GET /cormun/servlet/solicitudot?c3c94e29e4b828e2515c1c6b110f09140af15872f714e62ac876ce6c7d87ab450dad139fbc0d054af5373f8fe7b533c9a8a78b485397c56f0f93896b947e80a9c42396cc9a6998e6721fbc99689e00b88e1f6d04e10de4e51688deadcf890ccf2d8334a07043d9895ce0f7a1dbf71bc3e548c70047c81f8bef40dd719636406c0d864b4c38a7bde8c18f8f5658d9a3611e41d0e8e277808e7bbddc02f1af49118bd4a31ca58ce8689f20427c64598c1c8b2af5871ae9aae93dacc18f582a2540,gx-no-cache=1488396510144 HTTP/1.1" 200 30
186.67.172.234 - - [01/Mar/2017:16:27:25 -0300] "GET /cormun/servlet/solicitudotadjuntos?INS,2017,4968,,1, HTTP/1.1" 200 6052
186.67.172.234 - - [01/Mar/2017:16:27:25 -0300] "GET /cormun/static/about:blank HTTP/1.1" 404 1011
186.67.172.234 - - [01/Mar/2017:16:27:25 -0300] "GET /cormun/servlet/solicitudotadjuntos?INS,2017,4968,,1, HTTP/1.1" 200 6045
186.67.172.234 - - [01/Mar/2017:16:27:26 -0300] "GET /cormun/servlet/solicitudotadjuntos?b9a03848b24a44faf3f8f47ae02ff23a8acd5b46c6203b25c3dca2ffff18dca8912f47b40868deba04d4824d6db39ca2,gx-no-cache=1488396524909 HTTP/1.1" 200 30
186.67.172.234 - - [01/Mar/2017:16:27:26 -0300] "POST /cormun/servlet/solicitudotadjuntos?788f689102b03935b49671fe21260562,INS,2017,4968,,1,,gx-no-cache=1488396524975 HTTP/1.1" 200 3861
186.67.172.234 - - [01/Mar/2017:16:27:30 -0300] "POST /cormun/servlet/solicitudotadjuntos?gx-no-cache=1488396529393 HTTP/1.1" 200 26
192.168.10.89 - - [01/Mar/2017:16:27:34 -0300] "GET /cormun/servlet/solicitudgral?UPD,2017,4767, HTTP/1.1" 200 12179
186.103.159.44 - - [01/Mar/2017:16:27:35 -0300] "POST /cormun/servlet/solicitudot?a1eca94beb0487211da0878496ebd0ea,INS,0,0,,gx-no-cache=1488396520295 HTTP/1.1" 200 93
186.103.159.44 - - [01/Mar/2017:16:27:35 -0300] "GET /cormun/servlet/hpexe_return? HTTP/1.1" 200 1006
186.103.159.44 - - [01/Mar/2017:16:27:36 -0300] "GET /cormun/servlet/trsolicitudot HTTP/1.1" 200 10826
192.168.10.89 - - [01/Mar/2017:16:27:36 -0300] "POST /cormun/servlet/solicitudgral?gx-no-cache=1488399742796 HTTP/1.1" 200 3183
192.168.10.89 - - [01/Mar/2017:16:27:36 -0300] "GET /cormun/servlet/solicitudgral?e8b0b31549436c50601e20054f75a84a236824e53b0bac4b496561e2e3bf1a3d4480e433a46c58741b769f5536fdf33d46d680f691422b3d0911e7827eb0aa0bf75a6d43047d15b520da893a52addded3fdd62cc97ca8afafe1c393df9319f2bb91b50aa395cc5023c4aaa52c3a57642c9951217f56919839cd939428a0cbe7ffb770eb1a0cf073f88d34b8435e9d89160d4ed29abba23f7cad5cc834584e82a739c88d013e8dd768b25334b4c3541138f2f0fc3c7b6da87f183502dc15cc117ea42bc3931db869abbe0536c5a2ba019cf54a80c737f8297fb8a63cdfd0821d3e8f28d1e93f163e06286a61b4e5bd07b77e1a6f8ac1e056fd20b98d65b593e107744e45a894d0f9abc3bb36fedd84dfdfd278f7f3601ac0b71c10a0f3ebf78e6f5be5f1555210680af8e9662fde2f2b2bf121531a8877e7c727a80405275117a22ba7d7483362e269e4306e90ca95339,gx-no-cache=1488399743048 HTTP/1.1" 200 257
186.103.156.24 - - [01/Mar/2017:16:27:37 -0300] "POST /cormun/servlet/solicitudot?gx-no-cache=1488396715490 HTTP/1.1" 200 3177
186.103.156.24 - - [01/Mar/2017:16:27:38 -0300] "POST /cormun/servlet/solicitudot?2b6c8a5796205769ae63734a774721e4,INS,0,0,,gx-no-cache=1488396716236 HTTP/1.1" 200 9971
186.67.172.234 - - [01/Mar/2017:16:27:42 -0300] "GET /cormun/servlet/solicitudotadjuntos?b9a03848b24a44faf3f8f47ae02ff23a044a71eaada84f47f1290ba62df73fea,gx-no-cache=1488396540937 HTTP/1.1" 200 30
186.67.172.234 - - [01/Mar/2017:16:27:42 -0300] "GET /cormun/servlet/solicitudotadjuntos?b9a03848b24a44faf3f8f47ae02ff23a044a71eaada84f47f1290ba62df73fea,gx-no-cache=1488396540989 HTTP/1.1" 200 30
186.67.172.234 - - [01/Mar/2017:16:27:44 -0300] "POST /cormun/servlet/solicitudotadjuntos?788f689102b03935b49671fe21260562,INS,2017,4968,,1, HTTP/1.1" 200 116
186.67.172.234 - - [01/Mar/2017:16:27:44 -0300] "GET /cormun/servlet/hpexe_return? HTTP/1.1" 200 1026
192.168.10.89 - - [01/Mar/2017:16:27:44 -0300] "GET /cormun/servlet/solicitudgral?e8b0b31549436c50601e20054f75a84ad4dd23fdda6d7c7be126bf9eaf7943975ea791eb1557f5e61d4db684aed9afed6a0822ebae87dfda999c2e73597bd274af448c5fded412f16918cffe60121c5c2ddec566fb26231ab92d0c77fb45d35ddfbacefc97c5d20aacdafc2d6605713ec4fbcd4a0ae33ab166f1a39200486376877e0a904a34b92fcc3dfb6c07ea75a9e3a85c8d9ce5ffcda34b6ccee83411e45c9b2a2949b786774557a26856573450bab4dd376a97d66fca57c9200c38954f12f9ac63d2c1f093fed4722f7fd43e8a6ac3f934018b94126fbd261de69cedeb79cdfd37e6f96f6227fe849e27345ab209435fdbdbb2ba0188b2bfa0dbac970a9e080f87efa35a9a4402c318252a627aa0643225a55ad60444d788e0287cbcc605c988270d1ee0b6eaea0fc69a6175dc8eee018b134ba0765370f0b8d2bfcb2e7c3dcba9f850dcdd26e91379749515864853b7b758ae937200d4f9d3669d4a36ed69122f2be9f2dc65f175b165d6c13879bfefbbc45eae353da67a91455220067ce783d771060f8d2dcbc36ea75cacea4dfa6d087ec8e91bf999dba048c53476a17008b0663b88169fab7d3ef8cadb47caae7e42a146c5a1eea31fc67aa72b997a3ed2d33fbc72e7750883236dec5af3461560f7ebc7f226e784e0f560989d64291caef1a8a02929c6b3a9b698a176f90f0ae5757ff077d952f6d72e88222f0cdc416559d12a22c82b91ba0c4a8a4c1f51098197677ed68f212c3b296103eb9d3dd2e21848608b0d1457c725e7affa11,gx-no-cache=1488399750583 HTTP/1.1" 200 48
186.67.172.234 - - [01/Mar/2017:16:27:45 -0300] "GET /cormun/servlet/trsolicitudadjuntos?2017,4968, HTTP/1.1" 200 8588
186.67.172.234 - - [01/Mar/2017:16:27:45 -0300] "GET /cormun/servlet/trsolicitudadjuntos?2017,4968, HTTP/1.1" 200 8586
192.168.10.89 - - [01/Mar/2017:16:27:47 -0300] "POST /cormun/servlet/solicitudgral?4c09c947ad57f77880682ecfaab0c69f,UPD,2017,4767,,gx-no-cache=1488399753324 HTTP/1.1" 200 10544
186.67.172.234 - - [01/Mar/2017:16:27:51 -0300] "GET /cormun/servlet/solicitudotadjuntos?INS,2017,4968,,1, HTTP/1.1" 200 6052
186.67.172.234 - - [01/Mar/2017:16:27:51 -0300] "GET /cormun/static/about:blank HTTP/1.1" 404 1011
186.67.172.234 - - [01/Mar/2017:16:27:51 -0300] "GET /cormun/servlet/solicitudotadjuntos?INS,2017,4968,,1, HTTP/1.1" 200 6045
186.67.172.234 - - [01/Mar/2017:16:27:51 -0300] "GET /cormun/servlet/solicitudotadjuntos?b9a03848b24a44faf3f8f47ae02ff23a8acd5b46c6203b25c3dca2ffff18dca8912f47b40868deba04d4824d6db39ca2,gx-no-cache=1488396550728 HTTP/1.1" 200 30
186.67.172.234 - - [01/Mar/2017:16:27:52 -0300] "POST /cormun/servlet/solicitudotadjuntos?788f689102b03935b49671fe21260562,INS,2017,4968,,1,,gx-no-cache=1488396550799 HTTP/1.1" 200 3861
186.67.172.234 - - [01/Mar/2017:16:27:54 -0300] "POST /cormun/servlet/solicitudotadjuntos?gx-no-cache=1488396553697 HTTP/1.1" 200 26
186.67.172.234 - - [01/Mar/2017:16:27:58 -0300] "GET /cormun/servlet/solicitudotadjuntos?b9a03848b24a44faf3f8f47ae02ff23a044a71eaada84f47f1290ba62df73fea,gx-no-cache=1488396557505 HTTP/1.1" 200 30
186.67.172.234 - - [01/Mar/2017:16:27:58 -0300] "GET /cormun/servlet/solicitudotadjuntos?b9a03848b24a44faf3f8f47ae02ff23a044a71eaada84f47f1290ba62df73fea,gx-no-cache=1488396557549 HTTP/1.1" 200 30
186.67.172.234 - - [01/Mar/2017:16:28:11 -0300] "POST /cormun/servlet/solicitudotadjuntos?788f689102b03935b49671fe21260562,INS,2017,4968,,1, HTTP/1.1" 200 116
186.67.172.234 - - [01/Mar/2017:16:28:11 -0300] "GET /cormun/servlet/hpexe_return? HTTP/1.1" 200 1026
186.67.172.234 - - [01/Mar/2017:16:28:12 -0300] "GET /cormun/servlet/trsolicitudadjuntos?2017,4968, HTTP/1.1" 200 8713
186.67.172.234 - - [01/Mar/2017:16:28:14 -0300] "GET /cormun/servlet/trsolicitudadjuntos?2017,4968, HTTP/1.1" 200 8712
186.67.172.234 - - [01/Mar/2017:16:28:17 -0300] "GET /cormun/servlet/solicitudotadjuntos?INS,2017,4968,,1, HTTP/1.1" 200 6051
186.67.172.234 - - [01/Mar/2017:16:28:17 -0300] "GET /cormun/static/about:blank HTTP/1.1" 404 1011
186.67.172.234 - - [01/Mar/2017:16:28:17 -0300] "GET /cormun/servlet/solicitudotadjuntos?INS,2017,4968,,1, HTTP/1.1" 200 6045
186.67.172.234 - - [01/Mar/2017:16:28:17 -0300] "GET /cormun/servlet/solicitudotadjuntos?b9a03848b24a44faf3f8f47ae02ff23a8acd5b46c6203b25c3dca2ffff18dca8912f47b40868deba04d4824d6db39ca2,gx-no-cache=1488396576608 HTTP/1.1" 200 30
186.67.172.234 - - [01/Mar/2017:16:28:18 -0300] "POST /cormun/servlet/solicitudotadjuntos?788f689102b03935b49671fe21260562,INS,2017,4968,,1,,gx-no-cache=1488396576744 HTTP/1.1" 200 3861
186.67.172.234 - - [01/Mar/2017:16:28:21 -0300] "POST /cormun/servlet/solicitudotadjuntos?gx-no-cache=1488396580617 HTTP/1.1" 200 26
186.67.172.234 - - [01/Mar/2017:16:28:22 -0300] "GET /cormun/servlet/solicitudotadjuntos?b9a03848b24a44faf3f8f47ae02ff23a044a71eaada84f47f1290ba62df73fea,gx-no-cache=1488396581657 HTTP/1.1" 200 30
186.67.172.234 - - [01/Mar/2017:16:28:22 -0300] "GET /cormun/servlet/solicitudotadjuntos?b9a03848b24a44faf3f8f47ae02ff23a044a71eaada84f47f1290ba62df73fea,gx-no-cache=1488396581699 HTTP/1.1" 200 30
186.67.172.234 - - [01/Mar/2017:16:28:23 -0300] "POST /cormun/servlet/solicitudotadjuntos?788f689102b03935b49671fe21260562,INS,2017,4968,,1,,gx-no-cache=1488396581748 HTTP/1.1" 200 93
186.67.172.234 - - [01/Mar/2017:16:28:23 -0300] "GET /cormun/servlet/hpexe_return? HTTP/1.1" 200 1026
186.67.172.234 - - [01/Mar/2017:16:28:24 -0300] "GET /cormun/servlet/trsolicitudadjuntos?2017,4968, HTTP/1.1" 200 8855
186.67.172.234 - - [01/Mar/2017:16:28:26 -0300] "GET /cormun/servlet/trsolicitudadjuntos?2017,4968, HTTP/1.1" 200 8853
186.67.172.234 - - [01/Mar/2017:16:28:29 -0300] "GET /cormun/servlet/solicitudotadjuntos?DLT,2017,4968,TITULO,0, HTTP/1.1" 200 5942
186.67.172.234 - - [01/Mar/2017:16:28:29 -0300] "GET /cormun/static/about:blank HTTP/1.1" 404 1011
186.67.172.234 - - [01/Mar/2017:16:28:29 -0300] "GET /cormun/static/Shared/jqueryui/images/ui-bg_highlight-soft_100_c6c2c8_1x100.png HTTP/1.1" 404 1117
186.67.172.234 - - [01/Mar/2017:16:28:29 -0300] "GET /cormun/static/Shared/jqueryui/images/ui-icons_82798d_256x240.png HTTP/1.1" 404 1089
186.67.172.234 - - [01/Mar/2017:16:28:29 -0300] "GET /cormun/static/Shared/jqueryui/images/ui-bg_flat_55_fafafa_40x100.png HTTP/1.1" 404 1097
186.67.172.234 - - [01/Mar/2017:16:28:29 -0300] "GET /cormun/static/Shared/jqueryui/images/ui-icons_8d78a5_256x240.png HTTP/1.1" 404 1089
186.67.172.234 - - [01/Mar/2017:16:28:29 -0300] "GET /cormun/servlet/solicitudotadjuntos?DLT,2017,4968,TITULO,0, HTTP/1.1" 200 5935
186.103.156.24 - - [01/Mar/2017:16:28:30 -0300] "GET /cormun/servlet/solicitudot?cad76c239aed0132c3e3b8d9a04cc8a72cbb90a3ce6fbc9bedb4c89e0d729a2536410336ff34e07062ed960e5440ef45,gx-no-cache=1488396774685 HTTP/1.1" 200 30
186.103.156.24 - - [01/Mar/2017:16:28:30 -0300] "POST /cormun/servlet/solicitudot?gx-no-cache=1488396774813 HTTP/1.1" 200 255
186.103.156.24 - - [01/Mar/2017:16:28:31 -0300] "GET /cormun/servlet/solicitudot?cad76c239aed0132c3e3b8d9a04cc8a798768f1bcfb05316c3885e61352772e0b8defdd812ffde790a1acc85f893b9451e318548b34294c6704ca2208cefa6614c0252ffb6baa20806a7b2f06aa53dd20433274ac5546ab98676217f6f8982b916001779a36d3b1b67e6f6aefef3a3ec1880a85c6a96ac742ac9493e011c98d0e582de88ea077fd4e1aa7c8548ab3bf16ecebf66c2adca12692830682b1e18cf35fa0d6dba0f669ddaedd24fa4cca34253d2bd5e1c4f54fd986034ff8a7bfefafafe8420fd11b0c8dea43a77f981eb80add5162c9a4591f65067a796a48010ea0cd96599b645715a48ce171bcb9ad2749aac36d95ee2d0c989a274bd90ab5892f546edf6ff3f87faac4c896b2586844ae729c36a4e9de55cb1e81eb08031804bb2068ced0d8396144af7e9cc3b94592db7709a21906c1d88bc39fca93fd22ca992e44b4d1cea08ddaf22a215e9a572c5e0f1f94072a3c8d6865fb13e1b19eeb3c9ca96bf8e5ee77d34837f2bcefd0704d398fdd3deb895afed16beae8f6b2b5e,gx-no-cache=1488396774964 HTTP/1.1" 200 30
186.79.8.148 - - [01/Mar/2017:16:28:34 -0300] "POST /cormun/servlet/solicitudot?gx-no-cache=1488396587846 HTTP/1.1" 200 3081
186.79.8.148 - - [01/Mar/2017:16:28:35 -0300] "POST /cormun/servlet/solicitudot?4ecf4718ae256f14aa6d95db80437236,INS,0,0,,gx-no-cache=1488396588619 HTTP/1.1" 200 9674
186.103.156.24 - - [01/Mar/2017:16:28:37 -0300] "POST /cormun/servlet/solicitudot?gx-no-cache=1488396782192 HTTP/1.1" 200 30
186.67.172.234 - - [01/Mar/2017:16:28:37 -0300] "POST /cormun/servlet/solicitudotadjuntos?788f689102b03935b49671fe21260562,DLT,2017,4968,TITULO,0,,gx-no-cache=1488396596291 HTTP/1.1" 200 93
186.67.172.234 - - [01/Mar/2017:16:28:37 -0300] "GET /cormun/servlet/hpexe_return? HTTP/1.1" 200 1032
186.79.8.148 - - [01/Mar/2017:16:28:38 -0300] "GET /cormun/servlet/solicitudot?7a34e5f548816e8d0fa11229e9c56f1e73b558971f8c30fad78cba90d9ba0a7692dc0acd149047da0b6cedd481775099,gx-no-cache=1488396591613 HTTP/1.1" 200 30
186.67.172.234 - - [01/Mar/2017:16:28:39 -0300] "GET /cormun/servlet/trsolicitudadjuntos?2017,4968, HTTP/1.1" 200 8856
186.67.172.234 - - [01/Mar/2017:16:28:40 -0300] "GET /cormun/servlet/trsolicitudadjuntos?2017,4968, HTTP/1.1" 200 8853
186.67.172.234 - - [01/Mar/2017:16:28:41 -0300] "GET /cormun/servlet/solicitudotadjuntos?INS,2017,4968,,1, HTTP/1.1" 200 6051
186.67.172.234 - - [01/Mar/2017:16:28:42 -0300] "GET /cormun/static/about:blank HTTP/1.1" 404 1011
186.67.172.234 - - [01/Mar/2017:16:28:42 -0300] "GET /cormun/servlet/solicitudotadjuntos?INS,2017,4968,,1, HTTP/1.1" 200 6045
186.67.172.234 - - [01/Mar/2017:16:28:42 -0300] "GET /cormun/servlet/solicitudotadjuntos?b9a03848b24a44faf3f8f47ae02ff23a8acd5b46c6203b25c3dca2ffff18dca8912f47b40868deba04d4824d6db39ca2,gx-no-cache=1488396601529 HTTP/1.1" 200 30
186.103.156.24 - - [01/Mar/2017:16:28:42 -0300] "GET /cormun/static/Resources/resize.gif HTTP/1.1" 200 77
186.67.172.234 - - [01/Mar/2017:16:28:42 -0300] "POST /cormun/servlet/solicitudotadjuntos?788f689102b03935b49671fe21260562,INS,2017,4968,,1,,gx-no-cache=1488396601585 HTTP/1.1" 200 3861
186.103.156.24 - - [01/Mar/2017:16:28:42 -0300] "GET /cormun/servlet/prcontratosol?16255094,,,,,MD,,gxPopupLevel%3D0%3B HTTP/1.1" 200 5916
186.103.156.24 - - [01/Mar/2017:16:28:43 -0300] "GET /cormun/static/Resources/PXToolsMenuSearchCancel.png HTTP/1.1" 200 2972
186.103.156.24 - - [01/Mar/2017:16:28:43 -0300] "GET /cormun/static/Resources/PXToolsMenuSearch.png HTTP/1.1" 200 2914
186.103.156.24 - - [01/Mar/2017:16:28:43 -0300] "GET /cormun/static/gxcfg.js?2016102711553248 HTTP/1.1" 200 953
186.103.156.24 - - [01/Mar/2017:16:28:43 -0300] "GET /cormun/static/Resources/PXToolsGridFirst.gif HTTP/1.1" 200 379
186.103.156.24 - - [01/Mar/2017:16:28:43 -0300] "GET /cormun/static/Resources/PXToolsGridNext.gif HTTP/1.1" 200 369
186.103.156.24 - - [01/Mar/2017:16:28:43 -0300] "GET /cormun/static/Resources/PXToolsGridPrevious.gif HTTP/1.1" 200 369
186.103.156.24 - - [01/Mar/2017:16:28:43 -0300] "GET /cormun/static/Resources/PXToolsGridLast.gif HTTP/1.1" 200 370
186.103.156.24 - - [01/Mar/2017:16:28:43 -0300] "GET /cormun/static/prcontratosol.js?2016102711553411 HTTP/1.1" 200 14084
186.103.156.24 - - [01/Mar/2017:16:28:43 -0300] "GET /cormun/static/hmpwkw011.js?201612218515582 HTTP/1.1" 200 1968
186.103.156.24 - - [01/Mar/2017:16:28:43 -0300] "GET /cormun/static/menusearch.js?201610171694467 HTTP/1.1" 200 1424
186.67.172.234 - - [01/Mar/2017:16:28:45 -0300] "POST /cormun/servlet/solicitudotadjuntos?gx-no-cache=1488396604240 HTTP/1.1" 200 26
186.67.172.234 - - [01/Mar/2017:16:28:50 -0300] "GET /cormun/servlet/solicitudotadjuntos?b9a03848b24a44faf3f8f47ae02ff23a044a71eaada84f47f1290ba62df73fea,gx-no-cache=1488396609329 HTTP/1.1" 200 30
186.67.172.234 - - [01/Mar/2017:16:28:50 -0300] "GET /cormun/servlet/solicitudotadjuntos?b9a03848b24a44faf3f8f47ae02ff23a044a71eaada84f47f1290ba62df73fea,gx-no-cache=1488396609389 HTTP/1.1" 200 30
186.67.172.234 - - [01/Mar/2017:16:28:53 -0300] "POST /cormun/servlet/solicitudotadjuntos?788f689102b03935b49671fe21260562,INS,2017,4968,,1, HTTP/1.1" 200 6123
186.67.172.234 - - [01/Mar/2017:16:28:53 -0300] "GET /home/sistema/apache-tomcat-7.0.65/webapps/cormun/PrivateTempStorage/upload_00005828.pdf HTTP/1.1" 404 1135
186.67.172.234 - - [01/Mar/2017:16:28:53 -0300] "GET /cormun/static/Shared/jqueryui/images/ui-bg_flat_55_994d53_40x100.png HTTP/1.1" 404 1097
186.67.172.234 - - [01/Mar/2017:16:28:53 -0300] "GET /cormun/static/Shared/jqueryui/images/ui-icons_ebccce_256x240.png HTTP/1.1" 404 1089
186.67.172.234 - - [01/Mar/2017:16:28:59 -0300] "GET /cormun/PrivateTempStorage/upload_00005828.pdf HTTP/1.1" 200 1055817
186.103.156.24 - - [01/Mar/2017:16:28:59 -0300] "POST /cormun/servlet/solicitudot?gx-no-cache=1488396805326 HTTP/1.1" 200 1291
186.103.156.24 - - [01/Mar/2017:16:29:00 -0300] "POST /cormun/servlet/solicitudot?gx-no-cache=1488396805517 HTTP/1.1" 200 38
186.103.156.24 - - [01/Mar/2017:16:29:00 -0300] "GET /cormun/servlet/solicitudot?cad76c239aed0132c3e3b8d9a04cc8a7422dfc41e836354103386beddf4250f949bbcbab7a160fc6a1d8760d05ade5d8078d77dcff2409b8b61f73e31d618203cb380f0901f311718d80f16c7c3a7073670535835a2ee5225e4ec0c136d41247f1482236b93cc2a41a09bad7226dd020ca97b7e66ee53d2fcd58092e5ea689c85c2e0bbdd4aa12b15185e374fc0acdb27f991775392623d9b0a031d962eb167bb479d70097ef6d77809aef02588562171f2bb6b2d5ee235ea363faeec8c16ed0f77cc4cad19af160145d9765711a09b6,gx-no-cache=1488396805607 HTTP/1.1" 200 29
186.103.156.24 - - [01/Mar/2017:16:29:00 -0300] "POST /cormun/servlet/solicitudot?gx-no-cache=1488396805664 HTTP/1.1" 200 1274
186.103.156.24 - - [01/Mar/2017:16:29:00 -0300] "POST /cormun/servlet/solicitudot?gx-no-cache=1488396805802 HTTP/1.1" 200 1157
186.67.172.234 - - [01/Mar/2017:16:29:02 -0300] "GET /cormun/servlet/solicitudotadjuntos?b9a03848b24a44faf3f8f47ae02ff23aabc16d83916df1d6d9e0a9a2b25ed69bef5caf7b8f78e7371674b96f8f7a97af,gx-no-cache=1488396621264 HTTP/1.1" 200 30
186.79.17.148 - - [01/Mar/2017:16:29:02 -0300] "GET /cormun/servlet/licenciaspermisos?a1112b17c4e86e55c693bdde925f62f40777f5a07214a09c0f0cf739607663a55b12ed7b8663f890ef5527bc9133572bcc8c0da9ff7b1918a555e64fc9ad3496fff9ee4619f865a776790950130b880f156259e01d58caa4eb6a8831c0f95ca0f803c781c4d08d31a105d530b68286540e4cae00cc557b2285a449c05c32b9e9547bcae602794112d0773fc79dc1c7d73eccf3f4de09f77c908afe564ed86302774d89e6103e6f58d15a9cd9a02cc3c21261bdefea328bbbfc9fd80a75c4867f9f133a866f76383a17865af503903c27975b0eb7fb6254773d731497a936ef32,gx-no-cache=1488396480613 HTTP/1.1" 200 30
186.79.17.148 - - [01/Mar/2017:16:29:03 -0300] "GET /cormun/servlet/licenciaspermisos?a1112b17c4e86e55c693bdde925f62f4987b3a604f691048ad20acbd443f54907bb245e0fab1c26d8b2916fa2e25e6ca43a2b8aa93d1b895eb22210fd0aa948929e2bdaa0d6ea13db2d910c9005a02cf3e8090ce800c9555cd359533110990444783a790c0e64976282ca7b78ed24a903f1fa9dfc054323bfc5219bbbcccd1f4e3a7272dbbbdd870dc9762347a6d3e8d0b2ac92997ef5281fb22344ffc2c7b8ac8cf85474d2104ca6848af797ec856412ae96d3afb6ce32ba6751d2c765acf0782c69b573444eeed76f5f86ce710a1ff48eb7529756c9cc65020097250550662,gx-no-cache=1488396480951 HTTP/1.1" 200 29
186.79.17.148 - - [01/Mar/2017:16:29:03 -0300] "POST /cormun/servlet/licenciaspermisos?7e735c207ebf712706deb3d5cf86a656,INS,0,,,,gx-no-cache=1488396481087 HTTP/1.1" 200 93
186.79.17.148 - - [01/Mar/2017:16:29:03 -0300] "GET /cormun/servlet/hpexe_return? HTTP/1.1" 200 1011
186.79.17.148 - - [01/Mar/2017:16:29:04 -0300] "GET /cormun/servlet/trlicencias HTTP/1.1" 200 7782
186.67.172.234 - - [01/Mar/2017:16:29:05 -0300] "POST /cormun/servlet/solicitudotadjuntos?788f689102b03935b49671fe21260562,INS,2017,4968,,1, HTTP/1.1" 200 6123
186.103.156.24 - - [01/Mar/2017:16:29:05 -0300] "GET /cormun/servlet/prpersonalsolicitud?16255094,,,,,MD,,gxPopupLevel%3D0%3B HTTP/1.1" 200 5930
186.103.156.24 - - [01/Mar/2017:16:29:05 -0300] "GET /cormun/static/gxcfg.js?201612218544014 HTTP/1.1" 200 953
186.103.156.24 - - [01/Mar/2017:16:29:05 -0300] "GET /cormun/static/prpersonalsolicitud.js?201612218544168 HTTP/1.1" 200 13873
186.67.172.234 - - [01/Mar/2017:16:29:05 -0300] "GET /home/sistema/apache-tomcat-7.0.65/webapps/cormun/PrivateTempStorage/upload_00005840.pdf HTTP/1.1" 404 1135
186.79.17.148 - - [01/Mar/2017:16:29:06 -0300] "GET /cormun/servlet/trlicencias HTTP/1.1" 200 7778
186.103.156.24 - - [01/Mar/2017:16:29:07 -0300] "POST /cormun/servlet/acontrolpreferencessavestate?None,GALVAREZ,true HTTP/1.1" 200 35
186.67.172.234 - - [01/Mar/2017:16:29:10 -0300] "POST /cormun/servlet/solicitudotadjuntos?788f689102b03935b49671fe21260562,INS,2017,4968,,1, HTTP/1.1" 200 116
186.67.172.234 - - [01/Mar/2017:16:29:10 -0300] "GET /cormun/servlet/hpexe_return? HTTP/1.1" 200 1026
186.67.172.234 - - [01/Mar/2017:16:29:11 -0300] "GET /cormun/servlet/trsolicitudadjuntos?2017,4968, HTTP/1.1" 200 8855
186.67.172.234 - - [01/Mar/2017:16:29:13 -0300] "GET /cormun/servlet/trsolicitudadjuntos?2017,4968, HTTP/1.1" 200 8851
186.67.172.234 - - [01/Mar/2017:16:29:29 -0300] "GET /cormun/servlet/solicitudotadjuntos?DLT,2017,4968,TITULO,0, HTTP/1.1" 200 5943
186.67.172.234 - - [01/Mar/2017:16:29:29 -0300] "GET /cormun/static/about:blank HTTP/1.1" 404 1011
186.67.172.234 - - [01/Mar/2017:16:29:29 -0300] "GET /cormun/servlet/solicitudotadjuntos?DLT,2017,4968,TITULO,0, HTTP/1.1" 200 5936
186.67.172.234 - - [01/Mar/2017:16:29:32 -0300] "POST /cormun/servlet/solicitudotadjuntos?788f689102b03935b49671fe21260562,DLT,2017,4968,TITULO,0,,gx-no-cache=1488396651007 HTTP/1.1" 200 93
186.67.172.234 - - [01/Mar/2017:16:29:32 -0300] "GET /cormun/servlet/hpexe_return? HTTP/1.1" 200 1032
186.67.172.234 - - [01/Mar/2017:16:29:33 -0300] "GET /cormun/servlet/trsolicitudadjuntos?2017,4968, HTTP/1.1" 200 8713
186.79.41.237 - - [01/Mar/2017:16:29:35 -0300] "GET /cormun/servlet/solicitudotcontratos?INS,2017,0,13098672,2,6,2016,3970,LEY+SEP,201701,2,B, HTTP/1.1" 200 9562
186.67.172.234 - - [01/Mar/2017:16:29:35 -0300] "GET /cormun/servlet/trsolicitudadjuntos?2017,4968, HTTP/1.1" 200 8710
186.103.156.24 - - [01/Mar/2017:16:29:36 -0300] "POST /cormun/servlet/solicitudot?gx-no-cache=1488396844301 HTTP/1.1" 200 30
186.79.41.237 - - [01/Mar/2017:16:29:36 -0300] "GET /cormun/servlet/solicitudotcontratos?INS,2017,0,13098672,2,6,2016,3970,LEY+SEP,201701,2,B, HTTP/1.1" 200 9595
186.79.41.237 - - [01/Mar/2017:16:29:36 -0300] "GET /cormun/servlet/solicitudotcontratos?8806f5743c2866d85edd96b7fa3e32d69598a39f0a84f28d3030308f896143e0121a9458bf31f86d077302dbbf567418,gx-no-cache=1488396644917 HTTP/1.1" 200 30
186.79.41.237 - - [01/Mar/2017:16:29:36 -0300] "GET /cormun/servlet/solicitudotcontratos?8806f5743c2866d85edd96b7fa3e32d6254d851f0b4d79d693728016dc14f3b8404dd763086ec837a743c57547598d6bef759875f93cca033522e9e9f0288cd11686d32f31738c8df31b62a08cae31d15dab7dd39ea9e842dfc3727d1e7411e6f653b56f0d83f358fd4424e177659622806c427d9400a560fa55e517db3098a6,gx-no-cache=1488396645083 HTTP/1.1" 200 50
186.79.41.237 - - [01/Mar/2017:16:29:36 -0300] "GET /cormun/servlet/solicitudotcontratos?8806f5743c2866d85edd96b7fa3e32d61f5222e31fcb5e46b9222b4e495a26d87098f900b303a4b352da22cb1d9b64fe,gx-no-cache=1488396645174 HTTP/1.1" 200 30
186.79.41.237 - - [01/Mar/2017:16:29:36 -0300] "GET /cormun/servlet/solicitudotcontratos?8806f5743c2866d85edd96b7fa3e32d668157581017e3a9be9317e0523c039dc7dd6c0db35e1aa7c95778a7dd3f1b38e3390f08cd57a12fdbdd8e0a7c424e68dfd7f029b0678df729152d34e0cee9196b0a40e212c157ecefb953f205abf0e9b8528ef41ca78fb186d335ab3a572cf19,gx-no-cache=1488396645270 HTTP/1.1" 200 30
186.79.41.237 - - [01/Mar/2017:16:29:36 -0300] "GET /cormun/servlet/solicitudotcontratos?8806f5743c2866d85edd96b7fa3e32d6aad2ae2294e3f513021b92ec5df5d98e5dfea1fab1926734443d0dbacb61f8675eb3c614f22f0683f62ba948c70a5d693390f08cd57a12fdbdd8e0a7c424e68d15edff5ef78d872256445fc1904583abece38b498a916d246230d3cce6690757317d3c1e67296ebc65b176be279ffc648f7954dab9d0502f93126f9d62efc04c64967c9957833533c43c47ec0f8408715eb3c614f22f0683f62ba948c70a5d694ccd5c2748a76b9e1e51daeaf01a2607e492eb01891f1cbe43fa25a64fac40560470ed2daa2b2312912ed599deb9e0decaefe8ccdd333bec6652ceedb8bb7af0a511afbec26ca74bb90369c28eefd5234696f7df1f3b55bdab9956baada45dfff79092e6e65149c21def8b58d4717d1baa37ce5d2967993a12b0f767c8024b2ea420e1878c8ad29914f091df20d37320586e75dbdfd7402fe63226d5cf3c4633a5ba7ea2909eccb0870b5693fb07e31f753d37069d687bdf577ec34bafa30ad1a349aa62316acc6769470522fa0cd0d7a1f3b5c63963b1cf17f19e2e0ba6f40dc545f7377bf2370c858e2ba6b40612c0e5a6522cdad912cbf6e59f2bac4f7f53a4a7c0f3ee773335ca0f9d02713ed262adeed57845a494bbee12763dddd104fdb77938a581f5278cce37a0a6b12b832f116c1c1ceb85fe2bf042f4e2e58dff84c14d699aa33ccc94ada0250d0880ec6ab720be0a3c750de97f80d2bd0be525cf2edb040d035d5daad7b1d942a4ac745afce77be18b7f200eaa978a6d76c2751f53eebaf8b5ea7e932778dead59d0b767,gx-no-cache=1488396645382 HTTP/1.1" 200 79
186.67.172.234 - - [01/Mar/2017:16:29:40 -0300] "GET /cormun/servlet/solicitudotadjuntos?INS,2017,4968,,1, HTTP/1.1" 200 6051
186.67.172.234 - - [01/Mar/2017:16:29:40 -0300] "GET /cormun/static/about:blank HTTP/1.1" 404 1011
186.67.172.234 - - [01/Mar/2017:16:29:41 -0300] "GET /cormun/servlet/solicitudotadjuntos?INS,2017,4968,,1, HTTP/1.1" 200 6045
186.67.172.234 - - [01/Mar/2017:16:29:41 -0300] "GET /cormun/servlet/solicitudotadjuntos?b9a03848b24a44faf3f8f47ae02ff23a8acd5b46c6203b25c3dca2ffff18dca8912f47b40868deba04d4824d6db39ca2,gx-no-cache=1488396660286 HTTP/1.1" 200 30
186.67.172.234 - - [01/Mar/2017:16:29:41 -0300] "POST /cormun/servlet/solicitudotadjuntos?788f689102b03935b49671fe21260562,INS,2017,4968,,1,,gx-no-cache=1488396660348 HTTP/1.1" 200 3861
186.103.156.24 - - [01/Mar/2017:16:29:44 -0300] "POST /cormun/servlet/solicitudot?gx-no-cache=1488396853659 HTTP/1.1" 200 30
186.67.172.234 - - [01/Mar/2017:16:29:44 -0300] "POST /cormun/servlet/solicitudotadjuntos?gx-no-cache=1488396663328 HTTP/1.1" 200 26
186.103.156.24 - - [01/Mar/2017:16:29:48 -0300] "GET /cormun/servlet/prpersonalsolicitud?16255094,,,,,MD,,gxPopupLevel%3D0%3B HTTP/1.1" 200 5934
186.67.172.234 - - [01/Mar/2017:16:29:51 -0300] "GET /cormun/servlet/solicitudotadjuntos?b9a03848b24a44faf3f8f47ae02ff23a044a71eaada84f47f1290ba62df73fea,gx-no-cache=1488396669888 HTTP/1.1" 200 30
186.67.172.234 - - [01/Mar/2017:16:29:51 -0300] "GET /cormun/servlet/solicitudotadjuntos?b9a03848b24a44faf3f8f47ae02ff23a044a71eaada84f47f1290ba62df73fea,gx-no-cache=1488396669915 HTTP/1.1" 200 30
186.103.159.44 - - [01/Mar/2017:16:29:51 -0300] "POST /cormun/servlet/trsolicitudot?a1eca94beb0487211da0878496ebd0ea,gx-no-cache=1488396656757 HTTP/1.1" 200 106
186.103.159.44 - - [01/Mar/2017:16:29:51 -0300] "GET /cormun/servlet/trsolicitudadjuntos?2017,5000, HTTP/1.1" 200 5876
186.67.172.234 - - [01/Mar/2017:16:29:53 -0300] "POST /cormun/servlet/solicitudotadjuntos?788f689102b03935b49671fe21260562,INS,2017,4968,,1, HTTP/1.1" 200 116
186.67.172.234 - - [01/Mar/2017:16:29:54 -0300] "GET /cormun/servlet/hpexe_return? HTTP/1.1" 200 1026
186.103.156.24 - - [01/Mar/2017:16:29:55 -0300] "POST /cormun/servlet/solicitudot?gx-no-cache=1488396864616 HTTP/1.1" 200 1291
186.103.156.24 - - [01/Mar/2017:16:29:55 -0300] "POST /cormun/servlet/solicitudot?gx-no-cache=1488396865039 HTTP/1.1" 200 38
200.111.191.210 - - [01/Mar/2017:16:29:55 -0300] "POST /cormun/servlet/trsolicitudot?c3993b31d5a541cd43bc0cf204b4554a,gx-no-cache=1488400181910 HTTP/1.1" 200 5310
200.111.191.210 - - [01/Mar/2017:16:29:55 -0300] "GET /cormun/static/Shared/jqueryui/images/ui-bg_highlight-soft_100_c6c2c8_1x100.png HTTP/1.1" 404 1117
200.111.191.210 - - [01/Mar/2017:16:29:55 -0300] "GET /cormun/static/Shared/jqueryui/images/ui-icons_82798d_256x240.png HTTP/1.1" 404 1089
200.111.191.210 - - [01/Mar/2017:16:29:55 -0300] "GET /cormun/static/Shared/jqueryui/images/ui-icons_8d78a5_256x240.png HTTP/1.1" 404 1089
186.67.172.234 - - [01/Mar/2017:16:29:55 -0300] "GET /cormun/servlet/trsolicitudadjuntos?2017,4968, HTTP/1.1" 200 8907
200.111.191.210 - - [01/Mar/2017:16:29:55 -0300] "POST /cormun/servlet/trsolicitudot?c3993b31d5a541cd43bc0cf204b4554a,gx-no-cache=1488400183196 HTTP/1.1" 200 5254
200.111.191.210 - - [01/Mar/2017:16:29:55 -0300] "GET /cormun/static/Shared/jqueryui/images/ui-bg_flat_55_fafafa_40x100.png HTTP/1.1" 404 1097
186.103.156.24 - - [01/Mar/2017:16:29:55 -0300] "POST /cormun/servlet/solicitudot?gx-no-cache=1488396865123 HTTP/1.1" 200 1274
186.103.156.24 - - [01/Mar/2017:16:29:56 -0300] "POST /cormun/servlet/solicitudot?gx-no-cache=1488396865697 HTTP/1.1" 200 1157
186.103.159.44 - - [01/Mar/2017:16:29:57 -0300] "GET /cormun/servlet/solicitudotadjuntos?INS,2017,5000,,1, HTTP/1.1" 200 5805
186.67.172.234 - - [01/Mar/2017:16:29:57 -0300] "GET /cormun/servlet/trsolicitudadjuntos?2017,4968, HTTP/1.1" 200 8900
186.79.41.237 - - [01/Mar/2017:16:29:57 -0300] "POST /cormun/servlet/solicitudotcontratos?gx-no-cache=1488396666148 HTTP/1.1" 200 72
186.103.159.44 - - [01/Mar/2017:16:29:57 -0300] "HEAD /cormun/static/about:blank HTTP/1.1" 404 -
200.111.191.210 - - [01/Mar/2017:16:29:58 -0300] "POST /cormun/servlet/trsolicitudot?c3993b31d5a541cd43bc0cf204b4554a,gx-no-cache=1488400186141 HTTP/1.1" 200 4166
200.111.191.210 - - [01/Mar/2017:16:29:58 -0300] "POST /cormun/servlet/trsolicitudot?c3993b31d5a541cd43bc0cf204b4554a,gx-no-cache=1488400186431 HTTP/1.1" 200 3929
186.103.159.44 - - [01/Mar/2017:16:29:59 -0300] "GET /cormun/servlet/solicitudotadjuntos?c3c94e29e4b828e2515c1c6b110f0914b22b071391115a3f4fdf9970c420861af094068eb6c30de739c0f98162cfd36f,gx-no-cache=1488396664872 HTTP/1.1" 200 30
186.103.159.44 - - [01/Mar/2017:16:29:59 -0300] "POST /cormun/servlet/solicitudotadjuntos?a1eca94beb0487211da0878496ebd0ea,INS,2017,5000,,1,,gx-no-cache=1488396664969 HTTP/1.1" 200 3670
186.103.159.44 - - [01/Mar/2017:16:30:09 -0300] "POST /cormun/servlet/solicitudotadjuntos?gx-no-cache=1488396675225 HTTP/1.1" 200 26
200.111.191.210 - - [01/Mar/2017:16:30:10 -0300] "GET /cormun/servlet/hhome HTTP/1.1" 200 3731
200.111.191.210 - - [01/Mar/2017:16:30:10 -0300] "GET /cormun/servlet/hhome HTTP/1.1" 200 3729
200.111.191.210 - - [01/Mar/2017:16:30:12 -0300] "GET /cormun/servlet/hlogin HTTP/1.1" 200 1734
186.103.156.24 - - [01/Mar/2017:16:30:13 -0300] "GET /cormun/servlet/prpersonalsolicitud?16255094,,,,,MD,,gxPopupLevel%3D0%3B HTTP/1.1" 200 5934
186.79.17.148 - - [01/Mar/2017:16:30:23 -0300] "GET /cormun/servlet/trlicenciaspermisosadjuntos?6770104,20170301000000,L, HTTP/1.1" 200 6145
186.67.172.234 - - [01/Mar/2017:16:30:23 -0300] "GET /cormun/servlet/solicitudotadjuntos?INS,2017,4968,,2, HTTP/1.1" 200 6049
186.67.172.234 - - [01/Mar/2017:16:30:24 -0300] "GET /cormun/static/about:blank HTTP/1.1" 404 1011
186.67.172.234 - - [01/Mar/2017:16:30:24 -0300] "GET /cormun/servlet/solicitudotadjuntos?INS,2017,4968,,2, HTTP/1.1" 200 6042
186.67.172.234 - - [01/Mar/2017:16:30:24 -0300] "GET /cormun/servlet/solicitudotadjuntos?b9a03848b24a44faf3f8f47ae02ff23a8acd5b46c6203b25c3dca2ffff18dca8912f47b40868deba04d4824d6db39ca2,gx-no-cache=1488396703436 HTTP/1.1" 200 30
186.67.172.234 - - [01/Mar/2017:16:30:24 -0300] "POST /cormun/servlet/solicitudotadjuntos?788f689102b03935b49671fe21260562,INS,2017,4968,,2,,gx-no-cache=1488396703506 HTTP/1.1" 200 4005
186.79.17.148 - - [01/Mar/2017:16:30:25 -0300] "GET /cormun/servlet/trlicenciaspermisosadjuntos?6770104,20170301000000,L, HTTP/1.1" 200 6146
186.79.17.148 - - [01/Mar/2017:16:30:27 -0300] "GET /cormun/servlet/licenciaspermisosadjuntos?INS,6770104,L,20170301000000,, HTTP/1.1" 200 5438
186.79.17.148 - - [01/Mar/2017:16:30:27 -0300] "GET /cormun/static/about:blank HTTP/1.1" 404 1011
186.79.17.148 - - [01/Mar/2017:16:30:28 -0300] "GET /cormun/servlet/licenciaspermisosadjuntos?INS,6770104,L,20170301000000,, HTTP/1.1" 200 5428
186.67.172.234 - - [01/Mar/2017:16:30:29 -0300] "POST /cormun/servlet/solicitudotadjuntos?788f689102b03935b49671fe21260562,INS,2017,4968,,2,,gx-no-cache=1488396707874 HTTP/1.1" 200 93
186.67.172.234 - - [01/Mar/2017:16:30:29 -0300] "GET /cormun/servlet/hpexe_return? HTTP/1.1" 200 1026
186.103.156.24 - - [01/Mar/2017:16:30:30 -0300] "POST /cormun/servlet/solicitudot?gx-no-cache=1488396902358 HTTP/1.1" 200 1291
200.111.191.210 - - [01/Mar/2017:16:30:30 -0300] "POST /cormun/servlet/hlogin?c3993b31d5a541cd43bc0cf204b4554a,gx-no-cache=1488400217443 HTTP/1.1" 200 90
186.103.156.24 - - [01/Mar/2017:16:30:30 -0300] "POST /cormun/servlet/solicitudot?gx-no-cache=1488396903232 HTTP/1.1" 200 38
200.111.191.210 - - [01/Mar/2017:16:30:30 -0300] "GET /cormun/servlet/hpexe_link HTTP/1.1" 200 957
200.111.191.210 - - [01/Mar/2017:16:30:30 -0300] "GET /cormun/servlet/hhome HTTP/1.1" 200 3934
186.67.172.234 - - [01/Mar/2017:16:30:30 -0300] "GET /cormun/servlet/trsolicitudadjuntos?2017,4968, HTTP/1.1" 200 8906
200.111.191.210 - - [01/Mar/2017:16:30:31 -0300] "GET /cormun/servlet/hhome HTTP/1.1" 200 3930
186.67.172.234 - - [01/Mar/2017:16:30:32 -0300] "GET /cormun/servlet/trsolicitudadjuntos?2017,4968, HTTP/1.1" 200 8904
200.111.191.210 - - [01/Mar/2017:16:30:36 -0300] "GET /cormun/servlet/trautorizarsolicitud? HTTP/1.1" 200 8638
200.111.191.210 - - [01/Mar/2017:16:30:37 -0300] "GET /cormun/servlet/trautorizarsolicitud? HTTP/1.1" 200 8636
186.67.172.234 - - [01/Mar/2017:16:30:38 -0300] "GET /cormun/servlet/trautorizarsolicitud? HTTP/1.1" 200 8175
186.67.172.234 - - [01/Mar/2017:16:30:38 -0300] "GET /cormun/servlet/trautorizarsolicitud? HTTP/1.1" 200 8167
186.103.156.24 - - [01/Mar/2017:16:30:39 -0300] "POST /cormun/servlet/solicitudot?gx-no-cache=1488396912555 HTTP/1.1" 200 1274
186.103.156.24 - - [01/Mar/2017:16:30:39 -0300] "POST /cormun/servlet/solicitudot?gx-no-cache=1488396912710 HTTP/1.1" 200 1157
186.103.159.44 - - [01/Mar/2017:16:30:39 -0300] "GET /cormun/servlet/solicitudotadjuntos?c3c94e29e4b828e2515c1c6b110f0914fe3011ecdbb106620c037846700add08,gx-no-cache=1488396704830 HTTP/1.1" 200 30
186.103.159.44 - - [01/Mar/2017:16:30:39 -0300] "GET /cormun/servlet/solicitudotadjuntos?c3c94e29e4b828e2515c1c6b110f0914fe3011ecdbb106620c037846700add08,gx-no-cache=1488396704954 HTTP/1.1" 200 30
186.103.159.44 - - [01/Mar/2017:16:30:40 -0300] "POST /cormun/servlet/solicitudotadjuntos?a1eca94beb0487211da0878496ebd0ea,INS,2017,5000,,1, HTTP/1.1" 200 116
186.103.159.44 - - [01/Mar/2017:16:30:40 -0300] "GET /cormun/servlet/hpexe_return? HTTP/1.1" 200 1025
186.103.159.44 - - [01/Mar/2017:16:30:41 -0300] "GET /cormun/servlet/trsolicitudadjuntos?2017,5000, HTTP/1.1" 200 7974
186.103.159.44 - - [01/Mar/2017:16:30:46 -0300] "GET /cormun/servlet/solicitudotadjuntos?INS,2017,5000,,1, HTTP/1.1" 200 5805
186.103.159.44 - - [01/Mar/2017:16:30:46 -0300] "HEAD /cormun/static/about:blank HTTP/1.1" 404 -
186.67.172.234 - - [01/Mar/2017:16:30:46 -0300] "GET /cormun/servlet/trvisualizadoreventos? HTTP/1.1" 200 6745
186.67.172.234 - - [01/Mar/2017:16:30:47 -0300] "GET /cormun/static/trvisualizadoreventos.js?2016101716203614 HTTP/1.1" 304 -
186.67.172.234 - - [01/Mar/2017:16:30:47 -0300] "GET /cormun/servlet/trvisualizadoreventos? HTTP/1.1" 200 6744
186.103.159.44 - - [01/Mar/2017:16:30:47 -0300] "GET /cormun/servlet/solicitudotadjuntos?c3c94e29e4b828e2515c1c6b110f0914b22b071391115a3f4fdf9970c420861af094068eb6c30de739c0f98162cfd36f,gx-no-cache=1488396713678 HTTP/1.1" 200 30
186.103.159.44 - - [01/Mar/2017:16:30:48 -0300] "POST /cormun/servlet/solicitudotadjuntos?a1eca94beb0487211da0878496ebd0ea,INS,2017,5000,,1,,gx-no-cache=1488396713769 HTTP/1.1" 200 3670
186.103.156.24 - - [01/Mar/2017:16:30:48 -0300] "GET /cormun/static/menuarrow.gif HTTP/1.1" 404 1015
186.67.172.234 - - [01/Mar/2017:16:30:51 -0300] "GET /cormun/servlet/trsolicitudot? HTTP/1.1" 200 8643
186.67.172.234 - - [01/Mar/2017:16:30:51 -0300] "GET /cormun/servlet/trsolicitudot? HTTP/1.1" 200 8643
186.103.159.44 - - [01/Mar/2017:16:30:54 -0300] "POST /cormun/servlet/solicitudotadjuntos?gx-no-cache=1488396720543 HTTP/1.1" 200 26
186.103.159.44 - - [01/Mar/2017:16:31:00 -0300] "GET /cormun/servlet/solicitudotadjuntos?c3c94e29e4b828e2515c1c6b110f0914fe3011ecdbb106620c037846700add08,gx-no-cache=1488396726142 HTTP/1.1" 200 30
186.103.159.44 - - [01/Mar/2017:16:31:00 -0300] "GET /cormun/servlet/solicitudotadjuntos?c3c94e29e4b828e2515c1c6b110f0914fe3011ecdbb106620c037846700add08,gx-no-cache=1488396726231 HTTP/1.1" 200 30
186.67.172.234 - - [01/Mar/2017:16:31:00 -0300] "POST /cormun/servlet/trsolicitudot?788f689102b03935b49671fe21260562,,gx-no-cache=1488396739574 HTTP/1.1" 200 107
186.67.172.234 - - [01/Mar/2017:16:31:01 -0300] "GET /cormun/servlet/trsolicitudadjuntos?2017,4969, HTTP/1.1" 200 6125
186.67.172.234 - - [01/Mar/2017:16:31:01 -0300] "GET /cormun/servlet/trsolicitudadjuntos?2017,4969, HTTP/1.1" 200 6124
186.103.159.44 - - [01/Mar/2017:16:31:01 -0300] "POST /cormun/servlet/solicitudotadjuntos?a1eca94beb0487211da0878496ebd0ea,INS,2017,5000,,1, HTTP/1.1" 200 116
186.103.159.44 - - [01/Mar/2017:16:31:01 -0300] "GET /cormun/servlet/hpexe_return? HTTP/1.1" 200 1025
186.103.159.44 - - [01/Mar/2017:16:31:02 -0300] "GET /cormun/servlet/trsolicitudadjuntos?2017,5000, HTTP/1.1" 200 8190
186.67.172.234 - - [01/Mar/2017:16:31:04 -0300] "GET /cormun/servlet/solicitudotadjuntos?INS,2017,4969,,1, HTTP/1.1" 200 6051
186.67.172.234 - - [01/Mar/2017:16:31:05 -0300] "GET /cormun/static/about:blank HTTP/1.1" 404 1011
186.67.172.234 - - [01/Mar/2017:16:31:05 -0300] "GET /cormun/servlet/solicitudotadjuntos?INS,2017,4969,,1, HTTP/1.1" 200 6045
186.67.172.234 - - [01/Mar/2017:16:31:05 -0300] "GET /cormun/servlet/solicitudotadjuntos?b9a03848b24a44faf3f8f47ae02ff23af4ae4118a05eb7733ef58e9a0da7b12a912f47b40868deba04d4824d6db39ca2,gx-no-cache=1488396744437 HTTP/1.1" 200 30
186.67.172.234 - - [01/Mar/2017:16:31:05 -0300] "POST /cormun/servlet/solicitudotadjuntos?788f689102b03935b49671fe21260562,INS,2017,4969,,1,,gx-no-cache=1488396744512 HTTP/1.1" 200 3861
186.103.159.44 - - [01/Mar/2017:16:31:06 -0300] "GET /cormun/servlet/solicitudotadjuntos?INS,2017,5000,,1, HTTP/1.1" 200 5805
186.103.159.44 - - [01/Mar/2017:16:31:07 -0300] "HEAD /cormun/static/about:blank HTTP/1.1" 404 -
186.103.156.24 - - [01/Mar/2017:16:31:08 -0300] "GET /cormun/servlet/solicitudot?cad76c239aed0132c3e3b8d9a04cc8a7ab148d45102ffbd0a5b76107d836963fa917abb3b65ef0ec1dd1b2e57e4ac4b1c5a32e257b6ce654a282fd0cbc4f6a5848ae017aab0904cad9f062bbb34270dd6f0893644a37be95aa08109b8e1569f3e2326c2e404e302151da1862a48006fc4150c43c37e7c9f0f16c2a861edd1c6769292f5183d2a6db231d18d87b0c1ee4bdcfeb3f4961d55fdf056450c9381143cf2e32965ab4872b88e05d54bbce09bd,gx-no-cache=1488396945670 HTTP/1.1" 200 30
186.103.159.44 - - [01/Mar/2017:16:31:08 -0300] "GET /cormun/servlet/solicitudotadjuntos?c3c94e29e4b828e2515c1c6b110f0914b22b071391115a3f4fdf9970c420861af094068eb6c30de739c0f98162cfd36f,gx-no-cache=1488396734259 HTTP/1.1" 200 30
186.103.159.44 - - [01/Mar/2017:16:31:08 -0300] "POST /cormun/servlet/solicitudotadjuntos?a1eca94beb0487211da0878496ebd0ea,INS,2017,5000,,1,,gx-no-cache=1488396734371 HTTP/1.1" 200 3670
186.67.172.234 - - [01/Mar/2017:16:31:09 -0300] "POST /cormun/servlet/solicitudotadjuntos?gx-no-cache=1488396748447 HTTP/1.1" 200 26
186.79.8.148 - - [01/Mar/2017:16:31:12 -0300] "POST /cormun/servlet/solicitudot?gx-no-cache=1488396746016 HTTP/1.1" 200 297
186.103.159.44 - - [01/Mar/2017:16:31:12 -0300] "POST /cormun/servlet/solicitudotadjuntos?gx-no-cache=1488396738254 HTTP/1.1" 200 26
186.79.8.148 - - [01/Mar/2017:16:31:13 -0300] "GET /cormun/servlet/solicitudot?7a34e5f548816e8d0fa11229e9c56f1e24aa797a05b0eae222a5f285fba80def57de9993787f306335a43edda603d771387e86d4ddffe3da8307cf6a107acd5be53bf666b33860f8efbd69ab832edb77d8525f4125c0b4c4d958e724944786f4bb7a954120adf3783152ba8b63f08fd91ae7f2314c02bad2be9319ff67c3f4f173550df09f9847d05091b23a4a9e823fae5a6705d87aeec01343d26cbcd92ca0d00ce31e180d990eb45fd8518b1456224a803e7aa46cf84ad4d08fc9abf3c2f6b22124376f046a6613953885a8ee8efd09751bc77e5b8bb930e620f338dc82a91fbd812fd9ad2d2511e9f591d7f5afde4b3afa672c6f1dfd85d21bd04831c433317e086e4933d5f00538e4138ed71e8c6744ddbd5ecd0e6e9b0b2283cccf4ed5304f7d3ea197e2cbe750eea43c0cedcd0823a5b7884e293d77dfa2699395d692832216780078b88b6e3d8f23dbdb4796b3d234041f0e6c33742f39298a55c989a3158005a215ab05740ff0b0bb61ce23b791adc73bc7c82163212b22116a86b15195df1acb0dbc671c5b231c651bd25f,gx-no-cache=1488396746261 HTTP/1.1" 200 30
186.79.8.148 - - [01/Mar/2017:16:31:20 -0300] "POST /cormun/servlet/solicitudot?gx-no-cache=1488396754249 HTTP/1.1" 200 30
186.79.8.148 - - [01/Mar/2017:16:31:22 -0300] "POST /cormun/servlet/solicitudot?gx-no-cache=1488396756476 HTTP/1.1" 200 235
186.79.8.148 - - [01/Mar/2017:16:31:23 -0300] "POST /cormun/servlet/solicitudot?gx-no-cache=1488396756630 HTTP/1.1" 200 38
186.103.159.44 - - [01/Mar/2017:16:31:23 -0300] "GET /cormun/servlet/solicitudotadjuntos?c3c94e29e4b828e2515c1c6b110f0914fe3011ecdbb106620c037846700add08,gx-no-cache=1488396749510 HTTP/1.1" 200 30
186.103.159.44 - - [01/Mar/2017:16:31:23 -0300] "GET /cormun/servlet/solicitudotadjuntos?c3c94e29e4b828e2515c1c6b110f0914fe3011ecdbb106620c037846700add08,gx-no-cache=1488396749567 HTTP/1.1" 200 30
186.103.159.44 - - [01/Mar/2017:16:31:24 -0300] "POST /cormun/servlet/solicitudotadjuntos?a1eca94beb0487211da0878496ebd0ea,INS,2017,5000,,1, HTTP/1.1" 200 116
186.103.159.44 - - [01/Mar/2017:16:31:25 -0300] "GET /cormun/servlet/hpexe_return? HTTP/1.1" 200 1025
186.103.159.44 - - [01/Mar/2017:16:31:25 -0300] "GET /cormun/servlet/trsolicitudadjuntos?2017,5000, HTTP/1.1" 200 8362
186.67.172.234 - - [01/Mar/2017:16:31:30 -0300] "GET /cormun/servlet/solicitudotadjuntos?b9a03848b24a44faf3f8f47ae02ff23a044a71eaada84f47f1290ba62df73fea,gx-no-cache=1488396769057 HTTP/1.1" 200 30
186.67.172.234 - - [01/Mar/2017:16:31:30 -0300] "GET /cormun/servlet/solicitudotadjuntos?b9a03848b24a44faf3f8f47ae02ff23a044a71eaada84f47f1290ba62df73fea,gx-no-cache=1488396769127 HTTP/1.1" 200 30
186.67.172.234 - - [01/Mar/2017:16:31:32 -0300] "POST /cormun/servlet/solicitudotadjuntos?788f689102b03935b49671fe21260562,INS,2017,4969,,1, HTTP/1.1" 200 116
186.67.172.234 - - [01/Mar/2017:16:31:32 -0300] "GET /cormun/servlet/hpexe_return? HTTP/1.1" 200 1026
186.103.159.44 - - [01/Mar/2017:16:31:32 -0300] "GET /cormun/servlet/solicitudotadjuntos?INS,2017,5000,,1, HTTP/1.1" 200 5805
186.67.172.234 - - [01/Mar/2017:16:31:33 -0300] "GET /cormun/servlet/trsolicitudadjuntos?2017,4969, HTTP/1.1" 200 8272
186.103.159.44 - - [01/Mar/2017:16:31:33 -0300] "HEAD /cormun/static/about:blank HTTP/1.1" 404 -
186.67.172.234 - - [01/Mar/2017:16:31:33 -0300] "GET /cormun/servlet/trsolicitudadjuntos?2017,4969, HTTP/1.1" 200 8267
186.103.159.44 - - [01/Mar/2017:16:31:34 -0300] "GET /cormun/servlet/solicitudotadjuntos?c3c94e29e4b828e2515c1c6b110f0914b22b071391115a3f4fdf9970c420861af094068eb6c30de739c0f98162cfd36f,gx-no-cache=1488396760400 HTTP/1.1" 200 30
186.103.159.44 - - [01/Mar/2017:16:31:34 -0300] "POST /cormun/servlet/solicitudotadjuntos?a1eca94beb0487211da0878496ebd0ea,INS,2017,5000,,1,,gx-no-cache=1488396760548 HTTP/1.1" 200 3670
186.79.41.237 - - [01/Mar/2017:16:31:35 -0300] "GET /cormun/servlet/trcontratosolicitud HTTP/1.1" 200 11494
186.79.41.237 - - [01/Mar/2017:16:31:36 -0300] "GET /cormun/servlet/trcontratosolicitud HTTP/1.1" 200 11486
186.103.159.44 - - [01/Mar/2017:16:31:37 -0300] "POST /cormun/servlet/solicitudotadjuntos?gx-no-cache=1488396763559 HTTP/1.1" 200 26
186.79.17.148 - - [01/Mar/2017:16:31:42 -0300] "POST /cormun/servlet/licenciaspermisosadjuntos?7e735c207ebf712706deb3d5cf86a656,INS,6770104,L,20170301000000,, HTTP/1.1" 200 116
186.79.17.148 - - [01/Mar/2017:16:31:43 -0300] "GET /cormun/servlet/hpexe_return? HTTP/1.1" 200 1041
186.79.17.148 - - [01/Mar/2017:16:31:43 -0300] "GET /cormun/servlet/trlicenciaspermisosadjuntos?6770104,20170301000000,L, HTTP/1.1" 200 6624
186.79.17.148 - - [01/Mar/2017:16:31:45 -0300] "GET /cormun/servlet/trlicenciaspermisosadjuntos?6770104,20170301000000,L, HTTP/1.1" 200 6619
186.79.17.148 - - [01/Mar/2017:16:31:46 -0300] "GET /cormun/PublicTempStorage/licencia_carlos_valenzuela7754873.jpeg HTTP/1.1" 200 531654
186.67.172.234 - - [01/Mar/2017:16:31:46 -0300] "GET /cormun/servlet/solicitudotadjuntos?INS,2017,4969,,1, HTTP/1.1" 200 6051
186.67.172.234 - - [01/Mar/2017:16:31:47 -0300] "GET /cormun/static/about:blank HTTP/1.1" 404 1011
186.103.159.44 - - [01/Mar/2017:16:31:47 -0300] "GET /cormun/servlet/solicitudotadjuntos?c3c94e29e4b828e2515c1c6b110f0914fe3011ecdbb106620c037846700add08,gx-no-cache=1488396772991 HTTP/1.1" 200 30
186.103.159.44 - - [01/Mar/2017:16:31:47 -0300] "GET /cormun/servlet/solicitudotadjuntos?c3c94e29e4b828e2515c1c6b110f0914fe3011ecdbb106620c037846700add08,gx-no-cache=1488396773086 HTTP/1.1" 200 30
186.67.172.234 - - [01/Mar/2017:16:31:47 -0300] "GET /cormun/servlet/solicitudotadjuntos?INS,2017,4969,,1, HTTP/1.1" 200 6045
186.67.172.234 - - [01/Mar/2017:16:31:47 -0300] "GET /cormun/servlet/solicitudotadjuntos?b9a03848b24a44faf3f8f47ae02ff23af4ae4118a05eb7733ef58e9a0da7b12a912f47b40868deba04d4824d6db39ca2,gx-no-cache=1488396786640 HTTP/1.1" 200 30
186.67.172.234 - - [01/Mar/2017:16:31:48 -0300] "POST /cormun/servlet/solicitudotadjuntos?788f689102b03935b49671fe21260562,INS,2017,4969,,1,,gx-no-cache=1488396786693 HTTP/1.1" 200 3862
186.103.159.44 - - [01/Mar/2017:16:31:50 -0300] "POST /cormun/servlet/solicitudotadjuntos?a1eca94beb0487211da0878496ebd0ea,INS,2017,5000,,1, HTTP/1.1" 200 116
186.103.159.44 - - [01/Mar/2017:16:31:50 -0300] "GET /cormun/servlet/hpexe_return? HTTP/1.1" 200 1025
186.67.172.234 - - [01/Mar/2017:16:31:51 -0300] "POST /cormun/servlet/solicitudotadjuntos?gx-no-cache=1488396790080 HTTP/1.1" 200 26
186.79.17.148 - - [01/Mar/2017:16:31:51 -0300] "POST /cormun/servlet/trlicenciaspermisosadjuntos?7e735c207ebf712706deb3d5cf86a656,6770104,20170301000000,L,,gx-no-cache=1488396649041 HTTP/1.1" 200 90
186.79.17.148 - - [01/Mar/2017:16:31:51 -0300] "GET /cormun/servlet/hpexe_link HTTP/1.1" 200 988
186.79.17.148 - - [01/Mar/2017:16:31:51 -0300] "GET /cormun/servlet/trlicencias HTTP/1.1" 200 7780
186.103.159.44 - - [01/Mar/2017:16:31:51 -0300] "GET /cormun/servlet/trsolicitudadjuntos?2017,5000, HTTP/1.1" 200 8490
