192.168.10.99 - - [01/Mar/2017:13:25:42 -0300] "GET /cormun/static/Resources/resize.gif HTTP/1.1" 200 77
186.103.159.188 - - [01/Mar/2017:13:25:49 -0300] "GET /cormun/servlet/hlogin HTTP/1.1" 200 1715
192.168.10.99 - - [01/Mar/2017:13:25:50 -0300] "GET /cormun/servlet/prfichaempleado?,MD,,gxPopupLevel%3D0%3B HTTP/1.1" 200 9075
192.168.10.99 - - [01/Mar/2017:13:25:50 -0300] "GET /cormun/static/gxcfg.js?2016102420561687 HTTP/1.1" 200 953
192.168.10.99 - - [01/Mar/2017:13:25:50 -0300] "GET /cormun/static/prfichaempleado.js?201610242056198 HTTP/1.1" 200 16015
192.168.10.99 - - [01/Mar/2017:13:25:58 -0300] "POST /cormun/servlet/prfichaempleado?3600789346d1d6e76c5fd78a6e0978d1,,MD,,gxPopupLevel%3D0%3B,gx-no-cache=1488388844664 HTTP/1.1" 200 3388
186.103.159.188 - - [01/Mar/2017:13:26:02 -0300] "POST /cormun/servlet/hlogin?5588b6f6e3027d1130dd0953962e058b,gx-no-cache=1488385634532 HTTP/1.1" 200 90
186.103.159.188 - - [01/Mar/2017:13:26:02 -0300] "GET /cormun/servlet/hpexe_link HTTP/1.1" 200 951
186.103.159.188 - - [01/Mar/2017:13:26:02 -0300] "GET /cormun/servlet/hhome HTTP/1.1" 200 3915
186.103.159.188 - - [01/Mar/2017:13:26:02 -0300] "GET /cormun/servlet/hhome HTTP/1.1" 200 3912
186.103.159.188 - - [01/Mar/2017:13:26:06 -0300] "GET /cormun/servlet/trautorizarsolicitud? HTTP/1.1" 200 10959
186.103.159.188 - - [01/Mar/2017:13:26:06 -0300] "GET /cormun/servlet/trautorizarsolicitud? HTTP/1.1" 200 10957
192.168.10.99 - - [01/Mar/2017:13:26:18 -0300] "GET /cormun/servlet/trsecurityuser01? HTTP/1.1" 200 7152
192.168.10.99 - - [01/Mar/2017:13:26:19 -0300] "GET /cormun/servlet/trsecurityuser01? HTTP/1.1" 200 7146
192.168.10.99 - - [01/Mar/2017:13:26:25 -0300] "GET /cormun/servlet/securityusers?UPD,21, HTTP/1.1" 200 7307
192.168.10.99 - - [01/Mar/2017:13:26:26 -0300] "GET /cormun/servlet/securityusers?UPD,21, HTTP/1.1" 200 7307
186.79.17.148 - - [01/Mar/2017:13:26:27 -0300] "GET /cormun/servlet/solicitudotadjuntos?695634c2b4121319f95aa4f2b6a46271e487186c477a45dfacfbcaea8203530e,gx-no-cache=1488385525024 HTTP/1.1" 200 30
186.79.17.148 - - [01/Mar/2017:13:26:27 -0300] "GET /cormun/servlet/solicitudotadjuntos?695634c2b4121319f95aa4f2b6a46271e487186c477a45dfacfbcaea8203530e,gx-no-cache=1488385525146 HTTP/1.1" 200 30
186.79.17.148 - - [01/Mar/2017:13:26:31 -0300] "POST /cormun/servlet/solicitudotadjuntos?0e156c50288d8130f4f7e48aeb68b038,INS,2017,4931,,1, HTTP/1.1" 200 116
186.79.17.148 - - [01/Mar/2017:13:26:31 -0300] "GET /cormun/servlet/hpexe_return? HTTP/1.1" 200 1025
186.79.17.148 - - [01/Mar/2017:13:26:31 -0300] "GET /cormun/servlet/trsolicitudadjuntos?2017,4931, HTTP/1.1" 200 8358
186.79.17.148 - - [01/Mar/2017:13:26:33 -0300] "GET /cormun/servlet/trsolicitudadjuntos?2017,4931, HTTP/1.1" 200 8356
192.168.10.99 - - [01/Mar/2017:13:26:36 -0300] "GET /cormun/servlet/trsecurityuser01? HTTP/1.1" 200 7152
186.79.17.148 - - [01/Mar/2017:13:26:37 -0300] "GET /cormun/servlet/solicitudotadjuntos?INS,2017,4931,,1, HTTP/1.1" 200 5816
192.168.10.99 - - [01/Mar/2017:13:26:37 -0300] "GET /cormun/servlet/trsecurityuser01? HTTP/1.1" 200 7146
186.79.17.148 - - [01/Mar/2017:13:26:37 -0300] "GET /cormun/static/about:blank HTTP/1.1" 404 1011
186.79.17.148 - - [01/Mar/2017:13:26:38 -0300] "GET /cormun/servlet/solicitudotadjuntos?INS,2017,4931,,1, HTTP/1.1" 200 5810
186.79.17.148 - - [01/Mar/2017:13:26:39 -0300] "GET /cormun/servlet/solicitudotadjuntos?695634c2b4121319f95aa4f2b6a46271d09aaf9d867ea91e22f36be1760ef048e241a97962471633e8a1cede307f5491,gx-no-cache=1488385536529 HTTP/1.1" 200 30
186.79.17.148 - - [01/Mar/2017:13:26:39 -0300] "POST /cormun/servlet/solicitudotadjuntos?0e156c50288d8130f4f7e48aeb68b038,INS,2017,4931,,1,,gx-no-cache=1488385536793 HTTP/1.1" 200 3668
192.168.10.99 - - [01/Mar/2017:13:26:40 -0300] "GET /cormun/servlet/securityusers?INS,0, HTTP/1.1" 200 7166
192.168.10.99 - - [01/Mar/2017:13:26:41 -0300] "GET /cormun/servlet/securityusers?INS,0, HTTP/1.1" 200 7165
186.79.17.148 - - [01/Mar/2017:13:26:43 -0300] "POST /cormun/servlet/solicitudotadjuntos?gx-no-cache=1488385540910 HTTP/1.1" 200 26
186.79.17.148 - - [01/Mar/2017:13:26:54 -0300] "GET /cormun/servlet/solicitudotadjuntos?695634c2b4121319f95aa4f2b6a46271e487186c477a45dfacfbcaea8203530e,gx-no-cache=1488385552465 HTTP/1.1" 200 30
186.79.17.148 - - [01/Mar/2017:13:26:55 -0300] "GET /cormun/servlet/solicitudotadjuntos?695634c2b4121319f95aa4f2b6a46271e487186c477a45dfacfbcaea8203530e,gx-no-cache=1488385553032 HTTP/1.1" 200 30
186.79.17.148 - - [01/Mar/2017:13:27:00 -0300] "POST /cormun/servlet/solicitudotadjuntos?0e156c50288d8130f4f7e48aeb68b038,INS,2017,4931,,1, HTTP/1.1" 200 116
186.79.17.148 - - [01/Mar/2017:13:27:01 -0300] "GET /cormun/servlet/hpexe_return? HTTP/1.1" 200 1025
186.79.17.148 - - [01/Mar/2017:13:27:02 -0300] "GET /cormun/servlet/trsolicitudadjuntos?2017,4931, HTTP/1.1" 200 8499
186.79.17.148 - - [01/Mar/2017:13:27:04 -0300] "GET /cormun/servlet/trsolicitudadjuntos?2017,4931, HTTP/1.1" 200 8499
186.79.17.148 - - [01/Mar/2017:13:27:07 -0300] "GET /cormun/servlet/solicitudotadjuntos?INS,2017,4931,,1, HTTP/1.1" 200 5816
186.79.17.148 - - [01/Mar/2017:13:27:08 -0300] "GET /cormun/static/about:blank HTTP/1.1" 404 1011
186.79.17.148 - - [01/Mar/2017:13:27:09 -0300] "GET /cormun/servlet/solicitudotadjuntos?INS,2017,4931,,1, HTTP/1.1" 200 5810
186.79.17.148 - - [01/Mar/2017:13:27:10 -0300] "GET /cormun/servlet/solicitudotadjuntos?695634c2b4121319f95aa4f2b6a46271d09aaf9d867ea91e22f36be1760ef048e241a97962471633e8a1cede307f5491,gx-no-cache=1488385567942 HTTP/1.1" 200 30
186.79.17.148 - - [01/Mar/2017:13:27:11 -0300] "POST /cormun/servlet/solicitudotadjuntos?0e156c50288d8130f4f7e48aeb68b038,INS,2017,4931,,1,,gx-no-cache=1488385568224 HTTP/1.1" 200 3668
186.79.17.148 - - [01/Mar/2017:13:27:17 -0300] "POST /cormun/servlet/solicitudotadjuntos?gx-no-cache=1488385574777 HTTP/1.1" 200 26
186.79.17.148 - - [01/Mar/2017:13:27:29 -0300] "GET /cormun/servlet/solicitudotadjuntos?695634c2b4121319f95aa4f2b6a46271e487186c477a45dfacfbcaea8203530e,gx-no-cache=1488385586941 HTTP/1.1" 200 30
186.79.17.148 - - [01/Mar/2017:13:27:29 -0300] "GET /cormun/servlet/solicitudotadjuntos?695634c2b4121319f95aa4f2b6a46271e487186c477a45dfacfbcaea8203530e,gx-no-cache=1488385587173 HTTP/1.1" 200 30
186.79.17.148 - - [01/Mar/2017:13:27:34 -0300] "POST /cormun/servlet/solicitudotadjuntos?0e156c50288d8130f4f7e48aeb68b038,INS,2017,4931,,1, HTTP/1.1" 200 116
186.79.17.148 - - [01/Mar/2017:13:27:34 -0300] "GET /cormun/servlet/hpexe_return? HTTP/1.1" 200 1025
186.79.17.148 - - [01/Mar/2017:13:27:35 -0300] "GET /cormun/servlet/trsolicitudadjuntos?2017,4931, HTTP/1.1" 200 8654
186.79.17.148 - - [01/Mar/2017:13:27:36 -0300] "GET /cormun/servlet/trsolicitudadjuntos?2017,4931, HTTP/1.1" 200 8653
186.79.17.148 - - [01/Mar/2017:13:27:48 -0300] "GET /cormun/servlet/solicitudotadjuntos?INS,2017,4931,,1, HTTP/1.1" 200 5818
186.79.17.148 - - [01/Mar/2017:13:27:48 -0300] "GET /cormun/static/about:blank HTTP/1.1" 404 1011
186.79.17.148 - - [01/Mar/2017:13:27:49 -0300] "GET /cormun/servlet/solicitudotadjuntos?INS,2017,4931,,1, HTTP/1.1" 200 5812
186.79.17.148 - - [01/Mar/2017:13:27:50 -0300] "GET /cormun/servlet/solicitudotadjuntos?695634c2b4121319f95aa4f2b6a46271d09aaf9d867ea91e22f36be1760ef048e241a97962471633e8a1cede307f5491,gx-no-cache=1488385607984 HTTP/1.1" 200 30
186.79.17.148 - - [01/Mar/2017:13:27:50 -0300] "POST /cormun/servlet/solicitudotadjuntos?0e156c50288d8130f4f7e48aeb68b038,INS,2017,4931,,1,,gx-no-cache=1488385608118 HTTP/1.1" 200 3668
186.79.17.148 - - [01/Mar/2017:13:27:54 -0300] "POST /cormun/servlet/solicitudotadjuntos?gx-no-cache=1488385611624 HTTP/1.1" 200 26
186.79.17.148 - - [01/Mar/2017:13:28:01 -0300] "GET /cormun/servlet/solicitudotadjuntos?695634c2b4121319f95aa4f2b6a46271e487186c477a45dfacfbcaea8203530e,gx-no-cache=1488385618770 HTTP/1.1" 200 30
186.79.17.148 - - [01/Mar/2017:13:28:01 -0300] "GET /cormun/servlet/solicitudotadjuntos?695634c2b4121319f95aa4f2b6a46271e487186c477a45dfacfbcaea8203530e,gx-no-cache=1488385618859 HTTP/1.1" 200 30
186.103.156.211 - - [01/Mar/2017:13:28:05 -0300] "POST /cormun/servlet/solicitudot?gx-no-cache=1488385990616 HTTP/1.1" 200 3153
186.103.156.211 - - [01/Mar/2017:13:28:05 -0300] "POST /cormun/servlet/solicitudot?6a9ed0b4b51554d415c62796e32d34a5,INS,0,0,,gx-no-cache=1488385991047 HTTP/1.1" 200 9768
186.79.17.148 - - [01/Mar/2017:13:28:08 -0300] "POST /cormun/servlet/solicitudotadjuntos?0e156c50288d8130f4f7e48aeb68b038,INS,2017,4931,,1, HTTP/1.1" 200 116
186.79.17.148 - - [01/Mar/2017:13:28:08 -0300] "GET /cormun/servlet/hpexe_return? HTTP/1.1" 200 1025
186.79.17.148 - - [01/Mar/2017:13:28:08 -0300] "GET /cormun/servlet/trsolicitudadjuntos?2017,4931, HTTP/1.1" 200 8887
186.79.17.148 - - [01/Mar/2017:13:28:10 -0300] "GET /cormun/servlet/trsolicitudadjuntos?2017,4931, HTTP/1.1" 200 8886
186.79.17.148 - - [01/Mar/2017:13:28:13 -0300] "GET /cormun/servlet/solicitudotadjuntos?INS,2017,4931,,2, HTTP/1.1" 200 5815
186.79.17.148 - - [01/Mar/2017:13:28:13 -0300] "GET /cormun/static/about:blank HTTP/1.1" 404 1011
186.79.17.148 - - [01/Mar/2017:13:28:14 -0300] "GET /cormun/servlet/solicitudotadjuntos?INS,2017,4931,,2, HTTP/1.1" 200 5809
186.79.17.148 - - [01/Mar/2017:13:28:15 -0300] "GET /cormun/servlet/solicitudotadjuntos?695634c2b4121319f95aa4f2b6a46271d09aaf9d867ea91e22f36be1760ef048e241a97962471633e8a1cede307f5491,gx-no-cache=1488385632827 HTTP/1.1" 200 30
186.79.17.148 - - [01/Mar/2017:13:28:15 -0300] "POST /cormun/servlet/solicitudotadjuntos?0e156c50288d8130f4f7e48aeb68b038,INS,2017,4931,,2,,gx-no-cache=1488385632913 HTTP/1.1" 200 3810
186.79.17.148 - - [01/Mar/2017:13:28:21 -0300] "POST /cormun/servlet/solicitudotadjuntos?gx-no-cache=1488385639291 HTTP/1.1" 200 26
192.168.10.99 - - [01/Mar/2017:13:28:23 -0300] "POST /cormun/servlet/securityusers?3600789346d1d6e76c5fd78a6e0978d1,INS,0,,gx-no-cache=1488388989388 HTTP/1.1" 200 93
192.168.10.99 - - [01/Mar/2017:13:28:23 -0300] "GET /cormun/servlet/hpexe_return? HTTP/1.1" 200 1007
192.168.10.99 - - [01/Mar/2017:13:28:23 -0300] "GET /cormun/servlet/trsecurityuser01 HTTP/1.1" 200 7150
192.168.10.99 - - [01/Mar/2017:13:28:23 -0300] "GET /cormun/servlet/trsecurityuser01 HTTP/1.1" 200 7146
192.168.10.99 - - [01/Mar/2017:13:28:28 -0300] "GET /cormun/servlet/securityusers?UPD,21, HTTP/1.1" 200 7307
192.168.10.99 - - [01/Mar/2017:13:28:28 -0300] "GET /cormun/servlet/securityusers?UPD,21, HTTP/1.1" 200 7307
186.79.17.148 - - [01/Mar/2017:13:28:29 -0300] "GET /cormun/servlet/solicitudotadjuntos?695634c2b4121319f95aa4f2b6a46271e487186c477a45dfacfbcaea8203530e,gx-no-cache=1488385646912 HTTP/1.1" 200 30
186.79.17.148 - - [01/Mar/2017:13:28:29 -0300] "GET /cormun/servlet/solicitudotadjuntos?695634c2b4121319f95aa4f2b6a46271e487186c477a45dfacfbcaea8203530e,gx-no-cache=1488385646985 HTTP/1.1" 200 30
186.79.17.148 - - [01/Mar/2017:13:28:31 -0300] "POST /cormun/servlet/solicitudotadjuntos?0e156c50288d8130f4f7e48aeb68b038,INS,2017,4931,,2, HTTP/1.1" 200 116
186.79.17.148 - - [01/Mar/2017:13:28:31 -0300] "GET /cormun/servlet/hpexe_return? HTTP/1.1" 200 1025
186.79.17.148 - - [01/Mar/2017:13:28:31 -0300] "GET /cormun/servlet/trsolicitudadjuntos?2017,4931, HTTP/1.1" 200 9117
186.79.17.148 - - [01/Mar/2017:13:28:33 -0300] "GET /cormun/servlet/trsolicitudadjuntos?2017,4931, HTTP/1.1" 200 9117
186.79.17.148 - - [01/Mar/2017:13:28:37 -0300] "POST /cormun/servlet/trsolicitudadjuntos?0e156c50288d8130f4f7e48aeb68b038,2017,4931,,gx-no-cache=1488385654500 HTTP/1.1" 200 90
186.79.17.148 - - [01/Mar/2017:13:28:37 -0300] "GET /cormun/servlet/hpexe_link HTTP/1.1" 200 972
186.79.17.148 - - [01/Mar/2017:13:28:37 -0300] "GET /cormun/servlet/trsolicitudot HTTP/1.1" 200 8059
186.79.17.148 - - [01/Mar/2017:13:28:39 -0300] "GET /cormun/servlet/trsolicitudot HTTP/1.1" 200 8058
192.168.10.99 - - [01/Mar/2017:13:28:41 -0300] "POST /cormun/servlet/securityusers?3600789346d1d6e76c5fd78a6e0978d1,UPD,21,,gx-no-cache=1488389007552 HTTP/1.1" 200 93
192.168.10.99 - - [01/Mar/2017:13:28:41 -0300] "GET /cormun/servlet/hpexe_return? HTTP/1.1" 200 1008
192.168.10.99 - - [01/Mar/2017:13:28:41 -0300] "GET /cormun/servlet/trsecurityuser01 HTTP/1.1" 200 7150
192.168.10.99 - - [01/Mar/2017:13:28:41 -0300] "GET /cormun/servlet/trsecurityuser01 HTTP/1.1" 200 7146
186.79.17.148 - - [01/Mar/2017:13:28:45 -0300] "POST /cormun/servlet/trsolicitudot?0e156c50288d8130f4f7e48aeb68b038,gx-no-cache=1488385663307 HTTP/1.1" 200 105
186.79.17.148 - - [01/Mar/2017:13:28:46 -0300] "GET /cormun/servlet/solicitudot?UPD,2017,4931, HTTP/1.1" 200 14204
186.79.17.148 - - [01/Mar/2017:13:28:47 -0300] "GET /cormun/servlet/solicitudot?UPD,2017,4931, HTTP/1.1" 200 14214
186.79.17.148 - - [01/Mar/2017:13:28:48 -0300] "POST /cormun/servlet/solicitudot?gx-no-cache=1488385666000 HTTP/1.1" 200 3164
186.79.17.148 - - [01/Mar/2017:13:28:49 -0300] "POST /cormun/servlet/solicitudot?0e156c50288d8130f4f7e48aeb68b038,UPD,2017,4931,,gx-no-cache=1488385666548 HTTP/1.1" 200 10837
186.79.17.148 - - [01/Mar/2017:13:28:49 -0300] "GET /cormun/servlet/solicitudot?695634c2b4121319f95aa4f2b6a4627186e95af46b48ded6ea6ed2d9b70decf598e5faf2cf6145f0910dd5c392087d04,gx-no-cache=1488385667293 HTTP/1.1" 200 30
186.79.17.148 - - [01/Mar/2017:13:28:49 -0300] "POST /cormun/servlet/solicitudot?gx-no-cache=1488385667414 HTTP/1.1" 200 240
192.168.10.99 - - [01/Mar/2017:13:28:49 -0300] "POST /cormun/servlet/trsecurityuser01?3600789346d1d6e76c5fd78a6e0978d1,gx-no-cache=1488389016088 HTTP/1.1" 200 4070
186.79.17.148 - - [01/Mar/2017:13:28:49 -0300] "GET /cormun/servlet/solicitudot?695634c2b4121319f95aa4f2b6a462712d0e4a044f87e98b8d5fe96777c4a274ae2e98120de4fe63ab20dda321afaf80278828a724801b52915026dfcd68f4bf5c433275c4d5dca2111179ac3329750a0d90c931ad457b9e6e6ccdaac09198d7627ca51864df9df95f59221e946d9ec2cad10fb155d3a8d2617d0ac1cfb580607bba93d9b8c8e0ff5046768f25978b3582c1083c875fff583c400bc476b593edc7c7578c67045ff5111312e0d0a19079ce969520355644b05070c8a194c3f0b28b765e6e8cc0f7e5604dcb2332840edb8a0c69133cc9e9d7b6637aae5ac3404b6434effef034d45262a042208a164b4bbb9f920bc4fe20a97c006d8955139a754adcf919e93b8d606d388de567eac2d6621d57c93bf064cae70c884085c4aef41d5ce6d8d2818d550651aa8cd9fa229d873f94ae4a41d4c4967e7cd08f3891f311dd26b7aa1dcc9c80f6646cb7af5ddf013eedcf98635754d6283aa136de7f2deb87f67732ba3966fdceee66ddf2cd64d5ab92311fe4efdac213308312211c05,gx-no-cache=1488385667526 HTTP/1.1" 200 30
186.79.17.148 - - [01/Mar/2017:13:28:50 -0300] "POST /cormun/servlet/solicitudot?gx-no-cache=1488385667649 HTTP/1.1" 200 30
186.79.17.148 - - [01/Mar/2017:13:28:50 -0300] "POST /cormun/servlet/solicitudot?gx-no-cache=1488385667763 HTTP/1.1" 200 1291
186.79.17.148 - - [01/Mar/2017:13:28:50 -0300] "POST /cormun/servlet/solicitudot?gx-no-cache=1488385668029 HTTP/1.1" 200 41
186.103.156.211 - - [01/Mar/2017:13:28:54 -0300] "GET /cormun/servlet/solicitudot?4451eee4298a3ffd1d68fea5a66e296ae83248d1de434dda5b331e65a7850d0e776897f8075def9899d1429298b581e1,gx-no-cache=1488386046017 HTTP/1.1" 200 30
192.168.10.99 - - [01/Mar/2017:13:28:59 -0300] "POST /cormun/servlet/trsecurityuser01?3600789346d1d6e76c5fd78a6e0978d1,gx-no-cache=1488389025968 HTTP/1.1" 200 4671
192.168.10.99 - - [01/Mar/2017:13:29:02 -0300] "GET /cormun/servlet/securityusers?UPD,3838, HTTP/1.1" 200 7312
192.168.10.99 - - [01/Mar/2017:13:29:02 -0300] "GET /cormun/servlet/securityusers?UPD,3838, HTTP/1.1" 200 7312
186.67.172.234 - - [01/Mar/2017:13:29:10 -0300] "GET /cormun/servlet/hlogin HTTP/1.1" 200 1724
186.67.172.234 - - [01/Mar/2017:13:29:10 -0300] "GET /cormun/static/Resources/Spanish/PXTools.css?167811 HTTP/1.1" 304 -
186.67.172.234 - - [01/Mar/2017:13:29:10 -0300] "GET /cormun/static/gxcfg.js?201612216162538 HTTP/1.1" 304 -
186.67.172.234 - - [01/Mar/2017:13:29:10 -0300] "GET /cormun/static/hlogin.js?201612216162555 HTTP/1.1" 304 -
192.168.10.99 - - [01/Mar/2017:13:29:11 -0300] "GET /cormun/servlet/hlogin HTTP/1.1" 200 1748
192.168.10.99 - - [01/Mar/2017:13:29:22 -0300] "POST /cormun/servlet/hlogin?3600789346d1d6e76c5fd78a6e0978d1,gx-no-cache=1488389049187 HTTP/1.1" 200 458
186.67.172.234 - - [01/Mar/2017:13:29:26 -0300] "POST /cormun/servlet/hlogin?2a6fade2f5844a3b787c555adcb67b64,gx-no-cache=1488385845743 HTTP/1.1" 200 90
186.67.172.234 - - [01/Mar/2017:13:29:26 -0300] "GET /cormun/servlet/hpexe_link HTTP/1.1" 200 955
186.67.172.234 - - [01/Mar/2017:13:29:26 -0300] "GET /cormun/static/gxcfg.js?201612218515529 HTTP/1.1" 304 -
186.67.172.234 - - [01/Mar/2017:13:29:26 -0300] "GET /cormun/static/Resources/Spanish/PXTools.css?18365030 HTTP/1.1" 304 -
186.67.172.234 - - [01/Mar/2017:13:29:26 -0300] "GET /cormun/static/hpexe_link.js?201612218515532 HTTP/1.1" 304 -
186.67.172.234 - - [01/Mar/2017:13:29:27 -0300] "GET /cormun/servlet/hhome HTTP/1.1" 200 4023
186.67.172.234 - - [01/Mar/2017:13:29:27 -0300] "GET /cormun/static/gxcfg.js?201612218515568 HTTP/1.1" 304 -
186.67.172.234 - - [01/Mar/2017:13:29:27 -0300] "GET /cormun/static/hpexe_recentlink.js?201610171694390 HTTP/1.1" 304 -
186.67.172.234 - - [01/Mar/2017:13:29:27 -0300] "GET /cormun/static/hwchdr01.js?201612218432057 HTTP/1.1" 304 -
186.67.172.234 - - [01/Mar/2017:13:29:27 -0300] "GET /cormun/static/hhome.js?201612218515573 HTTP/1.1" 304 -
186.67.172.234 - - [01/Mar/2017:13:29:27 -0300] "GET /cormun/static/hpexe_scripts.js?201612218432016 HTTP/1.1" 304 -
186.67.172.234 - - [01/Mar/2017:13:29:27 -0300] "GET /cormun/static/hpexe_messagepopupcomponent.js?20161017169425 HTTP/1.1" 304 -
186.67.172.234 - - [01/Mar/2017:13:29:27 -0300] "GET /cormun/static/hpexe_messagegenexuscomponent.js?201612218431816 HTTP/1.1" 304 -
186.67.172.234 - - [01/Mar/2017:13:29:27 -0300] "GET /cormun/static/hpexe_messagecontroller.js?201610171694323 HTTP/1.1" 304 -
186.67.172.234 - - [01/Mar/2017:13:29:27 -0300] "GET /cormun/static/cmcontrolpreferences.js?201612218431999 HTTP/1.1" 304 -
186.67.172.234 - - [01/Mar/2017:13:29:27 -0300] "GET /cormun/static/hmpwkw03.js?20161221852152 HTTP/1.1" 304 -
186.67.172.234 - - [01/Mar/2017:13:29:27 -0300] "GET /cormun/servlet/hhome HTTP/1.1" 200 4020
192.168.10.99 - - [01/Mar/2017:13:29:32 -0300] "POST /cormun/servlet/hlogin?3600789346d1d6e76c5fd78a6e0978d1,gx-no-cache=1488389058414 HTTP/1.1" 200 458
186.67.172.234 - - [01/Mar/2017:13:29:36 -0300] "GET /cormun/servlet/trsolicitudot? HTTP/1.1" 200 6994
186.67.172.234 - - [01/Mar/2017:13:29:36 -0300] "GET /cormun/static/gxcfg.js?20171191044697 HTTP/1.1" 304 -
186.67.172.234 - - [01/Mar/2017:13:29:36 -0300] "GET /cormun/servlet/trsolicitudot? HTTP/1.1" 200 6994
186.67.172.234 - - [01/Mar/2017:13:29:39 -0300] "GET /cormun/servlet/solicitudot?INS,0,0, HTTP/1.1" 200 12816
186.67.172.234 - - [01/Mar/2017:13:29:39 -0300] "GET /cormun/static/gxcfg.js?20171191042720 HTTP/1.1" 304 -
186.67.172.234 - - [01/Mar/2017:13:29:39 -0300] "GET /cormun/servlet/solicitudot?INS,0,0, HTTP/1.1" 200 12821
192.168.10.99 - - [01/Mar/2017:13:29:44 -0300] "POST /cormun/servlet/hlogin?3600789346d1d6e76c5fd78a6e0978d1,gx-no-cache=1488389071125 HTTP/1.1" 200 90
192.168.10.99 - - [01/Mar/2017:13:29:44 -0300] "GET /cormun/servlet/hpexe_link HTTP/1.1" 200 970
192.168.10.99 - - [01/Mar/2017:13:29:45 -0300] "GET /cormun/servlet/securityusers?UPD,3838, HTTP/1.1" 200 7314
192.168.10.99 - - [01/Mar/2017:13:29:45 -0300] "GET /cormun/servlet/securityusers?UPD,3838, HTTP/1.1" 200 7312
186.67.172.234 - - [01/Mar/2017:13:29:52 -0300] "POST /cormun/servlet/solicitudot?gx-no-cache=1488385871741 HTTP/1.1" 200 3081
186.67.172.234 - - [01/Mar/2017:13:29:53 -0300] "POST /cormun/servlet/solicitudot?2a6fade2f5844a3b787c555adcb67b64,INS,0,0,,gx-no-cache=1488385871853 HTTP/1.1" 200 9862
192.168.10.99 - - [01/Mar/2017:13:29:57 -0300] "POST /cormun/servlet/securityusers?3600789346d1d6e76c5fd78a6e0978d1,UPD,3838,,gx-no-cache=1488389083680 HTTP/1.1" 200 93
192.168.10.99 - - [01/Mar/2017:13:29:57 -0300] "GET /cormun/servlet/hpexe_return? HTTP/1.1" 200 1032
192.168.10.99 - - [01/Mar/2017:13:29:57 -0300] "GET /cormun/servlet/trsecurityuser01?gx-no-cache=1488389025968 HTTP/1.1" 200 7159
186.67.172.234 - - [01/Mar/2017:13:29:57 -0300] "GET /cormun/servlet/solicitudot?261ecb3550ce5a0c3ea532deebc479aa80cf2ac09e36e33b4eec0877ec5a0794a9ec3a6bcfa792abac54456d9d9cb47d,gx-no-cache=1488385876749 HTTP/1.1" 200 30
192.168.10.99 - - [01/Mar/2017:13:29:58 -0300] "GET /cormun/servlet/trsecurityuser01?gx-no-cache=1488389025968 HTTP/1.1" 200 7178
192.168.10.99 - - [01/Mar/2017:13:30:00 -0300] "GET /cormun/servlet/hlogin HTTP/1.1" 200 1763
192.168.10.99 - - [01/Mar/2017:13:30:10 -0300] "POST /cormun/servlet/hlogin?3600789346d1d6e76c5fd78a6e0978d1,gx-no-cache=1488389097119 HTTP/1.1" 200 473
192.168.10.99 - - [01/Mar/2017:13:30:27 -0300] "POST /cormun/servlet/hlogin?3600789346d1d6e76c5fd78a6e0978d1,gx-no-cache=1488389113716 HTTP/1.1" 200 90
192.168.10.99 - - [01/Mar/2017:13:30:27 -0300] "GET /cormun/servlet/hpexe_link HTTP/1.1" 200 954
192.168.10.99 - - [01/Mar/2017:13:30:27 -0300] "GET /cormun/servlet/hhome HTTP/1.1" 200 3784
192.168.10.99 - - [01/Mar/2017:13:30:28 -0300] "GET /cormun/servlet/hhome HTTP/1.1" 200 3780
192.168.10.99 - - [01/Mar/2017:13:30:57 -0300] "GET /cormun/servlet/hlogin HTTP/1.1" 200 1733
186.103.156.211 - - [01/Mar/2017:13:31:08 -0300] "POST /cormun/servlet/solicitudot?gx-no-cache=1488386194703 HTTP/1.1" 200 297
186.103.156.211 - - [01/Mar/2017:13:31:08 -0300] "GET /cormun/servlet/solicitudot?4451eee4298a3ffd1d68fea5a66e296a7941934d7c2476e95c07f3fbff04e0e7c438350b512d064bfc9573501e97f40c4b19c2a1ce98fc0c522a2f4b10ddda114b3411bbe52e7005eb84bb4f9e46b997906c113de930f0129aa453b97955583af9b4bfb41d5c87a71d76530be284240c7f1b3b2a5d017997fbde34bec1dcb927f39dfe8776097eed3b2c17f4ca62e13d59c91ac28d9527a3fc66a3736775de3cc31083121a2607ccf7f2228d1793cff630804071b046619168371b6c812b86c921ee92afa58dd8509798f53dc12bad9e314deccaa12d03f2751a2e1d0c2f46b965227dc2332a1d4ef2b1a75560f20090ee5eb1fbdf536d1c26c159819d3ce934921ed12573f4beeeda3fada8ce94ee1024c840f9e19da817feff9f545a4c750bb1f42b4bf2b75785119e1e15aeb4c2e79a09f244a3c15c64ef7fb3ca29743e1cade4b28cbedbb28a3bc0589f20576c29fc519415a94bbd421a83e83c2163bc2053901c0fab87a2dc381575d722ef518cdbe01f1cbafc22a8c2342d8b3e12b077bd614dac85af00213ba0a82b91cf4e55,gx-no-cache=1488386194814 HTTP/1.1" 200 30
186.79.17.148 - - [01/Mar/2017:13:31:31 -0300] "POST /cormun/servlet/solicitudot?gx-no-cache=1488385829296 HTTP/1.1" 200 240
186.79.17.148 - - [01/Mar/2017:13:31:31 -0300] "GET /cormun/servlet/solicitudot?695634c2b4121319f95aa4f2b6a462712d0e4a044f87e98b8d5fe96777c4a274ae2e98120de4fe63ab20dda321afaf80278828a724801b52915026dfcd68f4bf5c433275c4d5dca2111179ac3329750a0d90c931ad457b9e6e6ccdaac09198d7627ca51864df9df95f59221e946d9ec2cad10fb155d3a8d2617d0ac1cfb580607bba93d9b8c8e0ff5046768f25978b3582c1083c875fff583c400bc476b593edc7c7578c67045ff5111312e0d0a19079ce969520355644b05070c8a194c3f0b28b765e6e8cc0f7e5604dcb2332840edb8a0c69133cc9e9d7b6637aae5ac3404b6434effef034d45262a042208a164b4bbb9f920bc4fe20a97c006d8955139a754adcf919e93b8d606d388de567eac2d6621d57c93bf064cae70c884085c4aef41d5ce6d8d2818d550651aa8cd9fa229d873f94ae4a41d4c4967e7cd08f3891f311dd26b7aa1dcc9c80f6646cb7af5ddf013eedcf98635754d6283aa136de7f2deb87f67732ba3966fdceee66ddf2cd64d5ab92311fe4efdac213308312211c05,gx-no-cache=1488385829510 HTTP/1.1" 200 30
186.79.17.148 - - [01/Mar/2017:13:31:32 -0300] "POST /cormun/servlet/solicitudot?gx-no-cache=1488385829607 HTTP/1.1" 200 30
186.79.17.148 - - [01/Mar/2017:13:31:32 -0300] "POST /cormun/servlet/solicitudot?gx-no-cache=1488385829746 HTTP/1.1" 200 1291
186.79.17.148 - - [01/Mar/2017:13:31:32 -0300] "POST /cormun/servlet/solicitudot?gx-no-cache=1488385830015 HTTP/1.1" 200 41
186.79.17.148 - - [01/Mar/2017:13:31:32 -0300] "GET /cormun/servlet/solicitudot?695634c2b4121319f95aa4f2b6a4627133a3b8c061bb8a99f283aaf6fe14b11be2856ae1eb261cb06649d408aa05db481ab209612380bef6ed56764b644037ae3248b94fff93b661eaa88d271faf2705a6b1b0249950238bcbcee2d32355770ca7b8b2f1d921796e9f09a4e64046693f8ff641f10026229121771a45acced535f666cdf843e17e961cb799313f9066a19dac8fe58a76d224089a86a220262b6c,gx-no-cache=1488385830146 HTTP/1.1" 200 29
186.79.17.148 - - [01/Mar/2017:13:31:32 -0300] "POST /cormun/servlet/solicitudot?gx-no-cache=1488385830234 HTTP/1.1" 200 1274
186.67.172.234 - - [01/Mar/2017:13:31:32 -0300] "POST /cormun/servlet/solicitudot?gx-no-cache=1488385971716 HTTP/1.1" 200 255
186.79.17.148 - - [01/Mar/2017:13:31:32 -0300] "POST /cormun/servlet/solicitudot?gx-no-cache=1488385830467 HTTP/1.1" 200 1157
186.79.17.148 - - [01/Mar/2017:13:31:33 -0300] "GET /cormun/servlet/solicitudot?695634c2b4121319f95aa4f2b6a4627168da47eb880a3af0a1366be394af3ac99a01a2ae0648fa4e5ca26fd311bc927345f688d50d8363b918c95798f0c07cc9dabc4a3635f8e383504aa7e4bc2062088f78474937468dc3a12ebb54951d4b04bdd30fe20f9560cc1396ae3f50b439593c5cf2da589ad9602e4159b44526f7590e84b4264341bfb885525a53cdc747da6dafb2e3b765a403f6213e207ccf42acd0e19a229cfaf066c844bdc8901ce74b2a582897abfc5eab7a1f9069cd44eae3,gx-no-cache=1488385830701 HTTP/1.1" 200 32
186.79.17.148 - - [01/Mar/2017:13:31:33 -0300] "POST /cormun/servlet/solicitudot?0e156c50288d8130f4f7e48aeb68b038,UPD,2017,4931,,gx-no-cache=1488385830849 HTTP/1.1" 200 93
186.79.17.148 - - [01/Mar/2017:13:31:33 -0300] "GET /cormun/servlet/hpexe_return? HTTP/1.1" 200 1013
186.79.17.148 - - [01/Mar/2017:13:31:34 -0300] "GET /cormun/servlet/trsolicitudot HTTP/1.1" 200 8072
186.67.172.234 - - [01/Mar/2017:13:31:34 -0300] "GET /cormun/servlet/solicitudot?261ecb3550ce5a0c3ea532deebc479aaf62eaa45008eeb7619993616edb5ae3b54a8cc28068e6c53f9f813a663807bdf71e80c431b4c5a39edb42e1890415b4cba6e2023b826b91e22bac92e076b1d4c46f6e71c5c1936c8ce39552c911824d40ee50cc082ec4235a8d37315c964233baf45c1292eed09d2a7b406e0e59a07e9e0661e2fe11224476c84ae6f66ffa63a109bcf3deabdfb0a333309a8b3723b537802c338c5c5fbc7bd51dfb7b2f83ad92d831d0ea3816210d96ec49a95175587269ef7f829e511e973f3e438e722ddc46e0602c435092f3d27a1fee0df961b93cd0a22349f7e8d1d30b0fcd6c2932702d114e992a9c8fac948452545c52981a72a743bb8dafde567166db2c6d1d18b4cd08b7663ac12919fd06fc8b0c690791f8a8603da67aa7012a1959a88e4e2031fbced91d7baed4a1f55ff021d3ee188004969320d1076d13c796c08126747467979e2917988654c28714b6c94b1aec85cccb2b47518eef9dc9d632bcdc3d765e78325e69f670664f831b2f8d5ea57871e,gx-no-cache=1488385973445 HTTP/1.1" 200 30
186.79.17.148 - - [01/Mar/2017:13:31:36 -0300] "GET /cormun/servlet/trsolicitudot HTTP/1.1" 200 8068
186.79.17.148 - - [01/Mar/2017:13:31:43 -0300] "POST /cormun/servlet/trsolicitudot?0e156c50288d8130f4f7e48aeb68b038,gx-no-cache=1488385840621 HTTP/1.1" 200 4172
186.79.17.148 - - [01/Mar/2017:13:31:43 -0300] "GET /cormun/static/Shared/jqueryui/images/ui-bg_highlight-soft_100_c6c2c8_1x100.png HTTP/1.1" 404 1117
186.79.17.148 - - [01/Mar/2017:13:31:43 -0300] "GET /cormun/static/Shared/jqueryui/images/ui-icons_82798d_256x240.png HTTP/1.1" 404 1089
186.79.17.148 - - [01/Mar/2017:13:31:43 -0300] "GET /cormun/static/Shared/jqueryui/images/ui-bg_flat_55_fafafa_40x100.png HTTP/1.1" 404 1097
186.79.17.148 - - [01/Mar/2017:13:31:43 -0300] "GET /cormun/static/Shared/jqueryui/images/ui-icons_8d78a5_256x240.png HTTP/1.1" 404 1089
186.79.17.148 - - [01/Mar/2017:13:31:43 -0300] "POST /cormun/servlet/trsolicitudot?0e156c50288d8130f4f7e48aeb68b038,gx-no-cache=1488385841311 HTTP/1.1" 200 3925
186.79.41.237 - - [01/Mar/2017:13:31:44 -0300] "GET /cormun/servlet/hlogin HTTP/1.1" 200 1716
186.79.41.237 - - [01/Mar/2017:13:31:46 -0300] "POST /cormun/servlet/hlogin?5a57fa7382d8f0b6eecd8583adaaaee8,gx-no-cache=1488385979096 HTTP/1.1" 200 90
186.103.156.211 - - [01/Mar/2017:13:31:46 -0300] "POST /cormun/servlet/solicitudot?gx-no-cache=1488386237073 HTTP/1.1" 200 30
186.79.41.237 - - [01/Mar/2017:13:31:46 -0300] "GET /cormun/servlet/hpexe_link HTTP/1.1" 200 952
186.79.41.237 - - [01/Mar/2017:13:31:47 -0300] "GET /cormun/servlet/hhome HTTP/1.1" 200 3754
186.79.41.237 - - [01/Mar/2017:13:31:48 -0300] "GET /cormun/servlet/hhome HTTP/1.1" 200 3751
186.79.41.237 - - [01/Mar/2017:13:31:56 -0300] "GET /cormun/servlet/trcontratoobservacion? HTTP/1.1" 200 6381
186.79.41.237 - - [01/Mar/2017:13:31:56 -0300] "GET /cormun/static/gxcfg.js?20161221855213 HTTP/1.1" 200 953
186.103.156.211 - - [01/Mar/2017:13:32:03 -0300] "POST /cormun/servlet/solicitudot?gx-no-cache=1488386255780 HTTP/1.1" 200 235
186.103.156.211 - - [01/Mar/2017:13:32:03 -0300] "POST /cormun/servlet/solicitudot?gx-no-cache=1488386255847 HTTP/1.1" 200 38
186.79.41.237 - - [01/Mar/2017:13:32:05 -0300] "GET /cormun/static/trcontratoobservacion.js?20161221855487 HTTP/1.1" 200 25085
186.79.41.237 - - [01/Mar/2017:13:32:06 -0300] "GET /cormun/servlet/trcontratoobservacion? HTTP/1.1" 200 6380
192.168.10.89 - - [01/Mar/2017:13:32:18 -0300] "POST /cormun/servlet/hlogin?837e75ca32b67095435f9dd5be027a86,gx-no-cache=1488389224826 HTTP/1.1" 200 90
192.168.10.89 - - [01/Mar/2017:13:32:18 -0300] "GET /cormun/servlet/hpexe_link HTTP/1.1" 200 963
192.168.10.89 - - [01/Mar/2017:13:32:19 -0300] "GET /cormun/servlet/trsolicitudgral? HTTP/1.1" 200 9970
186.79.41.237 - - [01/Mar/2017:13:32:20 -0300] "GET /cormun/servlet/trsolicitudot? HTTP/1.1" 200 6685
186.79.41.237 - - [01/Mar/2017:13:32:20 -0300] "GET /cormun/static/gxcfg.js?20171191044697 HTTP/1.1" 200 953
186.79.41.237 - - [01/Mar/2017:13:32:29 -0300] "GET /cormun/static/trsolicitudot.js?20171191045625 HTTP/1.1" 200 53117
192.168.10.89 - - [01/Mar/2017:13:32:29 -0300] "POST /cormun/servlet/trsolicitudgral?837e75ca32b67095435f9dd5be027a86,,gx-no-cache=1488389235289 HTTP/1.1" 200 7783
186.103.159.187 - - [01/Mar/2017:13:32:34 -0300] "POST /cormun/servlet/solicitudot?gx-no-cache=1488386023406 HTTP/1.1" 200 1292
186.103.159.187 - - [01/Mar/2017:13:32:34 -0300] "POST /cormun/servlet/solicitudot?gx-no-cache=1488386023516 HTTP/1.1" 200 38
186.103.159.187 - - [01/Mar/2017:13:32:34 -0300] "GET /cormun/servlet/solicitudot?3ace2ea7f33967abe8fb771d52824d5c2f341d29eddbc64ad8261632bc674bee08ce39c56f1775234163e36cae90a69debb91ca2b31ce8b97c0482c881732e0e748ab7d9c8e592c267a19ae7ecd97813c7617e3bde307b312f512e5630bbae2eecd49d827a13cfa608ed8a4a0bf8c39fddc11bf7f09b53e6640d8ecbe27c003bd115a59b07bbe98648bc94d18c3f12d3bffdcd7e9d81429b365857279db4e7d5,gx-no-cache=1488386023556 HTTP/1.1" 200 29
186.103.159.187 - - [01/Mar/2017:13:32:34 -0300] "POST /cormun/servlet/solicitudot?gx-no-cache=1488386023592 HTTP/1.1" 200 1275
186.103.159.187 - - [01/Mar/2017:13:32:34 -0300] "POST /cormun/servlet/solicitudot?gx-no-cache=1488386023644 HTTP/1.1" 200 1158
186.103.159.187 - - [01/Mar/2017:13:32:39 -0300] "POST /cormun/servlet/solicitudot?336cd1ddb4875f3e05c7f42045bd632f,INS,0,0,,gx-no-cache=1488386028470 HTTP/1.1" 200 93
186.103.159.187 - - [01/Mar/2017:13:32:39 -0300] "GET /cormun/servlet/hpexe_return? HTTP/1.1" 200 1005
186.103.159.187 - - [01/Mar/2017:13:32:40 -0300] "GET /cormun/servlet/trsolicitudot HTTP/1.1" 200 6673
186.103.159.187 - - [01/Mar/2017:13:32:41 -0300] "GET /cormun/servlet/trsolicitudot HTTP/1.1" 200 6669
186.103.159.187 - - [01/Mar/2017:13:32:43 -0300] "GET /cormun/servlet/solicitudot?INS,0,0, HTTP/1.1" 200 12543
186.103.159.187 - - [01/Mar/2017:13:32:44 -0300] "GET /cormun/servlet/solicitudot?INS,0,0, HTTP/1.1" 200 12548
186.103.159.187 - - [01/Mar/2017:13:32:56 -0300] "POST /cormun/servlet/solicitudot?gx-no-cache=1488386045283 HTTP/1.1" 200 3165
186.103.159.187 - - [01/Mar/2017:13:32:57 -0300] "POST /cormun/servlet/solicitudot?336cd1ddb4875f3e05c7f42045bd632f,INS,0,0,,gx-no-cache=1488386045909 HTTP/1.1" 200 9786
186.103.159.187 - - [01/Mar/2017:13:33:00 -0300] "GET /cormun/servlet/solicitudot?3ace2ea7f33967abe8fb771d52824d5cb931c328017e2560ed232b5601b6fa709fe58e6e488b0a6ffc72dca4fc4d1e87,gx-no-cache=1488386048921 HTTP/1.1" 200 30
186.103.159.187 - - [01/Mar/2017:13:33:00 -0300] "POST /cormun/servlet/solicitudot?gx-no-cache=1488386049020 HTTP/1.1" 200 297
186.103.159.187 - - [01/Mar/2017:13:33:00 -0300] "GET /cormun/servlet/solicitudot?3ace2ea7f33967abe8fb771d52824d5cceb6b55c251d93173e0a12c07b4c7cc9e4073a6f48da5976ebaa43ef079a671273429f724e25d285a72d991cd322341b7bdb4278963630efcbc95bb7e87dd8ef8285dcea71abed761e424e04146dbd4d1b75a4b6d51d2a98dcc8e4bdc4eccebada12ee57c80e9240d63dc83caa88aaf77804dd15d8cea6b8e1fc9e6639ab661db71ff4736da379a8d714bacc237ac59cc2cae8c10e630cde5d3201ca978d3f0bb525f28077523c55f25223ccaf32cce25d6ce1eb6be526a77130fb6306f2e2289f635d785ed1b5f924b562affc82d0bc61fb5087266b4c08d26c1e01187d1433defa4a3423ae433fc0fe8180b211ffbc0be1b36a14f3605536642cb9b4027eb6d17fec88f0d37296bd094eb8335f579a83252a16693fd7e76835e98952816f2c20257d1fcfcb8096a3d07a8a419f8cc70dd1b7d3f04ecfdf0e421a5fa04cea83c1daa489952a74795efda9074f53333739bbbc10817f77baea39041bafb5fe6c1348894fc55c2499cea894cc5f2f97a187bb2b78286b62282fa8cd817098c0c4,gx-no-cache=1488386049108 HTTP/1.1" 200 30
186.103.159.187 - - [01/Mar/2017:13:33:02 -0300] "POST /cormun/servlet/solicitudot?gx-no-cache=1488386050997 HTTP/1.1" 200 30
186.103.159.187 - - [01/Mar/2017:13:33:05 -0300] "POST /cormun/servlet/solicitudot?gx-no-cache=1488386054677 HTTP/1.1" 200 30
186.103.159.187 - - [01/Mar/2017:13:33:09 -0300] "POST /cormun/servlet/solicitudot?gx-no-cache=1488386058352 HTTP/1.1" 200 30
186.103.159.187 - - [01/Mar/2017:13:33:11 -0300] "GET /cormun/servlet/prsolicitudot?8459773,,,,,MD,,gxPopupLevel%3D0%3B HTTP/1.1" 200 6254
186.103.156.211 - - [01/Mar/2017:13:33:23 -0300] "GET /cormun/servlet/solicitudot?4451eee4298a3ffd1d68fea5a66e296a608a31fd2c8ec35cac1c1a04f6a709889e5614ec7a8e3d04ff819fa11ccaa266f7418461abb80aa78dee9aaea470232856e7ad8f7897a9a66f78e4d494899d4bf5ebd65b5d224ef1c4d75e643d900e4ebfe8008c0b31b9b72d51d9ca064156c2,gx-no-cache=1488386344914 HTTP/1.1" 200 29
186.103.156.211 - - [01/Mar/2017:13:33:23 -0300] "POST /cormun/servlet/solicitudot?gx-no-cache=1488386345036 HTTP/1.1" 200 643
186.103.156.211 - - [01/Mar/2017:13:33:23 -0300] "POST /cormun/servlet/solicitudot?gx-no-cache=1488386345100 HTTP/1.1" 200 518
186.103.159.187 - - [01/Mar/2017:13:33:24 -0300] "POST /cormun/servlet/solicitudot?gx-no-cache=1488386073638 HTTP/1.1" 200 1291
186.103.159.187 - - [01/Mar/2017:13:33:24 -0300] "POST /cormun/servlet/solicitudot?gx-no-cache=1488386073726 HTTP/1.1" 200 38
186.103.159.187 - - [01/Mar/2017:13:33:24 -0300] "GET /cormun/servlet/solicitudot?3ace2ea7f33967abe8fb771d52824d5c2f341d29eddbc64ad8261632bc674bee08ce39c56f1775234163e36cae90a69d8417f57b64fb4e06a43a4b75ad05279f3a946fa6eabbfcaac452f20952768ac8cf37a5e790fdd9c0f7332e1b1b45274f379365b8c1a6fb77d9f6a37557f63717,gx-no-cache=1488386073781 HTTP/1.1" 200 29
186.103.159.187 - - [01/Mar/2017:13:33:24 -0300] "POST /cormun/servlet/solicitudot?gx-no-cache=1488386073850 HTTP/1.1" 200 1274
186.103.159.187 - - [01/Mar/2017:13:33:25 -0300] "POST /cormun/servlet/solicitudot?gx-no-cache=1488386073900 HTTP/1.1" 200 1156
186.103.159.187 - - [01/Mar/2017:13:33:26 -0300] "GET /cormun/servlet/prcontratosol?8459773,,,,,MD,,gxPopupLevel%3D0%3B HTTP/1.1" 200 5886
186.103.159.187 - - [01/Mar/2017:13:33:35 -0300] "GET /cormun/servlet/prsolicitudot?8459773,,,,,MD,,gxPopupLevel%3D0%3B HTTP/1.1" 200 6254
186.103.159.187 - - [01/Mar/2017:13:33:56 -0300] "POST /cormun/servlet/solicitudot?gx-no-cache=1488386105500 HTTP/1.1" 200 1291
186.103.159.187 - - [01/Mar/2017:13:33:56 -0300] "POST /cormun/servlet/solicitudot?gx-no-cache=1488386105586 HTTP/1.1" 200 38
186.103.159.187 - - [01/Mar/2017:13:33:56 -0300] "POST /cormun/servlet/solicitudot?gx-no-cache=1488386105621 HTTP/1.1" 200 1274
186.103.159.187 - - [01/Mar/2017:13:33:56 -0300] "POST /cormun/servlet/solicitudot?gx-no-cache=1488386105700 HTTP/1.1" 200 1156
186.103.159.187 - - [01/Mar/2017:13:34:00 -0300] "GET /cormun/servlet/prcontratosol?8459773,,,,,MD,,gxPopupLevel%3D0%3B HTTP/1.1" 200 5886
186.103.159.187 - - [01/Mar/2017:13:34:10 -0300] "GET /cormun/servlet/prsolicitudot?8459773,,,,,MD,,gxPopupLevel%3D0%3B HTTP/1.1" 200 6254
186.103.159.187 - - [01/Mar/2017:13:34:16 -0300] "POST /cormun/servlet/solicitudot?gx-no-cache=1488386125312 HTTP/1.1" 200 1291
186.103.159.187 - - [01/Mar/2017:13:34:16 -0300] "POST /cormun/servlet/solicitudot?gx-no-cache=1488386125369 HTTP/1.1" 200 41
186.103.159.187 - - [01/Mar/2017:13:34:16 -0300] "POST /cormun/servlet/solicitudot?gx-no-cache=1488386125404 HTTP/1.1" 200 1274
186.103.159.187 - - [01/Mar/2017:13:34:16 -0300] "POST /cormun/servlet/solicitudot?gx-no-cache=1488386125454 HTTP/1.1" 200 1156
186.103.156.211 - - [01/Mar/2017:13:34:22 -0300] "GET /cormun/servlet/solicitudot?4451eee4298a3ffd1d68fea5a66e296a9143aea2f1ded535823d176a9efe06bdb18f8dca14db9a962e0a104e037e3915dd9c06b8f0ada095a679dd8d2e4e72b879faa3462e35700dc5e2af99a07fb0758b3bfdc13beca837b37f400ddfe71acc7760a013203cd799290384bb3def098c982150b380686bd840def3a5dfa1a120755d1471c95575e6f3529a854df120dfbc78dc3c6fa6e5ade06af4bca24d3608,gx-no-cache=1488386410657 HTTP/1.1" 200 30
186.103.159.187 - - [01/Mar/2017:13:34:23 -0300] "POST /cormun/servlet/solicitudot?336cd1ddb4875f3e05c7f42045bd632f,INS,0,0,,gx-no-cache=1488386132538 HTTP/1.1" 200 93
186.103.159.187 - - [01/Mar/2017:13:34:23 -0300] "GET /cormun/servlet/hpexe_return? HTTP/1.1" 200 1005
186.103.159.187 - - [01/Mar/2017:13:34:24 -0300] "GET /cormun/servlet/trsolicitudot HTTP/1.1" 200 6673
186.103.159.187 - - [01/Mar/2017:13:34:25 -0300] "GET /cormun/servlet/trsolicitudot HTTP/1.1" 200 6669
186.103.156.211 - - [01/Mar/2017:13:36:39 -0300] "POST /cormun/servlet/solicitudot?gx-no-cache=1488386562706 HTTP/1.1" 200 1157
186.67.172.234 - - [01/Mar/2017:13:37:10 -0300] "POST /cormun/servlet/solicitudot?gx-no-cache=1488386309684 HTTP/1.1" 200 240
186.67.172.234 - - [01/Mar/2017:13:37:15 -0300] "GET /cormun/servlet/solicitudot?261ecb3550ce5a0c3ea532deebc479aaf62eaa45008eeb7619993616edb5ae3b54d9e4dbcf868d7dc5e46697e59f195f71e80c431b4c5a39edb42e1890415b4cba6e2023b826b91e22bac92e076b1d4c46f6e71c5c1936c8ce39552c911824d40ee50cc082ec4235a8d37315c964233baf45c1292eed09d2a7b406e0e59a07e9e0661e2fe11224476c84ae6f66ffa63a109bcf3deabdfb0a333309a8b3723b537802c338c5c5fbc7bd51dfb7b2f83ad92d831d0ea3816210d96ec49a95175587269ef7f829e511e973f3e438e722ddc46e0602c435092f3d27a1fee0df961b93cd0a22349f7e8d1d30b0fcd6c2932702d114e992a9c8fac948452545c52981a72a743bb8dafde567166db2c6d1d18b4c2592a5582e2d34e84eb2bc3de0ca097dfcafa6112e4a0fdbf92d8a44bf27a9d48fef1821ee0326604fcf2f519ff69aceb7c69f14c5ed74007514d3cce2596fdb1ec56932c2dfffaa9c70c1115c60fa6b27d8c482f51de413c6320d5b94d1d86fab32c10dc59358bbbd9fbdff14b336be,gx-no-cache=1488386313988 HTTP/1.1" 200 30
186.67.172.234 - - [01/Mar/2017:13:37:39 -0300] "POST /cormun/servlet/solicitudot?gx-no-cache=1488386337930 HTTP/1.1" 200 30
186.103.156.211 - - [01/Mar/2017:13:38:22 -0300] "GET /cormun/servlet/trcontratoobservacion? HTTP/1.1" 200 5876
186.103.156.211 - - [01/Mar/2017:13:38:23 -0300] "GET /cormun/servlet/trcontratoobservacion? HTTP/1.1" 200 5870
186.103.156.211 - - [01/Mar/2017:13:38:37 -0300] "GET /cormun/servlet/trsolicitudot? HTTP/1.1" 200 6629
186.103.156.211 - - [01/Mar/2017:13:38:37 -0300] "GET /cormun/servlet/trsolicitudot? HTTP/1.1" 200 6629
186.103.159.187 - - [01/Mar/2017:13:38:37 -0300] "GET /cormun/servlet/hlogin HTTP/1.1" 200 1734
186.103.156.211 - - [01/Mar/2017:13:38:42 -0300] "GET /cormun/servlet/trvisualizadoreventos? HTTP/1.1" 200 6436
186.67.172.234 - - [01/Mar/2017:13:38:42 -0300] "POST /cormun/servlet/solicitudot?gx-no-cache=1488386401382 HTTP/1.1" 200 1291
186.103.156.211 - - [01/Mar/2017:13:38:42 -0300] "GET /cormun/servlet/trvisualizadoreventos? HTTP/1.1" 200 6436
186.103.156.211 - - [01/Mar/2017:13:38:45 -0300] "GET /cormun/servlet/trsolicitudot? HTTP/1.1" 200 6631
186.103.156.211 - - [01/Mar/2017:13:38:46 -0300] "GET /cormun/servlet/trsolicitudot? HTTP/1.1" 200 6630
186.103.159.187 - - [01/Mar/2017:13:38:48 -0300] "POST /cormun/servlet/hlogin?336cd1ddb4875f3e05c7f42045bd632f,gx-no-cache=1488386396922 HTTP/1.1" 200 446
186.67.172.234 - - [01/Mar/2017:13:38:49 -0300] "GET /cormun/servlet/prlicenciaspermisos?13776962,L,,MD,,gxPopupLevel%3D0%3B HTTP/1.1" 200 5725
186.67.172.234 - - [01/Mar/2017:13:38:49 -0300] "GET /cormun/static/gxcfg.js?2016122619302491 HTTP/1.1" 200 953
186.67.172.234 - - [01/Mar/2017:13:38:49 -0300] "GET /cormun/static/prlicenciaspermisos.js?2016122619302645 HTTP/1.1" 200 13363
186.103.159.187 - - [01/Mar/2017:13:38:54 -0300] "POST /cormun/servlet/hlogin?336cd1ddb4875f3e05c7f42045bd632f,gx-no-cache=1488386403224 HTTP/1.1" 200 90
186.103.159.187 - - [01/Mar/2017:13:38:54 -0300] "GET /cormun/servlet/hpexe_link HTTP/1.1" 200 953
186.103.159.187 - - [01/Mar/2017:13:38:54 -0300] "GET /cormun/servlet/hhome HTTP/1.1" 200 3945
186.103.159.187 - - [01/Mar/2017:13:38:55 -0300] "GET /cormun/servlet/hhome HTTP/1.1" 200 3941
186.103.159.187 - - [01/Mar/2017:13:38:59 -0300] "GET /cormun/servlet/trautorizarsolicitud? HTTP/1.1" 200 6856
186.103.159.187 - - [01/Mar/2017:13:39:00 -0300] "GET /cormun/servlet/trautorizarsolicitud? HTTP/1.1" 200 6856
186.103.156.211 - - [01/Mar/2017:13:39:05 -0300] "GET /cormun/servlet/trsolicitudot? HTTP/1.1" 200 6630
186.103.156.211 - - [01/Mar/2017:13:39:05 -0300] "GET /cormun/servlet/trsolicitudot? HTTP/1.1" 200 6630
186.67.172.234 - - [01/Mar/2017:13:39:10 -0300] "POST /cormun/servlet/solicitudot?gx-no-cache=1488386428910 HTTP/1.1" 200 41
186.103.156.211 - - [01/Mar/2017:13:39:11 -0300] "GET /cormun/servlet/solicitudot?INS,0,0, HTTP/1.1" 200 12516
186.103.156.211 - - [01/Mar/2017:13:39:12 -0300] "GET /cormun/servlet/solicitudot?INS,0,0, HTTP/1.1" 200 12521
186.103.159.187 - - [01/Mar/2017:13:39:23 -0300] "POST /cormun/servlet/trautorizarsolicitud?336cd1ddb4875f3e05c7f42045bd632f,,gx-no-cache=1488386432459 HTTP/1.1" 200 4107
186.103.159.187 - - [01/Mar/2017:13:39:31 -0300] "POST /cormun/servlet/trautorizarsolicitud?336cd1ddb4875f3e05c7f42045bd632f,,gx-no-cache=1488386440570 HTTP/1.1" 200 4109
186.103.159.187 - - [01/Mar/2017:13:39:36 -0300] "GET /cormun/servlet/hlogin HTTP/1.1" 200 1740
190.101.9.138 - - [01/Mar/2017:13:39:46 -0300] "POST /cormun/servlet/trautorizarsolicitud?5588b6f6e3027d1130dd0953962e058b,,gx-no-cache=1488386458516 HTTP/1.1" 200 115
190.101.9.138 - - [01/Mar/2017:13:39:46 -0300] "GET /cormun/servlet/solicitudotlog?INS,2017,4949,0,REC, HTTP/1.1" 200 5694
190.101.9.138 - - [01/Mar/2017:13:39:46 -0300] "GET /cormun/static/gxcfg.js?201612218471193 HTTP/1.1" 200 953
186.103.159.188 - - [01/Mar/2017:13:39:46 -0300] "GET /cormun/static/solicitudotlog.js?20161221847122 HTTP/1.1" 200 8925
186.103.159.188 - - [01/Mar/2017:13:39:46 -0300] "GET /cormun/servlet/solicitudotlog?INS,2017,4949,0,REC, HTTP/1.1" 200 5694
190.101.9.138 - - [01/Mar/2017:13:39:47 -0300] "GET /cormun/servlet/solicitudotlog?becc72edcf08bedede3335de6223311bc4234c799694da93bdd0407caab024805e43b94ad179a6ba7f6523726c4f98457df400e9b301d88cd73836c9288e57e47b4e5d42e47543977478ed0aa8186522de615918efa2e9a4e504da7ad0161d2a8b47cf801cf5686f840608f784ff5a2ec4bd71791e2fb5335e6a0ac39379069ecca57d0afea0d3dd4b3c0892a6517591a01575d902209b8a825c4c71fe6239f5,gx-no-cache=1488386459711 HTTP/1.1" 200 94
186.103.159.187 - - [01/Mar/2017:13:39:50 -0300] "POST /cormun/servlet/hlogin?336cd1ddb4875f3e05c7f42045bd632f,gx-no-cache=1488386459117 HTTP/1.1" 200 453
186.103.159.187 - - [01/Mar/2017:13:39:55 -0300] "POST /cormun/servlet/hlogin?336cd1ddb4875f3e05c7f42045bd632f,gx-no-cache=1488386464253 HTTP/1.1" 200 453
186.103.159.187 - - [01/Mar/2017:13:40:05 -0300] "POST /cormun/servlet/hlogin?336cd1ddb4875f3e05c7f42045bd632f,gx-no-cache=1488386474084 HTTP/1.1" 200 453
186.103.159.188 - - [01/Mar/2017:13:40:10 -0300] "POST /cormun/servlet/solicitudotlog?5588b6f6e3027d1130dd0953962e058b,INS,2017,4949,0,REC,,gx-no-cache=1488386482382 HTTP/1.1" 200 93
186.103.159.188 - - [01/Mar/2017:13:40:10 -0300] "GET /cormun/servlet/hpexe_return? HTTP/1.1" 200 1023
186.103.159.188 - - [01/Mar/2017:13:40:10 -0300] "GET /cormun/static/gxcfg.js?2016101716175148 HTTP/1.1" 200 953
186.103.159.188 - - [01/Mar/2017:13:40:10 -0300] "GET /cormun/static/hpexe_return.js?2016101716175153 HTTP/1.1" 200 1633
186.103.159.188 - - [01/Mar/2017:13:40:10 -0300] "GET /cormun/servlet/trautorizarsolicitud HTTP/1.1" 200 10537
186.103.159.188 - - [01/Mar/2017:13:40:11 -0300] "GET /cormun/servlet/trautorizarsolicitud HTTP/1.1" 200 10533
186.67.172.234 - - [01/Mar/2017:13:40:11 -0300] "GET /cormun/servlet/prfichaempleado?,MD,,gxPopupLevel%3D0%3B HTTP/1.1" 200 8896
186.67.172.234 - - [01/Mar/2017:13:40:11 -0300] "GET /cormun/static/gxcfg.js?2016102420561687 HTTP/1.1" 304 -
186.103.159.187 - - [01/Mar/2017:13:40:13 -0300] "POST /cormun/servlet/hlogin?336cd1ddb4875f3e05c7f42045bd632f,gx-no-cache=1488386482253 HTTP/1.1" 200 453
186.103.156.211 - - [01/Mar/2017:13:40:18 -0300] "POST /cormun/servlet/solicitudot?gx-no-cache=1488386478532 HTTP/1.1" 200 3182
186.103.156.211 - - [01/Mar/2017:13:40:18 -0300] "POST /cormun/servlet/solicitudot?6a9ed0b4b51554d415c62796e32d34a5,INS,0,0,,gx-no-cache=1488386479007 HTTP/1.1" 200 9772
186.103.159.187 - - [01/Mar/2017:13:40:23 -0300] "POST /cormun/servlet/hlogin?336cd1ddb4875f3e05c7f42045bd632f,gx-no-cache=1488386492782 HTTP/1.1" 200 453
186.103.159.187 - - [01/Mar/2017:13:40:27 -0300] "POST /cormun/servlet/hlogin?336cd1ddb4875f3e05c7f42045bd632f,gx-no-cache=1488386496453 HTTP/1.1" 200 453
186.103.159.187 - - [01/Mar/2017:13:40:28 -0300] "POST /cormun/servlet/hlogin?336cd1ddb4875f3e05c7f42045bd632f,gx-no-cache=1488386497566 HTTP/1.1" 200 452
186.103.159.187 - - [01/Mar/2017:13:40:28 -0300] "POST /cormun/servlet/hlogin?336cd1ddb4875f3e05c7f42045bd632f,gx-no-cache=1488386497748 HTTP/1.1" 200 452
186.103.156.211 - - [01/Mar/2017:13:40:31 -0300] "GET /cormun/servlet/solicitudot?4451eee4298a3ffd1d68fea5a66e296a0fdd2f16c9d6ee649bc6b703ddb2c80e776897f8075def9899d1429298b581e1,gx-no-cache=1488386493717 HTTP/1.1" 200 30
186.103.159.187 - - [01/Mar/2017:13:40:48 -0300] "GET /cormun/servlet/hlogin HTTP/1.1" 200 1725
186.103.159.187 - - [01/Mar/2017:13:40:51 -0300] "GET /cormun/servlet/hlogin HTTP/1.1" 200 1725
186.103.159.187 - - [01/Mar/2017:13:40:59 -0300] "POST /cormun/servlet/hlogin?336cd1ddb4875f3e05c7f42045bd632f,gx-no-cache=1488386527933 HTTP/1.1" 200 430
186.103.159.187 - - [01/Mar/2017:13:41:00 -0300] "POST /cormun/servlet/hlogin?336cd1ddb4875f3e05c7f42045bd632f,gx-no-cache=1488386529128 HTTP/1.1" 200 429
186.67.172.234 - - [01/Mar/2017:13:41:00 -0300] "GET /cormun/servlet/solicitudot?261ecb3550ce5a0c3ea532deebc479aa96caaa5c5a0ecf2a7a62cfd799a48f354a67be82dce58a02f747c956e33be4cd6936e4f5788feb89359349228f4d7fafce60997a269b935022cedff050d61adfb2fcad01a5696b7f0d9f6a7fc07570331c91d937c4293c58bf3c1ad4b5b329aa,gx-no-cache=1488386539337 HTTP/1.1" 200 29
186.67.172.234 - - [01/Mar/2017:13:41:00 -0300] "POST /cormun/servlet/solicitudot?gx-no-cache=1488386539384 HTTP/1.1" 200 1275
186.67.172.234 - - [01/Mar/2017:13:41:00 -0300] "POST /cormun/servlet/solicitudot?gx-no-cache=1488386539446 HTTP/1.1" 200 1158
186.67.172.234 - - [01/Mar/2017:13:41:00 -0300] "GET /cormun/static/menuarrow.gif HTTP/1.1" 404 1015
186.67.172.234 - - [01/Mar/2017:13:41:02 -0300] "POST /cormun/servlet/solicitudot?gx-no-cache=1488386541224 HTTP/1.1" 200 1275
186.67.172.234 - - [01/Mar/2017:13:41:02 -0300] "POST /cormun/servlet/solicitudot?gx-no-cache=1488386541282 HTTP/1.1" 200 1158
186.103.159.187 - - [01/Mar/2017:13:41:10 -0300] "POST /cormun/servlet/hlogin?336cd1ddb4875f3e05c7f42045bd632f,gx-no-cache=1488386538941 HTTP/1.1" 200 90
186.103.159.187 - - [01/Mar/2017:13:41:10 -0300] "GET /cormun/servlet/hpexe_link HTTP/1.1" 200 953
186.103.159.187 - - [01/Mar/2017:13:41:10 -0300] "GET /cormun/servlet/hhome HTTP/1.1" 200 3736
186.103.159.187 - - [01/Mar/2017:13:41:11 -0300] "GET /cormun/servlet/hhome HTTP/1.1" 200 3733
186.103.156.211 - - [01/Mar/2017:13:41:15 -0300] "POST /cormun/servlet/solicitudot?gx-no-cache=1488386542794 HTTP/1.1" 200 255
186.103.156.211 - - [01/Mar/2017:13:41:16 -0300] "GET /cormun/servlet/solicitudot?4451eee4298a3ffd1d68fea5a66e296a7941934d7c2476e95c07f3fbff04e0e7b2b78dcd173ea5c2cf7036a5d4750da84b19c2a1ce98fc0c522a2f4b10ddda114b3411bbe52e7005eb84bb4f9e46b997906c113de930f0129aa453b97955583af9b4bfb41d5c87a71d76530be284240c7f1b3b2a5d017997fbde34bec1dcb927f39dfe8776097eed3b2c17f4ca62e13d59c91ac28d9527a3fc66a3736775de3cc31083121a2607ccf7f2228d1793cff630804071b046619168371b6c812b86c921ee92afa58dd8509798f53dc12bad9e314deccaa12d03f2751a2e1d0c2f46b965227dc2332a1d4ef2b1a75560f200900a6d722468e00c6a747398181be1cfaf921ed12573f4beeeda3fada8ce94ee1097479ec82f1671ba5610541903d16767d8cfe4f1ebbba85ee12e23b9ca4c43c351db30b2fd543b85e0b3a017e510f3be0b55ad01f1c11366485ae0415b89eed7e879e7b62812ef7891b31d3944a35746733dbbf434c1ffa3ff8f8aeb57a61c233798301343f03c0dee39249be5126c58,gx-no-cache=1488386542899 HTTP/1.1" 200 30
186.103.159.187 - - [01/Mar/2017:13:41:18 -0300] "GET /cormun/servlet/trsolicitudot? HTTP/1.1" 200 6670
186.103.159.187 - - [01/Mar/2017:13:41:19 -0300] "GET /cormun/servlet/trsolicitudot? HTTP/1.1" 200 6669
186.103.156.211 - - [01/Mar/2017:13:41:20 -0300] "POST /cormun/servlet/solicitudot?gx-no-cache=1488386548458 HTTP/1.1" 200 30
186.103.159.187 - - [01/Mar/2017:13:41:22 -0300] "GET /cormun/servlet/solicitudot?INS,0,0, HTTP/1.1" 200 12544
186.103.159.187 - - [01/Mar/2017:13:41:23 -0300] "GET /cormun/servlet/solicitudot?INS,0,0, HTTP/1.1" 200 12549
186.103.159.187 - - [01/Mar/2017:13:41:26 -0300] "POST /cormun/servlet/solicitudot?336cd1ddb4875f3e05c7f42045bd632f,INS,0,0,,gx-no-cache=1488386554743 HTTP/1.1" 200 93
186.103.159.187 - - [01/Mar/2017:13:41:26 -0300] "GET /cormun/servlet/hpexe_return? HTTP/1.1" 200 1005
186.103.159.187 - - [01/Mar/2017:13:41:26 -0300] "GET /cormun/servlet/trsolicitudot HTTP/1.1" 200 6673
186.103.159.187 - - [01/Mar/2017:13:41:27 -0300] "GET /cormun/servlet/trsolicitudot HTTP/1.1" 200 6669
186.103.159.187 - - [01/Mar/2017:13:41:30 -0300] "POST /cormun/servlet/trsolicitudot?336cd1ddb4875f3e05c7f42045bd632f,gx-no-cache=1488386559635 HTTP/1.1" 200 3953
186.103.156.211 - - [01/Mar/2017:13:41:33 -0300] "POST /cormun/servlet/solicitudot?gx-no-cache=1488386562130 HTTP/1.1" 200 235
186.103.156.211 - - [01/Mar/2017:13:41:33 -0300] "POST /cormun/servlet/solicitudot?gx-no-cache=1488386562207 HTTP/1.1" 200 38
186.103.159.187 - - [01/Mar/2017:13:41:37 -0300] "GET /cormun/servlet/solicitudot?INS,0,0, HTTP/1.1" 200 12544
186.103.159.187 - - [01/Mar/2017:13:41:38 -0300] "GET /cormun/servlet/solicitudot?INS,0,0, HTTP/1.1" 200 12549
