192.168.10.89 - - [01/Mar/2017:16:37:54 -0300] "POST /cormun/servlet/solicitudot?gx-no-cache=1488400360975 HTTP/1.1" 200 30
186.79.41.237 - - [01/Mar/2017:16:37:55 -0300] "POST /cormun/servlet/solicitudot?gx-no-cache=1488397143626 HTTP/1.1" 200 3191
186.79.41.237 - - [01/Mar/2017:16:37:56 -0300] "POST /cormun/servlet/solicitudot?4b0de1452a422c9e3e07ba425400fb6e,INS,0,0,,gx-no-cache=1488397144497 HTTP/1.1" 200 9979
192.168.10.89 - - [01/Mar/2017:16:37:58 -0300] "POST /cormun/servlet/solicitudot?gx-no-cache=1488400365018 HTTP/1.1" 200 1290
192.168.10.89 - - [01/Mar/2017:16:37:58 -0300] "POST /cormun/servlet/solicitudot?gx-no-cache=1488400365090 HTTP/1.1" 200 41
192.168.10.89 - - [01/Mar/2017:16:38:04 -0300] "GET /cormun/servlet/solicitudot?e8b0b31549436c50601e20054f75a84a491bcf941b206b70d6897a11643a5662a88fdd73d369e2121ea5012872b982f27c13b9a8641c236a6df708c0f19e72a9e3f7ddd9d1208b048009a4f8fc028bd1b5147f159b8d01748ef41089b1528b64f7b7a393a056f10af261b66d2f0ccf2610f7f742b02cc7b58a79bbb7468bad5d16c4800624a5449c2c0dd15ba2e9a82d117d2f6d96c88d665943d44a1218bf8d,gx-no-cache=1488400370569 HTTP/1.1" 200 29
192.168.10.89 - - [01/Mar/2017:16:38:04 -0300] "POST /cormun/servlet/solicitudot?gx-no-cache=1488400370632 HTTP/1.1" 200 1274
186.79.41.237 - - [01/Mar/2017:16:38:04 -0300] "GET /cormun/servlet/solicitudot?8806f5743c2866d85edd96b7fa3e32d67e65a60a03520e48c9849b302a8b07f18528ef41ca78fb186d335ab3a572cf19,gx-no-cache=1488397152880 HTTP/1.1" 200 30
192.168.10.89 - - [01/Mar/2017:16:38:04 -0300] "POST /cormun/servlet/solicitudot?gx-no-cache=1488400370895 HTTP/1.1" 200 1157
186.79.41.237 - - [01/Mar/2017:16:38:04 -0300] "POST /cormun/servlet/solicitudot?gx-no-cache=1488397153069 HTTP/1.1" 200 297
186.79.41.237 - - [01/Mar/2017:16:38:05 -0300] "GET /cormun/servlet/solicitudot?8806f5743c2866d85edd96b7fa3e32d62ad9506804a6434a5665d276ef2880acfe7220827bd60da7e6156746e5e9f6596013936879d150d880266aeaa87a9d10d938ee19f68400520e7b4fe6c00266c586e307fc750d7d2daa7a8d71d4faac632735420c4fb789138bef64b64a4bb4c276fdeaa5b04863743f69e2c1bd31d23a36898472d07ba61e006ef3d3b8ce5551b5fac970d6f607b6672886bdc537cc1bf2ed5ea8eab532cde37628568296b2674f8f2ceffd78cdd668e8f8336807b928d4f920c574e95f5691b62f15e0fa4b2c0661b627b7865290dc52e2c95823ddea2b31a187db9b39ab38937987b488cf3d94f27cfe0814e122a48757c123935f88cff22914aac282877c813bc3216df6f2c7a0bb605a711923e7aa1906feb312c93a7d137defa814e891676847954dd8e91771bdca07898fc75983ca97ddd53a69cdef0dc2e15dc66d1627c3b7ba4201ec32d34df12990ba67e95419cef44e0852875609d3f3abd014a51fc23eedbeca49b08dba13194133e073297bd91f68486381cd178bed7897d656abf4e6ef24db35,gx-no-cache=1488397153451 HTTP/1.1" 200 30
200.86.95.220 - - [01/Mar/2017:16:38:08 -0300] "POST /cormun/servlet/hlogin?173b542e7ab2203fc8eb3a9188249124,gx-no-cache=1488397160861 HTTP/1.1" 200 90
200.86.95.220 - - [01/Mar/2017:16:38:08 -0300] "GET /cormun/servlet/hpexe_link HTTP/1.1" 200 953
200.86.95.220 - - [01/Mar/2017:16:38:08 -0300] "GET /cormun/servlet/hhome HTTP/1.1" 200 3761
186.79.41.237 - - [01/Mar/2017:16:38:09 -0300] "POST /cormun/servlet/solicitudot?gx-no-cache=1488397157444 HTTP/1.1" 200 30
200.86.95.220 - - [01/Mar/2017:16:38:10 -0300] "GET /cormun/servlet/hhome HTTP/1.1" 200 3758
200.86.95.220 - - [01/Mar/2017:16:38:13 -0300] "GET /cormun/servlet/trsolicitudot? HTTP/1.1" 200 6721
186.79.41.237 - - [01/Mar/2017:16:38:14 -0300] "POST /cormun/servlet/solicitudot?gx-no-cache=1488397162351 HTTP/1.1" 200 235
200.86.95.220 - - [01/Mar/2017:16:38:14 -0300] "GET /cormun/servlet/trsolicitudot? HTTP/1.1" 200 6720
186.79.41.237 - - [01/Mar/2017:16:38:14 -0300] "POST /cormun/servlet/solicitudot?gx-no-cache=1488397162726 HTTP/1.1" 200 38
192.168.10.89 - - [01/Mar/2017:16:38:19 -0300] "GET /cormun/servlet/solicitudot?e8b0b31549436c50601e20054f75a84aa30abc3502abcfa80b049ae6ebaace11128d201ade452bae36c10e3bf5e0aa19e014758b21584155449a1dbdfea5c04a6b427aa0040fe1744ff9ca16307fd8f6f0d4a0454ec00fe29625c1f29933fbad637c06da9bef9c2408d8e8eaab7cf12e10f7f742b02cc7b58a79bbb7468bad5d7c50dc6422ad98811fbdf40fff267de11abd97c40d54a85ce5d3898558cffe5ecdb09560dc3230e17a2e707d4b89e956,gx-no-cache=1488400385956 HTTP/1.1" 200 30
200.86.95.220 - - [01/Mar/2017:16:38:24 -0300] "GET /cormun/servlet/solicitudot?INS,0,0, HTTP/1.1" 200 12561
192.168.10.89 - - [01/Mar/2017:16:38:24 -0300] "POST /cormun/servlet/solicitudot?4c09c947ad57f77880682ecfaab0c69f,UPD,2017,3072,,gx-no-cache=1488400390257 HTTP/1.1" 200 93
192.168.10.89 - - [01/Mar/2017:16:38:24 -0300] "GET /cormun/servlet/hpexe_return? HTTP/1.1" 200 1005
200.86.95.220 - - [01/Mar/2017:16:38:25 -0300] "GET /cormun/servlet/solicitudot?INS,0,0, HTTP/1.1" 200 12565
192.168.10.89 - - [01/Mar/2017:16:38:25 -0300] "GET /cormun/servlet/trsolicitudot HTTP/1.1" 200 8246
192.168.10.89 - - [01/Mar/2017:16:38:29 -0300] "GET /cormun/servlet/solicitudot?INS,0,0, HTTP/1.1" 200 12753
186.79.41.237 - - [01/Mar/2017:16:38:33 -0300] "GET /cormun/servlet/solicitudot?8806f5743c2866d85edd96b7fa3e32d67b98dd594e6fea9174a4fe61af5f477f53cb8b3c8076dd3239f429fb3945ab012a62e52155487e11eb3e94dbeb7c2995d11bc0a31c8e36bbf6b1f9ace2160658e13742f09bc17df7d9bc60582c17ce2851d2cc8ac5a0dd7e5b194e8c4d661bb0,gx-no-cache=1488397182009 HTTP/1.1" 200 29
186.79.41.237 - - [01/Mar/2017:16:38:34 -0300] "POST /cormun/servlet/solicitudot?gx-no-cache=1488397182220 HTTP/1.1" 200 641
186.79.41.237 - - [01/Mar/2017:16:38:34 -0300] "POST /cormun/servlet/solicitudot?gx-no-cache=1488397183087 HTTP/1.1" 200 518
200.86.95.220 - - [01/Mar/2017:16:38:35 -0300] "POST /cormun/servlet/solicitudot?gx-no-cache=1488397187701 HTTP/1.1" 200 3081
200.86.95.220 - - [01/Mar/2017:16:38:35 -0300] "POST /cormun/servlet/solicitudot?173b542e7ab2203fc8eb3a9188249124,INS,0,0,,gx-no-cache=1488397188020 HTTP/1.1" 200 9676
200.86.95.220 - - [01/Mar/2017:16:38:38 -0300] "GET /cormun/servlet/solicitudot?2a62f3926bb81ccf8d8de023fce4a213c02608b9062fc999647eaefd22380d1277d2c1dd8b040bb28bfa039a922a9d42,gx-no-cache=1488397191099 HTTP/1.1" 200 30
186.79.41.237 - - [01/Mar/2017:16:38:38 -0300] "GET /cormun/static/menuarrow.gif HTTP/1.1" 404 1015
192.168.10.89 - - [01/Mar/2017:16:38:38 -0300] "GET /cormun/servlet/prfichaempleado?,MD,,gxPopupLevel%3D0%3B HTTP/1.1" 200 8823
192.168.10.89 - - [01/Mar/2017:16:38:44 -0300] "POST /cormun/servlet/prfichaempleado?4c09c947ad57f77880682ecfaab0c69f,,MD,,gxPopupLevel%3D0%3B,gx-no-cache=1488400410809 HTTP/1.1" 200 3445
192.168.10.89 - - [01/Mar/2017:16:38:47 -0300] "POST /cormun/servlet/solicitudot?gx-no-cache=1488400413257 HTTP/1.1" 200 3189
192.168.10.89 - - [01/Mar/2017:16:38:47 -0300] "POST /cormun/servlet/solicitudot?4c09c947ad57f77880682ecfaab0c69f,INS,0,0,,gx-no-cache=1488400413504 HTTP/1.1" 200 9970
192.168.10.89 - - [01/Mar/2017:16:38:48 -0300] "GET /cormun/servlet/solicitudot?e8b0b31549436c50601e20054f75a84aaf8259e76a614ab1d8008b259c1984b5d822d1352bcb38499807a14d79e88fec,gx-no-cache=1488400415007 HTTP/1.1" 200 30
192.168.10.89 - - [01/Mar/2017:16:38:48 -0300] "POST /cormun/servlet/solicitudot?gx-no-cache=1488400415050 HTTP/1.1" 200 255
192.168.10.89 - - [01/Mar/2017:16:38:48 -0300] "GET /cormun/servlet/solicitudot?e8b0b31549436c50601e20054f75a84a51ea985f2d6f8e1b0201cb58fd416ccb189fc3b716ecaadd8ab33f5874f51d9401f84538c2ce40b829d4fe27753c2f3aba2c021b6709e27fc1481d74ab480df7a0b757d24a3fa276ac45df557d22e6ba141d1d5ca38e959f9b0c237f43ad965f2ec4c4c5f8649d7a24b82683cddaa3ff7a33c2ba58831ed2a5a14efaae86506a8a8424dfd62f052d55ab9cfc7ae03dceabfcee4dfde13742099c2c069bc1b49631258eaedca4eeb78c7277a95b3c422e5d99ab4bfd992fb4dfbb9594e81b7d420581b4894e73fd3ed4d740d7bd97e37314600c4bc5d6cf5f232122448976c66e97a6cd770db10077782557915d48e79478bce310c29172992d9bba36dfe7e6cea27d54db55d8afa567fe4d8e6d7a47b13c26921f8b4200814faaf5fb434a3218ad47787c56b078073c3c44530a334f5eee701bb5aea733be60eb3d99a625f97037d0d1dd6149e3689014b376b24981189c7c22fe64e6b39e1e33b7a8956750b6f783bc9bfc5e9f64ea21d61d7d9b0e2e,gx-no-cache=1488400415083 HTTP/1.1" 200 30
192.168.10.89 - - [01/Mar/2017:16:38:49 -0300] "POST /cormun/servlet/solicitudot?gx-no-cache=1488400416069 HTTP/1.1" 200 30
192.168.10.89 - - [01/Mar/2017:16:38:52 -0300] "POST /cormun/servlet/solicitudot?gx-no-cache=1488400419087 HTTP/1.1" 200 1291
192.168.10.89 - - [01/Mar/2017:16:38:53 -0300] "POST /cormun/servlet/solicitudot?gx-no-cache=1488400419226 HTTP/1.1" 200 38
186.79.41.237 - - [01/Mar/2017:16:39:01 -0300] "GET /cormun/servlet/solicitudot?8806f5743c2866d85edd96b7fa3e32d6a0c7c3b77f1c9a41868c43cba269375f56146f8adfcfbb510d5ce0000411137365e84ddbfaaa47662073f8ab846e46ccd95bb3c1760f4c62181a8c20c85941d32321864119b5b96338dc8f142db54d0fba93437df6214ef1b23457f8bb82fe19606fc1cfcb81817c540987826815e1045c90de85c54863bac92e01ca05c9510ba24a168a9b303ccdb40057fb8bddb6851999088f1485fcee723cfea3a6057494,gx-no-cache=1488397210015 HTTP/1.1" 200 30
192.168.10.89 - - [01/Mar/2017:16:39:07 -0300] "GET /cormun/servlet/solicitudot?e8b0b31549436c50601e20054f75a84aefeb1809dc909da70da14ed2c990ea34c7568dff2d79db52c352b53f03344cb5772c026c7021a10373e1903541c9fdb8b53960e3086908fac722aea6e6a2629432faffbdb27fa9221240818d8aea0c93ecf9fa5e713b3bb1371b5eb569b02c514440aed0d6480fbbd9a38ea083e7aafbefc299eec4916ff5a50f3c8015bb663cc9930c811d5e3eb59f662a4abfe32822,gx-no-cache=1488400433646 HTTP/1.1" 200 29
192.168.10.89 - - [01/Mar/2017:16:39:07 -0300] "POST /cormun/servlet/solicitudot?gx-no-cache=1488400433672 HTTP/1.1" 200 1274
192.168.10.89 - - [01/Mar/2017:16:39:08 -0300] "POST /cormun/servlet/solicitudot?gx-no-cache=1488400434865 HTTP/1.1" 200 1158
192.168.10.89 - - [01/Mar/2017:16:39:13 -0300] "GET /cormun/servlet/solicitudot?e8b0b31549436c50601e20054f75a84a305ad85c4010a58e27eb5716a3ee000a29d8c6323fc73b9f93e85bbc57e5f96c8a1927d2bdf82a0bc986c107df30c89387f093167fc7120be44cfe67712859f52c0f9bd9b4359555b73e04fc3b4abe8092ddc6761e13a032e77b25905bdca6c181c402eace67fff4e1c90c62437b6355e84403c2351794ac73090a11bd19aea3fa3e58feebd832cccd3a831f69bd25be5bd29f093dbd5e57681661ff0ebe6ff4,gx-no-cache=1488400440046 HTTP/1.1" 200 30
192.168.10.89 - - [01/Mar/2017:16:39:18 -0300] "POST /cormun/servlet/solicitudot?4c09c947ad57f77880682ecfaab0c69f,INS,0,0,,gx-no-cache=1488400444227 HTTP/1.1" 200 93
192.168.10.89 - - [01/Mar/2017:16:39:18 -0300] "GET /cormun/servlet/hpexe_return? HTTP/1.1" 200 999
192.168.10.89 - - [01/Mar/2017:16:39:19 -0300] "GET /cormun/servlet/trsolicitudot HTTP/1.1" 200 8637
192.168.10.89 - - [01/Mar/2017:16:39:22 -0300] "GET /cormun/servlet/solicitudot?INS,0,0, HTTP/1.1" 200 12754
192.168.10.89 - - [01/Mar/2017:16:39:34 -0300] "GET /cormun/servlet/prfichaempleado?,MD,,gxPopupLevel%3D0%3B HTTP/1.1" 200 8823
200.86.95.220 - - [01/Mar/2017:16:39:37 -0300] "POST /cormun/servlet/solicitudot?gx-no-cache=1488397250391 HTTP/1.1" 200 255
192.168.10.89 - - [01/Mar/2017:16:39:40 -0300] "POST /cormun/servlet/prfichaempleado?4c09c947ad57f77880682ecfaab0c69f,,MD,,gxPopupLevel%3D0%3B,gx-no-cache=1488400466751 HTTP/1.1" 200 3389
192.168.10.89 - - [01/Mar/2017:16:39:46 -0300] "POST /cormun/servlet/solicitudot?gx-no-cache=1488400472645 HTTP/1.1" 200 3164
192.168.10.89 - - [01/Mar/2017:16:39:46 -0300] "POST /cormun/servlet/solicitudot?4c09c947ad57f77880682ecfaab0c69f,INS,0,0,,gx-no-cache=1488400472880 HTTP/1.1" 200 9930
192.168.10.89 - - [01/Mar/2017:16:39:48 -0300] "GET /cormun/servlet/solicitudot?e8b0b31549436c50601e20054f75a84aa4fee8cf57383177d753373bace94df5564446f10261e226453c495183e2dfdd,gx-no-cache=1488400474252 HTTP/1.1" 200 30
192.168.10.89 - - [01/Mar/2017:16:39:48 -0300] "POST /cormun/servlet/solicitudot?gx-no-cache=1488400474298 HTTP/1.1" 200 240
192.168.10.89 - - [01/Mar/2017:16:39:48 -0300] "GET /cormun/servlet/solicitudot?e8b0b31549436c50601e20054f75a84a51ea985f2d6f8e1b0201cb58fd416ccb7707428a3261be44d8c9243ef35fae2b01f84538c2ce40b829d4fe27753c2f3aba2c021b6709e27fc1481d74ab480df7a0b757d24a3fa276ac45df557d22e6ba141d1d5ca38e959f9b0c237f43ad965f2ec4c4c5f8649d7a24b82683cddaa3ff7a33c2ba58831ed2a5a14efaae86506a8a8424dfd62f052d55ab9cfc7ae03dceabfcee4dfde13742099c2c069bc1b49631258eaedca4eeb78c7277a95b3c422e5d99ab4bfd992fb4dfbb9594e81b7d420581b4894e73fd3ed4d740d7bd97e37314600c4bc5d6cf5f232122448976c66e97a6cd770db10077782557915d48e79478bce310c29172992d9bba36dfe7e6ce5cb0fd45d660ed77f68d242701f4ad4fd8cb04c0f92e23c1c6b6e15a75fc175ca0bd87c0b6a0f0931949383f84215f83e1f730beea1eef1227439796207eafcd21dcfd8dcad4fec83c105265987a50c43168d76ec645ab2247f98532a3674166b9d698d779d3bc736a95aeecbf8ec045,gx-no-cache=1488400474338 HTTP/1.1" 200 30
192.168.10.89 - - [01/Mar/2017:16:39:50 -0300] "POST /cormun/servlet/solicitudot?gx-no-cache=1488400476192 HTTP/1.1" 200 30
192.168.10.89 - - [01/Mar/2017:16:39:52 -0300] "GET /cormun/servlet/prsolicitudot?14200187,,,,,MD,,gxPopupLevel%3D0%3B HTTP/1.1" 200 5893
192.168.10.89 - - [01/Mar/2017:16:39:54 -0300] "POST /cormun/servlet/solicitudot?gx-no-cache=1488400480660 HTTP/1.1" 200 296
192.168.10.89 - - [01/Mar/2017:16:39:54 -0300] "POST /cormun/servlet/solicitudot?gx-no-cache=1488400480712 HTTP/1.1" 200 117
192.168.10.89 - - [01/Mar/2017:16:39:54 -0300] "GET /cormun/servlet/solicitudot?e8b0b31549436c50601e20054f75a84aefeb1809dc909da70da14ed2c990ea34c7568dff2d79db52c352b53f03344cb5772c026c7021a10373e1903541c9fdb8b53960e3086908fac722aea6e6a2629432faffbdb27fa9221240818d8aea0c93ecf9fa5e713b3bb1371b5eb569b02c514440aed0d6480fbbd9a38ea083e7aafbefc299eec4916ff5a50f3c8015bb663cc9930c811d5e3eb59f662a4abfe32822,gx-no-cache=1488400480745 HTTP/1.1" 200 29
192.168.10.89 - - [01/Mar/2017:16:39:54 -0300] "GET /cormun/servlet/solicitudot?e8b0b31549436c50601e20054f75a84a785d3cfee520504f8dbd4a1f299b7db94480e433a46c58741b769f5536fdf33d46d680f691422b3d0911e7827eb0aa0bf75a6d43047d15b520da893a52addded5af827d1b199b932cce8094aecdc6421996f10a4f7886eeb3a37093f426caef6834e9eee18a43247d992ceeea592150a87f093167fc7120be44cfe67712859f5c2e4769558627e5bcf6209894cc747c5,gx-no-cache=1488400480765 HTTP/1.1" 200 57
192.168.10.89 - - [01/Mar/2017:16:39:54 -0300] "GET /cormun/servlet/solicitudot?e8b0b31549436c50601e20054f75a84a460b2e35520c5266585dcee90efb55ce4480e433a46c58741b769f5536fdf33d46d680f691422b3d0911e7827eb0aa0b8d7cf456a7b18c7fb7ed953f6cf7021d1aad9eff62cce5ac6b448e792a068d6aaa7249eea6ea0892ca8ce5611d76437d822bf5415628541139e89997acd6cbee,gx-no-cache=1488400480786 HTTP/1.1" 200 57
192.168.10.89 - - [01/Mar/2017:16:39:54 -0300] "GET /cormun/static/Shared/jqueryui/images/ui-icons_ebccce_256x240.png HTTP/1.1" 404 1089
192.168.10.89 - - [01/Mar/2017:16:39:54 -0300] "GET /cormun/static/Shared/jqueryui/images/ui-icons_82798d_256x240.png HTTP/1.1" 404 1089
192.168.10.89 - - [01/Mar/2017:16:39:54 -0300] "GET /cormun/static/Shared/jqueryui/images/ui-bg_highlight-soft_100_c6c2c8_1x100.png HTTP/1.1" 404 1117
192.168.10.89 - - [01/Mar/2017:16:39:54 -0300] "GET /cormun/static/Shared/jqueryui/images/ui-bg_flat_55_994d53_40x100.png HTTP/1.1" 404 1097
192.168.10.89 - - [01/Mar/2017:16:39:58 -0300] "GET /cormun/servlet/prsolicitudot?14200187,,,,,MD,,gxPopupLevel%3D0%3B HTTP/1.1" 200 5893
192.168.10.89 - - [01/Mar/2017:16:40:01 -0300] "POST /cormun/servlet/solicitudot?gx-no-cache=1488400487911 HTTP/1.1" 200 296
192.168.10.89 - - [01/Mar/2017:16:40:01 -0300] "POST /cormun/servlet/solicitudot?gx-no-cache=1488400487951 HTTP/1.1" 200 121
192.168.10.89 - - [01/Mar/2017:16:40:01 -0300] "GET /cormun/servlet/solicitudot?e8b0b31549436c50601e20054f75a84a785d3cfee520504f8dbd4a1f299b7db94480e433a46c58741b769f5536fdf33d46d680f691422b3d0911e7827eb0aa0bf75a6d43047d15b520da893a52addded5af827d1b199b932cce8094aecdc6421996f10a4f7886eeb3a37093f426caef6834e9eee18a43247d992ceeea592150a87f093167fc7120be44cfe67712859f5c2e4769558627e5bcf6209894cc747c5,gx-no-cache=1488400487981 HTTP/1.1" 200 57
192.168.10.89 - - [01/Mar/2017:16:40:01 -0300] "GET /cormun/servlet/solicitudot?e8b0b31549436c50601e20054f75a84a460b2e35520c5266585dcee90efb55ce4480e433a46c58741b769f5536fdf33d46d680f691422b3d0911e7827eb0aa0b8d7cf456a7b18c7fb7ed953f6cf7021d1aad9eff62cce5ac6b448e792a068d6aaa7249eea6ea0892ca8ce5611d76437d822bf5415628541139e89997acd6cbee,gx-no-cache=1488400488004 HTTP/1.1" 200 57
200.86.95.220 - - [01/Mar/2017:16:40:03 -0300] "GET /cormun/servlet/solicitudot?2a62f3926bb81ccf8d8de023fce4a21348ff9d3e9cfa67ff2739305489da59ec32da63d166dc738c9f2d20b3f075ae7897279e75d08c900211fd04122ddfc5d18b511d80e714ba82e4508e8ac3e9736be9f788f22620af99df6a03d4a4862d176397bbe7ee738d24205c83de5ba2bd7262e33672703470ce4e8ecae90ebbf9a6a706ac51eff2097519f31d70b278f0b577c031066bed6f8cf1bd062c6518d0f0843e69a25667b001f17070f080dfaea80130545fe81ce5fee17bbeb8b506053ae117a576c9f992048d584044df4c5f29176f5873db6d9d80911d5fcead7d337accfb05532f44caf492757fc7826fe8e240089f7ee904654c1bc20ce4efdc4ea806daec2b5cf9a4c05133a7cb91704cdd511642868beaaf4b6a63ad34027550936ff64dc682cc342ebf611527ed542b04cbf1b648f77a3149545aaa9e965bff1b7f4274fe8e8dfd54f48fb7dcd1d94427453c371a8ea03b0647b4905d280a3558b0466a23cff530d930129370c46290e81a4339b99daedb0eb455cb504b61a0ca,gx-no-cache=1488397275797 HTTP/1.1" 200 30
200.86.95.220 - - [01/Mar/2017:16:40:08 -0300] "POST /cormun/servlet/solicitudot?gx-no-cache=1488397281547 HTTP/1.1" 200 30
200.86.95.220 - - [01/Mar/2017:16:40:10 -0300] "GET /cormun/servlet/prsolicitudot?17524956,,,,,MD,,gxPopupLevel%3D0%3B HTTP/1.1" 200 5933
192.168.10.89 - - [01/Mar/2017:16:40:14 -0300] "GET /cormun/servlet/prfichaempleado?,MD,,gxPopupLevel%3D0%3B HTTP/1.1" 200 8823
200.86.95.220 - - [01/Mar/2017:16:40:22 -0300] "POST /cormun/servlet/solicitudot?gx-no-cache=1488397295405 HTTP/1.1" 200 235
200.86.95.220 - - [01/Mar/2017:16:40:22 -0300] "POST /cormun/servlet/solicitudot?gx-no-cache=1488397295497 HTTP/1.1" 200 38
200.86.95.220 - - [01/Mar/2017:16:40:22 -0300] "GET /cormun/servlet/solicitudot?2a62f3926bb81ccf8d8de023fce4a21374d4799fd3c17e17b18c2cebb0147b004a173625aef98d782db73e40b20cfb84667dee1b89d61cb061b5ee89491cfd7528b951a464042eb10f37e8ddcf41b0b8eb332e0d53fda1d763a1f02b00c3ef6fb4efaebab438bc563823f474a6e6855c,gx-no-cache=1488397295589 HTTP/1.1" 200 29
200.86.95.220 - - [01/Mar/2017:16:40:22 -0300] "POST /cormun/servlet/solicitudot?gx-no-cache=1488397295647 HTTP/1.1" 200 643
200.86.95.220 - - [01/Mar/2017:16:40:22 -0300] "POST /cormun/servlet/solicitudot?gx-no-cache=1488397295733 HTTP/1.1" 200 518
192.168.10.89 - - [01/Mar/2017:16:40:23 -0300] "POST /cormun/servlet/prfichaempleado?4c09c947ad57f77880682ecfaab0c69f,,MD,,gxPopupLevel%3D0%3B,gx-no-cache=1488400509193 HTTP/1.1" 200 3494
192.168.10.89 - - [01/Mar/2017:16:40:27 -0300] "POST /cormun/servlet/solicitudot?gx-no-cache=1488400513943 HTTP/1.1" 200 1291
192.168.10.89 - - [01/Mar/2017:16:40:29 -0300] "GET /cormun/servlet/prlicenciaspermisos?8510071,L,,MD,,gxPopupLevel%3D0%3B HTTP/1.1" 200 5611
192.168.10.89 - - [01/Mar/2017:16:40:34 -0300] "POST /cormun/servlet/solicitudot?gx-no-cache=1488400520287 HTTP/1.1" 200 41
192.168.10.89 - - [01/Mar/2017:16:40:40 -0300] "GET /cormun/servlet/solicitudot?e8b0b31549436c50601e20054f75a84aefeb1809dc909da70da14ed2c990ea34c7568dff2d79db52c352b53f03344cb5772c026c7021a10373e1903541c9fdb8b53960e3086908fac722aea6e6a2629432faffbdb27fa9221240818d8aea0c93ecf9fa5e713b3bb1371b5eb569b02c514440aed0d6480fbbd9a38ea083e7aafbefc299eec4916ff5a50f3c8015bb663cc9930c811d5e3eb59f662a4abfe32822,gx-no-cache=1488400526866 HTTP/1.1" 200 29
186.79.41.237 - - [01/Mar/2017:16:40:40 -0300] "POST /cormun/servlet/solicitudot?gx-no-cache=1488397308766 HTTP/1.1" 200 1156
192.168.10.89 - - [01/Mar/2017:16:40:40 -0300] "POST /cormun/servlet/solicitudot?gx-no-cache=1488400526930 HTTP/1.1" 200 1273
192.168.10.89 - - [01/Mar/2017:16:40:41 -0300] "POST /cormun/servlet/solicitudot?gx-no-cache=1488400527496 HTTP/1.1" 200 1157
192.168.10.89 - - [01/Mar/2017:16:40:43 -0300] "GET /cormun/servlet/solicitudot?e8b0b31549436c50601e20054f75a84ad470dea05307db7005f3b9067765c8a6ffc721938566d42fef34daf0961dc40e938ee1d08154cfdecd63064439213faa8a1927d2bdf82a0bc986c107df30c89387f093167fc7120be44cfe67712859f52c0f9bd9b4359555b73e04fc3b4abe8092ddc6761e13a032e77b25905bdca6c181c402eace67fff4e1c90c62437b6355e84403c2351794ac73090a11bd19aea37bf4a701454009e821aac53422b3a3b267ca0370575ac47458628256b63602fd,gx-no-cache=1488400529518 HTTP/1.1" 200 30
192.168.10.89 - - [01/Mar/2017:16:40:49 -0300] "POST /cormun/servlet/solicitudot?4c09c947ad57f77880682ecfaab0c69f,INS,0,0,,gx-no-cache=1488400535856 HTTP/1.1" 200 93
192.168.10.89 - - [01/Mar/2017:16:40:49 -0300] "GET /cormun/servlet/hpexe_return? HTTP/1.1" 200 999
192.168.10.89 - - [01/Mar/2017:16:40:51 -0300] "GET /cormun/servlet/trsolicitudot HTTP/1.1" 200 9099
192.168.10.89 - - [01/Mar/2017:16:40:55 -0300] "GET /cormun/servlet/solicitudot?INS,0,0, HTTP/1.1" 200 12754
200.86.95.220 - - [01/Mar/2017:16:41:00 -0300] "POST /cormun/servlet/solicitudot?gx-no-cache=1488397333294 HTTP/1.1" 200 643
200.86.95.220 - - [01/Mar/2017:16:41:01 -0300] "POST /cormun/servlet/solicitudot?gx-no-cache=1488397334773 HTTP/1.1" 200 1157
192.168.10.89 - - [01/Mar/2017:16:41:06 -0300] "GET /cormun/servlet/prfichaempleado?,MD,,gxPopupLevel%3D0%3B HTTP/1.1" 200 8823
186.79.41.237 - - [01/Mar/2017:16:41:09 -0300] "GET /cormun/servlet/solicitudot?8806f5743c2866d85edd96b7fa3e32d6a0c7c3b77f1c9a41868c43cba269375f56146f8adfcfbb510d5ce0000411137365e84ddbfaaa47662073f8ab846e46ccd95bb3c1760f4c62181a8c20c85941d32321864119b5b96338dc8f142db54d0fba93437df6214ef1b23457f8bb82fe19606fc1cfcb81817c540987826815e1045c90de85c54863bac92e01ca05c9510ba24a168a9b303ccdb40057fb8bddb6851999088f1485fcee723cfea3a6057494,gx-no-cache=1488397334593 HTTP/1.1" 200 30
192.168.10.89 - - [01/Mar/2017:16:41:12 -0300] "POST /cormun/servlet/prfichaempleado?4c09c947ad57f77880682ecfaab0c69f,,MD,,gxPopupLevel%3D0%3B,gx-no-cache=1488400558728 HTTP/1.1" 200 3390
192.168.10.89 - - [01/Mar/2017:16:41:15 -0300] "POST /cormun/servlet/solicitudot?gx-no-cache=1488400561160 HTTP/1.1" 200 3180
192.168.10.89 - - [01/Mar/2017:16:41:15 -0300] "POST /cormun/servlet/solicitudot?4c09c947ad57f77880682ecfaab0c69f,INS,0,0,,gx-no-cache=1488400561381 HTTP/1.1" 200 9964
192.168.10.89 - - [01/Mar/2017:16:41:16 -0300] "GET /cormun/servlet/solicitudot?e8b0b31549436c50601e20054f75a84a6116e5d881e691919f7cfcbb4a4abb80d822d1352bcb38499807a14d79e88fec,gx-no-cache=1488400562989 HTTP/1.1" 200 30
192.168.10.89 - - [01/Mar/2017:16:41:16 -0300] "POST /cormun/servlet/solicitudot?gx-no-cache=1488400563034 HTTP/1.1" 200 255
192.168.10.89 - - [01/Mar/2017:16:41:16 -0300] "GET /cormun/servlet/solicitudot?e8b0b31549436c50601e20054f75a84a51ea985f2d6f8e1b0201cb58fd416ccb189fc3b716ecaadd8ab33f5874f51d9401f84538c2ce40b829d4fe27753c2f3aba2c021b6709e27fc1481d74ab480df7a0b757d24a3fa276ac45df557d22e6ba141d1d5ca38e959f9b0c237f43ad965f2ec4c4c5f8649d7a24b82683cddaa3ff7a33c2ba58831ed2a5a14efaae86506a8a8424dfd62f052d55ab9cfc7ae03dceabfcee4dfde13742099c2c069bc1b49631258eaedca4eeb78c7277a95b3c422e5d99ab4bfd992fb4dfbb9594e81b7d420581b4894e73fd3ed4d740d7bd97e37314600c4bc5d6cf5f232122448976c66e97a6cd770db10077782557915d48e79478bce310c29172992d9bba36dfe7e6cea27d54db55d8afa567fe4d8e6d7a47b13c26921f8b4200814faaf5fb434a3218ad47787c56b078073c3c44530a334f5eee701bb5aea733be60eb3d99a625f97037d0d1dd6149e3689014b376b24981189c7c22fe64e6b39e1e33b7a8956750b6f783bc9bfc5e9f64ea21d61d7d9b0e2e,gx-no-cache=1488400563065 HTTP/1.1" 200 30
192.168.10.89 - - [01/Mar/2017:16:41:17 -0300] "POST /cormun/servlet/solicitudot?gx-no-cache=1488400564162 HTTP/1.1" 200 30
200.86.95.220 - - [01/Mar/2017:16:41:19 -0300] "GET /cormun/servlet/solicitudot?2a62f3926bb81ccf8d8de023fce4a213b352eebb137aa510a6abdc3e6e8bb2faddb0278b6faa3b03ef4a29cee41b75c7f7cfdb3e1b0c4b9953155f5ba28f41ca6cd441394e4e921e177eebc83cdd6fda34bfbbe337b2b3710b146cd6d2ed7f77528b22e62e014d5cb45b6e21751c8e090af4733c75696238d9b4bb87ef8efb334f605a9839ae673165d5e98605ee5acdc7c74a63dc41a108688c4ec60008615a3602647ebfae4d9c83969a59638eace5,gx-no-cache=1488397351825 HTTP/1.1" 200 30
192.168.10.89 - - [01/Mar/2017:16:41:20 -0300] "POST /cormun/servlet/solicitudot?gx-no-cache=1488400566759 HTTP/1.1" 200 1291
192.168.10.89 - - [01/Mar/2017:16:41:20 -0300] "POST /cormun/servlet/solicitudot?gx-no-cache=1488400566895 HTTP/1.1" 200 38
186.79.8.148 - - [01/Mar/2017:16:41:23 -0300] "GET /cormun/static/menuarrow.gif HTTP/1.1" 404 1015
192.168.10.89 - - [01/Mar/2017:16:41:29 -0300] "GET /cormun/servlet/solicitudot?e8b0b31549436c50601e20054f75a84aefeb1809dc909da70da14ed2c990ea34c7568dff2d79db52c352b53f03344cb5772c026c7021a10373e1903541c9fdb8b53960e3086908fac722aea6e6a2629432faffbdb27fa9221240818d8aea0c93ecf9fa5e713b3bb1371b5eb569b02c514440aed0d6480fbbd9a38ea083e7aafbefc299eec4916ff5a50f3c8015bb663cc9930c811d5e3eb59f662a4abfe32822,gx-no-cache=1488400575186 HTTP/1.1" 200 29
192.168.10.89 - - [01/Mar/2017:16:41:29 -0300] "POST /cormun/servlet/solicitudot?gx-no-cache=1488400575243 HTTP/1.1" 200 1275
192.168.10.89 - - [01/Mar/2017:16:41:29 -0300] "POST /cormun/servlet/solicitudot?gx-no-cache=1488400575853 HTTP/1.1" 200 1157
200.86.95.220 - - [01/Mar/2017:16:41:36 -0300] "POST /cormun/servlet/solicitudot?173b542e7ab2203fc8eb3a9188249124,INS,0,0,,gx-no-cache=1488397368801 HTTP/1.1" 200 93
200.86.95.220 - - [01/Mar/2017:16:41:36 -0300] "GET /cormun/servlet/hpexe_return? HTTP/1.1" 200 1005
200.86.95.220 - - [01/Mar/2017:16:41:36 -0300] "GET /cormun/servlet/trsolicitudot HTTP/1.1" 200 8037
200.86.95.220 - - [01/Mar/2017:16:41:38 -0300] "GET /cormun/servlet/trsolicitudot HTTP/1.1" 200 8034
186.79.8.148 - - [01/Mar/2017:16:41:39 -0300] "GET /cormun/servlet/solicitudot?7a34e5f548816e8d0fa11229e9c56f1ee01ed71377b113933103344baa10196dc984d2aec4f3d87d29bb75d74bc1ca764be81b72a8a9eb9ef83f2c0057b11b78df40540daecdb86e3f5eb256359ce366c9857949a651f89957ab5aba78a39c36c566a156673f99b4ed9313501627fc135c3631f9843670d6037ca14f9cba3ad9a9a1b1dd78d56ccffb02815ebeb43185ad1c9cdd57bc8c0230d0f9997af27d2a4248b3a2a85050881137923e041678e8,gx-no-cache=1488397372837 HTTP/1.1" 200 30
186.79.41.237 - - [01/Mar/2017:16:41:43 -0300] "POST /cormun/servlet/solicitudot?4b0de1452a422c9e3e07ba425400fb6e,INS,0,0,,gx-no-cache=1488397370867 HTTP/1.1" 200 93
186.79.41.237 - - [01/Mar/2017:16:41:44 -0300] "GET /cormun/servlet/hpexe_return? HTTP/1.1" 200 1001
186.79.41.237 - - [01/Mar/2017:16:41:44 -0300] "GET /cormun/servlet/trsolicitudot? HTTP/1.1" 200 8645
186.79.41.237 - - [01/Mar/2017:16:41:45 -0300] "GET /cormun/servlet/trsolicitudot? HTTP/1.1" 200 8641
192.168.10.89 - - [01/Mar/2017:16:41:49 -0300] "GET /cormun/servlet/solicitudot?e8b0b31549436c50601e20054f75a84a21107756f8280f9df9f04a141d43485729d8c6323fc73b9f93e85bbc57e5f96c8a1927d2bdf82a0bc986c107df30c89387f093167fc7120be44cfe67712859f52c0f9bd9b4359555b73e04fc3b4abe8092ddc6761e13a032e77b25905bdca6c181c402eace67fff4e1c90c62437b6355e84403c2351794ac73090a11bd19aea32ba39da8109e4459cc237b9ecaad62d8,gx-no-cache=1488400595221 HTTP/1.1" 200 30
192.168.10.89 - - [01/Mar/2017:16:41:54 -0300] "GET /cormun/servlet/solicitudot?e8b0b31549436c50601e20054f75a84a21107756f8280f9df9f04a141d43485729d8c6323fc73b9f93e85bbc57e5f96c8a1927d2bdf82a0bc986c107df30c89387f093167fc7120be44cfe67712859f52c0f9bd9b4359555b73e04fc3b4abe8092ddc6761e13a032e77b25905bdca6c181c402eace67fff4e1c90c62437b6355e84403c2351794ac73090a11bd19aea3b2d556c7e69ec4ba3244ce00a8b489b21f7068c395bbc30f5db3e906ed630f49,gx-no-cache=1488400600380 HTTP/1.1" 200 30
186.79.41.237 - - [01/Mar/2017:16:42:02 -0300] "GET /cormun/servlet/trsolicitudot? HTTP/1.1" 200 8641
186.79.41.237 - - [01/Mar/2017:16:42:03 -0300] "GET /cormun/servlet/trsolicitudot? HTTP/1.1" 200 8641
186.79.41.237 - - [01/Mar/2017:16:42:07 -0300] "POST /cormun/servlet/trsolicitudot?4b0de1452a422c9e3e07ba425400fb6e,,gx-no-cache=1488397395076 HTTP/1.1" 200 5856
186.79.41.237 - - [01/Mar/2017:16:42:09 -0300] "GET /cormun/servlet/solicitudot?INS,0,0, HTTP/1.1" 200 12762
186.79.41.237 - - [01/Mar/2017:16:42:09 -0300] "GET /cormun/servlet/solicitudot?INS,0,0, HTTP/1.1" 200 12767
186.79.41.237 - - [01/Mar/2017:16:42:14 -0300] "POST /cormun/servlet/solicitudot?gx-no-cache=1488397400349 HTTP/1.1" 200 3141
200.86.95.220 - - [01/Mar/2017:16:42:15 -0300] "GET /cormun/servlet/solicitudot?INS,0,0, HTTP/1.1" 200 12560
200.86.95.220 - - [01/Mar/2017:16:42:17 -0300] "GET /cormun/servlet/solicitudot?INS,0,0, HTTP/1.1" 200 12565
186.79.41.237 - - [01/Mar/2017:16:42:18 -0300] "GET /cormun/static/Shared/jqueryui/images/ui-bg_highlight-soft_100_c6c2c8_1x100.png HTTP/1.1" 404 1117
192.168.10.89 - - [01/Mar/2017:16:42:18 -0300] "GET /cormun/servlet/solicitudot?e8b0b31549436c50601e20054f75a84a21107756f8280f9df9f04a141d43485729d8c6323fc73b9f93e85bbc57e5f96c8a1927d2bdf82a0bc986c107df30c89387f093167fc7120be44cfe67712859f52c0f9bd9b4359555b73e04fc3b4abe8092ddc6761e13a032e77b25905bdca6c181c402eace67fff4e1c90c62437b6355e84403c2351794ac73090a11bd19aea3b2d556c7e69ec4ba3244ce00a8b489b21f7068c395bbc30f5db3e906ed630f49,gx-no-cache=1488400624644 HTTP/1.1" 200 30
186.79.41.237 - - [01/Mar/2017:16:42:18 -0300] "GET /cormun/static/Shared/jqueryui/images/ui-icons_ebccce_256x240.png HTTP/1.1" 404 1089
186.79.41.237 - - [01/Mar/2017:16:42:18 -0300] "GET /cormun/static/Shared/jqueryui/images/ui-bg_flat_55_994d53_40x100.png HTTP/1.1" 404 1097
186.79.41.237 - - [01/Mar/2017:16:42:19 -0300] "GET /cormun/static/Shared/jqueryui/images/ui-icons_82798d_256x240.png HTTP/1.1" 404 1089
186.79.41.237 - - [01/Mar/2017:16:42:21 -0300] "GET /cormun/servlet/solicitudot?8806f5743c2866d85edd96b7fa3e32d6e378c567f788cd1729789a3ea405c285,gx-no-cache=1488397406708 HTTP/1.1" 200 111
192.168.10.89 - - [01/Mar/2017:16:42:24 -0300] "POST /cormun/servlet/solicitudot?4c09c947ad57f77880682ecfaab0c69f,INS,0,0,,gx-no-cache=1488400631007 HTTP/1.1" 200 93
192.168.10.89 - - [01/Mar/2017:16:42:24 -0300] "GET /cormun/servlet/hpexe_return? HTTP/1.1" 200 999
192.168.10.89 - - [01/Mar/2017:16:42:26 -0300] "GET /cormun/servlet/trsolicitudot HTTP/1.1" 200 9414
192.168.10.89 - - [01/Mar/2017:16:42:32 -0300] "GET /cormun/servlet/solicitudot?INS,0,0, HTTP/1.1" 200 12753
200.86.95.220 - - [01/Mar/2017:16:42:37 -0300] "POST /cormun/servlet/solicitudot?gx-no-cache=1488397429825 HTTP/1.1" 200 3081
200.86.95.220 - - [01/Mar/2017:16:42:37 -0300] "POST /cormun/servlet/solicitudot?173b542e7ab2203fc8eb3a9188249124,INS,0,0,,gx-no-cache=1488397430091 HTTP/1.1" 200 9676
192.168.10.89 - - [01/Mar/2017:16:42:42 -0300] "GET /cormun/servlet/prfichaempleado?,MD,,gxPopupLevel%3D0%3B HTTP/1.1" 200 8823
200.86.95.220 - - [01/Mar/2017:16:42:42 -0300] "GET /cormun/servlet/solicitudot?2a62f3926bb81ccf8d8de023fce4a213564f157a9d03e8716f5b23c5e7531f8e77d2c1dd8b040bb28bfa039a922a9d42,gx-no-cache=1488397435427 HTTP/1.1" 200 30
186.79.41.237 - - [01/Mar/2017:16:43:08 -0300] "POST /cormun/servlet/solicitudot?gx-no-cache=1488397456378 HTTP/1.1" 200 3141
186.79.41.237 - - [01/Mar/2017:16:43:08 -0300] "GET /cormun/servlet/solicitudot?8806f5743c2866d85edd96b7fa3e32d6e378c567f788cd1729789a3ea405c285,gx-no-cache=1488397457306 HTTP/1.1" 200 111
200.86.95.220 - - [01/Mar/2017:16:44:09 -0300] "POST /cormun/servlet/solicitudot?gx-no-cache=1488397522686 HTTP/1.1" 200 255
200.86.95.220 - - [01/Mar/2017:16:44:12 -0300] "GET /cormun/servlet/solicitudot?2a62f3926bb81ccf8d8de023fce4a21348ff9d3e9cfa67ff2739305489da59ec32da63d166dc738c9f2d20b3f075ae7897279e75d08c900211fd04122ddfc5d18b511d80e714ba82e4508e8ac3e9736be9f788f22620af99df6a03d4a4862d176397bbe7ee738d24205c83de5ba2bd7262e33672703470ce4e8ecae90ebbf9a6a706ac51eff2097519f31d70b278f0b577c031066bed6f8cf1bd062c6518d0f0843e69a25667b001f17070f080dfaea80130545fe81ce5fee17bbeb8b506053ae117a576c9f992048d584044df4c5f29176f5873db6d9d80911d5fcead7d337accfb05532f44caf492757fc7826fe8e240089f7ee904654c1bc20ce4efdc4ea806daec2b5cf9a4c05133a7cb91704cdd511642868beaaf4b6a63ad34027550936ff64dc682cc342ebf611527ed542b04cbf1b648f77a3149545aaa9e965bff1b7f4274fe8e8dfd54f48fb7dcd1d94427453c371a8ea03b0647b4905d280a3558b0466a23cff530d930129370c46290e81a4339b99daedb0eb455cb504b61a0ca,gx-no-cache=1488397524972 HTTP/1.1" 200 30
200.86.95.220 - - [01/Mar/2017:16:44:15 -0300] "POST /cormun/servlet/solicitudot?gx-no-cache=1488397528571 HTTP/1.1" 200 30
200.86.95.220 - - [01/Mar/2017:16:44:17 -0300] "GET /cormun/servlet/prsolicitudot?13793044,,,,,MD,,gxPopupLevel%3D0%3B HTTP/1.1" 200 5888
200.86.95.220 - - [01/Mar/2017:16:44:21 -0300] "POST /cormun/servlet/solicitudot?gx-no-cache=1488397534142 HTTP/1.1" 200 235
200.86.95.220 - - [01/Mar/2017:16:44:21 -0300] "POST /cormun/servlet/solicitudot?gx-no-cache=1488397534301 HTTP/1.1" 200 38
200.86.95.220 - - [01/Mar/2017:16:44:21 -0300] "GET /cormun/servlet/solicitudot?2a62f3926bb81ccf8d8de023fce4a21374d4799fd3c17e17b18c2cebb0147b004a173625aef98d782db73e40b20cfb84667dee1b89d61cb061b5ee89491cfd7528b951a464042eb10f37e8ddcf41b0b8eb332e0d53fda1d763a1f02b00c3ef6fb4efaebab438bc563823f474a6e6855c,gx-no-cache=1488397534413 HTTP/1.1" 200 29
200.86.95.220 - - [01/Mar/2017:16:44:21 -0300] "POST /cormun/servlet/solicitudot?gx-no-cache=1488397534476 HTTP/1.1" 200 643
200.86.95.220 - - [01/Mar/2017:16:44:21 -0300] "POST /cormun/servlet/solicitudot?gx-no-cache=1488397534569 HTTP/1.1" 200 518
200.86.95.220 - - [01/Mar/2017:16:44:59 -0300] "POST /cormun/servlet/solicitudot?gx-no-cache=1488397572458 HTTP/1.1" 200 641
200.86.95.220 - - [01/Mar/2017:16:45:01 -0300] "POST /cormun/servlet/solicitudot?gx-no-cache=1488397573878 HTTP/1.1" 200 1157
200.86.95.220 - - [01/Mar/2017:16:45:09 -0300] "GET /cormun/servlet/solicitudot?2a62f3926bb81ccf8d8de023fce4a2132bd9f155d8bf69805b6de8bf8c0eb889db93752d62c44105cb01fa42f9ffc5a742382e6829b941fcc9edf7004c55b49a6cd441394e4e921e177eebc83cdd6fda34bfbbe337b2b3710b146cd6d2ed7f77528b22e62e014d5cb45b6e21751c8e090af4733c75696238d9b4bb87ef8efb334f605a9839ae673165d5e98605ee5acdc7c74a63dc41a108688c4ec60008615a3602647ebfae4d9c83969a59638eace5,gx-no-cache=1488397582318 HTTP/1.1" 200 30
200.86.95.220 - - [01/Mar/2017:16:45:22 -0300] "POST /cormun/servlet/solicitudot?173b542e7ab2203fc8eb3a9188249124,INS,0,0,,gx-no-cache=1488397595220 HTTP/1.1" 200 93
200.86.95.220 - - [01/Mar/2017:16:45:22 -0300] "GET /cormun/servlet/hpexe_return? HTTP/1.1" 200 1005
200.86.95.220 - - [01/Mar/2017:16:45:23 -0300] "GET /cormun/servlet/trsolicitudot HTTP/1.1" 200 8438
200.86.95.220 - - [01/Mar/2017:16:45:24 -0300] "GET /cormun/servlet/trsolicitudot HTTP/1.1" 200 8434
200.86.95.220 - - [01/Mar/2017:16:45:37 -0300] "GET /cormun/servlet/solicitudot?INS,0,0, HTTP/1.1" 200 12560
200.86.95.220 - - [01/Mar/2017:16:45:38 -0300] "GET /cormun/servlet/solicitudot?INS,0,0, HTTP/1.1" 200 12564
200.86.95.220 - - [01/Mar/2017:16:45:50 -0300] "POST /cormun/servlet/solicitudot?gx-no-cache=1488397623025 HTTP/1.1" 200 3081
200.86.95.220 - - [01/Mar/2017:16:45:50 -0300] "POST /cormun/servlet/solicitudot?173b542e7ab2203fc8eb3a9188249124,INS,0,0,,gx-no-cache=1488397623296 HTTP/1.1" 200 9676
200.86.95.220 - - [01/Mar/2017:16:45:54 -0300] "GET /cormun/servlet/solicitudot?2a62f3926bb81ccf8d8de023fce4a213564f157a9d03e8716f5b23c5e7531f8e77d2c1dd8b040bb28bfa039a922a9d42,gx-no-cache=1488397627026 HTTP/1.1" 200 30
186.79.41.237 - - [01/Mar/2017:16:46:09 -0300] "GET /cormun/servlet/trsolicitudot? HTTP/1.1" 200 8641
186.79.41.237 - - [01/Mar/2017:16:46:11 -0300] "GET /cormun/servlet/trsolicitudot? HTTP/1.1" 200 8641
186.79.41.237 - - [01/Mar/2017:16:46:16 -0300] "GET /cormun/servlet/solicitudot?INS,0,0, HTTP/1.1" 200 12762
186.79.41.237 - - [01/Mar/2017:16:46:18 -0300] "GET /cormun/servlet/solicitudot?INS,0,0, HTTP/1.1" 200 12767
186.79.8.148 - - [01/Mar/2017:16:46:53 -0300] "GET /cormun/servlet/solicitudot?7a34e5f548816e8d0fa11229e9c56f1ee01ed71377b113933103344baa10196dc984d2aec4f3d87d29bb75d74bc1ca764be81b72a8a9eb9ef83f2c0057b11b78df40540daecdb86e3f5eb256359ce366c9857949a651f89957ab5aba78a39c36c566a156673f99b4ed9313501627fc135c3631f9843670d6037ca14f9cba3ad9a9a1b1dd78d56ccffb02815ebeb43185ad1c9cdd57bc8c0230d0f9997af27d2a4248b3a2a85050881137923e041678e8,gx-no-cache=1488397687332 HTTP/1.1" 200 30
186.79.8.148 - - [01/Mar/2017:16:46:54 -0300] "POST /cormun/servlet/solicitudot?4ecf4718ae256f14aa6d95db80437236,INS,0,0,,gx-no-cache=1488397687551 HTTP/1.1" 200 93
186.79.8.148 - - [01/Mar/2017:16:46:54 -0300] "GET /cormun/servlet/hpexe_return? HTTP/1.1" 200 1007
186.79.8.148 - - [01/Mar/2017:16:46:54 -0300] "GET /cormun/servlet/trsolicitudot HTTP/1.1" 200 8465
186.79.8.148 - - [01/Mar/2017:16:46:56 -0300] "GET /cormun/servlet/trsolicitudot HTTP/1.1" 200 8460
186.79.41.237 - - [01/Mar/2017:16:47:15 -0300] "POST /cormun/servlet/solicitudot?gx-no-cache=1488397702605 HTTP/1.1" 200 3175
186.79.41.237 - - [01/Mar/2017:16:47:16 -0300] "POST /cormun/servlet/solicitudot?4b0de1452a422c9e3e07ba425400fb6e,INS,0,0,,gx-no-cache=1488397704329 HTTP/1.1" 200 9968
186.79.41.237 - - [01/Mar/2017:16:47:32 -0300] "GET /cormun/servlet/solicitudot?8806f5743c2866d85edd96b7fa3e32d6b69b9995c9dd78685b12f4d0c10ad60e8528ef41ca78fb186d335ab3a572cf19,gx-no-cache=1488397721347 HTTP/1.1" 200 30
186.79.41.237 - - [01/Mar/2017:16:47:38 -0300] "POST /cormun/servlet/solicitudot?gx-no-cache=1488397725001 HTTP/1.1" 200 297
186.79.41.237 - - [01/Mar/2017:16:47:38 -0300] "GET /cormun/servlet/solicitudot?8806f5743c2866d85edd96b7fa3e32d62ad9506804a6434a5665d276ef2880acfe7220827bd60da7e6156746e5e9f6596013936879d150d880266aeaa87a9d10d938ee19f68400520e7b4fe6c00266c586e307fc750d7d2daa7a8d71d4faac632735420c4fb789138bef64b64a4bb4c276fdeaa5b04863743f69e2c1bd31d23a36898472d07ba61e006ef3d3b8ce5551b5fac970d6f607b6672886bdc537cc1bf2ed5ea8eab532cde37628568296b2674f8f2ceffd78cdd668e8f8336807b928d4f920c574e95f5691b62f15e0fa4b2c0661b627b7865290dc52e2c95823ddea2b31a187db9b39ab38937987b488cf3d94f27cfe0814e122a48757c123935f88cff22914aac282877c813bc3216df6f2c7a0bb605a711923e7aa1906feb312c93a7d137defa814e891676847954dd8e91771bdca07898fc75983ca97ddd53a69cdef0dc2e15dc66d1627c3b7ba4201ec32d34df12990ba67e95419cef44e0852875609d3f3abd014a51fc23eedbeca49b08dba13194133e073297bd91f68486381cd178bed7897d656abf4e6ef24db35,gx-no-cache=1488397726774 HTTP/1.1" 200 30
186.103.159.188 - - [01/Mar/2017:16:48:12 -0300] "GET /cormun/servlet/hlogin HTTP/1.1" 200 1722
186.79.41.237 - - [01/Mar/2017:16:48:15 -0300] "POST /cormun/servlet/solicitudot?gx-no-cache=1488397752934 HTTP/1.1" 200 30
186.103.159.188 - - [01/Mar/2017:16:48:20 -0300] "POST /cormun/servlet/hlogin?1c2b403616c2f301eec3dc890e85b2ae,gx-no-cache=1488397772234 HTTP/1.1" 200 90
186.103.159.188 - - [01/Mar/2017:16:48:21 -0300] "GET /cormun/servlet/hpexe_link HTTP/1.1" 200 951
186.103.159.188 - - [01/Mar/2017:16:48:21 -0300] "GET /cormun/servlet/hhome HTTP/1.1" 200 3774
186.103.159.188 - - [01/Mar/2017:16:48:21 -0300] "GET /cormun/servlet/hhome HTTP/1.1" 200 3770
186.103.159.188 - - [01/Mar/2017:16:48:24 -0300] "GET /cormun/servlet/trsolicitudot? HTTP/1.1" 200 6731
186.103.159.188 - - [01/Mar/2017:16:48:25 -0300] "GET /cormun/servlet/trsolicitudot? HTTP/1.1" 200 6730
186.79.41.237 - - [01/Mar/2017:16:48:36 -0300] "POST /cormun/servlet/solicitudot?gx-no-cache=1488397784361 HTTP/1.1" 200 235
186.79.41.237 - - [01/Mar/2017:16:48:37 -0300] "POST /cormun/servlet/solicitudot?gx-no-cache=1488397784903 HTTP/1.1" 200 38
200.86.95.220 - - [01/Mar/2017:16:48:37 -0300] "POST /cormun/servlet/solicitudot?gx-no-cache=1488397789990 HTTP/1.1" 200 255
200.86.95.220 - - [01/Mar/2017:16:48:39 -0300] "GET /cormun/servlet/solicitudot?2a62f3926bb81ccf8d8de023fce4a21348ff9d3e9cfa67ff2739305489da59ec32da63d166dc738c9f2d20b3f075ae7897279e75d08c900211fd04122ddfc5d18b511d80e714ba82e4508e8ac3e9736be9f788f22620af99df6a03d4a4862d176397bbe7ee738d24205c83de5ba2bd7262e33672703470ce4e8ecae90ebbf9a6a706ac51eff2097519f31d70b278f0b577c031066bed6f8cf1bd062c6518d0f0843e69a25667b001f17070f080dfaea80130545fe81ce5fee17bbeb8b506053ae117a576c9f992048d584044df4c5f29176f5873db6d9d80911d5fcead7d337accfb05532f44caf492757fc7826fe8e240089f7ee904654c1bc20ce4efdc4ea806daec2b5cf9a4c05133a7cb91704cdd511642868beaaf4b6a63ad34027550936ff64dc682cc342ebf611527ed542b04cbf1b648f77a3149545aaa9e965bff1b7f4274fe8e8dfd54f48fb7dcd1d94427453c371a8ea03b0647b4905d280a3558b0466a23cff530d930129370c46290e81a4339b99daedb0eb455cb504b61a0ca,gx-no-cache=1488397791997 HTTP/1.1" 200 30
186.103.159.188 - - [01/Mar/2017:16:48:41 -0300] "POST /cormun/servlet/trsolicitudot?1c2b403616c2f301eec3dc890e85b2ae,,gx-no-cache=1488397792623 HTTP/1.1" 200 3966
200.86.95.220 - - [01/Mar/2017:16:48:42 -0300] "POST /cormun/servlet/solicitudot?gx-no-cache=1488397795363 HTTP/1.1" 200 30
200.86.95.220 - - [01/Mar/2017:16:48:46 -0300] "GET /cormun/servlet/prsolicitudot?13793044,,,,,MD,,gxPopupLevel%3D0%3B HTTP/1.1" 200 5938
186.103.159.188 - - [01/Mar/2017:16:48:46 -0300] "GET /cormun/servlet/solicitudot?INS,0,0, HTTP/1.1" 200 12578
186.103.159.188 - - [01/Mar/2017:16:48:46 -0300] "GET /cormun/servlet/solicitudot?INS,0,0, HTTP/1.1" 200 12583
200.86.95.220 - - [01/Mar/2017:16:48:54 -0300] "POST /cormun/servlet/solicitudot?gx-no-cache=1488397807696 HTTP/1.1" 200 235
200.86.95.220 - - [01/Mar/2017:16:48:55 -0300] "POST /cormun/servlet/solicitudot?gx-no-cache=1488397807851 HTTP/1.1" 200 38
200.86.95.220 - - [01/Mar/2017:16:48:55 -0300] "GET /cormun/servlet/solicitudot?2a62f3926bb81ccf8d8de023fce4a21374d4799fd3c17e17b18c2cebb0147b004a173625aef98d782db73e40b20cfb84667dee1b89d61cb061b5ee89491cfd7528b951a464042eb10f37e8ddcf41b0b8eb332e0d53fda1d763a1f02b00c3ef6fb4efaebab438bc563823f474a6e6855c,gx-no-cache=1488397807980 HTTP/1.1" 200 29
200.86.95.220 - - [01/Mar/2017:16:48:55 -0300] "POST /cormun/servlet/solicitudot?gx-no-cache=1488397808097 HTTP/1.1" 200 643
200.86.95.220 - - [01/Mar/2017:16:48:55 -0300] "POST /cormun/servlet/solicitudot?gx-no-cache=1488397808251 HTTP/1.1" 200 518
186.103.159.188 - - [01/Mar/2017:16:48:58 -0300] "POST /cormun/servlet/solicitudot?gx-no-cache=1488397809861 HTTP/1.1" 200 3184
186.103.159.188 - - [01/Mar/2017:16:48:58 -0300] "POST /cormun/servlet/solicitudot?1c2b403616c2f301eec3dc890e85b2ae,INS,0,0,,gx-no-cache=1488397810033 HTTP/1.1" 200 9765
186.103.159.188 - - [01/Mar/2017:16:49:02 -0300] "GET /cormun/servlet/solicitudot?db7a0c2d731d03a4fa03f19853b410d6aaf7b2b903be10cdd36c121088c17ffbc8292de7df87d511bcd4a8d5b2cd04d4,gx-no-cache=1488397813886 HTTP/1.1" 200 30
186.103.159.188 - - [01/Mar/2017:16:49:02 -0300] "POST /cormun/servlet/solicitudot?gx-no-cache=1488397814260 HTTP/1.1" 200 240
186.103.159.188 - - [01/Mar/2017:16:49:03 -0300] "GET /cormun/servlet/solicitudot?db7a0c2d731d03a4fa03f19853b410d69158a605d8439d7d80d5fc9e99fded540a7ba2e6ba35f14d20cac4c70e2be1a588f1e192c62f7336e5168f55d87bc3cdd7c82855c7cfb685274a976bb1a11c98e099fb22da255f23be8f494f5ab9dfe05f9d0d5c55a5bf6ca7c5535be84a82c24e92c96762d9bab73805159744153445ca4efc526a99a7ce3483c0dd1674e0b473e015ed238af1b163f583c74defe7feb3e13ec127fc80e799d1d25f352db2fd4ff3fe87c0ec1ca8407d7d6b7dfc30265c47b2f20ed3651da0a21ebf8b63d56cdcff68ac57ed8d99ed774e1dd2b5b78be03f1ce01bbf9dd8149753c85a226b380153d9ca5b3a8612628ce842efbb2ce854b78fedf39a2965af80e79f47882f91f2f3779ff2490c6a5259df53927926c167c3ef95fd03dd14b574623747f0b7391e25b63588490e98f16090ec55f91882e8edc79b9615e2aa184a3a5ae3c390dd8a3121c0d228bdb2c6a6b44bb6810ee5ee963505cd5416a38b8a76b02b46dcaad81d55ffa324e68447d1df67a9640962,gx-no-cache=1488397814354 HTTP/1.1" 200 30
186.103.159.188 - - [01/Mar/2017:16:49:14 -0300] "POST /cormun/servlet/solicitudot?gx-no-cache=1488397825972 HTTP/1.1" 200 30
186.103.159.188 - - [01/Mar/2017:16:49:14 -0300] "POST /cormun/servlet/solicitudot?gx-no-cache=1488397826019 HTTP/1.1" 200 1291
186.103.159.188 - - [01/Mar/2017:16:49:14 -0300] "POST /cormun/servlet/solicitudot?gx-no-cache=1488397826097 HTTP/1.1" 200 38
200.86.95.220 - - [01/Mar/2017:16:49:26 -0300] "POST /cormun/servlet/solicitudot?gx-no-cache=1488397838861 HTTP/1.1" 200 643
200.86.95.220 - - [01/Mar/2017:16:49:28 -0300] "POST /cormun/servlet/solicitudot?gx-no-cache=1488397839982 HTTP/1.1" 200 1157
200.86.95.220 - - [01/Mar/2017:16:49:38 -0300] "GET /cormun/servlet/solicitudot?2a62f3926bb81ccf8d8de023fce4a2132bd9f155d8bf69805b6de8bf8c0eb889db93752d62c44105cb01fa42f9ffc5a742382e6829b941fcc9edf7004c55b49a6cd441394e4e921e177eebc83cdd6fda34bfbbe337b2b3710b146cd6d2ed7f77528b22e62e014d5cb45b6e21751c8e090af4733c75696238d9b4bb87ef8efb334f605a9839ae673165d5e98605ee5acdc7c74a63dc41a108688c4ec60008615a3602647ebfae4d9c83969a59638eace5,gx-no-cache=1488397851152 HTTP/1.1" 200 30
200.86.95.220 - - [01/Mar/2017:16:49:48 -0300] "POST /cormun/servlet/solicitudot?173b542e7ab2203fc8eb3a9188249124,INS,0,0,,gx-no-cache=1488397860820 HTTP/1.1" 200 93
200.86.95.220 - - [01/Mar/2017:16:49:48 -0300] "GET /cormun/servlet/hpexe_return? HTTP/1.1" 200 1005
200.86.95.220 - - [01/Mar/2017:16:49:48 -0300] "GET /cormun/servlet/trsolicitudot HTTP/1.1" 200 8700
200.86.95.220 - - [01/Mar/2017:16:49:50 -0300] "GET /cormun/servlet/trsolicitudot HTTP/1.1" 200 8696
186.79.41.237 - - [01/Mar/2017:16:49:56 -0300] "GET /cormun/servlet/solicitudot?8806f5743c2866d85edd96b7fa3e32d67b98dd594e6fea9174a4fe61af5f477f53cb8b3c8076dd3239f429fb3945ab012a62e52155487e11eb3e94dbeb7c2995d11bc0a31c8e36bbf6b1f9ace2160658e13742f09bc17df7d9bc60582c17ce2851d2cc8ac5a0dd7e5b194e8c4d661bb0,gx-no-cache=1488397864543 HTTP/1.1" 200 29
186.79.41.237 - - [01/Mar/2017:16:49:57 -0300] "POST /cormun/servlet/solicitudot?gx-no-cache=1488397866092 HTTP/1.1" 200 641
186.79.41.237 - - [01/Mar/2017:16:50:05 -0300] "POST /cormun/servlet/solicitudot?gx-no-cache=1488397873810 HTTP/1.1" 200 1157
186.103.159.188 - - [01/Mar/2017:16:50:11 -0300] "POST /cormun/servlet/solicitudot?gx-no-cache=1488397882351 HTTP/1.1" 200 30
186.103.159.188 - - [01/Mar/2017:16:50:35 -0300] "GET /cormun/servlet/prfichaempleado?,MD,,gxPopupLevel%3D0%3B HTTP/1.1" 200 8825
186.103.159.188 - - [01/Mar/2017:16:50:35 -0300] "GET /cormun/static/gxcfg.js?2016102420561687 HTTP/1.1" 200 953
186.103.159.188 - - [01/Mar/2017:16:50:35 -0300] "GET /cormun/static/prfichaempleado.js?201610242056198 HTTP/1.1" 200 16015
186.103.159.188 - - [01/Mar/2017:16:50:51 -0300] "POST /cormun/servlet/prfichaempleado?1c2b403616c2f301eec3dc890e85b2ae,,MD,,gxPopupLevel%3D0%3B,gx-no-cache=1488397921759 HTTP/1.1" 200 3399
186.79.41.237 - - [01/Mar/2017:16:51:02 -0300] "GET /cormun/servlet/solicitudot?8806f5743c2866d85edd96b7fa3e32d670b4dd70442300fa5e09260a2a277d2c761d82e1d37f5d458c924922943da5722ab7c5042824cac1434a043eebb73c31f19beb504458d15ac75b3527e6bbc51a366e41ef889410c8cb580ef7ededa576b0d315f429b688674891800c1c254fd75574959d9fa0aa1665cbb3e5bf6e2f04d3eef171a396cbbd823e54bbaf32f48d3e5c003192d632c7f987dc1fde06b262726ec4854a43d846e2ca30d79bf4c755,gx-no-cache=1488397927375 HTTP/1.1" 200 30
186.103.159.188 - - [01/Mar/2017:16:51:11 -0300] "GET /cormun/servlet/prlicenciaspermisos?16491293,L,,MD,,gxPopupLevel%3D0%3B HTTP/1.1" 200 5604
186.103.159.188 - - [01/Mar/2017:16:51:11 -0300] "GET /cormun/static/gxcfg.js?2016122619302491 HTTP/1.1" 200 953
186.103.159.188 - - [01/Mar/2017:16:51:11 -0300] "GET /cormun/static/prlicenciaspermisos.js?2016122619302645 HTTP/1.1" 200 13363
190.101.9.138 - - [01/Mar/2017:16:52:11 -0300] "POST /cormun/servlet/solicitudot?gx-no-cache=1488398003129 HTTP/1.1" 200 1291
190.101.9.138 - - [01/Mar/2017:16:52:16 -0300] "POST /cormun/servlet/solicitudot?gx-no-cache=1488398007700 HTTP/1.1" 200 41
186.103.159.188 - - [01/Mar/2017:16:52:38 -0300] "GET /cormun/servlet/solicitudot?db7a0c2d731d03a4fa03f19853b410d647edef20e2129f6f50400007e1cada9454913b0b16c244e0b18003ea5b9c5e6b7254a830bdb07e63f98232acbd7f681de9517877061fcb948038c97bd681e70acfab22d9e0b29e858d32abe295196ef162dc494697e6dd326db0117c5d48898aad6ee7efc6e837b721114b0981c87215291e1ae57db834d4ed80a03f88df5d4c3481281f2f94ffac54d1728362d60d6c,gx-no-cache=1488398030090 HTTP/1.1" 200 29
186.103.159.188 - - [01/Mar/2017:16:52:38 -0300] "POST /cormun/servlet/solicitudot?gx-no-cache=1488398030121 HTTP/1.1" 200 1273
186.103.159.188 - - [01/Mar/2017:16:52:38 -0300] "POST /cormun/servlet/solicitudot?gx-no-cache=1488398030215 HTTP/1.1" 200 1157
186.103.159.188 - - [01/Mar/2017:16:52:38 -0300] "GET /cormun/static/menuarrow.gif HTTP/1.1" 404 1015
200.86.95.220 - - [01/Mar/2017:16:52:38 -0300] "GET /cormun/servlet/solicitudot?INS,0,0, HTTP/1.1" 200 12560
200.86.95.220 - - [01/Mar/2017:16:52:40 -0300] "GET /cormun/servlet/solicitudot?INS,0,0, HTTP/1.1" 200 12565
186.103.159.188 - - [01/Mar/2017:16:52:41 -0300] "POST /cormun/servlet/solicitudot?gx-no-cache=1488398033038 HTTP/1.1" 200 1273
186.103.159.188 - - [01/Mar/2017:16:52:41 -0300] "POST /cormun/servlet/solicitudot?gx-no-cache=1488398033147 HTTP/1.1" 200 1157
186.103.159.188 - - [01/Mar/2017:16:52:50 -0300] "GET /cormun/servlet/solicitudot?db7a0c2d731d03a4fa03f19853b410d6a6e0048679873b90f9c3da9a01a8be9e1df195b83a669bb3522bc1139f887f05cde8ae63d5367a0d27f0f3d0d92e3594a27dd251c299f65cf39229cee924541681d8da27a6ac1a2bb42fb0d81684fdd4ca4693960956f6541f2594995249803decb6a8fecd2d1f7f52a89f389da7134599f1ae653de6e4b9fc394b2a72d54f26345b040f8fe062890a2092376a2760b650aa7cf1bde7edf6c0981e34869090e4f3215e4e90f74f05eca43696b11be546,gx-no-cache=1488398041759 HTTP/1.1" 200 30
186.103.159.188 - - [01/Mar/2017:16:53:18 -0300] "POST /cormun/servlet/solicitudot?1c2b403616c2f301eec3dc890e85b2ae,INS,0,0,,gx-no-cache=1488398069028 HTTP/1.1" 200 93
186.103.159.188 - - [01/Mar/2017:16:53:18 -0300] "GET /cormun/servlet/hpexe_return? HTTP/1.1" 200 1003
186.103.159.188 - - [01/Mar/2017:16:53:18 -0300] "GET /cormun/servlet/trsolicitudot? HTTP/1.1" 200 8077
186.103.159.188 - - [01/Mar/2017:16:53:18 -0300] "GET /cormun/servlet/trsolicitudot? HTTP/1.1" 200 8073
192.168.10.89 - - [01/Mar/2017:16:53:27 -0300] "POST /cormun/servlet/prfichaempleado?4c09c947ad57f77880682ecfaab0c69f,,MD,,gxPopupLevel%3D0%3B,gx-no-cache=1488401293207 HTTP/1.1" 200 3493
186.79.41.237 - - [01/Mar/2017:16:53:28 -0300] "POST /cormun/servlet/solicitudot?4b0de1452a422c9e3e07ba425400fb6e,INS,0,0,,gx-no-cache=1488398074622 HTTP/1.1" 200 93
192.168.10.89 - - [01/Mar/2017:16:53:30 -0300] "POST /cormun/servlet/solicitudot?gx-no-cache=1488401296847 HTTP/1.1" 200 3145
192.168.10.89 - - [01/Mar/2017:16:53:30 -0300] "POST /cormun/servlet/solicitudot?4c09c947ad57f77880682ecfaab0c69f,INS,0,0,,gx-no-cache=1488401297061 HTTP/1.1" 200 9919
186.79.41.237 - - [01/Mar/2017:16:53:31 -0300] "GET /cormun/servlet/hpexe_return? HTTP/1.1" 200 1001
192.168.10.89 - - [01/Mar/2017:16:53:32 -0300] "GET /cormun/servlet/solicitudot?e8b0b31549436c50601e20054f75a84a89a54fb3e8c9f5e0284887768dcf45fdd822d1352bcb38499807a14d79e88fec,gx-no-cache=1488401298631 HTTP/1.1" 200 30
