186.103.159.187 - - [28/Feb/2017:16:27:45 -0300] "GET /cormun/servlet/solicitudot?8a5324674c6dc5e392cd8cefa4e906c1635c6e9cddb2a97037bdc6b13ddb33833616bc1d0f5dde6cdcf1ef5872dd8c7ef86ae5c5e8ed76d9d0ac4e8c4927360d0729c004356d130e26a6a8c2a7bb9f61463669e8b072637ec05c5b5eb90baa91a79e2fc8afc0aba024189b6bcd607c8ffb57d0215ee0ebe949062da9032a645c20e48ab9769670206207e376b7583eac603f81d990991da2a51ab429419e33f7,gx-no-cache=1488310136368 HTTP/1.1" 200 57
186.103.159.187 - - [28/Feb/2017:16:27:45 -0300] "GET /cormun/servlet/solicitudot?8a5324674c6dc5e392cd8cefa4e906c1dd675ebe06eeca70ac67f88b287b7b073616bc1d0f5dde6cdcf1ef5872dd8c7ef86ae5c5e8ed76d9d0ac4e8c4927360d8761cf39d59628934eb81b71d4ed8254e3a84036dc7236f5b5cc9682279b26c210068ce74d150cae9f8f4b56244b6543bdac4d674299eb4d22e7f9dd037c2ff9,gx-no-cache=1488310136401 HTTP/1.1" 200 57
186.103.159.187 - - [28/Feb/2017:16:27:46 -0300] "GET /cormun/servlet/prcontratosol?11889900,,,,,MD,,gxPopupLevel%3D0%3B HTTP/1.1" 200 5885
200.86.95.220 - - [28/Feb/2017:16:27:47 -0300] "POST /cormun/servlet/solicitudot?gx-no-cache=1488310138139 HTTP/1.1" 200 30
186.79.96.202 - - [28/Feb/2017:16:27:48 -0300] "POST /cormun/servlet/solicitudot?gx-no-cache=1488310139036 HTTP/1.1" 200 3081
186.79.96.202 - - [28/Feb/2017:16:27:48 -0300] "POST /cormun/servlet/solicitudot?463cf83e265135064efc142edf83dc2b,INS,0,0,,gx-no-cache=1488310139501 HTTP/1.1" 200 9668
200.86.95.220 - - [28/Feb/2017:16:27:49 -0300] "POST /cormun/servlet/solicitudot?gx-no-cache=1488310140103 HTTP/1.1" 200 235
200.86.95.220 - - [28/Feb/2017:16:27:49 -0300] "POST /cormun/servlet/solicitudot?gx-no-cache=1488310140244 HTTP/1.1" 200 38
186.79.96.202 - - [28/Feb/2017:16:27:50 -0300] "GET /cormun/servlet/solicitudot?723a7b92f0b56d9770846994184f13a47dca92b98e8ec6b7a640940ce2b5547c814e2b1f97636c265f2879be8c0ecb80,gx-no-cache=1488310141482 HTTP/1.1" 200 30
186.103.159.187 - - [28/Feb/2017:16:28:13 -0300] "POST /cormun/servlet/solicitudot?gx-no-cache=1488310164053 HTTP/1.1" 200 1291
186.103.159.187 - - [28/Feb/2017:16:28:13 -0300] "GET /cormun/static/menuarrow.gif HTTP/1.1" 404 1015
186.103.159.187 - - [28/Feb/2017:16:28:25 -0300] "POST /cormun/servlet/solicitudot?gx-no-cache=1488310176534 HTTP/1.1" 200 41
186.103.159.187 - - [28/Feb/2017:16:28:25 -0300] "POST /cormun/servlet/solicitudot?gx-no-cache=1488310176617 HTTP/1.1" 200 1274
186.103.159.187 - - [28/Feb/2017:16:28:25 -0300] "POST /cormun/servlet/solicitudot?gx-no-cache=1488310176718 HTTP/1.1" 200 1157
186.103.159.187 - - [28/Feb/2017:16:28:25 -0300] "GET /cormun/servlet/solicitudot?8a5324674c6dc5e392cd8cefa4e906c14a811e836b237e3a4cd11dc678721ddd98c845d8f4630e786983e9bd80401ff382f258cf76c9944c09d2ae7236c2e79dfebc1efdeb0d8b9faae69b3238510fc1788cfb4da39fb3948ad94bf32e0e6498351e421fbf8e486d978cb08d59a210535cc1835b3c546f55b9818861d5c415eccf8e0bad78ae6dc7f5bd80aac1c258f0a27773d2df754fe3aeabec1be311bcecc5e3c4146c0c0480130014a499e38f5e,gx-no-cache=1488310176792 HTTP/1.1" 200 30
200.30.209.79 - - [28/Feb/2017:16:28:29 -0300] "POST /cormun/servlet/hlogin?86def9d1f8906a55e0c1f0743727b65e,gx-no-cache=1488310181944 HTTP/1.1" 200 90
200.30.209.79 - - [28/Feb/2017:16:28:29 -0300] "GET /cormun/servlet/hpexe_link HTTP/1.1" 200 950
200.30.209.79 - - [28/Feb/2017:16:28:29 -0300] "GET /cormun/servlet/hhome HTTP/1.1" 200 3952
200.30.209.79 - - [28/Feb/2017:16:28:30 -0300] "GET /cormun/servlet/hhome HTTP/1.1" 200 3948
200.86.95.220 - - [28/Feb/2017:16:28:31 -0300] "GET /cormun/servlet/solicitudot?8a7899c17de10917c2be0623c6ee5b927a84c5ffb93c959c617d71ea7209f8f01344e17a488865e312db5f6565901434c3d78b9159b553c8804beeba860df20731bfc35424072c5056d248ec39e02489165b2e68920bb92564e93aac98fef42fe000db619c268a6c714ca69003f24274,gx-no-cache=1488310182596 HTTP/1.1" 200 29
200.86.95.220 - - [28/Feb/2017:16:28:31 -0300] "POST /cormun/servlet/solicitudot?gx-no-cache=1488310182704 HTTP/1.1" 200 643
200.86.95.220 - - [28/Feb/2017:16:28:33 -0300] "POST /cormun/servlet/solicitudot?gx-no-cache=1488310184407 HTTP/1.1" 200 1157
200.30.209.79 - - [28/Feb/2017:16:28:41 -0300] "GET /cormun/servlet/trautorizarsolicitud? HTTP/1.1" 200 8820
200.30.209.79 - - [28/Feb/2017:16:28:41 -0300] "GET /cormun/servlet/trautorizarsolicitud? HTTP/1.1" 200 8821
186.103.159.187 - - [28/Feb/2017:16:28:49 -0300] "POST /cormun/servlet/solicitudot?gx-no-cache=1488310200272 HTTP/1.1" 200 1274
186.103.159.187 - - [28/Feb/2017:16:28:49 -0300] "POST /cormun/servlet/solicitudot?gx-no-cache=1488310200387 HTTP/1.1" 200 1157
186.103.159.187 - - [28/Feb/2017:16:28:51 -0300] "POST /cormun/servlet/solicitudot?gx-no-cache=1488310202241 HTTP/1.1" 200 1274
186.103.159.187 - - [28/Feb/2017:16:28:51 -0300] "POST /cormun/servlet/solicitudot?gx-no-cache=1488310202324 HTTP/1.1" 200 1157
200.86.95.220 - - [28/Feb/2017:16:28:54 -0300] "GET /cormun/static/menuarrow.gif HTTP/1.1" 404 1015
186.103.159.187 - - [28/Feb/2017:16:29:01 -0300] "GET /cormun/servlet/solicitudot?8a5324674c6dc5e392cd8cefa4e906c14a811e836b237e3a4cd11dc678721dddf5fc7a85652733e8c56cb62b8967a6ed5c297a894de720ad4abfc784ab9db4ce56b8e9b86d43eafd409a5aa5df7d4f12c21b9c7d837501edd408618f0a6af4549d298f8addb7cd43ecf180c8aa92b2f8eeabe286ac0161d8e9fdf75fd1c332e6312e16a1c20855e9e5620c6b9b5dc3ce64290f93621dda9029ef9f2269c98b3e335df2ee9a91ef819ff97efa0b7e2e17e223c09f39ca5a797acda7a5b58bcec8,gx-no-cache=1488310211979 HTTP/1.1" 200 30
200.86.95.220 - - [28/Feb/2017:16:29:01 -0300] "GET /cormun/servlet/solicitudot?8a7899c17de10917c2be0623c6ee5b92dc26eae6edccc989b01523d12a3204c4e9f867eaad50c562720c86fa57f9792ea0a6438def1ac278cd8eeb85d34799692ddc447e1886edbbf514cb55bb6a6e21d25a06b13df42d16e0bc31bce8f7a8611789e71af4a13f3417ed5abe0d57cef94f3a8f4ed1df8da96070b3489a9383e7fec2d99befdc2a8474c03602e9de599287362b4988a1dfe7b910226a840743c7d68c5a5a7d0f9ee7860a1640d01074ae,gx-no-cache=1488310212002 HTTP/1.1" 200 30
186.103.159.187 - - [28/Feb/2017:16:29:01 -0300] "POST /cormun/servlet/solicitudot?bab811f76311ed15ebe9833d4285e297,INS,0,0,,gx-no-cache=1488310212028 HTTP/1.1" 200 11159
186.103.159.187 - - [28/Feb/2017:16:29:14 -0300] "POST /cormun/servlet/solicitudot?gx-no-cache=1488310225711 HTTP/1.1" 200 30
200.86.95.220 - - [28/Feb/2017:16:29:16 -0300] "POST /cormun/servlet/solicitudot?5136caf749805e11e5c743e6ce055aac,INS,0,0,,gx-no-cache=1488310227119 HTTP/1.1" 200 93
200.86.95.220 - - [28/Feb/2017:16:29:16 -0300] "GET /cormun/servlet/hpexe_return? HTTP/1.1" 200 1028
200.86.95.220 - - [28/Feb/2017:16:29:17 -0300] "GET /cormun/servlet/trsolicitudot?gx-no-cache=1488304394786 HTTP/1.1" 200 8009
186.79.96.202 - - [28/Feb/2017:16:29:17 -0300] "POST /cormun/servlet/solicitudot?gx-no-cache=1488310227953 HTTP/1.1" 200 297
186.103.159.187 - - [28/Feb/2017:16:29:17 -0300] "GET /cormun/servlet/prcontratosol?11889900,,,,,MD,,gxPopupLevel%3D0%3B HTTP/1.1" 200 5885
200.86.95.220 - - [28/Feb/2017:16:29:18 -0300] "GET /cormun/servlet/trsolicitudot?gx-no-cache=1488304394786 HTTP/1.1" 200 8027
186.79.96.202 - - [28/Feb/2017:16:29:18 -0300] "GET /cormun/servlet/solicitudot?723a7b92f0b56d9770846994184f13a430a28371214d8d3ba98d881562a4efadbb5324fbccb252c56180bff631698d52ac76b7be3a35e48b876a6bdd6e8e9615bce4bdee3cfbf477777b168722bfaf1d632387ba966ef2483f1d832832aef1a7748897f96bd1a503a09fe0dc5ba8b0dc885c442d0d2cf3a0133aece4928e897b8cda23b2860a9995e8b638c4a5fee80f60429e196c3bbe2f6c96e4da6df13b269b5e6144d2b541e05fba400f4a876930a3c09c02cff8dbc4f45c64f89fd8e58eeda049db3752e1b0353c8f6b8b935f569659c06f375f21acdad6326e0581dd7e0f3968b0eb45ff4c92fc9ddd8a4bb24fd97965d28e26bfb53a21d2cea953c6db8a3eed32972972e6eee24193210b61aa9a7c78251ceb5caf8992617a0caeb96bf3f2a4580d5580bed5009d3f7277bb4ce39677a02ecb87da5e25c91fc20bdd77fb8f4abd8ef83e4b73fa91a9aed1607ce62ef996ad3ef4bd54215b623a858eb17a7d7238d34bdfc293cf2d7add3bca70cfd8caad74da4578cea20008530cf1b5bdd5aaed64107a887e37fc63272c08c6,gx-no-cache=1488310229569 HTTP/1.1" 200 30
186.79.96.202 - - [28/Feb/2017:16:29:20 -0300] "POST /cormun/servlet/solicitudot?gx-no-cache=1488310231160 HTTP/1.1" 200 30
186.79.96.202 - - [28/Feb/2017:16:29:21 -0300] "POST /cormun/servlet/solicitudot?gx-no-cache=1488310232897 HTTP/1.1" 200 235
186.79.96.202 - - [28/Feb/2017:16:29:22 -0300] "POST /cormun/servlet/solicitudot?gx-no-cache=1488310233197 HTTP/1.1" 200 38
186.103.159.187 - - [28/Feb/2017:16:29:26 -0300] "POST /cormun/servlet/solicitudot?gx-no-cache=1488310237074 HTTP/1.1" 200 1291
186.103.159.187 - - [28/Feb/2017:16:29:26 -0300] "POST /cormun/servlet/solicitudot?gx-no-cache=1488310237188 HTTP/1.1" 200 41
186.103.159.187 - - [28/Feb/2017:16:29:26 -0300] "POST /cormun/servlet/solicitudot?gx-no-cache=1488310237228 HTTP/1.1" 200 1274
186.103.159.187 - - [28/Feb/2017:16:29:26 -0300] "POST /cormun/servlet/solicitudot?gx-no-cache=1488310237278 HTTP/1.1" 200 1157
186.103.159.187 - - [28/Feb/2017:16:29:27 -0300] "GET /cormun/servlet/prsolicitudot?11889900,,,,,MD,,gxPopupLevel%3D0%3B HTTP/1.1" 200 6255
200.30.209.79 - - [28/Feb/2017:16:29:29 -0300] "POST /cormun/servlet/trautorizarsolicitud?86def9d1f8906a55e0c1f0743727b65e,,gx-no-cache=1488310242266 HTTP/1.1" 200 6177
186.103.159.187 - - [28/Feb/2017:16:29:39 -0300] "POST /cormun/servlet/solicitudot?gx-no-cache=1488310250027 HTTP/1.1" 200 1274
186.103.159.187 - - [28/Feb/2017:16:29:39 -0300] "POST /cormun/servlet/solicitudot?gx-no-cache=1488310250097 HTTP/1.1" 200 1157
200.86.95.220 - - [28/Feb/2017:16:29:39 -0300] "POST /cormun/servlet/trsolicitudot?5136caf749805e11e5c743e6ce055aac,gx-no-cache=1488304394786,gx-no-cache=1488310250444 HTTP/1.1" 200 106
200.86.95.220 - - [28/Feb/2017:16:29:39 -0300] "GET /cormun/servlet/trsolicitudadjuntos?2017,4911, HTTP/1.1" 200 5890
200.86.95.220 - - [28/Feb/2017:16:29:41 -0300] "GET /cormun/servlet/trsolicitudadjuntos?2017,4911, HTTP/1.1" 200 5868
200.86.95.220 - - [28/Feb/2017:16:29:43 -0300] "GET /cormun/servlet/solicitudotadjuntos?INS,2017,4911,,1, HTTP/1.1" 200 5799
186.103.159.187 - - [28/Feb/2017:16:29:43 -0300] "GET /cormun/servlet/solicitudot?8a5324674c6dc5e392cd8cefa4e906c14a811e836b237e3a4cd11dc678721ddd25db11f93935dd25e491776feedf558830ccf72406e695ec019afdb15cce65b7a602706485971055e1560cd38cb8508e20e48ab9769670206207e376b7583eac6e0e3091d53b02fa261e3c4b5913340d68c1fc449e823260d112b64a3e626b61c9c2ba1697ed97c36b1012de84b6a55dba31c1229188309640c10affe9ceadcfad74b868715c955d1cbcd4ab19dab6f8ae8c9678fea56fee5a56e97dd515d52f,gx-no-cache=1488310254633 HTTP/1.1" 200 32
186.103.159.187 - - [28/Feb/2017:16:29:44 -0300] "POST /cormun/servlet/solicitudot?bab811f76311ed15ebe9833d4285e297,INS,0,0,,gx-no-cache=1488310254670 HTTP/1.1" 200 93
186.103.159.187 - - [28/Feb/2017:16:29:44 -0300] "GET /cormun/servlet/hpexe_return? HTTP/1.1" 200 1004
200.86.95.220 - - [28/Feb/2017:16:29:44 -0300] "GET /cormun/static/about:blank HTTP/1.1" 404 1011
186.103.159.187 - - [28/Feb/2017:16:29:44 -0300] "GET /cormun/servlet/trsolicitudot HTTP/1.1" 200 10079
200.86.95.220 - - [28/Feb/2017:16:29:44 -0300] "GET /cormun/servlet/solicitudotadjuntos?INS,2017,4911,,1, HTTP/1.1" 200 5793
200.86.95.220 - - [28/Feb/2017:16:29:44 -0300] "GET /cormun/servlet/solicitudotadjuntos?8a7899c17de10917c2be0623c6ee5b92fff492aa7d08ae89d5024ea79b081723330f1206d32c9baab2116028bba955be,gx-no-cache=1488310255752 HTTP/1.1" 200 30
200.86.95.220 - - [28/Feb/2017:16:29:45 -0300] "POST /cormun/servlet/solicitudotadjuntos?5136caf749805e11e5c743e6ce055aac,INS,2017,4911,,1,,gx-no-cache=1488310255835 HTTP/1.1" 200 3676
186.103.159.187 - - [28/Feb/2017:16:29:45 -0300] "GET /cormun/servlet/trsolicitudot HTTP/1.1" 200 10074
186.103.156.24 - - [28/Feb/2017:16:29:45 -0300] "GET /cormun/servlet/licenciaspermisos?177a7cad538b247f2de3c0cf36a173eb310b3b69a18106a3e71430c07896c3f7c41f24e94e5ed09cca1d2f725cba33b2e32e721a94198c9e18d4270697b4d086919461f3085dff2778ac37fa3f34ae145e68475e9ca670ffd53943b3556ba1ae3c16f24370dd7a787fa6a648d67c3fa005429678aa9be4aaf800e327b7d451474b9c4e68bf22f506f9358a3a1b634798296d431ae215a26925e183927a52d4878e90818baa76de9f8492ea0e85ab1c41cace4af43fecedf04cea59b1161e1aa6c34bf6012170365cdc26680abd37f35f82cb4e76051ce163376d8700a25f06a4,gx-no-cache=1488310353728 HTTP/1.1" 200 30
186.103.156.24 - - [28/Feb/2017:16:29:45 -0300] "POST /cormun/servlet/licenciaspermisos?223d3e471c3536994ba0bc455d00e168,INS,0,,,,gx-no-cache=1488310353817 HTTP/1.1" 200 4648
200.86.95.220 - - [28/Feb/2017:16:29:49 -0300] "POST /cormun/servlet/solicitudotadjuntos?gx-no-cache=1488310260105 HTTP/1.1" 200 26
200.30.209.79 - - [28/Feb/2017:16:29:50 -0300] "POST /cormun/servlet/trautorizarsolicitud?86def9d1f8906a55e0c1f0743727b65e,,gx-no-cache=1488310262475 HTTP/1.1" 200 4112
186.103.159.187 - - [28/Feb/2017:16:29:51 -0300] "GET /cormun/servlet/solicitudot?INS,0,0, HTTP/1.1" 200 12544
186.103.159.187 - - [28/Feb/2017:16:29:52 -0300] "GET /cormun/servlet/solicitudot?INS,0,0, HTTP/1.1" 200 12549
200.30.209.79 - - [28/Feb/2017:16:29:52 -0300] "POST /cormun/servlet/trautorizarsolicitud?86def9d1f8906a55e0c1f0743727b65e,,gx-no-cache=1488310265154 HTTP/1.1" 200 4112
200.86.95.220 - - [28/Feb/2017:16:29:57 -0300] "GET /cormun/servlet/solicitudotadjuntos?8a7899c17de10917c2be0623c6ee5b92d15658a2cd90eb53f924af88c52e5df9,gx-no-cache=1488310268508 HTTP/1.1" 200 30
200.86.95.220 - - [28/Feb/2017:16:29:57 -0300] "GET /cormun/servlet/solicitudotadjuntos?8a7899c17de10917c2be0623c6ee5b92d15658a2cd90eb53f924af88c52e5df9,gx-no-cache=1488310268562 HTTP/1.1" 200 30
200.86.95.220 - - [28/Feb/2017:16:29:58 -0300] "POST /cormun/servlet/solicitudotadjuntos?5136caf749805e11e5c743e6ce055aac,INS,2017,4911,,1, HTTP/1.1" 200 116
200.86.95.220 - - [28/Feb/2017:16:29:58 -0300] "GET /cormun/servlet/hpexe_return? HTTP/1.1" 200 1027
200.86.95.220 - - [28/Feb/2017:16:29:59 -0300] "GET /cormun/servlet/trsolicitudadjuntos?2017,4911, HTTP/1.1" 200 7923
200.86.95.220 - - [28/Feb/2017:16:30:00 -0300] "GET /cormun/servlet/trsolicitudadjuntos?2017,4911, HTTP/1.1" 200 7920
200.86.95.220 - - [28/Feb/2017:16:30:01 -0300] "GET /cormun/servlet/solicitudotadjuntos?INS,2017,4911,,1, HTTP/1.1" 200 5799
200.86.95.220 - - [28/Feb/2017:16:30:02 -0300] "GET /cormun/static/about:blank HTTP/1.1" 404 1011
200.30.209.79 - - [28/Feb/2017:16:30:02 -0300] "POST /cormun/servlet/trautorizarsolicitud?86def9d1f8906a55e0c1f0743727b65e,,gx-no-cache=1488310275312 HTTP/1.1" 200 6094
200.86.95.220 - - [28/Feb/2017:16:30:03 -0300] "GET /cormun/servlet/solicitudotadjuntos?INS,2017,4911,,1, HTTP/1.1" 200 5793
200.86.95.220 - - [28/Feb/2017:16:30:03 -0300] "GET /cormun/servlet/solicitudotadjuntos?8a7899c17de10917c2be0623c6ee5b92fff492aa7d08ae89d5024ea79b081723330f1206d32c9baab2116028bba955be,gx-no-cache=1488310274416 HTTP/1.1" 200 30
200.86.95.220 - - [28/Feb/2017:16:30:03 -0300] "POST /cormun/servlet/solicitudotadjuntos?5136caf749805e11e5c743e6ce055aac,INS,2017,4911,,1,,gx-no-cache=1488310274511 HTTP/1.1" 200 3676
186.103.159.187 - - [28/Feb/2017:16:30:04 -0300] "POST /cormun/servlet/solicitudot?gx-no-cache=1488310275380 HTTP/1.1" 200 3182
186.103.159.187 - - [28/Feb/2017:16:30:04 -0300] "POST /cormun/servlet/solicitudot?bab811f76311ed15ebe9833d4285e297,INS,0,0,,gx-no-cache=1488310275548 HTTP/1.1" 200 9781
186.79.96.202 - - [28/Feb/2017:16:30:07 -0300] "GET /cormun/servlet/solicitudot?723a7b92f0b56d9770846994184f13a47443451dd3cdbb63dbda2ee8d80a170cdc21e709e6bd4b6250df09c74e554620b788647f7b2659b96852e2b87ea0953a0954de88dcb5246228632c296ccd63d3d5b284e56b9660f1744a1798ed6fbad28503236607cb2d85660a81b5125f4280,gx-no-cache=1488310278047 HTTP/1.1" 200 29
186.79.96.202 - - [28/Feb/2017:16:30:07 -0300] "POST /cormun/servlet/solicitudot?gx-no-cache=1488310278143 HTTP/1.1" 200 643
186.79.96.202 - - [28/Feb/2017:16:30:08 -0300] "POST /cormun/servlet/solicitudot?gx-no-cache=1488310278977 HTTP/1.1" 200 1157
200.86.95.220 - - [28/Feb/2017:16:30:08 -0300] "POST /cormun/servlet/solicitudotadjuntos?gx-no-cache=1488310279039 HTTP/1.1" 200 26
186.103.159.187 - - [28/Feb/2017:16:30:08 -0300] "GET /cormun/servlet/solicitudot?8a5324674c6dc5e392cd8cefa4e906c1c83ab21c3cea54120888118e8510be34fc453284bc48cbe2cf5dfb2d64a6d0fe,gx-no-cache=1488310279792 HTTP/1.1" 200 30
186.103.159.187 - - [28/Feb/2017:16:30:09 -0300] "POST /cormun/servlet/solicitudot?gx-no-cache=1488310279886 HTTP/1.1" 200 255
186.103.159.187 - - [28/Feb/2017:16:30:09 -0300] "GET /cormun/servlet/solicitudot?8a5324674c6dc5e392cd8cefa4e906c1a03ec7c9f8aeee175d3f2c23c56c1087a98853055961a07783de2b8f06b52b04688813cf9b61a3a621d467ab77a199d81c9a3ecda7f8a905a3d148bc87642da2e29dd2ee402383340e3a0ea74873d46f322fb0ca0ff4820dfca9803af25d610d6e7564c6901b1929c2bc6e8ed0522eb0421a1f4c1305b7e1c43b38af4fa460dbcb673070b090ed3fac8f4cd865a8accaf0b7b3edda3e85e3008c94c7103e55d8c0339d746298218c8c53e67fc6ef4149c14b568f59dfa0bf83e83e75cff635ba2caa6a7dabe8673451f79254b2bdb3fe15cbf519edaf5c6d2a36aa1b45b57849527aa7bfc638f61fd31cf1ad2984e8490bc4a7b14cffd9c16544b4ecb96c8a14e20bea00b7675fd26aef6c5f0f742749398da2fe93de93e16d842f269e68a6871f0ed165e94b6d5d5456dae44c5438641db4cddcb86638cc698e4738e1869b6a7d699a2f6e72cde3066ed5eb32de2e92998749777722330e2685b299947be60505677d74f9196caadf0b451c9ce43791,gx-no-cache=1488310279936 HTTP/1.1" 200 30
186.79.96.202 - - [28/Feb/2017:16:30:14 -0300] "GET /cormun/static/menuarrow.gif HTTP/1.1" 404 1015
186.103.159.187 - - [28/Feb/2017:16:30:17 -0300] "POST /cormun/servlet/solicitudot?gx-no-cache=1488310288393 HTTP/1.1" 200 30
200.86.95.220 - - [28/Feb/2017:16:30:20 -0300] "GET /cormun/servlet/solicitudotadjuntos?8a7899c17de10917c2be0623c6ee5b92d15658a2cd90eb53f924af88c52e5df9,gx-no-cache=1488310290845 HTTP/1.1" 200 30
200.86.95.220 - - [28/Feb/2017:16:30:20 -0300] "GET /cormun/servlet/solicitudotadjuntos?8a7899c17de10917c2be0623c6ee5b92d15658a2cd90eb53f924af88c52e5df9,gx-no-cache=1488310290886 HTTP/1.1" 200 30
186.103.159.187 - - [28/Feb/2017:16:30:20 -0300] "GET /cormun/servlet/prsolicitudot?17505935,,,,,MD,,gxPopupLevel%3D0%3B HTTP/1.1" 200 6125
200.86.95.220 - - [28/Feb/2017:16:30:20 -0300] "POST /cormun/servlet/solicitudotadjuntos?5136caf749805e11e5c743e6ce055aac,INS,2017,4911,,1, HTTP/1.1" 200 116
200.86.95.220 - - [28/Feb/2017:16:30:20 -0300] "GET /cormun/servlet/hpexe_return? HTTP/1.1" 200 1027
200.86.95.220 - - [28/Feb/2017:16:30:20 -0300] "GET /cormun/servlet/trsolicitudadjuntos?2017,4911, HTTP/1.1" 200 8132
200.86.95.220 - - [28/Feb/2017:16:30:22 -0300] "GET /cormun/servlet/trsolicitudadjuntos?2017,4911, HTTP/1.1" 200 8127
186.103.159.187 - - [28/Feb/2017:16:30:23 -0300] "POST /cormun/servlet/solicitudot?gx-no-cache=1488310294757 HTTP/1.1" 200 1373
186.103.159.187 - - [28/Feb/2017:16:30:23 -0300] "GET /cormun/static/Shared/jqueryui/images/ui-bg_highlight-soft_100_c6c2c8_1x100.png HTTP/1.1" 404 1117
186.103.159.187 - - [28/Feb/2017:16:30:24 -0300] "POST /cormun/servlet/solicitudot?gx-no-cache=1488310294845 HTTP/1.1" 200 117
186.103.159.187 - - [28/Feb/2017:16:30:24 -0300] "GET /cormun/static/Shared/jqueryui/images/ui-icons_82798d_256x240.png HTTP/1.1" 404 1089
186.103.159.187 - - [28/Feb/2017:16:30:24 -0300] "GET /cormun/static/Shared/jqueryui/images/ui-bg_flat_55_994d53_40x100.png HTTP/1.1" 404 1097
186.103.159.187 - - [28/Feb/2017:16:30:24 -0300] "GET /cormun/static/Shared/jqueryui/images/ui-icons_ebccce_256x240.png HTTP/1.1" 404 1089
186.103.159.187 - - [28/Feb/2017:16:30:24 -0300] "GET /cormun/servlet/solicitudot?8a5324674c6dc5e392cd8cefa4e906c1fa72545854b0b4d3a2eb3cb18798222cbe91583a082a2719abad162dd1cff44c0c3007eccf9b8708ac29780278e6dc62960b47733f6df0d461f20b19d05ae1bcf18f2f2b3e6d009e0fcb4bd9e348d8087cb5278db8e98fccfbeb3da7f5a71fd0478411bd4b3376de2e95c0391a06c2af42375ae5d0ba9b851d851e449e290031173bc7c6128727a14887782e76f0f717,gx-no-cache=1488310294924 HTTP/1.1" 200 29
186.103.159.187 - - [28/Feb/2017:16:30:24 -0300] "GET /cormun/servlet/solicitudot?8a5324674c6dc5e392cd8cefa4e906c1635c6e9cddb2a97037bdc6b13ddb33833616bc1d0f5dde6cdcf1ef5872dd8c7ef86ae5c5e8ed76d9d0ac4e8c4927360d0729c004356d130e26a6a8c2a7bb9f61463669e8b072637ec05c5b5eb90baa91a79e2fc8afc0aba024189b6bcd607c8ffb57d0215ee0ebe949062da9032a645c20e48ab9769670206207e376b7583eac603f81d990991da2a51ab429419e33f7,gx-no-cache=1488310294956 HTTP/1.1" 200 57
186.103.159.187 - - [28/Feb/2017:16:30:24 -0300] "GET /cormun/servlet/solicitudot?8a5324674c6dc5e392cd8cefa4e906c1dd675ebe06eeca70ac67f88b287b7b073616bc1d0f5dde6cdcf1ef5872dd8c7ef86ae5c5e8ed76d9d0ac4e8c4927360d8761cf39d59628934eb81b71d4ed8254e3a84036dc7236f5b5cc9682279b26c210068ce74d150cae9f8f4b56244b6543bdac4d674299eb4d22e7f9dd037c2ff9,gx-no-cache=1488310294989 HTTP/1.1" 200 57
200.86.95.220 - - [28/Feb/2017:16:30:24 -0300] "GET /cormun/servlet/solicitudotadjuntos?INS,2017,4911,,1, HTTP/1.1" 200 5799
200.86.95.220 - - [28/Feb/2017:16:30:24 -0300] "GET /cormun/static/about:blank HTTP/1.1" 404 1011
186.103.159.187 - - [28/Feb/2017:16:30:25 -0300] "GET /cormun/servlet/prcontratosol?17505935,,,,,MD,,gxPopupLevel%3D0%3B HTTP/1.1" 200 5886
200.86.95.220 - - [28/Feb/2017:16:30:25 -0300] "GET /cormun/servlet/solicitudotadjuntos?INS,2017,4911,,1, HTTP/1.1" 200 5793
200.86.95.220 - - [28/Feb/2017:16:30:26 -0300] "GET /cormun/servlet/solicitudotadjuntos?8a7899c17de10917c2be0623c6ee5b92fff492aa7d08ae89d5024ea79b081723330f1206d32c9baab2116028bba955be,gx-no-cache=1488310296935 HTTP/1.1" 200 30
200.86.95.220 - - [28/Feb/2017:16:30:26 -0300] "POST /cormun/servlet/solicitudotadjuntos?5136caf749805e11e5c743e6ce055aac,INS,2017,4911,,1,,gx-no-cache=1488310297007 HTTP/1.1" 200 3676
200.86.95.220 - - [28/Feb/2017:16:30:33 -0300] "POST /cormun/servlet/solicitudotadjuntos?gx-no-cache=1488310304408 HTTP/1.1" 200 26
200.30.209.79 - - [28/Feb/2017:16:30:34 -0300] "GET /cormun/servlet/hlogin HTTP/1.1" 200 1739
186.79.96.202 - - [28/Feb/2017:16:30:35 -0300] "GET /cormun/servlet/solicitudot?723a7b92f0b56d9770846994184f13a4fff7bd02101fcb146e5a4a518a265a5b3cd3f0c0db62a21130cf454ec81b260de2801b13b5869386593c1115c681be9f3406daf1810faf9b63fd7cd7ad0691dda590227b54417ad6757c75c0c269e2edac84bc92701db662e50eb62894eac92cb39ce43463a12f699174a98ca36698b700bcb511a57dfef05c39e435dbd7c958aef986ef259a96f0a4c7cde95a371f9ff36f06cd2bfb4a29d3af42e32402a541,gx-no-cache=1488310306733 HTTP/1.1" 200 30
200.86.95.220 - - [28/Feb/2017:16:30:44 -0300] "GET /cormun/servlet/solicitudotadjuntos?8a7899c17de10917c2be0623c6ee5b92d15658a2cd90eb53f924af88c52e5df9,gx-no-cache=1488310315661 HTTP/1.1" 200 30
200.86.95.220 - - [28/Feb/2017:16:30:44 -0300] "GET /cormun/servlet/solicitudotadjuntos?8a7899c17de10917c2be0623c6ee5b92d15658a2cd90eb53f924af88c52e5df9,gx-no-cache=1488310315696 HTTP/1.1" 200 30
186.103.159.187 - - [28/Feb/2017:16:30:44 -0300] "POST /cormun/servlet/solicitudot?gx-no-cache=1488310315711 HTTP/1.1" 200 1291
186.103.159.187 - - [28/Feb/2017:16:30:44 -0300] "GET /cormun/static/menuarrow.gif HTTP/1.1" 404 1015
186.79.96.202 - - [28/Feb/2017:16:30:45 -0300] "POST /cormun/servlet/solicitudot?463cf83e265135064efc142edf83dc2b,INS,0,0,,gx-no-cache=1488310315719 HTTP/1.1" 200 93
186.79.96.202 - - [28/Feb/2017:16:30:45 -0300] "GET /cormun/servlet/hpexe_return? HTTP/1.1" 200 1001
186.79.96.202 - - [28/Feb/2017:16:30:45 -0300] "GET /cormun/servlet/trsolicitudot HTTP/1.1" 200 9172
200.86.95.220 - - [28/Feb/2017:16:30:45 -0300] "POST /cormun/servlet/solicitudotadjuntos?5136caf749805e11e5c743e6ce055aac,INS,2017,4911,,1, HTTP/1.1" 200 116
200.86.95.220 - - [28/Feb/2017:16:30:45 -0300] "GET /cormun/servlet/hpexe_return? HTTP/1.1" 200 1027
200.86.95.220 - - [28/Feb/2017:16:30:46 -0300] "GET /cormun/servlet/trsolicitudadjuntos?2017,4911, HTTP/1.1" 200 8279
186.79.96.202 - - [28/Feb/2017:16:30:46 -0300] "GET /cormun/servlet/trsolicitudot HTTP/1.1" 200 9169
200.86.95.220 - - [28/Feb/2017:16:30:47 -0300] "GET /cormun/servlet/trsolicitudadjuntos?2017,4911, HTTP/1.1" 200 8277
200.30.209.79 - - [28/Feb/2017:16:30:48 -0300] "POST /cormun/servlet/hlogin?86def9d1f8906a55e0c1f0743727b65e,gx-no-cache=1488310320918 HTTP/1.1" 200 90
200.30.209.79 - - [28/Feb/2017:16:30:48 -0300] "GET /cormun/servlet/hpexe_link HTTP/1.1" 200 950
200.30.209.79 - - [28/Feb/2017:16:30:48 -0300] "GET /cormun/servlet/hhome HTTP/1.1" 200 3713
200.86.95.220 - - [28/Feb/2017:16:30:49 -0300] "GET /cormun/servlet/solicitudotadjuntos?INS,2017,4911,,1, HTTP/1.1" 200 5799
200.30.209.79 - - [28/Feb/2017:16:30:49 -0300] "GET /cormun/servlet/hhome HTTP/1.1" 200 3710
200.86.95.220 - - [28/Feb/2017:16:30:49 -0300] "GET /cormun/static/about:blank HTTP/1.1" 404 1011
200.86.95.220 - - [28/Feb/2017:16:30:50 -0300] "GET /cormun/servlet/solicitudotadjuntos?INS,2017,4911,,1, HTTP/1.1" 200 5793
200.86.95.220 - - [28/Feb/2017:16:30:50 -0300] "GET /cormun/servlet/solicitudotadjuntos?8a7899c17de10917c2be0623c6ee5b92fff492aa7d08ae89d5024ea79b081723330f1206d32c9baab2116028bba955be,gx-no-cache=1488310321653 HTTP/1.1" 200 30
200.86.95.220 - - [28/Feb/2017:16:30:50 -0300] "POST /cormun/servlet/solicitudotadjuntos?5136caf749805e11e5c743e6ce055aac,INS,2017,4911,,1,,gx-no-cache=1488310321737 HTTP/1.1" 200 3676
186.103.159.187 - - [28/Feb/2017:16:30:51 -0300] "POST /cormun/servlet/solicitudot?gx-no-cache=1488310322047 HTTP/1.1" 200 41
200.86.95.220 - - [28/Feb/2017:16:30:57 -0300] "POST /cormun/servlet/solicitudotadjuntos?gx-no-cache=1488310328183 HTTP/1.1" 200 26
186.79.96.202 - - [28/Feb/2017:16:30:58 -0300] "POST /cormun/servlet/trsolicitudot?463cf83e265135064efc142edf83dc2b,gx-no-cache=1488310329326 HTTP/1.1" 200 106
186.79.96.202 - - [28/Feb/2017:16:30:58 -0300] "GET /cormun/servlet/solicitudot?UPD,2017,4875, HTTP/1.1" 200 14236
186.79.96.202 - - [28/Feb/2017:16:30:59 -0300] "GET /cormun/servlet/solicitudot?UPD,2017,4875, HTTP/1.1" 200 14245
200.30.209.79 - - [28/Feb/2017:16:31:00 -0300] "GET /cormun/servlet/trvisualizadoreventos? HTTP/1.1" 200 6449
186.79.96.202 - - [28/Feb/2017:16:31:00 -0300] "POST /cormun/servlet/solicitudot?gx-no-cache=1488310330790 HTTP/1.1" 200 3177
200.30.209.79 - - [28/Feb/2017:16:31:00 -0300] "GET /cormun/static/gxcfg.js?2016101716203350 HTTP/1.1" 200 953
200.30.209.79 - - [28/Feb/2017:16:31:00 -0300] "GET /cormun/static/trvisualizadoreventos.js?2016101716203614 HTTP/1.1" 200 19309
200.30.209.79 - - [28/Feb/2017:16:31:00 -0300] "GET /cormun/static/Resources/PXToolsActionPrint.png HTTP/1.1" 200 3317
200.30.209.79 - - [28/Feb/2017:16:31:00 -0300] "GET /cormun/servlet/trvisualizadoreventos? HTTP/1.1" 200 6448
186.79.96.202 - - [28/Feb/2017:16:31:00 -0300] "POST /cormun/servlet/solicitudot?463cf83e265135064efc142edf83dc2b,UPD,2017,4875,,gx-no-cache=1488310331318 HTTP/1.1" 200 10817
186.79.96.202 - - [28/Feb/2017:16:31:00 -0300] "GET /cormun/servlet/solicitudot?723a7b92f0b56d9770846994184f13a482e888ffe327b1c09c4fde6ec9cda4e803248d13191332986340b91bc23c190e,gx-no-cache=1488310331841 HTTP/1.1" 200 30
186.79.96.202 - - [28/Feb/2017:16:31:00 -0300] "POST /cormun/servlet/solicitudot?gx-no-cache=1488310331921 HTTP/1.1" 200 257
186.79.96.202 - - [28/Feb/2017:16:31:01 -0300] "GET /cormun/servlet/solicitudot?723a7b92f0b56d9770846994184f13a430a28371214d8d3ba98d881562a4efadfb1312d06f556d40d02bf0c3ec97b26dac76b7be3a35e48b876a6bdd6e8e9615bce4bdee3cfbf477777b168722bfaf1d632387ba966ef2483f1d832832aef1a7748897f96bd1a503a09fe0dc5ba8b0dc885c442d0d2cf3a0133aece4928e897b8cda23b2860a9995e8b638c4a5fee80f60429e196c3bbe2f6c96e4da6df13b269b5e6144d2b541e05fba400f4a876930a3c09c02cff8dbc4f45c64f89fd8e58eeda049db3752e1b0353c8f6b8b935f569659c06f375f21acdad6326e0581dd7e0f3968b0eb45ff4c92fc9ddd8a4bb24fd97965d28e26bfb53a21d2cea953c6db8a3eed32972972e6eee24193210b61aa9a7c78251ceb5caf8992617a0caeb96bf3f2a4580d5580bed5009d3f7277bb4ce39677a02ecb87da5e25c91fc20bdd77d09b3b23ae26d5008705108f3be8f9a8e75f9f15f80cfc5e574eba3c0d2efbd3bce1c43cb1c8449ae8e73c7d6ec6acd9cff00fca2b2af22aa6371bb83b7e1b7f,gx-no-cache=1488310332134 HTTP/1.1" 200 30
186.79.96.202 - - [28/Feb/2017:16:31:01 -0300] "POST /cormun/servlet/solicitudot?gx-no-cache=1488310332392 HTTP/1.1" 200 30
186.79.96.202 - - [28/Feb/2017:16:31:01 -0300] "POST /cormun/servlet/solicitudot?gx-no-cache=1488310332639 HTTP/1.1" 200 1287
186.79.96.202 - - [28/Feb/2017:16:31:01 -0300] "POST /cormun/servlet/solicitudot?gx-no-cache=1488310332828 HTTP/1.1" 200 41
200.86.95.220 - - [28/Feb/2017:16:31:03 -0300] "GET /cormun/servlet/solicitudotadjuntos?8a7899c17de10917c2be0623c6ee5b92d15658a2cd90eb53f924af88c52e5df9,gx-no-cache=1488310333932 HTTP/1.1" 200 30
200.86.95.220 - - [28/Feb/2017:16:31:03 -0300] "GET /cormun/servlet/solicitudotadjuntos?8a7899c17de10917c2be0623c6ee5b92d15658a2cd90eb53f924af88c52e5df9,gx-no-cache=1488310333987 HTTP/1.1" 200 30
200.86.95.220 - - [28/Feb/2017:16:31:04 -0300] "POST /cormun/servlet/solicitudotadjuntos?5136caf749805e11e5c743e6ce055aac,INS,2017,4911,,1, HTTP/1.1" 200 116
186.79.96.202 - - [28/Feb/2017:16:31:04 -0300] "GET /cormun/servlet/solicitudot?723a7b92f0b56d9770846994184f13a46fe338d49c7b9e874548fb79eb22fd5212d45abb73a377a99b00cf04d42a28aa3568fc7dbe27a65380fbc4ff0f861bf62f8f2a944a9349a3ca521c3fd602f897710e35a517b42a688ba7372ef72e30ddd57a362490642595d7b9d8c3b831f545,gx-no-cache=1488310335130 HTTP/1.1" 200 29
200.86.95.220 - - [28/Feb/2017:16:31:04 -0300] "GET /cormun/servlet/hpexe_return? HTTP/1.1" 200 1027
186.79.96.202 - - [28/Feb/2017:16:31:04 -0300] "POST /cormun/servlet/solicitudot?gx-no-cache=1488310335216 HTTP/1.1" 200 1275
186.79.96.202 - - [28/Feb/2017:16:31:04 -0300] "POST /cormun/servlet/solicitudot?gx-no-cache=1488310335389 HTTP/1.1" 200 1158
200.86.95.220 - - [28/Feb/2017:16:31:04 -0300] "GET /cormun/servlet/trsolicitudadjuntos?2017,4911, HTTP/1.1" 200 8413
186.79.96.202 - - [28/Feb/2017:16:31:04 -0300] "GET /cormun/static/menuarrow.gif HTTP/1.1" 404 1015
200.30.209.79 - - [28/Feb/2017:16:31:05 -0300] "POST /cormun/servlet/trvisualizadoreventos?86def9d1f8906a55e0c1f0743727b65e,,gx-no-cache=1488310337620 HTTP/1.1" 200 3753
186.103.159.187 - - [28/Feb/2017:16:31:05 -0300] "POST /cormun/servlet/solicitudot?gx-no-cache=1488310336323 HTTP/1.1" 200 1274
186.103.159.187 - - [28/Feb/2017:16:31:05 -0300] "POST /cormun/servlet/solicitudot?gx-no-cache=1488310336403 HTTP/1.1" 200 1157
200.86.95.220 - - [28/Feb/2017:16:31:06 -0300] "GET /cormun/servlet/trsolicitudadjuntos?2017,4911, HTTP/1.1" 200 8411
186.79.96.202 - - [28/Feb/2017:16:31:06 -0300] "POST /cormun/servlet/solicitudot?gx-no-cache=1488310337490 HTTP/1.1" 200 1275
186.79.96.202 - - [28/Feb/2017:16:31:06 -0300] "POST /cormun/servlet/solicitudot?gx-no-cache=1488310337679 HTTP/1.1" 200 1158
186.103.159.187 - - [28/Feb/2017:16:31:07 -0300] "POST /cormun/servlet/solicitudot?gx-no-cache=1488310338169 HTTP/1.1" 200 1274
186.103.159.187 - - [28/Feb/2017:16:31:07 -0300] "POST /cormun/servlet/solicitudot?gx-no-cache=1488310338232 HTTP/1.1" 200 1157
200.86.95.220 - - [28/Feb/2017:16:31:08 -0300] "GET /cormun/servlet/solicitudotadjuntos?INS,2017,4911,,1, HTTP/1.1" 200 5799
200.86.95.220 - - [28/Feb/2017:16:31:08 -0300] "GET /cormun/static/about:blank HTTP/1.1" 404 1011
200.86.95.220 - - [28/Feb/2017:16:31:09 -0300] "GET /cormun/servlet/solicitudotadjuntos?INS,2017,4911,,1, HTTP/1.1" 200 5793
200.86.95.220 - - [28/Feb/2017:16:31:10 -0300] "GET /cormun/servlet/solicitudotadjuntos?8a7899c17de10917c2be0623c6ee5b92fff492aa7d08ae89d5024ea79b081723330f1206d32c9baab2116028bba955be,gx-no-cache=1488310340882 HTTP/1.1" 200 30
200.86.95.220 - - [28/Feb/2017:16:31:10 -0300] "POST /cormun/servlet/solicitudotadjuntos?5136caf749805e11e5c743e6ce055aac,INS,2017,4911,,1,,gx-no-cache=1488310340990 HTTP/1.1" 200 3676
186.103.159.187 - - [28/Feb/2017:16:31:11 -0300] "GET /cormun/servlet/solicitudot?8a5324674c6dc5e392cd8cefa4e906c16a32f64029ce646bf6b615d5d12f54cb2dbc51c882dbb77588013ebc190ce5fc5c297a894de720ad4abfc784ab9db4ce56b8e9b86d43eafd409a5aa5df7d4f12c21b9c7d837501edd408618f0a6af4549d298f8addb7cd43ecf180c8aa92b2f8eeabe286ac0161d8e9fdf75fd1c332e6312e16a1c20855e9e5620c6b9b5dc3ce64290f93621dda9029ef9f2269c98b3e335df2ee9a91ef819ff97efa0b7e2e17e223c09f39ca5a797acda7a5b58bcec8,gx-no-cache=1488310342169 HTTP/1.1" 200 30
186.79.96.202 - - [28/Feb/2017:16:31:11 -0300] "GET /cormun/servlet/solicitudot?723a7b92f0b56d9770846994184f13a41d3c4af47d790d8559f577c518414d12794563fd761e2f09fc457c01e13a8cc3e2801b13b5869386593c1115c681be9f3406daf1810faf9b63fd7cd7ad0691dda590227b54417ad6757c75c0c269e2edac84bc92701db662e50eb62894eac92cb39ce43463a12f699174a98ca36698b700bcb511a57dfef05c39e435dbd7c958aef986ef259a96f0a4c7cde95a371f9ff36f06cd2bfb4a29d3af42e32402a541,gx-no-cache=1488310342606 HTTP/1.1" 200 30
200.30.209.79 - - [28/Feb/2017:16:31:11 -0300] "POST /cormun/servlet/trvisualizadoreventos?86def9d1f8906a55e0c1f0743727b65e,,gx-no-cache=1488310344399 HTTP/1.1" 200 4366
186.79.96.202 - - [28/Feb/2017:16:31:12 -0300] "POST /cormun/servlet/solicitudot?463cf83e265135064efc142edf83dc2b,UPD,2017,4875,,gx-no-cache=1488310342686 HTTP/1.1" 200 93
186.79.96.202 - - [28/Feb/2017:16:31:12 -0300] "GET /cormun/servlet/hpexe_return? HTTP/1.1" 200 1008
186.103.156.24 - - [28/Feb/2017:16:31:12 -0300] "GET /cormun/servlet/licenciaspermisos?177a7cad538b247f2de3c0cf36a173eb40e2871e2b742d822809122bc9cf4be1636ccaf9b16356c1ce0d0de533dca14d33f472dd495ba30bac40b26e36fd9c2a51e9ba45c077c64f4217f9e91c9b084c0ad3067101bc0766ae71067eb777dab170e3101f7731352c226fb3e82296f3b51cf19c647787e5eef503d0e67638fdc873e1e5e88ea06f8ce1d563419c0dffb70712fdb96d90373600cb489358c70065f21b1c91e4a2a647e9196cc120b9586e729d565e1eabbdb074afbb0bb294f37c6e8049c8da79b96b955cd8ef00f9f38891ff83f9ea05c8a3a5ba5f81666db0e1b73846c00b1d2f70e4438bf1eadac99e,gx-no-cache=1488310449867 HTTP/1.1" 200 29
186.79.96.202 - - [28/Feb/2017:16:31:12 -0300] "GET /cormun/servlet/trsolicitudot HTTP/1.1" 200 9169
186.103.156.24 - - [28/Feb/2017:16:31:12 -0300] "POST /cormun/servlet/licenciaspermisos?223d3e471c3536994ba0bc455d00e168,INS,0,,,,gx-no-cache=1488310450273 HTTP/1.1" 200 4734
186.103.156.24 - - [28/Feb/2017:16:31:12 -0300] "GET /cormun/static/Shared/jqueryui/images/ui-bg_highlight-soft_100_c6c2c8_1x100.png HTTP/1.1" 404 1117
186.103.156.24 - - [28/Feb/2017:16:31:12 -0300] "GET /cormun/static/Shared/jqueryui/images/ui-icons_82798d_256x240.png HTTP/1.1" 404 1089
186.103.156.24 - - [28/Feb/2017:16:31:12 -0300] "GET /cormun/static/Shared/jqueryui/images/ui-bg_flat_55_994d53_40x100.png HTTP/1.1" 404 1097
186.103.156.24 - - [28/Feb/2017:16:31:12 -0300] "GET /cormun/static/Shared/jqueryui/images/ui-icons_ebccce_256x240.png HTTP/1.1" 404 1089
186.79.96.202 - - [28/Feb/2017:16:31:12 -0300] "GET /cormun/servlet/trsolicitudot HTTP/1.1" 200 9165
200.86.95.220 - - [28/Feb/2017:16:31:14 -0300] "POST /cormun/servlet/solicitudotadjuntos?gx-no-cache=1488310344865 HTTP/1.1" 200 26
200.86.95.220 - - [28/Feb/2017:16:31:19 -0300] "GET /cormun/servlet/solicitudotadjuntos?8a7899c17de10917c2be0623c6ee5b92d15658a2cd90eb53f924af88c52e5df9,gx-no-cache=1488310350046 HTTP/1.1" 200 30
200.86.95.220 - - [28/Feb/2017:16:31:19 -0300] "GET /cormun/servlet/solicitudotadjuntos?8a7899c17de10917c2be0623c6ee5b92d15658a2cd90eb53f924af88c52e5df9,gx-no-cache=1488310350081 HTTP/1.1" 200 30
200.86.95.220 - - [28/Feb/2017:16:31:20 -0300] "POST /cormun/servlet/solicitudotadjuntos?5136caf749805e11e5c743e6ce055aac,INS,2017,4911,,1, HTTP/1.1" 200 116
200.86.95.220 - - [28/Feb/2017:16:31:20 -0300] "GET /cormun/servlet/hpexe_return? HTTP/1.1" 200 1027
200.86.95.220 - - [28/Feb/2017:16:31:21 -0300] "GET /cormun/servlet/trsolicitudadjuntos?2017,4911, HTTP/1.1" 200 8559
200.86.95.220 - - [28/Feb/2017:16:31:22 -0300] "GET /cormun/servlet/trsolicitudadjuntos?2017,4911, HTTP/1.1" 200 8552
186.103.159.187 - - [28/Feb/2017:16:31:24 -0300] "POST /cormun/servlet/solicitudot?bab811f76311ed15ebe9833d4285e297,INS,0,0,,gx-no-cache=1488310355241 HTTP/1.1" 200 11180
200.86.95.220 - - [28/Feb/2017:16:31:24 -0300] "GET /cormun/servlet/solicitudotadjuntos?INS,2017,4911,,1, HTTP/1.1" 200 5799
200.86.95.220 - - [28/Feb/2017:16:31:25 -0300] "GET /cormun/static/about:blank HTTP/1.1" 404 1011
200.86.95.220 - - [28/Feb/2017:16:31:26 -0300] "GET /cormun/servlet/solicitudotadjuntos?INS,2017,4911,,1, HTTP/1.1" 200 5793
200.86.95.220 - - [28/Feb/2017:16:31:26 -0300] "GET /cormun/servlet/solicitudotadjuntos?8a7899c17de10917c2be0623c6ee5b92fff492aa7d08ae89d5024ea79b081723330f1206d32c9baab2116028bba955be,gx-no-cache=1488310357341 HTTP/1.1" 200 30
200.86.95.220 - - [28/Feb/2017:16:31:26 -0300] "POST /cormun/servlet/solicitudotadjuntos?5136caf749805e11e5c743e6ce055aac,INS,2017,4911,,1,,gx-no-cache=1488310357422 HTTP/1.1" 200 3676
186.103.159.187 - - [28/Feb/2017:16:31:27 -0300] "GET /cormun/servlet/prsolicitudot?17505935,,,,,MD,,gxPopupLevel%3D0%3B HTTP/1.1" 200 6125
200.86.95.220 - - [28/Feb/2017:16:31:29 -0300] "POST /cormun/servlet/solicitudotadjuntos?gx-no-cache=1488310360450 HTTP/1.1" 200 26
186.79.96.202 - - [28/Feb/2017:16:31:34 -0300] "POST /cormun/servlet/trsolicitudot?463cf83e265135064efc142edf83dc2b,gx-no-cache=1488310365618 HTTP/1.1" 200 107
186.79.96.202 - - [28/Feb/2017:16:31:35 -0300] "GET /cormun/servlet/trsolicitudadjuntos?2017,4913, HTTP/1.1" 200 5897
186.79.96.202 - - [28/Feb/2017:16:31:35 -0300] "GET /cormun/servlet/trsolicitudadjuntos?2017,4913, HTTP/1.1" 200 5897
200.86.95.220 - - [28/Feb/2017:16:31:35 -0300] "GET /cormun/servlet/solicitudotadjuntos?8a7899c17de10917c2be0623c6ee5b92d15658a2cd90eb53f924af88c52e5df9,gx-no-cache=1488310366611 HTTP/1.1" 200 30
200.86.95.220 - - [28/Feb/2017:16:31:36 -0300] "GET /cormun/servlet/solicitudotadjuntos?8a7899c17de10917c2be0623c6ee5b92d15658a2cd90eb53f924af88c52e5df9,gx-no-cache=1488310366701 HTTP/1.1" 200 30
186.103.159.187 - - [28/Feb/2017:16:31:37 -0300] "GET /cormun/servlet/prcontratosol?17505935,,,,,MD,,gxPopupLevel%3D0%3B HTTP/1.1" 200 5886
200.86.95.220 - - [28/Feb/2017:16:31:38 -0300] "POST /cormun/servlet/solicitudotadjuntos?5136caf749805e11e5c743e6ce055aac,INS,2017,4911,,1, HTTP/1.1" 200 116
200.86.95.220 - - [28/Feb/2017:16:31:38 -0300] "GET /cormun/servlet/hpexe_return? HTTP/1.1" 200 1027
186.79.96.202 - - [28/Feb/2017:16:31:39 -0300] "GET /cormun/servlet/solicitudotadjuntos?INS,2017,4913,,1, HTTP/1.1" 200 5826
200.86.95.220 - - [28/Feb/2017:16:31:39 -0300] "GET /cormun/servlet/trsolicitudadjuntos?2017,4911, HTTP/1.1" 200 8767
186.79.96.202 - - [28/Feb/2017:16:31:39 -0300] "GET /cormun/static/about:blank HTTP/1.1" 404 1011
186.79.96.202 - - [28/Feb/2017:16:31:39 -0300] "GET /cormun/servlet/solicitudotadjuntos?INS,2017,4913,,1, HTTP/1.1" 200 5819
186.79.96.202 - - [28/Feb/2017:16:31:40 -0300] "GET /cormun/servlet/solicitudotadjuntos?723a7b92f0b56d9770846994184f13a47a4e8c682560da3d9cbf7d0d728799f174050d6ffe337b8d4b18ac0649f30a87,gx-no-cache=1488310371412 HTTP/1.1" 200 30
186.79.96.202 - - [28/Feb/2017:16:31:40 -0300] "POST /cormun/servlet/solicitudotadjuntos?463cf83e265135064efc142edf83dc2b,INS,2017,4913,,1,,gx-no-cache=1488310371484 HTTP/1.1" 200 3652
200.86.95.220 - - [28/Feb/2017:16:31:41 -0300] "GET /cormun/servlet/trsolicitudadjuntos?2017,4911, HTTP/1.1" 200 8765
186.79.96.202 - - [28/Feb/2017:16:31:43 -0300] "POST /cormun/servlet/solicitudotadjuntos?gx-no-cache=1488310374363 HTTP/1.1" 200 26
200.86.95.220 - - [28/Feb/2017:16:31:43 -0300] "POST /cormun/servlet/trsolicitudadjuntos?5136caf749805e11e5c743e6ce055aac,2017,4911,,gx-no-cache=1488310374232 HTTP/1.1" 200 90
200.86.95.220 - - [28/Feb/2017:16:31:43 -0300] "GET /cormun/servlet/hpexe_link HTTP/1.1" 200 993
200.86.95.220 - - [28/Feb/2017:16:31:43 -0300] "GET /cormun/servlet/trsolicitudot?gx-no-cache=1488304394786 HTTP/1.1" 200 8007
186.103.156.24 - - [28/Feb/2017:16:31:44 -0300] "GET /cormun/servlet/licenciaspermisos?177a7cad538b247f2de3c0cf36a173eb310b3b69a18106a3e71430c07896c3f7c41f24e94e5ed09cca1d2f725cba33b2e32e721a94198c9e18d4270697b4d086919461f3085dff2778ac37fa3f34ae145e68475e9ca670ffd53943b3556ba1ae3c16f24370dd7a787fa6a648d67c3fa005429678aa9be4aaf800e327b7d451474b9c4e68bf22f506f9358a3a1b634798296d431ae215a26925e183927a52d4878e90818baa76de9f8492ea0e85ab1c41cace4af43fecedf04cea59b1161e1aa6c34bf6012170365cdc26680abd37f35f82cb4e76051ce163376d8700a25f06a4,gx-no-cache=1488310486025 HTTP/1.1" 200 30
186.103.156.24 - - [28/Feb/2017:16:31:45 -0300] "GET /cormun/servlet/licenciaspermisos?177a7cad538b247f2de3c0cf36a173eb40e2871e2b742d822809122bc9cf4be1636ccaf9b16356c1ce0d0de533dca14d33f472dd495ba30bac40b26e36fd9c2a51e9ba45c077c64f4217f9e91c9b084c0ad3067101bc0766ae71067eb777dab170e3101f7731352c226fb3e82296f3b51cf19c647787e5eef503d0e67638fdc873e1e5e88ea06f8ce1d563419c0dffb70712fdb96d90373600cb489358c70065f21b1c91e4a2a647e9196cc120b9586e729d565e1eabbdb074afbb0bb294f37c6e8049c8da79b96b955cd8ef00f9f38891ff83f9ea05c8a3a5ba5f81666db0e1b73846c00b1d2f70e4438bf1eadac99e,gx-no-cache=1488310486172 HTTP/1.1" 200 29
200.86.95.220 - - [28/Feb/2017:16:31:45 -0300] "GET /cormun/servlet/trsolicitudot?gx-no-cache=1488304394786 HTTP/1.1" 200 8027
186.103.156.24 - - [28/Feb/2017:16:31:45 -0300] "POST /cormun/servlet/licenciaspermisos?223d3e471c3536994ba0bc455d00e168,INS,0,,,,gx-no-cache=1488310486521 HTTP/1.1" 200 93
186.103.156.24 - - [28/Feb/2017:16:31:46 -0300] "GET /cormun/servlet/hpexe_return? HTTP/1.1" 200 1014
186.103.156.24 - - [28/Feb/2017:16:31:46 -0300] "GET /cormun/static/gxcfg.js?2016101716175148 HTTP/1.1" 200 953
186.103.156.24 - - [28/Feb/2017:16:31:46 -0300] "GET /cormun/static/hpexe_return.js?2016101716175153 HTTP/1.1" 200 1633
186.103.156.24 - - [28/Feb/2017:16:31:47 -0300] "GET /cormun/servlet/trlicencias? HTTP/1.1" 200 6846
200.30.209.79 - - [28/Feb/2017:16:31:47 -0300] "POST /cormun/servlet/trvisualizadoreventos?86def9d1f8906a55e0c1f0743727b65e,,gx-no-cache=1488310380197 HTTP/1.1" 200 3756
186.103.156.24 - - [28/Feb/2017:16:31:48 -0300] "GET /cormun/servlet/trlicencias? HTTP/1.1" 200 6841
186.103.159.187 - - [28/Feb/2017:16:31:51 -0300] "GET /cormun/servlet/prcontratosol?17505935,,,,,MD,,gxPopupLevel%3D0%3B HTTP/1.1" 200 5886
186.103.159.187 - - [28/Feb/2017:16:31:58 -0300] "GET /cormun/servlet/prsolicitudot?17505935,,,,,MD,,gxPopupLevel%3D0%3B HTTP/1.1" 200 6125
200.30.209.79 - - [28/Feb/2017:16:32:00 -0300] "POST /cormun/servlet/trvisualizadoreventos?86def9d1f8906a55e0c1f0743727b65e,,gx-no-cache=1488310392392 HTTP/1.1" 200 3753
200.86.95.220 - - [28/Feb/2017:16:32:00 -0300] "POST /cormun/servlet/trsolicitudot?5136caf749805e11e5c743e6ce055aac,gx-no-cache=1488304394786,gx-no-cache=1488310391340 HTTP/1.1" 200 4154
200.86.95.220 - - [28/Feb/2017:16:32:00 -0300] "GET /cormun/static/Shared/jqueryui/images/ui-bg_highlight-soft_100_c6c2c8_1x100.png HTTP/1.1" 404 1117
200.86.95.220 - - [28/Feb/2017:16:32:00 -0300] "GET /cormun/static/Shared/jqueryui/images/ui-icons_82798d_256x240.png HTTP/1.1" 404 1089
200.86.95.220 - - [28/Feb/2017:16:32:00 -0300] "GET /cormun/static/Shared/jqueryui/images/ui-bg_flat_55_fafafa_40x100.png HTTP/1.1" 404 1097
200.86.95.220 - - [28/Feb/2017:16:32:00 -0300] "GET /cormun/static/Shared/jqueryui/images/ui-icons_8d78a5_256x240.png HTTP/1.1" 404 1089
200.86.95.220 - - [28/Feb/2017:16:32:01 -0300] "POST /cormun/servlet/trsolicitudot?5136caf749805e11e5c743e6ce055aac,gx-no-cache=1488304394786,gx-no-cache=1488310391775 HTTP/1.1" 200 3934
200.30.209.79 - - [28/Feb/2017:16:32:03 -0300] "POST /cormun/servlet/trvisualizadoreventos?86def9d1f8906a55e0c1f0743727b65e,,gx-no-cache=1488310396105 HTTP/1.1" 200 3753
186.103.159.187 - - [28/Feb/2017:16:32:08 -0300] "POST /cormun/servlet/solicitudot?gx-no-cache=1488310399605 HTTP/1.1" 200 1274
186.103.159.187 - - [28/Feb/2017:16:32:08 -0300] "POST /cormun/servlet/solicitudot?gx-no-cache=1488310399689 HTTP/1.1" 200 1157
186.103.159.187 - - [28/Feb/2017:16:32:11 -0300] "GET /cormun/servlet/solicitudot?8a5324674c6dc5e392cd8cefa4e906c16a32f64029ce646bf6b615d5d12f54cb7b8ac050ea4a92ceca7678c47f7bec9030ccf72406e695ec019afdb15cce65b7a602706485971055e1560cd38cb8508e20e48ab9769670206207e376b7583eac6e0e3091d53b02fa261e3c4b5913340d68c1fc449e823260d112b64a3e626b61c9c2ba1697ed97c36b1012de84b6a55dba31c1229188309640c10affe9ceadcfad74b868715c955d1cbcd4ab19dab6f8ae8c9678fea56fee5a56e97dd515d52f,gx-no-cache=1488310401973 HTTP/1.1" 200 32
186.103.159.187 - - [28/Feb/2017:16:32:11 -0300] "POST /cormun/servlet/solicitudot?bab811f76311ed15ebe9833d4285e297,INS,0,0,,gx-no-cache=1488310402070 HTTP/1.1" 200 93
186.103.159.187 - - [28/Feb/2017:16:32:11 -0300] "GET /cormun/servlet/hpexe_return? HTTP/1.1" 200 1004
186.103.159.187 - - [28/Feb/2017:16:32:11 -0300] "GET /cormun/servlet/trsolicitudot HTTP/1.1" 200 10431
186.79.96.202 - - [28/Feb/2017:16:32:12 -0300] "GET /cormun/servlet/solicitudotadjuntos?723a7b92f0b56d9770846994184f13a4937614e5ca6da3ae98b0d90476f4b814,gx-no-cache=1488310403179 HTTP/1.1" 200 30
186.79.96.202 - - [28/Feb/2017:16:32:12 -0300] "GET /cormun/servlet/solicitudotadjuntos?723a7b92f0b56d9770846994184f13a4937614e5ca6da3ae98b0d90476f4b814,gx-no-cache=1488310403325 HTTP/1.1" 200 30
186.103.159.187 - - [28/Feb/2017:16:32:13 -0300] "GET /cormun/servlet/trsolicitudot HTTP/1.1" 200 10426
186.103.156.24 - - [28/Feb/2017:16:32:13 -0300] "GET /cormun/servlet/licenciaspermisos?INS,0,,, HTTP/1.1" 200 7319
186.79.96.202 - - [28/Feb/2017:16:32:13 -0300] "POST /cormun/servlet/solicitudotadjuntos?463cf83e265135064efc142edf83dc2b,INS,2017,4913,,1, HTTP/1.1" 200 116
186.79.96.202 - - [28/Feb/2017:16:32:13 -0300] "GET /cormun/servlet/hpexe_return? HTTP/1.1" 200 1022
186.79.96.202 - - [28/Feb/2017:16:32:14 -0300] "GET /cormun/servlet/trsolicitudadjuntos?2017,4913, HTTP/1.1" 200 7989
186.103.156.24 - - [28/Feb/2017:16:32:14 -0300] "GET /cormun/servlet/licenciaspermisos?INS,0,,, HTTP/1.1" 200 7319
186.79.96.202 - - [28/Feb/2017:16:32:14 -0300] "GET /cormun/servlet/trsolicitudadjuntos?2017,4913, HTTP/1.1" 200 7981
186.103.159.187 - - [28/Feb/2017:16:32:16 -0300] "GET /cormun/servlet/solicitudot?INS,0,0, HTTP/1.1" 200 12543
186.103.159.187 - - [28/Feb/2017:16:32:17 -0300] "GET /cormun/servlet/solicitudot?INS,0,0, HTTP/1.1" 200 12547
200.30.209.79 - - [28/Feb/2017:16:32:17 -0300] "GET /cormun/servlet/trsolicitudot? HTTP/1.1" 200 8306
186.79.96.202 - - [28/Feb/2017:16:32:18 -0300] "GET /cormun/servlet/solicitudotadjuntos?INS,2017,4913,,1, HTTP/1.1" 200 5825
200.30.209.79 - - [28/Feb/2017:16:32:18 -0300] "GET /cormun/servlet/trsolicitudot? HTTP/1.1" 200 8305
186.79.96.202 - - [28/Feb/2017:16:32:19 -0300] "GET /cormun/static/about:blank HTTP/1.1" 404 1011
186.79.96.202 - - [28/Feb/2017:16:32:19 -0300] "GET /cormun/servlet/solicitudotadjuntos?INS,2017,4913,,1, HTTP/1.1" 200 5819
186.79.96.202 - - [28/Feb/2017:16:32:19 -0300] "GET /cormun/servlet/solicitudotadjuntos?723a7b92f0b56d9770846994184f13a47a4e8c682560da3d9cbf7d0d728799f174050d6ffe337b8d4b18ac0649f30a87,gx-no-cache=1488310410584 HTTP/1.1" 200 30
186.79.96.202 - - [28/Feb/2017:16:32:19 -0300] "POST /cormun/servlet/solicitudotadjuntos?463cf83e265135064efc142edf83dc2b,INS,2017,4913,,1,,gx-no-cache=1488310410699 HTTP/1.1" 200 3650
186.79.96.202 - - [28/Feb/2017:16:32:22 -0300] "POST /cormun/servlet/solicitudotadjuntos?gx-no-cache=1488310413155 HTTP/1.1" 200 26
186.103.156.24 - - [28/Feb/2017:16:32:22 -0300] "GET /cormun/servlet/trlicencias? HTTP/1.1" 200 6846
186.103.156.24 - - [28/Feb/2017:16:32:23 -0300] "GET /cormun/servlet/trlicencias? HTTP/1.1" 200 6841
186.103.156.24 - - [28/Feb/2017:16:32:26 -0300] "POST /cormun/servlet/trlicencias?223d3e471c3536994ba0bc455d00e168,,gx-no-cache=1488310530280 HTTP/1.1" 200 101
186.103.156.24 - - [28/Feb/2017:16:32:26 -0300] "GET /cormun/Licencias-5732.xls HTTP/1.1" 200 4608
186.79.96.202 - - [28/Feb/2017:16:32:27 -0300] "GET /cormun/servlet/solicitudotadjuntos?723a7b92f0b56d9770846994184f13a4937614e5ca6da3ae98b0d90476f4b814,gx-no-cache=1488310418004 HTTP/1.1" 200 30
186.79.96.202 - - [28/Feb/2017:16:32:27 -0300] "GET /cormun/servlet/solicitudotadjuntos?723a7b92f0b56d9770846994184f13a4937614e5ca6da3ae98b0d90476f4b814,gx-no-cache=1488310418073 HTTP/1.1" 200 30
186.79.96.202 - - [28/Feb/2017:16:32:28 -0300] "POST /cormun/servlet/solicitudotadjuntos?463cf83e265135064efc142edf83dc2b,INS,2017,4913,,1, HTTP/1.1" 200 116
186.79.96.202 - - [28/Feb/2017:16:32:28 -0300] "GET /cormun/servlet/hpexe_return? HTTP/1.1" 200 1022
186.79.96.202 - - [28/Feb/2017:16:32:28 -0300] "GET /cormun/servlet/trsolicitudadjuntos?2017,4913, HTTP/1.1" 200 8220
186.103.159.187 - - [28/Feb/2017:16:32:29 -0300] "POST /cormun/servlet/solicitudot?bab811f76311ed15ebe9833d4285e297,INS,0,0,,gx-no-cache=1488310419931 HTTP/1.1" 200 93
186.79.96.202 - - [28/Feb/2017:16:32:29 -0300] "GET /cormun/servlet/trsolicitudadjuntos?2017,4913, HTTP/1.1" 200 8217
186.103.159.187 - - [28/Feb/2017:16:32:29 -0300] "GET /cormun/servlet/hpexe_return? HTTP/1.1" 200 1004
186.103.159.187 - - [28/Feb/2017:16:32:29 -0300] "GET /cormun/servlet/trsolicitudot HTTP/1.1" 200 10431
186.103.159.187 - - [28/Feb/2017:16:32:30 -0300] "GET /cormun/servlet/trsolicitudot HTTP/1.1" 200 10426
186.79.96.202 - - [28/Feb/2017:16:32:31 -0300] "GET /cormun/servlet/solicitudotadjuntos?INS,2017,4913,,1, HTTP/1.1" 200 5825
186.79.96.202 - - [28/Feb/2017:16:32:31 -0300] "GET /cormun/static/about:blank HTTP/1.1" 404 1011
186.79.96.202 - - [28/Feb/2017:16:32:31 -0300] "GET /cormun/servlet/solicitudotadjuntos?INS,2017,4913,,1, HTTP/1.1" 200 5819
186.79.96.202 - - [28/Feb/2017:16:32:32 -0300] "GET /cormun/servlet/solicitudotadjuntos?723a7b92f0b56d9770846994184f13a47a4e8c682560da3d9cbf7d0d728799f174050d6ffe337b8d4b18ac0649f30a87,gx-no-cache=1488310423170 HTTP/1.1" 200 30
186.79.96.202 - - [28/Feb/2017:16:32:32 -0300] "POST /cormun/servlet/solicitudotadjuntos?463cf83e265135064efc142edf83dc2b,INS,2017,4913,,1,,gx-no-cache=1488310423280 HTTP/1.1" 200 3650
186.79.96.202 - - [28/Feb/2017:16:32:34 -0300] "POST /cormun/servlet/solicitudotadjuntos?gx-no-cache=1488310425345 HTTP/1.1" 200 26
186.79.96.202 - - [28/Feb/2017:16:32:41 -0300] "GET /cormun/servlet/solicitudotadjuntos?723a7b92f0b56d9770846994184f13a4937614e5ca6da3ae98b0d90476f4b814,gx-no-cache=1488310432299 HTTP/1.1" 200 30
186.79.96.202 - - [28/Feb/2017:16:32:41 -0300] "GET /cormun/servlet/solicitudotadjuntos?723a7b92f0b56d9770846994184f13a4937614e5ca6da3ae98b0d90476f4b814,gx-no-cache=1488310432377 HTTP/1.1" 200 30
186.79.96.202 - - [28/Feb/2017:16:32:43 -0300] "POST /cormun/servlet/solicitudotadjuntos?463cf83e265135064efc142edf83dc2b,INS,2017,4913,,1, HTTP/1.1" 200 116
186.79.96.202 - - [28/Feb/2017:16:32:43 -0300] "GET /cormun/servlet/hpexe_return? HTTP/1.1" 200 1022
186.79.96.202 - - [28/Feb/2017:16:32:43 -0300] "GET /cormun/servlet/trsolicitudadjuntos?2017,4913, HTTP/1.1" 200 8363
