186.103.157.235 - - [28/Feb/2017:15:10:55 -0300] "GET /cormun/servlet/solicitudot?755cd675a77d9134294839769916a59f7e075b88c97065175076f3179b86322a3fe23b4fd8b02e18109835ae65a4027bc8dfaa78aa74e4bd1fefa2d0d35319d04179c9c02e87cd606e0bd0edee4d8d0b60261a32c0a75855c2ef0f22fd76472f598855ed8ae5328951a33c395bacce14,gx-no-cache=1488305526237 HTTP/1.1" 200 29
186.103.157.235 - - [28/Feb/2017:15:10:55 -0300] "POST /cormun/servlet/solicitudot?gx-no-cache=1488305526292 HTTP/1.1" 200 643
186.103.157.235 - - [28/Feb/2017:15:10:57 -0300] "POST /cormun/servlet/solicitudot?gx-no-cache=1488305528240 HTTP/1.1" 200 1157
200.86.95.220 - - [28/Feb/2017:15:11:01 -0300] "GET /cormun/servlet/prlicenciaspermisos?17136583,L,,MD,,gxPopupLevel%3D0%3B HTTP/1.1" 200 5459
200.86.95.220 - - [28/Feb/2017:15:11:01 -0300] "GET /cormun/static/gxcfg.js?2016122619302491 HTTP/1.1" 200 953
200.86.95.220 - - [28/Feb/2017:15:11:01 -0300] "GET /cormun/static/prlicenciaspermisos.js?2016122619302645 HTTP/1.1" 200 13363
186.103.156.24 - - [28/Feb/2017:15:11:15 -0300] "POST /cormun/servlet/trsolicitudot?39c5462756ce340bbca3d57a09a8cdac,,gx-no-cache=1488305608146 HTTP/1.1" 200 103
186.103.156.24 - - [28/Feb/2017:15:11:15 -0300] "POST /cormun/servlet/trsolicitudot?39c5462756ce340bbca3d57a09a8cdac,,gx-no-cache=1488305608294 HTTP/1.1" 200 4125
186.103.156.24 - - [28/Feb/2017:15:11:15 -0300] "GET /cormun/SolicitudOT-5979.xls HTTP/1.1" 200 4608
186.103.157.235 - - [28/Feb/2017:15:11:22 -0300] "GET /cormun/static/menuarrow.gif HTTP/1.1" 404 1015
186.103.156.24 - - [28/Feb/2017:15:11:26 -0300] "GET /cormun/servlet/trcontratounov2? HTTP/1.1" 200 16551
186.103.156.24 - - [28/Feb/2017:15:11:26 -0300] "GET /cormun/static/gxcfg.js?201612281114880 HTTP/1.1" 200 953
186.103.156.24 - - [28/Feb/2017:15:11:26 -0300] "GET /cormun/static/Resources/PXToolsAddSelectedAction.png HTTP/1.1" 200 3660
186.103.156.24 - - [28/Feb/2017:15:11:26 -0300] "GET /cormun/static/trcontratounov2.js?2016122811141421 HTTP/1.1" 200 38423
186.103.156.24 - - [28/Feb/2017:15:11:27 -0300] "GET /cormun//static/Resources/PXToolsActionDisabled.gif HTTP/1.1" 200 53
186.103.156.24 - - [28/Feb/2017:15:11:27 -0300] "GET /cormun/servlet/trcontratounov2? HTTP/1.1" 200 16554
186.103.157.235 - - [28/Feb/2017:15:11:48 -0300] "GET /cormun/servlet/solicitudot?755cd675a77d9134294839769916a59f4200f5074decb0d21975eaae4aa6d5b0ae8ae0b6f3a7a8cb07f514eda0aacae7a004171e2f83b4adfd0f8323cfd4c8b9a608c377b17ed225f390441cd8c3050d64ffef7d38e9966f233e366d50705c60955948e06adeca110abf357c7f8a73cb8cb1a4c55e5585006c6df7991666aa2194e8b9bf6762128b6e1e55c82d32ef6fd1412370e11c5567c14d2e929ee65024eda7e6c2c82987561dc528f1df14309f,gx-no-cache=1488305580099 HTTP/1.1" 200 30
186.103.157.235 - - [28/Feb/2017:15:11:49 -0300] "POST /cormun/servlet/solicitudot?5fae84f9077dd4f731c0bc360e807351,INS,0,0,,gx-no-cache=1488305580150 HTTP/1.1" 200 93
186.103.157.235 - - [28/Feb/2017:15:11:49 -0300] "GET /cormun/servlet/hpexe_return? HTTP/1.1" 200 1007
186.103.157.235 - - [28/Feb/2017:15:11:49 -0300] "GET /cormun/static/gxcfg.js?2016101716175148 HTTP/1.1" 200 953
186.103.157.235 - - [28/Feb/2017:15:11:49 -0300] "GET /cormun/static/hpexe_return.js?2016101716175153 HTTP/1.1" 200 1633
186.103.157.235 - - [28/Feb/2017:15:11:49 -0300] "GET /cormun/servlet/trsolicitudot HTTP/1.1" 200 8171
186.103.157.235 - - [28/Feb/2017:15:11:49 -0300] "GET /cormun//static/Resources/PXToolsActionView.png HTTP/1.1" 200 2995
186.103.157.235 - - [28/Feb/2017:15:11:49 -0300] "GET /cormun//static/Resources/PXToolsRemoveAllAction.png HTTP/1.1" 200 3558
186.103.157.235 - - [28/Feb/2017:15:11:49 -0300] "GET /cormun//static/Resources/PXTools/ActionInsert.png HTTP/1.1" 200 1482
186.103.157.235 - - [28/Feb/2017:15:11:49 -0300] "GET /cormun//static/Resources/PXToolsGridUpdate.png HTTP/1.1" 200 2984
186.103.157.235 - - [28/Feb/2017:15:11:49 -0300] "GET /cormun//static/Resources/PXToolsGridDelete.png HTTP/1.1" 200 357
186.103.157.235 - - [28/Feb/2017:15:11:50 -0300] "GET /cormun/servlet/trsolicitudot HTTP/1.1" 200 8167
200.86.95.220 - - [28/Feb/2017:15:12:00 -0300] "POST /cormun/servlet/solicitudot?gx-no-cache=1488305590826 HTTP/1.1" 200 1291
186.103.157.235 - - [28/Feb/2017:15:12:03 -0300] "POST /cormun/servlet/trsolicitudot?5fae84f9077dd4f731c0bc360e807351,gx-no-cache=1488305594269 HTTP/1.1" 200 105
186.103.157.235 - - [28/Feb/2017:15:12:03 -0300] "GET /cormun/servlet/solicitudot?DLT,2017,4891, HTTP/1.1" 200 9491
186.103.157.235 - - [28/Feb/2017:15:12:03 -0300] "GET /cormun/static/Shared/jqueryui/images/ui-bg_highlight-soft_100_c6c2c8_1x100.png HTTP/1.1" 404 1117
186.103.157.235 - - [28/Feb/2017:15:12:03 -0300] "GET /cormun/static/Shared/jqueryui/images/ui-icons_82798d_256x240.png HTTP/1.1" 404 1089
186.103.157.235 - - [28/Feb/2017:15:12:03 -0300] "GET /cormun/static/Shared/jqueryui/images/ui-bg_flat_55_fafafa_40x100.png HTTP/1.1" 404 1097
186.103.157.235 - - [28/Feb/2017:15:12:03 -0300] "GET /cormun/static/Shared/jqueryui/images/ui-icons_8d78a5_256x240.png HTTP/1.1" 404 1089
186.103.157.235 - - [28/Feb/2017:15:12:03 -0300] "GET /cormun/servlet/solicitudot?DLT,2017,4891, HTTP/1.1" 200 9502
186.103.156.24 - - [28/Feb/2017:15:12:04 -0300] "GET /cormun/servlet/trcontratounov2? HTTP/1.1" 200 16562
186.103.159.187 - - [28/Feb/2017:15:12:04 -0300] "POST /cormun/servlet/trsolicitudot?bab811f76311ed15ebe9833d4285e297,,gx-no-cache=1488305595328 HTTP/1.1" 200 106
186.103.159.187 - - [28/Feb/2017:15:12:04 -0300] "GET /cormun/servlet/solicitudot?UPD,2017,4886, HTTP/1.1" 200 13552
186.103.156.24 - - [28/Feb/2017:15:12:05 -0300] "GET /cormun/servlet/trcontratounov2? HTTP/1.1" 200 16555
186.103.159.187 - - [28/Feb/2017:15:12:06 -0300] "GET /cormun/servlet/solicitudot?UPD,2017,4886, HTTP/1.1" 200 13561
200.86.95.220 - - [28/Feb/2017:15:12:06 -0300] "GET /cormun/servlet/prlicenciaspermisos?17136583,L,,MD,,gxPopupLevel%3D0%3B HTTP/1.1" 200 5459
186.103.159.187 - - [28/Feb/2017:15:12:06 -0300] "POST /cormun/servlet/solicitudot?gx-no-cache=1488305597317 HTTP/1.1" 200 3182
186.103.159.187 - - [28/Feb/2017:15:12:06 -0300] "POST /cormun/servlet/solicitudot?bab811f76311ed15ebe9833d4285e297,UPD,2017,4886,,gx-no-cache=1488305597515 HTTP/1.1" 200 10311
186.103.159.187 - - [28/Feb/2017:15:12:07 -0300] "GET /cormun/servlet/solicitudot?8a5324674c6dc5e392cd8cefa4e906c1994fc93ef35352034026f4965e74055fccbe93727dc18f2721cbdfb93470c0e4,gx-no-cache=1488305597785 HTTP/1.1" 200 30
186.103.159.187 - - [28/Feb/2017:15:12:07 -0300] "POST /cormun/servlet/solicitudot?gx-no-cache=1488305597837 HTTP/1.1" 200 254
186.103.159.187 - - [28/Feb/2017:15:12:07 -0300] "GET /cormun/servlet/solicitudot?8a5324674c6dc5e392cd8cefa4e906c1a03ec7c9f8aeee175d3f2c23c56c1087a98853055961a07783de2b8f06b52b04688813cf9b61a3a621d467ab77a199d81c9a3ecda7f8a905a3d148bc87642da2e29dd2ee402383340e3a0ea74873d46f322fb0ca0ff4820dfca9803af25d610d6e7564c6901b1929c2bc6e8ed0522eb0421a1f4c1305b7e1c43b38af4fa460dbcb673070b090ed3fac8f4cd865a8accaf0b7b3edda3e85e3008c94c7103e55d8c0339d746298218c8c53e67fc6ef4149c14b568f59dfa0bf83e83e75cff635ba2caa6a7dabe8673451f79254b2bdb3fe15cbf519edaf5c6d2a36aa1b45b57849527aa7bfc638f61fd31cf1ad2984e8490bc4a7b14cffd9c16544b4ecb96c8a14e20bea00b7675fd26aef6c5f0f742749398da2fe93de93e16d842f269e68a6871f0ed165e94b6d5d5456dae44c5438641db4cddcb86638cc698e4738e1869b6a7d699a2f6e72cde3066ed5eb32de2e92998749777722330e2685b299947be605d9e7f2b13582f1a4f809398d016b9b5e,gx-no-cache=1488305597882 HTTP/1.1" 200 30
186.103.159.187 - - [28/Feb/2017:15:12:07 -0300] "POST /cormun/servlet/solicitudot?gx-no-cache=1488305597918 HTTP/1.1" 200 30
186.103.159.187 - - [28/Feb/2017:15:12:07 -0300] "POST /cormun/servlet/solicitudot?gx-no-cache=1488305597964 HTTP/1.1" 200 656
186.103.159.187 - - [28/Feb/2017:15:12:07 -0300] "POST /cormun/servlet/solicitudot?gx-no-cache=1488305598012 HTTP/1.1" 200 41
186.103.157.235 - - [28/Feb/2017:15:12:09 -0300] "POST /cormun/servlet/solicitudot?5fae84f9077dd4f731c0bc360e807351,DLT,2017,4891,,gx-no-cache=1488305600515 HTTP/1.1" 200 93
186.103.157.235 - - [28/Feb/2017:15:12:09 -0300] "GET /cormun/servlet/hpexe_return? HTTP/1.1" 200 1012
186.103.157.235 - - [28/Feb/2017:15:12:09 -0300] "GET /cormun/servlet/trsolicitudot HTTP/1.1" 200 6926
186.103.157.235 - - [28/Feb/2017:15:12:09 -0300] "GET /cormun/servlet/trsolicitudot HTTP/1.1" 200 6923
186.103.156.24 - - [28/Feb/2017:15:12:16 -0300] "GET /cormun/servlet/trautorizarsolicitud? HTTP/1.1" 200 6872
186.103.156.24 - - [28/Feb/2017:15:12:17 -0300] "GET /cormun/servlet/trautorizarsolicitud? HTTP/1.1" 200 6872
186.103.159.187 - - [28/Feb/2017:15:12:26 -0300] "GET /cormun/servlet/solicitudot?8a5324674c6dc5e392cd8cefa4e906c1af882d90c315d9bbdd6f5cbe1585994d6bb8f0be7da45077d18dbda98a474760d01ffbf82cbdd71717e7db9706614f1c6532cf22db674c090aa9872ea696b3a9412d12d197f2ca0f891ff357a2a197a5c6bfe85847993c709e784c59e5e7c46c86f3e3529280a9bc8151a932199a8e3fbb9cc41bd24943100cabed22b3869fdd908d7040c009da2eb8e3a00ce7fa2f98,gx-no-cache=1488305617163 HTTP/1.1" 200 29
186.103.159.187 - - [28/Feb/2017:15:12:26 -0300] "POST /cormun/servlet/solicitudot?gx-no-cache=1488305617214 HTTP/1.1" 200 643
186.103.156.24 - - [28/Feb/2017:15:12:26 -0300] "POST /cormun/servlet/trautorizarsolicitud?39c5462756ce340bbca3d57a09a8cdac,,gx-no-cache=1488305686014 HTTP/1.1" 200 108
186.103.156.24 - - [28/Feb/2017:15:12:26 -0300] "GET /cormun/AutorizarSolicitud-84.xls HTTP/1.1" 200 4608
200.86.95.220 - - [28/Feb/2017:15:12:27 -0300] "GET /cormun/static/menuarrow.gif HTTP/1.1" 404 1015
186.103.159.187 - - [28/Feb/2017:15:12:31 -0300] "POST /cormun/servlet/solicitudot?gx-no-cache=1488305622740 HTTP/1.1" 200 1157
200.86.95.220 - - [28/Feb/2017:15:12:37 -0300] "POST /cormun/servlet/solicitudot?gx-no-cache=1488305628541 HTTP/1.1" 200 118
200.86.95.220 - - [28/Feb/2017:15:12:37 -0300] "GET /cormun/static/Shared/jqueryui/images/ui-bg_highlight-soft_100_c6c2c8_1x100.png HTTP/1.1" 404 1117
200.86.95.220 - - [28/Feb/2017:15:12:38 -0300] "GET /cormun/static/Shared/jqueryui/images/ui-icons_ebccce_256x240.png HTTP/1.1" 404 1089
200.86.95.220 - - [28/Feb/2017:15:12:38 -0300] "GET /cormun/static/Shared/jqueryui/images/ui-bg_flat_55_994d53_40x100.png HTTP/1.1" 404 1097
200.86.95.220 - - [28/Feb/2017:15:12:38 -0300] "GET /cormun/static/Shared/jqueryui/images/ui-icons_82798d_256x240.png HTTP/1.1" 404 1089
186.103.156.24 - - [28/Feb/2017:15:12:51 -0300] "GET /cormun/servlet/trcontratoobservaciondir? HTTP/1.1" 200 6139
186.103.156.24 - - [28/Feb/2017:15:12:51 -0300] "GET /cormun/static/gxcfg.js?201612218551235 HTTP/1.1" 200 953
186.103.156.24 - - [28/Feb/2017:15:12:51 -0300] "GET /cormun/static/trcontratoobservaciondir.js?201612218551533 HTTP/1.1" 200 27122
186.103.156.24 - - [28/Feb/2017:15:12:52 -0300] "GET /cormun/servlet/trcontratoobservaciondir? HTTP/1.1" 200 6138
186.103.156.24 - - [28/Feb/2017:15:12:56 -0300] "POST /cormun/servlet/trcontratoobservaciondir?39c5462756ce340bbca3d57a09a8cdac,,gx-no-cache=1488305719160 HTTP/1.1" 200 114
186.103.156.24 - - [28/Feb/2017:15:12:56 -0300] "POST /cormun/servlet/trcontratoobservaciondir?39c5462756ce340bbca3d57a09a8cdac,,gx-no-cache=1488305719275 HTTP/1.1" 200 3775
186.103.156.24 - - [28/Feb/2017:15:12:57 -0300] "GET /cormun/ContratoObservacionDir-4269.xls HTTP/1.1" 200 4608
200.86.95.220 - - [28/Feb/2017:15:12:58 -0300] "GET /cormun/servlet/prlicenciaspermisos?17136583,L,,MD,,gxPopupLevel%3D0%3B HTTP/1.1" 200 5459
186.103.159.187 - - [28/Feb/2017:15:13:01 -0300] "GET /cormun/static/menuarrow.gif HTTP/1.1" 404 1015
200.86.95.220 - - [28/Feb/2017:15:13:19 -0300] "POST /cormun/servlet/solicitudot?gx-no-cache=1488305670124 HTTP/1.1" 200 41
186.103.156.24 - - [28/Feb/2017:15:13:25 -0300] "GET /cormun/Manuales/ManualContratos.pdf HTTP/1.1" 200 629147
200.86.95.220 - - [28/Feb/2017:15:13:26 -0300] "GET /cormun/servlet/solicitudot?8a7899c17de10917c2be0623c6ee5b927a84c5ffb93c959c617d71ea7209f8f01344e17a488865e312db5f6565901434c3d78b9159b553c8804beeba860df20731bfc35424072c5056d248ec39e02489165b2e68920bb92564e93aac98fef42fe000db619c268a6c714ca69003f24274,gx-no-cache=1488305677251 HTTP/1.1" 200 29
200.86.95.220 - - [28/Feb/2017:15:13:26 -0300] "POST /cormun/servlet/solicitudot?gx-no-cache=1488305677338 HTTP/1.1" 200 1275
200.86.95.220 - - [28/Feb/2017:15:13:26 -0300] "POST /cormun/servlet/solicitudot?gx-no-cache=1488305677441 HTTP/1.1" 200 1156
200.86.95.220 - - [28/Feb/2017:15:13:28 -0300] "POST /cormun/servlet/solicitudot?gx-no-cache=1488305679464 HTTP/1.1" 200 1275
200.86.95.220 - - [28/Feb/2017:15:13:28 -0300] "POST /cormun/servlet/solicitudot?gx-no-cache=1488305679599 HTTP/1.1" 200 1156
200.86.95.220 - - [28/Feb/2017:15:13:33 -0300] "GET /cormun/servlet/solicitudot?8a7899c17de10917c2be0623c6ee5b92277ca9349bb1e951ac0eb78203598258709ac23b2b8c6759929a0a4b26efc9cd99d8b9ac3c837a3ec9fa791b0ea31f5afa2ca735f4d71149130cfda4ba72e433fcc12478facc3afd282ffc3da9cded701205dc22c83de1140ae9c9e0e89efc8b29c0ee2e8872b8255a720a4deabc314190f23d34f9f9c4b01fd8e03cbfa8851f4bc02cd3dfb93b069ba1c8e3cb9f83e9e5073352ecf6a45eff77956c60d2560d4836c844be069a0823986e366c6d28d3,gx-no-cache=1488305684333 HTTP/1.1" 200 30
186.103.156.24 - - [28/Feb/2017:15:13:37 -0300] "GET /cormun/servlet/trcontratoobservaciondir? HTTP/1.1" 200 6139
186.103.156.24 - - [28/Feb/2017:15:13:38 -0300] "GET /cormun/servlet/trcontratoobservaciondir? HTTP/1.1" 200 6138
186.103.159.187 - - [28/Feb/2017:15:13:39 -0300] "POST /cormun/servlet/solicitudot?gx-no-cache=1488305690376 HTTP/1.1" 200 1275
186.103.159.187 - - [28/Feb/2017:15:13:39 -0300] "POST /cormun/servlet/solicitudot?gx-no-cache=1488305690463 HTTP/1.1" 200 1158
186.103.159.187 - - [28/Feb/2017:15:13:39 -0300] "GET /cormun/servlet/solicitudot?8a5324674c6dc5e392cd8cefa4e906c16bfcb92f5695314286bf1c65cb194d41fd62cd3898fef98e198dc78b9cbc634782f258cf76c9944c09d2ae7236c2e79dfebc1efdeb0d8b9faae69b3238510fc1788cfb4da39fb3948ad94bf32e0e6498351e421fbf8e486d978cb08d59a210535cc1835b3c546f55b9818861d5c415eccf8e0bad78ae6dc7f5bd80aac1c258f0d08754b162a2c176507201666be009847c9581a4d34072289aeffd524ae6ae4e,gx-no-cache=1488305690522 HTTP/1.1" 200 30
186.103.159.187 - - [28/Feb/2017:15:13:39 -0300] "POST /cormun/servlet/solicitudot?bab811f76311ed15ebe9833d4285e297,UPD,2017,4886,,gx-no-cache=1488305690573 HTTP/1.1" 200 93
186.103.159.187 - - [28/Feb/2017:15:13:39 -0300] "GET /cormun/servlet/hpexe_return? HTTP/1.1" 200 1010
186.103.159.187 - - [28/Feb/2017:15:13:40 -0300] "GET /cormun/servlet/trsolicitudot HTTP/1.1" 200 8321
186.103.159.187 - - [28/Feb/2017:15:13:41 -0300] "GET /cormun/servlet/trsolicitudot HTTP/1.1" 200 8317
186.103.156.24 - - [28/Feb/2017:15:13:42 -0300] "GET /cormun/Manuales/ManualSolicitud.pdf HTTP/1.1" 200 850295
186.103.159.187 - - [28/Feb/2017:15:13:45 -0300] "POST /cormun/servlet/trsolicitudot?bab811f76311ed15ebe9833d4285e297,gx-no-cache=1488305696506 HTTP/1.1" 200 106
186.103.159.187 - - [28/Feb/2017:15:13:45 -0300] "GET /cormun/servlet/solicitudot?UPD,2017,4884, HTTP/1.1" 200 14214
186.103.159.187 - - [28/Feb/2017:15:13:46 -0300] "GET /cormun/servlet/solicitudot?UPD,2017,4884, HTTP/1.1" 200 14224
186.103.159.187 - - [28/Feb/2017:15:13:47 -0300] "POST /cormun/servlet/solicitudot?gx-no-cache=1488305698072 HTTP/1.1" 200 3182
186.103.159.187 - - [28/Feb/2017:15:13:47 -0300] "POST /cormun/servlet/solicitudot?bab811f76311ed15ebe9833d4285e297,UPD,2017,4884,,gx-no-cache=1488305698254 HTTP/1.1" 200 10853
186.103.159.187 - - [28/Feb/2017:15:13:47 -0300] "GET /cormun/servlet/solicitudot?8a5324674c6dc5e392cd8cefa4e906c1994fc93ef35352034026f4965e74055fccbe93727dc18f2721cbdfb93470c0e4,gx-no-cache=1488305698512 HTTP/1.1" 200 30
186.103.159.187 - - [28/Feb/2017:15:13:47 -0300] "POST /cormun/servlet/solicitudot?gx-no-cache=1488305698607 HTTP/1.1" 200 254
186.103.159.187 - - [28/Feb/2017:15:13:47 -0300] "GET /cormun/servlet/solicitudot?8a5324674c6dc5e392cd8cefa4e906c1a03ec7c9f8aeee175d3f2c23c56c1087a98853055961a07783de2b8f06b52b04688813cf9b61a3a621d467ab77a199d81c9a3ecda7f8a905a3d148bc87642da2e29dd2ee402383340e3a0ea74873d46f322fb0ca0ff4820dfca9803af25d610d6e7564c6901b1929c2bc6e8ed0522eb0421a1f4c1305b7e1c43b38af4fa460dbcb673070b090ed3fac8f4cd865a8accaf0b7b3edda3e85e3008c94c7103e55d8c0339d746298218c8c53e67fc6ef4149c14b568f59dfa0bf83e83e75cff635ba2caa6a7dabe8673451f79254b2bdb3fe15cbf519edaf5c6d2a36aa1b45b57849527aa7bfc638f61fd31cf1ad2984e8490bc4a7b14cffd9c16544b4ecb96c8a14e20bea00b7675fd26aef6c5f0f742749398da2fe93de93e16d842f269e68a6871f0ed165e94b6d5d5456dae44c5438641db4cddcb86638cc698e4738e1869b6a7d699a2f6e72cde3066ed5eb32de2e92998749777722330e2685b299947be605d9e7f2b13582f1a4f809398d016b9b5e,gx-no-cache=1488305698653 HTTP/1.1" 200 30
186.103.159.187 - - [28/Feb/2017:15:13:47 -0300] "POST /cormun/servlet/solicitudot?gx-no-cache=1488305698691 HTTP/1.1" 200 30
186.103.159.187 - - [28/Feb/2017:15:13:47 -0300] "POST /cormun/servlet/solicitudot?gx-no-cache=1488305698736 HTTP/1.1" 200 1287
186.103.159.187 - - [28/Feb/2017:15:13:48 -0300] "POST /cormun/servlet/solicitudot?gx-no-cache=1488305698792 HTTP/1.1" 200 41
186.103.156.24 - - [28/Feb/2017:15:13:48 -0300] "GET /cormun HTTP/1.1" 302 -
186.103.156.24 - - [28/Feb/2017:15:13:48 -0300] "GET /cormun/ HTTP/1.1" 404 975
186.103.156.24 - - [28/Feb/2017:15:13:48 -0300] "GET /favicon.ico HTTP/1.1" 200 21630
186.103.159.187 - - [28/Feb/2017:15:13:56 -0300] "POST /cormun/servlet/solicitudot?gx-no-cache=1488305707051 HTTP/1.1" 200 30
200.86.95.220 - - [28/Feb/2017:15:13:58 -0300] "POST /cormun/servlet/solicitudot?5136caf749805e11e5c743e6ce055aac,INS,0,0,,gx-no-cache=1488305708710 HTTP/1.1" 200 93
200.86.95.220 - - [28/Feb/2017:15:13:58 -0300] "GET /cormun/servlet/hpexe_return? HTTP/1.1" 200 1028
200.86.95.220 - - [28/Feb/2017:15:13:58 -0300] "GET /cormun/servlet/trsolicitudot?gx-no-cache=1488304394786 HTTP/1.1" 200 8023
200.86.95.220 - - [28/Feb/2017:15:14:00 -0300] "GET /cormun/servlet/trsolicitudot?gx-no-cache=1488304394786 HTTP/1.1" 200 8041
186.103.159.187 - - [28/Feb/2017:15:14:01 -0300] "GET /cormun/servlet/prcontratosol?16884972,,,,,MD,,gxPopupLevel%3D0%3B HTTP/1.1" 200 5564
186.103.156.24 - - [28/Feb/2017:15:14:11 -0300] "GET /cormun/servlet/trcontratoobservaciondir? HTTP/1.1" 200 6139
186.103.156.24 - - [28/Feb/2017:15:14:12 -0300] "GET /cormun/servlet/trcontratoobservaciondir? HTTP/1.1" 200 6138
186.103.159.187 - - [28/Feb/2017:15:14:13 -0300] "POST /cormun/servlet/solicitudot?gx-no-cache=1488305723999 HTTP/1.1" 200 1287
186.103.159.187 - - [28/Feb/2017:15:14:13 -0300] "POST /cormun/servlet/solicitudot?gx-no-cache=1488305724060 HTTP/1.1" 200 41
186.103.159.187 - - [28/Feb/2017:15:14:13 -0300] "GET /cormun/servlet/solicitudot?8a5324674c6dc5e392cd8cefa4e906c1af882d90c315d9bbdd6f5cbe1585994d6bb8f0be7da45077d18dbda98a474760d01ffbf82cbdd71717e7db9706614f1c6532cf22db674c090aa9872ea696b3a9412d12d197f2ca0f891ff357a2a197a5c6bfe85847993c709e784c59e5e7c46c86f3e3529280a9bc8151a932199a8e3fbb9cc41bd24943100cabed22b3869fdd908d7040c009da2eb8e3a00ce7fa2f98,gx-no-cache=1488305724098 HTTP/1.1" 200 29
186.103.159.187 - - [28/Feb/2017:15:14:13 -0300] "POST /cormun/servlet/solicitudot?gx-no-cache=1488305724129 HTTP/1.1" 200 1274
186.103.159.187 - - [28/Feb/2017:15:14:13 -0300] "POST /cormun/servlet/solicitudot?gx-no-cache=1488305724177 HTTP/1.1" 200 1156
200.86.95.220 - - [28/Feb/2017:15:14:16 -0300] "POST /cormun/servlet/trsolicitudot?5136caf749805e11e5c743e6ce055aac,gx-no-cache=1488304394786,gx-no-cache=1488305727443 HTTP/1.1" 200 107
200.86.95.220 - - [28/Feb/2017:15:14:16 -0300] "GET /cormun/servlet/trsolicitudadjuntos?2017,4892, HTTP/1.1" 200 5891
200.86.95.220 - - [28/Feb/2017:15:14:17 -0300] "GET /cormun/static/gxcfg.js?201612218531388 HTTP/1.1" 200 953
200.86.95.220 - - [28/Feb/2017:15:14:17 -0300] "GET /cormun/static/trsolicitudadjuntos.js?201612218531657 HTTP/1.1" 200 17913
200.86.95.220 - - [28/Feb/2017:15:14:18 -0300] "GET /cormun/servlet/trsolicitudadjuntos?2017,4892, HTTP/1.1" 200 5869
186.103.156.24 - - [28/Feb/2017:15:14:19 -0300] "GET /cormun/servlet/trvisualizadoreventos? HTTP/1.1" 200 6688
186.103.156.24 - - [28/Feb/2017:15:14:19 -0300] "GET /cormun/servlet/trvisualizadoreventos? HTTP/1.1" 200 6687
200.86.95.220 - - [28/Feb/2017:15:14:26 -0300] "GET /cormun/servlet/solicitudotadjuntos?INS,2017,4892,,1, HTTP/1.1" 200 5800
200.86.95.220 - - [28/Feb/2017:15:14:26 -0300] "GET /cormun/static/gxcfg.js?201612218465951 HTTP/1.1" 200 953
200.86.95.220 - - [28/Feb/2017:15:14:26 -0300] "GET /cormun/static/solicitudotadjuntos.js?201612218465969 HTTP/1.1" 200 11762
200.86.95.220 - - [28/Feb/2017:15:14:27 -0300] "GET /cormun/static/about:blank HTTP/1.1" 404 1011
200.86.95.220 - - [28/Feb/2017:15:14:27 -0300] "GET /cormun/servlet/solicitudotadjuntos?INS,2017,4892,,1, HTTP/1.1" 200 5794
200.86.95.220 - - [28/Feb/2017:15:14:27 -0300] "GET /cormun/servlet/solicitudotadjuntos?8a7899c17de10917c2be0623c6ee5b9275f7f4e2b3f932383b811956854a6266695c9f0595ecb3a6cb3311ebdb16cc43,gx-no-cache=1488305738461 HTTP/1.1" 200 30
200.86.95.220 - - [28/Feb/2017:15:14:27 -0300] "POST /cormun/servlet/solicitudotadjuntos?5136caf749805e11e5c743e6ce055aac,INS,2017,4892,,1,,gx-no-cache=1488305738531 HTTP/1.1" 200 3644
186.103.156.24 - - [28/Feb/2017:15:14:33 -0300] "POST /cormun/servlet/acontrolpreferencessavestate?None,GALVAREZ,true HTTP/1.1" 200 35
186.103.156.24 - - [28/Feb/2017:15:14:35 -0300] "POST /cormun/servlet/acontrolpreferencessavestate?None,GALVAREZ,true HTTP/1.1" 200 35
200.86.95.220 - - [28/Feb/2017:15:14:37 -0300] "POST /cormun/servlet/solicitudotadjuntos?gx-no-cache=1488305748204 HTTP/1.1" 200 26
186.103.159.46 - - [28/Feb/2017:15:14:38 -0300] "GET /cormun/servlet/hhome HTTP/1.1" 200 3749
186.103.159.46 - - [28/Feb/2017:15:14:39 -0300] "GET /cormun/servlet/hhome HTTP/1.1" 200 3758
186.103.156.24 - - [28/Feb/2017:15:14:42 -0300] "GET /cormun/servlet/trlicencias? HTTP/1.1" 200 6817
186.103.156.24 - - [28/Feb/2017:15:14:43 -0300] "GET /cormun/static/gxcfg.js?2016122619301429 HTTP/1.1" 200 953
186.103.156.24 - - [28/Feb/2017:15:14:43 -0300] "GET /cormun/servlet/trlicencias? HTTP/1.1" 200 6816
186.103.159.46 - - [28/Feb/2017:15:14:44 -0300] "GET /cormun/servlet/trsolicitudot? HTTP/1.1" 200 6720
186.103.159.46 - - [28/Feb/2017:15:14:46 -0300] "GET /cormun/servlet/trsolicitudot? HTTP/1.1" 200 6719
200.86.95.220 - - [28/Feb/2017:15:14:46 -0300] "GET /cormun/servlet/solicitudotadjuntos?8a7899c17de10917c2be0623c6ee5b92d15658a2cd90eb53f924af88c52e5df9,gx-no-cache=1488305757555 HTTP/1.1" 200 30
200.86.95.220 - - [28/Feb/2017:15:14:46 -0300] "GET /cormun/servlet/solicitudotadjuntos?8a7899c17de10917c2be0623c6ee5b92d15658a2cd90eb53f924af88c52e5df9,gx-no-cache=1488305757627 HTTP/1.1" 200 30
200.86.95.220 - - [28/Feb/2017:15:14:47 -0300] "POST /cormun/servlet/solicitudotadjuntos?5136caf749805e11e5c743e6ce055aac,INS,2017,4892,,1, HTTP/1.1" 200 116
186.103.159.187 - - [28/Feb/2017:15:14:47 -0300] "GET /cormun/servlet/solicitudot?8a5324674c6dc5e392cd8cefa4e906c16bfcb92f5695314286bf1c65cb194d41fd62cd3898fef98e198dc78b9cbc634782f258cf76c9944c09d2ae7236c2e79dfebc1efdeb0d8b9faae69b3238510fc1788cfb4da39fb3948ad94bf32e0e6498351e421fbf8e486d978cb08d59a210535cc1835b3c546f55b9818861d5c415eccf8e0bad78ae6dc7f5bd80aac1c258f0d08754b162a2c176507201666be009847c9581a4d34072289aeffd524ae6ae4e,gx-no-cache=1488305758466 HTTP/1.1" 200 30
200.86.95.220 - - [28/Feb/2017:15:14:47 -0300] "GET /cormun/servlet/hpexe_return? HTTP/1.1" 200 1027
186.103.159.187 - - [28/Feb/2017:15:14:47 -0300] "POST /cormun/servlet/solicitudot?bab811f76311ed15ebe9833d4285e297,UPD,2017,4884,,gx-no-cache=1488305758601 HTTP/1.1" 200 11170
186.103.159.187 - - [28/Feb/2017:15:14:48 -0300] "GET /cormun/static/Shared/jqueryui/images/ui-bg_highlight-soft_100_c6c2c8_1x100.png HTTP/1.1" 404 1117
186.103.159.187 - - [28/Feb/2017:15:14:48 -0300] "GET /cormun/static/Shared/jqueryui/images/ui-icons_82798d_256x240.png HTTP/1.1" 404 1089
186.103.159.187 - - [28/Feb/2017:15:14:48 -0300] "GET /cormun/static/Shared/jqueryui/images/ui-bg_flat_55_994d53_40x100.png HTTP/1.1" 404 1097
186.103.159.187 - - [28/Feb/2017:15:14:48 -0300] "GET /cormun/static/Shared/jqueryui/images/ui-icons_ebccce_256x240.png HTTP/1.1" 404 1089
200.86.95.220 - - [28/Feb/2017:15:14:48 -0300] "GET /cormun/servlet/trsolicitudadjuntos?2017,4892, HTTP/1.1" 200 7927
186.103.159.46 - - [28/Feb/2017:15:14:48 -0300] "GET /cormun/servlet/solicitudot?INS,0,0, HTTP/1.1" 200 12559
186.103.156.24 - - [28/Feb/2017:15:14:49 -0300] "GET /cormun HTTP/1.1" 302 -
186.103.156.24 - - [28/Feb/2017:15:14:49 -0300] "GET /cormun/ HTTP/1.1" 404 975
200.86.95.220 - - [28/Feb/2017:15:14:49 -0300] "GET /cormun/servlet/trsolicitudadjuntos?2017,4892, HTTP/1.1" 200 7924
186.103.159.46 - - [28/Feb/2017:15:14:50 -0300] "GET /cormun/servlet/solicitudot?INS,0,0, HTTP/1.1" 200 12564
200.86.95.220 - - [28/Feb/2017:15:14:53 -0300] "GET /cormun/servlet/solicitudotadjuntos?INS,2017,4892,,1, HTTP/1.1" 200 5800
200.86.95.220 - - [28/Feb/2017:15:14:54 -0300] "GET /cormun/static/about:blank HTTP/1.1" 404 1011
200.86.95.220 - - [28/Feb/2017:15:14:54 -0300] "GET /cormun/servlet/solicitudotadjuntos?INS,2017,4892,,1, HTTP/1.1" 200 5794
200.86.95.220 - - [28/Feb/2017:15:14:55 -0300] "GET /cormun/servlet/solicitudotadjuntos?8a7899c17de10917c2be0623c6ee5b9275f7f4e2b3f932383b811956854a6266695c9f0595ecb3a6cb3311ebdb16cc43,gx-no-cache=1488305765814 HTTP/1.1" 200 30
200.86.95.220 - - [28/Feb/2017:15:14:55 -0300] "POST /cormun/servlet/solicitudotadjuntos?5136caf749805e11e5c743e6ce055aac,INS,2017,4892,,1,,gx-no-cache=1488305765860 HTTP/1.1" 200 3644
186.103.159.187 - - [28/Feb/2017:15:14:59 -0300] "POST /cormun/servlet/solicitudot?gx-no-cache=1488305769842 HTTP/1.1" 200 3182
186.103.159.187 - - [28/Feb/2017:15:14:59 -0300] "POST /cormun/servlet/solicitudot?bab811f76311ed15ebe9833d4285e297,UPD,2017,4884,,gx-no-cache=1488305770003 HTTP/1.1" 200 10964
186.103.159.187 - - [28/Feb/2017:15:14:59 -0300] "GET /cormun/servlet/solicitudot?8a5324674c6dc5e392cd8cefa4e906c1994fc93ef35352034026f4965e74055fccbe93727dc18f2721cbdfb93470c0e4,gx-no-cache=1488305770226 HTTP/1.1" 200 30
186.103.159.187 - - [28/Feb/2017:15:14:59 -0300] "POST /cormun/servlet/solicitudot?gx-no-cache=1488305770271 HTTP/1.1" 200 256
186.103.159.187 - - [28/Feb/2017:15:14:59 -0300] "GET /cormun/servlet/solicitudot?8a5324674c6dc5e392cd8cefa4e906c1a03ec7c9f8aeee175d3f2c23c56c1087a98853055961a07783de2b8f06b52b04688813cf9b61a3a621d467ab77a199d81c9a3ecda7f8a905a3d148bc87642da2e29dd2ee402383340e3a0ea74873d46f322fb0ca0ff4820dfca9803af25d610d6e7564c6901b1929c2bc6e8ed0522eb0421a1f4c1305b7e1c43b38af4fa460dbcb673070b090ed3fac8f4cd865a8accaf0b7b3edda3e85e3008c94c7103e55d8c0339d746298218c8c53e67fc6ef4149c14b568f59dfa0bf83e83e75cff635ba2caa6a7dabe8673451f79254b2bdb3fe15cbf519edaf5c6d2a36aa1b45b57849527aa7bfc638f61fd31cf1ad2984e8490bc4a7b14cffd9c16544b4ecb96c8a14e20bea00b7675fd26aef6c5f0f742749398da2fe93de93e16d842f269e68a6871f0ed165e94b6d5d5456dae44c5438641db4cddcb86638cc698e4738e1869b6a7d699a2f6e72cde3066ed5eb32de2e92998749777722330e2685b299947be605d9e7f2b13582f1a4f809398d016b9b5e,gx-no-cache=1488305770314 HTTP/1.1" 200 30
186.103.159.187 - - [28/Feb/2017:15:14:59 -0300] "POST /cormun/servlet/solicitudot?gx-no-cache=1488305770347 HTTP/1.1" 200 30
200.86.95.220 - - [28/Feb/2017:15:15:02 -0300] "POST /cormun/servlet/solicitudotadjuntos?gx-no-cache=1488305772895 HTTP/1.1" 200 26
186.103.159.46 - - [28/Feb/2017:15:15:09 -0300] "POST /cormun/servlet/solicitudot?gx-no-cache=1488305780362 HTTP/1.1" 200 3207
186.103.159.46 - - [28/Feb/2017:15:15:10 -0300] "POST /cormun/servlet/solicitudot?d3358cd886ec2c42297d78223dcf2df4,INS,0,0,,gx-no-cache=1488305780678 HTTP/1.1" 200 9804
200.86.95.220 - - [28/Feb/2017:15:15:11 -0300] "GET /cormun/servlet/solicitudotadjuntos?8a7899c17de10917c2be0623c6ee5b92d15658a2cd90eb53f924af88c52e5df9,gx-no-cache=1488305781778 HTTP/1.1" 200 30
200.86.95.220 - - [28/Feb/2017:15:15:11 -0300] "GET /cormun/servlet/solicitudotadjuntos?8a7899c17de10917c2be0623c6ee5b92d15658a2cd90eb53f924af88c52e5df9,gx-no-cache=1488305781859 HTTP/1.1" 200 30
200.86.95.220 - - [28/Feb/2017:15:15:12 -0300] "POST /cormun/servlet/solicitudotadjuntos?5136caf749805e11e5c743e6ce055aac,INS,2017,4892,,1, HTTP/1.1" 200 116
200.86.95.220 - - [28/Feb/2017:15:15:12 -0300] "GET /cormun/servlet/hpexe_return? HTTP/1.1" 200 1027
186.103.159.187 - - [28/Feb/2017:15:15:12 -0300] "GET /cormun/servlet/prcontratosol?16884972,,,,,MD,,gxPopupLevel%3D0%3B HTTP/1.1" 200 5564
200.86.95.220 - - [28/Feb/2017:15:15:12 -0300] "GET /cormun/servlet/trsolicitudadjuntos?2017,4892, HTTP/1.1" 200 8133
200.86.95.220 - - [28/Feb/2017:15:15:13 -0300] "GET /cormun/servlet/trsolicitudadjuntos?2017,4892, HTTP/1.1" 200 8125
186.103.159.46 - - [28/Feb/2017:15:15:14 -0300] "GET /cormun/servlet/solicitudot?c6766c68697106e006a0edd2400f2f577ef0b6b374199f9010c95b722a2ee565221f556f125917443746dd762c739c4f,gx-no-cache=1488305785107 HTTP/1.1" 200 30
186.103.159.46 - - [28/Feb/2017:15:15:14 -0300] "POST /cormun/servlet/solicitudot?gx-no-cache=1488305785217 HTTP/1.1" 200 297
186.103.159.46 - - [28/Feb/2017:15:15:14 -0300] "GET /cormun/servlet/solicitudot?c6766c68697106e006a0edd2400f2f5703e13059dfd7241e88608078b35acdfc0fe8848156c1d1bcb57015123e720f9b7e2eff3f9df59f1f7477ab7ed8e75c282fd9ed74d12bd02b1ac60410457776741aee91256bbdf51e4c383519fbcefe88d878189a5fe005525df436e809eda41b8560c10ae44e61aa9db02dd475ebcff0b08b4e33ed1eef9a56c917aed23fe6ee628492e934e69119f09939e12771c594f2fc506b5531a49be720ff2e9b9ad9aea21f1e777d8bdc2c63edecea34f459445a65bed27972cdeed1768285c3f557cde74fa656fb98d25ad95b6bb74765524271dc742a739af678fce8853546157960e20a5cc859a568c15bf1c24e4ac3974fce399c4984db3b48603cee243be8cc756dc19b19ace3eeee95a00859be99df78d381d9fd2b97048d84ed268c3643f3aac0f790959b022a86567de05be8f1056efb03cb3f772d67096921172abb740306f4dca6dc621d83e172bbc8bdcdb7de4c38ab4ecc446ab3bf2f16115756a154dfe10ee87ecd72a2ba7ccfba1b97963434d7944c7bcd313381a1f71f65aeade03a,gx-no-cache=1488305785313 HTTP/1.1" 200 30
186.103.159.46 - - [28/Feb/2017:15:15:15 -0300] "POST /cormun/servlet/solicitudot?gx-no-cache=1488305785689 HTTP/1.1" 200 30
186.103.159.46 - - [28/Feb/2017:15:15:15 -0300] "POST /cormun/servlet/solicitudot?gx-no-cache=1488305786139 HTTP/1.1" 200 1291
186.103.159.46 - - [28/Feb/2017:15:15:16 -0300] "POST /cormun/servlet/solicitudot?gx-no-cache=1488305787172 HTTP/1.1" 200 38
200.86.95.220 - - [28/Feb/2017:15:15:24 -0300] "GET /cormun/servlet/solicitudotadjuntos?INS,2017,4892,,1, HTTP/1.1" 200 5800
200.86.95.220 - - [28/Feb/2017:15:15:24 -0300] "GET /cormun/static/about:blank HTTP/1.1" 404 1011
200.86.95.220 - - [28/Feb/2017:15:15:25 -0300] "GET /cormun/servlet/solicitudotadjuntos?INS,2017,4892,,1, HTTP/1.1" 200 5794
200.86.95.220 - - [28/Feb/2017:15:15:25 -0300] "GET /cormun/servlet/solicitudotadjuntos?8a7899c17de10917c2be0623c6ee5b9275f7f4e2b3f932383b811956854a6266695c9f0595ecb3a6cb3311ebdb16cc43,gx-no-cache=1488305796358 HTTP/1.1" 200 30
200.86.95.220 - - [28/Feb/2017:15:15:25 -0300] "POST /cormun/servlet/solicitudotadjuntos?5136caf749805e11e5c743e6ce055aac,INS,2017,4892,,1,,gx-no-cache=1488305796436 HTTP/1.1" 200 3644
200.86.95.220 - - [28/Feb/2017:15:15:30 -0300] "POST /cormun/servlet/solicitudotadjuntos?gx-no-cache=1488305801646 HTTP/1.1" 200 26
186.103.159.46 - - [28/Feb/2017:15:15:33 -0300] "GET /cormun/servlet/solicitudot?c6766c68697106e006a0edd2400f2f572ae02be8161bfb9bbfaae12e9d674797438acff216bf837d7be537dc2afb05e2658425f01a75710dd41f646ac9585d97108e41c2c3417d7cb378a5ccb4683fa1982ebc6566cd5d672825d524238951683013d0c0cf9290c884e87e23490fa616,gx-no-cache=1488305804086 HTTP/1.1" 200 29
186.103.159.46 - - [28/Feb/2017:15:15:33 -0300] "POST /cormun/servlet/solicitudot?gx-no-cache=1488305804180 HTTP/1.1" 200 1273
186.103.159.46 - - [28/Feb/2017:15:15:33 -0300] "POST /cormun/servlet/solicitudot?gx-no-cache=1488305804286 HTTP/1.1" 200 1156
186.103.159.46 - - [28/Feb/2017:15:15:33 -0300] "GET /cormun/static/menuarrow.gif HTTP/1.1" 404 1015
186.103.159.46 - - [28/Feb/2017:15:15:38 -0300] "POST /cormun/servlet/solicitudot?gx-no-cache=1488305809011 HTTP/1.1" 200 1273
186.103.159.46 - - [28/Feb/2017:15:15:38 -0300] "POST /cormun/servlet/solicitudot?gx-no-cache=1488305809161 HTTP/1.1" 200 1156
200.86.95.220 - - [28/Feb/2017:15:15:50 -0300] "GET /cormun/servlet/solicitudotadjuntos?8a7899c17de10917c2be0623c6ee5b92d15658a2cd90eb53f924af88c52e5df9,gx-no-cache=1488305820873 HTTP/1.1" 200 30
200.86.95.220 - - [28/Feb/2017:15:15:50 -0300] "GET /cormun/servlet/solicitudotadjuntos?8a7899c17de10917c2be0623c6ee5b92d15658a2cd90eb53f924af88c52e5df9,gx-no-cache=1488305820911 HTTP/1.1" 200 30
200.86.95.220 - - [28/Feb/2017:15:15:50 -0300] "POST /cormun/servlet/solicitudotadjuntos?5136caf749805e11e5c743e6ce055aac,INS,2017,4892,,1, HTTP/1.1" 200 116
200.86.95.220 - - [28/Feb/2017:15:15:50 -0300] "GET /cormun/servlet/hpexe_return? HTTP/1.1" 200 1027
200.86.95.220 - - [28/Feb/2017:15:15:51 -0300] "GET /cormun/servlet/trsolicitudadjuntos?2017,4892, HTTP/1.1" 200 8282
200.86.95.220 - - [28/Feb/2017:15:15:52 -0300] "GET /cormun/servlet/trsolicitudadjuntos?2017,4892, HTTP/1.1" 200 8280
200.86.95.220 - - [28/Feb/2017:15:15:57 -0300] "GET /cormun/servlet/solicitudotadjuntos?INS,2017,4892,,1, HTTP/1.1" 200 5800
186.103.159.46 - - [28/Feb/2017:15:15:57 -0300] "GET /cormun/servlet/solicitudot?c6766c68697106e006a0edd2400f2f57ba9ccc192dd7a98e1f288701e812bdb6b93664882b23c19feac6bd9db30432ead6e4fc7f5b0ae6cea1003e4b7cb108c5248336f16b71165200f9c04bf9448edd736f4b6aa81bdfbcf49181317164cda3c9cf31c2a78699ed29665ad41227065055b99d2eb8abb75ec4330bb61ed74cc8b124d7aa481e1f50e2cd5fb61407bd8dfcbf8590d98dfc2eea401e3416e2ee6ae530c43f603a1fe0e51182d63d58147c,gx-no-cache=1488305827857 HTTP/1.1" 200 30
200.86.95.220 - - [28/Feb/2017:15:15:57 -0300] "GET /cormun/static/about:blank HTTP/1.1" 404 1011
200.86.95.220 - - [28/Feb/2017:15:15:58 -0300] "GET /cormun/servlet/solicitudotadjuntos?INS,2017,4892,,1, HTTP/1.1" 200 5794
200.86.95.220 - - [28/Feb/2017:15:15:58 -0300] "GET /cormun/servlet/solicitudotadjuntos?8a7899c17de10917c2be0623c6ee5b9275f7f4e2b3f932383b811956854a6266695c9f0595ecb3a6cb3311ebdb16cc43,gx-no-cache=1488305829425 HTTP/1.1" 200 30
200.86.95.220 - - [28/Feb/2017:15:15:59 -0300] "POST /cormun/servlet/solicitudotadjuntos?5136caf749805e11e5c743e6ce055aac,INS,2017,4892,,1,,gx-no-cache=1488305829524 HTTP/1.1" 200 3644
200.86.95.220 - - [28/Feb/2017:15:16:02 -0300] "POST /cormun/servlet/solicitudotadjuntos?gx-no-cache=1488305833695 HTTP/1.1" 200 26
200.86.95.220 - - [28/Feb/2017:15:16:18 -0300] "GET /cormun/servlet/solicitudotadjuntos?8a7899c17de10917c2be0623c6ee5b92d15658a2cd90eb53f924af88c52e5df9,gx-no-cache=1488305849346 HTTP/1.1" 200 30
200.86.95.220 - - [28/Feb/2017:15:16:18 -0300] "GET /cormun/servlet/solicitudotadjuntos?8a7899c17de10917c2be0623c6ee5b92d15658a2cd90eb53f924af88c52e5df9,gx-no-cache=1488305849413 HTTP/1.1" 200 30
186.103.159.187 - - [28/Feb/2017:15:16:19 -0300] "POST /cormun/servlet/solicitudot?gx-no-cache=1488305849872 HTTP/1.1" 200 1287
186.103.159.187 - - [28/Feb/2017:15:16:19 -0300] "POST /cormun/servlet/solicitudot?gx-no-cache=1488305849968 HTTP/1.1" 200 41
200.86.95.220 - - [28/Feb/2017:15:16:19 -0300] "POST /cormun/servlet/solicitudotadjuntos?5136caf749805e11e5c743e6ce055aac,INS,2017,4892,,1, HTTP/1.1" 200 116
186.103.159.187 - - [28/Feb/2017:15:16:19 -0300] "POST /cormun/servlet/solicitudot?gx-no-cache=1488305850034 HTTP/1.1" 200 1274
186.103.159.187 - - [28/Feb/2017:15:16:19 -0300] "POST /cormun/servlet/solicitudot?gx-no-cache=1488305850085 HTTP/1.1" 200 1156
200.86.95.220 - - [28/Feb/2017:15:16:19 -0300] "GET /cormun/servlet/hpexe_return? HTTP/1.1" 200 1027
200.86.95.220 - - [28/Feb/2017:15:16:19 -0300] "GET /cormun/servlet/trsolicitudadjuntos?2017,4892, HTTP/1.1" 200 8422
200.86.95.220 - - [28/Feb/2017:15:16:21 -0300] "GET /cormun/servlet/trsolicitudadjuntos?2017,4892, HTTP/1.1" 200 8420
200.86.95.220 - - [28/Feb/2017:15:16:23 -0300] "GET /cormun/servlet/solicitudotadjuntos?INS,2017,4892,,1, HTTP/1.1" 200 5801
200.86.95.220 - - [28/Feb/2017:15:16:23 -0300] "GET /cormun/static/about:blank HTTP/1.1" 404 1011
200.86.95.220 - - [28/Feb/2017:15:16:24 -0300] "GET /cormun/servlet/solicitudotadjuntos?INS,2017,4892,,1, HTTP/1.1" 200 5795
200.86.95.220 - - [28/Feb/2017:15:16:25 -0300] "GET /cormun/servlet/solicitudotadjuntos?8a7899c17de10917c2be0623c6ee5b9275f7f4e2b3f932383b811956854a6266695c9f0595ecb3a6cb3311ebdb16cc43,gx-no-cache=1488305855762 HTTP/1.1" 200 30
200.86.95.220 - - [28/Feb/2017:15:16:25 -0300] "POST /cormun/servlet/solicitudotadjuntos?5136caf749805e11e5c743e6ce055aac,INS,2017,4892,,1,,gx-no-cache=1488305855905 HTTP/1.1" 200 3644
186.103.159.46 - - [28/Feb/2017:15:16:28 -0300] "POST /cormun/servlet/solicitudot?gx-no-cache=1488305859313 HTTP/1.1" 200 30
186.103.159.187 - - [28/Feb/2017:15:16:30 -0300] "GET /cormun/servlet/prsolicitudot?16884972,,,,,MD,,gxPopupLevel%3D0%3B HTTP/1.1" 200 5915
186.103.159.187 - - [28/Feb/2017:15:16:30 -0300] "GET /cormun/static/gxcfg.js?20161221854215 HTTP/1.1" 200 953
186.103.159.187 - - [28/Feb/2017:15:16:30 -0300] "GET /cormun/static/prsolicitudot.js?201612218542259 HTTP/1.1" 200 13680
200.86.95.220 - - [28/Feb/2017:15:16:33 -0300] "POST /cormun/servlet/solicitudotadjuntos?gx-no-cache=1488305863833 HTTP/1.1" 200 26
200.86.95.220 - - [28/Feb/2017:15:16:40 -0300] "GET /cormun/servlet/solicitudotadjuntos?8a7899c17de10917c2be0623c6ee5b92d15658a2cd90eb53f924af88c52e5df9,gx-no-cache=1488305871707 HTTP/1.1" 200 30
200.86.95.220 - - [28/Feb/2017:15:16:41 -0300] "GET /cormun/servlet/solicitudotadjuntos?8a7899c17de10917c2be0623c6ee5b92d15658a2cd90eb53f924af88c52e5df9,gx-no-cache=1488305871770 HTTP/1.1" 200 30
200.86.95.220 - - [28/Feb/2017:15:16:41 -0300] "POST /cormun/servlet/solicitudotadjuntos?5136caf749805e11e5c743e6ce055aac,INS,2017,4892,,1, HTTP/1.1" 200 116
200.86.95.220 - - [28/Feb/2017:15:16:42 -0300] "GET /cormun/servlet/hpexe_return? HTTP/1.1" 200 1027
200.86.95.220 - - [28/Feb/2017:15:16:42 -0300] "GET /cormun/servlet/trsolicitudadjuntos?2017,4892, HTTP/1.1" 200 8556
200.86.95.220 - - [28/Feb/2017:15:16:44 -0300] "GET /cormun/servlet/trsolicitudadjuntos?2017,4892, HTTP/1.1" 200 8556
186.103.159.187 - - [28/Feb/2017:15:16:45 -0300] "POST /cormun/servlet/solicitudot?gx-no-cache=1488305876384 HTTP/1.1" 200 1287
186.103.159.187 - - [28/Feb/2017:15:16:45 -0300] "POST /cormun/servlet/solicitudot?gx-no-cache=1488305876463 HTTP/1.1" 200 41
186.103.159.187 - - [28/Feb/2017:15:16:45 -0300] "POST /cormun/servlet/solicitudot?gx-no-cache=1488305876497 HTTP/1.1" 200 1274
186.103.159.187 - - [28/Feb/2017:15:16:45 -0300] "POST /cormun/servlet/solicitudot?gx-no-cache=1488305876548 HTTP/1.1" 200 1156
200.86.95.220 - - [28/Feb/2017:15:16:47 -0300] "GET /cormun/servlet/solicitudotadjuntos?INS,2017,4892,,1, HTTP/1.1" 200 5801
200.86.95.220 - - [28/Feb/2017:15:16:47 -0300] "GET /cormun/static/about:blank HTTP/1.1" 404 1011
186.103.159.46 - - [28/Feb/2017:15:16:47 -0300] "POST /cormun/servlet/solicitudot?gx-no-cache=1488305878563 HTTP/1.1" 200 1289
186.103.159.46 - - [28/Feb/2017:15:16:47 -0300] "POST /cormun/servlet/solicitudot?gx-no-cache=1488305878692 HTTP/1.1" 200 41
186.103.159.46 - - [28/Feb/2017:15:16:48 -0300] "POST /cormun/servlet/solicitudot?gx-no-cache=1488305878754 HTTP/1.1" 200 1273
186.103.159.46 - - [28/Feb/2017:15:16:48 -0300] "POST /cormun/servlet/solicitudot?gx-no-cache=1488305878830 HTTP/1.1" 200 1156
186.103.159.46 - - [28/Feb/2017:15:16:48 -0300] "GET /cormun/servlet/solicitudot?c6766c68697106e006a0edd2400f2f57ba9ccc192dd7a98e1f288701e812bdb6b93664882b23c19feac6bd9db30432ead6e4fc7f5b0ae6cea1003e4b7cb108c5248336f16b71165200f9c04bf9448edd736f4b6aa81bdfbcf49181317164cda3c9cf31c2a78699ed29665ad41227065055b99d2eb8abb75ec4330bb61ed74cc8b124d7aa481e1f50e2cd5fb61407bd8dfcbf8590d98dfc2eea401e3416e2ee6ae530c43f603a1fe0e51182d63d58147c,gx-no-cache=1488305878910 HTTP/1.1" 200 30
186.103.159.46 - - [28/Feb/2017:15:16:48 -0300] "POST /cormun/servlet/solicitudot?d3358cd886ec2c42297d78223dcf2df4,INS,0,0,,gx-no-cache=1488305878984 HTTP/1.1" 200 93
200.86.95.220 - - [28/Feb/2017:15:16:48 -0300] "GET /cormun/servlet/solicitudotadjuntos?INS,2017,4892,,1, HTTP/1.1" 200 5795
186.103.159.46 - - [28/Feb/2017:15:16:48 -0300] "GET /cormun/servlet/hpexe_return? HTTP/1.1" 200 1001
200.86.95.220 - - [28/Feb/2017:15:16:49 -0300] "GET /cormun/servlet/solicitudotadjuntos?8a7899c17de10917c2be0623c6ee5b9275f7f4e2b3f932383b811956854a6266695c9f0595ecb3a6cb3311ebdb16cc43,gx-no-cache=1488305879732 HTTP/1.1" 200 30
186.103.159.46 - - [28/Feb/2017:15:16:49 -0300] "GET /cormun/servlet/trsolicitudot HTTP/1.1" 200 7969
200.86.95.220 - - [28/Feb/2017:15:16:49 -0300] "POST /cormun/servlet/solicitudotadjuntos?5136caf749805e11e5c743e6ce055aac,INS,2017,4892,,1,,gx-no-cache=1488305879820 HTTP/1.1" 200 3644
186.103.159.46 - - [28/Feb/2017:15:16:50 -0300] "GET /cormun/servlet/trsolicitudot HTTP/1.1" 200 7965
200.86.95.220 - - [28/Feb/2017:15:16:52 -0300] "POST /cormun/servlet/solicitudotadjuntos?gx-no-cache=1488305883425 HTTP/1.1" 200 26
186.103.159.187 - - [28/Feb/2017:15:16:55 -0300] "GET /cormun/servlet/solicitudot?8a5324674c6dc5e392cd8cefa4e906c16bfcb92f5695314286bf1c65cb194d41d56517b36174a449c7a6e41c0ebcd8e551a5151378d6ef7536f53d812d384231f89a4ac34c43d19a3b2ad4b07209605c9a3235e9d9f4c2e7f4daf6de0d0a5cf4acf9eeb830c245e4bce0d3ee891e8010fa0e3fc9f79aa8edf94de7838fefeeaf5dcd07ce3fe564ff2b6da793d10a2d3a304932b98aba38789184421eed9723e1cf3f4fece89e28ccae2d7d238c3678b6,gx-no-cache=1488305885875 HTTP/1.1" 200 30
186.103.159.187 - - [28/Feb/2017:15:16:55 -0300] "POST /cormun/servlet/solicitudot?bab811f76311ed15ebe9833d4285e297,UPD,2017,4884,,gx-no-cache=1488305885927 HTTP/1.1" 200 93
186.103.159.187 - - [28/Feb/2017:15:16:55 -0300] "GET /cormun/servlet/hpexe_return? HTTP/1.1" 200 1010
186.103.159.187 - - [28/Feb/2017:15:16:55 -0300] "GET /cormun/servlet/trsolicitudot HTTP/1.1" 200 8346
186.103.159.187 - - [28/Feb/2017:15:16:56 -0300] "GET /cormun/servlet/trsolicitudot HTTP/1.1" 200 8342
200.86.95.220 - - [28/Feb/2017:15:16:59 -0300] "GET /cormun/servlet/solicitudotadjuntos?8a7899c17de10917c2be0623c6ee5b92d15658a2cd90eb53f924af88c52e5df9,gx-no-cache=1488305890309 HTTP/1.1" 200 30
200.86.95.220 - - [28/Feb/2017:15:16:59 -0300] "GET /cormun/servlet/solicitudotadjuntos?8a7899c17de10917c2be0623c6ee5b92d15658a2cd90eb53f924af88c52e5df9,gx-no-cache=1488305890366 HTTP/1.1" 200 30
200.86.95.220 - - [28/Feb/2017:15:17:00 -0300] "POST /cormun/servlet/solicitudotadjuntos?5136caf749805e11e5c743e6ce055aac,INS,2017,4892,,1, HTTP/1.1" 200 116
200.86.95.220 - - [28/Feb/2017:15:17:00 -0300] "GET /cormun/servlet/hpexe_return? HTTP/1.1" 200 1027
200.86.95.220 - - [28/Feb/2017:15:17:00 -0300] "GET /cormun/servlet/trsolicitudadjuntos?2017,4892, HTTP/1.1" 200 8768
200.86.95.220 - - [28/Feb/2017:15:17:02 -0300] "GET /cormun/servlet/trsolicitudadjuntos?2017,4892, HTTP/1.1" 200 8769
200.86.95.220 - - [28/Feb/2017:15:17:06 -0300] "GET /cormun/servlet/solicitudotadjuntos?INS,2017,4892,,2, HTTP/1.1" 200 5800
200.86.95.220 - - [28/Feb/2017:15:17:06 -0300] "GET /cormun/static/about:blank HTTP/1.1" 404 1011
200.86.95.220 - - [28/Feb/2017:15:17:07 -0300] "GET /cormun/servlet/solicitudotadjuntos?INS,2017,4892,,2, HTTP/1.1" 200 5794
200.86.95.220 - - [28/Feb/2017:15:17:07 -0300] "GET /cormun/servlet/solicitudotadjuntos?8a7899c17de10917c2be0623c6ee5b9275f7f4e2b3f932383b811956854a6266695c9f0595ecb3a6cb3311ebdb16cc43,gx-no-cache=1488305898584 HTTP/1.1" 200 30
200.86.95.220 - - [28/Feb/2017:15:17:07 -0300] "POST /cormun/servlet/solicitudotadjuntos?5136caf749805e11e5c743e6ce055aac,INS,2017,4892,,2,,gx-no-cache=1488305898632 HTTP/1.1" 200 3859
186.103.156.24 - - [28/Feb/2017:15:17:10 -0300] "GET /cormun/servlet/hlogin HTTP/1.1" 200 1727
186.103.156.24 - - [28/Feb/2017:15:17:10 -0300] "GET /cormun/static/gxcfg.js?201612216162538 HTTP/1.1" 200 953
186.103.156.24 - - [28/Feb/2017:15:17:10 -0300] "GET /cormun/static/Resources/Spanish/PXTools.css?167811 HTTP/1.1" 200 89042
186.103.156.24 - - [28/Feb/2017:15:17:10 -0300] "GET /cormun/static/gxgral.js?85251 HTTP/1.1" 200 384558
186.103.156.24 - - [28/Feb/2017:15:17:11 -0300] "GET /cormun/static/gxtimezone.js?85251 HTTP/1.1" 200 5781
186.103.156.24 - - [28/Feb/2017:15:17:11 -0300] "GET /cormun/static/messages.spa.js?85251 HTTP/1.1" 200 30736
186.103.156.24 - - [28/Feb/2017:15:17:11 -0300] "GET /cormun/static/hlogin.js?201612216162555 HTTP/1.1" 200 2136
186.103.156.24 - - [28/Feb/2017:15:17:11 -0300] "GET /cormun/static/Resources/PXToolsLoginTop.png HTTP/1.1" 200 1337
186.103.156.24 - - [28/Feb/2017:15:17:11 -0300] "GET /cormun/static/Resources/PXToolsLoginBackground.png HTTP/1.1" 200 1164
186.103.156.24 - - [28/Feb/2017:15:17:11 -0300] "GET /cormun/static/Resources/PXToolsButtonLeft21.png HTTP/1.1" 200 1287
186.103.156.24 - - [28/Feb/2017:15:17:11 -0300] "GET /cormun/static/Resources/PXToolsButtonRight21.png HTTP/1.1" 200 1283
186.103.156.24 - - [28/Feb/2017:15:17:11 -0300] "GET /cormun/static/Resources/ComunLogin.png HTTP/1.1" 200 17326
186.103.156.24 - - [28/Feb/2017:15:17:11 -0300] "GET /cormun/static/Resources/PXToolsButtonBackground2.png HTTP/1.1" 200 1181
186.103.156.24 - - [28/Feb/2017:15:17:11 -0300] "GET /cormun/static/Resources/PXToolsLoginBottom.png HTTP/1.1" 200 1389
186.103.156.24 - - [28/Feb/2017:15:17:11 -0300] "GET /cormun/static/Resources/indicator.gif HTTP/1.1" 200 1553
186.103.156.24 - - [28/Feb/2017:15:17:11 -0300] "GET /cormun/servlet/hlogin HTTP/1.1" 200 1731
186.103.159.46 - - [28/Feb/2017:15:17:22 -0300] "POST /cormun/servlet/trsolicitudot?d3358cd886ec2c42297d78223dcf2df4,gx-no-cache=1488305913154 HTTP/1.1" 200 106
186.103.159.46 - - [28/Feb/2017:15:17:22 -0300] "GET /cormun/servlet/solicitudot?UPD,2017,4893, HTTP/1.1" 200 14291
186.103.159.46 - - [28/Feb/2017:15:17:24 -0300] "GET /cormun/servlet/solicitudot?UPD,2017,4893, HTTP/1.1" 200 14300
186.103.159.46 - - [28/Feb/2017:15:17:24 -0300] "POST /cormun/servlet/solicitudot?gx-no-cache=1488305915560 HTTP/1.1" 200 3207
186.103.159.46 - - [28/Feb/2017:15:17:25 -0300] "POST /cormun/servlet/solicitudot?d3358cd886ec2c42297d78223dcf2df4,UPD,2017,4893,,gx-no-cache=1488305915843 HTTP/1.1" 200 10891
186.103.159.46 - - [28/Feb/2017:15:17:25 -0300] "GET /cormun/servlet/solicitudot?c6766c68697106e006a0edd2400f2f577ef0b6b374199f9010c95b722a2ee565cbd73a30250bdcab2451e0044963349c,gx-no-cache=1488305916233 HTTP/1.1" 200 30
186.103.159.46 - - [28/Feb/2017:15:17:25 -0300] "POST /cormun/servlet/solicitudot?gx-no-cache=1488305916340 HTTP/1.1" 200 297
186.103.159.46 - - [28/Feb/2017:15:17:26 -0300] "GET /cormun/servlet/solicitudot?c6766c68697106e006a0edd2400f2f5703e13059dfd7241e88608078b35acdfc0fe8848156c1d1bcb57015123e720f9b7e2eff3f9df59f1f7477ab7ed8e75c282fd9ed74d12bd02b1ac60410457776741aee91256bbdf51e4c383519fbcefe88d878189a5fe005525df436e809eda41b8560c10ae44e61aa9db02dd475ebcff0b08b4e33ed1eef9a56c917aed23fe6ee628492e934e69119f09939e12771c594f2fc506b5531a49be720ff2e9b9ad9aea21f1e777d8bdc2c63edecea34f459445a65bed27972cdeed1768285c3f557cde74fa656fb98d25ad95b6bb74765524271dc742a739af678fce8853546157960e20a5cc859a568c15bf1c24e4ac3974fce399c4984db3b48603cee243be8cc756dc19b19ace3eeee95a00859be99df78d381d9fd2b97048d84ed268c3643f3aac0f790959b022a86567de05be8f1056efb03cb3f772d67096921172abb740306f4dca6dc621d83e172bbc8bdcdb7de4c38ab4ecc446ab3bf2f16115756a154dfab7ea33cedab4106b7e28b65ce3b0837d7944c7bcd313381a1f71f65aeade03a,gx-no-cache=1488305916437 HTTP/1.1" 200 30
186.103.159.46 - - [28/Feb/2017:15:17:26 -0300] "POST /cormun/servlet/solicitudot?gx-no-cache=1488305916840 HTTP/1.1" 200 30
186.103.159.46 - - [28/Feb/2017:15:17:26 -0300] "POST /cormun/servlet/solicitudot?gx-no-cache=1488305916969 HTTP/1.1" 200 1289
186.103.159.46 - - [28/Feb/2017:15:17:26 -0300] "POST /cormun/servlet/solicitudot?gx-no-cache=1488305917545 HTTP/1.1" 200 41
186.103.159.187 - - [28/Feb/2017:15:17:48 -0300] "GET /cormun/servlet/solicitudot?INS,0,0, HTTP/1.1" 200 12543
186.103.159.187 - - [28/Feb/2017:15:17:49 -0300] "GET /cormun/servlet/solicitudot?INS,0,0, HTTP/1.1" 200 12548
186.103.156.24 - - [28/Feb/2017:15:18:02 -0300] "POST /cormun/servlet/hlogin?bc68fbf3a27478ebbf72d79632a6b135,gx-no-cache=1488305955077 HTTP/1.1" 200 448
186.103.159.187 - - [28/Feb/2017:15:18:05 -0300] "POST /cormun/servlet/solicitudot?gx-no-cache=1488305956279 HTTP/1.1" 200 3081
186.103.159.187 - - [28/Feb/2017:15:18:05 -0300] "POST /cormun/servlet/solicitudot?bab811f76311ed15ebe9833d4285e297,INS,0,0,,gx-no-cache=1488305956508 HTTP/1.1" 200 9678
186.103.159.46 - - [28/Feb/2017:15:18:13 -0300] "GET /cormun/servlet/solicitudot?c6766c68697106e006a0edd2400f2f572b522e84a5fb15d046ca646bfb864d4542d21346b08535259bfd55160b2a4b3139b9c15f0f54598248dd81f6977868c9b8e8b276f3269c8cb0d3bf16231d7be14c54471b7e15c8040e2f26091444f0283b2cb3f7599fdad92353a370dbb1409f,gx-no-cache=1488305964586 HTTP/1.1" 200 29
186.103.159.46 - - [28/Feb/2017:15:18:14 -0300] "POST /cormun/servlet/solicitudot?gx-no-cache=1488305964683 HTTP/1.1" 200 1273
186.103.159.46 - - [28/Feb/2017:15:18:14 -0300] "POST /cormun/servlet/solicitudot?gx-no-cache=1488305964793 HTTP/1.1" 200 1156
199.30.24.231 - - [28/Feb/2017:15:18:17 -0300] "GET /cormun/static/Resources/indicator.gif HTTP/1.1" 200 1553
199.30.24.231 - - [28/Feb/2017:15:18:17 -0300] "GET /cormun/servlet/hhome HTTP/1.1" 200 3330
199.30.24.231 - - [28/Feb/2017:15:18:18 -0300] "GET /cormun/static/SmoothNavMenu/resources/ddsmoothmenu-v.css?1112540 HTTP/1.1" 200 1188
199.30.24.231 - - [28/Feb/2017:15:18:18 -0300] "GET /cormun/static/SmoothNavMenu/resources/ddsmoothmenu.css?1112540 HTTP/1.1" 200 2223
199.30.24.231 - - [28/Feb/2017:15:18:18 -0300] "GET /cormun/static/Shared/jqueryui/jquery-ui.min.css?1345370 HTTP/1.1" 200 30288
199.30.24.231 - - [28/Feb/2017:15:18:18 -0300] "GET /cormun/static/scaMessage/css/jquery.pnotify.default.css?1816380 HTTP/1.1" 200 1707
199.30.24.231 - - [28/Feb/2017:15:18:18 -0300] "GET /cormun/static/Resources/Spanish/PXTools.css?18365030 HTTP/1.1" 200 89042
199.30.24.231 - - [28/Feb/2017:15:18:19 -0300] "GET /cormun/static/PXToolsJavascripts/pexe_autoreload.js HTTP/1.1" 200 1762
200.86.95.220 - - [28/Feb/2017:15:18:19 -0300] "POST /cormun/servlet/solicitudotadjuntos?5136caf749805e11e5c743e6ce055aac,INS,2017,4892,,2,,gx-no-cache=1488305970311 HTTP/1.1" 200 93
