186.79.89.184 - - [28/Feb/2017:12:43:43 -0300] "GET /cormun/static/PXToolsJavascripts/pexe_upload.js HTTP/1.1" 200 1423
186.79.89.184 - - [28/Feb/2017:12:43:43 -0300] "GET /cormun/static/PXToolsJavascripts/PXToolsJavascriptsRender.js HTTP/1.1" 200 367
186.79.89.184 - - [28/Feb/2017:12:43:43 -0300] "GET /cormun/static/RunJS/RunJS.js HTTP/1.1" 200 288
186.79.89.184 - - [28/Feb/2017:12:43:43 -0300] "GET /cormun/static/Shared/ext/locale/ext-lang-en.js HTTP/1.1" 200 10940
186.79.89.184 - - [28/Feb/2017:12:43:43 -0300] "GET /cormun/static/hhome.js?201612218515573 HTTP/1.1" 304 -
186.79.89.184 - - [28/Feb/2017:12:43:43 -0300] "GET /cormun/static/hwchdr01.js?201612218432057 HTTP/1.1" 200 1183
186.79.89.184 - - [28/Feb/2017:12:43:43 -0300] "GET /cormun/static/gxui/gxui-all.js HTTP/1.1" 200 107772
186.79.89.184 - - [28/Feb/2017:12:43:43 -0300] "GET /cormun/static/Resources/PXToolsHeaderPreferences.png HTTP/1.1" 200 4189
186.79.89.184 - - [28/Feb/2017:12:43:43 -0300] "GET /cormun/static/Resources/logo4.png HTTP/1.1" 200 6582
186.79.89.184 - - [28/Feb/2017:12:43:43 -0300] "GET /cormun/static/Resources/PXToolsHeaderActionsLeft.png HTTP/1.1" 200 1118
186.79.89.184 - - [28/Feb/2017:12:43:43 -0300] "GET /cormun/static/Resources/PXToolsHeaderLogin.png HTTP/1.1" 200 4279
186.79.89.184 - - [28/Feb/2017:12:43:43 -0300] "GET /cormun/static/Resources/PXToolsDataTitle.png HTTP/1.1" 200 1173
186.103.158.250 - - [28/Feb/2017:12:43:43 -0300] "GET /cormun/servlet/trsolicitudadjuntos?2017,4882, HTTP/1.1" 200 8556
186.79.89.184 - - [28/Feb/2017:12:43:43 -0300] "GET /cormun/static/Resources/PXToolsHeaderActionsBackground.png HTTP/1.1" 200 484
186.79.89.184 - - [28/Feb/2017:12:43:43 -0300] "GET /cormun/static/Resources/PXToolsFooterBackground2.png HTTP/1.1" 200 1172
186.79.89.184 - - [28/Feb/2017:12:43:43 -0300] "GET /cormun/static/Resources/PXToolsHeaderSecurity.png HTTP/1.1" 200 4166
186.79.89.184 - - [28/Feb/2017:12:43:43 -0300] "GET /cormun/static/Resources/PXToolsHeaderActionsRight.png HTTP/1.1" 200 1201
186.79.89.184 - - [28/Feb/2017:12:43:43 -0300] "GET /cormun/static/Resources/PXToolsHeaderBackground2.png HTTP/1.1" 200 1174
186.79.89.184 - - [28/Feb/2017:12:43:43 -0300] "GET /cormun/static/Resources/PXToolsHeaderHome.png HTTP/1.1" 200 4147
186.79.89.184 - - [28/Feb/2017:12:43:43 -0300] "GET /cormun/static/hpexe_recentlink.js?201610171694390 HTTP/1.1" 200 2144
186.79.89.184 - - [28/Feb/2017:12:43:43 -0300] "GET /cormun/static/hpexe_scripts.js?201612218432016 HTTP/1.1" 200 1544
186.79.89.184 - - [28/Feb/2017:12:43:43 -0300] "GET /cormun/static/hpexe_messagecontroller.js?201610171694323 HTTP/1.1" 304 -
186.79.89.184 - - [28/Feb/2017:12:43:43 -0300] "GET /cormun/static/hpexe_messagepopupcomponent.js?20161017169425 HTTP/1.1" 304 -
186.79.89.184 - - [28/Feb/2017:12:43:43 -0300] "GET /cormun/static/hpexe_messagegenexuscomponent.js?201612218431816 HTTP/1.1" 304 -
186.79.89.184 - - [28/Feb/2017:12:43:43 -0300] "GET /cormun/static/cmcontrolpreferences.js?201612218431999 HTTP/1.1" 200 1375
186.79.89.184 - - [28/Feb/2017:12:43:44 -0300] "GET /cormun/static/SmoothNavMenu/resources/ddsmoothmenu.js HTTP/1.1" 200 12712
186.79.89.184 - - [28/Feb/2017:12:43:44 -0300] "GET /cormun/static/SmoothNavMenu/resources/SmoothNavMenuRender.js HTTP/1.1" 200 5951
186.79.89.184 - - [28/Feb/2017:12:43:44 -0300] "GET /cormun/static/scaMessage/js/jquery.pnotify.min.js HTTP/1.1" 200 13038
186.79.89.184 - - [28/Feb/2017:12:43:44 -0300] "GET /cormun/static/scaMessage/scaMessageRender.js HTTP/1.1" 200 11977
186.79.89.184 - - [28/Feb/2017:12:43:44 -0300] "GET /cormun/static/Shared/jquery/jquery-1.4.2.min.js HTTP/1.1" 200 72174
186.79.89.184 - - [28/Feb/2017:12:43:44 -0300] "GET /cormun/static/hmpwkw03.js?20161221852152 HTTP/1.1" 200 3965
186.103.158.250 - - [28/Feb/2017:12:43:44 -0300] "GET /cormun/servlet/trsolicitudadjuntos?2017,4882, HTTP/1.1" 200 8556
186.79.89.184 - - [28/Feb/2017:12:43:45 -0300] "GET /cormun/static/Shared/jquery/jquery-1.10.2.min.js HTTP/1.1" 200 273199
186.79.89.184 - - [28/Feb/2017:12:43:46 -0300] "GET /cormun/static/Shared/jqueryui/jquery-ui.min.js HTTP/1.1" 200 240427
186.103.158.250 - - [28/Feb/2017:12:43:48 -0300] "GET /cormun/servlet/solicitudotadjuntos?INS,2017,4882,,1, HTTP/1.1" 200 5779
186.79.89.184 - - [28/Feb/2017:12:43:48 -0300] "GET /cormun/static/Shared/ext/ext-all.js HTTP/1.1" 200 1289687
186.103.158.250 - - [28/Feb/2017:12:43:48 -0300] "GET /cormun/static/about:blank HTTP/1.1" 404 1011
186.79.89.184 - - [28/Feb/2017:12:43:49 -0300] "GET /cormun/servlet/hhome HTTP/1.1" 200 3962
186.79.89.184 - - [28/Feb/2017:12:43:49 -0300] "GET /cormun/static/SmoothNavMenu/resources/images/down.gif HTTP/1.1" 200 854
186.103.158.250 - - [28/Feb/2017:12:43:49 -0300] "GET /cormun/servlet/solicitudotadjuntos?INS,2017,4882,,1, HTTP/1.1" 200 5773
186.103.158.250 - - [28/Feb/2017:12:43:49 -0300] "GET /cormun/servlet/solicitudotadjuntos?fd12f9837721f61a8cb93ef34d38c6a2eda65a8ae1eba703acc5e41e8af14b0a681acf1f22f159dcb3581a1fa2059aa4,gx-no-cache=1488296608857 HTTP/1.1" 200 30
186.103.158.250 - - [28/Feb/2017:12:43:50 -0300] "POST /cormun/servlet/solicitudotadjuntos?8817f0b2a6aac5a3dca0c679c2016e74,INS,2017,4882,,1,,gx-no-cache=1488296609007 HTTP/1.1" 200 3635
186.79.89.184 - - [28/Feb/2017:12:43:55 -0300] "GET /cormun/servlet/trautorizarsolicitud? HTTP/1.1" 200 6890
186.79.89.184 - - [28/Feb/2017:12:43:56 -0300] "GET /cormun/static/calendar-system.css?85620 HTTP/1.1" 200 5572
186.79.89.184 - - [28/Feb/2017:12:43:56 -0300] "GET /cormun/static/gxcfg.js?2017259112829 HTTP/1.1" 200 953
186.79.89.184 - - [28/Feb/2017:12:43:56 -0300] "GET /cormun/static/calendar.js?85251 HTTP/1.1" 200 26246
186.79.89.184 - - [28/Feb/2017:12:43:56 -0300] "GET /cormun/static/gxui/gxui-all.css?120300 HTTP/1.1" 200 2179
186.79.89.184 - - [28/Feb/2017:12:43:56 -0300] "GET /cormun/static/calendar-setup.js?85251 HTTP/1.1" 200 2588
186.79.89.184 - - [28/Feb/2017:12:43:56 -0300] "GET /cormun/static/calendar-es.js?85251 HTTP/1.1" 200 1901
186.79.89.184 - - [28/Feb/2017:12:43:56 -0300] "GET /cormun/static/gxdec.js?85251 HTTP/1.1" 200 19579
186.79.89.184 - - [28/Feb/2017:12:43:56 -0300] "GET /cormun/static/trautorizarsolicitud.js?2017259113483 HTTP/1.1" 200 53096
186.79.89.184 - - [28/Feb/2017:12:43:56 -0300] "GET /cormun/static/Shared/ext/resources/css/ext-all.css?215870 HTTP/1.1" 200 416045
186.79.89.184 - - [28/Feb/2017:12:43:57 -0300] "GET /cormun/static/Resources/PXTools/calendar.png HTTP/1.1" 200 1306
186.79.89.184 - - [28/Feb/2017:12:43:57 -0300] "GET /cormun/static/Resources/PXToolsDataSearch.png HTTP/1.1" 200 419
186.79.89.184 - - [28/Feb/2017:12:43:57 -0300] "GET /cormun/static/Resources/PXToolsGridFirstDisabled.gif HTTP/1.1" 200 100
186.79.89.184 - - [28/Feb/2017:12:43:57 -0300] "GET /cormun/static/Resources/PXToolsGridPreviousDisabled.gif HTTP/1.1" 200 90
186.79.89.184 - - [28/Feb/2017:12:43:57 -0300] "GET /cormun/static/Resources/PXToolsGridNextDisabled.gif HTTP/1.1" 200 90
186.79.89.184 - - [28/Feb/2017:12:43:57 -0300] "GET /cormun/static/Resources/PXToolsGridLastDisabled.gif HTTP/1.1" 200 98
186.79.89.184 - - [28/Feb/2017:12:43:57 -0300] "GET /cormun/static/Resources/PXToolsGridPage.gif HTTP/1.1" 200 725
186.79.89.184 - - [28/Feb/2017:12:43:57 -0300] "GET /cormun/static/Resources/PXToolsActionExcel.png HTTP/1.1" 200 3187
186.79.89.184 - - [28/Feb/2017:12:43:58 -0300] "GET /cormun/static/Resources/asc.gif HTTP/1.1" 200 67
186.79.89.184 - - [28/Feb/2017:12:43:58 -0300] "GET /cormun/static/Resources/desc.gif HTTP/1.1" 200 65
186.79.89.184 - - [28/Feb/2017:12:43:58 -0300] "GET /cormun/servlet/trautorizarsolicitud? HTTP/1.1" 200 6889
186.79.89.184 - - [28/Feb/2017:12:43:58 -0300] "GET /cormun/static/Shared/ext/resources/themes/images/default/panel/bg-headersPanel.png HTTP/1.1" 200 255
186.79.89.184 - - [28/Feb/2017:12:43:58 -0300] "GET /cormun/static/Shared/ext/resources/themes/images/default/tools/tool-sprites.gif HTTP/1.1" 200 5434
186.103.158.250 - - [28/Feb/2017:12:44:02 -0300] "POST /cormun/servlet/solicitudotadjuntos?gx-no-cache=1488296621619 HTTP/1.1" 200 26
186.79.89.184 - - [28/Feb/2017:12:44:06 -0300] "POST /cormun/servlet/trautorizarsolicitud?2a264bd9e3f6423b99e655ee855b91da,,gx-no-cache=1488300682409 HTTP/1.1" 200 6447
186.79.89.184 - - [28/Feb/2017:12:44:07 -0300] "GET /cormun//static/Resources/PXToolsActionView.png HTTP/1.1" 200 2995
186.79.89.184 - - [28/Feb/2017:12:44:07 -0300] "GET /cormun//static/Resources/PXToolsRemoveAllAction.png HTTP/1.1" 200 3558
186.79.89.184 - - [28/Feb/2017:12:44:07 -0300] "GET /cormun//static/Resources/PXToolsGridDelete.png HTTP/1.1" 200 357
186.79.89.184 - - [28/Feb/2017:12:44:07 -0300] "GET /cormun//static/Resources/PXToolsGridUpdate.png HTTP/1.1" 200 2984
186.79.89.184 - - [28/Feb/2017:12:44:07 -0300] "GET /cormun//static/Resources/PXTools/ActionInsert.png HTTP/1.1" 200 1482
186.103.158.250 - - [28/Feb/2017:12:44:13 -0300] "GET /cormun/servlet/solicitudotadjuntos?fd12f9837721f61a8cb93ef34d38c6a23fd86299713d915f5b9abe1c6865cc2a,gx-no-cache=1488296632359 HTTP/1.1" 200 30
186.103.158.250 - - [28/Feb/2017:12:44:13 -0300] "GET /cormun/servlet/solicitudotadjuntos?fd12f9837721f61a8cb93ef34d38c6a23fd86299713d915f5b9abe1c6865cc2a,gx-no-cache=1488296632420 HTTP/1.1" 200 30
186.103.158.250 - - [28/Feb/2017:12:44:14 -0300] "POST /cormun/servlet/solicitudotadjuntos?8817f0b2a6aac5a3dca0c679c2016e74,INS,2017,4882,,1, HTTP/1.1" 200 116
186.103.158.250 - - [28/Feb/2017:12:44:14 -0300] "GET /cormun/servlet/hpexe_return? HTTP/1.1" 200 1016
186.103.158.250 - - [28/Feb/2017:12:44:15 -0300] "GET /cormun/servlet/trsolicitudadjuntos?2017,4882, HTTP/1.1" 200 8791
186.103.158.250 - - [28/Feb/2017:12:44:16 -0300] "GET /cormun/servlet/trsolicitudadjuntos?2017,4882, HTTP/1.1" 200 8787
186.79.89.184 - - [28/Feb/2017:12:44:25 -0300] "POST /cormun/servlet/trautorizarsolicitud?2a264bd9e3f6423b99e655ee855b91da,,gx-no-cache=1488300700747 HTTP/1.1" 200 4116
186.103.158.250 - - [28/Feb/2017:12:44:30 -0300] "GET /cormun/servlet/solicitudotadjuntos?INS,2017,4882,,1, HTTP/1.1" 200 5779
186.103.158.250 - - [28/Feb/2017:12:44:31 -0300] "GET /cormun/servlet/solicitudotadjuntos?INS,2017,4882,,1, HTTP/1.1" 200 5773
186.103.158.250 - - [28/Feb/2017:12:44:31 -0300] "GET /cormun/servlet/solicitudotadjuntos?fd12f9837721f61a8cb93ef34d38c6a2eda65a8ae1eba703acc5e41e8af14b0a681acf1f22f159dcb3581a1fa2059aa4,gx-no-cache=1488296650961 HTTP/1.1" 200 30
186.103.158.250 - - [28/Feb/2017:12:44:31 -0300] "POST /cormun/servlet/solicitudotadjuntos?8817f0b2a6aac5a3dca0c679c2016e74,INS,2017,4882,,1,,gx-no-cache=1488296651015 HTTP/1.1" 200 3635
186.103.158.250 - - [28/Feb/2017:12:44:33 -0300] "POST /cormun/servlet/solicitudotadjuntos?8817f0b2a6aac5a3dca0c679c2016e74,INS,2017,4882,,1,,gx-no-cache=1488296653079 HTTP/1.1" 200 93
186.103.158.250 - - [28/Feb/2017:12:44:33 -0300] "GET /cormun/servlet/hpexe_return? HTTP/1.1" 200 1016
186.103.158.250 - - [28/Feb/2017:12:44:34 -0300] "GET /cormun/servlet/trsolicitudadjuntos?2017,4882, HTTP/1.1" 200 8790
186.79.89.184 - - [28/Feb/2017:12:44:35 -0300] "POST /cormun/servlet/trautorizarsolicitud?2a264bd9e3f6423b99e655ee855b91da,,gx-no-cache=1488300710769 HTTP/1.1" 200 4116
186.103.158.250 - - [28/Feb/2017:12:44:36 -0300] "GET /cormun/servlet/trsolicitudadjuntos?2017,4882, HTTP/1.1" 200 8789
186.79.89.184 - - [28/Feb/2017:12:44:38 -0300] "POST /cormun/servlet/trautorizarsolicitud?2a264bd9e3f6423b99e655ee855b91da,,gx-no-cache=1488300714108 HTTP/1.1" 200 4115
186.103.158.250 - - [28/Feb/2017:12:44:42 -0300] "GET /cormun/servlet/trvisualizadoreventos? HTTP/1.1" 200 6501
186.103.158.250 - - [28/Feb/2017:12:44:44 -0300] "GET /cormun/servlet/trvisualizadoreventos? HTTP/1.1" 200 6488
186.79.89.184 - - [28/Feb/2017:12:44:44 -0300] "POST /cormun/servlet/trautorizarsolicitud?2a264bd9e3f6423b99e655ee855b91da,,gx-no-cache=1488300720131 HTTP/1.1" 200 4113
186.103.158.250 - - [28/Feb/2017:12:44:48 -0300] "GET /cormun/servlet/trsolicitudadjuntos?2017,4882, HTTP/1.1" 200 8793
186.103.158.250 - - [28/Feb/2017:12:44:50 -0300] "GET /cormun/servlet/trsolicitudadjuntos?2017,4882, HTTP/1.1" 200 8793
186.79.89.184 - - [28/Feb/2017:12:44:50 -0300] "POST /cormun/servlet/trautorizarsolicitud?2a264bd9e3f6423b99e655ee855b91da,,gx-no-cache=1488300726162 HTTP/1.1" 200 4116
186.103.158.250 - - [28/Feb/2017:12:44:52 -0300] "GET /cormun/servlet/trsolicitudot? HTTP/1.1" 200 8459
186.103.158.250 - - [28/Feb/2017:12:44:54 -0300] "GET /cormun/servlet/trsolicitudot? HTTP/1.1" 200 8453
186.79.89.184 - - [28/Feb/2017:12:44:56 -0300] "POST /cormun/servlet/trautorizarsolicitud?2a264bd9e3f6423b99e655ee855b91da,,gx-no-cache=1488300731985 HTTP/1.1" 200 6446
186.103.158.250 - - [28/Feb/2017:12:45:50 -0300] "GET /cormun/servlet/vesolicitudot?2017,4882,, HTTP/1.1" 200 7957
186.103.158.250 - - [28/Feb/2017:12:45:51 -0300] "GET /cormun/pexe_scrolldiv.js HTTP/1.1" 404 1009
186.103.158.250 - - [28/Feb/2017:12:45:51 -0300] "GET /cormun/pexe_scrolldiv.js HTTP/1.1" 404 1009
186.103.158.250 - - [28/Feb/2017:12:45:52 -0300] "GET /cormun/servlet/vesolicitudot?2017,4882,, HTTP/1.1" 200 7957
186.103.158.250 - - [28/Feb/2017:12:45:57 -0300] "GET /cormun/servlet/trsolicitudot? HTTP/1.1" 200 8459
186.103.158.250 - - [28/Feb/2017:12:45:59 -0300] "GET /cormun/servlet/trsolicitudot? HTTP/1.1" 200 8453
186.103.158.250 - - [28/Feb/2017:12:46:11 -0300] "POST /cormun/servlet/trsolicitudot?8817f0b2a6aac5a3dca0c679c2016e74,,gx-no-cache=1488296750853 HTTP/1.1" 200 105
186.103.158.250 - - [28/Feb/2017:12:46:11 -0300] "GET /cormun/servlet/solicitudot?UPD,2017,4882, HTTP/1.1" 200 14299
186.103.158.250 - - [28/Feb/2017:12:46:13 -0300] "GET /cormun/servlet/solicitudot?UPD,2017,4882, HTTP/1.1" 200 14308
186.103.158.250 - - [28/Feb/2017:12:46:14 -0300] "POST /cormun/servlet/solicitudot?gx-no-cache=1488296753042 HTTP/1.1" 200 3195
186.103.158.250 - - [28/Feb/2017:12:46:14 -0300] "POST /cormun/servlet/solicitudot?8817f0b2a6aac5a3dca0c679c2016e74,UPD,2017,4882,,gx-no-cache=1488296753642 HTTP/1.1" 200 10903
186.103.158.250 - - [28/Feb/2017:12:46:15 -0300] "GET /cormun/servlet/solicitudot?fd12f9837721f61a8cb93ef34d38c6a2c4551429954fc92164c01a66f998de38f3090b7fdfda122abf52a31643a08958,gx-no-cache=1488296754315 HTTP/1.1" 200 30
186.103.158.250 - - [28/Feb/2017:12:46:15 -0300] "POST /cormun/servlet/solicitudot?gx-no-cache=1488296754397 HTTP/1.1" 200 297
186.103.158.250 - - [28/Feb/2017:12:46:15 -0300] "GET /cormun/servlet/solicitudot?fd12f9837721f61a8cb93ef34d38c6a267d15816e30040aff2554754479e4aeb6134befe6eeabee10d94ea9c38031790ff7b1eb97b8106d7101352f591dde36af5339741911c93f7d76ab9accb726830120dc7beb66a9161315ce37f801bd0596c95cf2d1c118b9e023243ae70c2791d318859bf143db9f2a6fb9d35defb86903ae34fea482d8a4349ffe8205409afaaacf6c195afd13c3afa7686ed21d307e8d2c242c84068ad5924eace9617658a777a52c34e89215cf12b4717f7413cc3cfa92090b17e9505454f1a340d32e90a5e9fff5dfa779c2d73de662312a37a3a77f8a8877edc4d1a1dc3a5b7682168c15ceef51dd004b83486cf172646d967d122a5e05bf9baddd2a0bee521ab2937b80fb6ee8bd398181610e301c074d1117588f796f4cd4139ddc49fb4fd14803b19d0d6aa7d7d01c94e95688465ee341314c75aa0ae835557450c3c24f281ce6b5927731bd89f1603a914bf66bbcb4899630c8ef4a2aeaf76e573af3d1a99a6d3ae42cadd3669fdb3ede3770fe3b97cce9605406426b2fef2dcee5f963bb284e5a51d,gx-no-cache=1488296754471 HTTP/1.1" 200 30
186.103.158.250 - - [28/Feb/2017:12:46:15 -0300] "POST /cormun/servlet/solicitudot?gx-no-cache=1488296754838 HTTP/1.1" 200 30
186.103.158.250 - - [28/Feb/2017:12:46:15 -0300] "POST /cormun/servlet/solicitudot?gx-no-cache=1488296754907 HTTP/1.1" 200 1289
186.103.158.250 - - [28/Feb/2017:12:46:15 -0300] "POST /cormun/servlet/solicitudot?gx-no-cache=1488296755011 HTTP/1.1" 200 41
192.168.10.62 - - [28/Feb/2017:12:46:16 -0300] "GET /cormun/servlet/hlogin HTTP/1.1" 200 1731
186.103.158.250 - - [28/Feb/2017:12:46:52 -0300] "POST /cormun/servlet/solicitudot?gx-no-cache=1488296791551 HTTP/1.1" 200 3196
186.103.158.250 - - [28/Feb/2017:12:46:52 -0300] "POST /cormun/servlet/solicitudot?8817f0b2a6aac5a3dca0c679c2016e74,UPD,2017,4882,,gx-no-cache=1488296791917 HTTP/1.1" 200 11039
192.168.10.62 - - [28/Feb/2017:12:46:56 -0300] "POST /cormun/servlet/hlogin?341edee741cfcc74a488c1a96a311bf6,gx-no-cache=1488300103036 HTTP/1.1" 200 90
192.168.10.62 - - [28/Feb/2017:12:46:56 -0300] "GET /cormun/servlet/hpexe_link HTTP/1.1" 200 955
192.168.10.62 - - [28/Feb/2017:12:46:56 -0300] "GET /cormun/servlet/trsolicitudgral? HTTP/1.1" 200 7932
192.168.10.62 - - [28/Feb/2017:12:46:57 -0300] "GET /cormun/servlet/trsolicitudgral? HTTP/1.1" 200 7930
192.168.10.62 - - [28/Feb/2017:12:47:09 -0300] "POST /cormun/servlet/trsolicitudgral?341edee741cfcc74a488c1a96a311bf6,,gx-no-cache=1488300116137 HTTP/1.1" 200 8959
192.168.10.62 - - [28/Feb/2017:12:47:11 -0300] "POST /cormun/servlet/trsolicitudgral?341edee741cfcc74a488c1a96a311bf6,,gx-no-cache=1488300118505 HTTP/1.1" 200 105
192.168.10.62 - - [28/Feb/2017:12:47:12 -0300] "POST /cormun/servlet/trsolicitudgral?341edee741cfcc74a488c1a96a311bf6,,gx-no-cache=1488300118645 HTTP/1.1" 200 8942
192.168.10.62 - - [28/Feb/2017:12:47:12 -0300] "GET /cormun/SolicitudGral-6184.xls HTTP/1.1" 200 8704
186.103.158.250 - - [28/Feb/2017:12:47:13 -0300] "GET /cormun/servlet/solicitudot?fd12f9837721f61a8cb93ef34d38c6a25a780ce956e4d57805cc50ab08be1798f3090b7fdfda122abf52a31643a08958,gx-no-cache=1488296812221 HTTP/1.1" 200 30
186.103.158.250 - - [28/Feb/2017:12:47:13 -0300] "POST /cormun/servlet/solicitudot?gx-no-cache=1488296812323 HTTP/1.1" 200 297
186.103.158.250 - - [28/Feb/2017:12:47:13 -0300] "GET /cormun/servlet/solicitudot?fd12f9837721f61a8cb93ef34d38c6a267d15816e30040aff2554754479e4aeb6134befe6eeabee10d94ea9c38031790ff7b1eb97b8106d7101352f591dde36af5339741911c93f7d76ab9accb726830120dc7beb66a9161315ce37f801bd0596c95cf2d1c118b9e023243ae70c2791d318859bf143db9f2a6fb9d35defb86903ae34fea482d8a4349ffe8205409afaaacf6c195afd13c3afa7686ed21d307e8d2c242c84068ad5924eace9617658a777a52c34e89215cf12b4717f7413cc3cfa92090b17e9505454f1a340d32e90a5e9fff5dfa779c2d73de662312a37a3a77f8a8877edc4d1a1dc3a5b7682168c15ceef51dd004b83486cf172646d967d122a5e05bf9baddd2a0bee521ab2937b80fb6ee8bd398181610e301c074d1117588f796f4cd4139ddc49fb4fd14803b19d0d6aa7d7d01c94e95688465ee341314c75aa0ae835557450c3c24f281ce6b5927731bd89f1603a914bf66bbcb4899630c8ef4a2aeaf76e573af3d1a99a6d3ae42cadd3669fdb3ede3770fe3b97cce9605406426b2fef2dcee5f963bb284e5a51d,gx-no-cache=1488296812400 HTTP/1.1" 200 30
186.103.158.250 - - [28/Feb/2017:12:47:13 -0300] "POST /cormun/servlet/solicitudot?gx-no-cache=1488296812786 HTTP/1.1" 200 30
186.103.158.250 - - [28/Feb/2017:12:47:13 -0300] "POST /cormun/servlet/solicitudot?gx-no-cache=1488296812891 HTTP/1.1" 200 1286
186.103.158.250 - - [28/Feb/2017:12:47:13 -0300] "POST /cormun/servlet/solicitudot?gx-no-cache=1488296813054 HTTP/1.1" 200 41
186.103.158.250 - - [28/Feb/2017:12:47:13 -0300] "GET /cormun/servlet/solicitudot?fd12f9837721f61a8cb93ef34d38c6a2e4dc425ecec10420ea4d5086f8b75b8a5733abafbac51eee0f1ba3c9cb4c233f1657233989ac42dc3143f7d5fcc50a03829f95f73246749d7156d9aea29ddd837bb268ac7efd9d5719987d894cc1ca9c6ef1c34996f5469f80862536296c8f37,gx-no-cache=1488296813115 HTTP/1.1" 200 29
186.103.158.250 - - [28/Feb/2017:12:47:14 -0300] "POST /cormun/servlet/solicitudot?gx-no-cache=1488296813161 HTTP/1.1" 200 1273
186.103.158.250 - - [28/Feb/2017:12:47:14 -0300] "POST /cormun/servlet/solicitudot?gx-no-cache=1488296813241 HTTP/1.1" 200 1156
186.103.158.250 - - [28/Feb/2017:12:47:26 -0300] "GET /cormun/servlet/solicitudot?fd12f9837721f61a8cb93ef34d38c6a2f80b90b88b0a32a78d469c2c615a6e15d5b574f8521da4145a699a07617df0f0c89b3f8952eb2d3eca1de20ca1fcc9554f630096baba51a2db58c532a62aa6c371396c0ab26d71a97122c212f307ec42f8030b53399c46c4771414a6c4b3254d2d3b6fd212e23cedab8190dd96abcf17215f05ccf2adbdd6c328770eaa549d1e1f146f27593df8df22b15fb09d8b08e9429b4e9212abe589ac9ad10e79a2ff7a,gx-no-cache=1488296825484 HTTP/1.1" 200 30
186.103.158.250 - - [28/Feb/2017:12:47:26 -0300] "POST /cormun/servlet/solicitudot?8817f0b2a6aac5a3dca0c679c2016e74,UPD,2017,4882,,gx-no-cache=1488296825550 HTTP/1.1" 200 93
186.103.158.250 - - [28/Feb/2017:12:47:26 -0300] "GET /cormun/servlet/hpexe_return? HTTP/1.1" 200 1004
186.103.158.250 - - [28/Feb/2017:12:47:27 -0300] "GET /cormun/servlet/trsolicitudot HTTP/1.1" 200 8470
186.103.158.250 - - [28/Feb/2017:12:47:28 -0300] "GET /cormun/servlet/trsolicitudot HTTP/1.1" 200 8465
186.103.158.250 - - [28/Feb/2017:12:47:44 -0300] "POST /cormun/servlet/trsolicitudot?8817f0b2a6aac5a3dca0c679c2016e74,gx-no-cache=1488296843423 HTTP/1.1" 200 5272
186.103.158.250 - - [28/Feb/2017:12:47:44 -0300] "POST /cormun/servlet/trsolicitudot?8817f0b2a6aac5a3dca0c679c2016e74,gx-no-cache=1488296844015 HTTP/1.1" 200 5216
186.103.159.204 - - [28/Feb/2017:12:47:45 -0300] "GET /cormun/servlet/solicitudot?d7d542728aa44b4b8c19e21dd2cbf0494be54b3d12030b1f1bdf450331c3e699ef7cfc68aa6a02fabf6b11c7b8999cd87797f14aecaa99ac8aa4dbc89764d588a0df98964cad14a57f0ace7bf67ab63affa10d421e668cc9b88e7a09b0cf7554c00c920080f470fa59dc2a8ea13a8d651b8af525a9b54a1ae94a4341f10ba18be308c220b748e728fd8a692751eb54df22f4c203e60f74ba07e1239f72abfd51e78ca24a94608bb9b7dacab9cf2710dc93817402746c0610039df7f88ca7ba78f3c2dea61fb1a52aa3de2a44220c2aef9b676dded648a6548f95f6b0c07116344ef16862aa2c1ecd6a64833b4ca49ebf542bfbd5cf2c9bcbbce74146f2826b368537603ffdc3381a1eaf563e9957f1901b13436a200af48b769118ba72ba99cb3063d5f5ebd1822a926a4caeab02923463ed3d7b28cd5106fd8e43059898d67c89e7bb0a351321bd5d79f35ae267ef99,gx-no-cache=1488296933492 HTTP/1.1" 200 256
186.103.159.204 - - [28/Feb/2017:12:47:50 -0300] "GET /cormun/servlet/solicitudot?d7d542728aa44b4b8c19e21dd2cbf049dd90ad65355d7818bd9014c27580e377431cb7903568f1adf069228f884b1b3d021ad576f72e9c28428d93a2c0947881a6cf363968ca0c685790f8942b544ec9a51d21e56669d1e1253f56cafb7fbd0a85bd73e0cfdfeb2d5fdd62dfa73851c84b01ea0ac7745df3e7a39aebd76c718c8764435a8677375cb1fc7f49aec254d96c87ead03e37876c6c8f0a4d4fd59c068d967e918d58f7755d8d6e84a76620b830b46095f4ced5a997ef331d0033bdd555d85fe3cb4e7d7cbdaed7d70db670ebc147796b297214b04928317e18e0e310483389d417119034ca32fcf6c48c3939dcbcda1d5227e5cfd74244482517cc3094fbff79075acff8269cb4012500cc90401694c04c9c19a9bf29e6832b11bf73cf81fca6aa8ac4f6d21bc5bfbdbb480ab4dc35535ed9b66bab589840455de2f0b056cd82cd9ab75ef052f82f2933592ec53fb39119bd4c5b7dd2871df0977acdcec3063aa0ba7318fe74ab948dba306625c27da24bb12b277f19f30610efc6da,gx-no-cache=1488296939629 HTTP/1.1" 200 30
186.103.159.204 - - [28/Feb/2017:12:47:53 -0300] "POST /cormun/servlet/solicitudot?gx-no-cache=1488296941877 HTTP/1.1" 200 30
186.103.159.204 - - [28/Feb/2017:12:47:55 -0300] "POST /cormun/servlet/solicitudot?gx-no-cache=1488296943866 HTTP/1.1" 200 235
186.103.159.204 - - [28/Feb/2017:12:47:55 -0300] "POST /cormun/servlet/solicitudot?gx-no-cache=1488296944008 HTTP/1.1" 200 38
186.103.159.204 - - [28/Feb/2017:12:48:06 -0300] "GET /cormun/servlet/solicitudot?d7d542728aa44b4b8c19e21dd2cbf049db3bb4ea41bfbce0b7d772f9d671a8d1542bfbd5cf2c9bcbbce74146f2826b368537603ffdc3381a1eaf563e9957f190b0450a3cb67642a64fc53549068a87f5,gx-no-cache=1488296955860 HTTP/1.1" 200 29
186.103.159.204 - - [28/Feb/2017:12:48:07 -0300] "POST /cormun/servlet/solicitudot?gx-no-cache=1488296955923 HTTP/1.1" 200 643
186.103.159.204 - - [28/Feb/2017:12:48:07 -0300] "POST /cormun/servlet/solicitudot?gx-no-cache=1488296956810 HTTP/1.1" 200 1157
186.103.159.204 - - [28/Feb/2017:12:48:16 -0300] "GET /cormun/static/menuarrow.gif HTTP/1.1" 404 1015
186.103.157.42 - - [28/Feb/2017:12:48:32 -0300] "POST /cormun/servlet/trsolicitudot?17ed51ef6d975dc8e7b77874f1cc5429,gx-no-cache=1488296984580 HTTP/1.1" 200 107
186.103.157.42 - - [28/Feb/2017:12:48:33 -0300] "GET /cormun/servlet/trsolicitudadjuntos?2017,4883, HTTP/1.1" 200 6143
186.103.157.42 - - [28/Feb/2017:12:48:34 -0300] "GET /cormun/servlet/trsolicitudadjuntos?2017,4883, HTTP/1.1" 200 6143
186.103.157.42 - - [28/Feb/2017:12:48:35 -0300] "GET /cormun/servlet/solicitudotadjuntos?INS,2017,4883,,1, HTTP/1.1" 200 6074
186.103.157.42 - - [28/Feb/2017:12:48:36 -0300] "GET /cormun/static/about:blank HTTP/1.1" 404 1011
186.103.157.42 - - [28/Feb/2017:12:48:36 -0300] "GET /cormun/servlet/solicitudotadjuntos?INS,2017,4883,,1, HTTP/1.1" 200 6067
186.103.157.42 - - [28/Feb/2017:12:48:37 -0300] "GET /cormun/servlet/solicitudotadjuntos?869c27ad6d42c4aae402ca63ec68e6c8659ba1899ff6297ad10eafe7b4ad740268fbc097d29983357c8817dc4d3b510b,gx-no-cache=1488296990142 HTTP/1.1" 200 30
186.103.157.42 - - [28/Feb/2017:12:48:38 -0300] "POST /cormun/servlet/solicitudotadjuntos?17ed51ef6d975dc8e7b77874f1cc5429,INS,2017,4883,,1,,gx-no-cache=1488296990256 HTTP/1.1" 200 3862
186.103.159.204 - - [28/Feb/2017:12:48:39 -0300] "GET /cormun/servlet/solicitudot?d7d542728aa44b4b8c19e21dd2cbf049f8beda9f01a65d71ded7360bff1653eb7e589f30b78e4783911817f2c9088fefbcab837d3449463aa1b81f096b1a36218537603ffdc3381a1eaf563e9957f19032bcb7ea75212951bb064d67051ca0f8b1c533aec45a46b0b87d07c0c48e3810ba6ba3fc30712ea634d01505467a19a57896257de5112f64a3d35b81af6ef9e39841bf77f87634a1bf9dba453935f5827ceb19487070efc15bba6d5f4f06b715,gx-no-cache=1488296988271 HTTP/1.1" 200 30
186.103.157.42 - - [28/Feb/2017:12:48:39 -0300] "POST /cormun/servlet/solicitudotadjuntos?gx-no-cache=1488296992781 HTTP/1.1" 200 26
186.103.157.42 - - [28/Feb/2017:12:48:46 -0300] "GET /cormun/servlet/solicitudotadjuntos?869c27ad6d42c4aae402ca63ec68e6c841aad0090996aeb6a47eb068a56d015f,gx-no-cache=1488296999510 HTTP/1.1" 200 30
186.103.157.42 - - [28/Feb/2017:12:48:46 -0300] "GET /cormun/servlet/solicitudotadjuntos?869c27ad6d42c4aae402ca63ec68e6c841aad0090996aeb6a47eb068a56d015f,gx-no-cache=1488296999594 HTTP/1.1" 200 30
186.103.157.42 - - [28/Feb/2017:12:48:48 -0300] "POST /cormun/servlet/solicitudotadjuntos?17ed51ef6d975dc8e7b77874f1cc5429,INS,2017,4883,,1, HTTP/1.1" 200 116
186.103.157.42 - - [28/Feb/2017:12:48:48 -0300] "GET /cormun/servlet/hpexe_return? HTTP/1.1" 200 1026
186.103.157.42 - - [28/Feb/2017:12:48:49 -0300] "GET /cormun/servlet/trsolicitudadjuntos?2017,4883, HTTP/1.1" 200 8248
186.103.158.250 - - [28/Feb/2017:12:48:49 -0300] "GET /cormun/servlet/hlogin HTTP/1.1" 200 1721
186.103.157.42 - - [28/Feb/2017:12:48:49 -0300] "GET /cormun/servlet/trsolicitudadjuntos?2017,4883, HTTP/1.1" 200 8244
186.103.157.42 - - [28/Feb/2017:12:48:52 -0300] "GET /cormun/servlet/solicitudotadjuntos?INS,2017,4883,,1, HTTP/1.1" 200 6074
186.103.159.204 - - [28/Feb/2017:12:48:52 -0300] "POST /cormun/servlet/solicitudot?4c9529ca278ab4321ba6c80f5bb31f24,INS,0,0,,gx-no-cache=1488297001153 HTTP/1.1" 200 11219
186.103.157.42 - - [28/Feb/2017:12:48:52 -0300] "GET /cormun/static/about:blank HTTP/1.1" 404 1011
186.103.157.42 - - [28/Feb/2017:12:48:52 -0300] "GET /cormun/servlet/solicitudotadjuntos?INS,2017,4883,,1, HTTP/1.1" 200 6067
186.103.157.42 - - [28/Feb/2017:12:48:53 -0300] "GET /cormun/servlet/solicitudotadjuntos?869c27ad6d42c4aae402ca63ec68e6c8659ba1899ff6297ad10eafe7b4ad740268fbc097d29983357c8817dc4d3b510b,gx-no-cache=1488297006276 HTTP/1.1" 200 30
186.103.157.42 - - [28/Feb/2017:12:48:53 -0300] "POST /cormun/servlet/solicitudotadjuntos?17ed51ef6d975dc8e7b77874f1cc5429,INS,2017,4883,,1,,gx-no-cache=1488297006377 HTTP/1.1" 200 3862
186.103.157.42 - - [28/Feb/2017:12:48:55 -0300] "POST /cormun/servlet/solicitudotadjuntos?gx-no-cache=1488297008931 HTTP/1.1" 200 26
186.103.157.42 - - [28/Feb/2017:12:48:59 -0300] "GET /cormun/servlet/solicitudotadjuntos?869c27ad6d42c4aae402ca63ec68e6c841aad0090996aeb6a47eb068a56d015f,gx-no-cache=1488297012332 HTTP/1.1" 200 30
186.103.157.42 - - [28/Feb/2017:12:48:59 -0300] "GET /cormun/servlet/solicitudotadjuntos?869c27ad6d42c4aae402ca63ec68e6c841aad0090996aeb6a47eb068a56d015f,gx-no-cache=1488297012402 HTTP/1.1" 200 30
186.103.157.42 - - [28/Feb/2017:12:49:00 -0300] "POST /cormun/servlet/solicitudotadjuntos?17ed51ef6d975dc8e7b77874f1cc5429,INS,2017,4883,,1, HTTP/1.1" 200 116
186.103.157.42 - - [28/Feb/2017:12:49:00 -0300] "GET /cormun/servlet/hpexe_return? HTTP/1.1" 200 1026
186.103.157.42 - - [28/Feb/2017:12:49:01 -0300] "GET /cormun/servlet/trsolicitudadjuntos?2017,4883, HTTP/1.1" 200 8418
186.103.157.42 - - [28/Feb/2017:12:49:02 -0300] "GET /cormun/servlet/trsolicitudadjuntos?2017,4883, HTTP/1.1" 200 8418
186.103.157.42 - - [28/Feb/2017:12:49:04 -0300] "GET /cormun/servlet/solicitudotadjuntos?INS,2017,4883,,1, HTTP/1.1" 200 6074
186.103.157.42 - - [28/Feb/2017:12:49:05 -0300] "GET /cormun/static/about:blank HTTP/1.1" 404 1011
186.103.157.42 - - [28/Feb/2017:12:49:05 -0300] "GET /cormun/servlet/solicitudotadjuntos?INS,2017,4883,,1, HTTP/1.1" 200 6067
186.103.157.42 - - [28/Feb/2017:12:49:06 -0300] "GET /cormun/servlet/solicitudotadjuntos?869c27ad6d42c4aae402ca63ec68e6c8659ba1899ff6297ad10eafe7b4ad740268fbc097d29983357c8817dc4d3b510b,gx-no-cache=1488297019100 HTTP/1.1" 200 30
186.103.157.42 - - [28/Feb/2017:12:49:06 -0300] "POST /cormun/servlet/solicitudotadjuntos?17ed51ef6d975dc8e7b77874f1cc5429,INS,2017,4883,,1,,gx-no-cache=1488297019182 HTTP/1.1" 200 3862
186.103.158.250 - - [28/Feb/2017:12:49:06 -0300] "POST /cormun/servlet/hlogin?ac2ddd4f51e6f34e2517da570ca37cc1,gx-no-cache=1488296925898 HTTP/1.1" 200 90
186.103.158.250 - - [28/Feb/2017:12:49:07 -0300] "GET /cormun/servlet/hpexe_link HTTP/1.1" 200 957
186.103.158.250 - - [28/Feb/2017:12:49:07 -0300] "GET /cormun/servlet/hhome HTTP/1.1" 200 3928
186.103.157.42 - - [28/Feb/2017:12:49:08 -0300] "POST /cormun/servlet/solicitudotadjuntos?gx-no-cache=1488297020980 HTTP/1.1" 200 26
186.103.158.250 - - [28/Feb/2017:12:49:10 -0300] "GET /cormun/servlet/hhome HTTP/1.1" 200 3925
186.103.157.42 - - [28/Feb/2017:12:49:13 -0300] "GET /cormun/servlet/solicitudotadjuntos?869c27ad6d42c4aae402ca63ec68e6c841aad0090996aeb6a47eb068a56d015f,gx-no-cache=1488297026131 HTTP/1.1" 200 30
186.103.157.42 - - [28/Feb/2017:12:49:13 -0300] "GET /cormun/servlet/solicitudotadjuntos?869c27ad6d42c4aae402ca63ec68e6c841aad0090996aeb6a47eb068a56d015f,gx-no-cache=1488297026177 HTTP/1.1" 200 30
186.103.157.42 - - [28/Feb/2017:12:49:14 -0300] "POST /cormun/servlet/solicitudotadjuntos?17ed51ef6d975dc8e7b77874f1cc5429,INS,2017,4883,,1, HTTP/1.1" 200 116
186.103.157.42 - - [28/Feb/2017:12:49:14 -0300] "GET /cormun/servlet/hpexe_return? HTTP/1.1" 200 1026
186.103.157.42 - - [28/Feb/2017:12:49:14 -0300] "GET /cormun/servlet/trsolicitudadjuntos?2017,4883, HTTP/1.1" 200 8567
186.103.157.42 - - [28/Feb/2017:12:49:15 -0300] "GET /cormun/servlet/trsolicitudadjuntos?2017,4883, HTTP/1.1" 200 8565
186.103.159.204 - - [28/Feb/2017:12:49:22 -0300] "POST /cormun/servlet/solicitudot?gx-no-cache=1488297031269 HTTP/1.1" 200 1275
186.103.159.204 - - [28/Feb/2017:12:49:22 -0300] "POST /cormun/servlet/solicitudot?gx-no-cache=1488297031497 HTTP/1.1" 200 1156
186.103.159.204 - - [28/Feb/2017:12:49:22 -0300] "GET /cormun/servlet/solicitudot?d7d542728aa44b4b8c19e21dd2cbf049f8beda9f01a65d71ded7360bff1653eb7e589f30b78e4783911817f2c9088fefbcab837d3449463aa1b81f096b1a36218537603ffdc3381a1eaf563e9957f19032bcb7ea75212951bb064d67051ca0f8b1c533aec45a46b0b87d07c0c48e3810ba6ba3fc30712ea634d01505467a19a57896257de5112f64a3d35b81af6ef9e39841bf77f87634a1bf9dba453935f5827ceb19487070efc15bba6d5f4f06b715,gx-no-cache=1488297031661 HTTP/1.1" 200 30
186.103.159.204 - - [28/Feb/2017:12:49:23 -0300] "POST /cormun/servlet/solicitudot?4c9529ca278ab4321ba6c80f5bb31f24,INS,0,0,,gx-no-cache=1488297031749 HTTP/1.1" 200 11272
186.103.158.250 - - [28/Feb/2017:12:49:25 -0300] "GET /cormun/servlet/trautorizarsolicitud? HTTP/1.1" 200 8534
186.103.158.250 - - [28/Feb/2017:12:49:27 -0300] "GET /cormun/servlet/trautorizarsolicitud? HTTP/1.1" 200 8532
186.103.157.42 - - [28/Feb/2017:12:49:34 -0300] "GET /cormun/servlet/solicitudotadjuntos?INS,2017,4883,,1, HTTP/1.1" 200 6074
186.103.157.42 - - [28/Feb/2017:12:49:34 -0300] "GET /cormun/static/about:blank HTTP/1.1" 404 1011
186.103.157.42 - - [28/Feb/2017:12:49:34 -0300] "GET /cormun/servlet/solicitudotadjuntos?INS,2017,4883,,1, HTTP/1.1" 200 6068
186.103.157.42 - - [28/Feb/2017:12:49:35 -0300] "GET /cormun/servlet/solicitudotadjuntos?869c27ad6d42c4aae402ca63ec68e6c8659ba1899ff6297ad10eafe7b4ad740268fbc097d29983357c8817dc4d3b510b,gx-no-cache=1488297048381 HTTP/1.1" 200 30
186.103.157.42 - - [28/Feb/2017:12:49:35 -0300] "POST /cormun/servlet/solicitudotadjuntos?17ed51ef6d975dc8e7b77874f1cc5429,INS,2017,4883,,1,,gx-no-cache=1488297048455 HTTP/1.1" 200 3862
186.103.158.250 - - [28/Feb/2017:12:49:35 -0300] "POST /cormun/servlet/trautorizarsolicitud?ac2ddd4f51e6f34e2517da570ca37cc1,,gx-no-cache=1488296954634 HTTP/1.1" 200 5411
186.103.158.250 - - [28/Feb/2017:12:49:35 -0300] "GET /cormun/static/Shared/jqueryui/images/ui-bg_highlight-soft_100_c6c2c8_1x100.png HTTP/1.1" 404 1117
186.103.158.250 - - [28/Feb/2017:12:49:35 -0300] "GET /cormun/static/Shared/jqueryui/images/ui-icons_82798d_256x240.png HTTP/1.1" 404 1089
186.103.158.250 - - [28/Feb/2017:12:49:36 -0300] "GET /cormun/static/Shared/jqueryui/images/ui-bg_flat_55_fafafa_40x100.png HTTP/1.1" 404 1097
186.103.158.250 - - [28/Feb/2017:12:49:36 -0300] "GET /cormun/static/Shared/jqueryui/images/ui-icons_8d78a5_256x240.png HTTP/1.1" 404 1089
186.103.158.250 - - [28/Feb/2017:12:49:36 -0300] "POST /cormun/servlet/trautorizarsolicitud?ac2ddd4f51e6f34e2517da570ca37cc1,,gx-no-cache=1488296955307 HTTP/1.1" 200 5356
186.103.157.42 - - [28/Feb/2017:12:49:37 -0300] "POST /cormun/servlet/solicitudotadjuntos?gx-no-cache=1488297050418 HTTP/1.1" 200 26
186.103.158.250 - - [28/Feb/2017:12:49:38 -0300] "POST /cormun/servlet/trautorizarsolicitud?ac2ddd4f51e6f34e2517da570ca37cc1,,gx-no-cache=1488296957546 HTTP/1.1" 200 4316
186.103.158.250 - - [28/Feb/2017:12:49:39 -0300] "POST /cormun/servlet/trautorizarsolicitud?ac2ddd4f51e6f34e2517da570ca37cc1,,gx-no-cache=1488296958333 HTTP/1.1" 200 4098
186.103.157.42 - - [28/Feb/2017:12:49:40 -0300] "GET /cormun/servlet/solicitudotadjuntos?869c27ad6d42c4aae402ca63ec68e6c841aad0090996aeb6a47eb068a56d015f,gx-no-cache=1488297053883 HTTP/1.1" 200 30
186.103.157.42 - - [28/Feb/2017:12:49:40 -0300] "GET /cormun/servlet/solicitudotadjuntos?869c27ad6d42c4aae402ca63ec68e6c841aad0090996aeb6a47eb068a56d015f,gx-no-cache=1488297053969 HTTP/1.1" 200 30
186.103.157.42 - - [28/Feb/2017:12:49:42 -0300] "POST /cormun/servlet/solicitudotadjuntos?17ed51ef6d975dc8e7b77874f1cc5429,INS,2017,4883,,1, HTTP/1.1" 200 116
186.103.157.42 - - [28/Feb/2017:12:49:42 -0300] "GET /cormun/servlet/hpexe_return? HTTP/1.1" 200 1026
186.103.157.42 - - [28/Feb/2017:12:49:42 -0300] "GET /cormun/servlet/trsolicitudadjuntos?2017,4883, HTTP/1.1" 200 8692
186.103.157.42 - - [28/Feb/2017:12:49:43 -0300] "GET /cormun/servlet/trsolicitudadjuntos?2017,4883, HTTP/1.1" 200 8688
186.103.157.42 - - [28/Feb/2017:12:49:45 -0300] "GET /cormun/servlet/solicitudotadjuntos?INS,2017,4883,,1, HTTP/1.1" 200 6074
186.103.157.42 - - [28/Feb/2017:12:49:46 -0300] "GET /cormun/static/about:blank HTTP/1.1" 404 1011
186.103.157.42 - - [28/Feb/2017:12:49:46 -0300] "GET /cormun/servlet/solicitudotadjuntos?INS,2017,4883,,1, HTTP/1.1" 200 6068
186.103.157.42 - - [28/Feb/2017:12:49:47 -0300] "GET /cormun/servlet/solicitudotadjuntos?869c27ad6d42c4aae402ca63ec68e6c8659ba1899ff6297ad10eafe7b4ad740268fbc097d29983357c8817dc4d3b510b,gx-no-cache=1488297060082 HTTP/1.1" 200 30
186.103.157.42 - - [28/Feb/2017:12:49:47 -0300] "POST /cormun/servlet/solicitudotadjuntos?17ed51ef6d975dc8e7b77874f1cc5429,INS,2017,4883,,1,,gx-no-cache=1488297060143 HTTP/1.1" 200 3862
186.103.157.42 - - [28/Feb/2017:12:49:48 -0300] "POST /cormun/servlet/solicitudotadjuntos?gx-no-cache=1488297061998 HTTP/1.1" 200 26
186.103.157.42 - - [28/Feb/2017:12:49:52 -0300] "GET /cormun/servlet/solicitudotadjuntos?869c27ad6d42c4aae402ca63ec68e6c841aad0090996aeb6a47eb068a56d015f,gx-no-cache=1488297065033 HTTP/1.1" 200 30
186.103.157.42 - - [28/Feb/2017:12:49:52 -0300] "GET /cormun/servlet/solicitudotadjuntos?869c27ad6d42c4aae402ca63ec68e6c841aad0090996aeb6a47eb068a56d015f,gx-no-cache=1488297065083 HTTP/1.1" 200 30
186.103.159.204 - - [28/Feb/2017:12:49:52 -0300] "POST /cormun/servlet/solicitudot?4c9529ca278ab4321ba6c80f5bb31f24,INS,0,0,,gx-no-cache=1488297060851 HTTP/1.1" 200 93
186.103.159.204 - - [28/Feb/2017:12:49:52 -0300] "GET /cormun/servlet/hpexe_return? HTTP/1.1" 200 999
186.103.157.42 - - [28/Feb/2017:12:49:52 -0300] "POST /cormun/servlet/solicitudotadjuntos?17ed51ef6d975dc8e7b77874f1cc5429,INS,2017,4883,,1, HTTP/1.1" 200 116
186.103.159.204 - - [28/Feb/2017:12:49:52 -0300] "GET /cormun/servlet/trsolicitudot? HTTP/1.1" 200 6944
186.103.157.42 - - [28/Feb/2017:12:49:52 -0300] "GET /cormun/servlet/hpexe_return? HTTP/1.1" 200 1026
186.103.157.42 - - [28/Feb/2017:12:49:52 -0300] "GET /cormun/servlet/trsolicitudadjuntos?2017,4883, HTTP/1.1" 200 8885
186.103.159.204 - - [28/Feb/2017:12:49:53 -0300] "GET /cormun/static/Resources/asc.gif HTTP/1.1" 200 67
186.103.159.204 - - [28/Feb/2017:12:49:53 -0300] "GET /cormun/static/Resources/desc.gif HTTP/1.1" 200 65
186.103.159.204 - - [28/Feb/2017:12:49:53 -0300] "GET /cormun/static/Resources/asc.gif HTTP/1.1" 200 67
186.103.159.204 - - [28/Feb/2017:12:49:53 -0300] "GET /cormun/static/Resources/desc.gif HTTP/1.1" 200 65
186.103.159.204 - - [28/Feb/2017:12:49:53 -0300] "GET /cormun/static/Resources/asc.gif HTTP/1.1" 200 67
186.103.159.204 - - [28/Feb/2017:12:49:53 -0300] "GET /cormun/static/Resources/desc.gif HTTP/1.1" 200 65
186.103.159.204 - - [28/Feb/2017:12:49:53 -0300] "GET /cormun/static/Resources/asc.gif HTTP/1.1" 200 67
186.103.159.204 - - [28/Feb/2017:12:49:53 -0300] "GET /cormun/static/Resources/asc.gif HTTP/1.1" 200 67
186.103.159.204 - - [28/Feb/2017:12:49:53 -0300] "GET /cormun/static/Resources/desc.gif HTTP/1.1" 200 65
186.103.159.204 - - [28/Feb/2017:12:49:53 -0300] "GET /cormun/static/Resources/asc.gif HTTP/1.1" 200 67
186.103.159.204 - - [28/Feb/2017:12:49:53 -0300] "GET /cormun/static/Resources/desc.gif HTTP/1.1" 200 65
186.103.159.204 - - [28/Feb/2017:12:49:53 -0300] "GET /cormun/static/Resources/asc.gif HTTP/1.1" 200 67
186.103.159.204 - - [28/Feb/2017:12:49:53 -0300] "GET /cormun/servlet/trsolicitudot? HTTP/1.1" 200 6940
186.103.157.42 - - [28/Feb/2017:12:49:53 -0300] "GET /cormun/servlet/trsolicitudadjuntos?2017,4883, HTTP/1.1" 200 8882
186.103.159.204 - - [28/Feb/2017:12:50:02 -0300] "POST /cormun/servlet/trsolicitudot?4c9529ca278ab4321ba6c80f5bb31f24,,gx-no-cache=1488297070827 HTTP/1.1" 200 4136
186.103.159.204 - - [28/Feb/2017:12:50:08 -0300] "GET /cormun/servlet/trautorizarsolicitud? HTTP/1.1" 200 6897
186.103.159.204 - - [28/Feb/2017:12:50:10 -0300] "GET /cormun/servlet/trautorizarsolicitud? HTTP/1.1" 200 6896
186.103.159.204 - - [28/Feb/2017:12:50:14 -0300] "GET /cormun/static/menuarrow.gif HTTP/1.1" 404 1015
186.103.159.204 - - [28/Feb/2017:12:50:19 -0300] "POST /cormun/servlet/trautorizarsolicitud?4c9529ca278ab4321ba6c80f5bb31f24,,gx-no-cache=1488297087789 HTTP/1.1" 200 4113
186.103.159.204 - - [28/Feb/2017:12:50:25 -0300] "GET /cormun/servlet/trsolicitudot? HTTP/1.1" 200 6941
186.103.159.204 - - [28/Feb/2017:12:50:26 -0300] "GET /cormun/servlet/trsolicitudot? HTTP/1.1" 200 6940
192.168.10.62 - - [28/Feb/2017:12:52:26 -0300] "POST /cormun/servlet/trsolicitudgral?341edee741cfcc74a488c1a96a311bf6,,gx-no-cache=1488300433123 HTTP/1.1" 200 8322
192.168.10.62 - - [28/Feb/2017:12:52:27 -0300] "POST /cormun/servlet/trsolicitudgral?341edee741cfcc74a488c1a96a311bf6,,gx-no-cache=1488300434509 HTTP/1.1" 200 105
192.168.10.62 - - [28/Feb/2017:12:52:28 -0300] "POST /cormun/servlet/trsolicitudgral?341edee741cfcc74a488c1a96a311bf6,,gx-no-cache=1488300434631 HTTP/1.1" 200 8304
192.168.10.62 - - [28/Feb/2017:12:52:28 -0300] "GET /cormun/SolicitudGral-5124.xls HTTP/1.1" 200 7680
192.168.10.62 - - [28/Feb/2017:12:52:52 -0300] "POST /cormun/servlet/trsolicitudgral?341edee741cfcc74a488c1a96a311bf6,,gx-no-cache=1488300459438 HTTP/1.1" 200 105
192.168.10.62 - - [28/Feb/2017:12:52:52 -0300] "POST /cormun/servlet/trsolicitudgral?341edee741cfcc74a488c1a96a311bf6,,gx-no-cache=1488300459571 HTTP/1.1" 200 8303
192.168.10.62 - - [28/Feb/2017:12:52:53 -0300] "GET /cormun/SolicitudGral-5902.xls HTTP/1.1" 200 7680
186.79.89.184 - - [28/Feb/2017:12:53:08 -0300] "GET /cormun/servlet/trvisualizadoreventos? HTTP/1.1" 200 6695
186.79.89.184 - - [28/Feb/2017:12:53:09 -0300] "GET /cormun/static/gxcfg.js?2016101716203350 HTTP/1.1" 200 953
186.79.89.184 - - [28/Feb/2017:12:53:09 -0300] "GET /cormun/static/trvisualizadoreventos.js?2016101716203614 HTTP/1.1" 200 19309
186.79.89.184 - - [28/Feb/2017:12:53:09 -0300] "GET /cormun/static/Resources/PXToolsActionPrint.png HTTP/1.1" 200 3317
186.79.89.184 - - [28/Feb/2017:12:53:09 -0300] "GET /cormun/servlet/trvisualizadoreventos? HTTP/1.1" 200 6694
186.79.89.184 - - [28/Feb/2017:12:53:17 -0300] "GET /cormun/static/menuarrow.gif HTTP/1.1" 404 1015
186.79.89.184 - - [28/Feb/2017:12:53:34 -0300] "POST /cormun/servlet/trvisualizadoreventos?2a264bd9e3f6423b99e655ee855b91da,,gx-no-cache=1488301250480 HTTP/1.1" 200 4975
186.79.89.184 - - [28/Feb/2017:12:54:08 -0300] "GET /cormun/servlet/trcontratosolicitud? HTTP/1.1" 200 11929
186.79.89.184 - - [28/Feb/2017:12:54:09 -0300] "GET /cormun/static/gxcfg.js?20171317451682 HTTP/1.1" 200 953
186.79.89.184 - - [28/Feb/2017:12:54:09 -0300] "GET /cormun/static/trcontratosolicitud.js?20171317452124 HTTP/1.1" 304 -
186.79.89.184 - - [28/Feb/2017:12:54:09 -0300] "GET /cormun//static/Resources/PXToolsActionDisabled.gif HTTP/1.1" 200 53
186.79.89.184 - - [28/Feb/2017:12:54:09 -0300] "GET /cormun/servlet/trcontratosolicitud? HTTP/1.1" 200 11928
186.103.157.42 - - [28/Feb/2017:12:54:26 -0300] "GET /cormun/servlet/solicitudotadjuntos?INS,2017,4883,,1, HTTP/1.1" 200 6075
186.103.157.42 - - [28/Feb/2017:12:54:26 -0300] "GET /cormun/static/about:blank HTTP/1.1" 404 1011
186.103.157.42 - - [28/Feb/2017:12:54:27 -0300] "GET /cormun/servlet/solicitudotadjuntos?INS,2017,4883,,1, HTTP/1.1" 200 6068
186.103.157.42 - - [28/Feb/2017:12:54:27 -0300] "GET /cormun/servlet/solicitudotadjuntos?869c27ad6d42c4aae402ca63ec68e6c8659ba1899ff6297ad10eafe7b4ad740268fbc097d29983357c8817dc4d3b510b,gx-no-cache=1488297340527 HTTP/1.1" 200 30
186.103.157.42 - - [28/Feb/2017:12:54:27 -0300] "POST /cormun/servlet/solicitudotadjuntos?17ed51ef6d975dc8e7b77874f1cc5429,INS,2017,4883,,1,,gx-no-cache=1488297340596 HTTP/1.1" 200 3863
186.103.157.42 - - [28/Feb/2017:12:54:29 -0300] "POST /cormun/servlet/solicitudotadjuntos?gx-no-cache=1488297342903 HTTP/1.1" 200 26
186.103.157.42 - - [28/Feb/2017:12:54:34 -0300] "GET /cormun/servlet/solicitudotadjuntos?869c27ad6d42c4aae402ca63ec68e6c841aad0090996aeb6a47eb068a56d015f,gx-no-cache=1488297347241 HTTP/1.1" 200 30
186.103.157.42 - - [28/Feb/2017:12:54:34 -0300] "GET /cormun/servlet/solicitudotadjuntos?869c27ad6d42c4aae402ca63ec68e6c841aad0090996aeb6a47eb068a56d015f,gx-no-cache=1488297347288 HTTP/1.1" 200 30
186.103.157.42 - - [28/Feb/2017:12:54:34 -0300] "POST /cormun/servlet/solicitudotadjuntos?17ed51ef6d975dc8e7b77874f1cc5429,INS,2017,4883,,1, HTTP/1.1" 200 116
186.103.157.42 - - [28/Feb/2017:12:54:35 -0300] "GET /cormun/servlet/hpexe_return? HTTP/1.1" 200 1026
186.103.157.42 - - [28/Feb/2017:12:54:35 -0300] "GET /cormun/servlet/trsolicitudadjuntos?2017,4883, HTTP/1.1" 200 9073
186.103.157.42 - - [28/Feb/2017:12:54:36 -0300] "GET /cormun/servlet/trsolicitudadjuntos?2017,4883, HTTP/1.1" 200 9069
186.103.157.42 - - [28/Feb/2017:12:54:40 -0300] "POST /cormun/servlet/trsolicitudadjuntos?17ed51ef6d975dc8e7b77874f1cc5429,2017,4883,,gx-no-cache=1488297353924 HTTP/1.1" 200 90
186.103.157.42 - - [28/Feb/2017:12:54:41 -0300] "GET /cormun/servlet/hpexe_link HTTP/1.1" 200 993
186.103.157.42 - - [28/Feb/2017:12:54:41 -0300] "GET /cormun/servlet/trsolicitudot?gx-no-cache=1488296659914 HTTP/1.1" 200 8136
186.103.157.42 - - [28/Feb/2017:12:54:42 -0300] "GET /cormun/servlet/trsolicitudot?gx-no-cache=1488296659914 HTTP/1.1" 200 8157
186.79.89.184 - - [28/Feb/2017:12:54:54 -0300] "GET /cormun/servlet/trvisualizadoreventos? HTTP/1.1" 200 7648
186.79.89.184 - - [28/Feb/2017:12:54:54 -0300] "GET /cormun/servlet/trvisualizadoreventos? HTTP/1.1" 200 7648
186.79.89.184 - - [28/Feb/2017:12:54:58 -0300] "POST /cormun/servlet/trvisualizadoreventos?2a264bd9e3f6423b99e655ee855b91da,,gx-no-cache=1488301334427 HTTP/1.1" 200 111
186.79.89.184 - - [28/Feb/2017:12:54:59 -0300] "GET /cormun/VisualizadorEventos-9421.xls HTTP/1.1" 200 6144
186.79.89.184 - - [28/Feb/2017:12:55:51 -0300] "GET /cormun/servlet/trcontratounov2? HTTP/1.1" 200 16762
186.79.89.184 - - [28/Feb/2017:12:55:52 -0300] "GET /cormun/static/gxcfg.js?201612281114880 HTTP/1.1" 200 953
186.79.89.184 - - [28/Feb/2017:12:55:52 -0300] "GET /cormun/static/Resources/PXToolsGridNew.png HTTP/1.1" 200 2949
186.79.89.184 - - [28/Feb/2017:12:55:52 -0300] "GET /cormun/static/trcontratounov2.js?2016122811141421 HTTP/1.1" 304 -
186.79.89.184 - - [28/Feb/2017:12:55:52 -0300] "GET /cormun/static/Resources/PXToolsAddSelectedAction.png HTTP/1.1" 200 3660
186.79.89.184 - - [28/Feb/2017:12:55:53 -0300] "GET /cormun/servlet/trcontratounov2? HTTP/1.1" 200 16742
186.103.159.204 - - [28/Feb/2017:12:56:10 -0300] "GET /cormun/servlet/hlogin HTTP/1.1" 200 1729
186.79.89.184 - - [28/Feb/2017:12:56:14 -0300] "GET /cormun/servlet/trvisualizadoreventos? HTTP/1.1" 200 7648
186.79.89.184 - - [28/Feb/2017:12:56:15 -0300] "GET /cormun/servlet/trvisualizadoreventos? HTTP/1.1" 200 7648
186.79.89.184 - - [28/Feb/2017:12:56:38 -0300] "POST /cormun/servlet/trvisualizadoreventos?2a264bd9e3f6423b99e655ee855b91da,,gx-no-cache=1488301434368 HTTP/1.1" 200 4882
192.168.10.62 - - [28/Feb/2017:12:56:48 -0300] "POST /cormun/servlet/trsolicitudgral?341edee741cfcc74a488c1a96a311bf6,,gx-no-cache=1488300694772 HTTP/1.1" 200 6668
192.168.10.62 - - [28/Feb/2017:12:56:48 -0300] "GET /cormun/static/Shared/jqueryui/images/ui-bg_highlight-soft_100_c6c2c8_1x100.png HTTP/1.1" 404 1117
192.168.10.62 - - [28/Feb/2017:12:56:48 -0300] "GET /cormun/static/Shared/jqueryui/images/ui-icons_82798d_256x240.png HTTP/1.1" 404 1089
192.168.10.62 - - [28/Feb/2017:12:56:48 -0300] "GET /cormun/static/Shared/jqueryui/images/ui-icons_8d78a5_256x240.png HTTP/1.1" 404 1089
192.168.10.62 - - [28/Feb/2017:12:56:48 -0300] "GET /cormun/static/Shared/jqueryui/images/ui-bg_flat_55_fafafa_40x100.png HTTP/1.1" 404 1097
192.168.10.62 - - [28/Feb/2017:12:56:58 -0300] "POST /cormun/servlet/trsolicitudgral?341edee741cfcc74a488c1a96a311bf6,,gx-no-cache=1488300705568 HTTP/1.1" 200 8959
186.79.89.184 - - [28/Feb/2017:12:57:01 -0300] "GET /cormun/servlet/trautorizarsolicitud? HTTP/1.1" 200 9205
186.79.89.184 - - [28/Feb/2017:12:57:02 -0300] "GET /cormun/servlet/trautorizarsolicitud? HTTP/1.1" 200 9204
186.79.89.184 - - [28/Feb/2017:12:57:31 -0300] "POST /cormun/servlet/trautorizarsolicitud?2a264bd9e3f6423b99e655ee855b91da,,gx-no-cache=1488301487178 HTTP/1.1" 200 4124
186.79.89.184 - - [28/Feb/2017:12:57:42 -0300] "POST /cormun/servlet/trautorizarsolicitud?2a264bd9e3f6423b99e655ee855b91da,,gx-no-cache=1488301498344 HTTP/1.1" 200 4125
192.168.10.62 - - [28/Feb/2017:12:57:50 -0300] "POST /cormun/servlet/trsolicitudgral?341edee741cfcc74a488c1a96a311bf6,,gx-no-cache=1488300756819 HTTP/1.1" 200 6659
186.79.89.184 - - [28/Feb/2017:12:58:11 -0300] "GET /cormun/servlet/trvisualizadoreventos? HTTP/1.1" 200 7563
186.79.89.184 - - [28/Feb/2017:12:58:12 -0300] "GET /cormun/servlet/trvisualizadoreventos? HTTP/1.1" 200 7562
186.79.89.184 - - [28/Feb/2017:12:58:19 -0300] "POST /cormun/servlet/trvisualizadoreventos?2a264bd9e3f6423b99e655ee855b91da,,gx-no-cache=1488301534736 HTTP/1.1" 200 4975
186.79.89.184 - - [28/Feb/2017:12:58:58 -0300] "GET /cormun/servlet/trsolicitudot? HTTP/1.1" 200 6938
186.79.89.184 - - [28/Feb/2017:12:58:58 -0300] "GET /cormun/static/gxcfg.js?20171191044697 HTTP/1.1" 200 953
186.79.89.184 - - [28/Feb/2017:12:58:58 -0300] "GET /cormun/static/trsolicitudot.js?20171191045625 HTTP/1.1" 200 53117
186.79.89.184 - - [28/Feb/2017:12:58:59 -0300] "GET /cormun/servlet/trsolicitudot? HTTP/1.1" 200 6938
186.79.89.184 - - [28/Feb/2017:12:59:33 -0300] "GET /cormun/servlet/trautorizarsolicitud? HTTP/1.1" 200 6888
186.79.89.184 - - [28/Feb/2017:12:59:33 -0300] "GET /cormun/servlet/trautorizarsolicitud? HTTP/1.1" 200 6888
186.79.89.184 - - [28/Feb/2017:12:59:46 -0300] "POST /cormun/servlet/trautorizarsolicitud?2a264bd9e3f6423b99e655ee855b91da,,gx-no-cache=1488301621906 HTTP/1.1" 200 6447
186.79.89.184 - - [28/Feb/2017:13:00:19 -0300] "GET /cormun/servlet/veautorizarsolicitud?2017,4835,, HTTP/1.1" 200 8177
186.79.89.184 - - [28/Feb/2017:13:00:19 -0300] "GET /cormun/static/gxcfg.js?20161221854380 HTTP/1.1" 200 953
186.79.89.184 - - [28/Feb/2017:13:00:19 -0300] "GET /cormun/pexe_scrolldiv.js HTTP/1.1" 404 1009
186.79.89.184 - - [28/Feb/2017:13:00:19 -0300] "GET /cormun/static/veautorizarsolicitud.js?20161221854433 HTTP/1.1" 200 6140
186.79.89.184 - - [28/Feb/2017:13:00:19 -0300] "GET /cormun/static/hwcviewtabs.js?201612218431866 HTTP/1.1" 200 1074
186.79.89.184 - - [28/Feb/2017:13:00:19 -0300] "GET /cormun/static/hpexe_tabsview.js?201610171694228 HTTP/1.1" 200 1661
186.79.89.184 - - [28/Feb/2017:13:00:19 -0300] "GET /cormun/static/Resources/PXToolsTabFirstSelected.png HTTP/1.1" 200 1259
186.79.89.184 - - [28/Feb/2017:13:00:19 -0300] "GET /cormun/static/Resources/PXToolsTabLastUnselected.png HTTP/1.1" 200 1291
186.79.89.184 - - [28/Feb/2017:13:00:19 -0300] "GET /cormun/static/Resources/PXToolsTabNext.gif HTTP/1.1" 200 168
186.79.89.184 - - [28/Feb/2017:13:00:19 -0300] "GET /cormun/static/tbautorizarsolicitud01.js?20171102163122 HTTP/1.1" 200 28355
186.79.89.184 - - [28/Feb/2017:13:00:19 -0300] "GET /cormun/static/Resources/PXToolsTabPrevious.gif HTTP/1.1" 200 172
186.79.89.184 - - [28/Feb/2017:13:00:20 -0300] "GET /cormun/static/calendar-system.css HTTP/1.1" 200 5572
186.79.89.184 - - [28/Feb/2017:13:00:20 -0300] "GET /cormun/static/Resources/PXToolsTabBackSelected.png HTTP/1.1" 200 1157
186.79.89.184 - - [28/Feb/2017:13:00:20 -0300] "GET /cormun/static/Resources/PXToolsTabBackUnselected.png HTTP/1.1" 200 1175
186.79.89.184 - - [28/Feb/2017:13:00:20 -0300] "GET /cormun/static/Resources/PXToolsTabUnselectedUnselected.png HTTP/1.1" 200 1459
186.79.89.184 - - [28/Feb/2017:13:00:20 -0300] "GET /cormun/static/Resources/PXToolsTabSelectedUnselected.png HTTP/1.1" 200 1428
