200.83.57.219 - - [28/Feb/2017:15:48:51 -0300] "GET /cormun/static/PXToolsJavascripts/pexe_scrolldiv.js HTTP/1.1" 200 4138
200.83.57.219 - - [28/Feb/2017:15:48:51 -0300] "GET /cormun/static/PXToolsJavascripts/pexe_tabdivfix.js HTTP/1.1" 200 876
200.83.57.219 - - [28/Feb/2017:15:48:51 -0300] "GET /cormun/static/PXToolsJavascripts/pexe_tabs.js HTTP/1.1" 200 3748
200.83.57.219 - - [28/Feb/2017:15:48:51 -0300] "GET /cormun/static/PXToolsJavascripts/pexe_upload.js HTTP/1.1" 200 1423
200.83.57.219 - - [28/Feb/2017:15:48:51 -0300] "GET /cormun/static/PXToolsJavascripts/PXToolsJavascriptsRender.js HTTP/1.1" 200 367
200.83.57.219 - - [28/Feb/2017:15:48:51 -0300] "GET /cormun/static/RunJS/RunJS.js HTTP/1.1" 200 288
200.83.57.219 - - [28/Feb/2017:15:48:51 -0300] "GET /cormun/static/hwchdr01.js?201612218432057 HTTP/1.1" 200 1183
200.83.57.219 - - [28/Feb/2017:15:48:51 -0300] "GET /cormun/static/hhome.js?201612218515573 HTTP/1.1" 200 777
200.83.57.219 - - [28/Feb/2017:15:48:51 -0300] "GET /cormun/static/Shared/ext/locale/ext-lang-en.js HTTP/1.1" 200 10940
200.83.57.219 - - [28/Feb/2017:15:48:51 -0300] "GET /cormun/static/Resources/PXToolsHeaderPreferences.png HTTP/1.1" 200 4189
200.83.57.219 - - [28/Feb/2017:15:48:51 -0300] "GET /cormun/static/Resources/PXToolsHeaderActionsLeft.png HTTP/1.1" 200 1118
200.83.57.219 - - [28/Feb/2017:15:48:51 -0300] "GET /cormun/static/Resources/PXToolsFooterBackground2.png HTTP/1.1" 200 1172
200.83.57.219 - - [28/Feb/2017:15:48:51 -0300] "GET /cormun/static/Resources/logo4.png HTTP/1.1" 200 6582
200.83.57.219 - - [28/Feb/2017:15:48:51 -0300] "GET /cormun/static/Resources/PXToolsHeaderLogin.png HTTP/1.1" 200 4279
200.83.57.219 - - [28/Feb/2017:15:48:51 -0300] "GET /cormun/static/Resources/PXToolsHeaderBackground2.png HTTP/1.1" 200 1174
200.83.57.219 - - [28/Feb/2017:15:48:51 -0300] "GET /cormun/static/Resources/PXToolsHeaderActionsBackground.png HTTP/1.1" 200 484
200.83.57.219 - - [28/Feb/2017:15:48:51 -0300] "GET /cormun/static/Resources/PXToolsDataTitle.png HTTP/1.1" 200 1173
200.83.57.219 - - [28/Feb/2017:15:48:51 -0300] "GET /cormun/static/Resources/PXToolsHeaderSecurity.png HTTP/1.1" 200 4166
200.83.57.219 - - [28/Feb/2017:15:48:51 -0300] "GET /cormun/static/Resources/PXToolsHeaderHome.png HTTP/1.1" 200 4147
200.83.57.219 - - [28/Feb/2017:15:48:51 -0300] "GET /cormun/static/hpexe_recentlink.js?201610171694390 HTTP/1.1" 200 2144
200.83.57.219 - - [28/Feb/2017:15:48:51 -0300] "GET /cormun/static/Resources/PXToolsHeaderActionsRight.png HTTP/1.1" 200 1201
200.83.57.219 - - [28/Feb/2017:15:48:51 -0300] "GET /cormun/static/gxui/gxui-all.js HTTP/1.1" 200 107772
200.83.57.219 - - [28/Feb/2017:15:48:51 -0300] "GET /cormun/static/hpexe_scripts.js?201612218432016 HTTP/1.1" 200 1544
200.83.57.219 - - [28/Feb/2017:15:48:51 -0300] "GET /cormun/static/hpexe_messagecontroller.js?201610171694323 HTTP/1.1" 200 870
200.83.57.219 - - [28/Feb/2017:15:48:51 -0300] "GET /cormun/static/hpexe_messagepopupcomponent.js?20161017169425 HTTP/1.1" 200 605
200.83.57.219 - - [28/Feb/2017:15:48:51 -0300] "GET /cormun/static/cmcontrolpreferences.js?201612218431999 HTTP/1.1" 200 1375
200.83.57.219 - - [28/Feb/2017:15:48:51 -0300] "GET /cormun/static/hpexe_messagegenexuscomponent.js?201612218431816 HTTP/1.1" 200 587
200.83.57.219 - - [28/Feb/2017:15:48:51 -0300] "GET /cormun/static/Shared/jquery/jquery-1.4.2.min.js HTTP/1.1" 200 72174
200.83.57.219 - - [28/Feb/2017:15:48:52 -0300] "GET /cormun/static/SmoothNavMenu/resources/ddsmoothmenu.js HTTP/1.1" 200 12712
200.83.57.219 - - [28/Feb/2017:15:48:52 -0300] "GET /cormun/static/SmoothNavMenu/resources/SmoothNavMenuRender.js HTTP/1.1" 200 5951
200.83.57.219 - - [28/Feb/2017:15:48:52 -0300] "GET /cormun/static/scaMessage/js/jquery.pnotify.min.js HTTP/1.1" 200 13038
200.83.57.219 - - [28/Feb/2017:15:48:52 -0300] "GET /cormun/static/scaMessage/scaMessageRender.js HTTP/1.1" 200 11977
200.83.57.219 - - [28/Feb/2017:15:48:52 -0300] "GET /cormun/static/hmpwkw03.js?20161221852152 HTTP/1.1" 200 3965
200.83.57.219 - - [28/Feb/2017:15:48:52 -0300] "GET /cormun/static/Shared/jqueryui/jquery-ui.min.js HTTP/1.1" 200 240427
200.83.57.219 - - [28/Feb/2017:15:48:52 -0300] "GET /cormun/static/Shared/jquery/jquery-1.10.2.min.js HTTP/1.1" 200 273199
200.83.57.219 - - [28/Feb/2017:15:48:53 -0300] "GET /cormun/static/Shared/ext/ext-all.js HTTP/1.1" 200 1289687
200.83.57.219 - - [28/Feb/2017:15:48:53 -0300] "GET /cormun/static/SmoothNavMenu/resources/images/right.gif HTTP/1.1" 200 860
200.83.57.219 - - [28/Feb/2017:15:48:53 -0300] "GET /cormun/static/SmoothNavMenu/resources/images/down.gif HTTP/1.1" 200 854
200.83.57.219 - - [28/Feb/2017:15:48:53 -0300] "GET /cormun/servlet/hhome HTTP/1.1" 200 4095
200.83.57.219 - - [28/Feb/2017:15:49:01 -0300] "GET /cormun/servlet/trcontratosolicitud? HTTP/1.1" 200 14035
200.83.57.219 - - [28/Feb/2017:15:49:01 -0300] "GET /cormun/static/calendar-system.css?85620 HTTP/1.1" 200 5572
200.83.57.219 - - [28/Feb/2017:15:49:01 -0300] "GET /cormun/static/gxui/gxui-all.css?120300 HTTP/1.1" 200 2179
200.83.57.219 - - [28/Feb/2017:15:49:01 -0300] "GET /cormun/static/calendar.js?85251 HTTP/1.1" 200 26246
200.83.57.219 - - [28/Feb/2017:15:49:01 -0300] "GET /cormun/static/calendar-setup.js?85251 HTTP/1.1" 200 2588
200.83.57.219 - - [28/Feb/2017:15:49:01 -0300] "GET /cormun/static/gxcfg.js?20171317451682 HTTP/1.1" 200 953
200.83.57.219 - - [28/Feb/2017:15:49:01 -0300] "GET /cormun/static/calendar-es.js?85251 HTTP/1.1" 200 1901
200.83.57.219 - - [28/Feb/2017:15:49:01 -0300] "GET /cormun/static/gxdec.js?85251 HTTP/1.1" 200 19579
200.83.57.219 - - [28/Feb/2017:15:49:01 -0300] "GET /cormun/static/trcontratosolicitud.js?20171317452124 HTTP/1.1" 200 28173
200.83.57.219 - - [28/Feb/2017:15:49:01 -0300] "GET /cormun/static/Resources/PXToolsDataSearch.png HTTP/1.1" 200 419
200.83.57.219 - - [28/Feb/2017:15:49:01 -0300] "GET /cormun/static/Resources/PXToolsGridFirstDisabled.gif HTTP/1.1" 200 100
200.83.57.219 - - [28/Feb/2017:15:49:01 -0300] "GET /cormun/static/Resources/PXToolsGridPreviousDisabled.gif HTTP/1.1" 200 90
200.83.57.219 - - [28/Feb/2017:15:49:02 -0300] "GET /cormun/static/Resources/PXToolsGridNextDisabled.gif HTTP/1.1" 200 90
200.83.57.219 - - [28/Feb/2017:15:49:02 -0300] "GET /cormun/static/Shared/ext/resources/css/ext-all.css?215870 HTTP/1.1" 200 416045
200.83.57.219 - - [28/Feb/2017:15:49:02 -0300] "GET /cormun/static/Resources/PXToolsGridLastDisabled.gif HTTP/1.1" 200 98
200.83.57.219 - - [28/Feb/2017:15:49:02 -0300] "GET /cormun/static/Resources/PXToolsGridPage.gif HTTP/1.1" 200 725
200.83.57.219 - - [28/Feb/2017:15:49:02 -0300] "GET /cormun//static/Resources/PXToolsActionDisabled.gif HTTP/1.1" 200 53
200.83.57.219 - - [28/Feb/2017:15:49:02 -0300] "GET /cormun//static/Resources/PXToolsGridNew.png HTTP/1.1" 200 2949
200.83.57.219 - - [28/Feb/2017:15:49:02 -0300] "GET /cormun/static/Resources/asc.gif HTTP/1.1" 200 67
200.83.57.219 - - [28/Feb/2017:15:49:02 -0300] "GET /cormun/static/Resources/desc.gif HTTP/1.1" 200 65
200.83.57.219 - - [28/Feb/2017:15:49:02 -0300] "GET /cormun/static/Shared/ext/resources/themes/images/default/panel/bg-headersPanel.png HTTP/1.1" 200 255
200.83.57.219 - - [28/Feb/2017:15:49:02 -0300] "GET /cormun/static/Shared/ext/resources/themes/images/default/tools/tool-sprites.gif HTTP/1.1" 200 5434
200.83.57.219 - - [28/Feb/2017:15:49:02 -0300] "GET /cormun/servlet/trcontratosolicitud? HTTP/1.1" 200 14031
190.101.9.138 - - [28/Feb/2017:15:49:12 -0300] "POST /cormun/servlet/solicitudot?gx-no-cache=1488307823132 HTTP/1.1" 200 30
190.101.9.138 - - [28/Feb/2017:15:49:17 -0300] "POST /cormun/servlet/solicitudot?gx-no-cache=1488307828686 HTTP/1.1" 200 1291
190.101.9.138 - - [28/Feb/2017:15:49:17 -0300] "POST /cormun/servlet/solicitudot?gx-no-cache=1488307828780 HTTP/1.1" 200 38
200.86.95.220 - - [28/Feb/2017:15:49:32 -0300] "POST /cormun/servlet/solicitudot?5136caf749805e11e5c743e6ce055aac,INS,0,0,,gx-no-cache=1488307842965 HTTP/1.1" 200 11114
200.86.95.220 - - [28/Feb/2017:15:49:32 -0300] "GET /cormun/static/Shared/jqueryui/images/ui-bg_highlight-soft_100_c6c2c8_1x100.png HTTP/1.1" 404 1117
200.86.95.220 - - [28/Feb/2017:15:49:32 -0300] "GET /cormun/static/Shared/jqueryui/images/ui-icons_82798d_256x240.png HTTP/1.1" 404 1089
200.86.95.220 - - [28/Feb/2017:15:49:32 -0300] "GET /cormun/static/Shared/jqueryui/images/ui-bg_flat_55_994d53_40x100.png HTTP/1.1" 404 1097
200.86.95.220 - - [28/Feb/2017:15:49:32 -0300] "GET /cormun/static/Shared/jqueryui/images/ui-icons_ebccce_256x240.png HTTP/1.1" 404 1089
190.101.9.138 - - [28/Feb/2017:15:49:32 -0300] "GET /cormun/servlet/solicitudot?9d1b7ccc81e39d7dd0fe41bd213a3f8e094564dc2395794673f2c937606baefbf9cdbfc61941c74cad999db836ebc5279113a5c5c3e1bfa92b1bea88e2baf295b7837baec623fa10d1105da72d98c61496435b6709bda713b1be8ba7d6daffecb556eb7e3f2f94690d7295cb294452918babb7040744aa55a05bfe660a50924d9abffa4c0bfe2f9c1d3e858f749d1d1bc6b1105a2fae75f6be2494facc7aa41b,gx-no-cache=1488307843881 HTTP/1.1" 200 29
190.101.9.138 - - [28/Feb/2017:15:49:33 -0300] "POST /cormun/servlet/solicitudot?gx-no-cache=1488307843943 HTTP/1.1" 200 1273
190.101.9.138 - - [28/Feb/2017:15:49:33 -0300] "POST /cormun/servlet/solicitudot?gx-no-cache=1488307844021 HTTP/1.1" 200 1157
190.101.9.138 - - [28/Feb/2017:15:49:35 -0300] "POST /cormun/servlet/solicitudot?gx-no-cache=1488307846720 HTTP/1.1" 200 1273
190.101.9.138 - - [28/Feb/2017:15:49:35 -0300] "POST /cormun/servlet/solicitudot?gx-no-cache=1488307846845 HTTP/1.1" 200 1157
190.101.9.138 - - [28/Feb/2017:15:49:52 -0300] "GET /cormun/servlet/solicitudot?9d1b7ccc81e39d7dd0fe41bd213a3f8e937ba722245868b459d640c9762ef6410378518d7ba9192e3c607b3a3755d4b25fb080cf0be0541ae60ec2347143926637e6528d65753314a62c88372bd88ced83e17e66392f86280bb4488a0b98c5b1888c6edca44a1b076c8fefac28dec8f30b545e96b64a4356ac6172cd653c22860082f80c37382c4ec7cf1a5cc846f9433bbfb8394d11cb3923f7a6770ec9f74f7de27b6b56546f0bce39cdfd1318f062,gx-no-cache=1488307863755 HTTP/1.1" 200 30
190.101.9.138 - - [28/Feb/2017:15:49:53 -0300] "POST /cormun/servlet/solicitudot?f580a2ee4c0a386b42bcee210f9e2bb5,INS,0,0,,gx-no-cache=1488307863849 HTTP/1.1" 200 93
190.101.9.138 - - [28/Feb/2017:15:49:53 -0300] "GET /cormun/servlet/hpexe_return? HTTP/1.1" 200 1007
190.101.9.138 - - [28/Feb/2017:15:49:53 -0300] "GET /cormun/servlet/trsolicitudot HTTP/1.1" 200 8723
190.101.9.138 - - [28/Feb/2017:15:49:53 -0300] "GET /cormun/servlet/trsolicitudot HTTP/1.1" 200 8719
200.86.95.220 - - [28/Feb/2017:15:49:55 -0300] "POST /cormun/servlet/solicitudot?5136caf749805e11e5c743e6ce055aac,INS,0,0,,gx-no-cache=1488307865602 HTTP/1.1" 200 93
200.86.95.220 - - [28/Feb/2017:15:49:55 -0300] "GET /cormun/servlet/hpexe_return? HTTP/1.1" 200 1028
200.86.95.220 - - [28/Feb/2017:15:49:55 -0300] "GET /cormun/servlet/trsolicitudot?gx-no-cache=1488304394786 HTTP/1.1" 200 6728
200.86.95.220 - - [28/Feb/2017:15:49:56 -0300] "GET /cormun/servlet/trsolicitudot?gx-no-cache=1488304394786 HTTP/1.1" 200 6745
190.101.9.138 - - [28/Feb/2017:15:50:00 -0300] "POST /cormun/servlet/trsolicitudot?f580a2ee4c0a386b42bcee210f9e2bb5,gx-no-cache=1488307871118 HTTP/1.1" 200 105
190.101.9.138 - - [28/Feb/2017:15:50:00 -0300] "GET /cormun/servlet/solicitudot?UPD,2017,4900, HTTP/1.1" 200 14250
200.83.57.219 - - [28/Feb/2017:15:50:00 -0300] "GET /cormun/servlet/trcontratounov2? HTTP/1.1" 200 16609
200.83.57.219 - - [28/Feb/2017:15:50:00 -0300] "GET /cormun/static/gxcfg.js?201612281114880 HTTP/1.1" 200 953
200.83.57.219 - - [28/Feb/2017:15:50:00 -0300] "GET /cormun/static/trcontratounov2.js?2016122811141421 HTTP/1.1" 200 38423
200.83.57.219 - - [28/Feb/2017:15:50:00 -0300] "GET /cormun/static/Resources/PXToolsActionExcel.png HTTP/1.1" 200 3187
200.83.57.219 - - [28/Feb/2017:15:50:00 -0300] "GET /cormun/static/Resources/PXToolsGridNew.png HTTP/1.1" 200 2949
200.83.57.219 - - [28/Feb/2017:15:50:00 -0300] "GET /cormun/static/Resources/PXToolsAddSelectedAction.png HTTP/1.1" 200 3660
190.101.9.138 - - [28/Feb/2017:15:50:00 -0300] "GET /cormun/servlet/solicitudot?UPD,2017,4900, HTTP/1.1" 200 14259
200.83.57.219 - - [28/Feb/2017:15:50:01 -0300] "GET /cormun/servlet/trcontratounov2? HTTP/1.1" 200 16562
190.101.9.138 - - [28/Feb/2017:15:50:01 -0300] "POST /cormun/servlet/solicitudot?gx-no-cache=1488307872210 HTTP/1.1" 200 3183
190.101.9.138 - - [28/Feb/2017:15:50:01 -0300] "POST /cormun/servlet/solicitudot?f580a2ee4c0a386b42bcee210f9e2bb5,UPD,2017,4900,,gx-no-cache=1488307872413 HTTP/1.1" 200 10849
190.101.9.138 - - [28/Feb/2017:15:50:01 -0300] "GET /cormun/servlet/solicitudot?9d1b7ccc81e39d7dd0fe41bd213a3f8ea7c12ba2f79f28a5293c4e68f0734e4b4b9dc9c8006e5048c3918c26fd2ac18d,gx-no-cache=1488307872632 HTTP/1.1" 200 30
190.101.9.138 - - [28/Feb/2017:15:50:01 -0300] "POST /cormun/servlet/solicitudot?gx-no-cache=1488307872694 HTTP/1.1" 200 254
190.101.9.138 - - [28/Feb/2017:15:50:01 -0300] "GET /cormun/servlet/solicitudot?9d1b7ccc81e39d7dd0fe41bd213a3f8ee5708b06645afb539e60835cc3eff6118bda44e7331b4bdffad2b03cd4f605d0bd8e2029ffd203a234caec787741f0001e72e9ce4ae9c83052afe399162688aa582c6a9aa151c1cb6b13933742407a085311f28c1c5359da89278a8ac15b717a764afebcea5708206d1eeaab10392755644c8c7f176967751897fd740cc819716553b8327ad567c03ddb62e0924fda35312450ec1b42fab0a854319ac181013bf935017afc75826470b866ec09f6adfad841887ece5bc4734c4ffedeae0fb8d1fd282ee3cce275e9b655321d92baebc9664f910f289f2f88d3e906b5afcf64f40ed5ff0c04f81b3b749ff18259b32b16dbddba033f9681d79bc1374a7fba0b5f7e9fe879613d3c313dd70721b7887f672a167d904f9669f622138e4a9460d5ecaaa8358664796ac854b336363c3d385b858f9d3208691ffbf83167161873644680dc208d8360286744ea6546e91d2810eb6e59471316fa67696affbd54e793d76a6bddc9342d7e56c68aeb88fd4c7fae,gx-no-cache=1488307872772 HTTP/1.1" 200 30
190.101.9.138 - - [28/Feb/2017:15:50:01 -0300] "POST /cormun/servlet/solicitudot?gx-no-cache=1488307872834 HTTP/1.1" 200 30
190.101.9.138 - - [28/Feb/2017:15:50:01 -0300] "POST /cormun/servlet/solicitudot?gx-no-cache=1488307872897 HTTP/1.1" 200 1290
190.101.9.138 - - [28/Feb/2017:15:50:02 -0300] "POST /cormun/servlet/solicitudot?gx-no-cache=1488307872990 HTTP/1.1" 200 41
190.101.9.138 - - [28/Feb/2017:15:50:08 -0300] "POST /cormun/servlet/solicitudot?f580a2ee4c0a386b42bcee210f9e2bb5,UPD,2017,4900,,gx-no-cache=1488307879043 HTTP/1.1" 200 93
190.101.9.138 - - [28/Feb/2017:15:50:08 -0300] "GET /cormun/servlet/hpexe_return? HTTP/1.1" 200 1013
190.101.9.138 - - [28/Feb/2017:15:50:08 -0300] "GET /cormun/servlet/trsolicitudot HTTP/1.1" 200 8723
190.101.9.138 - - [28/Feb/2017:15:50:08 -0300] "GET /cormun/servlet/trsolicitudot HTTP/1.1" 200 8719
190.101.9.138 - - [28/Feb/2017:15:50:11 -0300] "POST /cormun/servlet/trsolicitudot?f580a2ee4c0a386b42bcee210f9e2bb5,gx-no-cache=1488307882288 HTTP/1.1" 200 106
190.101.9.138 - - [28/Feb/2017:15:50:11 -0300] "GET /cormun/servlet/solicitudot?UPD,2017,4899, HTTP/1.1" 200 14238
190.101.9.138 - - [28/Feb/2017:15:50:11 -0300] "GET /cormun/servlet/solicitudot?UPD,2017,4899, HTTP/1.1" 200 14247
190.101.9.138 - - [28/Feb/2017:15:50:12 -0300] "POST /cormun/servlet/solicitudot?gx-no-cache=1488307883313 HTTP/1.1" 200 3181
190.101.9.138 - - [28/Feb/2017:15:50:12 -0300] "POST /cormun/servlet/solicitudot?f580a2ee4c0a386b42bcee210f9e2bb5,UPD,2017,4899,,gx-no-cache=1488307883484 HTTP/1.1" 200 10855
190.101.9.138 - - [28/Feb/2017:15:50:12 -0300] "GET /cormun/servlet/solicitudot?9d1b7ccc81e39d7dd0fe41bd213a3f8e10ac39031d52db9227640a803a7316a24b9dc9c8006e5048c3918c26fd2ac18d,gx-no-cache=1488307883718 HTTP/1.1" 200 30
190.101.9.138 - - [28/Feb/2017:15:50:12 -0300] "POST /cormun/servlet/solicitudot?gx-no-cache=1488307883765 HTTP/1.1" 200 254
190.101.9.138 - - [28/Feb/2017:15:50:12 -0300] "GET /cormun/servlet/solicitudot?9d1b7ccc81e39d7dd0fe41bd213a3f8ee5708b06645afb539e60835cc3eff6118bda44e7331b4bdffad2b03cd4f605d0bd8e2029ffd203a234caec787741f0001e72e9ce4ae9c83052afe399162688aa582c6a9aa151c1cb6b13933742407a085311f28c1c5359da89278a8ac15b717a764afebcea5708206d1eeaab10392755644c8c7f176967751897fd740cc819716553b8327ad567c03ddb62e0924fda35312450ec1b42fab0a854319ac181013bf935017afc75826470b866ec09f6adfad841887ece5bc4734c4ffedeae0fb8d1fd282ee3cce275e9b655321d92baebc9664f910f289f2f88d3e906b5afcf64f40ed5ff0c04f81b3b749ff18259b32b16dbddba033f9681d79bc1374a7fba0b5f7e9fe879613d3c313dd70721b7887f672a167d904f9669f622138e4a9460d5ecaaa8358664796ac854b336363c3d385b858f9d3208691ffbf83167161873644680dc208d8360286744ea6546e91d2810eb6e59471316fa67696affbd54e793d76a6bddc9342d7e56c68aeb88fd4c7fae,gx-no-cache=1488307883827 HTTP/1.1" 200 30
190.101.9.138 - - [28/Feb/2017:15:50:12 -0300] "POST /cormun/servlet/solicitudot?gx-no-cache=1488307883874 HTTP/1.1" 200 30
190.101.9.138 - - [28/Feb/2017:15:50:13 -0300] "POST /cormun/servlet/solicitudot?gx-no-cache=1488307883952 HTTP/1.1" 200 1290
190.101.9.138 - - [28/Feb/2017:15:50:13 -0300] "POST /cormun/servlet/solicitudot?gx-no-cache=1488307884030 HTTP/1.1" 200 41
190.101.9.138 - - [28/Feb/2017:15:50:16 -0300] "POST /cormun/servlet/solicitudot?gx-no-cache=1488307887774 HTTP/1.1" 200 30
200.83.57.219 - - [28/Feb/2017:15:50:23 -0300] "GET /cormun/servlet/trvisualizadoreventos? HTTP/1.1" 200 6853
200.83.57.219 - - [28/Feb/2017:15:50:23 -0300] "GET /cormun/static/gxcfg.js?2016101716203350 HTTP/1.1" 200 953
200.83.57.219 - - [28/Feb/2017:15:50:23 -0300] "GET /cormun/static/trvisualizadoreventos.js?2016101716203614 HTTP/1.1" 200 19309
200.83.57.219 - - [28/Feb/2017:15:50:23 -0300] "GET /cormun/static/Resources/PXTools/calendar.png HTTP/1.1" 200 1306
200.83.57.219 - - [28/Feb/2017:15:50:23 -0300] "GET /cormun/static/Resources/PXToolsActionPrint.png HTTP/1.1" 200 3317
200.83.57.219 - - [28/Feb/2017:15:50:23 -0300] "GET /cormun/servlet/trvisualizadoreventos? HTTP/1.1" 200 6853
190.101.9.138 - - [28/Feb/2017:15:50:23 -0300] "POST /cormun/servlet/solicitudot?gx-no-cache=1488307894654 HTTP/1.1" 200 1290
190.101.9.138 - - [28/Feb/2017:15:50:23 -0300] "POST /cormun/servlet/solicitudot?gx-no-cache=1488307894748 HTTP/1.1" 200 41
190.101.9.138 - - [28/Feb/2017:15:50:23 -0300] "GET /cormun/servlet/solicitudot?9d1b7ccc81e39d7dd0fe41bd213a3f8efb0dea2f330ffd13e7c634ac965304363757bb67da5befe650d490f2a7a6e6981e28377fcf677147061576f00df69baedc29c2a57ffd4c1ce3df66e9a22a7c29b5dd5b7b063b77ae8ea2592eaf0a209d60092e0917845262cc904ed1ae65098d3d32aab975a43de4af1b9e35d903751dee4531db7b0605a6b3c642578639e94c8fc97e1e999b5e84547307ceaab3bd1c,gx-no-cache=1488307894810 HTTP/1.1" 200 29
190.101.9.138 - - [28/Feb/2017:15:50:23 -0300] "POST /cormun/servlet/solicitudot?gx-no-cache=1488307894857 HTTP/1.1" 200 1273
190.101.9.138 - - [28/Feb/2017:15:50:24 -0300] "POST /cormun/servlet/solicitudot?gx-no-cache=1488307894935 HTTP/1.1" 200 1157
190.101.9.138 - - [28/Feb/2017:15:50:24 -0300] "GET /cormun/servlet/solicitudot?9d1b7ccc81e39d7dd0fe41bd213a3f8ed33f01eda199317dc7daa9df50e106e92dcf674a3d8fcaf1a45449b71dbb32985fb080cf0be0541ae60ec2347143926637e6528d65753314a62c88372bd88ced83e17e66392f86280bb4488a0b98c5b1888c6edca44a1b076c8fefac28dec8f30b545e96b64a4356ac6172cd653c22860082f80c37382c4ec7cf1a5cc846f9433bbfb8394d11cb3923f7a6770ec9f74f7de27b6b56546f0bce39cdfd1318f062,gx-no-cache=1488307895013 HTTP/1.1" 200 30
190.101.9.138 - - [28/Feb/2017:15:50:24 -0300] "POST /cormun/servlet/solicitudot?f580a2ee4c0a386b42bcee210f9e2bb5,UPD,2017,4899,,gx-no-cache=1488307895091 HTTP/1.1" 200 93
190.101.9.138 - - [28/Feb/2017:15:50:24 -0300] "GET /cormun/servlet/hpexe_return? HTTP/1.1" 200 1013
190.101.9.138 - - [28/Feb/2017:15:50:24 -0300] "GET /cormun/servlet/trsolicitudot HTTP/1.1" 200 8722
190.101.9.138 - - [28/Feb/2017:15:50:24 -0300] "GET /cormun/servlet/trsolicitudot HTTP/1.1" 200 8718
200.83.57.219 - - [28/Feb/2017:15:50:29 -0300] "POST /cormun/servlet/trvisualizadoreventos?c5fa3a469d4d8088b31705cc910795d2,,gx-no-cache=1488307899687 HTTP/1.1" 200 111
200.83.57.219 - - [28/Feb/2017:15:50:30 -0300] "POST /cormun/servlet/trvisualizadoreventos?c5fa3a469d4d8088b31705cc910795d2,,gx-no-cache=1488307899833 HTTP/1.1" 200 3949
200.83.57.219 - - [28/Feb/2017:15:50:30 -0300] "GET /cormun/VisualizadorEventos-6810.xls HTTP/1.1" 200 4096
190.101.9.138 - - [28/Feb/2017:15:50:40 -0300] "GET /cormun/servlet/solicitudot?INS,0,0, HTTP/1.1" 200 12580
190.101.9.138 - - [28/Feb/2017:15:50:40 -0300] "GET /cormun/servlet/solicitudot?INS,0,0, HTTP/1.1" 200 12585
190.101.9.138 - - [28/Feb/2017:15:50:51 -0300] "POST /cormun/servlet/solicitudot?gx-no-cache=1488307922016 HTTP/1.1" 200 3192
190.101.9.138 - - [28/Feb/2017:15:50:51 -0300] "POST /cormun/servlet/solicitudot?f580a2ee4c0a386b42bcee210f9e2bb5,INS,0,0,,gx-no-cache=1488307922204 HTTP/1.1" 200 9791
200.83.57.219 - - [28/Feb/2017:15:50:53 -0300] "GET /cormun/servlet/trautorizarsolicitud? HTTP/1.1" 200 7015
200.83.57.219 - - [28/Feb/2017:15:50:53 -0300] "GET /cormun/static/gxcfg.js?2017259112829 HTTP/1.1" 200 953
200.83.57.219 - - [28/Feb/2017:15:50:53 -0300] "GET /cormun/static/trautorizarsolicitud.js?2017259113483 HTTP/1.1" 200 53096
200.83.57.219 - - [28/Feb/2017:15:50:53 -0300] "GET /cormun/servlet/trautorizarsolicitud? HTTP/1.1" 200 7015
190.101.9.138 - - [28/Feb/2017:15:50:56 -0300] "GET /cormun/servlet/solicitudot?9d1b7ccc81e39d7dd0fe41bd213a3f8ee6df85a87df2f095b440a5d01c5ba7f49803b3c0ed113dc1a9cf0fd0806c4601,gx-no-cache=1488307927321 HTTP/1.1" 200 30
190.101.9.138 - - [28/Feb/2017:15:50:56 -0300] "POST /cormun/servlet/solicitudot?gx-no-cache=1488307927414 HTTP/1.1" 200 255
190.101.9.138 - - [28/Feb/2017:15:50:56 -0300] "GET /cormun/servlet/solicitudot?9d1b7ccc81e39d7dd0fe41bd213a3f8ee5708b06645afb539e60835cc3eff6118bda44e7331b4bdffad2b03cd4f605d0bd8e2029ffd203a234caec787741f0001e72e9ce4ae9c83052afe399162688aa582c6a9aa151c1cb6b13933742407a085311f28c1c5359da89278a8ac15b717a764afebcea5708206d1eeaab10392755644c8c7f176967751897fd740cc819716553b8327ad567c03ddb62e0924fda35312450ec1b42fab0a854319ac181013bf935017afc75826470b866ec09f6adfad841887ece5bc4734c4ffedeae0fb8d1fd282ee3cce275e9b655321d92baebc9664f910f289f2f88d3e906b5afcf64f40ed5ff0c04f81b3b749ff18259b32b16dbddba033f9681d79bc1374a7fba0b5f7e9fe879613d3c313dd70721b7887f672a167d904f9669f622138e4a9460d5ecaaa8358664796ac854b336363c3d385b858f9d3208691ffbf83167161873644680dc208d8360286744ea6546e91d2810eb6e59471316fa67696affbd54e793d7b73e863fc069de58f83f4a9abf6271ab,gx-no-cache=1488307927492 HTTP/1.1" 200 30
190.101.9.138 - - [28/Feb/2017:15:51:00 -0300] "POST /cormun/servlet/solicitudot?gx-no-cache=1488307931798 HTTP/1.1" 200 30
190.101.9.138 - - [28/Feb/2017:15:51:04 -0300] "POST /cormun/servlet/solicitudot?gx-no-cache=1488307935058 HTTP/1.1" 200 1291
190.101.9.138 - - [28/Feb/2017:15:51:04 -0300] "POST /cormun/servlet/solicitudot?gx-no-cache=1488307935152 HTTP/1.1" 200 38
192.168.10.62 - - [28/Feb/2017:15:51:09 -0300] "POST /cormun/servlet/trsolicitudgral?25d980beb3ff48b2d998fd73811e905c,,gx-no-cache=1488311156124 HTTP/1.1" 200 11051
200.83.57.219 - - [28/Feb/2017:15:51:13 -0300] "POST /cormun/servlet/trautorizarsolicitud?c5fa3a469d4d8088b31705cc910795d2,,gx-no-cache=1488307943564 HTTP/1.1" 200 4127
190.101.9.138 - - [28/Feb/2017:15:51:15 -0300] "GET /cormun/servlet/solicitudot?9d1b7ccc81e39d7dd0fe41bd213a3f8e094564dc2395794673f2c937606baefbf9cdbfc61941c74cad999db836ebc5279113a5c5c3e1bfa92b1bea88e2baf295b7837baec623fa10d1105da72d98c61496435b6709bda713b1be8ba7d6daffecb556eb7e3f2f94690d7295cb294452918babb7040744aa55a05bfe660a50924d9abffa4c0bfe2f9c1d3e858f749d1d1bc6b1105a2fae75f6be2494facc7aa41b,gx-no-cache=1488307946640 HTTP/1.1" 200 29
190.101.9.138 - - [28/Feb/2017:15:51:15 -0300] "POST /cormun/servlet/solicitudot?gx-no-cache=1488307946703 HTTP/1.1" 200 1273
190.101.9.138 - - [28/Feb/2017:15:51:15 -0300] "POST /cormun/servlet/solicitudot?gx-no-cache=1488307946781 HTTP/1.1" 200 1157
190.101.9.138 - - [28/Feb/2017:15:51:20 -0300] "POST /cormun/servlet/solicitudot?gx-no-cache=1488307951149 HTTP/1.1" 200 1273
190.101.9.138 - - [28/Feb/2017:15:51:20 -0300] "POST /cormun/servlet/solicitudot?gx-no-cache=1488307951258 HTTP/1.1" 200 1157
190.101.9.138 - - [28/Feb/2017:15:51:35 -0300] "GET /cormun/servlet/solicitudot?9d1b7ccc81e39d7dd0fe41bd213a3f8ec38040ed8106ee1579f1d548d993b0b546c96cad91882875ac149bc3d405adf95fb080cf0be0541ae60ec2347143926637e6528d65753314a62c88372bd88ced83e17e66392f86280bb4488a0b98c5b1888c6edca44a1b076c8fefac28dec8f30b545e96b64a4356ac6172cd653c22860082f80c37382c4ec7cf1a5cc846f9433bbfb8394d11cb3923f7a6770ec9f74f7de27b6b56546f0bce39cdfd1318f062,gx-no-cache=1488307966593 HTTP/1.1" 200 30
190.101.9.138 - - [28/Feb/2017:15:51:35 -0300] "POST /cormun/servlet/solicitudot?f580a2ee4c0a386b42bcee210f9e2bb5,INS,0,0,,gx-no-cache=1488307966671 HTTP/1.1" 200 93
190.101.9.138 - - [28/Feb/2017:15:51:35 -0300] "GET /cormun/servlet/hpexe_return? HTTP/1.1" 200 1007
190.101.9.138 - - [28/Feb/2017:15:51:36 -0300] "GET /cormun/servlet/trsolicitudot HTTP/1.1" 200 9047
190.101.9.138 - - [28/Feb/2017:15:51:36 -0300] "GET /cormun/servlet/trsolicitudot HTTP/1.1" 200 9043
200.86.95.220 - - [28/Feb/2017:15:51:45 -0300] "GET /cormun/servlet/solicitudot?INS,0,0, HTTP/1.1" 200 12581
200.86.95.220 - - [28/Feb/2017:15:51:47 -0300] "GET /cormun/servlet/solicitudot?INS,0,0, HTTP/1.1" 200 12565
200.86.95.220 - - [28/Feb/2017:15:51:57 -0300] "POST /cormun/servlet/solicitudot?gx-no-cache=1488307987918 HTTP/1.1" 200 3081
200.86.95.220 - - [28/Feb/2017:15:51:57 -0300] "POST /cormun/servlet/solicitudot?5136caf749805e11e5c743e6ce055aac,INS,0,0,,gx-no-cache=1488307988227 HTTP/1.1" 200 9701
200.86.95.220 - - [28/Feb/2017:15:52:03 -0300] "GET /cormun/servlet/solicitudot?8a7899c17de10917c2be0623c6ee5b92c7e7f7597083cec50bdf5f05803d108098c626046a291997cf1f7f797857b5cc,gx-no-cache=1488307993908 HTTP/1.1" 200 30
186.103.159.188 - - [28/Feb/2017:15:52:07 -0300] "GET /cormun/servlet/solicitudot?INS,0,0, HTTP/1.1" 200 12581
200.83.57.219 - - [28/Feb/2017:15:52:07 -0300] "POST /cormun/servlet/trautorizarsolicitud?c5fa3a469d4d8088b31705cc910795d2,,gx-no-cache=1488307997058 HTTP/1.1" 200 4155
186.103.159.188 - - [28/Feb/2017:15:52:07 -0300] "GET /cormun/servlet/solicitudot?INS,0,0, HTTP/1.1" 200 12586
200.83.57.219 - - [28/Feb/2017:15:52:09 -0300] "POST /cormun/servlet/trautorizarsolicitud?c5fa3a469d4d8088b31705cc910795d2,,gx-no-cache=1488307998900 HTTP/1.1" 200 4155
200.83.57.219 - - [28/Feb/2017:15:52:10 -0300] "POST /cormun/servlet/trautorizarsolicitud?c5fa3a469d4d8088b31705cc910795d2,,gx-no-cache=1488308000295 HTTP/1.1" 200 4154
200.83.57.219 - - [28/Feb/2017:15:52:12 -0300] "POST /cormun/servlet/trautorizarsolicitud?c5fa3a469d4d8088b31705cc910795d2,,gx-no-cache=1488308001926 HTTP/1.1" 200 4154
200.83.57.219 - - [28/Feb/2017:15:52:15 -0300] "POST /cormun/servlet/trautorizarsolicitud?c5fa3a469d4d8088b31705cc910795d2,,gx-no-cache=1488308004826 HTTP/1.1" 200 4154
186.103.159.188 - - [28/Feb/2017:15:52:16 -0300] "POST /cormun/servlet/solicitudot?gx-no-cache=1488308007796 HTTP/1.1" 200 3185
186.103.159.188 - - [28/Feb/2017:15:52:17 -0300] "POST /cormun/servlet/solicitudot?f580a2ee4c0a386b42bcee210f9e2bb5,INS,0,0,,gx-no-cache=1488308007983 HTTP/1.1" 200 9789
200.83.57.219 - - [28/Feb/2017:15:52:29 -0300] "GET /cormun/servlet/trcontratosolicitud? HTTP/1.1" 200 14036
200.83.57.219 - - [28/Feb/2017:15:52:30 -0300] "GET /cormun/servlet/trcontratosolicitud? HTTP/1.1" 200 14024
192.168.10.62 - - [28/Feb/2017:15:52:31 -0300] "POST /cormun/servlet/trsolicitudgral?25d980beb3ff48b2d998fd73811e905c,,gx-no-cache=1488311238155 HTTP/1.1" 200 6838
200.83.57.219 - - [28/Feb/2017:15:52:36 -0300] "POST /cormun/servlet/trcontratosolicitud?c5fa3a469d4d8088b31705cc910795d2,,gx-no-cache=1488308025941 HTTP/1.1" 200 11641
200.83.57.219 - - [28/Feb/2017:15:52:46 -0300] "GET /cormun/servlet/trcontratounov2? HTTP/1.1" 200 16615
200.83.57.219 - - [28/Feb/2017:15:52:47 -0300] "GET /cormun/servlet/trcontratounov2? HTTP/1.1" 200 16567
186.103.159.188 - - [28/Feb/2017:15:52:58 -0300] "GET /cormun/servlet/solicitudot?9d1b7ccc81e39d7dd0fe41bd213a3f8e72540b63ec2c8e5afba4cb7e6982dcab9803b3c0ed113dc1a9cf0fd0806c4601,gx-no-cache=1488308049183 HTTP/1.1" 200 30
186.103.159.188 - - [28/Feb/2017:15:52:58 -0300] "POST /cormun/servlet/solicitudot?gx-no-cache=1488308049355 HTTP/1.1" 200 255
186.103.159.188 - - [28/Feb/2017:15:52:58 -0300] "GET /cormun/servlet/solicitudot?9d1b7ccc81e39d7dd0fe41bd213a3f8ee5708b06645afb539e60835cc3eff6118bda44e7331b4bdffad2b03cd4f605d0bd8e2029ffd203a234caec787741f0001e72e9ce4ae9c83052afe399162688aa582c6a9aa151c1cb6b13933742407a085311f28c1c5359da89278a8ac15b717a764afebcea5708206d1eeaab10392755644c8c7f176967751897fd740cc819716553b8327ad567c03ddb62e0924fda35312450ec1b42fab0a854319ac181013bf935017afc75826470b866ec09f6adfad841887ece5bc4734c4ffedeae0fb8d1fd282ee3cce275e9b655321d92baebc9664f910f289f2f88d3e906b5afcf64f40ed5ff0c04f81b3b749ff18259b32b16dbddba033f9681d79bc1374a7fba0b5f7e9fe879613d3c313dd70721b7887f672a167d904f9669f622138e4a9460d5ecaaa8358664796ac854b336363c3d385b858f9d3208691ffbf83167161873644680dc208d8360286744ea6546e91d2810eb6e59471316fa67696affbd54e793d7b73e863fc069de58f83f4a9abf6271ab,gx-no-cache=1488308049511 HTTP/1.1" 200 30
200.83.57.219 - - [28/Feb/2017:15:53:01 -0300] "GET /cormun/servlet/trcontratosolicitud? HTTP/1.1" 200 14034
186.103.159.188 - - [28/Feb/2017:15:53:01 -0300] "POST /cormun/servlet/solicitudot?gx-no-cache=1488308052631 HTTP/1.1" 200 30
200.83.57.219 - - [28/Feb/2017:15:53:01 -0300] "GET /cormun/servlet/trcontratosolicitud? HTTP/1.1" 200 14023
186.103.159.188 - - [28/Feb/2017:15:53:05 -0300] "POST /cormun/servlet/solicitudot?gx-no-cache=1488308056297 HTTP/1.1" 200 1291
186.103.159.188 - - [28/Feb/2017:15:53:05 -0300] "POST /cormun/servlet/solicitudot?gx-no-cache=1488308056359 HTTP/1.1" 200 38
186.103.159.188 - - [28/Feb/2017:15:53:19 -0300] "GET /cormun/servlet/solicitudot?9d1b7ccc81e39d7dd0fe41bd213a3f8e094564dc2395794673f2c937606baefbf9cdbfc61941c74cad999db836ebc5279113a5c5c3e1bfa92b1bea88e2baf295b7837baec623fa10d1105da72d98c61496435b6709bda713b1be8ba7d6daffecb556eb7e3f2f94690d7295cb294452918babb7040744aa55a05bfe660a50924d9abffa4c0bfe2f9c1d3e858f749d1d1bc6b1105a2fae75f6be2494facc7aa41b,gx-no-cache=1488308070922 HTTP/1.1" 200 29
186.103.159.188 - - [28/Feb/2017:15:53:20 -0300] "POST /cormun/servlet/solicitudot?gx-no-cache=1488308070969 HTTP/1.1" 200 1273
186.103.159.188 - - [28/Feb/2017:15:53:20 -0300] "POST /cormun/servlet/solicitudot?gx-no-cache=1488308071110 HTTP/1.1" 200 1157
200.83.57.219 - - [28/Feb/2017:15:53:20 -0300] "POST /cormun/servlet/trcontratosolicitud?c5fa3a469d4d8088b31705cc910795d2,,gx-no-cache=1488308069594 HTTP/1.1" 200 3995
186.103.159.188 - - [28/Feb/2017:15:53:23 -0300] "POST /cormun/servlet/solicitudot?gx-no-cache=1488308074167 HTTP/1.1" 200 1273
186.103.159.188 - - [28/Feb/2017:15:53:23 -0300] "POST /cormun/servlet/solicitudot?gx-no-cache=1488308074276 HTTP/1.1" 200 1157
186.103.159.188 - - [28/Feb/2017:15:53:38 -0300] "GET /cormun/servlet/solicitudot?9d1b7ccc81e39d7dd0fe41bd213a3f8e90bcc93eb97ff7d87535d06e6ac69e3946c96cad91882875ac149bc3d405adf95fb080cf0be0541ae60ec2347143926637e6528d65753314a62c88372bd88ced83e17e66392f86280bb4488a0b98c5b1888c6edca44a1b076c8fefac28dec8f30b545e96b64a4356ac6172cd653c22860082f80c37382c4ec7cf1a5cc846f9433bbfb8394d11cb3923f7a6770ec9f74f7de27b6b56546f0bce39cdfd1318f062,gx-no-cache=1488308089518 HTTP/1.1" 200 30
186.103.159.188 - - [28/Feb/2017:15:53:38 -0300] "POST /cormun/servlet/solicitudot?f580a2ee4c0a386b42bcee210f9e2bb5,INS,0,0,,gx-no-cache=1488308089565 HTTP/1.1" 200 93
186.103.159.188 - - [28/Feb/2017:15:53:38 -0300] "GET /cormun/servlet/hpexe_return? HTTP/1.1" 200 1007
186.103.159.188 - - [28/Feb/2017:15:53:39 -0300] "GET /cormun/servlet/trsolicitudot HTTP/1.1" 200 9354
186.103.159.188 - - [28/Feb/2017:15:53:39 -0300] "GET /cormun/servlet/trsolicitudot HTTP/1.1" 200 9350
200.86.95.220 - - [28/Feb/2017:15:53:40 -0300] "POST /cormun/servlet/solicitudot?gx-no-cache=1488308090931 HTTP/1.1" 200 255
200.86.95.220 - - [28/Feb/2017:15:53:42 -0300] "GET /cormun/servlet/solicitudot?8a7899c17de10917c2be0623c6ee5b928f61691aae633d2a5a9eb2277de89fa0f7149b4988ccbb5fd79a53def1d44f2f7d016155f0fc095bc44a611ff85313938d107016fed5de99bf53b2e72b7bc9fa0c19e2e41fdd61eaea0717f9632d3041c4b96a47dcd9a94eef3a3ff33df6758e794957e2a5836cd475b64903fe2131a5a25561e203a95cbe41d37e746d783110e5626d86a55300ed12be92c655a1976acc346d0f5c8ead9fed996f9e93f7ac9f4be5e4d6ac9e4c117362e6c3fc8897d086fbe8f8732c5c699a1ac6ff9159380ffc282bd03f7ffcc9bad5ebffe71bc1641f3fe53f3fbdd0dadb67430789e8c7126199aafda3778d1c8458ea114d49d20ca2490d14336c1afbcd749f1dc5b09f7be05c7cc1d0d775f60a6613df6d8936c87bcdee64cac3de43adb1aa125a635b0a4217092ad08f133c1f290f11d45758ebe41ee9eb2c361db5f5a17f97f72d0414dadbbb15c3faeb551ea197044ca4d9c8c7cb654c75ed97dc246da582fc71a5123fe34191bd620a7c29233fcd5bbe8932,gx-no-cache=1488308093450 HTTP/1.1" 200 30
200.86.95.220 - - [28/Feb/2017:15:53:47 -0300] "POST /cormun/servlet/solicitudot?gx-no-cache=1488308098289 HTTP/1.1" 200 30
200.86.95.220 - - [28/Feb/2017:15:53:51 -0300] "POST /cormun/servlet/solicitudot?gx-no-cache=1488308102202 HTTP/1.1" 200 235
200.86.95.220 - - [28/Feb/2017:15:53:51 -0300] "POST /cormun/servlet/solicitudot?gx-no-cache=1488308102320 HTTP/1.1" 200 38
200.86.95.220 - - [28/Feb/2017:15:54:29 -0300] "GET /cormun/servlet/solicitudot?8a7899c17de10917c2be0623c6ee5b927a84c5ffb93c959c617d71ea7209f8f01344e17a488865e312db5f6565901434c3d78b9159b553c8804beeba860df20731bfc35424072c5056d248ec39e02489165b2e68920bb92564e93aac98fef42fe000db619c268a6c714ca69003f24274,gx-no-cache=1488308139961 HTTP/1.1" 200 29
200.86.95.220 - - [28/Feb/2017:15:54:29 -0300] "POST /cormun/servlet/solicitudot?gx-no-cache=1488308140080 HTTP/1.1" 200 643
200.86.95.220 - - [28/Feb/2017:15:54:30 -0300] "POST /cormun/servlet/solicitudot?gx-no-cache=1488308141500 HTTP/1.1" 200 1157
190.101.9.138 - - [28/Feb/2017:15:54:54 -0300] "POST /cormun/servlet/trsolicitudot?f580a2ee4c0a386b42bcee210f9e2bb5,gx-no-cache=1488308164849 HTTP/1.1" 200 106
190.101.9.138 - - [28/Feb/2017:15:54:54 -0300] "GET /cormun/servlet/solicitudot?UPD,2017,4903, HTTP/1.1" 200 14254
190.101.9.138 - - [28/Feb/2017:15:54:54 -0300] "GET /cormun/servlet/solicitudot?UPD,2017,4903, HTTP/1.1" 200 14264
190.101.9.138 - - [28/Feb/2017:15:54:55 -0300] "POST /cormun/servlet/solicitudot?gx-no-cache=1488308166268 HTTP/1.1" 200 3185
190.101.9.138 - - [28/Feb/2017:15:54:55 -0300] "POST /cormun/servlet/solicitudot?f580a2ee4c0a386b42bcee210f9e2bb5,UPD,2017,4903,,gx-no-cache=1488308166533 HTTP/1.1" 200 10857
190.101.9.138 - - [28/Feb/2017:15:54:56 -0300] "GET /cormun/servlet/solicitudot?9d1b7ccc81e39d7dd0fe41bd213a3f8e72540b63ec2c8e5afba4cb7e6982dcab4b9dc9c8006e5048c3918c26fd2ac18d,gx-no-cache=1488308166877 HTTP/1.1" 200 30
190.101.9.138 - - [28/Feb/2017:15:54:56 -0300] "POST /cormun/servlet/solicitudot?gx-no-cache=1488308167251 HTTP/1.1" 200 254
190.101.9.138 - - [28/Feb/2017:15:54:56 -0300] "GET /cormun/servlet/solicitudot?9d1b7ccc81e39d7dd0fe41bd213a3f8ee5708b06645afb539e60835cc3eff6118bda44e7331b4bdffad2b03cd4f605d0bd8e2029ffd203a234caec787741f0001e72e9ce4ae9c83052afe399162688aa582c6a9aa151c1cb6b13933742407a085311f28c1c5359da89278a8ac15b717a764afebcea5708206d1eeaab10392755644c8c7f176967751897fd740cc819716553b8327ad567c03ddb62e0924fda35312450ec1b42fab0a854319ac181013bf935017afc75826470b866ec09f6adfad841887ece5bc4734c4ffedeae0fb8d1fd282ee3cce275e9b655321d92baebc9664f910f289f2f88d3e906b5afcf64f40ed5ff0c04f81b3b749ff18259b32b16dbddba033f9681d79bc1374a7fba0b5f7e9fe879613d3c313dd70721b7887f672a167d904f9669f622138e4a9460d5ecaaa8358664796ac854b336363c3d385b858f9d3208691ffbf83167161873644680dc208d8360286744ea6546e91d2810eb6e59471316fa67696affbd54e793d76a6bddc9342d7e56c68aeb88fd4c7fae,gx-no-cache=1488308167329 HTTP/1.1" 200 30
190.101.9.138 - - [28/Feb/2017:15:54:56 -0300] "POST /cormun/servlet/solicitudot?gx-no-cache=1488308167376 HTTP/1.1" 200 30
190.101.9.138 - - [28/Feb/2017:15:54:56 -0300] "POST /cormun/servlet/solicitudot?gx-no-cache=1488308167423 HTTP/1.1" 200 1290
190.101.9.138 - - [28/Feb/2017:15:54:56 -0300] "POST /cormun/servlet/solicitudot?gx-no-cache=1488308167532 HTTP/1.1" 200 41
190.101.9.138 - - [28/Feb/2017:15:54:59 -0300] "POST /cormun/servlet/solicitudot?f580a2ee4c0a386b42bcee210f9e2bb5,UPD,2017,4903,,gx-no-cache=1488308169919 HTTP/1.1" 200 93
190.101.9.138 - - [28/Feb/2017:15:54:59 -0300] "GET /cormun/servlet/hpexe_return? HTTP/1.1" 200 1013
190.101.9.138 - - [28/Feb/2017:15:54:59 -0300] "GET /cormun/servlet/trsolicitudot HTTP/1.1" 200 9354
190.101.9.138 - - [28/Feb/2017:15:54:59 -0300] "GET /cormun/servlet/trsolicitudot HTTP/1.1" 200 9350
190.101.9.138 - - [28/Feb/2017:15:55:03 -0300] "POST /cormun/servlet/trsolicitudot?f580a2ee4c0a386b42bcee210f9e2bb5,gx-no-cache=1488308174146 HTTP/1.1" 200 106
190.101.9.138 - - [28/Feb/2017:15:55:03 -0300] "GET /cormun/servlet/solicitudot?UPD,2017,4902, HTTP/1.1" 200 14256
190.101.9.138 - - [28/Feb/2017:15:55:03 -0300] "GET /cormun/servlet/solicitudot?UPD,2017,4902, HTTP/1.1" 200 14265
190.101.9.138 - - [28/Feb/2017:15:55:04 -0300] "POST /cormun/servlet/solicitudot?gx-no-cache=1488308175192 HTTP/1.1" 200 3192
190.101.9.138 - - [28/Feb/2017:15:55:04 -0300] "POST /cormun/servlet/solicitudot?f580a2ee4c0a386b42bcee210f9e2bb5,UPD,2017,4902,,gx-no-cache=1488308175379 HTTP/1.1" 200 10859
190.101.9.138 - - [28/Feb/2017:15:55:04 -0300] "GET /cormun/servlet/solicitudot?9d1b7ccc81e39d7dd0fe41bd213a3f8ee6df85a87df2f095b440a5d01c5ba7f44b9dc9c8006e5048c3918c26fd2ac18d,gx-no-cache=1488308175613 HTTP/1.1" 200 30
190.101.9.138 - - [28/Feb/2017:15:55:04 -0300] "POST /cormun/servlet/solicitudot?gx-no-cache=1488308175675 HTTP/1.1" 200 254
190.101.9.138 - - [28/Feb/2017:15:55:04 -0300] "GET /cormun/servlet/solicitudot?9d1b7ccc81e39d7dd0fe41bd213a3f8ee5708b06645afb539e60835cc3eff6118bda44e7331b4bdffad2b03cd4f605d0bd8e2029ffd203a234caec787741f0001e72e9ce4ae9c83052afe399162688aa582c6a9aa151c1cb6b13933742407a085311f28c1c5359da89278a8ac15b717a764afebcea5708206d1eeaab10392755644c8c7f176967751897fd740cc819716553b8327ad567c03ddb62e0924fda35312450ec1b42fab0a854319ac181013bf935017afc75826470b866ec09f6adfad841887ece5bc4734c4ffedeae0fb8d1fd282ee3cce275e9b655321d92baebc9664f910f289f2f88d3e906b5afcf64f40ed5ff0c04f81b3b749ff18259b32b16dbddba033f9681d79bc1374a7fba0b5f7e9fe879613d3c313dd70721b7887f672a167d904f9669f622138e4a9460d5ecaaa8358664796ac854b336363c3d385b858f9d3208691ffbf83167161873644680dc208d8360286744ea6546e91d2810eb6e59471316fa67696affbd54e793d76a6bddc9342d7e56c68aeb88fd4c7fae,gx-no-cache=1488308175738 HTTP/1.1" 200 30
190.101.9.138 - - [28/Feb/2017:15:55:04 -0300] "POST /cormun/servlet/solicitudot?gx-no-cache=1488308175784 HTTP/1.1" 200 30
190.101.9.138 - - [28/Feb/2017:15:55:04 -0300] "POST /cormun/servlet/solicitudot?gx-no-cache=1488308175831 HTTP/1.1" 200 1290
190.101.9.138 - - [28/Feb/2017:15:55:04 -0300] "POST /cormun/servlet/solicitudot?gx-no-cache=1488308175894 HTTP/1.1" 200 41
190.101.9.138 - - [28/Feb/2017:15:55:09 -0300] "POST /cormun/servlet/solicitudot?f580a2ee4c0a386b42bcee210f9e2bb5,UPD,2017,4902,,gx-no-cache=1488308180324 HTTP/1.1" 200 93
190.101.9.138 - - [28/Feb/2017:15:55:09 -0300] "GET /cormun/servlet/hpexe_return? HTTP/1.1" 200 1013
190.101.9.138 - - [28/Feb/2017:15:55:09 -0300] "GET /cormun/servlet/trsolicitudot HTTP/1.1" 200 9354
190.101.9.138 - - [28/Feb/2017:15:55:10 -0300] "GET /cormun/servlet/trsolicitudot HTTP/1.1" 200 9350
190.101.9.138 - - [28/Feb/2017:15:55:12 -0300] "POST /cormun/servlet/trsolicitudot?f580a2ee4c0a386b42bcee210f9e2bb5,gx-no-cache=1488308183725 HTTP/1.1" 200 105
190.101.9.138 - - [28/Feb/2017:15:55:13 -0300] "GET /cormun/servlet/solicitudot?UPD,2017,4901, HTTP/1.1" 200 14226
190.101.9.138 - - [28/Feb/2017:15:55:13 -0300] "GET /cormun/servlet/solicitudot?UPD,2017,4901, HTTP/1.1" 200 14235
190.101.9.138 - - [28/Feb/2017:15:55:13 -0300] "POST /cormun/servlet/solicitudot?gx-no-cache=1488308184739 HTTP/1.1" 200 3173
190.101.9.138 - - [28/Feb/2017:15:55:14 -0300] "POST /cormun/servlet/solicitudot?f580a2ee4c0a386b42bcee210f9e2bb5,UPD,2017,4901,,gx-no-cache=1488308184895 HTTP/1.1" 200 10845
190.101.9.138 - - [28/Feb/2017:15:55:14 -0300] "GET /cormun/servlet/solicitudot?9d1b7ccc81e39d7dd0fe41bd213a3f8eae6eef733fe1c0d24a6addcfb2ac2dfe4b9dc9c8006e5048c3918c26fd2ac18d,gx-no-cache=1488308185113 HTTP/1.1" 200 30
190.101.9.138 - - [28/Feb/2017:15:55:14 -0300] "POST /cormun/servlet/solicitudot?gx-no-cache=1488308185144 HTTP/1.1" 200 255
190.101.9.138 - - [28/Feb/2017:15:55:14 -0300] "GET /cormun/servlet/solicitudot?9d1b7ccc81e39d7dd0fe41bd213a3f8ee5708b06645afb539e60835cc3eff6118bda44e7331b4bdffad2b03cd4f605d0bd8e2029ffd203a234caec787741f0001e72e9ce4ae9c83052afe399162688aa582c6a9aa151c1cb6b13933742407a085311f28c1c5359da89278a8ac15b717a764afebcea5708206d1eeaab10392755644c8c7f176967751897fd740cc819716553b8327ad567c03ddb62e0924fda35312450ec1b42fab0a854319ac181013bf935017afc75826470b866ec09f6adfad841887ece5bc4734c4ffedeae0fb8d1fd282ee3cce275e9b655321d92baebc9664f910f289f2f88d3e906b5afcf64f40ed5ff0c04f81b3b749ff18259b32b16dbddba033f9681d79bc1374a7fba0b5f7e9fe879613d3c313dd70721b7887f672a167d904f9669f622138e4a9460d5ecaaa8358664796ac854b336363c3d385b858f9d3208691ffbf83167161873644680dc208d8360286744ea6546e91d2810eb6e59471316fa67696affbd54e793d76a6bddc9342d7e56c68aeb88fd4c7fae,gx-no-cache=1488308185222 HTTP/1.1" 200 30
190.101.9.138 - - [28/Feb/2017:15:55:14 -0300] "POST /cormun/servlet/solicitudot?gx-no-cache=1488308185269 HTTP/1.1" 200 30
190.101.9.138 - - [28/Feb/2017:15:55:14 -0300] "POST /cormun/servlet/solicitudot?gx-no-cache=1488308185347 HTTP/1.1" 200 1290
190.101.9.138 - - [28/Feb/2017:15:55:14 -0300] "POST /cormun/servlet/solicitudot?gx-no-cache=1488308185425 HTTP/1.1" 200 41
190.101.9.138 - - [28/Feb/2017:15:55:18 -0300] "POST /cormun/servlet/solicitudot?f580a2ee4c0a386b42bcee210f9e2bb5,UPD,2017,4901,,gx-no-cache=1488308189700 HTTP/1.1" 200 93
190.101.9.138 - - [28/Feb/2017:15:55:18 -0300] "GET /cormun/servlet/hpexe_return? HTTP/1.1" 200 1013
190.101.9.138 - - [28/Feb/2017:15:55:19 -0300] "GET /cormun/servlet/trsolicitudot HTTP/1.1" 200 9354
190.101.9.138 - - [28/Feb/2017:15:55:19 -0300] "GET /cormun/servlet/trsolicitudot HTTP/1.1" 200 9350
200.86.95.220 - - [28/Feb/2017:15:55:20 -0300] "GET /cormun/static/menuarrow.gif HTTP/1.1" 404 1015
190.101.9.138 - - [28/Feb/2017:15:55:23 -0300] "POST /cormun/servlet/trsolicitudot?f580a2ee4c0a386b42bcee210f9e2bb5,gx-no-cache=1488308193878 HTTP/1.1" 200 105
190.101.9.138 - - [28/Feb/2017:15:55:23 -0300] "GET /cormun/servlet/solicitudot?UPD,2017,4900, HTTP/1.1" 200 14250
190.101.9.138 - - [28/Feb/2017:15:55:23 -0300] "GET /cormun/servlet/solicitudot?UPD,2017,4900, HTTP/1.1" 200 14259
190.101.9.138 - - [28/Feb/2017:15:55:24 -0300] "POST /cormun/servlet/solicitudot?gx-no-cache=1488308194908 HTTP/1.1" 200 3183
190.101.9.138 - - [28/Feb/2017:15:55:24 -0300] "POST /cormun/servlet/solicitudot?f580a2ee4c0a386b42bcee210f9e2bb5,UPD,2017,4900,,gx-no-cache=1488308195095 HTTP/1.1" 200 10849
190.101.9.138 - - [28/Feb/2017:15:55:24 -0300] "GET /cormun/servlet/solicitudot?9d1b7ccc81e39d7dd0fe41bd213a3f8ea7c12ba2f79f28a5293c4e68f0734e4b4b9dc9c8006e5048c3918c26fd2ac18d,gx-no-cache=1488308195345 HTTP/1.1" 200 30
190.101.9.138 - - [28/Feb/2017:15:55:24 -0300] "POST /cormun/servlet/solicitudot?gx-no-cache=1488308195376 HTTP/1.1" 200 254
190.101.9.138 - - [28/Feb/2017:15:55:24 -0300] "GET /cormun/servlet/solicitudot?9d1b7ccc81e39d7dd0fe41bd213a3f8ee5708b06645afb539e60835cc3eff6118bda44e7331b4bdffad2b03cd4f605d0bd8e2029ffd203a234caec787741f0001e72e9ce4ae9c83052afe399162688aa582c6a9aa151c1cb6b13933742407a085311f28c1c5359da89278a8ac15b717a764afebcea5708206d1eeaab10392755644c8c7f176967751897fd740cc819716553b8327ad567c03ddb62e0924fda35312450ec1b42fab0a854319ac181013bf935017afc75826470b866ec09f6adfad841887ece5bc4734c4ffedeae0fb8d1fd282ee3cce275e9b655321d92baebc9664f910f289f2f88d3e906b5afcf64f40ed5ff0c04f81b3b749ff18259b32b16dbddba033f9681d79bc1374a7fba0b5f7e9fe879613d3c313dd70721b7887f672a167d904f9669f622138e4a9460d5ecaaa8358664796ac854b336363c3d385b858f9d3208691ffbf83167161873644680dc208d8360286744ea6546e91d2810eb6e59471316fa67696affbd54e793d76a6bddc9342d7e56c68aeb88fd4c7fae,gx-no-cache=1488308195438 HTTP/1.1" 200 30
190.101.9.138 - - [28/Feb/2017:15:55:24 -0300] "POST /cormun/servlet/solicitudot?gx-no-cache=1488308195485 HTTP/1.1" 200 30
190.101.9.138 - - [28/Feb/2017:15:55:24 -0300] "POST /cormun/servlet/solicitudot?gx-no-cache=1488308195532 HTTP/1.1" 200 1290
190.101.9.138 - - [28/Feb/2017:15:55:24 -0300] "POST /cormun/servlet/solicitudot?gx-no-cache=1488308195626 HTTP/1.1" 200 41
200.86.95.220 - - [28/Feb/2017:15:55:28 -0300] "GET /cormun/servlet/solicitudot?8a7899c17de10917c2be0623c6ee5b9259e23baba56d8218a7a99e2afdc92ccfe9ccdf7c4bbc820af539b320a6e6372ba0a6438def1ac278cd8eeb85d34799692ddc447e1886edbbf514cb55bb6a6e21d25a06b13df42d16e0bc31bce8f7a8611789e71af4a13f3417ed5abe0d57cef94f3a8f4ed1df8da96070b3489a9383e7fec2d99befdc2a8474c03602e9de599287362b4988a1dfe7b910226a840743c7d68c5a5a7d0f9ee7860a1640d01074ae,gx-no-cache=1488308199082 HTTP/1.1" 200 30
190.101.9.138 - - [28/Feb/2017:15:55:28 -0300] "POST /cormun/servlet/solicitudot?f580a2ee4c0a386b42bcee210f9e2bb5,UPD,2017,4900,,gx-no-cache=1488308199167 HTTP/1.1" 200 93
190.101.9.138 - - [28/Feb/2017:15:55:28 -0300] "GET /cormun/servlet/hpexe_return? HTTP/1.1" 200 1013
190.101.9.138 - - [28/Feb/2017:15:55:28 -0300] "GET /cormun/servlet/trsolicitudot HTTP/1.1" 200 9354
190.101.9.138 - - [28/Feb/2017:15:55:28 -0300] "GET /cormun/servlet/trsolicitudot HTTP/1.1" 200 9350
190.101.9.138 - - [28/Feb/2017:15:55:32 -0300] "POST /cormun/servlet/trsolicitudot?f580a2ee4c0a386b42bcee210f9e2bb5,gx-no-cache=1488308203270 HTTP/1.1" 200 106
190.101.9.138 - - [28/Feb/2017:15:55:32 -0300] "GET /cormun/servlet/solicitudot?UPD,2017,4899, HTTP/1.1" 200 14236
190.101.9.138 - - [28/Feb/2017:15:55:33 -0300] "GET /cormun/servlet/solicitudot?UPD,2017,4899, HTTP/1.1" 200 14245
190.101.9.138 - - [28/Feb/2017:15:55:33 -0300] "POST /cormun/servlet/solicitudot?gx-no-cache=1488308204689 HTTP/1.1" 200 3181
190.101.9.138 - - [28/Feb/2017:15:55:34 -0300] "POST /cormun/servlet/solicitudot?f580a2ee4c0a386b42bcee210f9e2bb5,UPD,2017,4899,,gx-no-cache=1488308204986 HTTP/1.1" 200 10852
190.101.9.138 - - [28/Feb/2017:15:55:34 -0300] "GET /cormun/servlet/solicitudot?9d1b7ccc81e39d7dd0fe41bd213a3f8e10ac39031d52db9227640a803a7316a24b9dc9c8006e5048c3918c26fd2ac18d,gx-no-cache=1488308205844 HTTP/1.1" 200 30
190.101.9.138 - - [28/Feb/2017:15:55:35 -0300] "POST /cormun/servlet/solicitudot?gx-no-cache=1488308205937 HTTP/1.1" 200 255
190.101.9.138 - - [28/Feb/2017:15:55:35 -0300] "GET /cormun/servlet/solicitudot?9d1b7ccc81e39d7dd0fe41bd213a3f8ee5708b06645afb539e60835cc3eff6118bda44e7331b4bdffad2b03cd4f605d0bd8e2029ffd203a234caec787741f0001e72e9ce4ae9c83052afe399162688aa582c6a9aa151c1cb6b13933742407a085311f28c1c5359da89278a8ac15b717a764afebcea5708206d1eeaab10392755644c8c7f176967751897fd740cc819716553b8327ad567c03ddb62e0924fda35312450ec1b42fab0a854319ac181013bf935017afc75826470b866ec09f6adfad841887ece5bc4734c4ffedeae0fb8d1fd282ee3cce275e9b655321d92baebc9664f910f289f2f88d3e906b5afcf64f40ed5ff0c04f81b3b749ff18259b32b16dbddba033f9681d79bc1374a7fba0b5f7e9fe879613d3c313dd70721b7887f672a167d904f9669f622138e4a9460d5ecaaa8358664796ac854b336363c3d385b858f9d3208691ffbf83167161873644680dc208d8360286744ea6546e91d2810eb6e59471316fa67696affbd54e793d76a6bddc9342d7e56c68aeb88fd4c7fae,gx-no-cache=1488308206031 HTTP/1.1" 200 30
190.101.9.138 - - [28/Feb/2017:15:55:35 -0300] "POST /cormun/servlet/solicitudot?gx-no-cache=1488308206109 HTTP/1.1" 200 30
190.101.9.138 - - [28/Feb/2017:15:55:35 -0300] "POST /cormun/servlet/solicitudot?gx-no-cache=1488308206187 HTTP/1.1" 200 1290
190.101.9.138 - - [28/Feb/2017:15:55:35 -0300] "POST /cormun/servlet/solicitudot?gx-no-cache=1488308206312 HTTP/1.1" 200 41
190.101.9.138 - - [28/Feb/2017:15:55:39 -0300] "POST /cormun/servlet/solicitudot?f580a2ee4c0a386b42bcee210f9e2bb5,UPD,2017,4899,,gx-no-cache=1488308210571 HTTP/1.1" 200 93
190.101.9.138 - - [28/Feb/2017:15:55:39 -0300] "GET /cormun/servlet/hpexe_return? HTTP/1.1" 200 1013
190.101.9.138 - - [28/Feb/2017:15:55:40 -0300] "GET /cormun/servlet/trsolicitudot HTTP/1.1" 200 9354
190.101.9.138 - - [28/Feb/2017:15:55:40 -0300] "GET /cormun/servlet/trsolicitudot HTTP/1.1" 200 9350
190.101.9.138 - - [28/Feb/2017:15:55:51 -0300] "POST /cormun/servlet/trsolicitudot?f580a2ee4c0a386b42bcee210f9e2bb5,gx-no-cache=1488308222692 HTTP/1.1" 200 106
190.101.9.138 - - [28/Feb/2017:15:55:51 -0300] "GET /cormun/servlet/solicitudot?UPD,2017,4903, HTTP/1.1" 200 14254
192.168.10.62 - - [28/Feb/2017:15:55:52 -0300] "POST /cormun/servlet/trsolicitudgral?25d980beb3ff48b2d998fd73811e905c,,gx-no-cache=1488311439083 HTTP/1.1" 200 6234
190.101.9.138 - - [28/Feb/2017:15:55:52 -0300] "GET /cormun/servlet/solicitudot?UPD,2017,4903, HTTP/1.1" 200 14264
190.101.9.138 - - [28/Feb/2017:15:55:52 -0300] "POST /cormun/servlet/solicitudot?gx-no-cache=1488308223706 HTTP/1.1" 200 3185
190.101.9.138 - - [28/Feb/2017:15:55:53 -0300] "POST /cormun/servlet/solicitudot?f580a2ee4c0a386b42bcee210f9e2bb5,UPD,2017,4903,,gx-no-cache=1488308223909 HTTP/1.1" 200 10857
190.101.9.138 - - [28/Feb/2017:15:55:53 -0300] "GET /cormun/servlet/solicitudot?9d1b7ccc81e39d7dd0fe41bd213a3f8e72540b63ec2c8e5afba4cb7e6982dcab4b9dc9c8006e5048c3918c26fd2ac18d,gx-no-cache=1488308224189 HTTP/1.1" 200 30
190.101.9.138 - - [28/Feb/2017:15:55:53 -0300] "POST /cormun/servlet/solicitudot?gx-no-cache=1488308224221 HTTP/1.1" 200 254
