186.79.177.41 - - [28/Feb/2017:17:25:45 -0300] "GET /cormun/servlet/solicitudot?9fa71d846b265d0444637a262b94f89b83b80a97e26edf127e73b30049ad524b9383fba68922d31570fdd874e6103ace23750b1607558b1af73a1deab0e28b7c23c44a153e197c03efd4484f099a4175895e6136d02d283f0f24a337ca3d6d8678814f2875632fb0abc1818859ebafb05c61f460caa0699cf5da46ddf1d083c67a376a07b114c503f0dbf1e418ea06a0c18f6a1a4e5d3f5105600cff0c6c9c9cca3c06352b40c23fc4b9dd6e8f5abf1428d7c12056ba03a4a99102142938e1b5721199aababccd064f9705be858abe8bba6ecbc498f9a773352c294d3d972badd45f05208e8bd72d408d8b3634e33d03d3bcbff8e2feba46ef96c474cd761853eb53e51092542231cb3b246c8c99e4d1a8a04154561a0653dade2c4c0fe560862629b539c92845bd18c29b1ccab83dbd5a84877385b505150465ac221671ed5549685bb43d95ce3cafa48bf8c4089a375f927c54ab1f068f49d79f2817a68d54bfa8db5ecc679e14d622d35d1a5f5a03911c65364c888d0e972e30307ff48f53,gx-no-cache=1488231709375 HTTP/1.1" 200 30
186.67.172.234 - - [28/Feb/2017:17:25:46 -0300] "GET /cormun/servlet/trsolicitudadjuntos?2017,4920, HTTP/1.1" 200 9064
186.79.177.41 - - [28/Feb/2017:17:25:46 -0300] "POST /cormun/servlet/solicitudot?gx-no-cache=1488231709640 HTTP/1.1" 200 30
186.79.177.41 - - [28/Feb/2017:17:25:47 -0300] "POST /cormun/servlet/solicitudot?gx-no-cache=1488231709953 HTTP/1.1" 200 1291
186.79.177.41 - - [28/Feb/2017:17:25:47 -0300] "POST /cormun/servlet/solicitudot?gx-no-cache=1488231711437 HTTP/1.1" 200 41
200.111.191.210 - - [28/Feb/2017:17:25:55 -0300] "POST /cormun/servlet/trsolicitudot?29d55e4a65d63a445858944b5fc23e2c,gx-no-cache=1488317143749 HTTP/1.1" 200 106
200.111.191.210 - - [28/Feb/2017:17:25:55 -0300] "GET /cormun/servlet/trsolicitudadjuntos?2017,4921, HTTP/1.1" 200 5841
200.111.191.210 - - [28/Feb/2017:17:25:56 -0300] "GET /cormun/servlet/trsolicitudadjuntos?2017,4921, HTTP/1.1" 200 5841
200.111.191.210 - - [28/Feb/2017:17:26:01 -0300] "GET /cormun/servlet/solicitudotadjuntos?INS,2017,4921,,1, HTTP/1.1" 200 5772
200.111.191.210 - - [28/Feb/2017:17:26:01 -0300] "GET /cormun/static/about:blank HTTP/1.1" 404 1011
200.111.191.210 - - [28/Feb/2017:17:26:01 -0300] "GET /cormun/servlet/solicitudotadjuntos?INS,2017,4921,,1, HTTP/1.1" 200 5766
200.111.191.210 - - [28/Feb/2017:17:26:02 -0300] "GET /cormun/servlet/solicitudotadjuntos?ea36c3a4078fb27959bdda639545858ad777f48e7812e77c3677a1310b9ddb2dbded755f96e6fec44f094108bc13e5ad,gx-no-cache=1488317150820 HTTP/1.1" 200 30
200.111.191.210 - - [28/Feb/2017:17:26:02 -0300] "POST /cormun/servlet/solicitudotadjuntos?29d55e4a65d63a445858944b5fc23e2c,INS,2017,4921,,1,,gx-no-cache=1488317150876 HTTP/1.1" 200 3665
200.111.191.210 - - [28/Feb/2017:17:26:11 -0300] "POST /cormun/servlet/solicitudotadjuntos?gx-no-cache=1488317159954 HTTP/1.1" 200 26
186.79.177.41 - - [28/Feb/2017:17:26:16 -0300] "POST /cormun/servlet/solicitudot?a1f7f496c7e0676eb84b0f2914e88207,UPD,2017,4868,,gx-no-cache=1488231739218 HTTP/1.1" 200 93
186.79.177.41 - - [28/Feb/2017:17:26:16 -0300] "GET /cormun/servlet/hpexe_return? HTTP/1.1" 200 1001
186.79.177.41 - - [28/Feb/2017:17:26:16 -0300] "GET /cormun/static/gxcfg.js?2016101716175148 HTTP/1.1" 304 -
186.79.177.41 - - [28/Feb/2017:17:26:16 -0300] "GET /cormun/static/hpexe_return.js?2016101716175153 HTTP/1.1" 304 -
186.79.177.41 - - [28/Feb/2017:17:26:16 -0300] "GET /cormun/servlet/trsolicitudot HTTP/1.1" 200 9962
200.111.191.210 - - [28/Feb/2017:17:26:28 -0300] "GET /cormun/servlet/solicitudotadjuntos?ea36c3a4078fb27959bdda639545858ac62cabb14622fd9b16d5a55f0300a1a5,gx-no-cache=1488317177029 HTTP/1.1" 200 30
200.111.191.210 - - [28/Feb/2017:17:26:28 -0300] "GET /cormun/servlet/solicitudotadjuntos?ea36c3a4078fb27959bdda639545858ac62cabb14622fd9b16d5a55f0300a1a5,gx-no-cache=1488317177056 HTTP/1.1" 200 30
186.79.177.41 - - [28/Feb/2017:17:26:31 -0300] "POST /cormun/servlet/trsolicitudot?a1f7f496c7e0676eb84b0f2914e88207,gx-no-cache=1488231755109 HTTP/1.1" 200 6974
186.79.177.41 - - [28/Feb/2017:17:26:32 -0300] "GET /cormun/static/Shared/jqueryui/images/ui-bg_highlight-soft_100_c6c2c8_1x100.png HTTP/1.1" 404 1117
186.79.177.41 - - [28/Feb/2017:17:26:32 -0300] "GET /cormun/static/Shared/jqueryui/images/ui-icons_82798d_256x240.png HTTP/1.1" 404 1089
186.79.177.41 - - [28/Feb/2017:17:26:32 -0300] "GET /cormun/static/Shared/jqueryui/images/ui-icons_8d78a5_256x240.png HTTP/1.1" 404 1089
186.79.177.41 - - [28/Feb/2017:17:26:32 -0300] "GET /cormun/static/Shared/jqueryui/images/ui-bg_flat_55_fafafa_40x100.png HTTP/1.1" 404 1097
186.79.177.41 - - [28/Feb/2017:17:26:33 -0300] "POST /cormun/servlet/trsolicitudot?a1f7f496c7e0676eb84b0f2914e88207,gx-no-cache=1488231756218 HTTP/1.1" 200 6915
200.111.191.210 - - [28/Feb/2017:17:26:33 -0300] "POST /cormun/servlet/solicitudotadjuntos?29d55e4a65d63a445858944b5fc23e2c,INS,2017,4921,,1, HTTP/1.1" 200 116
200.111.191.210 - - [28/Feb/2017:17:26:33 -0300] "GET /cormun/servlet/hpexe_return? HTTP/1.1" 200 1022
200.111.191.210 - - [28/Feb/2017:17:26:33 -0300] "GET /cormun/servlet/trsolicitudadjuntos?2017,4921, HTTP/1.1" 200 7906
200.111.191.210 - - [28/Feb/2017:17:26:34 -0300] "GET /cormun/servlet/trsolicitudadjuntos?2017,4921, HTTP/1.1" 200 7905
200.111.191.210 - - [28/Feb/2017:17:26:38 -0300] "GET /cormun/servlet/solicitudotadjuntos?INS,2017,4921,,1, HTTP/1.1" 200 5770
200.111.191.210 - - [28/Feb/2017:17:26:38 -0300] "GET /cormun/static/about:blank HTTP/1.1" 404 1011
200.111.191.210 - - [28/Feb/2017:17:26:38 -0300] "GET /cormun/servlet/solicitudotadjuntos?INS,2017,4921,,1, HTTP/1.1" 200 5763
200.111.191.210 - - [28/Feb/2017:17:26:38 -0300] "GET /cormun/servlet/solicitudotadjuntos?ea36c3a4078fb27959bdda639545858ad777f48e7812e77c3677a1310b9ddb2dbded755f96e6fec44f094108bc13e5ad,gx-no-cache=1488317187655 HTTP/1.1" 200 30
200.111.191.210 - - [28/Feb/2017:17:26:38 -0300] "POST /cormun/servlet/solicitudotadjuntos?29d55e4a65d63a445858944b5fc23e2c,INS,2017,4921,,1,,gx-no-cache=1488317187679 HTTP/1.1" 200 3663
200.111.191.210 - - [28/Feb/2017:17:26:42 -0300] "POST /cormun/servlet/solicitudotadjuntos?gx-no-cache=1488317191723 HTTP/1.1" 200 26
200.111.191.210 - - [28/Feb/2017:17:26:53 -0300] "GET /cormun/servlet/solicitudotadjuntos?ea36c3a4078fb27959bdda639545858ac62cabb14622fd9b16d5a55f0300a1a5,gx-no-cache=1488317202393 HTTP/1.1" 200 30
200.111.191.210 - - [28/Feb/2017:17:26:53 -0300] "GET /cormun/servlet/solicitudotadjuntos?ea36c3a4078fb27959bdda639545858ac62cabb14622fd9b16d5a55f0300a1a5,gx-no-cache=1488317202423 HTTP/1.1" 200 30
200.111.191.210 - - [28/Feb/2017:17:26:58 -0300] "POST /cormun/servlet/solicitudotadjuntos?29d55e4a65d63a445858944b5fc23e2c,INS,2017,4921,,1, HTTP/1.1" 200 116
200.111.191.210 - - [28/Feb/2017:17:26:58 -0300] "GET /cormun/servlet/hpexe_return? HTTP/1.1" 200 1022
200.111.191.210 - - [28/Feb/2017:17:26:59 -0300] "GET /cormun/servlet/trsolicitudadjuntos?2017,4921, HTTP/1.1" 200 8114
200.111.191.210 - - [28/Feb/2017:17:27:00 -0300] "GET /cormun/servlet/trsolicitudadjuntos?2017,4921, HTTP/1.1" 200 8108
200.111.191.210 - - [28/Feb/2017:17:27:03 -0300] "GET /cormun/servlet/solicitudotadjuntos?INS,2017,4921,,1, HTTP/1.1" 200 5770
200.111.191.210 - - [28/Feb/2017:17:27:04 -0300] "GET /cormun/static/about:blank HTTP/1.1" 404 1011
200.111.191.210 - - [28/Feb/2017:17:27:04 -0300] "GET /cormun/servlet/solicitudotadjuntos?INS,2017,4921,,1, HTTP/1.1" 200 5763
200.111.191.210 - - [28/Feb/2017:17:27:04 -0300] "GET /cormun/servlet/solicitudotadjuntos?ea36c3a4078fb27959bdda639545858ad777f48e7812e77c3677a1310b9ddb2dbded755f96e6fec44f094108bc13e5ad,gx-no-cache=1488317213325 HTTP/1.1" 200 30
200.111.191.210 - - [28/Feb/2017:17:27:04 -0300] "POST /cormun/servlet/solicitudotadjuntos?29d55e4a65d63a445858944b5fc23e2c,INS,2017,4921,,1,,gx-no-cache=1488317213384 HTTP/1.1" 200 3663
200.111.191.210 - - [28/Feb/2017:17:27:08 -0300] "POST /cormun/servlet/solicitudotadjuntos?gx-no-cache=1488317217279 HTTP/1.1" 200 26
200.111.191.210 - - [28/Feb/2017:17:27:23 -0300] "GET /cormun/servlet/solicitudotadjuntos?ea36c3a4078fb27959bdda639545858ac62cabb14622fd9b16d5a55f0300a1a5,gx-no-cache=1488317232368 HTTP/1.1" 200 30
200.111.191.210 - - [28/Feb/2017:17:27:23 -0300] "GET /cormun/servlet/solicitudotadjuntos?ea36c3a4078fb27959bdda639545858ac62cabb14622fd9b16d5a55f0300a1a5,gx-no-cache=1488317232381 HTTP/1.1" 200 30
200.111.191.210 - - [28/Feb/2017:17:27:25 -0300] "POST /cormun/servlet/solicitudotadjuntos?29d55e4a65d63a445858944b5fc23e2c,INS,2017,4921,,1, HTTP/1.1" 200 116
200.111.191.210 - - [28/Feb/2017:17:27:25 -0300] "GET /cormun/servlet/hpexe_return? HTTP/1.1" 200 1022
200.111.191.210 - - [28/Feb/2017:17:27:27 -0300] "GET /cormun/servlet/trsolicitudadjuntos?2017,4921, HTTP/1.1" 200 8275
200.111.191.210 - - [28/Feb/2017:17:27:28 -0300] "GET /cormun/servlet/trsolicitudadjuntos?2017,4921, HTTP/1.1" 200 8274
200.111.191.210 - - [28/Feb/2017:17:27:31 -0300] "GET /cormun/servlet/solicitudotadjuntos?INS,2017,4921,,1, HTTP/1.1" 200 5772
200.111.191.210 - - [28/Feb/2017:17:27:32 -0300] "GET /cormun/static/about:blank HTTP/1.1" 404 1011
200.111.191.210 - - [28/Feb/2017:17:27:32 -0300] "GET /cormun/servlet/solicitudotadjuntos?INS,2017,4921,,1, HTTP/1.1" 200 5766
200.111.191.210 - - [28/Feb/2017:17:27:32 -0300] "GET /cormun/servlet/solicitudotadjuntos?ea36c3a4078fb27959bdda639545858ad777f48e7812e77c3677a1310b9ddb2dbded755f96e6fec44f094108bc13e5ad,gx-no-cache=1488317241503 HTTP/1.1" 200 30
200.111.191.210 - - [28/Feb/2017:17:27:32 -0300] "POST /cormun/servlet/solicitudotadjuntos?29d55e4a65d63a445858944b5fc23e2c,INS,2017,4921,,1,,gx-no-cache=1488317241531 HTTP/1.1" 200 3664
186.79.177.41 - - [28/Feb/2017:17:28:02 -0300] "GET /cormun/servlet/solicitudot?INS,0,0, HTTP/1.1" 200 12565
200.111.191.210 - - [28/Feb/2017:17:28:20 -0300] "POST /cormun/servlet/solicitudotadjuntos?gx-no-cache=1488317289052 HTTP/1.1" 200 26
186.79.151.184 - - [28/Feb/2017:17:28:21 -0300] "GET /cormun/servlet/trcontratosolicitud? HTTP/1.1" 200 12692
186.79.151.184 - - [28/Feb/2017:17:28:23 -0300] "GET /cormun/servlet/trcontratosolicitud? HTTP/1.1" 200 12690
200.111.191.210 - - [28/Feb/2017:17:28:38 -0300] "GET /cormun/servlet/solicitudotadjuntos?ea36c3a4078fb27959bdda639545858ac62cabb14622fd9b16d5a55f0300a1a5,gx-no-cache=1488317307272 HTTP/1.1" 200 30
200.111.191.210 - - [28/Feb/2017:17:28:38 -0300] "GET /cormun/servlet/solicitudotadjuntos?ea36c3a4078fb27959bdda639545858ac62cabb14622fd9b16d5a55f0300a1a5,gx-no-cache=1488317307284 HTTP/1.1" 200 30
200.111.191.210 - - [28/Feb/2017:17:28:41 -0300] "POST /cormun/servlet/solicitudotadjuntos?29d55e4a65d63a445858944b5fc23e2c,INS,2017,4921,,1, HTTP/1.1" 200 116
200.111.191.210 - - [28/Feb/2017:17:28:41 -0300] "GET /cormun/servlet/hpexe_return? HTTP/1.1" 200 1022
186.79.151.184 - - [28/Feb/2017:17:28:43 -0300] "GET /cormun/servlet/trcontratoobservaciondir? HTTP/1.1" 200 7550
186.79.151.184 - - [28/Feb/2017:17:28:43 -0300] "GET /cormun/static/gxcfg.js?201612218551235 HTTP/1.1" 200 953
200.111.191.210 - - [28/Feb/2017:17:28:43 -0300] "GET /cormun/servlet/trsolicitudadjuntos?2017,4921, HTTP/1.1" 200 8424
186.79.151.184 - - [28/Feb/2017:17:28:44 -0300] "GET /cormun//static/Resources/PXToolsGridUpdate.png HTTP/1.1" 200 2984
186.79.151.184 - - [28/Feb/2017:17:28:44 -0300] "GET /cormun//static/Resources/PXToolsGridDelete.png HTTP/1.1" 200 357
186.79.151.184 - - [28/Feb/2017:17:28:45 -0300] "GET /cormun/servlet/trcontratoobservaciondir? HTTP/1.1" 200 7550
200.111.191.210 - - [28/Feb/2017:17:28:45 -0300] "GET /cormun/servlet/trsolicitudadjuntos?2017,4921, HTTP/1.1" 200 8421
186.79.151.184 - - [28/Feb/2017:17:28:48 -0300] "GET /cormun/servlet/trcontratounov2? HTTP/1.1" 200 16690
186.79.151.184 - - [28/Feb/2017:17:28:50 -0300] "GET /cormun/servlet/trcontratounov2? HTTP/1.1" 200 16677
200.111.191.210 - - [28/Feb/2017:17:28:53 -0300] "GET /cormun/servlet/solicitudotadjuntos?INS,2017,4921,,1, HTTP/1.1" 200 5771
200.111.191.210 - - [28/Feb/2017:17:28:53 -0300] "GET /cormun/static/about:blank HTTP/1.1" 404 1011
200.111.191.210 - - [28/Feb/2017:17:28:53 -0300] "GET /cormun/servlet/solicitudotadjuntos?INS,2017,4921,,1, HTTP/1.1" 200 5765
200.111.191.210 - - [28/Feb/2017:17:28:54 -0300] "GET /cormun/servlet/solicitudotadjuntos?ea36c3a4078fb27959bdda639545858ad777f48e7812e77c3677a1310b9ddb2dbded755f96e6fec44f094108bc13e5ad,gx-no-cache=1488317323175 HTTP/1.1" 200 30
200.111.191.210 - - [28/Feb/2017:17:28:54 -0300] "POST /cormun/servlet/solicitudotadjuntos?29d55e4a65d63a445858944b5fc23e2c,INS,2017,4921,,1,,gx-no-cache=1488317323214 HTTP/1.1" 200 3665
186.79.177.41 - - [28/Feb/2017:17:28:56 -0300] "POST /cormun/servlet/solicitudot?gx-no-cache=1488231899984 HTTP/1.1" 200 3181
186.79.177.41 - - [28/Feb/2017:17:28:57 -0300] "POST /cormun/servlet/solicitudot?a1f7f496c7e0676eb84b0f2914e88207,INS,0,0,,gx-no-cache=1488231900562 HTTP/1.1" 200 9768
186.79.151.184 - - [28/Feb/2017:17:29:00 -0300] "POST /cormun/servlet/trcontratounov2?68a72f90cb8aeace2b02c3692c8ad6da,,gx-no-cache=1488313812089 HTTP/1.1" 200 16783
200.111.191.210 - - [28/Feb/2017:17:29:02 -0300] "POST /cormun/servlet/solicitudotadjuntos?gx-no-cache=1488317331390 HTTP/1.1" 200 26
186.79.177.41 - - [28/Feb/2017:17:29:06 -0300] "GET /cormun/servlet/solicitudot?9fa71d846b265d0444637a262b94f89b878089d9a89fd8f0460ec4708af10ce75a86ec819bf48f8db2886426ed67e59d,gx-no-cache=1488231909953 HTTP/1.1" 200 30
186.79.177.41 - - [28/Feb/2017:17:29:06 -0300] "POST /cormun/servlet/solicitudot?gx-no-cache=1488231910171 HTTP/1.1" 200 255
186.79.177.41 - - [28/Feb/2017:17:29:06 -0300] "GET /cormun/servlet/solicitudot?9fa71d846b265d0444637a262b94f89b83b80a97e26edf127e73b30049ad524bef789d193c315c9839369517aa5d077b23750b1607558b1af73a1deab0e28b7c23c44a153e197c03efd4484f099a4175895e6136d02d283f0f24a337ca3d6d8678814f2875632fb0abc1818859ebafb05c61f460caa0699cf5da46ddf1d083c67a376a07b114c503f0dbf1e418ea06a0c18f6a1a4e5d3f5105600cff0c6c9c9cca3c06352b40c23fc4b9dd6e8f5abf1428d7c12056ba03a4a99102142938e1b5721199aababccd064f9705be858abe8bba6ecbc498f9a773352c294d3d972badd45f05208e8bd72d408d8b3634e33d03e1538a04946766b8f6f6b50588979ba1eb53e51092542231cb3b246c8c99e4d1170779a04c3b6ca6ac687f4f75a2ddf76828aac18e0300eec279de4e6a32c6ced659b54ca972f173d926009eb3175ff822a3882cea464cf8060d38401f018642c4c23eb754a60711e89080fbc133da01d3781dd314e8f226f16074f225a1f8361e769db9d7919a4a0e814d8673c59f4f,gx-no-cache=1488231910375 HTTP/1.1" 200 30
200.111.191.210 - - [28/Feb/2017:17:29:10 -0300] "GET /cormun/servlet/solicitudotadjuntos?ea36c3a4078fb27959bdda639545858ac62cabb14622fd9b16d5a55f0300a1a5,gx-no-cache=1488317339626 HTTP/1.1" 200 30
200.111.191.210 - - [28/Feb/2017:17:29:10 -0300] "GET /cormun/servlet/solicitudotadjuntos?ea36c3a4078fb27959bdda639545858ac62cabb14622fd9b16d5a55f0300a1a5,gx-no-cache=1488317339636 HTTP/1.1" 200 30
200.111.191.210 - - [28/Feb/2017:17:29:16 -0300] "POST /cormun/servlet/solicitudotadjuntos?29d55e4a65d63a445858944b5fc23e2c,INS,2017,4921,,1, HTTP/1.1" 200 116
200.111.191.210 - - [28/Feb/2017:17:29:16 -0300] "GET /cormun/servlet/hpexe_return? HTTP/1.1" 200 1022
200.111.191.210 - - [28/Feb/2017:17:29:19 -0300] "GET /cormun/servlet/trsolicitudadjuntos?2017,4921, HTTP/1.1" 200 8568
200.111.191.210 - - [28/Feb/2017:17:29:21 -0300] "GET /cormun/servlet/trsolicitudadjuntos?2017,4921, HTTP/1.1" 200 8565
200.111.191.210 - - [28/Feb/2017:17:29:22 -0300] "GET /cormun/servlet/solicitudotadjuntos?INS,2017,4921,,1, HTTP/1.1" 200 5771
200.111.191.210 - - [28/Feb/2017:17:29:22 -0300] "GET /cormun/static/about:blank HTTP/1.1" 404 1011
200.111.191.210 - - [28/Feb/2017:17:29:22 -0300] "GET /cormun/servlet/solicitudotadjuntos?INS,2017,4921,,1, HTTP/1.1" 200 5765
200.111.191.210 - - [28/Feb/2017:17:29:23 -0300] "GET /cormun/servlet/solicitudotadjuntos?ea36c3a4078fb27959bdda639545858ad777f48e7812e77c3677a1310b9ddb2dbded755f96e6fec44f094108bc13e5ad,gx-no-cache=1488317352035 HTTP/1.1" 200 30
200.111.191.210 - - [28/Feb/2017:17:29:23 -0300] "POST /cormun/servlet/solicitudotadjuntos?29d55e4a65d63a445858944b5fc23e2c,INS,2017,4921,,1,,gx-no-cache=1488317352081 HTTP/1.1" 200 3665
200.111.191.210 - - [28/Feb/2017:17:29:26 -0300] "POST /cormun/servlet/solicitudotadjuntos?gx-no-cache=1488317355659 HTTP/1.1" 200 26
200.111.191.210 - - [28/Feb/2017:17:29:33 -0300] "GET /cormun/servlet/solicitudotadjuntos?ea36c3a4078fb27959bdda639545858ac62cabb14622fd9b16d5a55f0300a1a5,gx-no-cache=1488317362816 HTTP/1.1" 200 30
200.111.191.210 - - [28/Feb/2017:17:29:34 -0300] "GET /cormun/servlet/solicitudotadjuntos?ea36c3a4078fb27959bdda639545858ac62cabb14622fd9b16d5a55f0300a1a5,gx-no-cache=1488317362845 HTTP/1.1" 200 30
200.111.191.210 - - [28/Feb/2017:17:29:39 -0300] "POST /cormun/servlet/solicitudotadjuntos?29d55e4a65d63a445858944b5fc23e2c,INS,2017,4921,,1, HTTP/1.1" 200 116
200.111.191.210 - - [28/Feb/2017:17:29:39 -0300] "GET /cormun/servlet/hpexe_return? HTTP/1.1" 200 1022
200.111.191.210 - - [28/Feb/2017:17:29:42 -0300] "GET /cormun/servlet/trsolicitudadjuntos?2017,4921, HTTP/1.1" 200 8794
200.111.191.210 - - [28/Feb/2017:17:29:46 -0300] "GET /cormun/servlet/trsolicitudadjuntos?2017,4921, HTTP/1.1" 200 8790
200.111.191.210 - - [28/Feb/2017:17:29:48 -0300] "POST /cormun/servlet/trsolicitudadjuntos?29d55e4a65d63a445858944b5fc23e2c,2017,4921,,gx-no-cache=1488317377646 HTTP/1.1" 200 90
200.111.191.210 - - [28/Feb/2017:17:29:48 -0300] "GET /cormun/servlet/hpexe_link HTTP/1.1" 200 969
200.111.191.210 - - [28/Feb/2017:17:29:49 -0300] "GET /cormun/servlet/trsolicitudot HTTP/1.1" 200 8263
200.111.191.210 - - [28/Feb/2017:17:29:49 -0300] "GET /cormun/servlet/trsolicitudot HTTP/1.1" 200 8262
200.111.191.210 - - [28/Feb/2017:17:30:02 -0300] "POST /cormun/servlet/trsolicitudot?29d55e4a65d63a445858944b5fc23e2c,gx-no-cache=1488317391168 HTTP/1.1" 200 5049
200.111.191.210 - - [28/Feb/2017:17:30:02 -0300] "GET /cormun/static/Shared/jqueryui/images/ui-bg_highlight-soft_100_c6c2c8_1x100.png HTTP/1.1" 404 1117
200.111.191.210 - - [28/Feb/2017:17:30:02 -0300] "GET /cormun/static/Shared/jqueryui/images/ui-icons_82798d_256x240.png HTTP/1.1" 404 1089
200.111.191.210 - - [28/Feb/2017:17:30:02 -0300] "GET /cormun/static/Shared/jqueryui/images/ui-bg_flat_55_fafafa_40x100.png HTTP/1.1" 404 1097
200.111.191.210 - - [28/Feb/2017:17:30:02 -0300] "GET /cormun/static/Shared/jqueryui/images/ui-icons_8d78a5_256x240.png HTTP/1.1" 404 1089
200.111.191.210 - - [28/Feb/2017:17:30:02 -0300] "POST /cormun/servlet/trsolicitudot?29d55e4a65d63a445858944b5fc23e2c,gx-no-cache=1488317391421 HTTP/1.1" 200 4989
200.111.191.210 - - [28/Feb/2017:17:30:06 -0300] "POST /cormun/servlet/trsolicitudot?29d55e4a65d63a445858944b5fc23e2c,gx-no-cache=1488317395436 HTTP/1.1" 200 3878
200.111.191.210 - - [28/Feb/2017:17:30:07 -0300] "POST /cormun/servlet/trsolicitudot?29d55e4a65d63a445858944b5fc23e2c,gx-no-cache=1488317395720 HTTP/1.1" 200 3658
186.79.151.184 - - [28/Feb/2017:17:30:07 -0300] "POST /cormun/servlet/trcontratounov2?68a72f90cb8aeace2b02c3692c8ad6da,,gx-no-cache=1488313876903 HTTP/1.1" 200 14589
186.79.151.184 - - [28/Feb/2017:17:30:11 -0300] "GET /cormun/servlet/trpermisosingoce? HTTP/1.1" 200 6777
186.79.151.184 - - [28/Feb/2017:17:30:11 -0300] "GET /cormun/static/gxcfg.js?2016111619312653 HTTP/1.1" 200 953
186.79.151.184 - - [28/Feb/2017:17:30:11 -0300] "GET /cormun/static/Resources/PXTools/calendar.png HTTP/1.1" 200 1306
186.79.151.184 - - [28/Feb/2017:17:30:12 -0300] "GET /cormun/static/trpermisosingoce.js?2016111619313084 HTTP/1.1" 200 31498
186.79.151.184 - - [28/Feb/2017:17:30:13 -0300] "GET /cormun/servlet/trpermisosingoce? HTTP/1.1" 200 6776
200.111.191.210 - - [28/Feb/2017:17:30:17 -0300] "GET /cormun/servlet/hlogin HTTP/1.1" 200 1733
186.79.151.184 - - [28/Feb/2017:17:30:27 -0300] "GET /cormun/servlet/trsolicitudot? HTTP/1.1" 200 6964
186.79.151.184 - - [28/Feb/2017:17:30:27 -0300] "GET /cormun/static/gxcfg.js?20171191044697 HTTP/1.1" 200 953
186.79.151.184 - - [28/Feb/2017:17:30:28 -0300] "GET /cormun/servlet/trsolicitudot? HTTP/1.1" 200 6964
186.79.151.184 - - [28/Feb/2017:17:30:33 -0300] "GET /cormun/servlet/solicitudot?INS,0,0, HTTP/1.1" 200 12779
186.79.151.184 - - [28/Feb/2017:17:30:33 -0300] "GET /cormun/static/gxcfg.js?20171191042720 HTTP/1.1" 200 953
186.79.151.184 - - [28/Feb/2017:17:30:33 -0300] "GET /cormun/static/Resources/prompt.gif HTTP/1.1" 200 902
186.79.151.184 - - [28/Feb/2017:17:30:33 -0300] "GET /cormun/static/solicitudot.js?2017119104297 HTTP/1.1" 200 63948
200.111.191.210 - - [28/Feb/2017:17:30:34 -0300] "POST /cormun/servlet/hlogin?29d55e4a65d63a445858944b5fc23e2c,gx-no-cache=1488317422764 HTTP/1.1" 200 90
200.111.191.210 - - [28/Feb/2017:17:30:34 -0300] "GET /cormun/servlet/hpexe_link HTTP/1.1" 200 952
200.111.191.210 - - [28/Feb/2017:17:30:34 -0300] "GET /cormun/servlet/hhome HTTP/1.1" 200 3925
200.111.191.210 - - [28/Feb/2017:17:30:34 -0300] "GET /cormun/servlet/hhome HTTP/1.1" 200 3921
186.79.151.184 - - [28/Feb/2017:17:30:34 -0300] "GET /cormun/servlet/solicitudot?INS,0,0, HTTP/1.1" 200 12784
200.111.191.210 - - [28/Feb/2017:17:30:41 -0300] "GET /cormun/servlet/trautorizarsolicitud? HTTP/1.1" 200 8518
200.111.191.210 - - [28/Feb/2017:17:30:42 -0300] "GET /cormun/servlet/trautorizarsolicitud? HTTP/1.1" 200 8516
200.111.191.210 - - [28/Feb/2017:17:30:56 -0300] "POST /cormun/servlet/trautorizarsolicitud?29d55e4a65d63a445858944b5fc23e2c,,gx-no-cache=1488317445173 HTTP/1.1" 200 5423
200.111.191.210 - - [28/Feb/2017:17:30:56 -0300] "GET /cormun/static/Shared/jqueryui/images/ui-bg_highlight-soft_100_c6c2c8_1x100.png HTTP/1.1" 404 1117
200.111.191.210 - - [28/Feb/2017:17:30:56 -0300] "GET /cormun/static/Shared/jqueryui/images/ui-bg_flat_55_fafafa_40x100.png HTTP/1.1" 404 1097
200.111.191.210 - - [28/Feb/2017:17:30:56 -0300] "GET /cormun/static/Shared/jqueryui/images/ui-icons_8d78a5_256x240.png HTTP/1.1" 404 1089
200.111.191.210 - - [28/Feb/2017:17:30:56 -0300] "GET /cormun/static/Shared/jqueryui/images/ui-icons_82798d_256x240.png HTTP/1.1" 404 1089
200.111.191.210 - - [28/Feb/2017:17:30:56 -0300] "POST /cormun/servlet/trautorizarsolicitud?29d55e4a65d63a445858944b5fc23e2c,,gx-no-cache=1488317445356 HTTP/1.1" 200 5368
200.111.191.210 - - [28/Feb/2017:17:30:59 -0300] "POST /cormun/servlet/trautorizarsolicitud?29d55e4a65d63a445858944b5fc23e2c,,gx-no-cache=1488317448222 HTTP/1.1" 200 4304
200.111.191.210 - - [28/Feb/2017:17:30:59 -0300] "POST /cormun/servlet/trautorizarsolicitud?29d55e4a65d63a445858944b5fc23e2c,,gx-no-cache=1488317448366 HTTP/1.1" 200 4089
192.168.10.62 - - [28/Feb/2017:17:31:09 -0300] "GET /cormun/servlet/hlogin HTTP/1.1" 200 1737
200.111.191.210 - - [28/Feb/2017:17:31:12 -0300] "GET /cormun/servlet/hhome HTTP/1.1" 200 3924
200.111.191.210 - - [28/Feb/2017:17:31:13 -0300] "GET /cormun/servlet/hhome HTTP/1.1" 200 3921
200.111.191.210 - - [28/Feb/2017:17:31:14 -0300] "GET /cormun/servlet/hlogin HTTP/1.1" 200 1729
186.79.177.41 - - [28/Feb/2017:17:31:50 -0300] "POST /cormun/servlet/solicitudot?gx-no-cache=1488232073734 HTTP/1.1" 200 30
186.79.177.41 - - [28/Feb/2017:17:32:02 -0300] "POST /cormun/servlet/solicitudot?gx-no-cache=1488232086250 HTTP/1.1" 200 30
200.30.209.79 - - [28/Feb/2017:17:32:18 -0300] "GET /cormun/servlet/hpexe_return? HTTP/1.1" 200 986
200.30.209.79 - - [28/Feb/2017:17:32:18 -0300] "GET /cormun/servlet/hhome HTTP/1.1" 200 3287
200.30.209.79 - - [28/Feb/2017:17:32:19 -0300] "GET /cormun/servlet/hhome HTTP/1.1" 200 3284
200.30.209.79 - - [28/Feb/2017:17:32:19 -0300] "GET /cormun/servlet/hlogin HTTP/1.1" 200 1734
200.30.209.79 - - [28/Feb/2017:17:32:27 -0300] "POST /cormun/servlet/hlogin?d19bd1d0a2eb9f59ec87627d51685776,gx-no-cache=1488314019969 HTTP/1.1" 200 90
200.30.209.79 - - [28/Feb/2017:17:32:27 -0300] "GET /cormun/servlet/hpexe_link HTTP/1.1" 200 958
200.30.209.79 - - [28/Feb/2017:17:32:27 -0300] "GET /cormun/servlet/hhome HTTP/1.1" 200 3718
200.30.209.79 - - [28/Feb/2017:17:32:28 -0300] "GET /cormun/servlet/hhome HTTP/1.1" 200 3715
200.30.209.79 - - [28/Feb/2017:17:32:32 -0300] "GET /cormun/servlet/trsolicitudot? HTTP/1.1" 200 7959
200.30.209.79 - - [28/Feb/2017:17:32:33 -0300] "GET /cormun/servlet/trsolicitudot? HTTP/1.1" 200 7957
186.67.172.234 - - [28/Feb/2017:17:32:38 -0300] "GET /cormun/servlet/trautorizarsolicitud? HTTP/1.1" 200 6948
186.67.172.234 - - [28/Feb/2017:17:32:39 -0300] "GET /cormun/servlet/trautorizarsolicitud? HTTP/1.1" 200 6936
186.79.177.41 - - [28/Feb/2017:17:32:42 -0300] "GET /cormun/servlet/trsolicitudot HTTP/1.1" 200 9725
186.67.172.234 - - [28/Feb/2017:17:32:54 -0300] "GET /cormun/servlet/trautorizarsolicitud? HTTP/1.1" 200 6936
186.67.172.234 - - [28/Feb/2017:17:32:54 -0300] "GET /cormun/servlet/trautorizarsolicitud? HTTP/1.1" 200 6936
186.79.177.41 - - [28/Feb/2017:17:33:01 -0300] "POST /cormun/servlet/trsolicitudot?a1f7f496c7e0676eb84b0f2914e88207,gx-no-cache=1488232144859 HTTP/1.1" 200 105
186.79.177.41 - - [28/Feb/2017:17:33:01 -0300] "GET /cormun/servlet/solicitudot?UPD,2017,4718, HTTP/1.1" 200 14244
186.67.172.234 - - [28/Feb/2017:17:33:02 -0300] "GET /cormun/servlet/trvisualizadoreventos? HTTP/1.1" 200 6746
186.67.172.234 - - [28/Feb/2017:17:33:02 -0300] "GET /cormun/static/gxcfg.js?2016101716203350 HTTP/1.1" 304 -
186.67.172.234 - - [28/Feb/2017:17:33:02 -0300] "GET /cormun/servlet/trvisualizadoreventos? HTTP/1.1" 200 6746
186.79.177.41 - - [28/Feb/2017:17:33:05 -0300] "POST /cormun/servlet/solicitudot?gx-no-cache=1488232149234 HTTP/1.1" 200 3182
186.79.177.41 - - [28/Feb/2017:17:33:06 -0300] "POST /cormun/servlet/solicitudot?a1f7f496c7e0676eb84b0f2914e88207,UPD,2017,4718,,gx-no-cache=1488232150000 HTTP/1.1" 200 10863
186.79.177.41 - - [28/Feb/2017:17:33:07 -0300] "GET /cormun/servlet/solicitudot?9fa71d846b265d0444637a262b94f89b878089d9a89fd8f0460ec4708af10ce71a99b9c662de48e211e4d6f8ad92cb98,gx-no-cache=1488232151328 HTTP/1.1" 200 30
186.79.177.41 - - [28/Feb/2017:17:33:07 -0300] "POST /cormun/servlet/solicitudot?gx-no-cache=1488232151625 HTTP/1.1" 200 254
186.79.177.41 - - [28/Feb/2017:17:33:08 -0300] "GET /cormun/servlet/solicitudot?9fa71d846b265d0444637a262b94f89b83b80a97e26edf127e73b30049ad524bef789d193c315c9839369517aa5d077b23750b1607558b1af73a1deab0e28b7c23c44a153e197c03efd4484f099a4175895e6136d02d283f0f24a337ca3d6d8678814f2875632fb0abc1818859ebafb05c61f460caa0699cf5da46ddf1d083c67a376a07b114c503f0dbf1e418ea06a0c18f6a1a4e5d3f5105600cff0c6c9c9cca3c06352b40c23fc4b9dd6e8f5abf1428d7c12056ba03a4a99102142938e1b5721199aababccd064f9705be858abe8bba6ecbc498f9a773352c294d3d972badd45f05208e8bd72d408d8b3634e33d03e1538a04946766b8f6f6b50588979ba1eb53e51092542231cb3b246c8c99e4d1170779a04c3b6ca6ac687f4f75a2ddf76828aac18e0300eec279de4e6a32c6ced659b54ca972f173d926009eb3175ff822a3882cea464cf8060d38401f018642c4c23eb754a60711e89080fbc133da01d3781dd314e8f226f16074f225a1f836335428c3a2d2f50917030aa6de8145d7,gx-no-cache=1488232152062 HTTP/1.1" 200 30
186.79.177.41 - - [28/Feb/2017:17:33:08 -0300] "POST /cormun/servlet/solicitudot?gx-no-cache=1488232152203 HTTP/1.1" 200 30
186.79.177.41 - - [28/Feb/2017:17:33:08 -0300] "POST /cormun/servlet/solicitudot?gx-no-cache=1488232152437 HTTP/1.1" 200 1287
186.67.172.234 - - [28/Feb/2017:17:33:08 -0300] "GET /cormun/servlet/trautorizarsolicitud? HTTP/1.1" 200 6936
186.79.177.41 - - [28/Feb/2017:17:33:09 -0300] "POST /cormun/servlet/solicitudot?gx-no-cache=1488232152765 HTTP/1.1" 200 41
186.67.172.234 - - [28/Feb/2017:17:33:09 -0300] "GET /cormun/servlet/trautorizarsolicitud? HTTP/1.1" 200 6936
186.79.177.41 - - [28/Feb/2017:17:33:09 -0300] "GET /cormun/servlet/trsolicitudot HTTP/1.1" 200 9726
186.79.151.184 - - [28/Feb/2017:17:33:11 -0300] "POST /cormun/servlet/solicitudot?gx-no-cache=1488314063196 HTTP/1.1" 200 3146
186.79.151.184 - - [28/Feb/2017:17:33:11 -0300] "POST /cormun/servlet/solicitudot?68a72f90cb8aeace2b02c3692c8ad6da,INS,0,0,,gx-no-cache=1488314063765 HTTP/1.1" 200 9939
207.46.13.118 - - [28/Feb/2017:17:33:16 -0300] "GET /cormun/servlet/hlogin HTTP/1.1" 200 1772
186.67.172.234 - - [28/Feb/2017:17:33:17 -0300] "GET /cormun/servlet/trsolicitudot? HTTP/1.1" 200 8289
186.67.172.234 - - [28/Feb/2017:17:33:17 -0300] "GET /cormun/servlet/trsolicitudot? HTTP/1.1" 200 8289
186.79.151.184 - - [28/Feb/2017:17:33:22 -0300] "GET /cormun/servlet/solicitudot?f95c5f47955c0df7756186329308e588e3819939911365e1f39893d85b376f1b1da4cf2da70d06897a5b4fc25510bb97,gx-no-cache=1488314075002 HTTP/1.1" 200 30
186.79.151.184 - - [28/Feb/2017:17:33:22 -0300] "POST /cormun/servlet/solicitudot?gx-no-cache=1488314075124 HTTP/1.1" 200 255
186.79.151.184 - - [28/Feb/2017:17:33:22 -0300] "GET /cormun/servlet/solicitudot?f95c5f47955c0df7756186329308e5886527539632acd287b31c3ae2ab77a85c874c978ad4d9128c8dd7080421e4f5550422e48179f50a1c12de8beb5c6b6c98d695a45b97f1228758154f935189b9a0e4dd5b61a0f2727340894b70c239826fc7a12d6a48ad1ace1b7ad9e7cdb6679781f7994159c00be28f7c1f601bae525bf1deafd6f9667b355dade026f5cf7102e76a3386d466988eedd25a978e8d6af98a3e77654b4d77cf480cd754f99138b93ab0d934107ad29df27554dd74e07b9a24c779d1ba3a0bdbcfd647cdad5ceaadba0b07d78d61a4ab11cf13078e8fe9c4321de246e587679804dbbfe35ce42559123e70dedb864b34884f478ac184446efcd7fc2c6cc3accddab6b36ff711e1020dc7372269261a50057cc1b4776b4ef5177d2e6814d894d888cb03a7f281b1cfd79dd924509050089e2527df21494250fd7d741250c5057b59c397cfe5abe23abd0a78d90c48687e7fdac3cbd5871f6737a32aa73cd177865da011eab4fdcae890c91c2cf86c5d6853fd507ffb77e6ea,gx-no-cache=1488314075292 HTTP/1.1" 200 30
207.46.13.116 - - [28/Feb/2017:17:33:30 -0300] "GET /cormun/static/Resources/PXToolsLoginBackground.png HTTP/1.1" 200 1164
207.46.13.118 - - [28/Feb/2017:17:33:35 -0300] "GET /cormun/static/Resources/PXToolsButtonRight21.png HTTP/1.1" 200 1283
207.46.13.118 - - [28/Feb/2017:17:33:35 -0300] "GET /cormun/static/Resources/PXToolsButtonLeft21.png HTTP/1.1" 200 1287
207.46.13.118 - - [28/Feb/2017:17:33:35 -0300] "GET /cormun/static/Resources/PXToolsLoginBottom.png HTTP/1.1" 200 1389
207.46.13.121 - - [28/Feb/2017:17:33:41 -0300] "GET /cormun/static/Resources/PXToolsLoginTop.png HTTP/1.1" 200 1337
200.30.209.79 - - [28/Feb/2017:17:33:42 -0300] "GET /cormun/servlet/solicitudot?INS,0,0, HTTP/1.1" 200 12517
200.30.209.79 - - [28/Feb/2017:17:33:43 -0300] "GET /cormun/servlet/solicitudot?INS,0,0, HTTP/1.1" 200 12522
207.46.13.119 - - [28/Feb/2017:17:33:44 -0300] "GET /cormun/static/Resources/PXToolsButtonBackground2.png HTTP/1.1" 200 1181
207.46.13.119 - - [28/Feb/2017:17:33:44 -0300] "GET /cormun/static/hlogin.js?201612216162555 HTTP/1.1" 200 2136
186.67.172.234 - - [28/Feb/2017:17:33:50 -0300] "POST /cormun/servlet/trsolicitudot?8985e5d73eee928eb5615f574458c4a8,,gx-no-cache=1488314110230 HTTP/1.1" 200 4351
186.67.172.234 - - [28/Feb/2017:17:33:50 -0300] "GET /cormun/static/Shared/jqueryui/images/ui-bg_highlight-soft_100_c6c2c8_1x100.png HTTP/1.1" 404 1117
186.67.172.234 - - [28/Feb/2017:17:33:50 -0300] "GET /cormun/static/Shared/jqueryui/images/ui-bg_flat_55_fafafa_40x100.png HTTP/1.1" 404 1097
186.67.172.234 - - [28/Feb/2017:17:33:50 -0300] "GET /cormun/static/Shared/jqueryui/images/ui-icons_82798d_256x240.png HTTP/1.1" 404 1089
186.67.172.234 - - [28/Feb/2017:17:33:50 -0300] "GET /cormun/static/Shared/jqueryui/images/ui-icons_8d78a5_256x240.png HTTP/1.1" 404 1089
186.67.172.234 - - [28/Feb/2017:17:33:51 -0300] "POST /cormun/servlet/trsolicitudot?8985e5d73eee928eb5615f574458c4a8,,gx-no-cache=1488314110437 HTTP/1.1" 200 4129
186.67.172.234 - - [28/Feb/2017:17:33:56 -0300] "GET /cormun/servlet/trautorizarsolicitud? HTTP/1.1" 200 8233
186.67.172.234 - - [28/Feb/2017:17:33:57 -0300] "GET /cormun/servlet/trautorizarsolicitud? HTTP/1.1" 200 8233
186.79.151.184 - - [28/Feb/2017:17:34:05 -0300] "POST /cormun/servlet/solicitudot?gx-no-cache=1488314117566 HTTP/1.1" 200 30
200.30.209.79 - - [28/Feb/2017:17:34:08 -0300] "POST /cormun/servlet/solicitudot?gx-no-cache=1488314121328 HTTP/1.1" 200 3081
200.30.209.79 - - [28/Feb/2017:17:34:09 -0300] "POST /cormun/servlet/solicitudot?d19bd1d0a2eb9f59ec87627d51685776,INS,0,0,,gx-no-cache=1488314121556 HTTP/1.1" 200 9688
186.79.151.184 - - [28/Feb/2017:17:34:10 -0300] "GET /cormun/static/Resources/resize.gif HTTP/1.1" 200 77
186.79.151.184 - - [28/Feb/2017:17:34:10 -0300] "GET /cormun/servlet/prcontratosol?15995528,,,,,MD,,gxPopupLevel%3D0%3B HTTP/1.1" 200 5620
186.79.151.184 - - [28/Feb/2017:17:34:10 -0300] "GET /cormun/static/gxcfg.js?2016102711553248 HTTP/1.1" 200 953
186.79.151.184 - - [28/Feb/2017:17:34:10 -0300] "GET /cormun/static/Resources/PXToolsMenuSearch.png HTTP/1.1" 200 2914
186.79.151.184 - - [28/Feb/2017:17:34:10 -0300] "GET /cormun/static/prcontratosol.js?2016102711553411 HTTP/1.1" 200 14084
186.79.151.184 - - [28/Feb/2017:17:34:10 -0300] "GET /cormun/static/menusearch.js?201610171694467 HTTP/1.1" 200 1424
186.79.151.184 - - [28/Feb/2017:17:34:10 -0300] "GET /cormun/static/hmpwkw011.js?201612218515582 HTTP/1.1" 200 1968
186.79.151.184 - - [28/Feb/2017:17:34:10 -0300] "GET /cormun/static/Resources/PXToolsMenuSearchCancel.png HTTP/1.1" 200 2972
186.79.151.184 - - [28/Feb/2017:17:34:14 -0300] "POST /cormun/servlet/solicitudot?gx-no-cache=1488314126592 HTTP/1.1" 200 235
186.79.151.184 - - [28/Feb/2017:17:34:14 -0300] "POST /cormun/servlet/solicitudot?gx-no-cache=1488314126825 HTTP/1.1" 200 38
186.79.151.184 - - [28/Feb/2017:17:34:14 -0300] "GET /cormun/servlet/solicitudot?f95c5f47955c0df7756186329308e588289a05177434153e7101a906dd2865426969351726af7b861e22699ad1eedefd4323c5a0d8fc0d7e66b80846b9472dc940e41d7e852d2caf88a5471062303a9cc37c659b26efa174285f5e6a3daa68c58ed8287f68fe02c44029aaebac881e5de83ee72da5b2ed143dcf2e4878624517c36e50de485034e769480290a8d4db7487cedc22a87d3a665a4581131a7163ae,gx-no-cache=1488314127040 HTTP/1.1" 200 29
186.79.151.184 - - [28/Feb/2017:17:34:14 -0300] "POST /cormun/servlet/solicitudot?gx-no-cache=1488314127183 HTTP/1.1" 200 643
186.79.151.184 - - [28/Feb/2017:17:34:14 -0300] "POST /cormun/servlet/solicitudot?gx-no-cache=1488314127349 HTTP/1.1" 200 518
200.30.209.79 - - [28/Feb/2017:17:34:15 -0300] "GET /cormun/servlet/solicitudot?760d3b8c85bcc693ff549c8c93483787dd2d4d61ddab522454f6f99653cf32594a72334c56d2363f002a9f528439a761,gx-no-cache=1488314128057 HTTP/1.1" 200 30
186.79.151.184 - - [28/Feb/2017:17:34:19 -0300] "GET /cormun/servlet/prsolicitudot?15995528,,,,,MD,,gxPopupLevel%3D0%3B HTTP/1.1" 200 5928
186.79.151.184 - - [28/Feb/2017:17:34:19 -0300] "GET /cormun/static/gxcfg.js?20161221854215 HTTP/1.1" 200 953
186.79.151.184 - - [28/Feb/2017:17:34:19 -0300] "GET /cormun/static/prsolicitudot.js?201612218542259 HTTP/1.1" 200 13680
186.67.172.234 - - [28/Feb/2017:17:34:22 -0300] "POST /cormun/servlet/trautorizarsolicitud?8985e5d73eee928eb5615f574458c4a8,,gx-no-cache=1488314141956 HTTP/1.1" 200 4325
186.67.172.234 - - [28/Feb/2017:17:34:22 -0300] "GET /cormun/static/Shared/jqueryui/images/ui-bg_highlight-soft_100_c6c2c8_1x100.png HTTP/1.1" 404 1117
186.67.172.234 - - [28/Feb/2017:17:34:22 -0300] "GET /cormun/static/Shared/jqueryui/images/ui-icons_82798d_256x240.png HTTP/1.1" 404 1089
186.67.172.234 - - [28/Feb/2017:17:34:22 -0300] "GET /cormun/static/Shared/jqueryui/images/ui-bg_flat_55_fafafa_40x100.png HTTP/1.1" 404 1097
186.67.172.234 - - [28/Feb/2017:17:34:22 -0300] "GET /cormun/static/Shared/jqueryui/images/ui-icons_8d78a5_256x240.png HTTP/1.1" 404 1089
186.67.172.234 - - [28/Feb/2017:17:34:22 -0300] "POST /cormun/servlet/trautorizarsolicitud?8985e5d73eee928eb5615f574458c4a8,,gx-no-cache=1488314142182 HTTP/1.1" 200 4100
186.103.159.230 - - [28/Feb/2017:17:34:25 -0300] "GET /cormun/servlet/hlogin HTTP/1.1" 200 1718
186.103.159.230 - - [28/Feb/2017:17:34:26 -0300] "GET /cormun/servlet/hlogin HTTP/1.1" 200 1728
186.103.159.230 - - [28/Feb/2017:17:34:40 -0300] "POST /cormun/servlet/hlogin?9c7d1047a9846cc26a974e93538f1e72,gx-no-cache=1488314150126 HTTP/1.1" 200 90
186.103.159.230 - - [28/Feb/2017:17:34:40 -0300] "GET /cormun/servlet/hpexe_link HTTP/1.1" 200 951
186.103.159.230 - - [28/Feb/2017:17:34:40 -0300] "GET /cormun/servlet/hhome HTTP/1.1" 200 3968
186.67.172.234 - - [28/Feb/2017:17:34:40 -0300] "GET /cormun/servlet/trsolicitudot? HTTP/1.1" 200 6994
186.103.159.230 - - [28/Feb/2017:17:34:40 -0300] "GET /cormun/servlet/hhome HTTP/1.1" 200 3964
186.67.172.234 - - [28/Feb/2017:17:34:41 -0300] "GET /cormun/servlet/trsolicitudot? HTTP/1.1" 200 6993
186.103.159.230 - - [28/Feb/2017:17:34:43 -0300] "GET /cormun/servlet/trsolicitudot? HTTP/1.1" 200 6941
186.103.159.230 - - [28/Feb/2017:17:34:44 -0300] "GET /cormun/servlet/trsolicitudot? HTTP/1.1" 200 6940
186.67.172.234 - - [28/Feb/2017:17:34:45 -0300] "GET /cormun/servlet/solicitudot?INS,0,0, HTTP/1.1" 200 12815
186.67.172.234 - - [28/Feb/2017:17:34:45 -0300] "GET /cormun/servlet/solicitudot?INS,0,0, HTTP/1.1" 200 12819
186.103.159.230 - - [28/Feb/2017:17:34:46 -0300] "GET /cormun/servlet/solicitudot?INS,0,0, HTTP/1.1" 200 12770
186.103.159.230 - - [28/Feb/2017:17:34:47 -0300] "GET /cormun/servlet/solicitudot?INS,0,0, HTTP/1.1" 200 12775
186.79.151.184 - - [28/Feb/2017:17:34:53 -0300] "POST /cormun/servlet/solicitudot?gx-no-cache=1488314165337 HTTP/1.1" 200 656
186.79.151.184 - - [28/Feb/2017:17:34:53 -0300] "POST /cormun/servlet/solicitudot?gx-no-cache=1488314165551 HTTP/1.1" 200 38
186.79.151.184 - - [28/Feb/2017:17:34:53 -0300] "POST /cormun/servlet/solicitudot?gx-no-cache=1488314165696 HTTP/1.1" 200 643
186.79.151.184 - - [28/Feb/2017:17:34:53 -0300] "POST /cormun/servlet/solicitudot?gx-no-cache=1488314165873 HTTP/1.1" 200 518
186.67.172.234 - - [28/Feb/2017:17:34:55 -0300] "POST /cormun/servlet/solicitudot?gx-no-cache=1488314175135 HTTP/1.1" 200 3081
186.67.172.234 - - [28/Feb/2017:17:34:56 -0300] "POST /cormun/servlet/solicitudot?8985e5d73eee928eb5615f574458c4a8,INS,0,0,,gx-no-cache=1488314175555 HTTP/1.1" 200 9861
186.79.151.184 - - [28/Feb/2017:17:34:58 -0300] "GET /cormun/static/menuarrow.gif HTTP/1.1" 404 1015
186.67.172.234 - - [28/Feb/2017:17:35:04 -0300] "GET /cormun/servlet/solicitudot?1209faa995badc80f9b4e3a7269cd5fa17e64064a9b769be36f32610be9419342ff538b515d25f68c4751d96e162c7bc,gx-no-cache=1488314183828 HTTP/1.1" 200 30
186.79.151.184 - - [28/Feb/2017:17:35:13 -0300] "GET /cormun/servlet/solicitudot?f95c5f47955c0df7756186329308e588a164c18b15e7f8dae5e5c07406ec8f698e40b5fbf53c19fa1247d87803d7e1c80e810888479e1f142e78169e0c00594b727684063ee91b04fa527f8ada16d3e7d005d339c66dd7f594c406ad8a77ae3223e2f19230b71aef515bf5c4b038b65fcd438f9503f8c5983975f5b2a983c15cd7e5aaf762125c17a42036cfd252980cc4af5b8e69da34fdc7f927cf3304791faba84a895d0850d9b6df88cfd16e128d,gx-no-cache=1488314185645 HTTP/1.1" 200 30
186.79.151.184 - - [28/Feb/2017:17:35:39 -0300] "POST /cormun/servlet/solicitudot?gx-no-cache=1488314212239 HTTP/1.1" 200 30
186.79.151.184 - - [28/Feb/2017:17:35:48 -0300] "POST /cormun/servlet/solicitudot?gx-no-cache=1488314220954 HTTP/1.1" 200 656
186.79.151.184 - - [28/Feb/2017:17:35:48 -0300] "POST /cormun/servlet/solicitudot?gx-no-cache=1488314221150 HTTP/1.1" 200 41
186.79.151.184 - - [28/Feb/2017:17:35:58 -0300] "POST /cormun/servlet/solicitudot?gx-no-cache=1488314230984 HTTP/1.1" 200 643
186.79.151.184 - - [28/Feb/2017:17:35:58 -0300] "POST /cormun/servlet/solicitudot?gx-no-cache=1488314231130 HTTP/1.1" 200 518
186.79.151.184 - - [28/Feb/2017:17:35:58 -0300] "GET /cormun/servlet/solicitudot?f95c5f47955c0df7756186329308e588a164c18b15e7f8dae5e5c07406ec8f698e40b5fbf53c19fa1247d87803d7e1c80e810888479e1f142e78169e0c00594b727684063ee91b04fa527f8ada16d3e7d005d339c66dd7f594c406ad8a77ae3223e2f19230b71aef515bf5c4b038b65fcd438f9503f8c5983975f5b2a983c15cd7e5aaf762125c17a42036cfd252980cc4af5b8e69da34fdc7f927cf3304791faba84a895d0850d9b6df88cfd16e128d,gx-no-cache=1488314231280 HTTP/1.1" 200 30
186.103.159.230 - - [28/Feb/2017:17:36:04 -0300] "POST /cormun/servlet/solicitudot?gx-no-cache=1488314234697 HTTP/1.1" 200 3143
186.103.159.230 - - [28/Feb/2017:17:36:04 -0300] "POST /cormun/servlet/solicitudot?9c7d1047a9846cc26a974e93538f1e72,INS,0,0,,gx-no-cache=1488314234865 HTTP/1.1" 200 9927
186.67.172.234 - - [28/Feb/2017:17:36:08 -0300] "POST /cormun/servlet/solicitudot?gx-no-cache=1488314247264 HTTP/1.1" 200 255
186.67.172.234 - - [28/Feb/2017:17:36:09 -0300] "GET /cormun/servlet/solicitudot?1209faa995badc80f9b4e3a7269cd5fac1c9a71bb162eaacc2a26ca95ae704252c2e0105b39f0ddc558e728c4f3284f9b1c06521c84a215d5a069c2b3fc0955be9f187b6cb51fb89970388fb059e622279f43640624f2b2f09d31041627c773595b375a6e9a95a1dc4fa02678114fd62dcfa3e062c57d89d346a17d6cba5e0ad342095fdea4b24c6dc53ee022770f9ba92876162bcb80b9b27c533902c1dfe4a372417618255dab72d6899aa0d19bc717c65519b75cac64c8fc6d8b3d09a653ca133efadb86962f851abaebc14d3b2c0af9586f7ed6ae7c057894678c0167d1f326ef48a93355559e976d3c0ef37d7138a16369e55e0f210e30af08ab87c96816bece2f63ce24a16d10ad6f34a16dc3418147fb2ef78f925dc5e4c8bab1da7579c337ff13df986ca0c1717c417716753af76cd717562c1dfdd800b84d84cf8c2ef3b6c7d0a627c143f604cff61741657df2f5a93daaa96eb9caef50f9eee85d2051bab6aa74d0f7170ae6b0f5834bd8eed386927cddc6f748d040636dfcc4bb3,gx-no-cache=1488314249209 HTTP/1.1" 200 30
186.67.172.234 - - [28/Feb/2017:17:36:13 -0300] "POST /cormun/servlet/solicitudot?gx-no-cache=1488314252623 HTTP/1.1" 200 30
186.67.172.234 - - [28/Feb/2017:17:36:15 -0300] "GET /cormun/servlet/prcontratosol?18043631,,,,,MD,,gxPopupLevel%3D0%3B HTTP/1.1" 200 5653
186.103.159.230 - - [28/Feb/2017:17:36:16 -0300] "GET /cormun/servlet/solicitudot?7acfcdac8159fc9d15e2a92c06baebd70b9404752c762c46d4c4e0e7981cc79a5585da2a22ae7396b7be795ded1c9fd8,gx-no-cache=1488314246496 HTTP/1.1" 200 30
186.103.159.230 - - [28/Feb/2017:17:36:16 -0300] "POST /cormun/servlet/solicitudot?gx-no-cache=1488314246533 HTTP/1.1" 200 255
186.103.159.230 - - [28/Feb/2017:17:36:16 -0300] "GET /cormun/servlet/solicitudot?7acfcdac8159fc9d15e2a92c06baebd757bb79d1c66c6e10d1fa51f5477b5f90a0a22b6264cc3aa169d9bfba85c5e5461a310d27b9e5a852d0c641b85f463551abfc2eb023f5f0deeda8cf551dbcd650bee99fac8ad0dfa0f6ecc373a8c7758c1638c9c1f672514a292f6c7e66f2f395b56c6b9d55c6d405d9ba9c2a24aceda5354d15e2bfa6331cd73122761e50a9da1d8dd3151251cc16f494da7e5dda5639b7730263c621882ade96e5f0c875693c448793a3c69bec9f9c38e8ba7da5eccef5c74eb987c11541cfa6be32da3d3c0547f8ee35174c36fb3991b22bf9c05fb8842dff19f7bd6732df3d9a273f13efaf5aa0aa721ffa3a2db5cc07b5bde6e1d0f4d6dda03d5392b69e232cf31f2533a4bc99b7c1292173a52e8cb4dce62ed6ae24687b7224a3c1189c1bcf4cb44118f8a21a3af7e94e66d094f2939010c7ade73615af174c220c5b5c1838bcf35d4f384d9bf57b29a997958d5000ee0709cb79629742c29b19066bd3f8fc64af68bfff617b2444e317bf4aadbc81b2a0c861e2,gx-no-cache=1488314246570 HTTP/1.1" 200 30
186.103.159.230 - - [28/Feb/2017:17:36:16 -0300] "POST /cormun/servlet/solicitudot?gx-no-cache=1488314246897 HTTP/1.1" 200 30
186.103.159.230 - - [28/Feb/2017:17:36:16 -0300] "POST /cormun/servlet/solicitudot?gx-no-cache=1488314246938 HTTP/1.1" 200 1291
186.103.159.230 - - [28/Feb/2017:17:36:17 -0300] "POST /cormun/servlet/solicitudot?gx-no-cache=1488314247002 HTTP/1.1" 200 38
186.67.172.234 - - [28/Feb/2017:17:36:20 -0300] "POST /cormun/servlet/solicitudot?gx-no-cache=1488314260085 HTTP/1.1" 200 235
186.67.172.234 - - [28/Feb/2017:17:36:20 -0300] "POST /cormun/servlet/solicitudot?gx-no-cache=1488314260118 HTTP/1.1" 200 38
186.67.172.234 - - [28/Feb/2017:17:36:20 -0300] "GET /cormun/servlet/solicitudot?1209faa995badc80f9b4e3a7269cd5fa6bb7f22f25c998474def43fd834362effb136e4c4877b8c8f084cecc505821fa8f11a9a5a41646d3ef9899371d36f5218acca40f7664c008ae75b18542272c0250e3d24b2eceb5e29787de62cd02e67f52ee8b12f93fbc61ff67ab78eccf59a5,gx-no-cache=1488314260139 HTTP/1.1" 200 29
186.67.172.234 - - [28/Feb/2017:17:36:20 -0300] "POST /cormun/servlet/solicitudot?gx-no-cache=1488314260158 HTTP/1.1" 200 643
186.67.172.234 - - [28/Feb/2017:17:36:20 -0300] "POST /cormun/servlet/solicitudot?gx-no-cache=1488314260183 HTTP/1.1" 200 518
186.67.172.234 - - [28/Feb/2017:17:36:32 -0300] "POST /cormun/servlet/solicitudot?gx-no-cache=1488314271809 HTTP/1.1" 200 656
186.67.172.234 - - [28/Feb/2017:17:36:32 -0300] "POST /cormun/servlet/solicitudot?gx-no-cache=1488314271860 HTTP/1.1" 200 38
200.30.209.79 - - [28/Feb/2017:17:36:34 -0300] "POST /cormun/servlet/solicitudot?gx-no-cache=1488314266629 HTTP/1.1" 200 255
200.30.209.79 - - [28/Feb/2017:17:36:37 -0300] "GET /cormun/servlet/solicitudot?760d3b8c85bcc693ff549c8c934837875874936ba0806943e9ed799762abd2410abba124dd6d907ff0696e71ca12190bcdf5a7bc467b4fe902daac9491f8531f0a0fc87a96e6dbb6618f46b9059d919b506bec2a196cfd7862f61a001939fd333ea64676eced60582758d877e1f7cf3b2ef8b3a099e206150af0744661e12887a9022354c03ec9347afbd9e2344df093d037ecf35b7ec128b37aabc9be53dd6a8b6f253f7445fda2836f54fd8fe7e08a4af798783b57b6ea03912ae2154a061d038847d34a2f82e4d9511308b4465dfaa8ce34e32c6cff2288668c93ebffb0087661a03d0a87ae59fe484e46112ce1e47e15120308ebbb84e44ec46af06b09c6341c710f1cfbbf27bcf1101afdd3660e70075297eeaeda58bef70ac55727af7a9a0a576689fec57aed1b91a5955fb9eba3565cc4e8b42a6da5d1fd9539d19eeb080d392fa5feb0e6403a3f363e464f42e98fe5036a273409b74656be9576c15899ffbd23f4711282b04d09c80c8d0636174b15149fb2b5d0efc2a57c020543ba,gx-no-cache=1488314270443 HTTP/1.1" 200 30
186.103.159.230 - - [28/Feb/2017:17:36:40 -0300] "POST /cormun/servlet/solicitudot?gx-no-cache=1488314270510 HTTP/1.1" 200 30
200.30.209.79 - - [28/Feb/2017:17:36:45 -0300] "POST /cormun/servlet/solicitudot?gx-no-cache=1488314277738 HTTP/1.1" 200 30
200.30.209.79 - - [28/Feb/2017:17:36:48 -0300] "POST /cormun/servlet/solicitudot?gx-no-cache=1488314280984 HTTP/1.1" 200 235
200.30.209.79 - - [28/Feb/2017:17:36:48 -0300] "POST /cormun/servlet/solicitudot?gx-no-cache=1488314281066 HTTP/1.1" 200 38
186.67.172.234 - - [28/Feb/2017:17:36:56 -0300] "POST /cormun/servlet/solicitudot?gx-no-cache=1488314295812 HTTP/1.1" 200 643
186.67.172.234 - - [28/Feb/2017:17:36:57 -0300] "POST /cormun/servlet/solicitudot?gx-no-cache=1488314297166 HTTP/1.1" 200 1157
186.103.159.230 - - [28/Feb/2017:17:37:05 -0300] "POST /cormun/servlet/solicitudot?gx-no-cache=1488314295469 HTTP/1.1" 200 1291
186.103.159.230 - - [28/Feb/2017:17:37:05 -0300] "POST /cormun/servlet/solicitudot?gx-no-cache=1488314295561 HTTP/1.1" 200 38
186.67.172.234 - - [28/Feb/2017:17:37:06 -0300] "GET /cormun/static/menuarrow.gif HTTP/1.1" 404 1015
186.103.159.230 - - [28/Feb/2017:17:37:16 -0300] "GET /cormun/servlet/solicitudot?7acfcdac8159fc9d15e2a92c06baebd7356265b7812575388818e17f39963d8df50a0bac2adb1f52a7a8d959815b0ce5c76304daebab065177a145f38f561471c8c0b2f34f85330616e93722385a0529cccb7d17483281367acba8c1222ca8512f41d30583c35b432afa17656928ef242afae79a84a1130b858d2719c6c7ab04335925793a6bb1e76bd72667a25af60f4fa220e6200e917dc0d1783202dd127f,gx-no-cache=1488314306220 HTTP/1.1" 200 29
186.103.159.230 - - [28/Feb/2017:17:37:16 -0300] "POST /cormun/servlet/solicitudot?gx-no-cache=1488314306260 HTTP/1.1" 200 1273
186.103.159.230 - - [28/Feb/2017:17:37:16 -0300] "POST /cormun/servlet/solicitudot?gx-no-cache=1488314306304 HTTP/1.1" 200 1157
186.103.159.230 - - [28/Feb/2017:17:37:16 -0300] "GET /cormun/static/menuarrow.gif HTTP/1.1" 404 1015
200.30.209.79 - - [28/Feb/2017:17:37:16 -0300] "GET /cormun/servlet/solicitudot?760d3b8c85bcc693ff549c8c934837874804c2877aec74345a6e903e8e9dc1e266db4c2095cf54f6007f392f66cb4ca6dbb20514c86ecf81681fffb9bfeab105fa50e1f8cbb2cba8da1423960c6ea64d6741c172e376e2fbb32ab757a8ce8e0eeb7cc1a1997957d346a71dcb9568c7f9,gx-no-cache=1488314309226 HTTP/1.1" 200 29
200.30.209.79 - - [28/Feb/2017:17:37:16 -0300] "POST /cormun/servlet/solicitudot?gx-no-cache=1488314309303 HTTP/1.1" 200 643
200.30.209.79 - - [28/Feb/2017:17:37:18 -0300] "POST /cormun/servlet/solicitudot?gx-no-cache=1488314311311 HTTP/1.1" 200 1157
186.103.159.230 - - [28/Feb/2017:17:37:20 -0300] "POST /cormun/servlet/solicitudot?gx-no-cache=1488314310439 HTTP/1.1" 200 1273
186.103.159.230 - - [28/Feb/2017:17:37:20 -0300] "POST /cormun/servlet/solicitudot?gx-no-cache=1488314310486 HTTP/1.1" 200 1157
186.67.172.234 - - [28/Feb/2017:17:37:26 -0300] "GET /cormun/servlet/solicitudot?1209faa995badc80f9b4e3a7269cd5fac98efe4a40513511a65e6d8253ca354e5d5213a9514d436247b0cc27c239be37e605a23157fdd554f79b1d2751d72b39bd9fd54ec076471192e8e2850ce72b824fb68feece2e5e83259ad87a6e948f5e8699d88652b8856d354be7d36e7fc8bf427634cc88219155c58a26bf61a6c0177ff3aca9816fc4baab543ec7516c5160ad9dfeea1d3eea1e0c581ee161b7f96304b51234d5ab269ec871c10fd7badde8,gx-no-cache=1488314325776 HTTP/1.1" 200 30
186.67.172.234 - - [28/Feb/2017:17:37:26 -0300] "POST /cormun/servlet/solicitudot?8985e5d73eee928eb5615f574458c4a8,INS,0,0,,gx-no-cache=1488314325850 HTTP/1.1" 200 11203
186.67.172.234 - - [28/Feb/2017:17:37:27 -0300] "GET /cormun/static/Shared/jqueryui/images/ui-bg_highlight-soft_100_c6c2c8_1x100.png HTTP/1.1" 404 1117
186.67.172.234 - - [28/Feb/2017:17:37:27 -0300] "GET /cormun/static/Shared/jqueryui/images/ui-icons_82798d_256x240.png HTTP/1.1" 404 1089
186.67.172.234 - - [28/Feb/2017:17:37:27 -0300] "GET /cormun/static/Shared/jqueryui/images/ui-bg_flat_55_994d53_40x100.png HTTP/1.1" 404 1097
186.67.172.234 - - [28/Feb/2017:17:37:27 -0300] "GET /cormun/static/Shared/jqueryui/images/ui-icons_ebccce_256x240.png HTTP/1.1" 404 1089
186.67.172.234 - - [28/Feb/2017:17:37:32 -0300] "GET /cormun/servlet/solicitudot?1209faa995badc80f9b4e3a7269cd5fac1c9a71bb162eaacc2a26ca95ae704252c2e0105b39f0ddc558e728c4f3284f9b1c06521c84a215d5a069c2b3fc0955be9f187b6cb51fb89970388fb059e622279f43640624f2b2f09d31041627c773595b375a6e9a95a1dc4fa02678114fd62dcfa3e062c57d89d346a17d6cba5e0ad342095fdea4b24c6dc53ee022770f9ba92876162bcb80b9b27c533902c1dfe4a372417618255dab72d6899aa0d19bc717c65519b75cac64c8fc6d8b3d09a653ca133efadb86962f851abaebc14d3b2c0af9586f7ed6ae7c057894678c0167d1f326ef48a93355559e976d3c0ef37d7138a16369e55e0f210e30af08ab87c96816bece2f63ce24a16d10ad6f34a16dc3418147fb2ef78f925dc5e4c8bab1da7579c337ff13df986ca0c1717c417716753af76cd717562c1dfdd800b84d84cf8c2ef3b6c7d0a627c143f604cff61741657df2f5a93daaa96eb9caef50f9eee85d2051bab6aa74d0f7170ae6b0f5834bd8ecdf170657641bdc259ee4cbc4257c0ff,gx-no-cache=1488314332176 HTTP/1.1" 200 30
186.67.172.234 - - [28/Feb/2017:17:37:32 -0300] "POST /cormun/servlet/solicitudot?gx-no-cache=1488314332206 HTTP/1.1" 200 30
186.67.172.234 - - [28/Feb/2017:17:37:32 -0300] "POST /cormun/servlet/solicitudot?gx-no-cache=1488314332229 HTTP/1.1" 200 1287
186.67.172.234 - - [28/Feb/2017:17:37:32 -0300] "POST /cormun/servlet/solicitudot?gx-no-cache=1488314332264 HTTP/1.1" 200 41
186.67.172.234 - - [28/Feb/2017:17:37:32 -0300] "POST /cormun/servlet/solicitudot?gx-no-cache=1488314332311 HTTP/1.1" 200 1275
