200.86.95.220 - - [28/Feb/2017:15:18:19 -0300] "GET /cormun/servlet/hpexe_return? HTTP/1.1" 200 1027
199.30.24.231 - - [28/Feb/2017:15:18:19 -0300] "GET /cormun/static/PXToolsJavascripts/pexe_cookies.js HTTP/1.1" 200 792
199.30.24.231 - - [28/Feb/2017:15:18:20 -0300] "GET /cormun/static/PXToolsJavascripts/pexe_windows.js HTTP/1.1" 200 15207
199.30.24.231 - - [28/Feb/2017:15:18:20 -0300] "GET /cormun/static/PXToolsJavascripts/pexe_grid.js HTTP/1.1" 200 7559
200.86.95.220 - - [28/Feb/2017:15:18:20 -0300] "GET /cormun/servlet/trsolicitudadjuntos?2017,4892, HTTP/1.1" 200 8773
199.30.24.231 - - [28/Feb/2017:15:18:20 -0300] "GET /cormun/static/PXToolsJavascripts/pexe_griddivfix.js HTTP/1.1" 200 6644
199.30.24.231 - - [28/Feb/2017:15:18:21 -0300] "GET /cormun/static/PXToolsJavascripts/pexe_link.js HTTP/1.1" 200 5671
199.30.24.231 - - [28/Feb/2017:15:18:21 -0300] "GET /cormun/static/PXToolsJavascripts/pexe_menudivfix.js HTTP/1.1" 200 333
199.30.24.231 - - [28/Feb/2017:15:18:21 -0300] "GET /cormun/static/PXToolsJavascripts/pexe_menus.js HTTP/1.1" 200 1286
199.30.24.231 - - [28/Feb/2017:15:18:22 -0300] "GET /cormun/static/PXToolsJavascripts/pexe_layers.js HTTP/1.1" 200 4114
200.86.95.220 - - [28/Feb/2017:15:18:22 -0300] "GET /cormun/servlet/trsolicitudadjuntos?2017,4892, HTTP/1.1" 200 8766
199.30.24.231 - - [28/Feb/2017:15:18:22 -0300] "GET /cormun/static/PXToolsJavascripts/pexe_oav.js HTTP/1.1" 200 645
199.30.24.231 - - [28/Feb/2017:15:18:22 -0300] "GET /cormun/static/PXToolsJavascripts/pexe_oavdivfix.js HTTP/1.1" 200 639
199.30.24.231 - - [28/Feb/2017:15:18:23 -0300] "GET /cormun/static/PXToolsJavascripts/pexe_picture.js HTTP/1.1" 200 689
199.30.24.231 - - [28/Feb/2017:15:18:23 -0300] "GET /cormun/static/PXToolsJavascripts/pexe_popup.js HTTP/1.1" 200 13458
199.30.24.231 - - [28/Feb/2017:15:18:23 -0300] "GET /cormun/static/PXToolsJavascripts/pexe_scrolldiv.js HTTP/1.1" 200 4138
199.30.24.231 - - [28/Feb/2017:15:18:24 -0300] "GET /cormun/static/PXToolsJavascripts/pexe_tabdivfix.js HTTP/1.1" 200 876
199.30.24.231 - - [28/Feb/2017:15:18:24 -0300] "GET /cormun/static/PXToolsJavascripts/pexe_tabs.js HTTP/1.1" 200 3748
199.30.24.231 - - [28/Feb/2017:15:18:24 -0300] "GET /cormun/static/PXToolsJavascripts/pexe_upload.js HTTP/1.1" 200 1423
199.30.24.231 - - [28/Feb/2017:15:18:25 -0300] "GET /cormun/static/PXToolsJavascripts/PXToolsJavascriptsRender.js HTTP/1.1" 200 367
199.30.24.231 - - [28/Feb/2017:15:18:25 -0300] "GET /cormun/static/Resources/PXToolsHeaderHome.png HTTP/1.1" 200 4147
199.30.24.231 - - [28/Feb/2017:15:18:25 -0300] "GET /cormun/static/Resources/logo4.png HTTP/1.1" 200 6582
199.30.24.231 - - [28/Feb/2017:15:18:25 -0300] "GET /cormun/static/Resources/PXToolsHeaderActionsLeft.png HTTP/1.1" 200 1118
199.30.24.231 - - [28/Feb/2017:15:18:25 -0300] "GET /cormun/static/Resources/PXToolsHeaderPreferences.png HTTP/1.1" 200 4189
199.30.24.231 - - [28/Feb/2017:15:18:25 -0300] "GET /cormun/static/Resources/PXToolsHeaderLogin.png HTTP/1.1" 200 4279
199.30.24.231 - - [28/Feb/2017:15:18:25 -0300] "GET /cormun/static/Resources/PXToolsHeaderSecurity.png HTTP/1.1" 200 4166
199.30.24.231 - - [28/Feb/2017:15:18:26 -0300] "GET /cormun/static/Resources/PXToolsHeaderActionsRight.png HTTP/1.1" 200 1201
199.30.24.231 - - [28/Feb/2017:15:18:26 -0300] "GET /cormun/static/Resources/PXToolsHeaderBackground2.png HTTP/1.1" 200 1174
199.30.24.231 - - [28/Feb/2017:15:18:26 -0300] "GET /cormun/static/Resources/PXToolsFooterBackground2.png HTTP/1.1" 200 1172
199.30.24.231 - - [28/Feb/2017:15:18:26 -0300] "GET /cormun/static/Resources/PXToolsDataTitle.png HTTP/1.1" 200 1173
199.30.24.231 - - [28/Feb/2017:15:18:26 -0300] "GET /cormun/static/Resources/PXToolsHeaderActionsBackground.png HTTP/1.1" 200 484
200.86.95.220 - - [28/Feb/2017:15:18:29 -0300] "POST /cormun/servlet/trsolicitudadjuntos?5136caf749805e11e5c743e6ce055aac,2017,4892,,gx-no-cache=1488305980446 HTTP/1.1" 200 90
200.86.95.220 - - [28/Feb/2017:15:18:29 -0300] "GET /cormun/servlet/hpexe_link HTTP/1.1" 200 993
200.86.95.220 - - [28/Feb/2017:15:18:30 -0300] "GET /cormun/servlet/trsolicitudot?gx-no-cache=1488304394786 HTTP/1.1" 200 8020
200.86.95.220 - - [28/Feb/2017:15:18:31 -0300] "GET /cormun/servlet/trsolicitudot?gx-no-cache=1488304394786 HTTP/1.1" 200 8041
186.103.159.187 - - [28/Feb/2017:15:18:37 -0300] "POST /cormun/servlet/solicitudot?gx-no-cache=1488305987646 HTTP/1.1" 200 3182
186.103.159.187 - - [28/Feb/2017:15:18:37 -0300] "POST /cormun/servlet/solicitudot?bab811f76311ed15ebe9833d4285e297,INS,0,0,,gx-no-cache=1488305987934 HTTP/1.1" 200 9829
186.103.159.187 - - [28/Feb/2017:15:18:37 -0300] "GET /cormun/servlet/solicitudot?8a5324674c6dc5e392cd8cefa4e906c1994fc93ef35352034026f4965e74055ffc453284bc48cbe2cf5dfb2d64a6d0fe,gx-no-cache=1488305988140 HTTP/1.1" 200 30
186.103.156.24 - - [28/Feb/2017:15:18:37 -0300] "POST /cormun/servlet/hlogin?bc68fbf3a27478ebbf72d79632a6b135,gx-no-cache=1488305990082 HTTP/1.1" 200 90
186.103.156.24 - - [28/Feb/2017:15:18:37 -0300] "GET /cormun/servlet/hpexe_link HTTP/1.1" 200 957
186.103.156.24 - - [28/Feb/2017:15:18:37 -0300] "GET /cormun/static/gxcfg.js?201612218515529 HTTP/1.1" 200 953
186.103.156.24 - - [28/Feb/2017:15:18:37 -0300] "GET /cormun/static/hpexe_link.js?201612218515532 HTTP/1.1" 200 625
186.103.156.24 - - [28/Feb/2017:15:18:37 -0300] "GET /cormun/static/Resources/Spanish/PXTools.css?18365030 HTTP/1.1" 200 89042
186.103.156.24 - - [28/Feb/2017:15:18:38 -0300] "GET /cormun/servlet/hhome HTTP/1.1" 200 3953
186.103.156.24 - - [28/Feb/2017:15:18:38 -0300] "GET /cormun/static/SmoothNavMenu/resources/ddsmoothmenu.css?1112540 HTTP/1.1" 200 2223
186.103.156.24 - - [28/Feb/2017:15:18:38 -0300] "GET /cormun/static/SmoothNavMenu/resources/ddsmoothmenu-v.css?1112540 HTTP/1.1" 200 1188
186.103.156.24 - - [28/Feb/2017:15:18:38 -0300] "GET /cormun/static/Shared/jqueryui/jquery-ui.min.css?1345370 HTTP/1.1" 200 30288
186.103.156.24 - - [28/Feb/2017:15:18:38 -0300] "GET /cormun/static/gxcfg.js?201612218515568 HTTP/1.1" 200 953
186.103.156.24 - - [28/Feb/2017:15:18:38 -0300] "GET /cormun/static/scaMessage/css/jquery.pnotify.default.css?1816380 HTTP/1.1" 200 1707
186.103.156.24 - - [28/Feb/2017:15:18:38 -0300] "GET /cormun/static/PXToolsJavascripts/pexe_autoreload.js HTTP/1.1" 200 1762
186.103.156.24 - - [28/Feb/2017:15:18:38 -0300] "GET /cormun/static/PXToolsJavascripts/pexe_griddivfix.js HTTP/1.1" 200 6644
186.103.156.24 - - [28/Feb/2017:15:18:38 -0300] "GET /cormun/static/PXToolsJavascripts/pexe_cookies.js HTTP/1.1" 200 792
186.103.156.24 - - [28/Feb/2017:15:18:38 -0300] "GET /cormun/static/PXToolsJavascripts/pexe_windows.js HTTP/1.1" 200 15207
186.103.156.24 - - [28/Feb/2017:15:18:38 -0300] "GET /cormun/static/PXToolsJavascripts/pexe_grid.js HTTP/1.1" 200 7559
186.103.156.24 - - [28/Feb/2017:15:18:38 -0300] "GET /cormun/static/PXToolsJavascripts/pexe_layers.js HTTP/1.1" 200 4114
186.103.156.24 - - [28/Feb/2017:15:18:38 -0300] "GET /cormun/static/PXToolsJavascripts/pexe_link.js HTTP/1.1" 200 5671
186.103.156.24 - - [28/Feb/2017:15:18:38 -0300] "GET /cormun/static/PXToolsJavascripts/pexe_menudivfix.js HTTP/1.1" 200 333
186.103.156.24 - - [28/Feb/2017:15:18:38 -0300] "GET /cormun/static/PXToolsJavascripts/pexe_oav.js HTTP/1.1" 200 645
186.103.156.24 - - [28/Feb/2017:15:18:38 -0300] "GET /cormun/static/PXToolsJavascripts/pexe_oavdivfix.js HTTP/1.1" 200 639
186.103.156.24 - - [28/Feb/2017:15:18:38 -0300] "GET /cormun/static/PXToolsJavascripts/pexe_picture.js HTTP/1.1" 200 689
186.103.156.24 - - [28/Feb/2017:15:18:38 -0300] "GET /cormun/static/PXToolsJavascripts/pexe_menus.js HTTP/1.1" 200 1286
186.103.156.24 - - [28/Feb/2017:15:18:38 -0300] "GET /cormun/static/PXToolsJavascripts/pexe_popup.js HTTP/1.1" 200 13458
186.103.156.24 - - [28/Feb/2017:15:18:38 -0300] "GET /cormun/static/PXToolsJavascripts/pexe_scrolldiv.js HTTP/1.1" 200 4138
186.103.156.24 - - [28/Feb/2017:15:18:38 -0300] "GET /cormun/static/PXToolsJavascripts/pexe_tabdivfix.js HTTP/1.1" 200 876
186.103.156.24 - - [28/Feb/2017:15:18:38 -0300] "GET /cormun/static/PXToolsJavascripts/pexe_tabs.js HTTP/1.1" 200 3748
186.103.156.24 - - [28/Feb/2017:15:18:38 -0300] "GET /cormun/static/PXToolsJavascripts/pexe_upload.js HTTP/1.1" 200 1423
186.103.156.24 - - [28/Feb/2017:15:18:38 -0300] "GET /cormun/static/PXToolsJavascripts/PXToolsJavascriptsRender.js HTTP/1.1" 200 367
186.103.156.24 - - [28/Feb/2017:15:18:38 -0300] "GET /cormun/static/RunJS/RunJS.js HTTP/1.1" 200 288
186.103.156.24 - - [28/Feb/2017:15:18:38 -0300] "GET /cormun/static/Shared/ext/locale/ext-lang-en.js HTTP/1.1" 200 10940
186.103.156.24 - - [28/Feb/2017:15:18:38 -0300] "GET /cormun/static/hwchdr01.js?201612218432057 HTTP/1.1" 200 1183
186.103.156.24 - - [28/Feb/2017:15:18:38 -0300] "GET /cormun/static/hpexe_recentlink.js?201610171694390 HTTP/1.1" 200 2144
186.103.156.24 - - [28/Feb/2017:15:18:38 -0300] "GET /cormun/static/hhome.js?201612218515573 HTTP/1.1" 200 777
186.103.156.24 - - [28/Feb/2017:15:18:38 -0300] "GET /cormun/static/Resources/PXToolsHeaderPreferences.png HTTP/1.1" 200 4189
186.103.156.24 - - [28/Feb/2017:15:18:38 -0300] "GET /cormun/static/Resources/PXToolsHeaderActionsLeft.png HTTP/1.1" 200 1118
186.103.156.24 - - [28/Feb/2017:15:18:38 -0300] "GET /cormun/static/gxui/gxui-all.js HTTP/1.1" 200 107772
186.103.156.24 - - [28/Feb/2017:15:18:38 -0300] "GET /cormun/static/Resources/logo4.png HTTP/1.1" 200 6582
186.103.156.24 - - [28/Feb/2017:15:18:38 -0300] "GET /cormun/static/Resources/PXToolsHeaderLogin.png HTTP/1.1" 200 4279
186.103.156.24 - - [28/Feb/2017:15:18:38 -0300] "GET /cormun/static/Resources/PXToolsHeaderActionsBackground.png HTTP/1.1" 200 484
186.103.156.24 - - [28/Feb/2017:15:18:38 -0300] "GET /cormun/static/Resources/PXToolsFooterBackground2.png HTTP/1.1" 200 1172
186.103.156.24 - - [28/Feb/2017:15:18:38 -0300] "GET /cormun/static/Resources/PXToolsHeaderSecurity.png HTTP/1.1" 200 4166
186.103.156.24 - - [28/Feb/2017:15:18:39 -0300] "GET /cormun/static/Resources/PXToolsHeaderHome.png HTTP/1.1" 200 4147
186.103.156.24 - - [28/Feb/2017:15:18:39 -0300] "GET /cormun/static/Resources/PXToolsHeaderBackground2.png HTTP/1.1" 200 1174
186.103.156.24 - - [28/Feb/2017:15:18:39 -0300] "GET /cormun/static/hpexe_messagecontroller.js?201610171694323 HTTP/1.1" 200 870
186.103.156.24 - - [28/Feb/2017:15:18:39 -0300] "GET /cormun/static/hpexe_messagepopupcomponent.js?20161017169425 HTTP/1.1" 200 605
186.103.156.24 - - [28/Feb/2017:15:18:39 -0300] "GET /cormun/static/hpexe_messagegenexuscomponent.js?201612218431816 HTTP/1.1" 200 587
186.103.156.24 - - [28/Feb/2017:15:18:39 -0300] "GET /cormun/static/cmcontrolpreferences.js?201612218431999 HTTP/1.1" 200 1375
186.103.156.24 - - [28/Feb/2017:15:18:39 -0300] "GET /cormun/static/Resources/PXToolsDataTitle.png HTTP/1.1" 200 1173
186.103.156.24 - - [28/Feb/2017:15:18:39 -0300] "GET /cormun/static/Shared/jquery/jquery-1.4.2.min.js HTTP/1.1" 200 72174
186.103.156.24 - - [28/Feb/2017:15:18:39 -0300] "GET /cormun/static/Resources/PXToolsHeaderActionsRight.png HTTP/1.1" 200 1201
186.103.156.24 - - [28/Feb/2017:15:18:39 -0300] "GET /cormun/static/SmoothNavMenu/resources/ddsmoothmenu.js HTTP/1.1" 200 12712
186.103.156.24 - - [28/Feb/2017:15:18:39 -0300] "GET /cormun/static/SmoothNavMenu/resources/SmoothNavMenuRender.js HTTP/1.1" 200 5951
186.103.156.24 - - [28/Feb/2017:15:18:39 -0300] "GET /cormun/static/hpexe_scripts.js?201612218432016 HTTP/1.1" 200 1544
186.103.156.24 - - [28/Feb/2017:15:18:39 -0300] "GET /cormun/static/Shared/jqueryui/jquery-ui.min.js HTTP/1.1" 200 240427
186.103.156.24 - - [28/Feb/2017:15:18:39 -0300] "GET /cormun/static/scaMessage/js/jquery.pnotify.min.js HTTP/1.1" 200 13038
186.103.156.24 - - [28/Feb/2017:15:18:39 -0300] "GET /cormun/static/Shared/ext/ext-all.js HTTP/1.1" 200 1289687
186.103.156.24 - - [28/Feb/2017:15:18:39 -0300] "GET /cormun/static/scaMessage/scaMessageRender.js HTTP/1.1" 200 11977
186.103.156.24 - - [28/Feb/2017:15:18:39 -0300] "GET /cormun/static/hmpwkw03.js?20161221852152 HTTP/1.1" 200 3965
186.103.156.24 - - [28/Feb/2017:15:18:39 -0300] "GET /cormun/static/Shared/jquery/jquery-1.10.2.min.js HTTP/1.1" 200 273199
186.103.156.24 - - [28/Feb/2017:15:18:41 -0300] "GET /cormun/static/SmoothNavMenu/resources/images/down.gif HTTP/1.1" 200 854
186.103.156.24 - - [28/Feb/2017:15:18:41 -0300] "GET /cormun/static/SmoothNavMenu/resources/images/right.gif HTTP/1.1" 200 860
186.103.156.24 - - [28/Feb/2017:15:18:41 -0300] "GET /cormun/servlet/hhome HTTP/1.1" 200 3950
186.103.159.46 - - [28/Feb/2017:15:18:44 -0300] "GET /cormun/servlet/solicitudot?c6766c68697106e006a0edd2400f2f57ba9ccc192dd7a98e1f288701e812bdb63a09b367873211b50efc4e9c606def7fd6e4fc7f5b0ae6cea1003e4b7cb108c5248336f16b71165200f9c04bf9448edd736f4b6aa81bdfbcf49181317164cda3c9cf31c2a78699ed29665ad41227065055b99d2eb8abb75ec4330bb61ed74cc8b124d7aa481e1f50e2cd5fb61407bd8dfcbf8590d98dfc2eea401e3416e2ee6ae530c43f603a1fe0e51182d63d58147c,gx-no-cache=1488305995181 HTTP/1.1" 200 30
186.103.159.46 - - [28/Feb/2017:15:18:44 -0300] "POST /cormun/servlet/solicitudot?d3358cd886ec2c42297d78223dcf2df4,UPD,2017,4893,,gx-no-cache=1488305995287 HTTP/1.1" 200 93
186.103.159.46 - - [28/Feb/2017:15:18:44 -0300] "GET /cormun/servlet/hpexe_return? HTTP/1.1" 200 1007
186.103.159.46 - - [28/Feb/2017:15:18:45 -0300] "GET /cormun/servlet/trsolicitudot HTTP/1.1" 200 7971
186.103.159.46 - - [28/Feb/2017:15:18:47 -0300] "GET /cormun/servlet/trsolicitudot HTTP/1.1" 200 7967
186.103.159.187 - - [28/Feb/2017:15:18:54 -0300] "POST /cormun/servlet/solicitudot?gx-no-cache=1488306005470 HTTP/1.1" 200 255
186.103.159.187 - - [28/Feb/2017:15:18:54 -0300] "GET /cormun/servlet/solicitudot?8a5324674c6dc5e392cd8cefa4e906c1a03ec7c9f8aeee175d3f2c23c56c1087a98853055961a07783de2b8f06b52b04688813cf9b61a3a621d467ab77a199d81c9a3ecda7f8a905a3d148bc87642da2e29dd2ee402383340e3a0ea74873d46f322fb0ca0ff4820dfca9803af25d610d6e7564c6901b1929c2bc6e8ed0522eb0421a1f4c1305b7e1c43b38af4fa460dbcb673070b090ed3fac8f4cd865a8accaf0b7b3edda3e85e3008c94c7103e55d8c0339d746298218c8c53e67fc6ef4149c14b568f59dfa0bf83e83e75cff635ba2caa6a7dabe8673451f79254b2bdb3fe15cbf519edaf5c6d2a36aa1b45b57849527aa7bfc638f61fd31cf1ad2984e8490bc4a7b14cffd9c16544b4ecb96c8a14e20bea00b7675fd26aef6c5f0f742749398da2fe93de93e16d842f269e68a6871f0ed165e94b6d5d5456dae44c5438641db4cddcb86638cc698e4738e1869b6a7d699a2f6e72cde3066ed5eb32de2e92998749777722330e2685b299947be60505677d74f9196caadf0b451c9ce43791,gx-no-cache=1488306005514 HTTP/1.1" 200 30
200.86.95.220 - - [28/Feb/2017:15:18:57 -0300] "POST /cormun/servlet/trsolicitudot?5136caf749805e11e5c743e6ce055aac,gx-no-cache=1488304394786,gx-no-cache=1488306008002 HTTP/1.1" 200 4181
200.86.95.220 - - [28/Feb/2017:15:18:57 -0300] "GET /cormun/static/Shared/jqueryui/images/ui-bg_highlight-soft_100_c6c2c8_1x100.png HTTP/1.1" 404 1117
200.86.95.220 - - [28/Feb/2017:15:18:57 -0300] "GET /cormun/static/Shared/jqueryui/images/ui-icons_82798d_256x240.png HTTP/1.1" 404 1089
200.86.95.220 - - [28/Feb/2017:15:18:57 -0300] "GET /cormun/static/Shared/jqueryui/images/ui-icons_8d78a5_256x240.png HTTP/1.1" 404 1089
200.86.95.220 - - [28/Feb/2017:15:18:57 -0300] "GET /cormun/static/Shared/jqueryui/images/ui-bg_flat_55_fafafa_40x100.png HTTP/1.1" 404 1097
200.86.95.220 - - [28/Feb/2017:15:18:57 -0300] "POST /cormun/servlet/trsolicitudot?5136caf749805e11e5c743e6ce055aac,gx-no-cache=1488304394786,gx-no-cache=1488306008504 HTTP/1.1" 200 3934
186.103.159.187 - - [28/Feb/2017:15:19:00 -0300] "POST /cormun/servlet/solicitudot?gx-no-cache=1488306011239 HTTP/1.1" 200 30
186.103.159.187 - - [28/Feb/2017:15:19:03 -0300] "GET /cormun/servlet/prsolicitudot?16884972,,,,,MD,,gxPopupLevel%3D0%3B HTTP/1.1" 200 5910
186.103.159.187 - - [28/Feb/2017:15:19:08 -0300] "POST /cormun/servlet/solicitudot?gx-no-cache=1488306018890 HTTP/1.1" 200 296
186.103.159.187 - - [28/Feb/2017:15:19:08 -0300] "GET /cormun/static/Shared/jqueryui/images/ui-bg_highlight-soft_100_c6c2c8_1x100.png HTTP/1.1" 404 1117
186.103.159.187 - - [28/Feb/2017:15:19:08 -0300] "GET /cormun/static/Shared/jqueryui/images/ui-icons_82798d_256x240.png HTTP/1.1" 404 1089
186.103.159.187 - - [28/Feb/2017:15:19:08 -0300] "GET /cormun/static/Shared/jqueryui/images/ui-bg_flat_55_994d53_40x100.png HTTP/1.1" 404 1097
186.103.159.187 - - [28/Feb/2017:15:19:08 -0300] "GET /cormun/static/Shared/jqueryui/images/ui-icons_ebccce_256x240.png HTTP/1.1" 404 1089
186.103.159.187 - - [28/Feb/2017:15:19:08 -0300] "POST /cormun/servlet/solicitudot?gx-no-cache=1488306018974 HTTP/1.1" 200 117
186.103.159.187 - - [28/Feb/2017:15:19:08 -0300] "GET /cormun/servlet/solicitudot?8a5324674c6dc5e392cd8cefa4e906c1fa72545854b0b4d3a2eb3cb18798222cbe91583a082a2719abad162dd1cff44c6ecaf376cf433a75cac6f5e54be7fdfa960b47733f6df0d461f20b19d05ae1bcf18f2f2b3e6d009e0fcb4bd9e348d8087cb5278db8e98fccfbeb3da7f5a71fd0478411bd4b3376de2e95c0391a06c2af42375ae5d0ba9b851d851e449e290031173bc7c6128727a14887782e76f0f717,gx-no-cache=1488306019022 HTTP/1.1" 200 29
186.103.159.187 - - [28/Feb/2017:15:19:08 -0300] "GET /cormun/servlet/solicitudot?8a5324674c6dc5e392cd8cefa4e906c1635c6e9cddb2a97037bdc6b13ddb33833616bc1d0f5dde6cdcf1ef5872dd8c7ef86ae5c5e8ed76d9d0ac4e8c4927360d0729c004356d130e26a6a8c2a7bb9f61463669e8b072637ec05c5b5eb90baa91a79e2fc8afc0aba024189b6bcd607c8ffb57d0215ee0ebe949062da9032a645c20e48ab9769670206207e376b7583eac603f81d990991da2a51ab429419e33f7,gx-no-cache=1488306019054 HTTP/1.1" 200 57
186.103.159.187 - - [28/Feb/2017:15:19:08 -0300] "GET /cormun/servlet/solicitudot?8a5324674c6dc5e392cd8cefa4e906c1dd675ebe06eeca70ac67f88b287b7b073616bc1d0f5dde6cdcf1ef5872dd8c7ef86ae5c5e8ed76d9d0ac4e8c4927360d8761cf39d59628934eb81b71d4ed8254e3a84036dc7236f5b5cc9682279b26c210068ce74d150cae9f8f4b56244b6543bdac4d674299eb4d22e7f9dd037c2ff9,gx-no-cache=1488306019088 HTTP/1.1" 200 57
186.103.159.187 - - [28/Feb/2017:15:19:56 -0300] "POST /cormun/servlet/solicitudot?gx-no-cache=1488306066924 HTTP/1.1" 200 1291
186.103.159.187 - - [28/Feb/2017:15:20:00 -0300] "GET /cormun/static/menuarrow.gif HTTP/1.1" 404 1015
186.103.159.46 - - [28/Feb/2017:15:20:04 -0300] "POST /cormun/servlet/trsolicitudot?d3358cd886ec2c42297d78223dcf2df4,gx-no-cache=1488306075170 HTTP/1.1" 200 107
186.103.159.46 - - [28/Feb/2017:15:20:04 -0300] "GET /cormun/servlet/trsolicitudadjuntos?2017,4893, HTTP/1.1" 200 5862
186.103.159.46 - - [28/Feb/2017:15:20:06 -0300] "GET /cormun/servlet/trsolicitudadjuntos?2017,4893, HTTP/1.1" 200 5861
186.103.159.46 - - [28/Feb/2017:15:20:10 -0300] "GET /cormun/servlet/solicitudotadjuntos?INS,2017,4893,,1, HTTP/1.1" 200 5792
186.103.159.46 - - [28/Feb/2017:15:20:11 -0300] "GET /cormun/static/about:blank HTTP/1.1" 404 1011
186.103.159.46 - - [28/Feb/2017:15:20:11 -0300] "GET /cormun/servlet/solicitudotadjuntos?INS,2017,4893,,1, HTTP/1.1" 200 5786
186.103.159.46 - - [28/Feb/2017:15:20:12 -0300] "GET /cormun/servlet/solicitudotadjuntos?c6766c68697106e006a0edd2400f2f575e747b9b9ab86711ad06ed4312ab7f77477bcdaf678f4691f42b6cfb00df600d,gx-no-cache=1488306082971 HTTP/1.1" 200 30
186.103.159.46 - - [28/Feb/2017:15:20:12 -0300] "POST /cormun/servlet/solicitudotadjuntos?d3358cd886ec2c42297d78223dcf2df4,INS,2017,4893,,1,,gx-no-cache=1488306083045 HTTP/1.1" 200 3636
186.103.159.46 - - [28/Feb/2017:15:20:17 -0300] "POST /cormun/servlet/solicitudotadjuntos?gx-no-cache=1488306087854 HTTP/1.1" 200 26
186.103.159.187 - - [28/Feb/2017:15:20:19 -0300] "POST /cormun/servlet/solicitudot?gx-no-cache=1488306090309 HTTP/1.1" 200 41
186.103.159.187 - - [28/Feb/2017:15:20:27 -0300] "GET /cormun/servlet/solicitudot?8a5324674c6dc5e392cd8cefa4e906c1fa72545854b0b4d3a2eb3cb18798222cbe91583a082a2719abad162dd1cff44c0c3007eccf9b8708ac29780278e6dc62960b47733f6df0d461f20b19d05ae1bcf18f2f2b3e6d009e0fcb4bd9e348d8087cb5278db8e98fccfbeb3da7f5a71fd0478411bd4b3376de2e95c0391a06c2af42375ae5d0ba9b851d851e449e290031173bc7c6128727a14887782e76f0f717,gx-no-cache=1488306098420 HTTP/1.1" 200 29
186.103.159.187 - - [28/Feb/2017:15:20:36 -0300] "POST /cormun/servlet/solicitudot?gx-no-cache=1488306107657 HTTP/1.1" 200 1274
186.103.159.187 - - [28/Feb/2017:15:20:36 -0300] "POST /cormun/servlet/solicitudot?gx-no-cache=1488306107736 HTTP/1.1" 200 1157
186.103.159.187 - - [28/Feb/2017:15:20:39 -0300] "POST /cormun/servlet/solicitudot?gx-no-cache=1488306110359 HTTP/1.1" 200 1274
186.103.159.187 - - [28/Feb/2017:15:20:39 -0300] "POST /cormun/servlet/solicitudot?gx-no-cache=1488306110438 HTTP/1.1" 200 1157
186.103.159.46 - - [28/Feb/2017:15:20:47 -0300] "GET /cormun/servlet/trsolicitudadjuntos?2017,4893, HTTP/1.1" 200 5862
186.103.159.46 - - [28/Feb/2017:15:20:49 -0300] "GET /cormun/servlet/trsolicitudadjuntos?2017,4893, HTTP/1.1" 200 5861
186.103.159.187 - - [28/Feb/2017:15:20:56 -0300] "GET /cormun/servlet/solicitudot?8a5324674c6dc5e392cd8cefa4e906c16bfcb92f5695314286bf1c65cb194d41d56517b36174a449c7a6e41c0ebcd8e530ccf72406e695ec019afdb15cce65b7a602706485971055e1560cd38cb8508e20e48ab9769670206207e376b7583eac6e0e3091d53b02fa261e3c4b5913340d68c1fc449e823260d112b64a3e626b61c9c2ba1697ed97c36b1012de84b6a55dba31c1229188309640c10affe9ceadcfad74b868715c955d1cbcd4ab19dab6f80724d9f3dd8b9b84233524c7c52bb031,gx-no-cache=1488306127253 HTTP/1.1" 200 30
186.103.159.46 - - [28/Feb/2017:15:21:00 -0300] "GET /cormun/servlet/trsolicitudot HTTP/1.1" 200 7971
186.103.159.46 - - [28/Feb/2017:15:21:02 -0300] "GET /cormun/servlet/trsolicitudot HTTP/1.1" 200 7967
186.103.159.187 - - [28/Feb/2017:15:21:11 -0300] "POST /cormun/servlet/solicitudot?bab811f76311ed15ebe9833d4285e297,INS,0,0,,gx-no-cache=1488306142124 HTTP/1.1" 200 93
186.103.159.187 - - [28/Feb/2017:15:21:11 -0300] "GET /cormun/servlet/hpexe_return? HTTP/1.1" 200 1004
186.103.159.187 - - [28/Feb/2017:15:21:12 -0300] "GET /cormun/servlet/trsolicitudot HTTP/1.1" 200 8701
186.103.159.46 - - [28/Feb/2017:15:21:12 -0300] "POST /cormun/servlet/trsolicitudot?d3358cd886ec2c42297d78223dcf2df4,gx-no-cache=1488306143193 HTTP/1.1" 200 4139
186.103.159.46 - - [28/Feb/2017:15:21:12 -0300] "GET /cormun/static/Shared/jqueryui/images/ui-bg_highlight-soft_100_c6c2c8_1x100.png HTTP/1.1" 404 1117
186.103.159.46 - - [28/Feb/2017:15:21:12 -0300] "GET /cormun/static/Shared/jqueryui/images/ui-icons_82798d_256x240.png HTTP/1.1" 404 1089
186.103.159.46 - - [28/Feb/2017:15:21:12 -0300] "GET /cormun/static/Shared/jqueryui/images/ui-bg_flat_55_fafafa_40x100.png HTTP/1.1" 404 1097
186.103.159.46 - - [28/Feb/2017:15:21:12 -0300] "GET /cormun/static/Shared/jqueryui/images/ui-icons_8d78a5_256x240.png HTTP/1.1" 404 1089
186.103.159.46 - - [28/Feb/2017:15:21:13 -0300] "POST /cormun/servlet/trsolicitudot?d3358cd886ec2c42297d78223dcf2df4,gx-no-cache=1488306143707 HTTP/1.1" 200 3923
186.103.159.187 - - [28/Feb/2017:15:21:13 -0300] "GET /cormun/servlet/trsolicitudot HTTP/1.1" 200 8697
186.103.159.46 - - [28/Feb/2017:15:21:23 -0300] "GET /cormun/servlet/trsolicitudot? HTTP/1.1" 200 6719
186.103.159.46 - - [28/Feb/2017:15:21:25 -0300] "GET /cormun/servlet/trsolicitudot? HTTP/1.1" 200 6719
186.103.159.187 - - [28/Feb/2017:15:21:27 -0300] "POST /cormun/servlet/trsolicitudot?bab811f76311ed15ebe9833d4285e297,gx-no-cache=1488306158479 HTTP/1.1" 200 5974
186.103.159.187 - - [28/Feb/2017:15:21:27 -0300] "GET /cormun/static/Shared/jqueryui/images/ui-bg_highlight-soft_100_c6c2c8_1x100.png HTTP/1.1" 404 1117
186.103.159.187 - - [28/Feb/2017:15:21:27 -0300] "GET /cormun/static/Shared/jqueryui/images/ui-icons_82798d_256x240.png HTTP/1.1" 404 1089
186.103.159.187 - - [28/Feb/2017:15:21:27 -0300] "GET /cormun/static/Shared/jqueryui/images/ui-icons_8d78a5_256x240.png HTTP/1.1" 404 1089
186.103.159.187 - - [28/Feb/2017:15:21:27 -0300] "GET /cormun/static/Shared/jqueryui/images/ui-bg_flat_55_fafafa_40x100.png HTTP/1.1" 404 1097
186.103.159.46 - - [28/Feb/2017:15:21:31 -0300] "GET /cormun/servlet/solicitudot?INS,0,0, HTTP/1.1" 200 12559
186.103.159.46 - - [28/Feb/2017:15:21:33 -0300] "GET /cormun/servlet/solicitudot?INS,0,0, HTTP/1.1" 200 12564
186.103.159.46 - - [28/Feb/2017:15:21:54 -0300] "POST /cormun/servlet/solicitudot?gx-no-cache=1488306185025 HTTP/1.1" 200 3187
186.103.159.46 - - [28/Feb/2017:15:21:54 -0300] "POST /cormun/servlet/solicitudot?d3358cd886ec2c42297d78223dcf2df4,INS,0,0,,gx-no-cache=1488306185417 HTTP/1.1" 200 9792
186.103.159.187 - - [28/Feb/2017:15:21:57 -0300] "POST /cormun/servlet/trsolicitudot?bab811f76311ed15ebe9833d4285e297,gx-no-cache=1488306187853 HTTP/1.1" 200 5621
186.103.159.187 - - [28/Feb/2017:15:21:57 -0300] "POST /cormun/servlet/trsolicitudot?bab811f76311ed15ebe9833d4285e297,gx-no-cache=1488306188234 HTTP/1.1" 200 5562
186.103.159.46 - - [28/Feb/2017:15:22:00 -0300] "GET /cormun/servlet/solicitudot?c6766c68697106e006a0edd2400f2f572fc28016b22c26a023621237a1ad2810221f556f125917443746dd762c739c4f,gx-no-cache=1488306190864 HTTP/1.1" 200 30
186.103.159.46 - - [28/Feb/2017:15:22:00 -0300] "POST /cormun/servlet/solicitudot?gx-no-cache=1488306190980 HTTP/1.1" 200 297
186.103.159.46 - - [28/Feb/2017:15:22:00 -0300] "GET /cormun/servlet/solicitudot?c6766c68697106e006a0edd2400f2f5703e13059dfd7241e88608078b35acdfc0fe8848156c1d1bcb57015123e720f9b7e2eff3f9df59f1f7477ab7ed8e75c282fd9ed74d12bd02b1ac60410457776741aee91256bbdf51e4c383519fbcefe88d878189a5fe005525df436e809eda41b8560c10ae44e61aa9db02dd475ebcff0b08b4e33ed1eef9a56c917aed23fe6ee628492e934e69119f09939e12771c594f2fc506b5531a49be720ff2e9b9ad9aea21f1e777d8bdc2c63edecea34f459445a65bed27972cdeed1768285c3f557cde74fa656fb98d25ad95b6bb74765524271dc742a739af678fce8853546157960e20a5cc859a568c15bf1c24e4ac3974fce399c4984db3b48603cee243be8cc756dc19b19ace3eeee95a00859be99df78d381d9fd2b97048d84ed268c3643f3aac0f790959b022a86567de05be8f1056efb03cb3f772d67096921172abb740306f4dca6dc621d83e172bbc8bdcdb7de4c38ab4ecc446ab3bf2f16115756a154dfe10ee87ecd72a2ba7ccfba1b97963434d7944c7bcd313381a1f71f65aeade03a,gx-no-cache=1488306191080 HTTP/1.1" 200 30
186.103.159.187 - - [28/Feb/2017:15:22:02 -0300] "POST /cormun/servlet/trsolicitudot?bab811f76311ed15ebe9833d4285e297,gx-no-cache=1488306193275 HTTP/1.1" 200 5279
186.103.159.187 - - [28/Feb/2017:15:22:02 -0300] "POST /cormun/servlet/trsolicitudot?bab811f76311ed15ebe9833d4285e297,gx-no-cache=1488306193526 HTTP/1.1" 200 5221
186.103.159.46 - - [28/Feb/2017:15:22:03 -0300] "POST /cormun/servlet/solicitudot?gx-no-cache=1488306194157 HTTP/1.1" 200 30
186.103.159.187 - - [28/Feb/2017:15:22:04 -0300] "POST /cormun/servlet/trsolicitudot?bab811f76311ed15ebe9833d4285e297,gx-no-cache=1488306195090 HTTP/1.1" 200 4156
186.103.159.187 - - [28/Feb/2017:15:22:04 -0300] "POST /cormun/servlet/trsolicitudot?bab811f76311ed15ebe9833d4285e297,gx-no-cache=1488306195327 HTTP/1.1" 200 3932
186.103.159.46 - - [28/Feb/2017:15:22:07 -0300] "POST /cormun/servlet/solicitudot?gx-no-cache=1488306197714 HTTP/1.1" 200 1291
186.103.159.46 - - [28/Feb/2017:15:22:07 -0300] "POST /cormun/servlet/solicitudot?gx-no-cache=1488306197842 HTTP/1.1" 200 38
186.103.159.187 - - [28/Feb/2017:15:22:43 -0300] "GET /cormun/servlet/hlogin HTTP/1.1" 200 1722
186.103.159.187 - - [28/Feb/2017:15:22:52 -0300] "POST /cormun/servlet/hlogin?bab811f76311ed15ebe9833d4285e297,gx-no-cache=1488306243458 HTTP/1.1" 200 90
186.103.159.187 - - [28/Feb/2017:15:22:52 -0300] "GET /cormun/servlet/hpexe_link HTTP/1.1" 200 952
186.103.159.187 - - [28/Feb/2017:15:22:52 -0300] "GET /cormun/servlet/hhome HTTP/1.1" 200 3944
186.103.159.187 - - [28/Feb/2017:15:22:54 -0300] "GET /cormun/servlet/hhome HTTP/1.1" 200 3940
186.103.159.187 - - [28/Feb/2017:15:22:59 -0300] "GET /cormun/servlet/trautorizarsolicitud? HTTP/1.1" 200 8853
186.103.159.46 - - [28/Feb/2017:15:22:59 -0300] "GET /cormun/servlet/solicitudot?c6766c68697106e006a0edd2400f2f572ae02be8161bfb9bbfaae12e9d674797438acff216bf837d7be537dc2afb05e2658425f01a75710dd41f646ac9585d97108e41c2c3417d7cb378a5ccb4683fa1982ebc6566cd5d672825d524238951683013d0c0cf9290c884e87e23490fa616,gx-no-cache=1488306250573 HTTP/1.1" 200 29
186.103.159.46 - - [28/Feb/2017:15:22:59 -0300] "POST /cormun/servlet/solicitudot?gx-no-cache=1488306250673 HTTP/1.1" 200 1273
186.103.159.187 - - [28/Feb/2017:15:23:00 -0300] "GET /cormun/servlet/trautorizarsolicitud? HTTP/1.1" 200 8851
186.103.159.187 - - [28/Feb/2017:15:23:07 -0300] "POST /cormun/servlet/trautorizarsolicitud?bab811f76311ed15ebe9833d4285e297,,gx-no-cache=1488306258488 HTTP/1.1" 200 5772
186.103.159.187 - - [28/Feb/2017:15:23:08 -0300] "GET /cormun/static/Shared/jqueryui/images/ui-bg_highlight-soft_100_c6c2c8_1x100.png HTTP/1.1" 404 1117
186.103.159.187 - - [28/Feb/2017:15:23:08 -0300] "GET /cormun/static/Shared/jqueryui/images/ui-icons_82798d_256x240.png HTTP/1.1" 404 1089
186.103.159.187 - - [28/Feb/2017:15:23:08 -0300] "GET /cormun/static/Shared/jqueryui/images/ui-bg_flat_55_fafafa_40x100.png HTTP/1.1" 404 1097
186.103.159.187 - - [28/Feb/2017:15:23:08 -0300] "GET /cormun/static/Shared/jqueryui/images/ui-icons_8d78a5_256x240.png HTTP/1.1" 404 1089
186.103.159.187 - - [28/Feb/2017:15:23:08 -0300] "POST /cormun/servlet/trautorizarsolicitud?bab811f76311ed15ebe9833d4285e297,,gx-no-cache=1488306258983 HTTP/1.1" 200 5719
186.103.159.46 - - [28/Feb/2017:15:23:08 -0300] "POST /cormun/servlet/solicitudot?gx-no-cache=1488306259198 HTTP/1.1" 200 1156
186.103.159.46 - - [28/Feb/2017:15:23:08 -0300] "GET /cormun/static/menuarrow.gif HTTP/1.1" 404 1015
186.103.159.187 - - [28/Feb/2017:15:23:09 -0300] "POST /cormun/servlet/trautorizarsolicitud?bab811f76311ed15ebe9833d4285e297,,gx-no-cache=1488306259879 HTTP/1.1" 200 5431
186.103.159.187 - - [28/Feb/2017:15:23:09 -0300] "POST /cormun/servlet/trautorizarsolicitud?bab811f76311ed15ebe9833d4285e297,,gx-no-cache=1488306260124 HTTP/1.1" 200 5375
186.103.159.187 - - [28/Feb/2017:15:23:12 -0300] "POST /cormun/servlet/trautorizarsolicitud?bab811f76311ed15ebe9833d4285e297,,gx-no-cache=1488306262891 HTTP/1.1" 200 4315
186.103.159.187 - - [28/Feb/2017:15:23:12 -0300] "POST /cormun/servlet/trautorizarsolicitud?bab811f76311ed15ebe9833d4285e297,,gx-no-cache=1488306263567 HTTP/1.1" 200 4090
186.103.159.46 - - [28/Feb/2017:15:23:22 -0300] "GET /cormun/servlet/solicitudot?c6766c68697106e006a0edd2400f2f57bd239bc0c385117e81e325f8f14afaa5ab32412e4cdf010bdeace998c24d79fad6e4fc7f5b0ae6cea1003e4b7cb108c5248336f16b71165200f9c04bf9448edd736f4b6aa81bdfbcf49181317164cda3c9cf31c2a78699ed29665ad41227065055b99d2eb8abb75ec4330bb61ed74cc8b124d7aa481e1f50e2cd5fb61407bd8dfcbf8590d98dfc2eea401e3416e2ee6ae530c43f603a1fe0e51182d63d58147c,gx-no-cache=1488306273471 HTTP/1.1" 200 30
186.103.159.46 - - [28/Feb/2017:15:25:02 -0300] "POST /cormun/servlet/solicitudot?d3358cd886ec2c42297d78223dcf2df4,INS,0,0,,gx-no-cache=1488306372510 HTTP/1.1" 200 93
186.103.159.46 - - [28/Feb/2017:15:25:02 -0300] "GET /cormun/servlet/hpexe_return? HTTP/1.1" 200 1001
186.103.159.46 - - [28/Feb/2017:15:25:02 -0300] "GET /cormun/servlet/trsolicitudot HTTP/1.1" 200 7967
186.103.159.46 - - [28/Feb/2017:15:25:04 -0300] "GET /cormun/servlet/trsolicitudot HTTP/1.1" 200 7963
186.103.159.46 - - [28/Feb/2017:15:25:17 -0300] "POST /cormun/servlet/trsolicitudot?d3358cd886ec2c42297d78223dcf2df4,gx-no-cache=1488306388492 HTTP/1.1" 200 4136
186.103.159.46 - - [28/Feb/2017:15:25:18 -0300] "GET /cormun/static/Shared/jqueryui/images/ui-bg_highlight-soft_100_c6c2c8_1x100.png HTTP/1.1" 404 1117
186.103.159.46 - - [28/Feb/2017:15:25:18 -0300] "GET /cormun/static/Shared/jqueryui/images/ui-icons_82798d_256x240.png HTTP/1.1" 404 1089
186.103.159.46 - - [28/Feb/2017:15:25:18 -0300] "GET /cormun/static/Shared/jqueryui/images/ui-icons_8d78a5_256x240.png HTTP/1.1" 404 1089
186.103.159.46 - - [28/Feb/2017:15:25:18 -0300] "GET /cormun/static/Shared/jqueryui/images/ui-bg_flat_55_fafafa_40x100.png HTTP/1.1" 404 1097
186.103.159.46 - - [28/Feb/2017:15:25:18 -0300] "POST /cormun/servlet/trsolicitudot?d3358cd886ec2c42297d78223dcf2df4,gx-no-cache=1488306388891 HTTP/1.1" 200 3923
186.103.159.46 - - [28/Feb/2017:15:25:55 -0300] "GET /cormun/servlet/trautorizarsolicitud? HTTP/1.1" 200 12593
186.103.159.46 - - [28/Feb/2017:15:25:56 -0300] "GET /cormun/servlet/hlogin HTTP/1.1" 200 1742
186.103.159.46 - - [28/Feb/2017:15:25:56 -0300] "GET /cormun/servlet/trautorizarsolicitud? HTTP/1.1" 200 12589
186.103.159.46 - - [28/Feb/2017:15:26:12 -0300] "POST /cormun/servlet/hlogin?f7dd4046275a222a07679c11ea6db49d,gx-no-cache=1488306442046 HTTP/1.1" 200 90
186.103.159.46 - - [28/Feb/2017:15:26:12 -0300] "GET /cormun/servlet/hpexe_link HTTP/1.1" 200 965
186.103.159.46 - - [28/Feb/2017:15:26:12 -0300] "GET /cormun/servlet/trautorizarsolicitud HTTP/1.1" 200 8391
186.103.159.46 - - [28/Feb/2017:15:26:12 -0300] "GET /cormun/servlet/trautorizarsolicitud HTTP/1.1" 200 8390
186.103.159.187 - - [28/Feb/2017:15:26:22 -0300] "GET /cormun/servlet/hlogin HTTP/1.1" 200 1722
186.103.159.187 - - [28/Feb/2017:15:26:29 -0300] "POST /cormun/servlet/hlogin?bab811f76311ed15ebe9833d4285e297,gx-no-cache=1488306460629 HTTP/1.1" 200 430
186.103.159.187 - - [28/Feb/2017:15:26:43 -0300] "POST /cormun/servlet/hlogin?bab811f76311ed15ebe9833d4285e297,gx-no-cache=1488306474106 HTTP/1.1" 200 90
186.103.159.187 - - [28/Feb/2017:15:26:43 -0300] "GET /cormun/servlet/hpexe_link HTTP/1.1" 200 952
186.103.159.187 - - [28/Feb/2017:15:26:43 -0300] "GET /cormun/servlet/hhome HTTP/1.1" 200 3735
186.103.159.187 - - [28/Feb/2017:15:26:44 -0300] "GET /cormun/servlet/hhome HTTP/1.1" 200 3732
186.103.159.46 - - [28/Feb/2017:15:27:11 -0300] "POST /cormun/servlet/trautorizarsolicitud?f7dd4046275a222a07679c11ea6db49d,gx-no-cache=1488306501283 HTTP/1.1" 200 5186
186.103.159.46 - - [28/Feb/2017:15:27:11 -0300] "GET /cormun/static/Shared/jqueryui/images/ui-bg_highlight-soft_100_c6c2c8_1x100.png HTTP/1.1" 404 1117
186.103.159.46 - - [28/Feb/2017:15:27:11 -0300] "GET /cormun/static/Shared/jqueryui/images/ui-icons_82798d_256x240.png HTTP/1.1" 404 1089
186.103.159.46 - - [28/Feb/2017:15:27:11 -0300] "GET /cormun/static/Shared/jqueryui/images/ui-bg_flat_55_fafafa_40x100.png HTTP/1.1" 404 1097
186.103.159.46 - - [28/Feb/2017:15:27:11 -0300] "GET /cormun/static/Shared/jqueryui/images/ui-icons_8d78a5_256x240.png HTTP/1.1" 404 1089
186.103.159.46 - - [28/Feb/2017:15:27:11 -0300] "POST /cormun/servlet/trautorizarsolicitud?f7dd4046275a222a07679c11ea6db49d,gx-no-cache=1488306501627 HTTP/1.1" 200 5129
186.103.159.46 - - [28/Feb/2017:15:27:14 -0300] "POST /cormun/servlet/trautorizarsolicitud?f7dd4046275a222a07679c11ea6db49d,gx-no-cache=1488306504115 HTTP/1.1" 200 4047
186.103.159.46 - - [28/Feb/2017:15:27:14 -0300] "POST /cormun/servlet/trautorizarsolicitud?f7dd4046275a222a07679c11ea6db49d,gx-no-cache=1488306504340 HTTP/1.1" 200 3833
186.103.159.188 - - [28/Feb/2017:15:27:32 -0300] "GET /cormun/servlet/hlogin HTTP/1.1" 200 1723
186.103.159.187 - - [28/Feb/2017:15:27:38 -0300] "GET /cormun/servlet/trsolicitudot? HTTP/1.1" 200 6669
186.103.159.187 - - [28/Feb/2017:15:27:39 -0300] "GET /cormun/servlet/trsolicitudot? HTTP/1.1" 200 6669
186.103.159.188 - - [28/Feb/2017:15:27:48 -0300] "POST /cormun/servlet/hlogin?7c6c12531fffa9d3666cbfbc72a60397,gx-no-cache=1488306538948 HTTP/1.1" 200 90
186.103.159.188 - - [28/Feb/2017:15:27:48 -0300] "GET /cormun/servlet/hpexe_link HTTP/1.1" 200 952
186.103.159.188 - - [28/Feb/2017:15:27:48 -0300] "GET /cormun/servlet/hhome HTTP/1.1" 200 3774
186.103.159.188 - - [28/Feb/2017:15:27:48 -0300] "GET /cormun/servlet/hhome HTTP/1.1" 200 3771
186.103.159.188 - - [28/Feb/2017:15:27:51 -0300] "GET /cormun/servlet/trsolicitudot? HTTP/1.1" 200 6731
186.103.159.188 - - [28/Feb/2017:15:27:52 -0300] "GET /cormun/servlet/trsolicitudot? HTTP/1.1" 200 6730
186.103.159.187 - - [28/Feb/2017:15:28:03 -0300] "GET /cormun/servlet/solicitudot?INS,0,0, HTTP/1.1" 200 12544
186.103.159.187 - - [28/Feb/2017:15:28:04 -0300] "GET /cormun/servlet/solicitudot?INS,0,0, HTTP/1.1" 200 12548
186.103.159.46 - - [28/Feb/2017:15:28:11 -0300] "GET /cormun/servlet/hlogin HTTP/1.1" 200 1742
186.103.159.188 - - [28/Feb/2017:15:28:12 -0300] "GET /cormun/servlet/solicitudot?INS,0,0, HTTP/1.1" 200 12576
186.103.159.188 - - [28/Feb/2017:15:28:12 -0300] "GET /cormun/servlet/solicitudot?INS,0,0, HTTP/1.1" 200 12581
186.103.159.187 - - [28/Feb/2017:15:28:13 -0300] "POST /cormun/servlet/solicitudot?gx-no-cache=1488306564541 HTTP/1.1" 200 3214
186.103.159.187 - - [28/Feb/2017:15:28:14 -0300] "POST /cormun/servlet/solicitudot?bab811f76311ed15ebe9833d4285e297,INS,0,0,,gx-no-cache=1488306564765 HTTP/1.1" 200 9801
186.103.159.46 - - [28/Feb/2017:15:28:21 -0300] "POST /cormun/servlet/hlogin?f7dd4046275a222a07679c11ea6db49d,gx-no-cache=1488306571350 HTTP/1.1" 200 90
186.103.159.46 - - [28/Feb/2017:15:28:21 -0300] "GET /cormun/servlet/hpexe_link HTTP/1.1" 200 986
186.103.159.46 - - [28/Feb/2017:15:28:21 -0300] "GET /cormun/servlet/trautorizarsolicitud?gx-no-cache=1488306504340 HTTP/1.1" 200 6724
186.103.159.46 - - [28/Feb/2017:15:28:22 -0300] "GET /cormun/servlet/trautorizarsolicitud?gx-no-cache=1488306504340 HTTP/1.1" 200 6743
186.103.159.188 - - [28/Feb/2017:15:28:24 -0300] "POST /cormun/servlet/solicitudot?gx-no-cache=1488306575265 HTTP/1.1" 200 3198
186.103.159.188 - - [28/Feb/2017:15:28:24 -0300] "POST /cormun/servlet/solicitudot?7c6c12531fffa9d3666cbfbc72a60397,INS,0,0,,gx-no-cache=1488306575452 HTTP/1.1" 200 9796
186.103.159.46 - - [28/Feb/2017:15:28:25 -0300] "GET /cormun/servlet/trvisualizadoreventos? HTTP/1.1" 200 6732
186.103.159.46 - - [28/Feb/2017:15:28:26 -0300] "GET /cormun/servlet/trvisualizadoreventos? HTTP/1.1" 200 6710
186.103.159.187 - - [28/Feb/2017:15:28:31 -0300] "GET /cormun/servlet/solicitudot?8a5324674c6dc5e392cd8cefa4e906c12034c3834696a319ead1c00d9b29c0bafc453284bc48cbe2cf5dfb2d64a6d0fe,gx-no-cache=1488306581819 HTTP/1.1" 200 30
186.103.159.187 - - [28/Feb/2017:15:28:31 -0300] "POST /cormun/servlet/solicitudot?gx-no-cache=1488306581882 HTTP/1.1" 200 256
186.103.159.187 - - [28/Feb/2017:15:28:31 -0300] "GET /cormun/servlet/solicitudot?8a5324674c6dc5e392cd8cefa4e906c1a03ec7c9f8aeee175d3f2c23c56c10876bdfcc7f7a37867d80a480e2090ec836688813cf9b61a3a621d467ab77a199d81c9a3ecda7f8a905a3d148bc87642da2e29dd2ee402383340e3a0ea74873d46f322fb0ca0ff4820dfca9803af25d610d6e7564c6901b1929c2bc6e8ed0522eb0421a1f4c1305b7e1c43b38af4fa460dbcb673070b090ed3fac8f4cd865a8accaf0b7b3edda3e85e3008c94c7103e55d8c0339d746298218c8c53e67fc6ef4149c14b568f59dfa0bf83e83e75cff635ba2caa6a7dabe8673451f79254b2bdb3fe15cbf519edaf5c6d2a36aa1b45b57849f7c844a68a0ca9d89c0b09af02face360bc4a7b14cffd9c16544b4ecb96c8a1479bebe5f099b754691ee5d584b3c23d0b158d400406f1216b36b2abab1601e14201c61ef86d858a2409bff9764dd982ebcc2f1bb797bf6a2ca34b7950bcc2c096dbbad4e2e3a4d38e05f16df971d47427c7cbae3e92fab012bd69ebc9721382f30057c6fe755879fcb4cf15976768f9b,gx-no-cache=1488306581958 HTTP/1.1" 200 30
186.103.159.187 - - [28/Feb/2017:15:28:31 -0300] "POST /cormun/servlet/solicitudot?gx-no-cache=1488306582018 HTTP/1.1" 200 30
186.103.159.187 - - [28/Feb/2017:15:28:31 -0300] "POST /cormun/servlet/solicitudot?gx-no-cache=1488306582064 HTTP/1.1" 200 1291
186.103.159.187 - - [28/Feb/2017:15:28:31 -0300] "POST /cormun/servlet/solicitudot?gx-no-cache=1488306582137 HTTP/1.1" 200 38
186.103.159.187 - - [28/Feb/2017:15:28:31 -0300] "GET /cormun/servlet/solicitudot?8a5324674c6dc5e392cd8cefa4e906c1fa72545854b0b4d3a2eb3cb18798222cbe91583a082a2719abad162dd1cff44c6ecaf376cf433a75cac6f5e54be7fdfa0eac2a0df7e43eea71ff37314164d41e5f12114f5b3f3e7082e4bd98be394f443d2b4ab97b4882ff2aeb8c08e39e9f0c,gx-no-cache=1488306582214 HTTP/1.1" 200 29
186.103.159.187 - - [28/Feb/2017:15:28:31 -0300] "POST /cormun/servlet/solicitudot?gx-no-cache=1488306582259 HTTP/1.1" 200 1275
186.103.159.187 - - [28/Feb/2017:15:28:31 -0300] "POST /cormun/servlet/solicitudot?gx-no-cache=1488306582350 HTTP/1.1" 200 1157
186.103.159.187 - - [28/Feb/2017:15:28:31 -0300] "GET /cormun/servlet/solicitudot?8a5324674c6dc5e392cd8cefa4e906c110d1d55068d8ff2d871a77933a8cda9bd4fc92fa66c6eea148d3edefb00dfce556b8e9b86d43eafd409a5aa5df7d4f12c21b9c7d837501edd408618f0a6af4549d298f8addb7cd43ecf180c8aa92b2f8eeabe286ac0161d8e9fdf75fd1c332e6312e16a1c20855e9e5620c6b9b5dc3ce64290f93621dda9029ef9f2269c98b3e70950cf7c5400c70adc3714a1254f6b3,gx-no-cache=1488306582418 HTTP/1.1" 200 30
186.103.159.46 - - [28/Feb/2017:15:28:34 -0300] "GET /cormun/servlet/trcontratosolicitud? HTTP/1.1" 200 13848
186.103.159.46 - - [28/Feb/2017:15:28:35 -0300] "GET /cormun/servlet/trcontratosolicitud? HTTP/1.1" 200 13847
186.103.159.187 - - [28/Feb/2017:15:28:40 -0300] "GET /cormun/static/menuarrow.gif HTTP/1.1" 404 1015
186.103.159.188 - - [28/Feb/2017:15:28:45 -0300] "GET /cormun/servlet/solicitudot?5dcbc3a60765a1c8c6a4fb1f041311680bd90c65d7e75caa1ce70ad8d16ac3674dabef50988cbd3061c6c745f9a9158e,gx-no-cache=1488306596950 HTTP/1.1" 200 30
186.103.159.188 - - [28/Feb/2017:15:28:46 -0300] "POST /cormun/servlet/solicitudot?gx-no-cache=1488306597012 HTTP/1.1" 200 256
186.103.159.188 - - [28/Feb/2017:15:28:46 -0300] "GET /cormun/servlet/solicitudot?5dcbc3a60765a1c8c6a4fb1f0413116879f6695c4699e6f99f659d6ec06a52a78f7711cc8f7bf2eadef605074bb12324abfd5784174d8706fb910f6895d3599c6b26fb9a231a0fe11cbd532814fcde541e2e1b4791cfc71349db2969e8d59082e72aeecb44afefd0ae057807eec467b842e7d3fc28e538f7a00fa6e07cc46dd5713bda50b62b394d7d3693b5bf89ecb2405257354fd79b226c38e898a426c01661ca64d0de9fa093926dd7f908b7fa6fb4956b661d160d277e2b5761b6eba8f28c5ce72549aca4872537b687fd18420ac46ebab6931b157f363f56d7da8adea7fd1472f85e94bc7b2ccb25513a339f135e3e245561173241c0e4351f07a80d00ed96ea067d96100c69454dd13ca2fe4888ef725b46a22f0541958a673b728f75f50a83c49c013c438dd08565948e865796c86465ad637459cd1eb606e23083ab762ead746b85f7921a22fa7703ab9d839a97d3ccc984ec670f63679625460f322521a323a694f165f53caa8a68b2861c115eb07ba5b0b12c0667119c45ecaeb2,gx-no-cache=1488306597075 HTTP/1.1" 200 30
186.103.159.188 - - [28/Feb/2017:15:28:50 -0300] "POST /cormun/servlet/solicitudot?gx-no-cache=1488306601271 HTTP/1.1" 200 30
186.103.159.188 - - [28/Feb/2017:15:28:52 -0300] "POST /cormun/servlet/solicitudot?gx-no-cache=1488306603221 HTTP/1.1" 200 1291
186.103.159.188 - - [28/Feb/2017:15:28:52 -0300] "POST /cormun/servlet/solicitudot?gx-no-cache=1488306603299 HTTP/1.1" 200 38
186.103.159.46 - - [28/Feb/2017:15:28:58 -0300] "GET /cormun/servlet/trcontratounov2? HTTP/1.1" 200 16685
186.103.159.46 - - [28/Feb/2017:15:28:59 -0300] "GET /cormun/servlet/trcontratounov2? HTTP/1.1" 200 16688
186.103.159.46 - - [28/Feb/2017:15:29:10 -0300] "POST /cormun/servlet/trcontratounov2?f7dd4046275a222a07679c11ea6db49d,,gx-no-cache=1488306620613 HTTP/1.1" 200 16182
190.101.9.138 - - [28/Feb/2017:15:29:15 -0300] "GET /cormun/servlet/solicitudot?5dcbc3a60765a1c8c6a4fb1f0413116879d593bda2b28ace03d35322592f04a3ea8010d441e6059257cfc68442a91e9e89ff75542241558c5c9d6fc85f28d2ac0f9c06c9c0186cd003ed239ff3c53d0692d6d90e347c8a3a55ae57da60325d35b94493ebc4db783d1541d91eb61ba10bc77100ccdb0feb12968fe1f27bf5cdf9b25ece51b980ac91fda6cdcf74217d5d8a0027bc3c21141173747dcab4bf6fa5,gx-no-cache=1488306626871 HTTP/1.1" 200 29
190.101.9.138 - - [28/Feb/2017:15:29:16 -0300] "POST /cormun/servlet/solicitudot?gx-no-cache=1488306626965 HTTP/1.1" 200 1275
190.101.9.138 - - [28/Feb/2017:15:29:16 -0300] "POST /cormun/servlet/solicitudot?gx-no-cache=1488306627074 HTTP/1.1" 200 1158
190.101.9.138 - - [28/Feb/2017:15:29:16 -0300] "GET /cormun/static/menuarrow.gif HTTP/1.1" 404 1015
186.103.159.46 - - [28/Feb/2017:15:29:18 -0300] "POST /cormun/servlet/trcontratounov2?f7dd4046275a222a07679c11ea6db49d,,gx-no-cache=1488306627907 HTTP/1.1" 200 16173
190.101.9.138 - - [28/Feb/2017:15:29:18 -0300] "POST /cormun/servlet/solicitudot?gx-no-cache=1488306629695 HTTP/1.1" 200 1275
190.101.9.138 - - [28/Feb/2017:15:29:18 -0300] "POST /cormun/servlet/solicitudot?gx-no-cache=1488306629835 HTTP/1.1" 200 1158
186.103.159.46 - - [28/Feb/2017:15:29:21 -0300] "POST /cormun/servlet/trcontratounov2?f7dd4046275a222a07679c11ea6db49d,,gx-no-cache=1488306631225 HTTP/1.1" 200 16174
186.103.159.46 - - [28/Feb/2017:15:29:32 -0300] "POST /cormun/servlet/trcontratounov2?f7dd4046275a222a07679c11ea6db49d,,gx-no-cache=1488306642293 HTTP/1.1" 200 16190
186.103.159.46 - - [28/Feb/2017:15:29:46 -0300] "POST /cormun/servlet/trcontratounov2?f7dd4046275a222a07679c11ea6db49d,,gx-no-cache=1488306655862 HTTP/1.1" 200 7091
190.101.9.138 - - [28/Feb/2017:15:29:47 -0300] "GET /cormun/servlet/solicitudot?5dcbc3a60765a1c8c6a4fb1f041311687d0cee3d58802f772eee7b15f4662ed8692c68551a5343c654cf365a71611ebc802aebf448a3b0d74b9c0e4cd8fee8aa0107c7fbd41e7cadb487f6f7c6fca1de4a76297e3df137188a42675b25bee4a9258a3f8b3af2bf99a3a43fb5e82b03c5bba2ad30b96966004bccc348556ea4cab1677168f11ed787db0e2db923fc6614a4a4085eb49aeff784f3df1be6878aecfec97c66e7dff54ab6f955d8a8887f7d,gx-no-cache=1488306658701 HTTP/1.1" 200 30
190.101.9.138 - - [28/Feb/2017:15:29:48 -0300] "POST /cormun/servlet/solicitudot?7c6c12531fffa9d3666cbfbc72a60397,INS,0,0,,gx-no-cache=1488306658810 HTTP/1.1" 200 93
190.101.9.138 - - [28/Feb/2017:15:29:48 -0300] "GET /cormun/servlet/hpexe_return? HTTP/1.1" 200 1005
190.101.9.138 - - [28/Feb/2017:15:29:48 -0300] "GET /cormun/servlet/trsolicitudot HTTP/1.1" 200 8009
190.101.9.138 - - [28/Feb/2017:15:29:48 -0300] "GET /cormun/servlet/trsolicitudot HTTP/1.1" 200 8006
186.103.159.187 - - [28/Feb/2017:15:30:43 -0300] "POST /cormun/servlet/solicitudot?gx-no-cache=1488306713737 HTTP/1.1" 200 30
190.101.9.138 - - [28/Feb/2017:15:30:43 -0300] "POST /cormun/servlet/trsolicitudot?7c6c12531fffa9d3666cbfbc72a60397,gx-no-cache=1488306714550 HTTP/1.1" 200 4155
190.101.9.138 - - [28/Feb/2017:15:30:43 -0300] "GET /cormun/static/Shared/jqueryui/images/ui-bg_highlight-soft_100_c6c2c8_1x100.png HTTP/1.1" 404 1117
186.103.159.188 - - [28/Feb/2017:15:30:43 -0300] "GET /cormun/static/Shared/jqueryui/images/ui-icons_82798d_256x240.png HTTP/1.1" 404 1089
186.103.159.188 - - [28/Feb/2017:15:30:43 -0300] "GET /cormun/static/Shared/jqueryui/images/ui-bg_flat_55_fafafa_40x100.png HTTP/1.1" 404 1097
186.103.159.188 - - [28/Feb/2017:15:30:43 -0300] "GET /cormun/static/Shared/jqueryui/images/ui-icons_8d78a5_256x240.png HTTP/1.1" 404 1089
186.103.159.188 - - [28/Feb/2017:15:30:44 -0300] "POST /cormun/servlet/trsolicitudot?7c6c12531fffa9d3666cbfbc72a60397,gx-no-cache=1488306714995 HTTP/1.1" 200 3934
186.103.159.187 - - [28/Feb/2017:15:30:49 -0300] "POST /cormun/servlet/solicitudot?gx-no-cache=1488306720047 HTTP/1.1" 200 1291
186.103.159.187 - - [28/Feb/2017:15:30:49 -0300] "POST /cormun/servlet/solicitudot?gx-no-cache=1488306720126 HTTP/1.1" 200 41
200.86.95.220 - - [28/Feb/2017:15:31:54 -0300] "GET /cormun/servlet/solicitudot?INS,0,0, HTTP/1.1" 200 12581
200.86.95.220 - - [28/Feb/2017:15:31:56 -0300] "GET /cormun/servlet/solicitudot?INS,0,0, HTTP/1.1" 200 12565
200.86.95.220 - - [28/Feb/2017:15:32:08 -0300] "POST /cormun/servlet/solicitudot?gx-no-cache=1488306798828 HTTP/1.1" 200 3081
200.86.95.220 - - [28/Feb/2017:15:32:08 -0300] "POST /cormun/servlet/solicitudot?5136caf749805e11e5c743e6ce055aac,INS,0,0,,gx-no-cache=1488306799065 HTTP/1.1" 200 9700
200.86.95.220 - - [28/Feb/2017:15:32:15 -0300] "GET /cormun/servlet/solicitudot?8a7899c17de10917c2be0623c6ee5b92ff2bbde9a39e09dc2159175732641c7798c626046a291997cf1f7f797857b5cc,gx-no-cache=1488306805989 HTTP/1.1" 200 30
186.103.159.46 - - [28/Feb/2017:15:32:19 -0300] "GET /cormun/servlet/trcontratoobservacion? HTTP/1.1" 200 6604
186.103.159.46 - - [28/Feb/2017:15:32:21 -0300] "GET /cormun/servlet/trcontratoobservacion? HTTP/1.1" 200 6604
186.103.159.46 - - [28/Feb/2017:15:32:42 -0300] "GET /cormun/servlet/trvisualizadoreventos? HTTP/1.1" 200 6492
186.103.159.46 - - [28/Feb/2017:15:32:44 -0300] "GET /cormun/servlet/trvisualizadoreventos? HTTP/1.1" 200 6492
186.103.159.46 - - [28/Feb/2017:15:32:51 -0300] "GET /cormun/static/menuarrow.gif HTTP/1.1" 404 1015
186.103.159.46 - - [28/Feb/2017:15:33:14 -0300] "POST /cormun/servlet/trvisualizadoreventos?d3358cd886ec2c42297d78223dcf2df4,,gx-no-cache=1488306864995 HTTP/1.1" 200 3777
186.103.159.46 - - [28/Feb/2017:15:33:20 -0300] "POST /cormun/servlet/trvisualizadoreventos?d3358cd886ec2c42297d78223dcf2df4,,gx-no-cache=1488306870983 HTTP/1.1" 200 3777
186.103.159.46 - - [28/Feb/2017:15:33:23 -0300] "POST /cormun/servlet/trvisualizadoreventos?d3358cd886ec2c42297d78223dcf2df4,,gx-no-cache=1488306873754 HTTP/1.1" 200 111
186.103.159.46 - - [28/Feb/2017:15:33:23 -0300] "POST /cormun/servlet/trvisualizadoreventos?d3358cd886ec2c42297d78223dcf2df4,,gx-no-cache=1488306873885 HTTP/1.1" 200 3752
186.103.159.46 - - [28/Feb/2017:15:33:23 -0300] "GET /cormun/VisualizadorEventos-5418.xls HTTP/1.1" 200 4096
200.86.95.220 - - [28/Feb/2017:15:33:50 -0300] "POST /cormun/servlet/solicitudot?gx-no-cache=1488306901100 HTTP/1.1" 200 255
200.86.95.220 - - [28/Feb/2017:15:33:54 -0300] "GET /cormun/servlet/solicitudot?8a7899c17de10917c2be0623c6ee5b928f61691aae633d2a5a9eb2277de89fa0f7149b4988ccbb5fd79a53def1d44f2f7d016155f0fc095bc44a611ff85313938d107016fed5de99bf53b2e72b7bc9fa0c19e2e41fdd61eaea0717f9632d3041c4b96a47dcd9a94eef3a3ff33df6758e794957e2a5836cd475b64903fe2131a5a25561e203a95cbe41d37e746d783110e5626d86a55300ed12be92c655a1976acc346d0f5c8ead9fed996f9e93f7ac9f4be5e4d6ac9e4c117362e6c3fc8897d086fbe8f8732c5c699a1ac6ff9159380ffc282bd03f7ffcc9bad5ebffe71bc1641f3fe53f3fbdd0dadb67430789e8c7126199aafda3778d1c8458ea114d49d20ca2490d14336c1afbcd749f1dc5b09f7be05c7cc1d0d775f60a6613df6d8936c87bcdee64cac3de43adb1aa125a635b0a4217092ad08f133c1f290f11d45758ebe41ee9eb2c361db5f5a17f97f72d0414dadbbb15c3faeb551ea197044ca4d9c8c7cb654c75ed97dc246da582fc71a5123fe34191bd620a7c29233fcd5bbe8932,gx-no-cache=1488306905193 HTTP/1.1" 200 30
200.86.95.220 - - [28/Feb/2017:15:34:01 -0300] "POST /cormun/servlet/solicitudot?gx-no-cache=1488306912186 HTTP/1.1" 200 30
200.86.95.220 - - [28/Feb/2017:15:34:15 -0300] "POST /cormun/servlet/solicitudot?gx-no-cache=1488306925910 HTTP/1.1" 200 235
200.86.95.220 - - [28/Feb/2017:15:34:15 -0300] "POST /cormun/servlet/solicitudot?gx-no-cache=1488306926024 HTTP/1.1" 200 38
186.103.159.187 - - [28/Feb/2017:15:34:37 -0300] "POST /cormun/servlet/solicitudot?gx-no-cache=1488306948192 HTTP/1.1" 200 1275
186.103.159.187 - - [28/Feb/2017:15:34:37 -0300] "POST /cormun/servlet/solicitudot?gx-no-cache=1488306948341 HTTP/1.1" 200 1157
