192.168.10.62 - - [28/Feb/2017:12:21:29 -0300] "POST /cormun/servlet/trsolicitudgral?341edee741cfcc74a488c1a96a311bf6,,gx-no-cache=1488298576128 HTTP/1.1" 200 4957
186.103.157.42 - - [28/Feb/2017:12:21:34 -0300] "POST /cormun/servlet/solicitudot?gx-no-cache=1488295367049 HTTP/1.1" 200 30
186.103.157.42 - - [28/Feb/2017:12:21:38 -0300] "POST /cormun/servlet/solicitudot?gx-no-cache=1488295371754 HTTP/1.1" 200 30
186.103.158.250 - - [28/Feb/2017:12:21:38 -0300] "GET /cormun/static/menuarrow.gif HTTP/1.1" 404 1015
192.168.10.62 - - [28/Feb/2017:12:21:51 -0300] "POST /cormun/servlet/trsolicitudgral?341edee741cfcc74a488c1a96a311bf6,,gx-no-cache=1488298598589 HTTP/1.1" 200 6619
186.103.157.42 - - [28/Feb/2017:12:21:58 -0300] "POST /cormun/servlet/solicitudot?gx-no-cache=1488295391362 HTTP/1.1" 200 240
186.103.157.42 - - [28/Feb/2017:12:22:00 -0300] "GET /cormun/servlet/solicitudot?869c27ad6d42c4aae402ca63ec68e6c89716d5ce8099dbf7b2547bcd552e90ab1fc4e58df2b6ba6cfa4088d7ec8b7256a3f434ce42682f5732f4e5d4be5f288200e670dce8452fa6b535c2f82bc0bbc0fa5de8ba57e76c8f3c971f518ff12ba1e0b292779ed7c738300520e44b1791de19cb50e12bf5167c37a23fea2a5d3d595f2742115e192acabe3b2e94e04e85e08a9a050d834c729ebddc42176fbfcaab476a70337637e12e9320be7defcd872340679ad3e9c65cc7a728cf498c41769baa3dc626b3eba7cc484acb36fda258a5900b72baae9b1e8bacd0e07c3f868527b2dd270441f74976b66993a7d888c6253d610e4f78c7e6a3ab89f8cb5d201abe8758a20f1e1fd5f8fcc8e805cec73ed988036b1cbb1c17e377fd009fb174ba714ebe32de81885c9f5b86a28eb28ee8375cf118ad4bd45c820cc3eeec94949d4a3f862abae10133a64d8c50b19ab6cbdf615a25a8e59ccd2c95a98b0642b8184cd33a42a2a2751f10a6143671097857c42a3175785460648255379105d5500ed8,gx-no-cache=1488295393940 HTTP/1.1" 200 30
186.103.159.188 - - [28/Feb/2017:12:22:03 -0300] "GET /cormun/servlet/trsolicitudot? HTTP/1.1" 200 8384
186.103.159.188 - - [28/Feb/2017:12:22:03 -0300] "GET /cormun/servlet/trsolicitudot? HTTP/1.1" 200 8382
186.103.157.42 - - [28/Feb/2017:12:22:16 -0300] "POST /cormun/servlet/solicitudot?gx-no-cache=1488295409699 HTTP/1.1" 200 30
186.103.157.42 - - [28/Feb/2017:12:22:20 -0300] "GET /cormun/static/Resources/resize.gif HTTP/1.1" 200 77
186.103.157.42 - - [28/Feb/2017:12:22:27 -0300] "GET /cormun/servlet/prfichaempleado?,MD,,gxPopupLevel%3D0%3B HTTP/1.1" 200 8938
186.103.157.42 - - [28/Feb/2017:12:22:27 -0300] "GET /cormun/static/gxcfg.js?2016102420561687 HTTP/1.1" 200 953
186.103.157.42 - - [28/Feb/2017:12:22:27 -0300] "GET /cormun/static/menusearch.js?201610171694467 HTTP/1.1" 200 1424
186.103.157.42 - - [28/Feb/2017:12:22:27 -0300] "GET /cormun/static/hmpwkw011.js?201612218515582 HTTP/1.1" 200 1968
186.103.157.42 - - [28/Feb/2017:12:22:27 -0300] "GET /cormun/static/prfichaempleado.js?201610242056198 HTTP/1.1" 200 16015
186.103.157.42 - - [28/Feb/2017:12:22:27 -0300] "GET /cormun/static/Resources/PXToolsMenuSearch.png HTTP/1.1" 200 2914
186.103.157.42 - - [28/Feb/2017:12:22:27 -0300] "GET /cormun/static/Resources/PXToolsMenuSearchCancel.png HTTP/1.1" 200 2972
186.103.157.42 - - [28/Feb/2017:12:22:38 -0300] "POST /cormun/servlet/prfichaempleado?17ed51ef6d975dc8e7b77874f1cc5429,,MD,,gxPopupLevel%3D0%3B,gx-no-cache=1488295431749 HTTP/1.1" 200 3396
186.103.157.42 - - [28/Feb/2017:12:22:43 -0300] "GET /cormun/servlet/prlicenciaspermisos?16490969,L,,MD,,gxPopupLevel%3D0%3B HTTP/1.1" 200 5839
186.103.157.42 - - [28/Feb/2017:12:22:43 -0300] "GET /cormun/static/gxcfg.js?2016122619302491 HTTP/1.1" 200 953
186.103.157.42 - - [28/Feb/2017:12:22:44 -0300] "GET /cormun/static/prlicenciaspermisos.js?2016122619302645 HTTP/1.1" 200 13363
186.103.157.42 - - [28/Feb/2017:12:22:47 -0300] "POST /cormun/servlet/solicitudot?gx-no-cache=1488295440499 HTTP/1.1" 200 1292
186.103.157.42 - - [28/Feb/2017:12:22:49 -0300] "POST /cormun/servlet/solicitudot?gx-no-cache=1488295442527 HTTP/1.1" 200 41
186.103.158.250 - - [28/Feb/2017:12:23:05 -0300] "GET /cormun/servlet/solicitudot?fd12f9837721f61a8cb93ef34d38c6a2b78ae14789233acf341d19647b9cfb27f9b9e063fd96b918cfe49b8b0446b748c89b3f8952eb2d3eca1de20ca1fcc9554f630096baba51a2db58c532a62aa6c371396c0ab26d71a97122c212f307ec42f8030b53399c46c4771414a6c4b3254d2d3b6fd212e23cedab8190dd96abcf17215f05ccf2adbdd6c328770eaa549d1ef94e98b095763552ff3959e4ee6ff153bbc7b4c220d7af5a8409e78e785fdba3,gx-no-cache=1488295364867 HTTP/1.1" 200 30
192.168.10.62 - - [28/Feb/2017:12:23:15 -0300] "POST /cormun/servlet/trsolicitudgral?341edee741cfcc74a488c1a96a311bf6,,gx-no-cache=1488298682515 HTTP/1.1" 200 4959
190.101.9.138 - - [28/Feb/2017:12:23:19 -0300] "GET /cormun/servlet/solicitudot?INS,0,0, HTTP/1.1" 200 12580
190.101.9.138 - - [28/Feb/2017:12:23:20 -0300] "GET /cormun/servlet/solicitudot?INS,0,0, HTTP/1.1" 200 12585
186.103.157.42 - - [28/Feb/2017:12:23:21 -0300] "GET /cormun/servlet/solicitudot?869c27ad6d42c4aae402ca63ec68e6c856b940d096410679f8b764f6182d366a1d61af1da6a0f6e2aee777daab02f0f8159fbeec08097835145721d56b645d2d18fb5b8054d40c2a1c7447e1a33e53cb2289cb1b37b3e11b788b9055dc5625bf059dfbafd3a3793d4c9162f8a6a3fb26,gx-no-cache=1488295474440 HTTP/1.1" 200 29
186.103.157.42 - - [28/Feb/2017:12:23:21 -0300] "POST /cormun/servlet/solicitudot?gx-no-cache=1488295474571 HTTP/1.1" 200 1275
186.103.157.42 - - [28/Feb/2017:12:23:21 -0300] "POST /cormun/servlet/solicitudot?gx-no-cache=1488295474710 HTTP/1.1" 200 1158
186.103.157.42 - - [28/Feb/2017:12:23:21 -0300] "GET /cormun/static/menuarrow.gif HTTP/1.1" 404 1015
186.103.157.42 - - [28/Feb/2017:12:23:23 -0300] "POST /cormun/servlet/solicitudot?gx-no-cache=1488295476729 HTTP/1.1" 200 1275
186.103.157.42 - - [28/Feb/2017:12:23:23 -0300] "POST /cormun/servlet/solicitudot?gx-no-cache=1488295476804 HTTP/1.1" 200 1158
190.101.9.138 - - [28/Feb/2017:12:23:33 -0300] "POST /cormun/servlet/solicitudot?gx-no-cache=1488295483365 HTTP/1.1" 200 3193
190.101.9.138 - - [28/Feb/2017:12:23:33 -0300] "POST /cormun/servlet/solicitudot?3588d94519388664eb7af89c648a558c,INS,0,0,,gx-no-cache=1488295483583 HTTP/1.1" 200 9780
186.103.157.42 - - [28/Feb/2017:12:23:35 -0300] "GET /cormun/servlet/solicitudot?869c27ad6d42c4aae402ca63ec68e6c82de004f6bb9c2232a9b24bf9b78d0b2315f0fb571d2e6db77a46eea5a64d69e25990d86b8af5716a249e89fd6a54929fa3f06bfd518378c9680efab5f4e83aab457afa43b22cb2d2fecc8af52d436be412e5e9cc60a7cf81ad6725615050a96b6ccd66ff69c6aa39a85cc538b51253ca24978adf2acb2a416545794f01bfff394a6b39de7d46794b9dabd6a999b6613ea183e5ae24e8816011e6673de165583eba50dfbe5d68505fb59317d94daf3197,gx-no-cache=1488295488512 HTTP/1.1" 200 30
190.101.9.138 - - [28/Feb/2017:12:23:44 -0300] "GET /cormun/servlet/solicitudot?a2fb5228aea981232c5e82c822dd43b25322874d92631e244d32444562b010bba9585480b2538a24e52c85fd3c10d0c5,gx-no-cache=1488295494628 HTTP/1.1" 200 30
190.101.9.138 - - [28/Feb/2017:12:23:44 -0300] "POST /cormun/servlet/solicitudot?gx-no-cache=1488295494737 HTTP/1.1" 200 240
190.101.9.138 - - [28/Feb/2017:12:23:44 -0300] "GET /cormun/servlet/solicitudot?a2fb5228aea981232c5e82c822dd43b24eaddb2871dbdc35f03f5689db6e4878a95b8f7a1ea36cb45ecd71618edfd9aa5f6f87e0d9f08e4f107dfe79bb8545ec93cd62d5d5ac78ba34b883f3bbaee79399833ac8303772296735be5c6c4b8fa929bc7d657630fe5a4bfc954780b0016216ad455c7c75e015d971d706a491b188d08b580f97be0c0466dd655ebeef82619902e8f7afbf2de752c19c88fbff0d9ec32c4d6852aa378fe03d76a256daf055659039f6b0b623719a84351be87f0beab74cce016ea4e18dd3b3a13d0a2c0e70bc8680a8f4ddee4213732f542fd82ac24c883c258dc98d61a7bd3c47ba40f437f723e0dea4fcca47ada6dac7c14e29d0ccca7e983f61d9b3f2ab050013ba0323710e76f7c1c80bea9e83e14ab698b9c719018732823706cdfeb6cf9467827cff591fac061ac65190f8e9c6025496358b35b228d0079202829fb6e6b7faa8b169fe7c8b1942c2127c7f3216b53ac323e6367a60d3cf46c4d1a74218b48c79a0e69520ce821eb107144db0ff7ae1a2bbb0,gx-no-cache=1488295494800 HTTP/1.1" 200 30
186.103.157.42 - - [28/Feb/2017:12:23:46 -0300] "POST /cormun/servlet/solicitudot?17ed51ef6d975dc8e7b77874f1cc5429,INS,0,0,,gx-no-cache=1488295499229 HTTP/1.1" 200 93
186.103.157.42 - - [28/Feb/2017:12:23:46 -0300] "GET /cormun/servlet/hpexe_return? HTTP/1.1" 200 1007
186.103.157.42 - - [28/Feb/2017:12:23:46 -0300] "GET /cormun/servlet/trsolicitudot HTTP/1.1" 200 8240
186.103.157.42 - - [28/Feb/2017:12:23:47 -0300] "GET /cormun/servlet/trsolicitudot HTTP/1.1" 200 8236
186.103.157.42 - - [28/Feb/2017:12:23:50 -0300] "POST /cormun/servlet/trsolicitudot?17ed51ef6d975dc8e7b77874f1cc5429,gx-no-cache=1488295503188 HTTP/1.1" 200 106
186.103.157.42 - - [28/Feb/2017:12:23:50 -0300] "GET /cormun/servlet/trsolicitudadjuntos?2017,4880, HTTP/1.1" 200 6144
186.103.157.42 - - [28/Feb/2017:12:23:51 -0300] "GET /cormun/servlet/trsolicitudadjuntos?2017,4880, HTTP/1.1" 200 6144
186.103.157.42 - - [28/Feb/2017:12:23:52 -0300] "GET /cormun/servlet/solicitudotadjuntos?INS,2017,4880,,1, HTTP/1.1" 200 6075
186.103.157.42 - - [28/Feb/2017:12:23:53 -0300] "GET /cormun/static/about:blank HTTP/1.1" 404 1011
186.103.157.42 - - [28/Feb/2017:12:23:53 -0300] "GET /cormun/servlet/solicitudotadjuntos?INS,2017,4880,,1, HTTP/1.1" 200 6068
186.103.157.42 - - [28/Feb/2017:12:23:53 -0300] "GET /cormun/servlet/solicitudotadjuntos?869c27ad6d42c4aae402ca63ec68e6c854470e00f65d085edb0ba2ce83c87bf168fbc097d29983357c8817dc4d3b510b,gx-no-cache=1488295506919 HTTP/1.1" 200 30
186.103.157.42 - - [28/Feb/2017:12:23:54 -0300] "POST /cormun/servlet/solicitudotadjuntos?17ed51ef6d975dc8e7b77874f1cc5429,INS,2017,4880,,1,,gx-no-cache=1488295506984 HTTP/1.1" 200 3863
186.103.157.42 - - [28/Feb/2017:12:23:55 -0300] "POST /cormun/servlet/solicitudotadjuntos?gx-no-cache=1488295508887 HTTP/1.1" 200 26
190.101.9.138 - - [28/Feb/2017:12:23:56 -0300] "POST /cormun/servlet/solicitudot?gx-no-cache=1488295507061 HTTP/1.1" 200 30
186.103.158.250 - - [28/Feb/2017:12:24:14 -0300] "POST /cormun/servlet/solicitudot?8817f0b2a6aac5a3dca0c679c2016e74,INS,0,0,,gx-no-cache=1488295433134 HTTP/1.1" 200 93
186.103.158.250 - - [28/Feb/2017:12:24:14 -0300] "GET /cormun/servlet/hpexe_return? HTTP/1.1" 200 998
186.103.158.250 - - [28/Feb/2017:12:24:14 -0300] "GET /cormun/servlet/trsolicitudot HTTP/1.1" 200 8453
186.103.158.250 - - [28/Feb/2017:12:24:16 -0300] "GET /cormun/servlet/trsolicitudot HTTP/1.1" 200 8448
186.103.158.250 - - [28/Feb/2017:12:24:26 -0300] "POST /cormun/servlet/trsolicitudot?8817f0b2a6aac5a3dca0c679c2016e74,gx-no-cache=1488295445962 HTTP/1.1" 200 106
186.103.158.250 - - [28/Feb/2017:12:24:26 -0300] "GET /cormun/servlet/trsolicitudadjuntos?2017,4881, HTTP/1.1" 200 5844
186.103.158.250 - - [28/Feb/2017:12:24:28 -0300] "GET /cormun/servlet/trsolicitudadjuntos?2017,4881, HTTP/1.1" 200 5844
186.103.158.250 - - [28/Feb/2017:12:24:38 -0300] "GET /cormun/servlet/solicitudotadjuntos?INS,2017,4881,,1, HTTP/1.1" 200 5779
186.103.158.250 - - [28/Feb/2017:12:24:38 -0300] "GET /cormun/static/about:blank HTTP/1.1" 404 1011
186.103.158.250 - - [28/Feb/2017:12:24:39 -0300] "GET /cormun/servlet/solicitudotadjuntos?INS,2017,4881,,1, HTTP/1.1" 200 5773
186.103.158.250 - - [28/Feb/2017:12:24:39 -0300] "GET /cormun/servlet/solicitudotadjuntos?fd12f9837721f61a8cb93ef34d38c6a23316f076d92bb3d7083602990e5b097a681acf1f22f159dcb3581a1fa2059aa4,gx-no-cache=1488295458915 HTTP/1.1" 200 30
186.103.158.250 - - [28/Feb/2017:12:24:39 -0300] "POST /cormun/servlet/solicitudotadjuntos?8817f0b2a6aac5a3dca0c679c2016e74,INS,2017,4881,,1,,gx-no-cache=1488295458988 HTTP/1.1" 200 3634
186.103.158.250 - - [28/Feb/2017:12:24:43 -0300] "POST /cormun/servlet/solicitudotadjuntos?gx-no-cache=1488295462391 HTTP/1.1" 200 26
190.101.9.138 - - [28/Feb/2017:12:24:46 -0300] "GET /cormun/servlet/trsolicitudot? HTTP/1.1" 200 8384
190.101.9.138 - - [28/Feb/2017:12:24:47 -0300] "GET /cormun/servlet/trsolicitudot? HTTP/1.1" 200 8382
190.101.9.138 - - [28/Feb/2017:12:24:53 -0300] "POST /cormun/servlet/trsolicitudot?3588d94519388664eb7af89c648a558c,,gx-no-cache=1488295563583 HTTP/1.1" 200 106
190.101.9.138 - - [28/Feb/2017:12:24:53 -0300] "GET /cormun/servlet/solicitudot?UPD,2017,4879, HTTP/1.1" 200 14232
190.101.9.138 - - [28/Feb/2017:12:24:53 -0300] "GET /cormun/servlet/solicitudot?UPD,2017,4879, HTTP/1.1" 200 14241
190.101.9.138 - - [28/Feb/2017:12:24:54 -0300] "POST /cormun/servlet/solicitudot?gx-no-cache=1488295564659 HTTP/1.1" 200 3186
190.101.9.138 - - [28/Feb/2017:12:24:54 -0300] "POST /cormun/servlet/solicitudot?3588d94519388664eb7af89c648a558c,UPD,2017,4879,,gx-no-cache=1488295564847 HTTP/1.1" 200 10847
190.101.9.138 - - [28/Feb/2017:12:24:54 -0300] "GET /cormun/servlet/solicitudot?a2fb5228aea981232c5e82c822dd43b2139e5d4797a182323de44ec3a59fa0a255c85f87d7580a2cdafd4b1568fa4a21,gx-no-cache=1488295565081 HTTP/1.1" 200 30
190.101.9.138 - - [28/Feb/2017:12:24:54 -0300] "POST /cormun/servlet/solicitudot?gx-no-cache=1488295565112 HTTP/1.1" 200 254
190.101.9.138 - - [28/Feb/2017:12:24:54 -0300] "GET /cormun/servlet/solicitudot?a2fb5228aea981232c5e82c822dd43b24eaddb2871dbdc35f03f5689db6e48781c06faa996c664f1eb87a56c6ca52fbf5f6f87e0d9f08e4f107dfe79bb8545ec93cd62d5d5ac78ba34b883f3bbaee79399833ac8303772296735be5c6c4b8fa929bc7d657630fe5a4bfc954780b0016216ad455c7c75e015d971d706a491b188d08b580f97be0c0466dd655ebeef82619902e8f7afbf2de752c19c88fbff0d9ec32c4d6852aa378fe03d76a256daf055659039f6b0b623719a84351be87f0beab74cce016ea4e18dd3b3a13d0a2c0e70bc8680a8f4ddee4213732f542fd82ac24c883c258dc98d61a7bd3c47ba40f437f723e0dea4fcca47ada6dac7c14e29d0ccca7e983f61d9b3f2ab050013ba03239ee9bf1a5a6b59082f919064b1885192a5dfc811c1209e5d544607fc7326066d79c61524b50e4a15c68ace666835749cbccc1b6aff6607ffd59a65a3a6d752be03532effd2f053b5a73957ce9887c0e1d6d7990d1ae3596e2e77b17c717c70139bd13f74773c585e98d2f54ec5f85002,gx-no-cache=1488295565159 HTTP/1.1" 200 30
190.101.9.138 - - [28/Feb/2017:12:24:54 -0300] "POST /cormun/servlet/solicitudot?gx-no-cache=1488295565252 HTTP/1.1" 200 30
190.101.9.138 - - [28/Feb/2017:12:24:54 -0300] "POST /cormun/servlet/solicitudot?gx-no-cache=1488295565315 HTTP/1.1" 200 1291
190.101.9.138 - - [28/Feb/2017:12:24:54 -0300] "POST /cormun/servlet/solicitudot?gx-no-cache=1488295565408 HTTP/1.1" 200 41
190.101.9.138 - - [28/Feb/2017:12:24:59 -0300] "GET /cormun/servlet/trsolicitudot? HTTP/1.1" 200 8384
190.101.9.138 - - [28/Feb/2017:12:25:00 -0300] "GET /cormun/servlet/trsolicitudot? HTTP/1.1" 200 8382
190.101.9.138 - - [28/Feb/2017:12:25:04 -0300] "POST /cormun/servlet/trsolicitudot?3588d94519388664eb7af89c648a558c,,gx-no-cache=1488295574566 HTTP/1.1" 200 106
190.101.9.138 - - [28/Feb/2017:12:25:04 -0300] "GET /cormun/servlet/solicitudot?UPD,2017,4878, HTTP/1.1" 200 14260
190.101.9.138 - - [28/Feb/2017:12:25:04 -0300] "GET /cormun/servlet/solicitudot?UPD,2017,4878, HTTP/1.1" 200 14270
190.101.9.138 - - [28/Feb/2017:12:25:05 -0300] "POST /cormun/servlet/solicitudot?gx-no-cache=1488295575642 HTTP/1.1" 200 3181
190.101.9.138 - - [28/Feb/2017:12:25:05 -0300] "POST /cormun/servlet/solicitudot?3588d94519388664eb7af89c648a558c,UPD,2017,4878,,gx-no-cache=1488295575814 HTTP/1.1" 200 10884
190.101.9.138 - - [28/Feb/2017:12:25:05 -0300] "GET /cormun/servlet/solicitudot?a2fb5228aea981232c5e82c822dd43b28766c248ed24814b2175cdbbb1daed8755c85f87d7580a2cdafd4b1568fa4a21,gx-no-cache=1488295576032 HTTP/1.1" 200 30
190.101.9.138 - - [28/Feb/2017:12:25:05 -0300] "POST /cormun/servlet/solicitudot?gx-no-cache=1488295576063 HTTP/1.1" 200 254
190.101.9.138 - - [28/Feb/2017:12:25:05 -0300] "GET /cormun/servlet/solicitudot?a2fb5228aea981232c5e82c822dd43b24eaddb2871dbdc35f03f5689db6e48781c06faa996c664f1eb87a56c6ca52fbf5f6f87e0d9f08e4f107dfe79bb8545ec93cd62d5d5ac78ba34b883f3bbaee79399833ac8303772296735be5c6c4b8fa929bc7d657630fe5a4bfc954780b0016216ad455c7c75e015d971d706a491b188d08b580f97be0c0466dd655ebeef82619902e8f7afbf2de752c19c88fbff0d9ec32c4d6852aa378fe03d76a256daf055659039f6b0b623719a84351be87f0beab74cce016ea4e18dd3b3a13d0a2c0e70bc8680a8f4ddee4213732f542fd82ac24c883c258dc98d61a7bd3c47ba40f437f723e0dea4fcca47ada6dac7c14e29d0ccca7e983f61d9b3f2ab050013ba03239ee9bf1a5a6b59082f919064b1885192a5dfc811c1209e5d544607fc7326066d79c61524b50e4a15c68ace666835749cbccc1b6aff6607ffd59a65a3a6d752be03532effd2f053b5a73957ce9887c0e1d6d7990d1ae3596e2e77b17c717c70139bd13f74773c585e98d2f54ec5f85002,gx-no-cache=1488295576110 HTTP/1.1" 200 30
190.101.9.138 - - [28/Feb/2017:12:25:05 -0300] "POST /cormun/servlet/solicitudot?gx-no-cache=1488295576157 HTTP/1.1" 200 30
190.101.9.138 - - [28/Feb/2017:12:25:05 -0300] "POST /cormun/servlet/solicitudot?gx-no-cache=1488295576235 HTTP/1.1" 200 1291
190.101.9.138 - - [28/Feb/2017:12:25:05 -0300] "POST /cormun/servlet/solicitudot?gx-no-cache=1488295576328 HTTP/1.1" 200 41
190.101.9.138 - - [28/Feb/2017:12:25:07 -0300] "GET /cormun/servlet/trsolicitudot? HTTP/1.1" 200 8389
190.101.9.138 - - [28/Feb/2017:12:25:07 -0300] "GET /cormun/servlet/trsolicitudot? HTTP/1.1" 200 8382
186.103.157.42 - - [28/Feb/2017:12:25:08 -0300] "GET /cormun/servlet/solicitudotadjuntos?869c27ad6d42c4aae402ca63ec68e6c841aad0090996aeb6a47eb068a56d015f,gx-no-cache=1488295581191 HTTP/1.1" 200 30
186.103.157.42 - - [28/Feb/2017:12:25:08 -0300] "GET /cormun/servlet/solicitudotadjuntos?869c27ad6d42c4aae402ca63ec68e6c841aad0090996aeb6a47eb068a56d015f,gx-no-cache=1488295581249 HTTP/1.1" 200 30
186.103.157.42 - - [28/Feb/2017:12:25:08 -0300] "POST /cormun/servlet/solicitudotadjuntos?17ed51ef6d975dc8e7b77874f1cc5429,INS,2017,4880,,1, HTTP/1.1" 200 116
186.103.157.42 - - [28/Feb/2017:12:25:08 -0300] "GET /cormun/servlet/hpexe_return? HTTP/1.1" 200 1026
186.103.157.42 - - [28/Feb/2017:12:25:08 -0300] "GET /cormun/servlet/trsolicitudadjuntos?2017,4880, HTTP/1.1" 200 8244
186.103.157.42 - - [28/Feb/2017:12:25:09 -0300] "GET /cormun/servlet/trsolicitudadjuntos?2017,4880, HTTP/1.1" 200 8242
186.103.157.42 - - [28/Feb/2017:12:25:11 -0300] "GET /cormun/servlet/solicitudotadjuntos?INS,2017,4880,,1, HTTP/1.1" 200 6075
186.103.157.42 - - [28/Feb/2017:12:25:11 -0300] "GET /cormun/static/about:blank HTTP/1.1" 404 1011
186.103.157.42 - - [28/Feb/2017:12:25:11 -0300] "GET /cormun/servlet/solicitudotadjuntos?INS,2017,4880,,1, HTTP/1.1" 200 6069
186.103.157.42 - - [28/Feb/2017:12:25:12 -0300] "GET /cormun/servlet/solicitudotadjuntos?869c27ad6d42c4aae402ca63ec68e6c854470e00f65d085edb0ba2ce83c87bf168fbc097d29983357c8817dc4d3b510b,gx-no-cache=1488295585419 HTTP/1.1" 200 30
186.103.157.42 - - [28/Feb/2017:12:25:12 -0300] "POST /cormun/servlet/solicitudotadjuntos?17ed51ef6d975dc8e7b77874f1cc5429,INS,2017,4880,,1,,gx-no-cache=1488295585499 HTTP/1.1" 200 3863
186.103.157.42 - - [28/Feb/2017:12:25:14 -0300] "POST /cormun/servlet/solicitudotadjuntos?gx-no-cache=1488295587291 HTTP/1.1" 200 26
186.103.157.42 - - [28/Feb/2017:12:25:17 -0300] "GET /cormun/servlet/solicitudotadjuntos?869c27ad6d42c4aae402ca63ec68e6c841aad0090996aeb6a47eb068a56d015f,gx-no-cache=1488295590926 HTTP/1.1" 200 30
186.103.157.42 - - [28/Feb/2017:12:25:17 -0300] "GET /cormun/servlet/solicitudotadjuntos?869c27ad6d42c4aae402ca63ec68e6c841aad0090996aeb6a47eb068a56d015f,gx-no-cache=1488295591006 HTTP/1.1" 200 30
186.103.157.42 - - [28/Feb/2017:12:25:18 -0300] "POST /cormun/servlet/solicitudotadjuntos?17ed51ef6d975dc8e7b77874f1cc5429,INS,2017,4880,,1, HTTP/1.1" 200 116
186.103.157.42 - - [28/Feb/2017:12:25:18 -0300] "GET /cormun/servlet/hpexe_return? HTTP/1.1" 200 1026
186.103.157.42 - - [28/Feb/2017:12:25:18 -0300] "GET /cormun/servlet/trsolicitudadjuntos?2017,4880, HTTP/1.1" 200 8425
186.103.157.42 - - [28/Feb/2017:12:25:19 -0300] "GET /cormun/servlet/trsolicitudadjuntos?2017,4880, HTTP/1.1" 200 8420
186.103.157.42 - - [28/Feb/2017:12:25:21 -0300] "GET /cormun/servlet/solicitudotadjuntos?INS,2017,4880,,1, HTTP/1.1" 200 6073
186.103.157.42 - - [28/Feb/2017:12:25:21 -0300] "GET /cormun/static/about:blank HTTP/1.1" 404 1011
186.103.157.42 - - [28/Feb/2017:12:25:21 -0300] "GET /cormun/servlet/solicitudotadjuntos?INS,2017,4880,,1, HTTP/1.1" 200 6067
186.103.157.42 - - [28/Feb/2017:12:25:22 -0300] "GET /cormun/servlet/solicitudotadjuntos?869c27ad6d42c4aae402ca63ec68e6c854470e00f65d085edb0ba2ce83c87bf168fbc097d29983357c8817dc4d3b510b,gx-no-cache=1488295595368 HTTP/1.1" 200 30
186.103.157.42 - - [28/Feb/2017:12:25:22 -0300] "POST /cormun/servlet/solicitudotadjuntos?17ed51ef6d975dc8e7b77874f1cc5429,INS,2017,4880,,1,,gx-no-cache=1488295595450 HTTP/1.1" 200 3862
186.103.157.42 - - [28/Feb/2017:12:25:24 -0300] "POST /cormun/servlet/solicitudotadjuntos?gx-no-cache=1488295597322 HTTP/1.1" 200 26
186.103.157.42 - - [28/Feb/2017:12:25:29 -0300] "GET /cormun/servlet/solicitudotadjuntos?869c27ad6d42c4aae402ca63ec68e6c841aad0090996aeb6a47eb068a56d015f,gx-no-cache=1488295602822 HTTP/1.1" 200 30
186.103.157.42 - - [28/Feb/2017:12:25:29 -0300] "GET /cormun/servlet/solicitudotadjuntos?869c27ad6d42c4aae402ca63ec68e6c841aad0090996aeb6a47eb068a56d015f,gx-no-cache=1488295602868 HTTP/1.1" 200 30
186.103.157.42 - - [28/Feb/2017:12:25:30 -0300] "POST /cormun/servlet/solicitudotadjuntos?17ed51ef6d975dc8e7b77874f1cc5429,INS,2017,4880,,1, HTTP/1.1" 200 116
186.103.157.42 - - [28/Feb/2017:12:25:30 -0300] "GET /cormun/servlet/hpexe_return? HTTP/1.1" 200 1026
186.103.157.42 - - [28/Feb/2017:12:25:30 -0300] "GET /cormun/servlet/trsolicitudadjuntos?2017,4880, HTTP/1.1" 200 8558
186.103.157.42 - - [28/Feb/2017:12:25:31 -0300] "GET /cormun/servlet/trsolicitudadjuntos?2017,4880, HTTP/1.1" 200 8556
186.103.158.250 - - [28/Feb/2017:12:25:32 -0300] "GET /cormun/servlet/solicitudotadjuntos?fd12f9837721f61a8cb93ef34d38c6a23fd86299713d915f5b9abe1c6865cc2a,gx-no-cache=1488295509762 HTTP/1.1" 200 30
186.103.158.250 - - [28/Feb/2017:12:25:32 -0300] "GET /cormun/servlet/solicitudotadjuntos?fd12f9837721f61a8cb93ef34d38c6a23fd86299713d915f5b9abe1c6865cc2a,gx-no-cache=1488295511228 HTTP/1.1" 200 30
186.103.158.250 - - [28/Feb/2017:12:25:33 -0300] "POST /cormun/servlet/solicitudotadjuntos?8817f0b2a6aac5a3dca0c679c2016e74,INS,2017,4881,,1, HTTP/1.1" 200 116
186.103.158.250 - - [28/Feb/2017:12:25:33 -0300] "GET /cormun/servlet/hpexe_return? HTTP/1.1" 200 1016
186.103.157.42 - - [28/Feb/2017:12:25:33 -0300] "GET /cormun/servlet/solicitudotadjuntos?INS,2017,4880,,1, HTTP/1.1" 200 6073
186.103.158.250 - - [28/Feb/2017:12:25:33 -0300] "GET /cormun/servlet/trsolicitudadjuntos?2017,4881, HTTP/1.1" 200 7887
186.103.157.42 - - [28/Feb/2017:12:25:34 -0300] "GET /cormun/static/about:blank HTTP/1.1" 404 1011
186.103.157.42 - - [28/Feb/2017:12:25:34 -0300] "GET /cormun/servlet/solicitudotadjuntos?INS,2017,4880,,1, HTTP/1.1" 200 6067
186.103.157.42 - - [28/Feb/2017:12:25:34 -0300] "GET /cormun/servlet/solicitudotadjuntos?869c27ad6d42c4aae402ca63ec68e6c854470e00f65d085edb0ba2ce83c87bf168fbc097d29983357c8817dc4d3b510b,gx-no-cache=1488295607889 HTTP/1.1" 200 30
186.103.157.42 - - [28/Feb/2017:12:25:34 -0300] "POST /cormun/servlet/solicitudotadjuntos?17ed51ef6d975dc8e7b77874f1cc5429,INS,2017,4880,,1,,gx-no-cache=1488295607931 HTTP/1.1" 200 3862
186.103.158.250 - - [28/Feb/2017:12:25:35 -0300] "GET /cormun/servlet/trsolicitudadjuntos?2017,4881, HTTP/1.1" 200 7883
186.103.157.42 - - [28/Feb/2017:12:25:37 -0300] "POST /cormun/servlet/solicitudotadjuntos?gx-no-cache=1488295610089 HTTP/1.1" 200 26
186.103.158.250 - - [28/Feb/2017:12:25:38 -0300] "GET /cormun/servlet/solicitudotadjuntos?INS,2017,4881,,1, HTTP/1.1" 200 5779
186.103.158.250 - - [28/Feb/2017:12:25:39 -0300] "GET /cormun/static/about:blank HTTP/1.1" 404 1011
186.103.158.250 - - [28/Feb/2017:12:25:39 -0300] "GET /cormun/servlet/solicitudotadjuntos?INS,2017,4881,,1, HTTP/1.1" 200 5773
186.103.158.250 - - [28/Feb/2017:12:25:40 -0300] "GET /cormun/servlet/solicitudotadjuntos?fd12f9837721f61a8cb93ef34d38c6a23316f076d92bb3d7083602990e5b097a681acf1f22f159dcb3581a1fa2059aa4,gx-no-cache=1488295519239 HTTP/1.1" 200 30
186.103.158.250 - - [28/Feb/2017:12:25:40 -0300] "POST /cormun/servlet/solicitudotadjuntos?8817f0b2a6aac5a3dca0c679c2016e74,INS,2017,4881,,1,,gx-no-cache=1488295519307 HTTP/1.1" 200 3634
186.103.157.42 - - [28/Feb/2017:12:25:41 -0300] "GET /cormun/servlet/solicitudotadjuntos?869c27ad6d42c4aae402ca63ec68e6c841aad0090996aeb6a47eb068a56d015f,gx-no-cache=1488295614517 HTTP/1.1" 200 30
186.103.157.42 - - [28/Feb/2017:12:25:41 -0300] "GET /cormun/servlet/solicitudotadjuntos?869c27ad6d42c4aae402ca63ec68e6c841aad0090996aeb6a47eb068a56d015f,gx-no-cache=1488295614566 HTTP/1.1" 200 30
186.103.157.42 - - [28/Feb/2017:12:25:42 -0300] "POST /cormun/servlet/solicitudotadjuntos?17ed51ef6d975dc8e7b77874f1cc5429,INS,2017,4880,,1, HTTP/1.1" 200 116
186.103.157.42 - - [28/Feb/2017:12:25:42 -0300] "GET /cormun/servlet/hpexe_return? HTTP/1.1" 200 1026
186.103.157.42 - - [28/Feb/2017:12:25:42 -0300] "GET /cormun/servlet/trsolicitudadjuntos?2017,4880, HTTP/1.1" 200 8686
186.103.158.250 - - [28/Feb/2017:12:25:43 -0300] "POST /cormun/servlet/solicitudotadjuntos?gx-no-cache=1488295522871 HTTP/1.1" 200 26
186.103.157.42 - - [28/Feb/2017:12:25:43 -0300] "GET /cormun/servlet/trsolicitudadjuntos?2017,4880, HTTP/1.1" 200 8681
186.103.157.42 - - [28/Feb/2017:12:25:44 -0300] "GET /cormun/servlet/solicitudotadjuntos?INS,2017,4880,,1, HTTP/1.1" 200 6073
186.103.157.42 - - [28/Feb/2017:12:25:45 -0300] "GET /cormun/static/about:blank HTTP/1.1" 404 1011
186.103.157.42 - - [28/Feb/2017:12:25:45 -0300] "GET /cormun/servlet/solicitudotadjuntos?INS,2017,4880,,1, HTTP/1.1" 200 6067
186.103.157.42 - - [28/Feb/2017:12:25:46 -0300] "GET /cormun/servlet/solicitudotadjuntos?869c27ad6d42c4aae402ca63ec68e6c854470e00f65d085edb0ba2ce83c87bf168fbc097d29983357c8817dc4d3b510b,gx-no-cache=1488295619196 HTTP/1.1" 200 30
186.103.157.42 - - [28/Feb/2017:12:25:46 -0300] "POST /cormun/servlet/solicitudotadjuntos?17ed51ef6d975dc8e7b77874f1cc5429,INS,2017,4880,,1,,gx-no-cache=1488295619239 HTTP/1.1" 200 3862
186.103.157.42 - - [28/Feb/2017:12:25:48 -0300] "POST /cormun/servlet/solicitudotadjuntos?gx-no-cache=1488295621089 HTTP/1.1" 200 26
186.103.157.42 - - [28/Feb/2017:12:25:52 -0300] "GET /cormun/servlet/solicitudotadjuntos?869c27ad6d42c4aae402ca63ec68e6c841aad0090996aeb6a47eb068a56d015f,gx-no-cache=1488295625323 HTTP/1.1" 200 30
186.103.157.42 - - [28/Feb/2017:12:25:52 -0300] "GET /cormun/servlet/solicitudotadjuntos?869c27ad6d42c4aae402ca63ec68e6c841aad0090996aeb6a47eb068a56d015f,gx-no-cache=1488295625370 HTTP/1.1" 200 30
186.103.157.42 - - [28/Feb/2017:12:25:52 -0300] "POST /cormun/servlet/solicitudotadjuntos?17ed51ef6d975dc8e7b77874f1cc5429,INS,2017,4880,,1, HTTP/1.1" 200 116
186.103.157.42 - - [28/Feb/2017:12:25:52 -0300] "GET /cormun/servlet/hpexe_return? HTTP/1.1" 200 1026
186.103.157.42 - - [28/Feb/2017:12:25:52 -0300] "GET /cormun/servlet/trsolicitudadjuntos?2017,4880, HTTP/1.1" 200 8912
186.103.157.42 - - [28/Feb/2017:12:25:53 -0300] "GET /cormun/servlet/trsolicitudadjuntos?2017,4880, HTTP/1.1" 200 8911
186.103.157.42 - - [28/Feb/2017:12:25:55 -0300] "GET /cormun/servlet/solicitudotadjuntos?INS,2017,4880,,1, HTTP/1.1" 200 6073
186.103.157.42 - - [28/Feb/2017:12:25:56 -0300] "GET /cormun/static/about:blank HTTP/1.1" 404 1011
186.103.157.42 - - [28/Feb/2017:12:25:56 -0300] "GET /cormun/servlet/solicitudotadjuntos?INS,2017,4880,,1, HTTP/1.1" 200 6067
186.103.157.42 - - [28/Feb/2017:12:25:56 -0300] "GET /cormun/servlet/solicitudotadjuntos?869c27ad6d42c4aae402ca63ec68e6c854470e00f65d085edb0ba2ce83c87bf168fbc097d29983357c8817dc4d3b510b,gx-no-cache=1488295629861 HTTP/1.1" 200 30
186.103.157.42 - - [28/Feb/2017:12:25:56 -0300] "POST /cormun/servlet/solicitudotadjuntos?17ed51ef6d975dc8e7b77874f1cc5429,INS,2017,4880,,1,,gx-no-cache=1488295629921 HTTP/1.1" 200 3862
186.103.158.250 - - [28/Feb/2017:12:26:00 -0300] "POST /cormun/servlet/solicitudotadjuntos?gx-no-cache=1488295539203 HTTP/1.1" 200 26
186.103.157.42 - - [28/Feb/2017:12:26:00 -0300] "POST /cormun/servlet/solicitudotadjuntos?gx-no-cache=1488295633315 HTTP/1.1" 200 26
186.103.157.42 - - [28/Feb/2017:12:26:04 -0300] "GET /cormun/servlet/solicitudotadjuntos?869c27ad6d42c4aae402ca63ec68e6c841aad0090996aeb6a47eb068a56d015f,gx-no-cache=1488295637724 HTTP/1.1" 200 30
186.103.157.42 - - [28/Feb/2017:12:26:04 -0300] "GET /cormun/servlet/solicitudotadjuntos?869c27ad6d42c4aae402ca63ec68e6c841aad0090996aeb6a47eb068a56d015f,gx-no-cache=1488295637775 HTTP/1.1" 200 30
186.103.157.42 - - [28/Feb/2017:12:26:05 -0300] "POST /cormun/servlet/solicitudotadjuntos?17ed51ef6d975dc8e7b77874f1cc5429,INS,2017,4880,,1, HTTP/1.1" 200 116
186.103.157.42 - - [28/Feb/2017:12:26:05 -0300] "GET /cormun/servlet/hpexe_return? HTTP/1.1" 200 1026
186.103.157.42 - - [28/Feb/2017:12:26:06 -0300] "GET /cormun/servlet/trsolicitudadjuntos?2017,4880, HTTP/1.1" 200 9080
186.103.157.42 - - [28/Feb/2017:12:26:07 -0300] "GET /cormun/servlet/trsolicitudadjuntos?2017,4880, HTTP/1.1" 200 9077
186.103.157.42 - - [28/Feb/2017:12:26:09 -0300] "POST /cormun/servlet/trsolicitudadjuntos?17ed51ef6d975dc8e7b77874f1cc5429,2017,4880,,gx-no-cache=1488295642678 HTTP/1.1" 200 90
186.103.157.42 - - [28/Feb/2017:12:26:09 -0300] "GET /cormun/servlet/hpexe_link HTTP/1.1" 200 972
186.103.157.42 - - [28/Feb/2017:12:26:09 -0300] "GET /cormun/servlet/trsolicitudot HTTP/1.1" 200 8237
186.103.157.42 - - [28/Feb/2017:12:26:10 -0300] "GET /cormun/servlet/trsolicitudot HTTP/1.1" 200 8236
186.103.158.250 - - [28/Feb/2017:12:26:12 -0300] "GET /cormun/servlet/solicitudotadjuntos?fd12f9837721f61a8cb93ef34d38c6a23fd86299713d915f5b9abe1c6865cc2a,gx-no-cache=1488295551450 HTTP/1.1" 200 30
186.103.158.250 - - [28/Feb/2017:12:26:12 -0300] "GET /cormun/servlet/solicitudotadjuntos?fd12f9837721f61a8cb93ef34d38c6a23fd86299713d915f5b9abe1c6865cc2a,gx-no-cache=1488295551486 HTTP/1.1" 200 30
186.103.158.250 - - [28/Feb/2017:12:26:13 -0300] "POST /cormun/servlet/solicitudotadjuntos?8817f0b2a6aac5a3dca0c679c2016e74,INS,2017,4881,,1, HTTP/1.1" 200 116
186.103.158.250 - - [28/Feb/2017:12:26:13 -0300] "GET /cormun/servlet/hpexe_return? HTTP/1.1" 200 1016
186.103.158.250 - - [28/Feb/2017:12:26:13 -0300] "GET /cormun/servlet/trsolicitudadjuntos?2017,4881, HTTP/1.1" 200 8105
186.103.158.250 - - [28/Feb/2017:12:26:15 -0300] "GET /cormun/servlet/trsolicitudadjuntos?2017,4881, HTTP/1.1" 200 8097
186.103.157.42 - - [28/Feb/2017:12:26:15 -0300] "POST /cormun/servlet/trsolicitudot?17ed51ef6d975dc8e7b77874f1cc5429,gx-no-cache=1488295648023 HTTP/1.1" 200 4122
186.103.157.42 - - [28/Feb/2017:12:26:15 -0300] "GET /cormun/static/Shared/jqueryui/images/ui-bg_highlight-soft_100_c6c2c8_1x100.png HTTP/1.1" 404 1117
186.103.157.42 - - [28/Feb/2017:12:26:15 -0300] "GET /cormun/static/Shared/jqueryui/images/ui-icons_82798d_256x240.png HTTP/1.1" 404 1089
186.103.157.42 - - [28/Feb/2017:12:26:15 -0300] "GET /cormun/static/Shared/jqueryui/images/ui-bg_flat_55_fafafa_40x100.png HTTP/1.1" 404 1097
186.103.157.42 - - [28/Feb/2017:12:26:15 -0300] "GET /cormun/static/Shared/jqueryui/images/ui-icons_8d78a5_256x240.png HTTP/1.1" 404 1089
186.103.157.42 - - [28/Feb/2017:12:26:15 -0300] "POST /cormun/servlet/trsolicitudot?17ed51ef6d975dc8e7b77874f1cc5429,gx-no-cache=1488295648404 HTTP/1.1" 200 3861
186.103.158.250 - - [28/Feb/2017:12:26:23 -0300] "GET /cormun/servlet/solicitudotadjuntos?INS,2017,4881,,1, HTTP/1.1" 200 5778
186.103.157.42 - - [28/Feb/2017:12:26:23 -0300] "POST /cormun/servlet/trsolicitudot?17ed51ef6d975dc8e7b77874f1cc5429,gx-no-cache=1488295656281 HTTP/1.1" 200 5291
186.103.158.250 - - [28/Feb/2017:12:26:23 -0300] "GET /cormun/static/about:blank HTTP/1.1" 404 1011
186.103.158.250 - - [28/Feb/2017:12:26:24 -0300] "GET /cormun/servlet/solicitudotadjuntos?INS,2017,4881,,1, HTTP/1.1" 200 5772
186.103.158.250 - - [28/Feb/2017:12:26:24 -0300] "GET /cormun/servlet/solicitudotadjuntos?fd12f9837721f61a8cb93ef34d38c6a23316f076d92bb3d7083602990e5b097a681acf1f22f159dcb3581a1fa2059aa4,gx-no-cache=1488295564018 HTTP/1.1" 200 30
186.103.158.250 - - [28/Feb/2017:12:26:25 -0300] "POST /cormun/servlet/solicitudotadjuntos?8817f0b2a6aac5a3dca0c679c2016e74,INS,2017,4881,,1,,gx-no-cache=1488295564157 HTTP/1.1" 200 3634
186.103.157.42 - - [28/Feb/2017:12:26:25 -0300] "POST /cormun/servlet/trsolicitudot?17ed51ef6d975dc8e7b77874f1cc5429,gx-no-cache=1488295658720 HTTP/1.1" 200 5269
186.103.157.42 - - [28/Feb/2017:12:26:27 -0300] "POST /cormun/servlet/trsolicitudot?17ed51ef6d975dc8e7b77874f1cc5429,gx-no-cache=1488295660910 HTTP/1.1" 200 5268
186.103.157.42 - - [28/Feb/2017:12:26:28 -0300] "POST /cormun/servlet/trsolicitudot?17ed51ef6d975dc8e7b77874f1cc5429,gx-no-cache=1488295661864 HTTP/1.1" 200 5268
186.103.158.250 - - [28/Feb/2017:12:26:29 -0300] "POST /cormun/servlet/solicitudotadjuntos?gx-no-cache=1488295568732 HTTP/1.1" 200 26
186.103.157.42 - - [28/Feb/2017:12:26:37 -0300] "POST /cormun/servlet/trsolicitudot?17ed51ef6d975dc8e7b77874f1cc5429,gx-no-cache=1488295669504 HTTP/1.1" 200 5205
186.103.157.42 - - [28/Feb/2017:12:26:39 -0300] "POST /cormun/servlet/trsolicitudot?17ed51ef6d975dc8e7b77874f1cc5429,gx-no-cache=1488295672754 HTTP/1.1" 200 5182
186.103.157.42 - - [28/Feb/2017:12:26:40 -0300] "POST /cormun/servlet/trsolicitudot?17ed51ef6d975dc8e7b77874f1cc5429,gx-no-cache=1488295673842 HTTP/1.1" 200 5182
186.103.158.250 - - [28/Feb/2017:12:26:41 -0300] "GET /cormun/servlet/solicitudotadjuntos?fd12f9837721f61a8cb93ef34d38c6a23fd86299713d915f5b9abe1c6865cc2a,gx-no-cache=1488295580720 HTTP/1.1" 200 30
186.103.158.250 - - [28/Feb/2017:12:26:41 -0300] "GET /cormun/servlet/solicitudotadjuntos?fd12f9837721f61a8cb93ef34d38c6a23fd86299713d915f5b9abe1c6865cc2a,gx-no-cache=1488295580773 HTTP/1.1" 200 30
186.103.157.42 - - [28/Feb/2017:12:26:41 -0300] "POST /cormun/servlet/trsolicitudot?17ed51ef6d975dc8e7b77874f1cc5429,gx-no-cache=1488295674591 HTTP/1.1" 200 5182
186.103.158.250 - - [28/Feb/2017:12:26:41 -0300] "POST /cormun/servlet/solicitudotadjuntos?8817f0b2a6aac5a3dca0c679c2016e74,INS,2017,4881,,1, HTTP/1.1" 200 116
186.103.157.42 - - [28/Feb/2017:12:26:41 -0300] "POST /cormun/servlet/trsolicitudot?17ed51ef6d975dc8e7b77874f1cc5429,gx-no-cache=1488295674877 HTTP/1.1" 200 5182
186.103.158.250 - - [28/Feb/2017:12:26:42 -0300] "GET /cormun/servlet/hpexe_return? HTTP/1.1" 200 1016
186.103.158.250 - - [28/Feb/2017:12:26:42 -0300] "GET /cormun/servlet/trsolicitudadjuntos?2017,4881, HTTP/1.1" 200 8258
186.103.157.42 - - [28/Feb/2017:12:26:43 -0300] "GET /cormun/static/Shared/jqueryui/images/ui-bg_highlight-soft_100_eae6ea_1x100.png HTTP/1.1" 404 1117
186.103.158.250 - - [28/Feb/2017:12:26:43 -0300] "GET /cormun/servlet/trsolicitudadjuntos?2017,4881, HTTP/1.1" 200 8255
186.103.158.250 - - [28/Feb/2017:12:26:47 -0300] "GET /cormun/servlet/solicitudotadjuntos?INS,2017,4881,,1, HTTP/1.1" 200 5778
186.103.158.250 - - [28/Feb/2017:12:26:47 -0300] "GET /cormun/static/about:blank HTTP/1.1" 404 1011
186.103.158.250 - - [28/Feb/2017:12:26:48 -0300] "GET /cormun/servlet/solicitudotadjuntos?INS,2017,4881,,1, HTTP/1.1" 200 5772
186.103.158.250 - - [28/Feb/2017:12:26:49 -0300] "GET /cormun/servlet/solicitudotadjuntos?fd12f9837721f61a8cb93ef34d38c6a23316f076d92bb3d7083602990e5b097a681acf1f22f159dcb3581a1fa2059aa4,gx-no-cache=1488295588280 HTTP/1.1" 200 30
186.103.158.250 - - [28/Feb/2017:12:26:49 -0300] "POST /cormun/servlet/solicitudotadjuntos?8817f0b2a6aac5a3dca0c679c2016e74,INS,2017,4881,,1,,gx-no-cache=1488295588351 HTTP/1.1" 200 3634
186.103.158.250 - - [28/Feb/2017:12:26:56 -0300] "POST /cormun/servlet/solicitudotadjuntos?gx-no-cache=1488295595900 HTTP/1.1" 200 26
186.103.157.42 - - [28/Feb/2017:12:27:00 -0300] "GET /cormun/static/menuarrow.gif HTTP/1.1" 404 1015
186.103.157.42 - - [28/Feb/2017:12:27:05 -0300] "POST /cormun/servlet/trsolicitudot?17ed51ef6d975dc8e7b77874f1cc5429,gx-no-cache=1488295698485 HTTP/1.1" 200 10435
186.103.158.250 - - [28/Feb/2017:12:27:26 -0300] "POST /cormun/servlet/solicitudotadjuntos?8817f0b2a6aac5a3dca0c679c2016e74,INS,2017,4881,,1, HTTP/1.1" 200 116
186.103.158.250 - - [28/Feb/2017:12:27:26 -0300] "GET /cormun/servlet/hpexe_return? HTTP/1.1" 200 1016
186.103.158.250 - - [28/Feb/2017:12:27:27 -0300] "GET /cormun/servlet/trsolicitudadjuntos?2017,4881, HTTP/1.1" 200 8257
186.103.158.250 - - [28/Feb/2017:12:27:28 -0300] "GET /cormun/servlet/trsolicitudadjuntos?2017,4881, HTTP/1.1" 200 8256
186.103.157.42 - - [28/Feb/2017:12:28:23 -0300] "GET /cormun/servlet/vesolicitudot?2017,4081,, HTTP/1.1" 200 8263
186.103.157.42 - - [28/Feb/2017:12:28:23 -0300] "GET /cormun/static/gxcfg.js?20161221854299 HTTP/1.1" 200 953
186.103.157.42 - - [28/Feb/2017:12:28:23 -0300] "GET /cormun/pexe_scrolldiv.js HTTP/1.1" 404 1009
186.103.157.42 - - [28/Feb/2017:12:28:23 -0300] "GET /cormun/static/vesolicitudot.js?20161221854352 HTTP/1.1" 304 -
186.103.157.42 - - [28/Feb/2017:12:28:23 -0300] "GET /cormun/static/hwcviewtabs.js?201612218431866 HTTP/1.1" 304 -
186.103.157.42 - - [28/Feb/2017:12:28:23 -0300] "GET /cormun/static/tbsolicitudot01.js?2017119103633 HTTP/1.1" 304 -
186.103.157.42 - - [28/Feb/2017:12:28:23 -0300] "GET /cormun/static/hpexe_tabsview.js?201610171694228 HTTP/1.1" 304 -
186.103.157.42 - - [28/Feb/2017:12:28:24 -0300] "GET /cormun/servlet/vesolicitudot?2017,4081,, HTTP/1.1" 200 8263
186.103.157.42 - - [28/Feb/2017:12:28:27 -0300] "GET /cormun/servlet/vesolicitudot?2017,4081,,SolicitudOTLog HTTP/1.1" 200 8876
186.103.157.42 - - [28/Feb/2017:12:28:27 -0300] "GET /cormun/pexe_scrolldiv.js HTTP/1.1" 404 1009
186.103.157.42 - - [28/Feb/2017:12:28:27 -0300] "GET /cormun/static/tbsolicitudot03.js?201612218425438 HTTP/1.1" 200 13323
186.103.157.42 - - [28/Feb/2017:12:28:27 -0300] "GET /cormun/static/Resources/PXToolsTabLastSelected.png HTTP/1.1" 200 1262
186.103.157.42 - - [28/Feb/2017:12:28:27 -0300] "GET /cormun/static/gxui/gxui-all.css HTTP/1.1" 200 2179
186.103.157.42 - - [28/Feb/2017:12:28:27 -0300] "GET /cormun/static/Resources/PXToolsTabFirstUnselected.png HTTP/1.1" 200 1264
186.103.157.42 - - [28/Feb/2017:12:28:27 -0300] "GET /cormun/static/Resources/PXToolsTabUnselectedSelected.png HTTP/1.1" 200 1444
186.103.157.42 - - [28/Feb/2017:12:28:27 -0300] "GET /cormun/servlet/vesolicitudot?2017,4081,,SolicitudOTLog HTTP/1.1" 200 8876
186.103.157.42 - - [28/Feb/2017:12:28:27 -0300] "GET /cormun/static/Shared/ext/resources/css/ext-all.css HTTP/1.1" 200 416045
186.103.157.42 - - [28/Feb/2017:12:28:29 -0300] "POST /cormun/servlet/acontrolpreferencessavestate?None,RPEREZ,true HTTP/1.1" 200 35
186.103.157.42 - - [28/Feb/2017:12:28:42 -0300] "GET /cormun/servlet/vesolicitudot?2017,4081,, HTTP/1.1" 200 8263
186.103.157.42 - - [28/Feb/2017:12:28:43 -0300] "GET /cormun/servlet/vesolicitudot?2017,4081,, HTTP/1.1" 200 8263
186.103.157.42 - - [28/Feb/2017:12:28:46 -0300] "GET /cormun/servlet/trsolicitudot HTTP/1.1" 200 13403
186.103.157.42 - - [28/Feb/2017:12:28:47 -0300] "GET /cormun/servlet/trsolicitudot HTTP/1.1" 200 13402
186.103.157.42 - - [28/Feb/2017:12:28:54 -0300] "POST /cormun/servlet/trsolicitudot?17ed51ef6d975dc8e7b77874f1cc5429,gx-no-cache=1488295807747 HTTP/1.1" 200 3884
186.103.158.250 - - [28/Feb/2017:12:28:57 -0300] "GET /cormun/servlet/solicitudotadjuntos?INS,2017,4881,,1, HTTP/1.1" 200 5779
186.103.158.250 - - [28/Feb/2017:12:28:57 -0300] "GET /cormun/static/about:blank HTTP/1.1" 404 1011
186.103.158.250 - - [28/Feb/2017:12:28:58 -0300] "GET /cormun/servlet/solicitudotadjuntos?INS,2017,4881,,1, HTTP/1.1" 200 5773
186.103.157.42 - - [28/Feb/2017:12:28:59 -0300] "POST /cormun/servlet/trsolicitudot?17ed51ef6d975dc8e7b77874f1cc5429,gx-no-cache=1488295811684 HTTP/1.1" 200 5289
186.103.158.250 - - [28/Feb/2017:12:28:59 -0300] "GET /cormun/servlet/solicitudotadjuntos?fd12f9837721f61a8cb93ef34d38c6a23316f076d92bb3d7083602990e5b097a681acf1f22f159dcb3581a1fa2059aa4,gx-no-cache=1488295718433 HTTP/1.1" 200 30
186.103.158.250 - - [28/Feb/2017:12:28:59 -0300] "POST /cormun/servlet/solicitudotadjuntos?8817f0b2a6aac5a3dca0c679c2016e74,INS,2017,4881,,1,,gx-no-cache=1488295718500 HTTP/1.1" 200 3633
186.103.157.42 - - [28/Feb/2017:12:29:02 -0300] "POST /cormun/servlet/trsolicitudot?17ed51ef6d975dc8e7b77874f1cc5429,gx-no-cache=1488295814994 HTTP/1.1" 200 5266
186.103.158.250 - - [28/Feb/2017:12:29:08 -0300] "POST /cormun/servlet/solicitudotadjuntos?gx-no-cache=1488295728134 HTTP/1.1" 200 26
186.103.158.250 - - [28/Feb/2017:12:29:19 -0300] "GET /cormun/servlet/solicitudotadjuntos?fd12f9837721f61a8cb93ef34d38c6a23fd86299713d915f5b9abe1c6865cc2a,gx-no-cache=1488295738513 HTTP/1.1" 200 30
186.103.158.250 - - [28/Feb/2017:12:29:19 -0300] "GET /cormun/servlet/solicitudotadjuntos?fd12f9837721f61a8cb93ef34d38c6a23fd86299713d915f5b9abe1c6865cc2a,gx-no-cache=1488295738559 HTTP/1.1" 200 30
186.103.158.250 - - [28/Feb/2017:12:29:19 -0300] "POST /cormun/servlet/solicitudotadjuntos?8817f0b2a6aac5a3dca0c679c2016e74,INS,2017,4881,,1, HTTP/1.1" 200 116
186.103.158.250 - - [28/Feb/2017:12:29:19 -0300] "GET /cormun/servlet/hpexe_return? HTTP/1.1" 200 1016
186.103.158.250 - - [28/Feb/2017:12:29:20 -0300] "GET /cormun/servlet/trsolicitudadjuntos?2017,4881, HTTP/1.1" 200 8398
186.103.158.250 - - [28/Feb/2017:12:29:21 -0300] "GET /cormun/servlet/trsolicitudadjuntos?2017,4881, HTTP/1.1" 200 8397
186.103.157.42 - - [28/Feb/2017:12:29:22 -0300] "POST /cormun/servlet/trsolicitudot?17ed51ef6d975dc8e7b77874f1cc5429,gx-no-cache=1488295835485 HTTP/1.1" 200 5267
186.103.157.42 - - [28/Feb/2017:12:29:23 -0300] "POST /cormun/servlet/trsolicitudot?17ed51ef6d975dc8e7b77874f1cc5429,gx-no-cache=1488295836435 HTTP/1.1" 200 5267
186.103.157.42 - - [28/Feb/2017:12:29:24 -0300] "POST /cormun/servlet/trsolicitudot?17ed51ef6d975dc8e7b77874f1cc5429,gx-no-cache=1488295837020 HTTP/1.1" 200 5267
186.103.158.250 - - [28/Feb/2017:12:29:31 -0300] "GET /cormun/servlet/solicitudotadjuntos?INS,2017,4881,,1, HTTP/1.1" 200 5779
186.103.158.250 - - [28/Feb/2017:12:29:32 -0300] "GET /cormun/static/about:blank HTTP/1.1" 404 1011
186.103.158.250 - - [28/Feb/2017:12:29:33 -0300] "GET /cormun/servlet/solicitudotadjuntos?INS,2017,4881,,1, HTTP/1.1" 200 5773
186.103.158.250 - - [28/Feb/2017:12:29:34 -0300] "GET /cormun/servlet/solicitudotadjuntos?fd12f9837721f61a8cb93ef34d38c6a23316f076d92bb3d7083602990e5b097a681acf1f22f159dcb3581a1fa2059aa4,gx-no-cache=1488295753263 HTTP/1.1" 200 30
186.103.158.250 - - [28/Feb/2017:12:29:34 -0300] "POST /cormun/servlet/solicitudotadjuntos?8817f0b2a6aac5a3dca0c679c2016e74,INS,2017,4881,,1,,gx-no-cache=1488295753345 HTTP/1.1" 200 3635
186.103.158.250 - - [28/Feb/2017:12:29:39 -0300] "POST /cormun/servlet/solicitudotadjuntos?gx-no-cache=1488295759149 HTTP/1.1" 200 26
186.103.158.250 - - [28/Feb/2017:12:29:48 -0300] "GET /cormun/servlet/solicitudotadjuntos?fd12f9837721f61a8cb93ef34d38c6a23fd86299713d915f5b9abe1c6865cc2a,gx-no-cache=1488295767608 HTTP/1.1" 200 30
186.103.158.250 - - [28/Feb/2017:12:29:48 -0300] "GET /cormun/servlet/solicitudotadjuntos?fd12f9837721f61a8cb93ef34d38c6a23fd86299713d915f5b9abe1c6865cc2a,gx-no-cache=1488295767683 HTTP/1.1" 200 30
186.103.158.250 - - [28/Feb/2017:12:29:49 -0300] "POST /cormun/servlet/solicitudotadjuntos?8817f0b2a6aac5a3dca0c679c2016e74,INS,2017,4881,,1, HTTP/1.1" 200 116
186.103.158.250 - - [28/Feb/2017:12:29:49 -0300] "GET /cormun/servlet/hpexe_return? HTTP/1.1" 200 1016
186.103.158.250 - - [28/Feb/2017:12:29:50 -0300] "GET /cormun/servlet/trsolicitudadjuntos?2017,4881, HTTP/1.1" 200 8534
186.103.158.250 - - [28/Feb/2017:12:29:51 -0300] "GET /cormun/servlet/trsolicitudadjuntos?2017,4881, HTTP/1.1" 200 8532
186.103.158.250 - - [28/Feb/2017:12:29:57 -0300] "GET /cormun/servlet/solicitudotadjuntos?INS,2017,4881,,1, HTTP/1.1" 200 5779
186.103.158.250 - - [28/Feb/2017:12:29:58 -0300] "GET /cormun/static/about:blank HTTP/1.1" 404 1011
186.103.158.250 - - [28/Feb/2017:12:29:59 -0300] "GET /cormun/servlet/solicitudotadjuntos?INS,2017,4881,,1, HTTP/1.1" 200 5773
186.103.158.250 - - [28/Feb/2017:12:29:59 -0300] "GET /cormun/servlet/solicitudotadjuntos?fd12f9837721f61a8cb93ef34d38c6a23316f076d92bb3d7083602990e5b097a681acf1f22f159dcb3581a1fa2059aa4,gx-no-cache=1488295778726 HTTP/1.1" 200 30
186.103.158.250 - - [28/Feb/2017:12:29:59 -0300] "POST /cormun/servlet/solicitudotadjuntos?8817f0b2a6aac5a3dca0c679c2016e74,INS,2017,4881,,1,,gx-no-cache=1488295778778 HTTP/1.1" 200 3635
186.103.158.250 - - [28/Feb/2017:12:30:08 -0300] "POST /cormun/servlet/solicitudotadjuntos?gx-no-cache=1488295787621 HTTP/1.1" 200 26
186.103.158.250 - - [28/Feb/2017:12:30:28 -0300] "GET /cormun/servlet/trsolicitudadjuntos?2017,4881, HTTP/1.1" 200 8535
186.103.158.250 - - [28/Feb/2017:12:30:30 -0300] "GET /cormun/servlet/trsolicitudadjuntos?2017,4881, HTTP/1.1" 200 8533
186.103.158.250 - - [28/Feb/2017:12:30:35 -0300] "GET /cormun/servlet/solicitudotadjuntos?INS,2017,4881,,1, HTTP/1.1" 200 5779
186.103.158.250 - - [28/Feb/2017:12:30:36 -0300] "GET /cormun/static/about:blank HTTP/1.1" 404 1011
186.103.158.250 - - [28/Feb/2017:12:30:37 -0300] "GET /cormun/servlet/solicitudotadjuntos?INS,2017,4881,,1, HTTP/1.1" 200 5773
186.103.158.250 - - [28/Feb/2017:12:30:37 -0300] "GET /cormun/servlet/solicitudotadjuntos?fd12f9837721f61a8cb93ef34d38c6a23316f076d92bb3d7083602990e5b097a681acf1f22f159dcb3581a1fa2059aa4,gx-no-cache=1488295817017 HTTP/1.1" 200 30
186.103.158.250 - - [28/Feb/2017:12:30:37 -0300] "POST /cormun/servlet/solicitudotadjuntos?8817f0b2a6aac5a3dca0c679c2016e74,INS,2017,4881,,1,,gx-no-cache=1488295817083 HTTP/1.1" 200 3635
186.103.158.250 - - [28/Feb/2017:12:30:42 -0300] "POST /cormun/servlet/solicitudotadjuntos?gx-no-cache=1488295821463 HTTP/1.1" 200 26
186.103.159.204 - - [28/Feb/2017:12:33:06 -0300] "POST /cormun/servlet/hlogin?c1b9de9cb1de131d1dcf372ec4dd473d,gx-no-cache=1488296055282 HTTP/1.1" 440 972
186.103.159.204 - - [28/Feb/2017:12:33:08 -0300] "GET /cormun/servlet/hlogin HTTP/1.1" 200 1723
186.103.159.204 - - [28/Feb/2017:12:33:20 -0300] "POST /cormun/servlet/hlogin?4c9529ca278ab4321ba6c80f5bb31f24,gx-no-cache=1488296069147 HTTP/1.1" 200 90
186.103.159.204 - - [28/Feb/2017:12:33:20 -0300] "GET /cormun/servlet/hpexe_link HTTP/1.1" 200 947
186.103.159.204 - - [28/Feb/2017:12:33:20 -0300] "GET /cormun/static/Resources/Spanish/PXTools.css?18365030 HTTP/1.1" 304 -
186.103.159.204 - - [28/Feb/2017:12:33:20 -0300] "GET /cormun/static/hpexe_link.js?201612218515532 HTTP/1.1" 304 -
186.103.159.204 - - [28/Feb/2017:12:33:20 -0300] "GET /cormun/servlet/hhome HTTP/1.1" 200 3972
186.103.159.204 - - [28/Feb/2017:12:33:21 -0300] "GET /cormun/static/Shared/jqueryui/jquery-ui.min.css?1345370 HTTP/1.1" 304 -
186.103.159.204 - - [28/Feb/2017:12:33:21 -0300] "GET /cormun/static/SmoothNavMenu/resources/ddsmoothmenu.css?1112540 HTTP/1.1" 304 -
186.103.159.204 - - [28/Feb/2017:12:33:21 -0300] "GET /cormun/static/SmoothNavMenu/resources/ddsmoothmenu-v.css?1112540 HTTP/1.1" 304 -
186.103.159.204 - - [28/Feb/2017:12:33:21 -0300] "GET /cormun/static/scaMessage/css/jquery.pnotify.default.css?1816380 HTTP/1.1" 304 -
186.103.159.204 - - [28/Feb/2017:12:33:21 -0300] "GET /cormun/static/PXToolsJavascripts/pexe_autoreload.js HTTP/1.1" 304 -
186.103.159.204 - - [28/Feb/2017:12:33:21 -0300] "GET /cormun/static/PXToolsJavascripts/pexe_cookies.js HTTP/1.1" 304 -
186.103.159.204 - - [28/Feb/2017:12:33:21 -0300] "GET /cormun/static/PXToolsJavascripts/pexe_grid.js HTTP/1.1" 304 -
186.103.159.204 - - [28/Feb/2017:12:33:21 -0300] "GET /cormun/static/PXToolsJavascripts/pexe_windows.js HTTP/1.1" 304 -
186.103.159.204 - - [28/Feb/2017:12:33:21 -0300] "GET /cormun/static/PXToolsJavascripts/pexe_griddivfix.js HTTP/1.1" 304 -
186.103.159.204 - - [28/Feb/2017:12:33:21 -0300] "GET /cormun/static/PXToolsJavascripts/pexe_link.js HTTP/1.1" 304 -
186.103.159.204 - - [28/Feb/2017:12:33:21 -0300] "GET /cormun/static/PXToolsJavascripts/pexe_menudivfix.js HTTP/1.1" 304 -
186.103.159.204 - - [28/Feb/2017:12:33:21 -0300] "GET /cormun/static/PXToolsJavascripts/pexe_menus.js HTTP/1.1" 304 -
186.103.159.204 - - [28/Feb/2017:12:33:21 -0300] "GET /cormun/static/PXToolsJavascripts/pexe_layers.js HTTP/1.1" 304 -
186.103.159.204 - - [28/Feb/2017:12:33:21 -0300] "GET /cormun/static/PXToolsJavascripts/pexe_oav.js HTTP/1.1" 304 -
186.103.159.204 - - [28/Feb/2017:12:33:21 -0300] "GET /cormun/static/PXToolsJavascripts/pexe_oavdivfix.js HTTP/1.1" 304 -
186.103.159.204 - - [28/Feb/2017:12:33:21 -0300] "GET /cormun/static/PXToolsJavascripts/pexe_picture.js HTTP/1.1" 304 -
186.103.159.204 - - [28/Feb/2017:12:33:21 -0300] "GET /cormun/static/PXToolsJavascripts/pexe_popup.js HTTP/1.1" 304 -
186.103.159.204 - - [28/Feb/2017:12:33:21 -0300] "GET /cormun/static/PXToolsJavascripts/pexe_scrolldiv.js HTTP/1.1" 304 -
186.103.159.204 - - [28/Feb/2017:12:33:21 -0300] "GET /cormun/static/PXToolsJavascripts/pexe_upload.js HTTP/1.1" 304 -
186.103.159.204 - - [28/Feb/2017:12:33:21 -0300] "GET /cormun/static/PXToolsJavascripts/pexe_tabdivfix.js HTTP/1.1" 304 -
186.103.159.204 - - [28/Feb/2017:12:33:21 -0300] "GET /cormun/static/PXToolsJavascripts/PXToolsJavascriptsRender.js HTTP/1.1" 304 -
186.103.159.204 - - [28/Feb/2017:12:33:21 -0300] "GET /cormun/static/PXToolsJavascripts/pexe_tabs.js HTTP/1.1" 304 -
186.103.159.204 - - [28/Feb/2017:12:33:21 -0300] "GET /cormun/static/Resources/logo4.png HTTP/1.1" 304 -
186.103.159.204 - - [28/Feb/2017:12:33:21 -0300] "GET /cormun/static/Resources/PXToolsHeaderActionsLeft.png HTTP/1.1" 304 -
186.103.159.204 - - [28/Feb/2017:12:33:21 -0300] "GET /cormun/static/Resources/PXToolsHeaderHome.png HTTP/1.1" 304 -
186.103.159.204 - - [28/Feb/2017:12:33:21 -0300] "GET /cormun/static/Resources/PXToolsHeaderLogin.png HTTP/1.1" 304 -
186.103.159.204 - - [28/Feb/2017:12:33:21 -0300] "GET /cormun/static/Resources/PXToolsHeaderPreferences.png HTTP/1.1" 304 -
186.103.159.204 - - [28/Feb/2017:12:33:21 -0300] "GET /cormun/static/Resources/PXToolsHeaderSecurity.png HTTP/1.1" 304 -
186.103.159.204 - - [28/Feb/2017:12:33:21 -0300] "GET /cormun/static/Resources/PXToolsHeaderActionsRight.png HTTP/1.1" 304 -
186.103.159.204 - - [28/Feb/2017:12:33:21 -0300] "GET /cormun/static/RunJS/RunJS.js HTTP/1.1" 304 -
186.103.159.204 - - [28/Feb/2017:12:33:21 -0300] "GET /cormun/static/Shared/ext/ext-all.js HTTP/1.1" 304 -
186.103.159.204 - - [28/Feb/2017:12:33:21 -0300] "GET /cormun/static/gxui/gxui-all.js HTTP/1.1" 304 -
186.103.159.204 - - [28/Feb/2017:12:33:21 -0300] "GET /cormun/static/Shared/ext/locale/ext-lang-en.js HTTP/1.1" 304 -
186.103.159.204 - - [28/Feb/2017:12:33:21 -0300] "GET /cormun/static/hpexe_recentlink.js?201610171694390 HTTP/1.1" 304 -
186.103.159.204 - - [28/Feb/2017:12:33:21 -0300] "GET /cormun/static/hpexe_scripts.js?201612218432016 HTTP/1.1" 304 -
