186.103.159.204 - - [28/Feb/2017:12:33:21 -0300] "GET /cormun/static/hhome.js?201612218515573 HTTP/1.1" 304 -
186.103.159.204 - - [28/Feb/2017:12:33:21 -0300] "GET /cormun/static/hwchdr01.js?201612218432057 HTTP/1.1" 304 -
186.103.159.204 - - [28/Feb/2017:12:33:21 -0300] "GET /cormun/static/hpexe_messagecontroller.js?201610171694323 HTTP/1.1" 304 -
186.103.159.204 - - [28/Feb/2017:12:33:21 -0300] "GET /cormun/static/cmcontrolpreferences.js?201612218431999 HTTP/1.1" 304 -
186.103.159.204 - - [28/Feb/2017:12:33:21 -0300] "GET /cormun/static/Shared/jquery/jquery-1.4.2.min.js HTTP/1.1" 304 -
186.103.159.204 - - [28/Feb/2017:12:33:21 -0300] "GET /cormun/static/Shared/jquery/jquery-1.10.2.min.js HTTP/1.1" 304 -
186.103.159.204 - - [28/Feb/2017:12:33:21 -0300] "GET /cormun/static/hpexe_messagepopupcomponent.js?20161017169425 HTTP/1.1" 304 -
186.103.159.204 - - [28/Feb/2017:12:33:21 -0300] "GET /cormun/static/hpexe_messagegenexuscomponent.js?201612218431816 HTTP/1.1" 304 -
186.103.159.204 - - [28/Feb/2017:12:33:21 -0300] "GET /cormun/static/Resources/PXToolsFooterBackground2.png HTTP/1.1" 304 -
186.103.159.204 - - [28/Feb/2017:12:33:21 -0300] "GET /cormun/static/scaMessage/js/jquery.pnotify.min.js HTTP/1.1" 304 -
186.103.159.204 - - [28/Feb/2017:12:33:21 -0300] "GET /cormun/static/SmoothNavMenu/resources/SmoothNavMenuRender.js HTTP/1.1" 304 -
186.103.159.204 - - [28/Feb/2017:12:33:21 -0300] "GET /cormun/static/SmoothNavMenu/resources/ddsmoothmenu.js HTTP/1.1" 304 -
186.103.159.204 - - [28/Feb/2017:12:33:21 -0300] "GET /cormun/static/Shared/jqueryui/jquery-ui.min.js HTTP/1.1" 304 -
186.103.159.204 - - [28/Feb/2017:12:33:21 -0300] "GET /cormun/static/scaMessage/scaMessageRender.js HTTP/1.1" 304 -
186.103.159.204 - - [28/Feb/2017:12:33:21 -0300] "GET /cormun/static/Resources/PXToolsHeaderBackground2.png HTTP/1.1" 304 -
186.103.159.204 - - [28/Feb/2017:12:33:21 -0300] "GET /cormun/static/Resources/PXToolsDataTitle.png HTTP/1.1" 304 -
186.103.159.204 - - [28/Feb/2017:12:33:21 -0300] "GET /cormun/static/hmpwkw03.js?20161221852152 HTTP/1.1" 304 -
186.103.159.204 - - [28/Feb/2017:12:33:21 -0300] "GET /cormun/static/Resources/PXToolsHeaderActionsBackground.png HTTP/1.1" 304 -
186.103.159.204 - - [28/Feb/2017:12:33:22 -0300] "GET /cormun/servlet/hhome HTTP/1.1" 200 3969
186.103.159.204 - - [28/Feb/2017:12:33:22 -0300] "GET /cormun/static/SmoothNavMenu/resources/images/down.gif HTTP/1.1" 304 -
186.103.159.204 - - [28/Feb/2017:12:33:22 -0300] "GET /cormun/static/SmoothNavMenu/resources/images/right.gif HTTP/1.1" 304 -
186.103.158.250 - - [28/Feb/2017:12:33:24 -0300] "GET /cormun/servlet/solicitudotadjuntos?fd12f9837721f61a8cb93ef34d38c6a23fd86299713d915f5b9abe1c6865cc2a,gx-no-cache=1488295983656 HTTP/1.1" 200 30
186.103.158.250 - - [28/Feb/2017:12:33:24 -0300] "GET /cormun/servlet/solicitudotadjuntos?fd12f9837721f61a8cb93ef34d38c6a23fd86299713d915f5b9abe1c6865cc2a,gx-no-cache=1488295983762 HTTP/1.1" 200 30
186.103.158.250 - - [28/Feb/2017:12:33:24 -0300] "POST /cormun/servlet/solicitudotadjuntos?8817f0b2a6aac5a3dca0c679c2016e74,INS,2017,4881,,1, HTTP/1.1" 200 116
186.103.158.250 - - [28/Feb/2017:12:33:25 -0300] "GET /cormun/servlet/hpexe_return? HTTP/1.1" 200 1016
186.103.159.204 - - [28/Feb/2017:12:33:25 -0300] "GET /cormun/servlet/trsolicitudot? HTTP/1.1" 200 6942
186.103.159.204 - - [28/Feb/2017:12:33:25 -0300] "GET /cormun/static/Shared/ext/resources/css/ext-all.css?215870 HTTP/1.1" 304 -
186.103.159.204 - - [28/Feb/2017:12:33:25 -0300] "GET /cormun/static/gxui/gxui-all.css?120300 HTTP/1.1" 304 -
186.103.159.204 - - [28/Feb/2017:12:33:25 -0300] "GET /cormun/static/calendar-system.css?85620 HTTP/1.1" 304 -
186.103.159.204 - - [28/Feb/2017:12:33:25 -0300] "GET /cormun/static/Resources/PXTools/calendar.png HTTP/1.1" 304 -
186.103.159.204 - - [28/Feb/2017:12:33:26 -0300] "GET /cormun/static/Resources/PXToolsGridNew.png HTTP/1.1" 304 -
186.103.159.204 - - [28/Feb/2017:12:33:26 -0300] "GET /cormun/static/Resources/PXToolsGridFirstDisabled.gif HTTP/1.1" 304 -
186.103.159.204 - - [28/Feb/2017:12:33:26 -0300] "GET /cormun/static/Resources/PXToolsGridPreviousDisabled.gif HTTP/1.1" 304 -
186.103.159.204 - - [28/Feb/2017:12:33:26 -0300] "GET /cormun/static/Resources/PXToolsDataSearch.png HTTP/1.1" 304 -
186.103.159.204 - - [28/Feb/2017:12:33:26 -0300] "GET /cormun/static/Resources/PXToolsGridNextDisabled.gif HTTP/1.1" 304 -
186.103.159.204 - - [28/Feb/2017:12:33:26 -0300] "GET /cormun/static/Resources/PXToolsGridLastDisabled.gif HTTP/1.1" 304 -
186.103.159.204 - - [28/Feb/2017:12:33:26 -0300] "GET /cormun/static/Resources/PXToolsGridPage.gif HTTP/1.1" 304 -
186.103.159.204 - - [28/Feb/2017:12:33:26 -0300] "GET /cormun/static/Resources/PXToolsActionExcel.png HTTP/1.1" 304 -
186.103.159.204 - - [28/Feb/2017:12:33:26 -0300] "GET /cormun/static/Resources/desc.gif HTTP/1.1" 200 65
186.103.159.204 - - [28/Feb/2017:12:33:26 -0300] "GET /cormun/static/Resources/asc.gif HTTP/1.1" 200 67
186.103.159.204 - - [28/Feb/2017:12:33:26 -0300] "GET /cormun/static/Resources/asc.gif HTTP/1.1" 200 67
186.103.159.204 - - [28/Feb/2017:12:33:26 -0300] "GET /cormun/static/Resources/asc.gif HTTP/1.1" 200 67
186.103.159.204 - - [28/Feb/2017:12:33:26 -0300] "GET /cormun/static/Resources/desc.gif HTTP/1.1" 200 65
186.103.159.204 - - [28/Feb/2017:12:33:26 -0300] "GET /cormun/static/Resources/desc.gif HTTP/1.1" 200 65
186.103.159.204 - - [28/Feb/2017:12:33:27 -0300] "GET /cormun/static/Resources/asc.gif HTTP/1.1" 200 67
186.103.159.204 - - [28/Feb/2017:12:33:27 -0300] "GET /cormun/static/Resources/desc.gif HTTP/1.1" 200 65
186.103.158.250 - - [28/Feb/2017:12:33:27 -0300] "GET /cormun/servlet/trsolicitudadjuntos?2017,4881, HTTP/1.1" 200 8757
186.103.159.204 - - [28/Feb/2017:12:33:27 -0300] "GET /cormun/servlet/trsolicitudot? HTTP/1.1" 200 6941
186.103.159.204 - - [28/Feb/2017:12:33:27 -0300] "GET /cormun/static/Shared/ext/resources/themes/images/default/panel/bg-headersPanel.png HTTP/1.1" 304 -
186.103.159.204 - - [28/Feb/2017:12:33:27 -0300] "GET /cormun/static/Shared/ext/resources/themes/images/default/tools/tool-sprites.gif HTTP/1.1" 304 -
186.103.158.250 - - [28/Feb/2017:12:33:28 -0300] "GET /cormun/servlet/trsolicitudadjuntos?2017,4881, HTTP/1.1" 200 8756
186.103.159.204 - - [28/Feb/2017:12:33:35 -0300] "GET /cormun/servlet/solicitudot?INS,0,0, HTTP/1.1" 200 12773
186.103.159.204 - - [28/Feb/2017:12:33:35 -0300] "GET /cormun/static/Resources/prompt.gif HTTP/1.1" 304 -
186.103.159.204 - - [28/Feb/2017:12:33:36 -0300] "GET /cormun/servlet/solicitudot?INS,0,0, HTTP/1.1" 200 12778
186.103.158.250 - - [28/Feb/2017:12:33:40 -0300] "GET /cormun/servlet/solicitudotadjuntos?INS,2017,4881,,1, HTTP/1.1" 200 5779
186.103.158.250 - - [28/Feb/2017:12:33:42 -0300] "GET /cormun/servlet/solicitudotadjuntos?INS,2017,4881,,1, HTTP/1.1" 200 5773
186.103.158.250 - - [28/Feb/2017:12:33:42 -0300] "GET /cormun/servlet/solicitudotadjuntos?fd12f9837721f61a8cb93ef34d38c6a23316f076d92bb3d7083602990e5b097a681acf1f22f159dcb3581a1fa2059aa4,gx-no-cache=1488296001945 HTTP/1.1" 200 30
186.103.158.250 - - [28/Feb/2017:12:33:42 -0300] "POST /cormun/servlet/solicitudotadjuntos?8817f0b2a6aac5a3dca0c679c2016e74,INS,2017,4881,,1,,gx-no-cache=1488296002003 HTTP/1.1" 200 3635
186.103.158.250 - - [28/Feb/2017:12:33:45 -0300] "POST /cormun/servlet/solicitudotadjuntos?8817f0b2a6aac5a3dca0c679c2016e74,INS,2017,4881,,1,,gx-no-cache=1488296004978 HTTP/1.1" 200 93
186.103.158.250 - - [28/Feb/2017:12:33:46 -0300] "GET /cormun/servlet/hpexe_return? HTTP/1.1" 200 1016
186.103.158.250 - - [28/Feb/2017:12:33:46 -0300] "GET /cormun/servlet/trsolicitudadjuntos?2017,4881, HTTP/1.1" 200 8757
186.103.158.250 - - [28/Feb/2017:12:33:48 -0300] "GET /cormun/servlet/trsolicitudadjuntos?2017,4881, HTTP/1.1" 200 8758
186.103.159.204 - - [28/Feb/2017:12:33:50 -0300] "POST /cormun/servlet/solicitudot?gx-no-cache=1488296098957 HTTP/1.1" 200 3213
186.103.159.204 - - [28/Feb/2017:12:33:50 -0300] "GET /cormun/static/Shared/jqueryui/images/ui-bg_highlight-soft_100_c6c2c8_1x100.png HTTP/1.1" 404 1117
186.103.159.204 - - [28/Feb/2017:12:33:50 -0300] "GET /cormun/static/Shared/jqueryui/images/ui-icons_82798d_256x240.png HTTP/1.1" 404 1089
186.103.159.204 - - [28/Feb/2017:12:33:50 -0300] "GET /cormun/static/Shared/jqueryui/images/ui-icons_ebccce_256x240.png HTTP/1.1" 404 1089
186.103.159.204 - - [28/Feb/2017:12:33:50 -0300] "GET /cormun/static/Shared/jqueryui/images/ui-bg_flat_55_994d53_40x100.png HTTP/1.1" 404 1097
186.103.158.250 - - [28/Feb/2017:12:33:56 -0300] "GET /cormun/servlet/solicitudotadjuntos?INS,2017,4881,,1, HTTP/1.1" 200 5779
186.103.159.204 - - [28/Feb/2017:12:33:57 -0300] "GET /cormun/servlet/solicitudot?d7d542728aa44b4b8c19e21dd2cbf04997e61be4995cef08b644e3b9d90c476b52dd9f925a3c596638ff5a9cd7eaf95f,gx-no-cache=1488296106305 HTTP/1.1" 200 30
186.103.158.250 - - [28/Feb/2017:12:33:57 -0300] "GET /cormun/servlet/solicitudotadjuntos?INS,2017,4881,,1, HTTP/1.1" 200 5773
186.103.158.250 - - [28/Feb/2017:12:33:58 -0300] "GET /cormun/servlet/solicitudotadjuntos?fd12f9837721f61a8cb93ef34d38c6a23316f076d92bb3d7083602990e5b097a681acf1f22f159dcb3581a1fa2059aa4,gx-no-cache=1488296017559 HTTP/1.1" 200 30
186.103.158.250 - - [28/Feb/2017:12:33:58 -0300] "POST /cormun/servlet/solicitudotadjuntos?8817f0b2a6aac5a3dca0c679c2016e74,INS,2017,4881,,1,,gx-no-cache=1488296017605 HTTP/1.1" 200 3635
186.103.158.250 - - [28/Feb/2017:12:33:59 -0300] "GET /cormun/servlet/trsolicitudadjuntos?2017,4881, HTTP/1.1" 200 8759
186.103.158.250 - - [28/Feb/2017:12:34:00 -0300] "GET /cormun/servlet/trsolicitudadjuntos?2017,4881, HTTP/1.1" 200 8758
186.103.158.250 - - [28/Feb/2017:12:34:01 -0300] "GET /cormun/servlet/solicitudotadjuntos?INS,2017,4881,,1, HTTP/1.1" 200 5779
186.103.158.250 - - [28/Feb/2017:12:34:03 -0300] "GET /cormun/servlet/solicitudotadjuntos?INS,2017,4881,,1, HTTP/1.1" 200 5773
186.103.158.250 - - [28/Feb/2017:12:34:03 -0300] "GET /cormun/servlet/solicitudotadjuntos?fd12f9837721f61a8cb93ef34d38c6a23316f076d92bb3d7083602990e5b097a681acf1f22f159dcb3581a1fa2059aa4,gx-no-cache=1488296022699 HTTP/1.1" 200 30
186.103.158.250 - - [28/Feb/2017:12:34:03 -0300] "POST /cormun/servlet/solicitudotadjuntos?8817f0b2a6aac5a3dca0c679c2016e74,INS,2017,4881,,1,,gx-no-cache=1488296022774 HTTP/1.1" 200 3635
186.103.158.250 - - [28/Feb/2017:12:34:05 -0300] "GET /cormun/servlet/trsolicitudadjuntos?2017,4881, HTTP/1.1" 200 8758
186.103.158.250 - - [28/Feb/2017:12:34:06 -0300] "GET /cormun/servlet/trsolicitudadjuntos?2017,4881, HTTP/1.1" 200 8757
186.103.158.250 - - [28/Feb/2017:12:34:07 -0300] "GET /cormun/servlet/solicitudotadjuntos?INS,2017,4881,,1, HTTP/1.1" 200 5779
186.103.158.250 - - [28/Feb/2017:12:34:08 -0300] "GET /cormun/servlet/solicitudotadjuntos?INS,2017,4881,,1, HTTP/1.1" 200 5773
186.103.158.250 - - [28/Feb/2017:12:34:09 -0300] "GET /cormun/servlet/solicitudotadjuntos?fd12f9837721f61a8cb93ef34d38c6a23316f076d92bb3d7083602990e5b097a681acf1f22f159dcb3581a1fa2059aa4,gx-no-cache=1488296028265 HTTP/1.1" 200 30
186.103.158.250 - - [28/Feb/2017:12:34:09 -0300] "POST /cormun/servlet/solicitudotadjuntos?8817f0b2a6aac5a3dca0c679c2016e74,INS,2017,4881,,1,,gx-no-cache=1488296028336 HTTP/1.1" 200 3635
186.103.158.250 - - [28/Feb/2017:12:34:12 -0300] "GET /cormun/servlet/trsolicitudadjuntos?2017,4881, HTTP/1.1" 200 8761
186.103.158.250 - - [28/Feb/2017:12:34:13 -0300] "GET /cormun/servlet/trsolicitudadjuntos?2017,4881, HTTP/1.1" 200 8755
186.103.158.250 - - [28/Feb/2017:12:34:16 -0300] "GET /cormun/servlet/solicitudotadjuntos?INS,2017,4881,,1, HTTP/1.1" 200 5778
186.103.158.250 - - [28/Feb/2017:12:34:17 -0300] "GET /cormun/servlet/solicitudotadjuntos?INS,2017,4881,,1, HTTP/1.1" 200 5772
186.103.158.250 - - [28/Feb/2017:12:34:18 -0300] "GET /cormun/servlet/solicitudotadjuntos?fd12f9837721f61a8cb93ef34d38c6a23316f076d92bb3d7083602990e5b097a681acf1f22f159dcb3581a1fa2059aa4,gx-no-cache=1488296037403 HTTP/1.1" 200 30
186.103.158.250 - - [28/Feb/2017:12:34:18 -0300] "POST /cormun/servlet/solicitudotadjuntos?8817f0b2a6aac5a3dca0c679c2016e74,INS,2017,4881,,1,,gx-no-cache=1488296037826 HTTP/1.1" 200 3635
186.103.158.250 - - [28/Feb/2017:12:34:22 -0300] "GET /cormun/servlet/trsolicitudadjuntos?2017,4881, HTTP/1.1" 200 8759
186.103.158.250 - - [28/Feb/2017:12:34:23 -0300] "GET /cormun/servlet/trsolicitudadjuntos?2017,4881, HTTP/1.1" 200 8757
186.103.158.250 - - [28/Feb/2017:12:34:24 -0300] "GET /cormun/servlet/solicitudotadjuntos?INS,2017,4881,,1, HTTP/1.1" 200 5778
186.103.158.250 - - [28/Feb/2017:12:34:25 -0300] "GET /cormun/servlet/solicitudotadjuntos?INS,2017,4881,,1, HTTP/1.1" 200 5772
186.103.158.250 - - [28/Feb/2017:12:34:26 -0300] "GET /cormun/servlet/solicitudotadjuntos?fd12f9837721f61a8cb93ef34d38c6a23316f076d92bb3d7083602990e5b097a681acf1f22f159dcb3581a1fa2059aa4,gx-no-cache=1488296045590 HTTP/1.1" 200 30
186.103.158.250 - - [28/Feb/2017:12:34:26 -0300] "POST /cormun/servlet/solicitudotadjuntos?8817f0b2a6aac5a3dca0c679c2016e74,INS,2017,4881,,1,,gx-no-cache=1488296045638 HTTP/1.1" 200 3635
186.103.158.250 - - [28/Feb/2017:12:34:44 -0300] "GET /cormun/servlet/trvisualizadoreventos? HTTP/1.1" 200 6500
186.103.158.250 - - [28/Feb/2017:12:34:45 -0300] "GET /cormun/servlet/trvisualizadoreventos? HTTP/1.1" 200 6482
186.103.158.250 - - [28/Feb/2017:12:34:53 -0300] "GET /cormun/static/menuarrow.gif HTTP/1.1" 404 1015
186.103.158.250 - - [28/Feb/2017:12:35:03 -0300] "POST /cormun/servlet/trvisualizadoreventos?8817f0b2a6aac5a3dca0c679c2016e74,,gx-no-cache=1488296082129 HTTP/1.1" 200 3784
186.103.158.250 - - [28/Feb/2017:12:35:26 -0300] "GET /cormun/servlet/trsolicitudot? HTTP/1.1" 200 8449
186.103.158.250 - - [28/Feb/2017:12:35:27 -0300] "GET /cormun/servlet/trsolicitudot? HTTP/1.1" 200 8448
186.103.158.250 - - [28/Feb/2017:12:35:41 -0300] "POST /cormun/servlet/trsolicitudot?8817f0b2a6aac5a3dca0c679c2016e74,,gx-no-cache=1488296120920 HTTP/1.1" 200 5276
186.103.158.250 - - [28/Feb/2017:12:35:42 -0300] "GET /cormun/static/Shared/jqueryui/images/ui-bg_highlight-soft_100_c6c2c8_1x100.png HTTP/1.1" 404 1117
186.103.158.250 - - [28/Feb/2017:12:35:42 -0300] "GET /cormun/static/Shared/jqueryui/images/ui-icons_82798d_256x240.png HTTP/1.1" 404 1089
186.103.158.250 - - [28/Feb/2017:12:35:42 -0300] "GET /cormun/static/Shared/jqueryui/images/ui-bg_flat_55_fafafa_40x100.png HTTP/1.1" 404 1097
186.103.158.250 - - [28/Feb/2017:12:35:42 -0300] "GET /cormun/static/Shared/jqueryui/images/ui-icons_8d78a5_256x240.png HTTP/1.1" 404 1089
186.103.158.250 - - [28/Feb/2017:12:35:42 -0300] "POST /cormun/servlet/trsolicitudot?8817f0b2a6aac5a3dca0c679c2016e74,,gx-no-cache=1488296121478 HTTP/1.1" 200 5218
186.103.159.204 - - [28/Feb/2017:12:35:43 -0300] "GET /cormun/servlet/solicitudot?d7d542728aa44b4b8c19e21dd2cbf0494be54b3d12030b1f1bdf450331c3e699ef7cfc68aa6a02fabf6b11c7b8999cd87797f14aecaa99ac8aa4dbc89764d588a0df98964cad14a57f0ace7bf67ab63affa10d421e668cc9b88e7a09b0cf7554c00c920080f470fa59dc2a8ea13a8d651b8af525a9b54a1ae94a4341f10ba18be308c220b748e728fd8a692751eb54df22f4c203e60f74ba07e1239f72abfd51e78ca24a94608bb9b7dacab9cf2710dc93817402746c0610039df7f88ca7ba78f3c2dea61fb1a52aa3de2a44220c2aef9b676dded648a6548f95f6b0c07116344ef16862aa2c1ecd6a64833b4ca49ebf542bfbd5cf2c9bcbbce74146f2826b368537603ffdc3381a1eaf563e9957f1901b13436a200af48b769118ba72ba99cb3063d5f5ebd1822a926a4caeab02923463ed3d7b28cd5106fd8e43059898d67c89e7bb0a351321bd5d79f35ae267ef99,gx-no-cache=1488296212270 HTTP/1.1" 200 256
186.103.159.204 - - [28/Feb/2017:12:35:49 -0300] "GET /cormun/servlet/solicitudot?d7d542728aa44b4b8c19e21dd2cbf049dd90ad65355d7818bd9014c27580e377431cb7903568f1adf069228f884b1b3d021ad576f72e9c28428d93a2c0947881a6cf363968ca0c685790f8942b544ec9a51d21e56669d1e1253f56cafb7fbd0a85bd73e0cfdfeb2d5fdd62dfa73851c84b01ea0ac7745df3e7a39aebd76c718c8764435a8677375cb1fc7f49aec254d96c87ead03e37876c6c8f0a4d4fd59c068d967e918d58f7755d8d6e84a76620b830b46095f4ced5a997ef331d0033bdd555d85fe3cb4e7d7cbdaed7d70db670ebc147796b297214b04928317e18e0e310483389d417119034ca32fcf6c48c3939dcbcda1d5227e5cfd74244482517cc3094fbff79075acff8269cb4012500cc90401694c04c9c19a9bf29e6832b11bf73cf81fca6aa8ac4f6d21bc5bfbdbb480ab4dc35535ed9b66bab589840455de2f0b056cd82cd9ab75ef052f82f2933592ec53fb39119bd4c5b7dd2871df0977acdcec3063aa0ba7318fe74ab948dba306625c27da24bb12b277f19f30610efc6da,gx-no-cache=1488296218547 HTTP/1.1" 200 30
186.103.159.204 - - [28/Feb/2017:12:35:51 -0300] "POST /cormun/servlet/solicitudot?gx-no-cache=1488296220251 HTTP/1.1" 200 30
186.103.159.204 - - [28/Feb/2017:12:35:54 -0300] "POST /cormun/servlet/solicitudot?gx-no-cache=1488296223399 HTTP/1.1" 200 235
186.103.159.204 - - [28/Feb/2017:12:35:54 -0300] "POST /cormun/servlet/solicitudot?gx-no-cache=1488296223516 HTTP/1.1" 200 38
186.103.157.42 - - [28/Feb/2017:12:35:54 -0300] "POST /cormun/servlet/trsolicitudot?17ed51ef6d975dc8e7b77874f1cc5429,gx-no-cache=1488296227528 HTTP/1.1" 200 5267
186.103.158.250 - - [28/Feb/2017:12:35:56 -0300] "GET /cormun/servlet/trsolicitudot? HTTP/1.1" 200 7984
186.103.158.250 - - [28/Feb/2017:12:35:57 -0300] "GET /cormun/servlet/trsolicitudot? HTTP/1.1" 200 7984
186.103.157.42 - - [28/Feb/2017:12:36:06 -0300] "POST /cormun/servlet/trsolicitudot?17ed51ef6d975dc8e7b77874f1cc5429,gx-no-cache=1488296239798 HTTP/1.1" 200 3886
186.103.157.42 - - [28/Feb/2017:12:36:11 -0300] "POST /cormun/servlet/trsolicitudot?17ed51ef6d975dc8e7b77874f1cc5429,gx-no-cache=1488296244154 HTTP/1.1" 200 5535
186.103.157.42 - - [28/Feb/2017:12:36:34 -0300] "POST /cormun/servlet/trsolicitudot?17ed51ef6d975dc8e7b77874f1cc5429,gx-no-cache=1488296267803 HTTP/1.1" 200 3885
186.103.157.42 - - [28/Feb/2017:12:36:39 -0300] "POST /cormun/servlet/trsolicitudot?17ed51ef6d975dc8e7b77874f1cc5429,gx-no-cache=1488296272044 HTTP/1.1" 200 10434
186.103.158.250 - - [28/Feb/2017:12:36:49 -0300] "GET /cormun/servlet/solicitudot?INS,0,0, HTTP/1.1" 200 12551
186.103.157.42 - - [28/Feb/2017:12:36:49 -0300] "GET /cormun/static/menuarrow.gif HTTP/1.1" 404 1015
186.103.158.250 - - [28/Feb/2017:12:36:51 -0300] "GET /cormun/servlet/solicitudot?INS,0,0, HTTP/1.1" 200 12555
186.103.157.42 - - [28/Feb/2017:12:36:52 -0300] "POST /cormun/servlet/trsolicitudot?17ed51ef6d975dc8e7b77874f1cc5429,gx-no-cache=1488296285314 HTTP/1.1" 200 10434
186.103.158.250 - - [28/Feb/2017:12:37:06 -0300] "POST /cormun/servlet/solicitudot?gx-no-cache=1488296205710 HTTP/1.1" 200 3195
186.103.158.250 - - [28/Feb/2017:12:37:06 -0300] "POST /cormun/servlet/solicitudot?8817f0b2a6aac5a3dca0c679c2016e74,INS,0,0,,gx-no-cache=1488296206037 HTTP/1.1" 200 9786
186.103.159.204 - - [28/Feb/2017:12:37:17 -0300] "GET /cormun/servlet/solicitudot?d7d542728aa44b4b8c19e21dd2cbf049db3bb4ea41bfbce0b7d772f9d671a8d1542bfbd5cf2c9bcbbce74146f2826b368537603ffdc3381a1eaf563e9957f190b0450a3cb67642a64fc53549068a87f5,gx-no-cache=1488296305872 HTTP/1.1" 200 29
186.103.159.204 - - [28/Feb/2017:12:37:17 -0300] "POST /cormun/servlet/solicitudot?gx-no-cache=1488296305938 HTTP/1.1" 200 643
186.103.159.204 - - [28/Feb/2017:12:37:18 -0300] "POST /cormun/servlet/solicitudot?gx-no-cache=1488296306783 HTTP/1.1" 200 1157
186.103.158.250 - - [28/Feb/2017:12:37:22 -0300] "GET /cormun/servlet/solicitudot?fd12f9837721f61a8cb93ef34d38c6a2c4551429954fc92164c01a66f998de3837715440fb6f559714381068cf4ccab2,gx-no-cache=1488296221682 HTTP/1.1" 200 30
186.103.158.250 - - [28/Feb/2017:12:37:22 -0300] "POST /cormun/servlet/solicitudot?gx-no-cache=1488296221801 HTTP/1.1" 200 297
186.103.158.250 - - [28/Feb/2017:12:37:23 -0300] "GET /cormun/servlet/solicitudot?fd12f9837721f61a8cb93ef34d38c6a267d15816e30040aff2554754479e4aeb6134befe6eeabee10d94ea9c38031790ff7b1eb97b8106d7101352f591dde36af5339741911c93f7d76ab9accb726830120dc7beb66a9161315ce37f801bd0596c95cf2d1c118b9e023243ae70c2791d318859bf143db9f2a6fb9d35defb86903ae34fea482d8a4349ffe8205409afaaacf6c195afd13c3afa7686ed21d307e8d2c242c84068ad5924eace9617658a777a52c34e89215cf12b4717f7413cc3cfa92090b17e9505454f1a340d32e90a5e9fff5dfa779c2d73de662312a37a3a77f8a8877edc4d1a1dc3a5b7682168c15ceef51dd004b83486cf172646d967d122a5e05bf9baddd2a0bee521ab2937b80fb6ee8bd398181610e301c074d1117588f796f4cd4139ddc49fb4fd14803b19d0d6aa7d7d01c94e95688465ee341314c75aa0ae835557450c3c24f281ce6b5927731bd89f1603a914bf66bbcb4899630c8ef4a2aeaf76e573af3d1a99a6d3ae42838d056d037596f53596a55697eb1f95406426b2fef2dcee5f963bb284e5a51d,gx-no-cache=1488296221886 HTTP/1.1" 200 30
186.103.158.250 - - [28/Feb/2017:12:37:23 -0300] "POST /cormun/servlet/solicitudot?gx-no-cache=1488296222253 HTTP/1.1" 200 30
186.103.158.250 - - [28/Feb/2017:12:37:23 -0300] "POST /cormun/servlet/solicitudot?gx-no-cache=1488296222336 HTTP/1.1" 200 1291
186.103.158.250 - - [28/Feb/2017:12:37:23 -0300] "POST /cormun/servlet/solicitudot?gx-no-cache=1488296222771 HTTP/1.1" 200 38
186.103.159.204 - - [28/Feb/2017:12:37:33 -0300] "GET /cormun/static/menuarrow.gif HTTP/1.1" 404 1015
186.103.159.204 - - [28/Feb/2017:12:37:47 -0300] "GET /cormun/servlet/solicitudot?d7d542728aa44b4b8c19e21dd2cbf049f8beda9f01a65d71ded7360bff1653eb7e589f30b78e4783911817f2c9088fefbcab837d3449463aa1b81f096b1a36218537603ffdc3381a1eaf563e9957f19032bcb7ea75212951bb064d67051ca0f8b1c533aec45a46b0b87d07c0c48e3810ba6ba3fc30712ea634d01505467a19a57896257de5112f64a3d35b81af6ef9e3c999494c20996501ffa0b7a58f8ee64dc2e9f1833a345a749b0da08c7c565ed7,gx-no-cache=1488296336601 HTTP/1.1" 200 30
186.103.159.204 - - [28/Feb/2017:12:38:00 -0300] "POST /cormun/servlet/solicitudot?4c9529ca278ab4321ba6c80f5bb31f24,INS,0,0,,gx-no-cache=1488296348951 HTTP/1.1" 200 11216
186.103.157.42 - - [28/Feb/2017:12:38:29 -0300] "GET /cormun/servlet/trsolicitudot? HTTP/1.1" 200 13401
186.103.157.42 - - [28/Feb/2017:12:38:31 -0300] "GET /cormun/servlet/trsolicitudot? HTTP/1.1" 200 13401
186.103.157.42 - - [28/Feb/2017:12:38:35 -0300] "GET /cormun/servlet/solicitudot?INS,0,0, HTTP/1.1" 200 12847
186.103.157.42 - - [28/Feb/2017:12:38:36 -0300] "GET /cormun/servlet/solicitudot?INS,0,0, HTTP/1.1" 200 12852
186.103.157.42 - - [28/Feb/2017:12:38:48 -0300] "POST /cormun/servlet/solicitudot?gx-no-cache=1488296401540 HTTP/1.1" 200 3081
186.103.157.42 - - [28/Feb/2017:12:38:48 -0300] "POST /cormun/servlet/solicitudot?17ed51ef6d975dc8e7b77874f1cc5429,INS,0,0,,gx-no-cache=1488296401768 HTTP/1.1" 200 9863
186.103.157.42 - - [28/Feb/2017:12:38:51 -0300] "GET /cormun/servlet/solicitudot?869c27ad6d42c4aae402ca63ec68e6c87e5e656765f6904799ec1e5200bd037bcd0c5272022830fcc01cd7fe0826b8cb,gx-no-cache=1488296404261 HTTP/1.1" 200 30
186.103.158.250 - - [28/Feb/2017:12:39:23 -0300] "GET /cormun/servlet/solicitudot?fd12f9837721f61a8cb93ef34d38c6a25f3cc2f5bc1b7e567549002a291c1ccaf19d5146e6994fbaffab23fcb247fd8c8da21e18dfdd1ed532205b9cd75b92a3d90ac0fd382daca548f1afe811d433fb795feef53f15c8d7fe660239f93447af75b9e85565950c6226e9e9e096ea4d31,gx-no-cache=1488296342667 HTTP/1.1" 200 29
186.103.158.250 - - [28/Feb/2017:12:39:23 -0300] "POST /cormun/servlet/solicitudot?gx-no-cache=1488296342911 HTTP/1.1" 200 1273
186.103.158.250 - - [28/Feb/2017:12:39:23 -0300] "POST /cormun/servlet/solicitudot?gx-no-cache=1488296343010 HTTP/1.1" 200 1156
186.103.158.250 - - [28/Feb/2017:12:39:27 -0300] "POST /cormun/servlet/solicitudot?gx-no-cache=1488296346291 HTTP/1.1" 200 1273
186.103.158.250 - - [28/Feb/2017:12:39:27 -0300] "POST /cormun/servlet/solicitudot?gx-no-cache=1488296346362 HTTP/1.1" 200 1156
186.103.158.250 - - [28/Feb/2017:12:39:46 -0300] "GET /cormun/servlet/solicitudot?fd12f9837721f61a8cb93ef34d38c6a2ad519e87102d902d08c3d31815b0e05bd5b574f8521da4145a699a07617df0f0c89b3f8952eb2d3eca1de20ca1fcc9554f630096baba51a2db58c532a62aa6c371396c0ab26d71a97122c212f307ec42f8030b53399c46c4771414a6c4b3254d2d3b6fd212e23cedab8190dd96abcf17215f05ccf2adbdd6c328770eaa549d1e1f146f27593df8df22b15fb09d8b08e9429b4e9212abe589ac9ad10e79a2ff7a,gx-no-cache=1488296365507 HTTP/1.1" 200 30
46.174.191.29 - - [28/Feb/2017:12:39:56 -0300] "GET / HTTP/1.0" 200 11197
186.103.158.250 - - [28/Feb/2017:12:40:19 -0300] "POST /cormun/servlet/solicitudot?8817f0b2a6aac5a3dca0c679c2016e74,INS,0,0,,gx-no-cache=1488296398177 HTTP/1.1" 200 93
186.103.158.250 - - [28/Feb/2017:12:40:19 -0300] "GET /cormun/servlet/hpexe_return? HTTP/1.1" 200 998
186.103.158.250 - - [28/Feb/2017:12:40:19 -0300] "GET /cormun/servlet/trsolicitudot HTTP/1.1" 200 8457
186.103.158.250 - - [28/Feb/2017:12:40:21 -0300] "GET /cormun/servlet/trsolicitudot HTTP/1.1" 200 8453
186.103.157.42 - - [28/Feb/2017:12:40:26 -0300] "POST /cormun/servlet/solicitudot?gx-no-cache=1488296499221 HTTP/1.1" 200 255
186.103.158.250 - - [28/Feb/2017:12:40:29 -0300] "POST /cormun/servlet/trsolicitudot?8817f0b2a6aac5a3dca0c679c2016e74,gx-no-cache=1488296408628 HTTP/1.1" 200 106
186.103.158.250 - - [28/Feb/2017:12:40:29 -0300] "GET /cormun/servlet/trsolicitudadjuntos?2017,4882, HTTP/1.1" 200 5846
186.103.157.42 - - [28/Feb/2017:12:40:30 -0300] "GET /cormun/servlet/solicitudot?869c27ad6d42c4aae402ca63ec68e6c89716d5ce8099dbf7b2547bcd552e90ab71cfec3209d03765da403475762f2b84a3f434ce42682f5732f4e5d4be5f288200e670dce8452fa6b535c2f82bc0bbc0fa5de8ba57e76c8f3c971f518ff12ba1e0b292779ed7c738300520e44b1791de19cb50e12bf5167c37a23fea2a5d3d595f2742115e192acabe3b2e94e04e85e08a9a050d834c729ebddc42176fbfcaab476a70337637e12e9320be7defcd872340679ad3e9c65cc7a728cf498c41769baa3dc626b3eba7cc484acb36fda258a5900b72baae9b1e8bacd0e07c3f868527b2dd270441f74976b66993a7d888c6253d610e4f78c7e6a3ab89f8cb5d201abe8758a20f1e1fd5f8fcc8e805cec73ed9dae66b4a1c89d7cb10ef391186e2bfadb5be41af88beac726d6d1747cad1f6b6c4bdec6ea30bb2ede37e7842ed564ba7ce43ae991531d00942c691f77b431987877a9315065682d4c9c32cabd95cbc44fbaa8456b4e3076eb88df4529a9cff8b6e4a128fde9b1a7ae56d4f02a0fa720c,gx-no-cache=1488296503236 HTTP/1.1" 200 30
186.103.158.250 - - [28/Feb/2017:12:40:30 -0300] "GET /cormun/servlet/trsolicitudadjuntos?2017,4882, HTTP/1.1" 200 5846
186.103.158.250 - - [28/Feb/2017:12:40:34 -0300] "GET /cormun/servlet/solicitudotadjuntos?INS,2017,4882,,1, HTTP/1.1" 200 5778
186.103.158.250 - - [28/Feb/2017:12:40:34 -0300] "GET /cormun/static/about:blank HTTP/1.1" 404 1011
186.103.158.250 - - [28/Feb/2017:12:40:35 -0300] "GET /cormun/servlet/solicitudotadjuntos?INS,2017,4882,,1, HTTP/1.1" 200 5772
186.103.158.250 - - [28/Feb/2017:12:40:36 -0300] "GET /cormun/servlet/solicitudotadjuntos?fd12f9837721f61a8cb93ef34d38c6a2eda65a8ae1eba703acc5e41e8af14b0a681acf1f22f159dcb3581a1fa2059aa4,gx-no-cache=1488296415248 HTTP/1.1" 200 30
186.103.158.250 - - [28/Feb/2017:12:40:36 -0300] "POST /cormun/servlet/solicitudotadjuntos?8817f0b2a6aac5a3dca0c679c2016e74,INS,2017,4882,,1,,gx-no-cache=1488296415357 HTTP/1.1" 200 3635
186.103.157.42 - - [28/Feb/2017:12:40:38 -0300] "POST /cormun/servlet/solicitudot?gx-no-cache=1488296511421 HTTP/1.1" 200 30
186.103.157.42 - - [28/Feb/2017:12:40:44 -0300] "POST /cormun/servlet/solicitudot?gx-no-cache=1488296517182 HTTP/1.1" 200 235
186.103.157.42 - - [28/Feb/2017:12:40:44 -0300] "POST /cormun/servlet/solicitudot?gx-no-cache=1488296517254 HTTP/1.1" 200 38
186.103.158.250 - - [28/Feb/2017:12:40:46 -0300] "POST /cormun/servlet/solicitudotadjuntos?gx-no-cache=1488296425318 HTTP/1.1" 200 26
186.103.159.204 - - [28/Feb/2017:12:40:47 -0300] "POST /cormun/servlet/solicitudot?gx-no-cache=1488296516524 HTTP/1.1" 200 3213
186.103.159.204 - - [28/Feb/2017:12:41:06 -0300] "GET /cormun/servlet/solicitudot?d7d542728aa44b4b8c19e21dd2cbf049dd90ad65355d7818bd9014c27580e377d1284c340530aeb439130b4938170661021ad576f72e9c28428d93a2c0947881a6cf363968ca0c685790f8942b544ec9a51d21e56669d1e1253f56cafb7fbd0a85bd73e0cfdfeb2d5fdd62dfa73851c84b01ea0ac7745df3e7a39aebd76c718c8764435a8677375cb1fc7f49aec254d96c87ead03e37876c6c8f0a4d4fd59c068d967e918d58f7755d8d6e84a76620b830b46095f4ced5a997ef331d0033bdd555d85fe3cb4e7d7cbdaed7d70db670ebc147796b297214b04928317e18e0e310483389d417119034ca32fcf6c48c3939a91e235574811c6c1a813b66965aec4c94fbff79075acff8269cb4012500cc90a1826c811f0dd74ba27b944509b80f99ebced222aad1df11fd578756e76be05d82ee71783f35e4dbfa63c784592ed4e58e171ceff47c5096eb44ec2cd311c92a,gx-no-cache=1488296534981 HTTP/1.1" 200 30
186.103.159.204 - - [28/Feb/2017:12:41:06 -0300] "POST /cormun/servlet/solicitudot?gx-no-cache=1488296535373 HTTP/1.1" 200 30
186.103.159.204 - - [28/Feb/2017:12:41:06 -0300] "POST /cormun/servlet/solicitudot?gx-no-cache=1488296535513 HTTP/1.1" 200 1287
186.103.159.204 - - [28/Feb/2017:12:41:06 -0300] "POST /cormun/servlet/solicitudot?gx-no-cache=1488296535731 HTTP/1.1" 200 41
186.103.159.204 - - [28/Feb/2017:12:41:22 -0300] "POST /cormun/servlet/solicitudot?gx-no-cache=1488296550880 HTTP/1.1" 200 1275
186.103.159.204 - - [28/Feb/2017:12:41:22 -0300] "POST /cormun/servlet/solicitudot?gx-no-cache=1488296550993 HTTP/1.1" 200 1156
186.103.159.204 - - [28/Feb/2017:12:41:22 -0300] "GET /cormun/servlet/solicitudot?d7d542728aa44b4b8c19e21dd2cbf049f8beda9f01a65d71ded7360bff1653eb7e589f30b78e4783911817f2c9088fefbcab837d3449463aa1b81f096b1a36218537603ffdc3381a1eaf563e9957f19032bcb7ea75212951bb064d67051ca0f8b1c533aec45a46b0b87d07c0c48e3810ba6ba3fc30712ea634d01505467a19a57896257de5112f64a3d35b81af6ef9e3c999494c20996501ffa0b7a58f8ee64dc2e9f1833a345a749b0da08c7c565ed7,gx-no-cache=1488296551102 HTTP/1.1" 200 30
186.103.159.204 - - [28/Feb/2017:12:41:22 -0300] "POST /cormun/servlet/solicitudot?4c9529ca278ab4321ba6c80f5bb31f24,INS,0,0,,gx-no-cache=1488296551198 HTTP/1.1" 200 11272
186.103.158.250 - - [28/Feb/2017:12:41:34 -0300] "GET /cormun/servlet/solicitudotadjuntos?fd12f9837721f61a8cb93ef34d38c6a23fd86299713d915f5b9abe1c6865cc2a,gx-no-cache=1488296473159 HTTP/1.1" 200 30
186.103.158.250 - - [28/Feb/2017:12:41:34 -0300] "GET /cormun/servlet/solicitudotadjuntos?fd12f9837721f61a8cb93ef34d38c6a23fd86299713d915f5b9abe1c6865cc2a,gx-no-cache=1488296473328 HTTP/1.1" 200 30
186.103.158.250 - - [28/Feb/2017:12:41:38 -0300] "POST /cormun/servlet/solicitudotadjuntos?8817f0b2a6aac5a3dca0c679c2016e74,INS,2017,4882,,1, HTTP/1.1" 200 116
186.103.158.250 - - [28/Feb/2017:12:41:38 -0300] "GET /cormun/servlet/hpexe_return? HTTP/1.1" 200 1016
186.103.158.250 - - [28/Feb/2017:12:41:38 -0300] "GET /cormun/servlet/trsolicitudadjuntos?2017,4882, HTTP/1.1" 200 7894
186.103.158.250 - - [28/Feb/2017:12:41:40 -0300] "GET /cormun/servlet/trsolicitudadjuntos?2017,4882, HTTP/1.1" 200 7891
186.103.158.250 - - [28/Feb/2017:12:41:43 -0300] "GET /cormun/servlet/solicitudotadjuntos?INS,2017,4882,,1, HTTP/1.1" 200 5779
186.103.158.250 - - [28/Feb/2017:12:41:43 -0300] "GET /cormun/static/about:blank HTTP/1.1" 404 1011
186.103.158.250 - - [28/Feb/2017:12:41:44 -0300] "GET /cormun/servlet/solicitudotadjuntos?INS,2017,4882,,1, HTTP/1.1" 200 5773
186.103.158.250 - - [28/Feb/2017:12:41:44 -0300] "GET /cormun/servlet/solicitudotadjuntos?fd12f9837721f61a8cb93ef34d38c6a2eda65a8ae1eba703acc5e41e8af14b0a681acf1f22f159dcb3581a1fa2059aa4,gx-no-cache=1488296484003 HTTP/1.1" 200 30
186.103.158.250 - - [28/Feb/2017:12:41:45 -0300] "POST /cormun/servlet/solicitudotadjuntos?8817f0b2a6aac5a3dca0c679c2016e74,INS,2017,4882,,1,,gx-no-cache=1488296484087 HTTP/1.1" 200 3635
186.103.158.250 - - [28/Feb/2017:12:41:49 -0300] "POST /cormun/servlet/solicitudotadjuntos?gx-no-cache=1488296489030 HTTP/1.1" 200 26
186.103.157.42 - - [28/Feb/2017:12:41:54 -0300] "GET /cormun/servlet/solicitudot?869c27ad6d42c4aae402ca63ec68e6c856b940d096410679f8b764f6182d366a1d61af1da6a0f6e2aee777daab02f0f8159fbeec08097835145721d56b645d2d18fb5b8054d40c2a1c7447e1a33e53cb2289cb1b37b3e11b788b9055dc5625bf059dfbafd3a3793d4c9162f8a6a3fb26,gx-no-cache=1488296587396 HTTP/1.1" 200 29
186.103.157.42 - - [28/Feb/2017:12:41:54 -0300] "POST /cormun/servlet/solicitudot?gx-no-cache=1488296587786 HTTP/1.1" 200 641
186.103.157.42 - - [28/Feb/2017:12:41:56 -0300] "POST /cormun/servlet/solicitudot?gx-no-cache=1488296589401 HTTP/1.1" 200 1157
186.103.158.250 - - [28/Feb/2017:12:42:02 -0300] "GET /cormun/servlet/solicitudotadjuntos?fd12f9837721f61a8cb93ef34d38c6a23fd86299713d915f5b9abe1c6865cc2a,gx-no-cache=1488296501879 HTTP/1.1" 200 30
186.103.158.250 - - [28/Feb/2017:12:42:02 -0300] "GET /cormun/servlet/solicitudotadjuntos?fd12f9837721f61a8cb93ef34d38c6a23fd86299713d915f5b9abe1c6865cc2a,gx-no-cache=1488296501954 HTTP/1.1" 200 30
186.103.158.250 - - [28/Feb/2017:12:42:04 -0300] "POST /cormun/servlet/solicitudotadjuntos?8817f0b2a6aac5a3dca0c679c2016e74,INS,2017,4882,,1, HTTP/1.1" 200 116
186.103.158.250 - - [28/Feb/2017:12:42:04 -0300] "GET /cormun/servlet/hpexe_return? HTTP/1.1" 200 1016
186.103.158.250 - - [28/Feb/2017:12:42:04 -0300] "GET /cormun/servlet/trsolicitudadjuntos?2017,4882, HTTP/1.1" 200 8122
186.103.158.250 - - [28/Feb/2017:12:42:06 -0300] "GET /cormun/servlet/trsolicitudadjuntos?2017,4882, HTTP/1.1" 200 8116
186.103.159.204 - - [28/Feb/2017:12:42:12 -0300] "POST /cormun/servlet/solicitudot?gx-no-cache=1488296600946 HTTP/1.1" 200 297
186.103.159.204 - - [28/Feb/2017:12:42:12 -0300] "GET /cormun/servlet/solicitudot?d7d542728aa44b4b8c19e21dd2cbf049dd90ad65355d7818bd9014c27580e377d1284c340530aeb439130b4938170661021ad576f72e9c28428d93a2c0947881a6cf363968ca0c685790f8942b544ec9a51d21e56669d1e1253f56cafb7fbd0a85bd73e0cfdfeb2d5fdd62dfa73851c84b01ea0ac7745df3e7a39aebd76c718c8764435a8677375cb1fc7f49aec254d96c87ead03e37876c6c8f0a4d4fd59c068d967e918d58f7755d8d6e84a76620b830b46095f4ced5a997ef331d0033bdd555d85fe3cb4e7d7cbdaed7d70db670ebc147796b297214b04928317e18e0e310483389d417119034ca32fcf6c48c3939a91e235574811c6c1a813b66965aec4c94fbff79075acff8269cb4012500cc90401694c04c9c19a9bf29e6832b11bf73cf81fca6aa8ac4f6d21bc5bfbdbb480ab4dc35535ed9b66bab589840455de2f0d662313d064a646f1c212bbc3358e69bd7fd07e27146f9b779e78e4da0650b128029f41477aff3b41b1c50ed68fd2935629f6a935c6d75a2752419649bf46a9dba09e9c2be39cce9534d1ad10fdf3331,gx-no-cache=1488296601017 HTTP/1.1" 200 30
186.103.159.204 - - [28/Feb/2017:12:42:12 -0300] "POST /cormun/servlet/solicitudot?gx-no-cache=1488296601395 HTTP/1.1" 200 30
186.103.159.204 - - [28/Feb/2017:12:42:12 -0300] "POST /cormun/servlet/solicitudot?gx-no-cache=1488296601549 HTTP/1.1" 200 1287
186.103.159.204 - - [28/Feb/2017:12:42:12 -0300] "POST /cormun/servlet/solicitudot?gx-no-cache=1488296601705 HTTP/1.1" 200 41
186.103.159.204 - - [28/Feb/2017:12:42:12 -0300] "POST /cormun/servlet/solicitudot?gx-no-cache=1488296601783 HTTP/1.1" 200 1275
186.103.159.204 - - [28/Feb/2017:12:42:13 -0300] "POST /cormun/servlet/solicitudot?gx-no-cache=1488296601860 HTTP/1.1" 200 1156
186.103.159.204 - - [28/Feb/2017:12:42:13 -0300] "GET /cormun/servlet/solicitudot?d7d542728aa44b4b8c19e21dd2cbf049f8beda9f01a65d71ded7360bff1653eb7e589f30b78e4783911817f2c9088fefbcab837d3449463aa1b81f096b1a36218537603ffdc3381a1eaf563e9957f19032bcb7ea75212951bb064d67051ca0f8b1c533aec45a46b0b87d07c0c48e3810ba6ba3fc30712ea634d01505467a19a57896257de5112f64a3d35b81af6ef9e3c999494c20996501ffa0b7a58f8ee64dc2e9f1833a345a749b0da08c7c565ed7,gx-no-cache=1488296601964 HTTP/1.1" 200 30
186.103.159.204 - - [28/Feb/2017:12:42:21 -0300] "POST /cormun/servlet/solicitudot?4c9529ca278ab4321ba6c80f5bb31f24,INS,0,0,,gx-no-cache=1488296609650 HTTP/1.1" 200 11316
186.103.157.42 - - [28/Feb/2017:12:42:21 -0300] "GET /cormun/static/menuarrow.gif HTTP/1.1" 404 1015
186.103.157.42 - - [28/Feb/2017:12:42:30 -0300] "GET /cormun/servlet/solicitudot?869c27ad6d42c4aae402ca63ec68e6c8fee5e0b91ebb73e499140e99b721022cf04a224da83f602739569181cd056ef7b1022ec33fe0fe0ca03fac78d3d33085dfa14c40b1569e097fe801186682343ce0387d714a74779f2deebe3138ee0037c8acc0c8f76cba167da3f38b3eac9aa94ff81d11f9c064859971029737191e579ca2ffc43ecfe6cf340c11ce0b9251489e7910cacba8be7d003fd6748f33fa03e6af9f1a99112b3cdd6afb62db691d20,gx-no-cache=1488296623516 HTTP/1.1" 200 30
186.103.158.250 - - [28/Feb/2017:12:42:31 -0300] "GET /cormun/servlet/solicitudotadjuntos?INS,2017,4882,,1, HTTP/1.1" 200 5779
186.103.158.250 - - [28/Feb/2017:12:42:31 -0300] "GET /cormun/static/about:blank HTTP/1.1" 404 1011
186.103.158.250 - - [28/Feb/2017:12:42:32 -0300] "GET /cormun/servlet/solicitudotadjuntos?INS,2017,4882,,1, HTTP/1.1" 200 5773
186.103.158.250 - - [28/Feb/2017:12:42:33 -0300] "GET /cormun/servlet/solicitudotadjuntos?fd12f9837721f61a8cb93ef34d38c6a2eda65a8ae1eba703acc5e41e8af14b0a681acf1f22f159dcb3581a1fa2059aa4,gx-no-cache=1488296532554 HTTP/1.1" 200 30
186.103.158.250 - - [28/Feb/2017:12:42:33 -0300] "POST /cormun/servlet/solicitudotadjuntos?8817f0b2a6aac5a3dca0c679c2016e74,INS,2017,4882,,1,,gx-no-cache=1488296532612 HTTP/1.1" 200 3634
186.103.159.204 - - [28/Feb/2017:12:42:34 -0300] "POST /cormun/servlet/solicitudot?4c9529ca278ab4321ba6c80f5bb31f24,INS,0,0,,gx-no-cache=1488296623250 HTTP/1.1" 200 93
186.103.159.204 - - [28/Feb/2017:12:42:34 -0300] "GET /cormun/servlet/hpexe_return? HTTP/1.1" 200 999
186.103.159.204 - - [28/Feb/2017:12:42:34 -0300] "GET /cormun/static/hpexe_return.js?2016101716175153 HTTP/1.1" 304 -
186.103.159.204 - - [28/Feb/2017:12:42:34 -0300] "GET /cormun/servlet/trsolicitudot HTTP/1.1" 200 6945
186.103.159.204 - - [28/Feb/2017:12:42:35 -0300] "GET /cormun/static/Resources/asc.gif HTTP/1.1" 200 67
186.103.159.204 - - [28/Feb/2017:12:42:35 -0300] "GET /cormun/static/Resources/desc.gif HTTP/1.1" 200 65
186.103.159.204 - - [28/Feb/2017:12:42:35 -0300] "GET /cormun/static/Resources/asc.gif HTTP/1.1" 200 67
186.103.159.204 - - [28/Feb/2017:12:42:35 -0300] "GET /cormun/static/Resources/desc.gif HTTP/1.1" 200 65
186.103.159.204 - - [28/Feb/2017:12:42:36 -0300] "GET /cormun/servlet/trsolicitudot HTTP/1.1" 200 6941
186.103.158.250 - - [28/Feb/2017:12:42:38 -0300] "POST /cormun/servlet/solicitudotadjuntos?gx-no-cache=1488296537999 HTTP/1.1" 200 26
186.103.159.204 - - [28/Feb/2017:12:42:41 -0300] "GET /cormun/servlet/hlogin HTTP/1.1" 200 1729
186.103.157.42 - - [28/Feb/2017:12:42:52 -0300] "POST /cormun/servlet/solicitudot?17ed51ef6d975dc8e7b77874f1cc5429,INS,0,0,,gx-no-cache=1488296644629 HTTP/1.1" 200 93
186.103.157.42 - - [28/Feb/2017:12:42:52 -0300] "GET /cormun/servlet/hpexe_return? HTTP/1.1" 200 1007
186.103.157.42 - - [28/Feb/2017:12:42:52 -0300] "GET /cormun/servlet/trsolicitudot HTTP/1.1" 200 13406
186.103.157.42 - - [28/Feb/2017:12:42:53 -0300] "GET /cormun/servlet/trsolicitudot HTTP/1.1" 200 13401
186.103.158.250 - - [28/Feb/2017:12:42:54 -0300] "GET /cormun/servlet/solicitudotadjuntos?fd12f9837721f61a8cb93ef34d38c6a23fd86299713d915f5b9abe1c6865cc2a,gx-no-cache=1488296553929 HTTP/1.1" 200 30
186.103.158.250 - - [28/Feb/2017:12:42:54 -0300] "GET /cormun/servlet/solicitudotadjuntos?fd12f9837721f61a8cb93ef34d38c6a23fd86299713d915f5b9abe1c6865cc2a,gx-no-cache=1488296553969 HTTP/1.1" 200 30
186.103.158.250 - - [28/Feb/2017:12:42:55 -0300] "POST /cormun/servlet/solicitudotadjuntos?8817f0b2a6aac5a3dca0c679c2016e74,INS,2017,4882,,1, HTTP/1.1" 200 116
186.103.158.250 - - [28/Feb/2017:12:42:55 -0300] "GET /cormun/servlet/hpexe_return? HTTP/1.1" 200 1016
186.103.159.204 - - [28/Feb/2017:12:42:56 -0300] "POST /cormun/servlet/hlogin?4c9529ca278ab4321ba6c80f5bb31f24,gx-no-cache=1488296644873 HTTP/1.1" 200 90
186.103.158.250 - - [28/Feb/2017:12:42:56 -0300] "GET /cormun/servlet/trsolicitudadjuntos?2017,4882, HTTP/1.1" 200 8283
186.103.159.204 - - [28/Feb/2017:12:42:56 -0300] "GET /cormun/servlet/hpexe_link HTTP/1.1" 200 952
186.103.159.204 - - [28/Feb/2017:12:42:56 -0300] "GET /cormun/static/hpexe_link.js?201612218515532 HTTP/1.1" 304 -
186.103.159.204 - - [28/Feb/2017:12:42:56 -0300] "GET /cormun/servlet/trsolicitudot HTTP/1.1" 200 6943
186.103.157.42 - - [28/Feb/2017:12:42:56 -0300] "GET /cormun/static/menuarrow.gif HTTP/1.1" 404 1015
186.103.159.204 - - [28/Feb/2017:12:42:57 -0300] "GET /cormun/servlet/trsolicitudot HTTP/1.1" 200 6941
186.103.158.250 - - [28/Feb/2017:12:42:57 -0300] "GET /cormun/servlet/trsolicitudadjuntos?2017,4882, HTTP/1.1" 200 8281
186.103.158.250 - - [28/Feb/2017:12:43:00 -0300] "GET /cormun/servlet/solicitudotadjuntos?INS,2017,4882,,1, HTTP/1.1" 200 5779
186.103.158.250 - - [28/Feb/2017:12:43:01 -0300] "GET /cormun/static/about:blank HTTP/1.1" 404 1011
186.103.159.204 - - [28/Feb/2017:12:43:01 -0300] "GET /cormun/servlet/trsolicitudot? HTTP/1.1" 200 6941
186.103.158.250 - - [28/Feb/2017:12:43:02 -0300] "GET /cormun/servlet/solicitudotadjuntos?INS,2017,4882,,1, HTTP/1.1" 200 5773
186.103.158.250 - - [28/Feb/2017:12:43:02 -0300] "GET /cormun/servlet/solicitudotadjuntos?fd12f9837721f61a8cb93ef34d38c6a2eda65a8ae1eba703acc5e41e8af14b0a681acf1f22f159dcb3581a1fa2059aa4,gx-no-cache=1488296561784 HTTP/1.1" 200 30
186.103.158.250 - - [28/Feb/2017:12:43:02 -0300] "POST /cormun/servlet/solicitudotadjuntos?8817f0b2a6aac5a3dca0c679c2016e74,INS,2017,4882,,1,,gx-no-cache=1488296561836 HTTP/1.1" 200 3634
186.103.159.204 - - [28/Feb/2017:12:43:02 -0300] "GET /cormun/servlet/trsolicitudot? HTTP/1.1" 200 6941
186.103.157.42 - - [28/Feb/2017:12:43:03 -0300] "POST /cormun/servlet/trsolicitudot?17ed51ef6d975dc8e7b77874f1cc5429,gx-no-cache=1488296656735 HTTP/1.1" 200 3885
186.103.158.250 - - [28/Feb/2017:12:43:06 -0300] "POST /cormun/servlet/solicitudotadjuntos?gx-no-cache=1488296565542 HTTP/1.1" 200 26
186.103.157.42 - - [28/Feb/2017:12:43:07 -0300] "POST /cormun/servlet/trsolicitudot?17ed51ef6d975dc8e7b77874f1cc5429,gx-no-cache=1488296659914 HTTP/1.1" 200 5212
186.103.159.204 - - [28/Feb/2017:12:43:09 -0300] "GET /cormun/static/menuarrow.gif HTTP/1.1" 404 1015
186.103.158.250 - - [28/Feb/2017:12:43:13 -0300] "GET /cormun/servlet/solicitudotadjuntos?fd12f9837721f61a8cb93ef34d38c6a23fd86299713d915f5b9abe1c6865cc2a,gx-no-cache=1488296572696 HTTP/1.1" 200 30
186.103.158.250 - - [28/Feb/2017:12:43:13 -0300] "GET /cormun/servlet/solicitudotadjuntos?fd12f9837721f61a8cb93ef34d38c6a23fd86299713d915f5b9abe1c6865cc2a,gx-no-cache=1488296572730 HTTP/1.1" 200 30
186.103.158.250 - - [28/Feb/2017:12:43:14 -0300] "POST /cormun/servlet/solicitudotadjuntos?8817f0b2a6aac5a3dca0c679c2016e74,INS,2017,4882,,1, HTTP/1.1" 200 116
186.103.158.250 - - [28/Feb/2017:12:43:14 -0300] "GET /cormun/servlet/hpexe_return? HTTP/1.1" 200 1016
186.103.159.204 - - [28/Feb/2017:12:43:15 -0300] "POST /cormun/servlet/trsolicitudot?4c9529ca278ab4321ba6c80f5bb31f24,,gx-no-cache=1488296664052 HTTP/1.1" 200 4134
186.103.158.250 - - [28/Feb/2017:12:43:15 -0300] "GET /cormun/servlet/trsolicitudadjuntos?2017,4882, HTTP/1.1" 200 8425
186.103.158.250 - - [28/Feb/2017:12:43:17 -0300] "GET /cormun/servlet/trsolicitudadjuntos?2017,4882, HTTP/1.1" 200 8423
186.103.159.204 - - [28/Feb/2017:12:43:17 -0300] "GET /cormun/servlet/solicitudot?INS,0,0, HTTP/1.1" 200 12773
186.103.159.204 - - [28/Feb/2017:12:43:19 -0300] "GET /cormun/servlet/solicitudot?INS,0,0, HTTP/1.1" 200 12777
186.103.158.250 - - [28/Feb/2017:12:43:22 -0300] "GET /cormun/servlet/solicitudotadjuntos?INS,2017,4882,,1, HTTP/1.1" 200 5779
186.103.158.250 - - [28/Feb/2017:12:43:23 -0300] "GET /cormun/static/about:blank HTTP/1.1" 404 1011
186.103.158.250 - - [28/Feb/2017:12:43:23 -0300] "GET /cormun/servlet/solicitudotadjuntos?INS,2017,4882,,1, HTTP/1.1" 200 5773
186.103.158.250 - - [28/Feb/2017:12:43:24 -0300] "GET /cormun/servlet/solicitudotadjuntos?fd12f9837721f61a8cb93ef34d38c6a2eda65a8ae1eba703acc5e41e8af14b0a681acf1f22f159dcb3581a1fa2059aa4,gx-no-cache=1488296583528 HTTP/1.1" 200 30
186.103.158.250 - - [28/Feb/2017:12:43:24 -0300] "POST /cormun/servlet/solicitudotadjuntos?8817f0b2a6aac5a3dca0c679c2016e74,INS,2017,4882,,1,,gx-no-cache=1488296583573 HTTP/1.1" 200 3635
186.103.158.250 - - [28/Feb/2017:12:43:31 -0300] "POST /cormun/servlet/solicitudotadjuntos?gx-no-cache=1488296590270 HTTP/1.1" 200 26
186.103.159.204 - - [28/Feb/2017:12:43:32 -0300] "POST /cormun/servlet/solicitudot?gx-no-cache=1488296681631 HTTP/1.1" 200 3213
186.103.159.204 - - [28/Feb/2017:12:43:33 -0300] "GET /cormun/static/Shared/jqueryui/images/ui-bg_highlight-soft_100_c6c2c8_1x100.png HTTP/1.1" 404 1117
186.103.159.204 - - [28/Feb/2017:12:43:33 -0300] "GET /cormun/static/Shared/jqueryui/images/ui-icons_82798d_256x240.png HTTP/1.1" 404 1089
186.103.159.204 - - [28/Feb/2017:12:43:33 -0300] "GET /cormun/static/Shared/jqueryui/images/ui-bg_flat_55_994d53_40x100.png HTTP/1.1" 404 1097
186.103.159.204 - - [28/Feb/2017:12:43:33 -0300] "GET /cormun/static/Shared/jqueryui/images/ui-icons_ebccce_256x240.png HTTP/1.1" 404 1089
186.103.159.204 - - [28/Feb/2017:12:43:37 -0300] "GET /cormun/servlet/solicitudot?d7d542728aa44b4b8c19e21dd2cbf04997e61be4995cef08b644e3b9d90c476b52dd9f925a3c596638ff5a9cd7eaf95f,gx-no-cache=1488296686384 HTTP/1.1" 200 30
186.79.89.184 - - [28/Feb/2017:12:43:37 -0300] "GET /cormun/servlet/hlogin HTTP/1.1" 200 1723
186.79.89.184 - - [28/Feb/2017:12:43:37 -0300] "GET /cormun/static/gxtimezone.js?85251 HTTP/1.1" 200 5781
186.79.89.184 - - [28/Feb/2017:12:43:37 -0300] "GET /cormun/static/gxcfg.js?201612216162538 HTTP/1.1" 200 953
186.79.89.184 - - [28/Feb/2017:12:43:38 -0300] "GET /cormun/static/Resources/Spanish/PXTools.css?167811 HTTP/1.1" 200 89042
186.79.89.184 - - [28/Feb/2017:12:43:38 -0300] "GET /cormun/static/messages.spa.js?85251 HTTP/1.1" 200 30736
186.79.89.184 - - [28/Feb/2017:12:43:38 -0300] "GET /cormun/static/hlogin.js?201612216162555 HTTP/1.1" 200 2136
186.79.89.184 - - [28/Feb/2017:12:43:38 -0300] "GET /cormun/static/Resources/ComunLogin.png HTTP/1.1" 200 17326
186.79.89.184 - - [28/Feb/2017:12:43:39 -0300] "GET /cormun/static/gxgral.js?85251 HTTP/1.1" 200 384558
186.79.89.184 - - [28/Feb/2017:12:43:39 -0300] "GET /cormun/static/Resources/PXToolsLoginTop.png HTTP/1.1" 200 1337
186.79.89.184 - - [28/Feb/2017:12:43:39 -0300] "GET /cormun/static/Resources/PXToolsLoginBackground.png HTTP/1.1" 200 1164
186.79.89.184 - - [28/Feb/2017:12:43:39 -0300] "GET /cormun/static/Resources/PXToolsButtonLeft21.png HTTP/1.1" 200 1287
186.79.89.184 - - [28/Feb/2017:12:43:39 -0300] "GET /cormun/static/Resources/PXToolsButtonRight21.png HTTP/1.1" 200 1283
186.79.89.184 - - [28/Feb/2017:12:43:39 -0300] "GET /cormun/static/Resources/PXToolsButtonBackground2.png HTTP/1.1" 200 1181
186.79.89.184 - - [28/Feb/2017:12:43:39 -0300] "GET /cormun/static/Resources/PXToolsLoginBottom.png HTTP/1.1" 200 1389
186.79.89.184 - - [28/Feb/2017:12:43:39 -0300] "GET /cormun/static/Resources/indicator.gif HTTP/1.1" 200 1553
186.79.89.184 - - [28/Feb/2017:12:43:39 -0300] "GET /cormun/servlet/hlogin HTTP/1.1" 200 1733
186.79.89.184 - - [28/Feb/2017:12:43:39 -0300] "GET /favicon.ico HTTP/1.1" 304 -
186.103.158.250 - - [28/Feb/2017:12:43:41 -0300] "GET /cormun/servlet/solicitudotadjuntos?fd12f9837721f61a8cb93ef34d38c6a23fd86299713d915f5b9abe1c6865cc2a,gx-no-cache=1488296600438 HTTP/1.1" 200 30
186.103.158.250 - - [28/Feb/2017:12:43:41 -0300] "GET /cormun/servlet/solicitudotadjuntos?fd12f9837721f61a8cb93ef34d38c6a23fd86299713d915f5b9abe1c6865cc2a,gx-no-cache=1488296600506 HTTP/1.1" 200 30
186.79.89.184 - - [28/Feb/2017:12:43:41 -0300] "POST /cormun/servlet/hlogin?2a264bd9e3f6423b99e655ee855b91da,gx-no-cache=1488300657750 HTTP/1.1" 200 90
186.79.89.184 - - [28/Feb/2017:12:43:42 -0300] "GET /cormun/servlet/hpexe_link HTTP/1.1" 200 957
186.79.89.184 - - [28/Feb/2017:12:43:42 -0300] "GET /cormun/static/gxcfg.js?201612218515529 HTTP/1.1" 200 953
186.79.89.184 - - [28/Feb/2017:12:43:42 -0300] "GET /cormun/static/hpexe_link.js?201612218515532 HTTP/1.1" 200 625
186.79.89.184 - - [28/Feb/2017:12:43:42 -0300] "GET /cormun/static/Resources/Spanish/PXTools.css?18365030 HTTP/1.1" 200 89042
186.79.89.184 - - [28/Feb/2017:12:43:42 -0300] "GET /cormun/servlet/hhome HTTP/1.1" 200 3966
186.103.158.250 - - [28/Feb/2017:12:43:42 -0300] "POST /cormun/servlet/solicitudotadjuntos?8817f0b2a6aac5a3dca0c679c2016e74,INS,2017,4882,,1, HTTP/1.1" 200 116
186.79.89.184 - - [28/Feb/2017:12:43:42 -0300] "GET /cormun/static/Shared/jqueryui/jquery-ui.min.css?1345370 HTTP/1.1" 200 30288
186.79.89.184 - - [28/Feb/2017:12:43:42 -0300] "GET /cormun/static/SmoothNavMenu/resources/ddsmoothmenu.css?1112540 HTTP/1.1" 200 2223
186.79.89.184 - - [28/Feb/2017:12:43:42 -0300] "GET /cormun/static/scaMessage/css/jquery.pnotify.default.css?1816380 HTTP/1.1" 200 1707
186.79.89.184 - - [28/Feb/2017:12:43:42 -0300] "GET /cormun/static/SmoothNavMenu/resources/ddsmoothmenu-v.css?1112540 HTTP/1.1" 200 1188
186.79.89.184 - - [28/Feb/2017:12:43:42 -0300] "GET /cormun/static/gxcfg.js?201612218515568 HTTP/1.1" 200 953
186.79.89.184 - - [28/Feb/2017:12:43:42 -0300] "GET /cormun/static/PXToolsJavascripts/pexe_autoreload.js HTTP/1.1" 200 1762
186.103.158.250 - - [28/Feb/2017:12:43:42 -0300] "GET /cormun/servlet/hpexe_return? HTTP/1.1" 200 1016
186.79.89.184 - - [28/Feb/2017:12:43:42 -0300] "GET /cormun/static/PXToolsJavascripts/pexe_cookies.js HTTP/1.1" 200 792
186.79.89.184 - - [28/Feb/2017:12:43:42 -0300] "GET /cormun/static/PXToolsJavascripts/pexe_windows.js HTTP/1.1" 200 15207
186.79.89.184 - - [28/Feb/2017:12:43:42 -0300] "GET /cormun/static/PXToolsJavascripts/pexe_grid.js HTTP/1.1" 200 7559
186.79.89.184 - - [28/Feb/2017:12:43:42 -0300] "GET /cormun/static/PXToolsJavascripts/pexe_griddivfix.js HTTP/1.1" 200 6644
186.79.89.184 - - [28/Feb/2017:12:43:42 -0300] "GET /cormun/static/PXToolsJavascripts/pexe_link.js HTTP/1.1" 200 5671
186.79.89.184 - - [28/Feb/2017:12:43:42 -0300] "GET /cormun/static/PXToolsJavascripts/pexe_menudivfix.js HTTP/1.1" 200 333
186.79.89.184 - - [28/Feb/2017:12:43:42 -0300] "GET /cormun/static/PXToolsJavascripts/pexe_menus.js HTTP/1.1" 200 1286
186.79.89.184 - - [28/Feb/2017:12:43:42 -0300] "GET /cormun/static/PXToolsJavascripts/pexe_layers.js HTTP/1.1" 200 4114
186.79.89.184 - - [28/Feb/2017:12:43:42 -0300] "GET /cormun/static/PXToolsJavascripts/pexe_oav.js HTTP/1.1" 200 645
186.79.89.184 - - [28/Feb/2017:12:43:43 -0300] "GET /cormun/static/PXToolsJavascripts/pexe_oavdivfix.js HTTP/1.1" 200 639
186.79.89.184 - - [28/Feb/2017:12:43:43 -0300] "GET /cormun/static/PXToolsJavascripts/pexe_picture.js HTTP/1.1" 200 689
186.79.89.184 - - [28/Feb/2017:12:43:43 -0300] "GET /cormun/static/PXToolsJavascripts/pexe_popup.js HTTP/1.1" 200 13458
186.79.89.184 - - [28/Feb/2017:12:43:43 -0300] "GET /cormun/static/PXToolsJavascripts/pexe_scrolldiv.js HTTP/1.1" 200 4138
186.79.89.184 - - [28/Feb/2017:12:43:43 -0300] "GET /cormun/static/PXToolsJavascripts/pexe_tabdivfix.js HTTP/1.1" 200 876
186.79.89.184 - - [28/Feb/2017:12:43:43 -0300] "GET /cormun/static/PXToolsJavascripts/pexe_tabs.js HTTP/1.1" 200 3748
