201.246.237.154 - - [28/Feb/2017:13:38:34 -0300] "GET /cormun/static/PXToolsJavascripts/pexe_tabs.js HTTP/1.1" 200 3748
201.246.237.154 - - [28/Feb/2017:13:38:34 -0300] "GET /cormun/static/PXToolsJavascripts/pexe_upload.js HTTP/1.1" 200 1423
201.246.237.154 - - [28/Feb/2017:13:38:34 -0300] "GET /cormun/static/PXToolsJavascripts/PXToolsJavascriptsRender.js HTTP/1.1" 200 367
201.246.237.154 - - [28/Feb/2017:13:38:34 -0300] "GET /cormun/static/RunJS/RunJS.js HTTP/1.1" 200 288
201.246.237.154 - - [28/Feb/2017:13:38:34 -0300] "GET /cormun/static/gxui/gxui-all.js HTTP/1.1" 200 107772
201.246.237.154 - - [28/Feb/2017:13:38:34 -0300] "GET /cormun/static/Shared/ext/locale/ext-lang-en.js HTTP/1.1" 200 10940
201.246.237.154 - - [28/Feb/2017:13:38:34 -0300] "GET /cormun/static/hhome.js?201612218515573 HTTP/1.1" 200 777
201.246.237.154 - - [28/Feb/2017:13:38:34 -0300] "GET /cormun/static/hwchdr01.js?201612218432057 HTTP/1.1" 200 1183
201.246.237.154 - - [28/Feb/2017:13:38:34 -0300] "GET /cormun/static/Resources/PXToolsHeaderPreferences.png HTTP/1.1" 200 4189
201.246.237.154 - - [28/Feb/2017:13:38:34 -0300] "GET /cormun/static/Resources/PXToolsHeaderActionsLeft.png HTTP/1.1" 200 1118
201.246.237.154 - - [28/Feb/2017:13:38:34 -0300] "GET /cormun/static/Resources/logo4.png HTTP/1.1" 200 6582
201.246.237.154 - - [28/Feb/2017:13:38:34 -0300] "GET /cormun/static/Resources/PXToolsHeaderLogin.png HTTP/1.1" 200 4279
201.246.237.154 - - [28/Feb/2017:13:38:34 -0300] "GET /cormun/static/Resources/PXToolsDataTitle.png HTTP/1.1" 200 1173
201.246.237.154 - - [28/Feb/2017:13:38:34 -0300] "GET /cormun/static/Resources/PXToolsHeaderActionsBackground.png HTTP/1.1" 200 484
201.246.237.154 - - [28/Feb/2017:13:38:34 -0300] "GET /cormun/static/Resources/PXToolsFooterBackground2.png HTTP/1.1" 200 1172
201.246.237.154 - - [28/Feb/2017:13:38:34 -0300] "GET /cormun/static/Resources/PXToolsHeaderSecurity.png HTTP/1.1" 200 4166
201.246.237.154 - - [28/Feb/2017:13:38:34 -0300] "GET /cormun/static/Resources/PXToolsHeaderActionsRight.png HTTP/1.1" 200 1201
201.246.237.154 - - [28/Feb/2017:13:38:34 -0300] "GET /cormun/static/Resources/PXToolsHeaderBackground2.png HTTP/1.1" 200 1174
201.246.237.154 - - [28/Feb/2017:13:38:34 -0300] "GET /cormun/static/Resources/PXToolsHeaderHome.png HTTP/1.1" 200 4147
201.246.237.154 - - [28/Feb/2017:13:38:34 -0300] "GET /cormun/static/hpexe_recentlink.js?201610171694390 HTTP/1.1" 200 2144
201.246.237.154 - - [28/Feb/2017:13:38:35 -0300] "GET /cormun/static/hpexe_scripts.js?201612218432016 HTTP/1.1" 200 1544
201.246.237.154 - - [28/Feb/2017:13:38:35 -0300] "GET /cormun/static/hpexe_messagecontroller.js?201610171694323 HTTP/1.1" 200 870
201.246.237.154 - - [28/Feb/2017:13:38:35 -0300] "GET /cormun/static/hpexe_messagepopupcomponent.js?20161017169425 HTTP/1.1" 200 605
201.246.237.154 - - [28/Feb/2017:13:38:35 -0300] "GET /cormun/static/hpexe_messagegenexuscomponent.js?201612218431816 HTTP/1.1" 200 587
201.246.237.154 - - [28/Feb/2017:13:38:35 -0300] "GET /cormun/static/cmcontrolpreferences.js?201612218431999 HTTP/1.1" 200 1375
201.246.237.154 - - [28/Feb/2017:13:38:35 -0300] "GET /cormun/static/SmoothNavMenu/resources/ddsmoothmenu.js HTTP/1.1" 200 12712
201.246.237.154 - - [28/Feb/2017:13:38:35 -0300] "GET /cormun/static/SmoothNavMenu/resources/SmoothNavMenuRender.js HTTP/1.1" 200 5951
201.246.237.154 - - [28/Feb/2017:13:38:35 -0300] "GET /cormun/static/scaMessage/js/jquery.pnotify.min.js HTTP/1.1" 200 13038
201.246.237.154 - - [28/Feb/2017:13:38:35 -0300] "GET /cormun/static/scaMessage/scaMessageRender.js HTTP/1.1" 200 11977
201.246.237.154 - - [28/Feb/2017:13:38:35 -0300] "GET /cormun/static/Shared/jquery/jquery-1.4.2.min.js HTTP/1.1" 200 72174
201.246.237.154 - - [28/Feb/2017:13:38:36 -0300] "GET /cormun/static/hmpwkw03.js?20161221852152 HTTP/1.1" 200 3965
201.246.237.154 - - [28/Feb/2017:13:38:36 -0300] "GET /cormun/static/Shared/jqueryui/jquery-ui.min.js HTTP/1.1" 200 240427
201.246.237.154 - - [28/Feb/2017:13:38:37 -0300] "GET /cormun/static/Shared/jquery/jquery-1.10.2.min.js HTTP/1.1" 200 273199
201.246.237.154 - - [28/Feb/2017:13:38:39 -0300] "GET /cormun/static/Shared/ext/ext-all.js HTTP/1.1" 200 1289687
201.246.237.154 - - [28/Feb/2017:13:38:40 -0300] "GET /cormun/static/SmoothNavMenu/resources/images/down.gif HTTP/1.1" 200 854
201.246.237.154 - - [28/Feb/2017:13:38:40 -0300] "GET /cormun/servlet/hhome HTTP/1.1" 200 3756
186.103.159.187 - - [28/Feb/2017:13:38:49 -0300] "GET /cormun/servlet/solicitudot?INS,0,0, HTTP/1.1" 200 12544
186.103.159.187 - - [28/Feb/2017:13:38:50 -0300] "GET /cormun/servlet/solicitudot?INS,0,0, HTTP/1.1" 200 12549
186.103.159.187 - - [28/Feb/2017:13:39:03 -0300] "POST /cormun/servlet/solicitudot?gx-no-cache=1488300013841 HTTP/1.1" 200 3182
186.103.159.187 - - [28/Feb/2017:13:39:03 -0300] "POST /cormun/servlet/solicitudot?ea30f91f5b2f4af43eb1838f6626ee05,INS,0,0,,gx-no-cache=1488300014035 HTTP/1.1" 200 9771
186.103.157.42 - - [28/Feb/2017:13:39:21 -0300] "GET /cormun/servlet/trcontratosolicitud? HTTP/1.1" 200 11333
186.103.157.42 - - [28/Feb/2017:13:39:21 -0300] "GET /cormun/static/gxcfg.js?20171317451682 HTTP/1.1" 200 953
186.103.157.42 - - [28/Feb/2017:13:39:21 -0300] "GET /cormun/static/trcontratosolicitud.js?20171317452124 HTTP/1.1" 304 -
186.103.157.42 - - [28/Feb/2017:13:39:22 -0300] "GET /cormun/servlet/trcontratosolicitud? HTTP/1.1" 200 11334
201.246.237.154 - - [28/Feb/2017:13:39:28 -0300] "GET /cormun/servlet/trvisualizadoreventos? HTTP/1.1" 200 6492
201.246.237.154 - - [28/Feb/2017:13:39:28 -0300] "GET /cormun/static/gxui/gxui-all.css?120300 HTTP/1.1" 200 2179
201.246.237.154 - - [28/Feb/2017:13:39:28 -0300] "GET /cormun/static/calendar-system.css?85620 HTTP/1.1" 200 5572
201.246.237.154 - - [28/Feb/2017:13:39:28 -0300] "GET /cormun/static/gxcfg.js?2016101716203350 HTTP/1.1" 200 953
201.246.237.154 - - [28/Feb/2017:13:39:28 -0300] "GET /cormun/static/calendar-setup.js?85251 HTTP/1.1" 200 2588
201.246.237.154 - - [28/Feb/2017:13:39:28 -0300] "GET /cormun/static/calendar-es.js?85251 HTTP/1.1" 200 1901
201.246.237.154 - - [28/Feb/2017:13:39:28 -0300] "GET /cormun/static/calendar.js?85251 HTTP/1.1" 200 26246
201.246.237.154 - - [28/Feb/2017:13:39:28 -0300] "GET /cormun/static/gxdec.js?85251 HTTP/1.1" 200 19579
201.246.237.154 - - [28/Feb/2017:13:39:28 -0300] "GET /cormun/static/trvisualizadoreventos.js?2016101716203614 HTTP/1.1" 200 19309
201.246.237.154 - - [28/Feb/2017:13:39:28 -0300] "GET /cormun/static/Resources/PXTools/calendar.png HTTP/1.1" 200 1306
201.246.237.154 - - [28/Feb/2017:13:39:28 -0300] "GET /cormun/static/Resources/PXToolsDataSearch.png HTTP/1.1" 200 419
201.246.237.154 - - [28/Feb/2017:13:39:28 -0300] "GET /cormun/static/Shared/ext/resources/css/ext-all.css?215870 HTTP/1.1" 200 416045
201.246.237.154 - - [28/Feb/2017:13:39:28 -0300] "GET /cormun/static/Resources/PXToolsGridFirstDisabled.gif HTTP/1.1" 200 100
201.246.237.154 - - [28/Feb/2017:13:39:28 -0300] "GET /cormun/static/Resources/PXToolsGridPreviousDisabled.gif HTTP/1.1" 200 90
201.246.237.154 - - [28/Feb/2017:13:39:29 -0300] "GET /cormun/static/Resources/PXToolsGridNextDisabled.gif HTTP/1.1" 200 90
201.246.237.154 - - [28/Feb/2017:13:39:29 -0300] "GET /cormun/static/Resources/PXToolsGridLastDisabled.gif HTTP/1.1" 200 98
201.246.237.154 - - [28/Feb/2017:13:39:29 -0300] "GET /cormun/static/Resources/PXToolsGridPage.gif HTTP/1.1" 200 725
201.246.237.154 - - [28/Feb/2017:13:39:29 -0300] "GET /cormun/static/Resources/PXToolsActionPrint.png HTTP/1.1" 200 3317
201.246.237.154 - - [28/Feb/2017:13:39:29 -0300] "GET /cormun/static/Resources/PXToolsActionExcel.png HTTP/1.1" 200 3187
201.246.237.154 - - [28/Feb/2017:13:39:29 -0300] "GET /cormun/static/Resources/asc.gif HTTP/1.1" 200 67
201.246.237.154 - - [28/Feb/2017:13:39:29 -0300] "GET /cormun/static/Resources/desc.gif HTTP/1.1" 200 65
201.246.237.154 - - [28/Feb/2017:13:39:29 -0300] "GET /cormun/servlet/trvisualizadoreventos? HTTP/1.1" 200 6492
201.246.237.154 - - [28/Feb/2017:13:39:29 -0300] "GET /cormun/static/Shared/ext/resources/themes/images/default/panel/bg-headersPanel.png HTTP/1.1" 200 255
201.246.237.154 - - [28/Feb/2017:13:39:29 -0300] "GET /cormun/static/Shared/ext/resources/themes/images/default/tools/tool-sprites.gif HTTP/1.1" 200 5434
201.246.237.154 - - [28/Feb/2017:13:39:35 -0300] "GET /cormun/servlet/trvisualizadoreventos? HTTP/1.1" 200 6492
201.246.237.154 - - [28/Feb/2017:13:39:35 -0300] "GET /cormun/servlet/trvisualizadoreventos? HTTP/1.1" 200 6492
201.246.237.154 - - [28/Feb/2017:13:39:42 -0300] "POST /cormun/servlet/trvisualizadoreventos?7382e2e670139a38ad7545686923b641,,gx-no-cache=1488300052297 HTTP/1.1" 200 3764
201.246.237.154 - - [28/Feb/2017:13:39:54 -0300] "GET /cormun/servlet/trvisualizadoreventos? HTTP/1.1" 200 6492
201.246.237.154 - - [28/Feb/2017:13:39:55 -0300] "GET /cormun/servlet/trvisualizadoreventos? HTTP/1.1" 200 6492
186.103.159.187 - - [28/Feb/2017:13:40:00 -0300] "POST /cormun/servlet/solicitudot?ea30f91f5b2f4af43eb1838f6626ee05,INS,0,0,,gx-no-cache=1488300071104 HTTP/1.1" 200 90
186.103.159.187 - - [28/Feb/2017:13:40:00 -0300] "GET /cormun/servlet/hpexe_link HTTP/1.1" 200 963
186.103.159.187 - - [28/Feb/2017:13:40:00 -0300] "GET /cormun/servlet/trsolicitudot HTTP/1.1" 200 6671
186.103.159.187 - - [28/Feb/2017:13:40:01 -0300] "GET /cormun/servlet/trsolicitudot HTTP/1.1" 200 6670
201.246.237.154 - - [28/Feb/2017:13:40:06 -0300] "GET /cormun/static/menuarrow.gif HTTP/1.1" 404 1015
201.246.237.154 - - [28/Feb/2017:13:40:11 -0300] "POST /cormun/servlet/trvisualizadoreventos?7382e2e670139a38ad7545686923b641,,gx-no-cache=1488300080486 HTTP/1.1" 200 3772
201.246.237.154 - - [28/Feb/2017:13:40:15 -0300] "GET /cormun/servlet/trcontratoobservacion? HTTP/1.1" 200 5899
201.246.237.154 - - [28/Feb/2017:13:40:16 -0300] "GET /cormun/static/gxcfg.js?20161221855213 HTTP/1.1" 200 953
201.246.237.154 - - [28/Feb/2017:13:40:16 -0300] "GET /cormun/static/trcontratoobservacion.js?20161221855487 HTTP/1.1" 200 25085
201.246.237.154 - - [28/Feb/2017:13:40:16 -0300] "GET /cormun/servlet/trcontratoobservacion? HTTP/1.1" 200 5899
186.103.159.187 - - [28/Feb/2017:13:40:33 -0300] "GET /cormun/servlet/hlogin HTTP/1.1" 200 1722
186.103.159.187 - - [28/Feb/2017:13:40:42 -0300] "POST /cormun/servlet/hlogin?ea30f91f5b2f4af43eb1838f6626ee05,gx-no-cache=1488300112888 HTTP/1.1" 200 90
186.103.159.187 - - [28/Feb/2017:13:40:42 -0300] "GET /cormun/servlet/hpexe_link HTTP/1.1" 200 952
186.103.159.187 - - [28/Feb/2017:13:40:42 -0300] "GET /cormun/servlet/hhome HTTP/1.1" 200 3908
186.103.159.187 - - [28/Feb/2017:13:40:43 -0300] "GET /cormun/servlet/hhome HTTP/1.1" 200 3905
186.103.157.42 - - [28/Feb/2017:13:40:45 -0300] "GET /cormun/servlet/trsolicitudot? HTTP/1.1" 200 13538
186.103.157.42 - - [28/Feb/2017:13:40:46 -0300] "GET /cormun/servlet/trsolicitudot? HTTP/1.1" 200 13537
186.103.159.187 - - [28/Feb/2017:13:40:49 -0300] "GET /cormun/servlet/trautorizarsolicitud? HTTP/1.1" 200 6819
186.103.159.187 - - [28/Feb/2017:13:40:50 -0300] "GET /cormun/servlet/trautorizarsolicitud? HTTP/1.1" 200 6818
186.103.157.42 - - [28/Feb/2017:13:41:08 -0300] "POST /cormun/servlet/trsolicitudot?ab16e17c9c9527c212d8ba75897520d1,,gx-no-cache=1488300006720 HTTP/1.1" 200 4152
201.246.237.154 - - [28/Feb/2017:13:41:08 -0300] "GET /cormun/servlet/trcontratoobservacion? HTTP/1.1" 200 5899
201.246.237.154 - - [28/Feb/2017:13:41:09 -0300] "GET /cormun/servlet/trcontratoobservacion? HTTP/1.1" 200 5899
186.103.157.42 - - [28/Feb/2017:13:41:17 -0300] "POST /cormun/servlet/trsolicitudot?ab16e17c9c9527c212d8ba75897520d1,,gx-no-cache=1488300016442 HTTP/1.1" 200 4154
201.246.237.154 - - [28/Feb/2017:13:41:21 -0300] "GET /cormun/servlet/trcontratoobservacion? HTTP/1.1" 200 5899
201.246.237.154 - - [28/Feb/2017:13:41:21 -0300] "GET /cormun/servlet/trcontratoobservacion? HTTP/1.1" 200 5899
186.103.157.42 - - [28/Feb/2017:13:41:26 -0300] "POST /cormun/servlet/trsolicitudot?ab16e17c9c9527c212d8ba75897520d1,,gx-no-cache=1488300024710 HTTP/1.1" 200 4153
201.246.237.154 - - [28/Feb/2017:13:41:26 -0300] "GET /cormun/servlet/trvisualizadoreventos? HTTP/1.1" 200 6499
201.246.237.154 - - [28/Feb/2017:13:41:27 -0300] "GET /cormun/servlet/trvisualizadoreventos? HTTP/1.1" 200 6498
201.246.237.154 - - [28/Feb/2017:13:41:34 -0300] "GET /cormun/static/menuarrow.gif HTTP/1.1" 404 1015
201.246.237.154 - - [28/Feb/2017:13:41:40 -0300] "POST /cormun/servlet/trvisualizadoreventos?7382e2e670139a38ad7545686923b641,,gx-no-cache=1488300169743 HTTP/1.1" 200 3775
186.103.159.187 - - [28/Feb/2017:13:41:48 -0300] "POST /cormun/servlet/trautorizarsolicitud?ea30f91f5b2f4af43eb1838f6626ee05,,gx-no-cache=1488300179461 HTTP/1.1" 200 4137
186.103.157.42 - - [28/Feb/2017:13:41:51 -0300] "POST /cormun/servlet/trsolicitudot?ab16e17c9c9527c212d8ba75897520d1,,gx-no-cache=1488300049736 HTTP/1.1" 200 10718
186.103.159.187 - - [28/Feb/2017:13:41:55 -0300] "POST /cormun/servlet/trautorizarsolicitud?ea30f91f5b2f4af43eb1838f6626ee05,,gx-no-cache=1488300185780 HTTP/1.1" 200 4137
201.246.237.154 - - [28/Feb/2017:13:41:55 -0300] "POST /cormun/servlet/trvisualizadoreventos?7382e2e670139a38ad7545686923b641,,gx-no-cache=1488300185047 HTTP/1.1" 200 3771
201.246.237.154 - - [28/Feb/2017:13:42:00 -0300] "POST /cormun/servlet/trvisualizadoreventos?7382e2e670139a38ad7545686923b641,,gx-no-cache=1488300189397 HTTP/1.1" 200 3773
186.103.159.187 - - [28/Feb/2017:13:42:00 -0300] "POST /cormun/servlet/trautorizarsolicitud?ea30f91f5b2f4af43eb1838f6626ee05,,gx-no-cache=1488300191380 HTTP/1.1" 200 4137
201.246.237.154 - - [28/Feb/2017:13:42:03 -0300] "POST /cormun/servlet/trvisualizadoreventos?7382e2e670139a38ad7545686923b641,,gx-no-cache=1488300193166 HTTP/1.1" 200 3773
201.246.237.154 - - [28/Feb/2017:13:42:07 -0300] "POST /cormun/servlet/trvisualizadoreventos?7382e2e670139a38ad7545686923b641,,gx-no-cache=1488300196648 HTTP/1.1" 200 3774
186.103.159.187 - - [28/Feb/2017:13:42:07 -0300] "POST /cormun/servlet/trautorizarsolicitud?ea30f91f5b2f4af43eb1838f6626ee05,,gx-no-cache=1488300198409 HTTP/1.1" 200 5747
201.246.237.154 - - [28/Feb/2017:13:42:11 -0300] "POST /cormun/servlet/trvisualizadoreventos?7382e2e670139a38ad7545686923b641,,gx-no-cache=1488300200654 HTTP/1.1" 200 3775
201.246.237.154 - - [28/Feb/2017:13:42:15 -0300] "POST /cormun/servlet/trvisualizadoreventos?7382e2e670139a38ad7545686923b641,,gx-no-cache=1488300204512 HTTP/1.1" 200 3774
201.246.237.154 - - [28/Feb/2017:13:42:18 -0300] "POST /cormun/servlet/trvisualizadoreventos?7382e2e670139a38ad7545686923b641,,gx-no-cache=1488300207609 HTTP/1.1" 200 5281
186.103.159.187 - - [28/Feb/2017:13:42:31 -0300] "POST /cormun/servlet/trautorizarsolicitud?ea30f91f5b2f4af43eb1838f6626ee05,,gx-no-cache=1488300221816 HTTP/1.1" 200 107
186.103.159.187 - - [28/Feb/2017:13:42:31 -0300] "GET /cormun/servlet/trsolicitudadjuntos?2017,4886, HTTP/1.1" 200 5945
186.103.159.187 - - [28/Feb/2017:13:42:31 -0300] "GET /cormun/static/gxcfg.js?201612218531388 HTTP/1.1" 200 953
186.103.159.187 - - [28/Feb/2017:13:42:31 -0300] "GET /cormun/static/trsolicitudadjuntos.js?201612218531657 HTTP/1.1" 200 17913
186.103.159.187 - - [28/Feb/2017:13:42:32 -0300] "GET /cormun/servlet/trsolicitudadjuntos?2017,4886, HTTP/1.1" 200 5945
186.103.159.187 - - [28/Feb/2017:13:42:33 -0300] "POST /cormun/servlet/acontrolpreferencessavestate?None,MCERDA,true HTTP/1.1" 200 35
186.103.159.187 - - [28/Feb/2017:13:42:57 -0300] "POST /cormun/servlet/trsolicitudadjuntos?ea30f91f5b2f4af43eb1838f6626ee05,2017,4886,,gx-no-cache=1488300247919 HTTP/1.1" 200 3865
201.246.237.154 - - [28/Feb/2017:13:43:04 -0300] "POST /cormun/servlet/trvisualizadoreventos?7382e2e670139a38ad7545686923b641,,gx-no-cache=1488300253467 HTTP/1.1" 200 3774
186.103.159.187 - - [28/Feb/2017:13:43:08 -0300] "POST /cormun/servlet/trsolicitudadjuntos?ea30f91f5b2f4af43eb1838f6626ee05,2017,4886,,gx-no-cache=1488300259402 HTTP/1.1" 200 3865
186.103.159.187 - - [28/Feb/2017:13:43:10 -0300] "POST /cormun/servlet/trsolicitudadjuntos?ea30f91f5b2f4af43eb1838f6626ee05,2017,4886,,gx-no-cache=1488300260740 HTTP/1.1" 200 3865
201.246.237.154 - - [28/Feb/2017:13:43:10 -0300] "POST /cormun/servlet/trvisualizadoreventos?7382e2e670139a38ad7545686923b641,,gx-no-cache=1488300259478 HTTP/1.1" 200 3774
186.103.159.187 - - [28/Feb/2017:13:43:13 -0300] "POST /cormun/servlet/trsolicitudadjuntos?ea30f91f5b2f4af43eb1838f6626ee05,2017,4886,,gx-no-cache=1488300263817 HTTP/1.1" 200 90
186.103.159.187 - - [28/Feb/2017:13:43:13 -0300] "GET /cormun/servlet/hpexe_link HTTP/1.1" 200 977
186.103.159.187 - - [28/Feb/2017:13:43:13 -0300] "GET /cormun/servlet/trautorizarsolicitud? HTTP/1.1" 200 8481
201.246.237.154 - - [28/Feb/2017:13:43:14 -0300] "POST /cormun/servlet/trvisualizadoreventos?7382e2e670139a38ad7545686923b641,,gx-no-cache=1488300263854 HTTP/1.1" 200 3774
186.103.159.187 - - [28/Feb/2017:13:43:14 -0300] "GET /cormun/servlet/trautorizarsolicitud? HTTP/1.1" 200 8479
201.246.237.154 - - [28/Feb/2017:13:43:17 -0300] "POST /cormun/servlet/trvisualizadoreventos?7382e2e670139a38ad7545686923b641,,gx-no-cache=1488300267156 HTTP/1.1" 200 5281
186.103.159.187 - - [28/Feb/2017:13:43:26 -0300] "POST /cormun/servlet/trautorizarsolicitud?ea30f91f5b2f4af43eb1838f6626ee05,,gx-no-cache=1488300276893 HTTP/1.1" 200 5762
186.103.159.187 - - [28/Feb/2017:13:43:26 -0300] "GET /cormun/static/Shared/jqueryui/images/ui-bg_highlight-soft_100_c6c2c8_1x100.png HTTP/1.1" 404 1117
186.103.159.187 - - [28/Feb/2017:13:43:26 -0300] "GET /cormun/static/Shared/jqueryui/images/ui-icons_82798d_256x240.png HTTP/1.1" 404 1089
186.103.159.187 - - [28/Feb/2017:13:43:26 -0300] "GET /cormun/static/Shared/jqueryui/images/ui-bg_flat_55_fafafa_40x100.png HTTP/1.1" 404 1097
186.103.159.187 - - [28/Feb/2017:13:43:26 -0300] "GET /cormun/static/Shared/jqueryui/images/ui-icons_8d78a5_256x240.png HTTP/1.1" 404 1089
186.103.159.187 - - [28/Feb/2017:13:43:46 -0300] "POST /cormun/servlet/trautorizarsolicitud?ea30f91f5b2f4af43eb1838f6626ee05,,gx-no-cache=1488300297525 HTTP/1.1" 200 107
186.103.159.187 - - [28/Feb/2017:13:43:47 -0300] "GET /cormun/servlet/trsolicitudadjuntos?2017,4886, HTTP/1.1" 200 5950
186.103.159.187 - - [28/Feb/2017:13:43:48 -0300] "GET /cormun/servlet/trsolicitudadjuntos?2017,4886, HTTP/1.1" 200 5950
186.103.159.187 - - [28/Feb/2017:13:43:53 -0300] "POST /cormun/servlet/trsolicitudadjuntos?ea30f91f5b2f4af43eb1838f6626ee05,2017,4886,,gx-no-cache=1488300304479 HTTP/1.1" 200 3865
186.103.159.187 - - [28/Feb/2017:13:43:57 -0300] "POST /cormun/servlet/trsolicitudadjuntos?ea30f91f5b2f4af43eb1838f6626ee05,2017,4886,,gx-no-cache=1488300308207 HTTP/1.1" 200 90
186.103.159.187 - - [28/Feb/2017:13:43:57 -0300] "GET /cormun/servlet/hpexe_link HTTP/1.1" 200 977
186.103.159.187 - - [28/Feb/2017:13:43:57 -0300] "GET /cormun/servlet/trautorizarsolicitud? HTTP/1.1" 200 8481
186.103.159.187 - - [28/Feb/2017:13:43:58 -0300] "GET /cormun/servlet/trautorizarsolicitud? HTTP/1.1" 200 8479
186.103.159.187 - - [28/Feb/2017:13:44:08 -0300] "POST /cormun/servlet/trautorizarsolicitud?ea30f91f5b2f4af43eb1838f6626ee05,,gx-no-cache=1488300319039 HTTP/1.1" 200 5761
186.103.159.187 - - [28/Feb/2017:13:44:20 -0300] "POST /cormun/servlet/trautorizarsolicitud?ea30f91f5b2f4af43eb1838f6626ee05,,gx-no-cache=1488300330856 HTTP/1.1" 200 5762
201.246.237.154 - - [28/Feb/2017:13:44:43 -0300] "POST /cormun/servlet/trvisualizadoreventos?7382e2e670139a38ad7545686923b641,,gx-no-cache=1488300352122 HTTP/1.1" 200 3774
201.246.237.154 - - [28/Feb/2017:13:44:46 -0300] "POST /cormun/servlet/trvisualizadoreventos?7382e2e670139a38ad7545686923b641,,gx-no-cache=1488300355960 HTTP/1.1" 200 3774
186.103.159.187 - - [28/Feb/2017:13:44:51 -0300] "POST /cormun/servlet/trautorizarsolicitud?ea30f91f5b2f4af43eb1838f6626ee05,,gx-no-cache=1488300361582 HTTP/1.1" 200 5762
186.103.159.187 - - [28/Feb/2017:13:45:15 -0300] "POST /cormun/servlet/trautorizarsolicitud?ea30f91f5b2f4af43eb1838f6626ee05,,gx-no-cache=1488300386525 HTTP/1.1" 200 107
186.103.159.187 - - [28/Feb/2017:13:45:16 -0300] "GET /cormun/servlet/trsolicitudadjuntos?2017,4886, HTTP/1.1" 200 5950
186.103.159.187 - - [28/Feb/2017:13:45:17 -0300] "GET /cormun/servlet/trsolicitudadjuntos?2017,4886, HTTP/1.1" 200 5950
186.103.159.187 - - [28/Feb/2017:13:45:31 -0300] "POST /cormun/servlet/acontrolpreferencessavestate?None,MCERDA,true HTTP/1.1" 200 35
186.103.159.187 - - [28/Feb/2017:13:45:39 -0300] "POST /cormun/servlet/trsolicitudadjuntos?ea30f91f5b2f4af43eb1838f6626ee05,2017,4886,,gx-no-cache=1488300410362 HTTP/1.1" 200 3865
186.103.159.187 - - [28/Feb/2017:13:45:46 -0300] "POST /cormun/servlet/trsolicitudadjuntos?ea30f91f5b2f4af43eb1838f6626ee05,2017,4886,,gx-no-cache=1488300417410 HTTP/1.1" 200 90
186.103.159.187 - - [28/Feb/2017:13:45:46 -0300] "GET /cormun/servlet/hpexe_link HTTP/1.1" 200 977
186.103.159.187 - - [28/Feb/2017:13:45:47 -0300] "GET /cormun/servlet/trautorizarsolicitud? HTTP/1.1" 200 8499
186.103.159.187 - - [28/Feb/2017:13:45:48 -0300] "GET /cormun/servlet/trautorizarsolicitud? HTTP/1.1" 200 8498
186.103.159.187 - - [28/Feb/2017:13:46:06 -0300] "POST /cormun/servlet/trautorizarsolicitud?ea30f91f5b2f4af43eb1838f6626ee05,,gx-no-cache=1488300436608 HTTP/1.1" 200 5762
186.103.159.187 - - [28/Feb/2017:13:46:29 -0300] "GET /cormun/servlet/veautorizarsolicitud?2017,4886,, HTTP/1.1" 200 8123
186.103.159.187 - - [28/Feb/2017:13:46:29 -0300] "GET /cormun/static/gxcfg.js?20161221854380 HTTP/1.1" 200 953
186.103.159.187 - - [28/Feb/2017:13:46:29 -0300] "GET /cormun/pexe_scrolldiv.js HTTP/1.1" 404 1009
186.103.159.187 - - [28/Feb/2017:13:46:29 -0300] "GET /cormun/static/veautorizarsolicitud.js?20161221854433 HTTP/1.1" 200 6140
186.103.159.187 - - [28/Feb/2017:13:46:29 -0300] "GET /cormun/static/hwcviewtabs.js?201612218431866 HTTP/1.1" 200 1074
186.103.159.187 - - [28/Feb/2017:13:46:29 -0300] "GET /cormun/static/hpexe_tabsview.js?201610171694228 HTTP/1.1" 200 1661
186.103.159.187 - - [28/Feb/2017:13:46:29 -0300] "GET /cormun/static/Resources/PXToolsTabFirstSelected.png HTTP/1.1" 200 1259
186.103.159.187 - - [28/Feb/2017:13:46:29 -0300] "GET /cormun/pexe_scrolldiv.js HTTP/1.1" 404 1009
186.103.159.187 - - [28/Feb/2017:13:46:29 -0300] "GET /cormun/static/Resources/PXToolsTabLastUnselected.png HTTP/1.1" 200 1291
186.103.159.187 - - [28/Feb/2017:13:46:29 -0300] "GET /cormun/static/Resources/PXToolsTabPrevious.gif HTTP/1.1" 200 172
186.103.159.187 - - [28/Feb/2017:13:46:29 -0300] "GET /cormun/static/Resources/PXToolsTabNext.gif HTTP/1.1" 200 168
186.103.159.187 - - [28/Feb/2017:13:46:29 -0300] "GET /cormun/static/tbautorizarsolicitud01.js?20171102163122 HTTP/1.1" 200 28355
186.103.159.187 - - [28/Feb/2017:13:46:30 -0300] "GET /cormun/static/calendar-system.css HTTP/1.1" 200 5572
186.103.159.187 - - [28/Feb/2017:13:46:30 -0300] "GET /cormun/static/Resources/PXToolsTabBackSelected.png HTTP/1.1" 200 1157
186.103.159.187 - - [28/Feb/2017:13:46:30 -0300] "GET /cormun/static/Resources/PXToolsTabBackUnselected.png HTTP/1.1" 200 1175
186.103.159.187 - - [28/Feb/2017:13:46:30 -0300] "GET /cormun/static/Resources/PXToolsTabSelectedUnselected.png HTTP/1.1" 200 1428
186.103.159.187 - - [28/Feb/2017:13:46:30 -0300] "GET /cormun/static/Resources/PXToolsTabUnselectedUnselected.png HTTP/1.1" 200 1459
186.103.159.187 - - [28/Feb/2017:13:46:30 -0300] "GET /cormun/servlet/veautorizarsolicitud?2017,4886,, HTTP/1.1" 200 8122
186.103.159.187 - - [28/Feb/2017:13:46:39 -0300] "GET /cormun/servlet/veautorizarsolicitud?2017,4886,,SolicitudOTAdjuntos HTTP/1.1" 200 7159
186.103.159.187 - - [28/Feb/2017:13:46:39 -0300] "GET /cormun/pexe_scrolldiv.js HTTP/1.1" 404 1009
186.103.159.187 - - [28/Feb/2017:13:46:39 -0300] "GET /cormun/static/tbautorizarsolicitud02.js?201612218424713 HTTP/1.1" 200 14738
186.103.159.187 - - [28/Feb/2017:13:46:39 -0300] "GET /cormun/pexe_scrolldiv.js HTTP/1.1" 404 1009
186.103.159.187 - - [28/Feb/2017:13:46:40 -0300] "GET /cormun/static/gxui/gxui-all.css HTTP/1.1" 200 2179
186.103.159.187 - - [28/Feb/2017:13:46:40 -0300] "GET /cormun/static/Resources/PXToolsTabFirstUnselected.png HTTP/1.1" 200 1264
186.103.159.187 - - [28/Feb/2017:13:46:40 -0300] "GET /cormun/static/Resources/PXToolsTabUnselectedSelected.png HTTP/1.1" 200 1444
186.103.159.187 - - [28/Feb/2017:13:46:40 -0300] "GET /cormun/servlet/veautorizarsolicitud?2017,4886,,SolicitudOTAdjuntos HTTP/1.1" 200 7159
186.103.159.187 - - [28/Feb/2017:13:46:40 -0300] "GET /cormun/static/Shared/ext/resources/css/ext-all.css HTTP/1.1" 200 416045
186.103.159.187 - - [28/Feb/2017:13:46:41 -0300] "POST /cormun/servlet/acontrolpreferencessavestate?None,MCERDA,true HTTP/1.1" 200 35
201.246.237.154 - - [28/Feb/2017:13:46:41 -0300] "GET /cormun/servlet/trsolicitudot? HTTP/1.1" 200 6699
201.246.237.154 - - [28/Feb/2017:13:46:41 -0300] "GET /cormun/static/gxcfg.js?20171191044697 HTTP/1.1" 200 953
201.246.237.154 - - [28/Feb/2017:13:46:42 -0300] "GET /cormun/static/trsolicitudot.js?20171191045625 HTTP/1.1" 200 53117
201.246.237.154 - - [28/Feb/2017:13:46:42 -0300] "GET /cormun/static/Resources/PXToolsGridNew.png HTTP/1.1" 200 2949
201.246.237.154 - - [28/Feb/2017:13:46:42 -0300] "GET /cormun/servlet/trsolicitudot? HTTP/1.1" 200 6699
186.103.159.187 - - [28/Feb/2017:13:46:47 -0300] "GET /cormun/servlet/veautorizarsolicitud?2017,4886,,General HTTP/1.1" 200 8137
186.103.159.187 - - [28/Feb/2017:13:46:47 -0300] "GET /cormun/pexe_scrolldiv.js HTTP/1.1" 404 1009
186.103.159.187 - - [28/Feb/2017:13:46:47 -0300] "GET /cormun/pexe_scrolldiv.js HTTP/1.1" 404 1009
186.103.159.187 - - [28/Feb/2017:13:46:48 -0300] "GET /cormun/servlet/veautorizarsolicitud?2017,4886,,General HTTP/1.1" 200 8137
186.103.159.187 - - [28/Feb/2017:13:47:01 -0300] "POST /cormun/servlet/veautorizarsolicitud?ea30f91f5b2f4af43eb1838f6626ee05,2017,4886,,General,gx-no-cache=1488300491600 HTTP/1.1" 200 93
186.103.159.187 - - [28/Feb/2017:13:47:01 -0300] "GET /cormun/servlet/hpexe_return? HTTP/1.1" 200 1020
186.103.159.187 - - [28/Feb/2017:13:47:01 -0300] "GET /cormun/servlet/trautorizarsolicitud? HTTP/1.1" 200 8514
186.103.159.187 - - [28/Feb/2017:13:47:02 -0300] "GET /cormun/servlet/trautorizarsolicitud? HTTP/1.1" 200 8510
201.246.237.154 - - [28/Feb/2017:13:47:03 -0300] "POST /cormun/servlet/trsolicitudot?7382e2e670139a38ad7545686923b641,,gx-no-cache=1488300492695 HTTP/1.1" 200 3968
201.246.237.154 - - [28/Feb/2017:13:47:05 -0300] "GET /cormun/servlet/solicitudot?INS,0,0, HTTP/1.1" 200 12571
201.246.237.154 - - [28/Feb/2017:13:47:06 -0300] "GET /cormun/static/gxcfg.js?20171191042720 HTTP/1.1" 200 953
201.246.237.154 - - [28/Feb/2017:13:47:06 -0300] "GET /cormun/static/solicitudot.js?2017119104297 HTTP/1.1" 200 63948
201.246.237.154 - - [28/Feb/2017:13:47:06 -0300] "GET /cormun/static/Resources/prompt.gif HTTP/1.1" 200 902
201.246.237.154 - - [28/Feb/2017:13:47:07 -0300] "GET /cormun/servlet/solicitudot?INS,0,0, HTTP/1.1" 200 12576
192.168.10.96 - - [28/Feb/2017:13:47:11 -0300] "GET /cormun/servlet/hlogin HTTP/1.1" 200 1716
201.246.237.154 - - [28/Feb/2017:13:47:11 -0300] "POST /cormun/servlet/solicitudot?gx-no-cache=1488300500817 HTTP/1.1" 200 3141
192.168.10.96 - - [28/Feb/2017:13:47:11 -0300] "GET /favicon.ico HTTP/1.1" 200 21630
201.246.237.154 - - [28/Feb/2017:13:47:11 -0300] "GET /cormun/static/Shared/jqueryui/images/ui-bg_highlight-soft_100_c6c2c8_1x100.png HTTP/1.1" 404 1117
201.246.237.154 - - [28/Feb/2017:13:47:11 -0300] "GET /cormun/static/Shared/jqueryui/images/ui-icons_82798d_256x240.png HTTP/1.1" 404 1089
201.246.237.154 - - [28/Feb/2017:13:47:11 -0300] "GET /cormun/static/Shared/jqueryui/images/ui-bg_flat_55_994d53_40x100.png HTTP/1.1" 404 1097
201.246.237.154 - - [28/Feb/2017:13:47:11 -0300] "GET /cormun/static/Shared/jqueryui/images/ui-icons_ebccce_256x240.png HTTP/1.1" 404 1089
201.246.237.154 - - [28/Feb/2017:13:47:11 -0300] "GET /cormun/servlet/solicitudot?62ae02e59939167e4881b54caedebd0d35829cc3a57abe18578bd901bf529cd3,gx-no-cache=1488300501282 HTTP/1.1" 200 111
192.168.10.96 - - [28/Feb/2017:13:47:12 -0300] "GET /cormun/servlet/hlogin HTTP/1.1" 200 1716
201.246.237.154 - - [28/Feb/2017:13:47:12 -0300] "GET /cormun/servlet/solicitudot?62ae02e59939167e4881b54caedebd0d43a3e1c9d7143468cbb4a321c3564eda073944a0e09d090908cd0966ee8af3d12b483d705084e2d83e8fa2c1b7c64a7402355b55f27d10964030019c149627afa2feb8f0b9b81d5bbd39a1594c768309de666720cc9881d00abda861f55f416c3a78cde0b048789289dc026a990662a72a45327738859f47703b4ac2d2e93e4050728b43671af97fb72556f23b8bdaa31c5c89e9b0372ebf982c627caa88cc09ced4593eff14b638e79a5d4cfbae6c4f1a2e7ace0b7c909da3fa06d4a0fedbf97305e71130f5c326ae7d08fc9e706842f900fd3e18f69b178477375f67e8ce008cb07c9198ef6eb03a18dc7116499f5917b368564fceb9d342334fe5cba2f551744a45d7acb01eb9ae8f2823eeee3ab001725fbc4ead2e15459799815ab668aa955dcc20a8e8fbfcc66d356877a626032e627029cd3ed1e0983d938b27c1a120,gx-no-cache=1488300502483 HTTP/1.1" 200 297
201.246.237.154 - - [28/Feb/2017:13:47:13 -0300] "GET /cormun/servlet/solicitudot?62ae02e59939167e4881b54caedebd0d4cde970dccd6326bf8b432c5c9f6d7c37ed726e834a96c3c6805df3afc58fc5a446d8ae79471edf430df6e6fe0466959c8cf260b8c3b010a0f1e64b9f5d908d0e2e5a81d7190a7b68ac8637c38cd25bcb484b5ba51c2687e947032c1acdff2221422fcde694b87d95460bdac24f9b0f76f91f86e8efc9a29ba76192498ec9b8b2ed197b952f565b15c3672e373042b210cb291b89488830a29ef4a304a9fb0b1fbc241ee16c87a369271973c4437c11fa5f7f5e787a70734822de93b2e69ee14fcc097d61a6eadcb5db895dfb9a9e0787244c82ced617c980d1d5a75db779b83471b41ffe995f137837e32683d8f071981b7bdef7fefcf4598f914bd11d3568496d3a7d1d525ccb1cfe7385943d1f5b0ef698cbda00b6c688369d0a8f81703bb6a16960424074f581a4e0a421f9bf5a77ee02a7f45f7b33f7f9b01733dcdde0aa007160dfc767bf36135b265974f1c942f54eb1216144ec71c4d620b3a7cc3664348088e632eb647132779a5afe5bc1407cc696bbdff53e25119c95db810b402,gx-no-cache=1488300502715 HTTP/1.1" 200 30
201.246.237.154 - - [28/Feb/2017:13:47:23 -0300] "GET /cormun/static/Resources/resize.gif HTTP/1.1" 200 77
192.168.10.96 - - [28/Feb/2017:13:47:25 -0300] "POST /cormun/servlet/hlogin?646ed7839f26d8b152fa0bb13edc08ee,gx-no-cache=1488303731968 HTTP/1.1" 200 90
192.168.10.96 - - [28/Feb/2017:13:47:25 -0300] "GET /cormun/servlet/hpexe_link HTTP/1.1" 200 950
192.168.10.96 - - [28/Feb/2017:13:47:25 -0300] "GET /cormun/servlet/hhome HTTP/1.1" 200 4100
192.168.10.96 - - [28/Feb/2017:13:47:26 -0300] "GET /cormun/servlet/hhome HTTP/1.1" 200 4096
192.168.10.96 - - [28/Feb/2017:13:47:29 -0300] "GET /cormun/servlet/trsolicitudgral? HTTP/1.1" 200 24109
201.246.237.154 - - [28/Feb/2017:13:47:30 -0300] "GET /cormun/servlet/prfichaempleado?,MD,,gxPopupLevel%3D0%3B HTTP/1.1" 200 8812
201.246.237.154 - - [28/Feb/2017:13:47:30 -0300] "GET /cormun/static/menusearch.js?201610171694467 HTTP/1.1" 200 1424
201.246.237.154 - - [28/Feb/2017:13:47:30 -0300] "GET /cormun/static/gxcfg.js?2016102420561687 HTTP/1.1" 200 953
201.246.237.154 - - [28/Feb/2017:13:47:30 -0300] "GET /cormun/static/hmpwkw011.js?201612218515582 HTTP/1.1" 200 1968
201.246.237.154 - - [28/Feb/2017:13:47:30 -0300] "GET /cormun/static/Resources/PXToolsMenuSearchCancel.png HTTP/1.1" 200 2972
201.246.237.154 - - [28/Feb/2017:13:47:31 -0300] "GET /cormun/static/Resources/PXToolsMenuSearch.png HTTP/1.1" 200 2914
201.246.237.154 - - [28/Feb/2017:13:47:31 -0300] "GET /cormun/static/prfichaempleado.js?201610242056198 HTTP/1.1" 200 16015
192.168.10.96 - - [28/Feb/2017:13:47:31 -0300] "GET /cormun/servlet/trsolicitudgral? HTTP/1.1" 200 24106
201.246.237.154 - - [28/Feb/2017:13:47:43 -0300] "POST /cormun/servlet/prfichaempleado?7382e2e670139a38ad7545686923b641,,MD,,gxPopupLevel%3D0%3B,gx-no-cache=1488300532358 HTTP/1.1" 200 3398
186.103.159.187 - - [28/Feb/2017:13:47:47 -0300] "GET /cormun/servlet/treventos?2017,4884, HTTP/1.1" 200 7504
186.103.159.187 - - [28/Feb/2017:13:47:47 -0300] "GET /cormun/static/gxcfg.js?2016101716195975 HTTP/1.1" 200 953
186.103.159.187 - - [28/Feb/2017:13:47:47 -0300] "GET /cormun/static/treventos.js?201610171620222 HTTP/1.1" 200 16055
186.103.159.187 - - [28/Feb/2017:13:47:48 -0300] "GET /cormun/servlet/treventos?2017,4884, HTTP/1.1" 200 7503
201.246.237.154 - - [28/Feb/2017:13:47:49 -0300] "POST /cormun/servlet/solicitudot?gx-no-cache=1488300538764 HTTP/1.1" 200 3191
201.246.237.154 - - [28/Feb/2017:13:47:50 -0300] "POST /cormun/servlet/solicitudot?7382e2e670139a38ad7545686923b641,INS,0,0,,gx-no-cache=1488300539316 HTTP/1.1" 200 9800
192.168.10.96 - - [28/Feb/2017:13:47:55 -0300] "POST /cormun/servlet/trsolicitudgral?646ed7839f26d8b152fa0bb13edc08ee,,gx-no-cache=1488303762215 HTTP/1.1" 200 5407
186.103.159.187 - - [28/Feb/2017:13:48:00 -0300] "GET /cormun/servlet/trautorizarsolicitud? HTTP/1.1" 200 8514
186.103.159.187 - - [28/Feb/2017:13:48:01 -0300] "GET /cormun/servlet/trautorizarsolicitud? HTTP/1.1" 200 8510
186.103.159.187 - - [28/Feb/2017:13:48:04 -0300] "GET /cormun/servlet/treventos?2017,4886, HTTP/1.1" 200 7504
186.103.159.187 - - [28/Feb/2017:13:48:05 -0300] "GET /cormun/servlet/treventos?2017,4886, HTTP/1.1" 200 7503
201.246.237.154 - - [28/Feb/2017:13:48:09 -0300] "GET /cormun/servlet/solicitudot?62ae02e59939167e4881b54caedebd0d9b479293aa47503f450dccc7973897978e37278e35c680766851fc7a5ffae8a3,gx-no-cache=1488300558711 HTTP/1.1" 200 30
201.246.237.154 - - [28/Feb/2017:13:48:09 -0300] "POST /cormun/servlet/solicitudot?gx-no-cache=1488300559034 HTTP/1.1" 200 297
201.246.237.154 - - [28/Feb/2017:13:48:10 -0300] "GET /cormun/servlet/solicitudot?62ae02e59939167e4881b54caedebd0d4cde970dccd6326bf8b432c5c9f6d7c37ed726e834a96c3c6805df3afc58fc5a446d8ae79471edf430df6e6fe0466959c8cf260b8c3b010a0f1e64b9f5d908d0e2e5a81d7190a7b68ac8637c38cd25bcb484b5ba51c2687e947032c1acdff2221422fcde694b87d95460bdac24f9b0f76f91f86e8efc9a29ba76192498ec9b8b2ed197b952f565b15c3672e373042b210cb291b89488830a29ef4a304a9fb0b1fbc241ee16c87a369271973c4437c11fa5f7f5e787a70734822de93b2e69ee14fcc097d61a6eadcb5db895dfb9a9e0787244c82ced617c980d1d5a75db779b83471b41ffe995f137837e32683d8f071981b7bdef7fefcf4598f914bd11d3568496d3a7d1d525ccb1cfe7385943d1f5b0ef698cbda00b6c688369d0a8f81703bb6a16960424074f581a4e0a421f9bf5a77ee02a7f45f7b33f7f9b01733dcdde0aa007160dfc767bf36135b265974f1c942f54eb1216144ec71c4d620b3a7cc366ad19e1881179a14e7b0d67c3067f747a07cc696bbdff53e25119c95db810b402,gx-no-cache=1488300559585 HTTP/1.1" 200 30
201.246.237.154 - - [28/Feb/2017:13:48:10 -0300] "POST /cormun/servlet/solicitudot?gx-no-cache=1488300559804 HTTP/1.1" 200 30
201.246.237.154 - - [28/Feb/2017:13:48:11 -0300] "POST /cormun/servlet/solicitudot?gx-no-cache=1488300560352 HTTP/1.1" 200 235
201.246.237.154 - - [28/Feb/2017:13:48:12 -0300] "POST /cormun/servlet/solicitudot?gx-no-cache=1488300560963 HTTP/1.1" 200 38
186.103.159.187 - - [28/Feb/2017:13:48:15 -0300] "GET /cormun/servlet/trautorizarsolicitud? HTTP/1.1" 200 8514
186.103.159.187 - - [28/Feb/2017:13:48:17 -0300] "GET /cormun/servlet/trautorizarsolicitud? HTTP/1.1" 200 8510
192.168.10.96 - - [28/Feb/2017:13:48:25 -0300] "POST /cormun/servlet/trsolicitudgral?646ed7839f26d8b152fa0bb13edc08ee,,gx-no-cache=1488303789287 HTTP/1.1" 200 12077
186.103.159.187 - - [28/Feb/2017:13:48:36 -0300] "POST /cormun/servlet/trautorizarsolicitud?ea30f91f5b2f4af43eb1838f6626ee05,,gx-no-cache=1488300587319 HTTP/1.1" 200 107
186.103.159.187 - - [28/Feb/2017:13:48:37 -0300] "GET /cormun/servlet/trsolicitudadjuntos?2017,4886, HTTP/1.1" 200 5979
186.103.159.187 - - [28/Feb/2017:13:48:38 -0300] "GET /cormun/servlet/trsolicitudadjuntos?2017,4886, HTTP/1.1" 200 5977
95.213.177.124 - - [28/Feb/2017:13:49:18 -0300] "CONNECT check.proxyradar.com:80 HTTP/1.1" 400 -
192.168.10.96 - - [28/Feb/2017:13:49:53 -0300] "POST /cormun/servlet/trsolicitudgral?646ed7839f26d8b152fa0bb13edc08ee,,gx-no-cache=1488303880147 HTTP/1.1" 200 5398
186.103.159.187 - - [28/Feb/2017:13:49:55 -0300] "GET /cormun/servlet/hlogin HTTP/1.1" 200 1722
192.168.10.96 - - [28/Feb/2017:13:49:59 -0300] "POST /cormun/servlet/trsolicitudgral?646ed7839f26d8b152fa0bb13edc08ee,,gx-no-cache=1488303886517 HTTP/1.1" 200 6969
186.103.159.187 - - [28/Feb/2017:13:50:04 -0300] "POST /cormun/servlet/hlogin?ea30f91f5b2f4af43eb1838f6626ee05,gx-no-cache=1488300674747 HTTP/1.1" 200 429
192.168.10.96 - - [28/Feb/2017:13:50:08 -0300] "POST /cormun/servlet/trsolicitudgral?646ed7839f26d8b152fa0bb13edc08ee,,gx-no-cache=1488303895278 HTTP/1.1" 200 11752
186.103.159.187 - - [28/Feb/2017:13:50:11 -0300] "POST /cormun/servlet/hlogin?ea30f91f5b2f4af43eb1838f6626ee05,gx-no-cache=1488300682267 HTTP/1.1" 200 429
186.103.159.187 - - [28/Feb/2017:13:50:15 -0300] "POST /cormun/servlet/hlogin?ea30f91f5b2f4af43eb1838f6626ee05,gx-no-cache=1488300685828 HTTP/1.1" 200 428
186.103.159.187 - - [28/Feb/2017:13:50:20 -0300] "POST /cormun/servlet/hlogin?ea30f91f5b2f4af43eb1838f6626ee05,gx-no-cache=1488300691117 HTTP/1.1" 200 90
186.103.159.187 - - [28/Feb/2017:13:50:20 -0300] "GET /cormun/servlet/hpexe_link HTTP/1.1" 200 952
186.103.159.187 - - [28/Feb/2017:13:50:20 -0300] "GET /cormun/servlet/hhome HTTP/1.1" 200 3734
186.103.159.187 - - [28/Feb/2017:13:50:21 -0300] "GET /cormun/servlet/hhome HTTP/1.1" 200 3731
186.103.159.187 - - [28/Feb/2017:13:50:29 -0300] "GET /cormun/servlet/trsolicitudot? HTTP/1.1" 200 6670
186.103.159.187 - - [28/Feb/2017:13:50:30 -0300] "GET /cormun/servlet/trsolicitudot? HTTP/1.1" 200 6670
186.103.159.187 - - [28/Feb/2017:13:50:35 -0300] "GET /cormun/servlet/solicitudot?INS,0,0, HTTP/1.1" 200 12544
186.103.159.187 - - [28/Feb/2017:13:50:36 -0300] "GET /cormun/servlet/solicitudot?INS,0,0, HTTP/1.1" 200 12549
192.168.10.96 - - [28/Feb/2017:13:50:40 -0300] "POST /cormun/servlet/trsolicitudgral?646ed7839f26d8b152fa0bb13edc08ee,,gx-no-cache=1488303926955 HTTP/1.1" 200 11752
186.103.159.187 - - [28/Feb/2017:13:50:53 -0300] "POST /cormun/servlet/solicitudot?gx-no-cache=1488300724460 HTTP/1.1" 200 3182
186.103.159.187 - - [28/Feb/2017:13:50:54 -0300] "POST /cormun/servlet/solicitudot?ea30f91f5b2f4af43eb1838f6626ee05,INS,0,0,,gx-no-cache=1488300724675 HTTP/1.1" 200 9771
186.103.159.187 - - [28/Feb/2017:13:51:03 -0300] "GET /cormun/servlet/solicitudot?4df90e97daff3dc6323dd863500beae11d4ba76e1ee45587e143bc9eaca64ed2b0b185706f7967b0807003e8a406c008,gx-no-cache=1488300734210 HTTP/1.1" 200 30
186.103.159.187 - - [28/Feb/2017:13:51:03 -0300] "POST /cormun/servlet/solicitudot?gx-no-cache=1488300734270 HTTP/1.1" 200 255
186.103.159.187 - - [28/Feb/2017:13:51:03 -0300] "GET /cormun/servlet/solicitudot?4df90e97daff3dc6323dd863500beae1125b7837e434308c6ab4a7bc864d18d0905fc9865009618da858bd57ad55677051a4fe0030d21d0e524701ff3a0d929a4501b56cd4bb93c84c71820a1fe927342a1d3053625ec7d0bc8bf3a1e4222b8f3dc482054ef6f9c5b69463c514258b377456b470dad1962d3223f5966621407aefbbad27031beba29ce8e156fa3e6b5c1e1c8aa27b55e66065f0ee5e92af382bccbdf0f315e9d7d5e43dccd6f59b66b70c816873790437da0bcda696c3cfa58e84d4730b09505c6deb37450c290db01fc010e227b9b479184596785dc4437968a3d7d105c994a40ef7ceedccac5b85a928ee41e57bf2c7d5e234294099984e38a98ed1a935fe4753cf0af3ca9a9768ac5587f7c6e0d912e5b5bc1c55d5457d0f09cd9ac80deef7c9ed7fbc976b1253f743c3439e31f6e610df28f481399f5f4f1bca983373401b5e5639850c0db602d15761693eec13fb5ecf6a10aac9cd953d9a390544adb1949e7465decdc314d2fc94a43715e6571957ce82280140cffa89,gx-no-cache=1488300734315 HTTP/1.1" 200 30
186.103.159.187 - - [28/Feb/2017:13:51:03 -0300] "POST /cormun/servlet/solicitudot?gx-no-cache=1488300734349 HTTP/1.1" 200 30
186.103.159.187 - - [28/Feb/2017:13:51:03 -0300] "POST /cormun/servlet/solicitudot?gx-no-cache=1488300734394 HTTP/1.1" 200 235
186.103.159.187 - - [28/Feb/2017:13:51:03 -0300] "POST /cormun/servlet/solicitudot?gx-no-cache=1488300734454 HTTP/1.1" 200 38
186.103.159.187 - - [28/Feb/2017:13:51:03 -0300] "GET /cormun/servlet/solicitudot?4df90e97daff3dc6323dd863500beae108233eb16ed2295e340dd32091c357185e0c36b1d39969d8431f9d7629b7690e5dc8404617060c049b2d6dbba53cf7620f1d9773a5f802fbb0a1e02f3addb23ff9ae918a07cd15fbef39dd7a109753016de035af47cc617d12ab0b2fe31a617729b1c8181e5d7aff17356895686a261408e9924ccf37bbd89737650bd3c0efc5289485cae96552ebf8f89a6edf71cf12,gx-no-cache=1488300734492 HTTP/1.1" 200 29
186.103.159.187 - - [28/Feb/2017:13:51:03 -0300] "POST /cormun/servlet/solicitudot?gx-no-cache=1488300734526 HTTP/1.1" 200 643
186.103.159.187 - - [28/Feb/2017:13:51:03 -0300] "POST /cormun/servlet/solicitudot?gx-no-cache=1488300734569 HTTP/1.1" 200 518
186.103.159.187 - - [28/Feb/2017:13:51:03 -0300] "GET /cormun/servlet/solicitudot?4df90e97daff3dc6323dd863500beae1c456c807a5eedf83b2d640a2bc58c7cb6daa23383393ed6d2a5f9e29dd7842057a016f59739b3406458e8a2def1f6e13960bf966be057ec471d14b1871b100ddb30880f2cf207f09995e517f142b9555c1364503ea7933b4b0553067ee5132de7cc89518c3e77042ac0100d7fb496dfde92fd3bfda4e38e08afbeb4620c8eabf5d59df51a93e18bfa18310dda2448683,gx-no-cache=1488300734615 HTTP/1.1" 200 30
186.103.159.187 - - [28/Feb/2017:13:51:04 -0300] "POST /cormun/servlet/solicitudot?ea30f91f5b2f4af43eb1838f6626ee05,INS,0,0,,gx-no-cache=1488300734666 HTTP/1.1" 200 10541
186.103.159.187 - - [28/Feb/2017:13:51:04 -0300] "GET /cormun/static/Shared/jqueryui/images/ui-bg_highlight-soft_100_c6c2c8_1x100.png HTTP/1.1" 404 1117
186.103.159.187 - - [28/Feb/2017:13:51:04 -0300] "GET /cormun/static/Shared/jqueryui/images/ui-icons_82798d_256x240.png HTTP/1.1" 404 1089
186.103.159.187 - - [28/Feb/2017:13:51:04 -0300] "GET /cormun/static/Shared/jqueryui/images/ui-bg_flat_55_994d53_40x100.png HTTP/1.1" 404 1097
186.103.159.187 - - [28/Feb/2017:13:51:04 -0300] "GET /cormun/static/Shared/jqueryui/images/ui-icons_ebccce_256x240.png HTTP/1.1" 404 1089
186.103.159.187 - - [28/Feb/2017:13:51:15 -0300] "POST /cormun/servlet/solicitudot?ea30f91f5b2f4af43eb1838f6626ee05,INS,0,0,,gx-no-cache=1488300745698 HTTP/1.1" 200 93
186.103.159.187 - - [28/Feb/2017:13:51:15 -0300] "GET /cormun/servlet/hpexe_return? HTTP/1.1" 200 1004
186.103.159.187 - - [28/Feb/2017:13:51:15 -0300] "GET /cormun/servlet/trsolicitudot HTTP/1.1" 200 6673
186.103.159.187 - - [28/Feb/2017:13:51:16 -0300] "GET /cormun/servlet/trsolicitudot HTTP/1.1" 200 6670
192.168.10.96 - - [28/Feb/2017:13:51:16 -0300] "POST /cormun/servlet/trsolicitudgral?646ed7839f26d8b152fa0bb13edc08ee,,gx-no-cache=1488303963235 HTTP/1.1" 200 11752
192.168.10.96 - - [28/Feb/2017:13:51:20 -0300] "POST /cormun/servlet/trsolicitudgral?646ed7839f26d8b152fa0bb13edc08ee,,gx-no-cache=1488303966755 HTTP/1.1" 200 11753
201.246.237.154 - - [28/Feb/2017:13:51:46 -0300] "POST /cormun/servlet/solicitudot?gx-no-cache=1488300775673 HTTP/1.1" 200 30
201.246.237.154 - - [28/Feb/2017:13:51:46 -0300] "POST /cormun/servlet/solicitudot?gx-no-cache=1488300776078 HTTP/1.1" 200 656
201.246.237.154 - - [28/Feb/2017:13:51:46 -0300] "POST /cormun/servlet/solicitudot?gx-no-cache=1488300776297 HTTP/1.1" 200 38
201.246.237.154 - - [28/Feb/2017:13:51:47 -0300] "GET /cormun/servlet/solicitudot?62ae02e59939167e4881b54caedebd0d6a43bc3eed5c5be34a74748948006eef8cb07c9198ef6eb03a18dc7116499f597cc725e0b41438fa926d992eab16b77deb1c04a36a87ee326c5ea5cd5647618d9fa3f660af84af56da6fc08e6b8fa3a00bb7eb77d6867ffa93ebc71aa8c0e195,gx-no-cache=1488300776671 HTTP/1.1" 200 29
201.246.237.154 - - [28/Feb/2017:13:51:47 -0300] "POST /cormun/servlet/solicitudot?gx-no-cache=1488300776874 HTTP/1.1" 200 643
201.246.237.154 - - [28/Feb/2017:13:51:47 -0300] "POST /cormun/servlet/solicitudot?gx-no-cache=1488300777135 HTTP/1.1" 200 518
201.246.237.154 - - [28/Feb/2017:13:51:48 -0300] "GET /cormun/static/menuarrow.gif HTTP/1.1" 404 1015
201.246.237.154 - - [28/Feb/2017:13:51:50 -0300] "POST /cormun/servlet/solicitudot?gx-no-cache=1488300780010 HTTP/1.1" 200 30
201.246.237.154 - - [28/Feb/2017:13:51:50 -0300] "POST /cormun/servlet/solicitudot?gx-no-cache=1488300780325 HTTP/1.1" 200 656
201.246.237.154 - - [28/Feb/2017:13:51:51 -0300] "POST /cormun/servlet/solicitudot?gx-no-cache=1488300780558 HTTP/1.1" 200 38
201.246.237.154 - - [28/Feb/2017:13:51:51 -0300] "POST /cormun/servlet/solicitudot?gx-no-cache=1488300780931 HTTP/1.1" 200 643
201.246.237.154 - - [28/Feb/2017:13:51:51 -0300] "POST /cormun/servlet/solicitudot?gx-no-cache=1488300781112 HTTP/1.1" 200 518
186.103.159.187 - - [28/Feb/2017:13:51:55 -0300] "GET /cormun/servlet/solicitudot?INS,0,0, HTTP/1.1" 200 12544
186.103.159.187 - - [28/Feb/2017:13:51:56 -0300] "GET /cormun/servlet/solicitudot?INS,0,0, HTTP/1.1" 200 12549
201.246.237.154 - - [28/Feb/2017:13:52:04 -0300] "GET /cormun/servlet/solicitudot?62ae02e59939167e4881b54caedebd0d3cf88b3b9021c6868c9c8c61dd38154194a6e150157bcaa644f7a9bab468ea8c774ab1f52ad879f33e729f00e81160f817b368564fceb9d342334fe5cba2f551d59e538761b4bce0c9b6316cf51fd1e226dea0dd3175007543c95c7396fc87388f9d8e8b813e44af8ebee54c61c2a3cc98a73b11438f9ca152a9983be9b1a54bb64ad49eca11c41f81650fe2a65c9b2b3ef9a1a79e391a96ee077525f4b3c0e2,gx-no-cache=1488300794253 HTTP/1.1" 200 30
186.103.159.187 - - [28/Feb/2017:13:52:07 -0300] "POST /cormun/servlet/solicitudot?gx-no-cache=1488300797652 HTTP/1.1" 200 3182
186.103.159.187 - - [28/Feb/2017:13:52:07 -0300] "POST /cormun/servlet/solicitudot?ea30f91f5b2f4af43eb1838f6626ee05,INS,0,0,,gx-no-cache=1488300797849 HTTP/1.1" 200 9772
186.103.159.187 - - [28/Feb/2017:13:52:18 -0300] "GET /cormun/servlet/solicitudot?4df90e97daff3dc6323dd863500beae11d4ba76e1ee45587e143bc9eaca64ed2b0b185706f7967b0807003e8a406c008,gx-no-cache=1488300809153 HTTP/1.1" 200 30
186.103.159.187 - - [28/Feb/2017:13:52:18 -0300] "POST /cormun/servlet/solicitudot?gx-no-cache=1488300809228 HTTP/1.1" 200 255
186.103.159.187 - - [28/Feb/2017:13:52:18 -0300] "GET /cormun/servlet/solicitudot?4df90e97daff3dc6323dd863500beae1125b7837e434308c6ab4a7bc864d18d0905fc9865009618da858bd57ad55677051a4fe0030d21d0e524701ff3a0d929a4501b56cd4bb93c84c71820a1fe927342a1d3053625ec7d0bc8bf3a1e4222b8f3dc482054ef6f9c5b69463c514258b377456b470dad1962d3223f5966621407aefbbad27031beba29ce8e156fa3e6b5c1e1c8aa27b55e66065f0ee5e92af382bccbdf0f315e9d7d5e43dccd6f59b66b70c816873790437da0bcda696c3cfa58e84d4730b09505c6deb37450c290db01fc010e227b9b479184596785dc4437968a3d7d105c994a40ef7ceedccac5b85a928ee41e57bf2c7d5e234294099984e38a98ed1a935fe4753cf0af3ca9a9768ac5587f7c6e0d912e5b5bc1c55d5457d0f09cd9ac80deef7c9ed7fbc976b1253f743c3439e31f6e610df28f481399f5f4f1bca983373401b5e5639850c0db602d15761693eec13fb5ecf6a10aac9cd953d9a390544adb1949e7465decdc314d2fc94a43715e6571957ce82280140cffa89,gx-no-cache=1488300809277 HTTP/1.1" 200 30
186.103.159.187 - - [28/Feb/2017:13:52:18 -0300] "POST /cormun/servlet/solicitudot?gx-no-cache=1488300809310 HTTP/1.1" 200 30
186.103.159.187 - - [28/Feb/2017:13:52:18 -0300] "POST /cormun/servlet/solicitudot?gx-no-cache=1488300809356 HTTP/1.1" 200 235
186.103.159.187 - - [28/Feb/2017:13:52:18 -0300] "POST /cormun/servlet/solicitudot?gx-no-cache=1488300809411 HTTP/1.1" 200 38
186.103.159.187 - - [28/Feb/2017:13:52:18 -0300] "GET /cormun/servlet/solicitudot?4df90e97daff3dc6323dd863500beae108233eb16ed2295e340dd32091c357185e0c36b1d39969d8431f9d7629b7690e5dc8404617060c049b2d6dbba53cf7620f1d9773a5f802fbb0a1e02f3addb23ff9ae918a07cd15fbef39dd7a109753016de035af47cc617d12ab0b2fe31a617729b1c8181e5d7aff17356895686a261408e9924ccf37bbd89737650bd3c0efc5289485cae96552ebf8f89a6edf71cf12,gx-no-cache=1488300809454 HTTP/1.1" 200 29
186.103.159.187 - - [28/Feb/2017:13:52:18 -0300] "POST /cormun/servlet/solicitudot?gx-no-cache=1488300809488 HTTP/1.1" 200 643
186.103.159.187 - - [28/Feb/2017:13:52:18 -0300] "POST /cormun/servlet/solicitudot?gx-no-cache=1488300809534 HTTP/1.1" 200 518
186.103.159.187 - - [28/Feb/2017:13:52:18 -0300] "GET /cormun/servlet/solicitudot?4df90e97daff3dc6323dd863500beae1c456c807a5eedf83b2d640a2bc58c7cb6daa23383393ed6d2a5f9e29dd7842057a016f59739b3406458e8a2def1f6e13960bf966be057ec471d14b1871b100ddb30880f2cf207f09995e517f142b9555c1364503ea7933b4b0553067ee5132de7cc89518c3e77042ac0100d7fb496dfde92fd3bfda4e38e08afbeb4620c8eabf5d59df51a93e18bfa18310dda2448683,gx-no-cache=1488300809580 HTTP/1.1" 200 30
186.103.159.187 - - [28/Feb/2017:13:52:19 -0300] "POST /cormun/servlet/solicitudot?ea30f91f5b2f4af43eb1838f6626ee05,INS,0,0,,gx-no-cache=1488300809621 HTTP/1.1" 200 10541
186.103.159.187 - - [28/Feb/2017:13:52:19 -0300] "GET /cormun/static/Shared/jqueryui/images/ui-bg_highlight-soft_100_c6c2c8_1x100.png HTTP/1.1" 404 1117
186.103.159.187 - - [28/Feb/2017:13:52:19 -0300] "GET /cormun/static/Shared/jqueryui/images/ui-icons_82798d_256x240.png HTTP/1.1" 404 1089
186.103.159.187 - - [28/Feb/2017:13:52:19 -0300] "GET /cormun/static/Shared/jqueryui/images/ui-bg_flat_55_994d53_40x100.png HTTP/1.1" 404 1097
186.103.159.187 - - [28/Feb/2017:13:52:19 -0300] "GET /cormun/static/Shared/jqueryui/images/ui-icons_ebccce_256x240.png HTTP/1.1" 404 1089
186.103.159.187 - - [28/Feb/2017:13:52:21 -0300] "POST /cormun/servlet/solicitudot?ea30f91f5b2f4af43eb1838f6626ee05,INS,0,0,,gx-no-cache=1488300812291 HTTP/1.1" 200 93
186.103.159.187 - - [28/Feb/2017:13:52:21 -0300] "GET /cormun/servlet/hpexe_return? HTTP/1.1" 200 1004
186.103.159.187 - - [28/Feb/2017:13:52:22 -0300] "GET /cormun/servlet/trsolicitudot HTTP/1.1" 200 6673
186.103.159.187 - - [28/Feb/2017:13:52:23 -0300] "GET /cormun/servlet/trsolicitudot HTTP/1.1" 200 6670
186.103.159.187 - - [28/Feb/2017:13:52:43 -0300] "POST /cormun/servlet/trsolicitudot?ea30f91f5b2f4af43eb1838f6626ee05,gx-no-cache=1488300834254 HTTP/1.1" 200 3954
186.103.159.187 - - [28/Feb/2017:13:53:05 -0300] "POST /cormun/servlet/trsolicitudot?ea30f91f5b2f4af43eb1838f6626ee05,gx-no-cache=1488300855730 HTTP/1.1" 200 3979
186.103.159.187 - - [28/Feb/2017:13:53:09 -0300] "POST /cormun/servlet/trsolicitudot?ea30f91f5b2f4af43eb1838f6626ee05,gx-no-cache=1488300860247 HTTP/1.1" 200 3980
186.103.159.187 - - [28/Feb/2017:13:53:18 -0300] "POST /cormun/servlet/trsolicitudot?ea30f91f5b2f4af43eb1838f6626ee05,gx-no-cache=1488300868970 HTTP/1.1" 200 3980
186.103.159.187 - - [28/Feb/2017:13:53:43 -0300] "POST /cormun/servlet/trsolicitudot?ea30f91f5b2f4af43eb1838f6626ee05,gx-no-cache=1488300894030 HTTP/1.1" 200 3979
186.103.159.187 - - [28/Feb/2017:13:53:46 -0300] "POST /cormun/servlet/trsolicitudot?ea30f91f5b2f4af43eb1838f6626ee05,gx-no-cache=1488300897430 HTTP/1.1" 200 3979
186.103.159.187 - - [28/Feb/2017:13:53:54 -0300] "GET /cormun/static/menuarrow.gif HTTP/1.1" 404 1015
201.246.237.154 - - [28/Feb/2017:13:54:06 -0300] "POST /cormun/servlet/solicitudot?gx-no-cache=1488300915416 HTTP/1.1" 200 30
