200.30.209.79 - - [28/Feb/2017:17:01:18 -0300] "POST /cormun/servlet/solicitudot?86def9d1f8906a55e0c1f0743727b65e,INS,0,0,,gx-no-cache=1488312151067 HTTP/1.1" 200 9684
200.30.209.79 - - [28/Feb/2017:17:01:34 -0300] "GET /cormun/servlet/solicitudot?f446861d19167eea33aaf53ded3229071ede8d8b1480a9274825a7a762a6c218991b543c7d6d6e1a908dcc925b2ad601,gx-no-cache=1488312166848 HTTP/1.1" 200 30
200.30.209.79 - - [28/Feb/2017:17:01:34 -0300] "POST /cormun/servlet/solicitudot?gx-no-cache=1488312166913 HTTP/1.1" 200 297
200.30.209.79 - - [28/Feb/2017:17:01:34 -0300] "GET /cormun/servlet/solicitudot?f446861d19167eea33aaf53ded32290795dd29e7fcaa42f083b4d57ddf435062dbd01749b127a33f18c1859bf28e85ea76e969f4ccaf236c765950d0ed3ffd2f61f78548d880432265250767e382689ba4c2098228a7f0e38e2395b4f54c05e32c7eeaf68691939f3ff876c7a83171c8622661bc71186eae1d90c1221fd4084532284a089d91d1694e117d37679cab3b69847eb291eebb080cc166448363d7cb6c8822d4d5f6487d32a01578be1db8686bef021567fbb23d189f2917c30839b02d4fa2a97a88b0e0eb2511de2b78c17c10dbf1d9d9b7431a533017b4b49ed0cffedc97f05b964ddc1cb5d47d0bcadc78679d278068452daf594e41624406ec3c3caf0942c609e47780caf60bd903235e02a56290bd04a8793cb893593f0384d6f42c30b19adfd169fe9846768b95efc0d3289c7ecbbbc2578fbe59c4ae05a5199032684f074ad9be067bac03de1184fc12718659934fde358d27e83e3430a00aedd9be8f7f0c28064c776ece68e735c02b86cad8af3ffd3eaa04ac4189704ac6815bf1d237c6aed1fdc7ef80a96dfe5a,gx-no-cache=1488312166995 HTTP/1.1" 200 30
200.30.209.79 - - [28/Feb/2017:17:01:39 -0300] "POST /cormun/servlet/solicitudot?gx-no-cache=1488312172365 HTTP/1.1" 200 30
186.67.172.234 - - [28/Feb/2017:17:01:42 -0300] "POST /cormun/servlet/trautorizarsolicitud?8985e5d73eee928eb5615f574458c4a8,gx-no-cache=1488312181383 HTTP/1.1" 200 7618
186.67.172.234 - - [28/Feb/2017:17:01:42 -0300] "POST /cormun/servlet/trautorizarsolicitud?8985e5d73eee928eb5615f574458c4a8,gx-no-cache=1488312181866 HTTP/1.1" 200 7563
186.67.172.234 - - [28/Feb/2017:17:01:44 -0300] "POST /cormun/servlet/trautorizarsolicitud?8985e5d73eee928eb5615f574458c4a8,gx-no-cache=1488312183527 HTTP/1.1" 200 7195
186.67.172.234 - - [28/Feb/2017:17:01:44 -0300] "POST /cormun/servlet/trautorizarsolicitud?8985e5d73eee928eb5615f574458c4a8,gx-no-cache=1488312184293 HTTP/1.1" 200 7139
186.67.172.234 - - [28/Feb/2017:17:01:46 -0300] "POST /cormun/servlet/trautorizarsolicitud?8985e5d73eee928eb5615f574458c4a8,gx-no-cache=1488312186104 HTTP/1.1" 200 6863
186.67.172.234 - - [28/Feb/2017:17:01:47 -0300] "POST /cormun/servlet/trautorizarsolicitud?8985e5d73eee928eb5615f574458c4a8,gx-no-cache=1488312186847 HTTP/1.1" 200 6809
200.30.209.79 - - [28/Feb/2017:17:01:52 -0300] "GET /cormun/servlet/trcontratoobservacion? HTTP/1.1" 200 5871
200.30.209.79 - - [28/Feb/2017:17:01:52 -0300] "GET /cormun/static/gxcfg.js?20161221855213 HTTP/1.1" 200 953
200.30.209.79 - - [28/Feb/2017:17:01:52 -0300] "GET /cormun/static/trcontratoobservacion.js?20161221855487 HTTP/1.1" 200 25085
200.30.209.79 - - [28/Feb/2017:17:01:53 -0300] "GET /cormun/servlet/trcontratoobservacion? HTTP/1.1" 200 5866
186.67.172.234 - - [28/Feb/2017:17:01:55 -0300] "POST /cormun/servlet/trautorizarsolicitud?8985e5d73eee928eb5615f574458c4a8,gx-no-cache=1488312194951 HTTP/1.1" 200 6542
186.67.172.234 - - [28/Feb/2017:17:01:56 -0300] "POST /cormun/servlet/trautorizarsolicitud?8985e5d73eee928eb5615f574458c4a8,gx-no-cache=1488312195399 HTTP/1.1" 200 6487
186.67.172.234 - - [28/Feb/2017:17:02:03 -0300] "POST /cormun/servlet/trautorizarsolicitud?8985e5d73eee928eb5615f574458c4a8,gx-no-cache=1488312202944 HTTP/1.1" 200 6208
186.67.172.234 - - [28/Feb/2017:17:02:04 -0300] "POST /cormun/servlet/trautorizarsolicitud?8985e5d73eee928eb5615f574458c4a8,gx-no-cache=1488312203588 HTTP/1.1" 200 6153
186.103.159.188 - - [28/Feb/2017:17:02:04 -0300] "GET /cormun/servlet/solicitudot?0784bd6e304a369299d6243f837b2adbf19c4075ab0b89785c7af6c98d6db408c28f3712d364aa91aa694b508580ff6f3aae428f4bf506ca85a517082d867d3ad07a437ba415efe09bb26068b4b3296c8b96e812550e35673bcead37eef4b68d59fbd416291459e77b49ba03868375cb,gx-no-cache=1488312195507 HTTP/1.1" 200 29
186.103.159.188 - - [28/Feb/2017:17:02:04 -0300] "POST /cormun/servlet/solicitudot?gx-no-cache=1488312195600 HTTP/1.1" 200 641
186.103.159.188 - - [28/Feb/2017:17:02:06 -0300] "POST /cormun/servlet/solicitudot?gx-no-cache=1488312197176 HTTP/1.1" 200 1157
186.67.172.234 - - [28/Feb/2017:17:02:06 -0300] "POST /cormun/servlet/trautorizarsolicitud?8985e5d73eee928eb5615f574458c4a8,gx-no-cache=1488312206281 HTTP/1.1" 200 5856
186.67.172.234 - - [28/Feb/2017:17:02:07 -0300] "POST /cormun/servlet/trautorizarsolicitud?8985e5d73eee928eb5615f574458c4a8,gx-no-cache=1488312206627 HTTP/1.1" 200 5800
186.67.172.234 - - [28/Feb/2017:17:02:09 -0300] "POST /cormun/servlet/trautorizarsolicitud?8985e5d73eee928eb5615f574458c4a8,gx-no-cache=1488312208360 HTTP/1.1" 200 5473
186.67.172.234 - - [28/Feb/2017:17:02:09 -0300] "POST /cormun/servlet/trautorizarsolicitud?8985e5d73eee928eb5615f574458c4a8,gx-no-cache=1488312208673 HTTP/1.1" 200 5417
186.67.172.234 - - [28/Feb/2017:17:02:18 -0300] "POST /cormun/servlet/trautorizarsolicitud?8985e5d73eee928eb5615f574458c4a8,gx-no-cache=1488312218225 HTTP/1.1" 200 4330
186.67.172.234 - - [28/Feb/2017:17:02:19 -0300] "POST /cormun/servlet/trautorizarsolicitud?8985e5d73eee928eb5615f574458c4a8,gx-no-cache=1488312218421 HTTP/1.1" 200 4105
190.101.9.138 - - [28/Feb/2017:17:02:40 -0300] "GET /cormun/servlet/solicitudot?0784bd6e304a369299d6243f837b2adb03247b9db6c9448efdb7c13f5ba0a6c0c6d0754e7d35efe5e21f1febf2285fc2949d1521a535d78a9bc82e69e405116180d1735e578f7e94362c1de72652ab43d218be8bdcc1903efedcf36ef0eb3385cd1530a5a7814704b07a2cf9d4b5d9110f3c96c54a159885bc0b77df32e18a363ced2724a80265858d9dbf4789dcd9db83b201cb24340787a32b212a92c4b3cc9dd8669a5705fce62cf6bd01c631bc96,gx-no-cache=1488312231216 HTTP/1.1" 200 30
190.101.9.138 - - [28/Feb/2017:17:02:40 -0300] "POST /cormun/servlet/solicitudot?1c9e48a7e95a5e5fe0b5f5135e5b5c68,INS,0,0,,gx-no-cache=1488312231325 HTTP/1.1" 200 93
190.101.9.138 - - [28/Feb/2017:17:02:40 -0300] "GET /cormun/servlet/hpexe_return? HTTP/1.1" 200 1005
190.101.9.138 - - [28/Feb/2017:17:02:41 -0300] "GET /cormun/servlet/trsolicitudot HTTP/1.1" 200 8418
190.101.9.138 - - [28/Feb/2017:17:02:41 -0300] "GET /cormun/servlet/trsolicitudot HTTP/1.1" 200 8415
190.101.9.138 - - [28/Feb/2017:17:03:40 -0300] "POST /cormun/servlet/trsolicitudot?1c9e48a7e95a5e5fe0b5f5135e5b5c68,gx-no-cache=1488312291146 HTTP/1.1" 200 107
190.101.9.138 - - [28/Feb/2017:17:03:40 -0300] "GET /cormun/servlet/trsolicitudadjuntos?2017,4918, HTTP/1.1" 200 5875
190.101.9.138 - - [28/Feb/2017:17:03:41 -0300] "GET /cormun/servlet/trsolicitudadjuntos?2017,4918, HTTP/1.1" 200 5875
190.101.9.138 - - [28/Feb/2017:17:03:44 -0300] "GET /cormun/servlet/solicitudotadjuntos?INS,2017,4918,,1, HTTP/1.1" 200 5801
190.101.9.138 - - [28/Feb/2017:17:03:44 -0300] "GET /cormun/static/about:blank HTTP/1.1" 404 1011
190.101.9.138 - - [28/Feb/2017:17:03:45 -0300] "GET /cormun/servlet/solicitudotadjuntos?INS,2017,4918,,1, HTTP/1.1" 200 5795
190.101.9.138 - - [28/Feb/2017:17:03:45 -0300] "GET /cormun/servlet/solicitudotadjuntos?0784bd6e304a369299d6243f837b2adb64534798c7361855f6b6c52e64c314b8a11ec878443c18cb7ec108ca71f747e0,gx-no-cache=1488312296388 HTTP/1.1" 200 30
190.101.9.138 - - [28/Feb/2017:17:03:45 -0300] "POST /cormun/servlet/solicitudotadjuntos?1c9e48a7e95a5e5fe0b5f5135e5b5c68,INS,2017,4918,,1,,gx-no-cache=1488312296482 HTTP/1.1" 200 3639
190.101.9.138 - - [28/Feb/2017:17:03:48 -0300] "POST /cormun/servlet/solicitudotadjuntos?gx-no-cache=1488312299118 HTTP/1.1" 200 26
190.101.9.138 - - [28/Feb/2017:17:03:53 -0300] "GET /cormun/servlet/solicitudotadjuntos?0784bd6e304a369299d6243f837b2adb3f033d874105503e551a5b233cb74b3f,gx-no-cache=1488312304032 HTTP/1.1" 200 30
190.101.9.138 - - [28/Feb/2017:17:03:53 -0300] "GET /cormun/servlet/solicitudotadjuntos?0784bd6e304a369299d6243f837b2adb3f033d874105503e551a5b233cb74b3f,gx-no-cache=1488312304110 HTTP/1.1" 200 30
190.101.9.138 - - [28/Feb/2017:17:03:55 -0300] "POST /cormun/servlet/solicitudotadjuntos?1c9e48a7e95a5e5fe0b5f5135e5b5c68,INS,2017,4918,,1, HTTP/1.1" 200 116
190.101.9.138 - - [28/Feb/2017:17:03:55 -0300] "GET /cormun/servlet/hpexe_return? HTTP/1.1" 200 1024
190.101.9.138 - - [28/Feb/2017:17:03:55 -0300] "GET /cormun/servlet/trsolicitudadjuntos?2017,4918, HTTP/1.1" 200 7930
190.101.9.138 - - [28/Feb/2017:17:03:56 -0300] "GET /cormun/servlet/trsolicitudadjuntos?2017,4918, HTTP/1.1" 200 7926
190.101.9.138 - - [28/Feb/2017:17:04:02 -0300] "GET /cormun/servlet/solicitudotadjuntos?INS,2017,4918,,1, HTTP/1.1" 200 5801
190.101.9.138 - - [28/Feb/2017:17:04:03 -0300] "GET /cormun/static/about:blank HTTP/1.1" 404 1011
190.101.9.138 - - [28/Feb/2017:17:04:03 -0300] "GET /cormun/servlet/solicitudotadjuntos?INS,2017,4918,,1, HTTP/1.1" 200 5795
190.101.9.138 - - [28/Feb/2017:17:04:03 -0300] "GET /cormun/servlet/solicitudotadjuntos?0784bd6e304a369299d6243f837b2adb64534798c7361855f6b6c52e64c314b8a11ec878443c18cb7ec108ca71f747e0,gx-no-cache=1488312314597 HTTP/1.1" 200 30
190.101.9.138 - - [28/Feb/2017:17:04:03 -0300] "POST /cormun/servlet/solicitudotadjuntos?1c9e48a7e95a5e5fe0b5f5135e5b5c68,INS,2017,4918,,1,,gx-no-cache=1488312314659 HTTP/1.1" 200 3639
190.101.9.138 - - [28/Feb/2017:17:04:07 -0300] "POST /cormun/servlet/solicitudotadjuntos?gx-no-cache=1488312318793 HTTP/1.1" 200 26
190.101.9.138 - - [28/Feb/2017:17:04:17 -0300] "GET /cormun/servlet/solicitudotadjuntos?0784bd6e304a369299d6243f837b2adb3f033d874105503e551a5b233cb74b3f,gx-no-cache=1488312328637 HTTP/1.1" 200 30
190.101.9.138 - - [28/Feb/2017:17:04:17 -0300] "GET /cormun/servlet/solicitudotadjuntos?0784bd6e304a369299d6243f837b2adb3f033d874105503e551a5b233cb74b3f,gx-no-cache=1488312328668 HTTP/1.1" 200 30
190.101.9.138 - - [28/Feb/2017:17:04:21 -0300] "POST /cormun/servlet/solicitudotadjuntos?1c9e48a7e95a5e5fe0b5f5135e5b5c68,INS,2017,4918,,1, HTTP/1.1" 200 116
190.101.9.138 - - [28/Feb/2017:17:04:21 -0300] "GET /cormun/servlet/hpexe_return? HTTP/1.1" 200 1024
190.101.9.138 - - [28/Feb/2017:17:04:21 -0300] "GET /cormun/servlet/trsolicitudadjuntos?2017,4918, HTTP/1.1" 200 8146
190.101.9.138 - - [28/Feb/2017:17:04:22 -0300] "GET /cormun/servlet/trsolicitudadjuntos?2017,4918, HTTP/1.1" 200 8141
190.101.9.138 - - [28/Feb/2017:17:04:24 -0300] "GET /cormun/servlet/solicitudotadjuntos?INS,2017,4918,,1, HTTP/1.1" 200 5802
190.101.9.138 - - [28/Feb/2017:17:04:24 -0300] "GET /cormun/static/about:blank HTTP/1.1" 404 1011
190.101.9.138 - - [28/Feb/2017:17:04:25 -0300] "GET /cormun/servlet/solicitudotadjuntos?INS,2017,4918,,1, HTTP/1.1" 200 5796
190.101.9.138 - - [28/Feb/2017:17:04:25 -0300] "GET /cormun/servlet/solicitudotadjuntos?0784bd6e304a369299d6243f837b2adb64534798c7361855f6b6c52e64c314b8a11ec878443c18cb7ec108ca71f747e0,gx-no-cache=1488312336500 HTTP/1.1" 200 30
190.101.9.138 - - [28/Feb/2017:17:04:25 -0300] "POST /cormun/servlet/solicitudotadjuntos?1c9e48a7e95a5e5fe0b5f5135e5b5c68,INS,2017,4918,,1,,gx-no-cache=1488312336593 HTTP/1.1" 200 3639
190.101.9.138 - - [28/Feb/2017:17:04:29 -0300] "POST /cormun/servlet/solicitudotadjuntos?gx-no-cache=1488312340493 HTTP/1.1" 200 26
190.101.9.138 - - [28/Feb/2017:17:04:45 -0300] "POST /cormun/servlet/solicitudotadjuntos?1c9e48a7e95a5e5fe0b5f5135e5b5c68,INS,2017,4918,,1,,gx-no-cache=1488312356639 HTTP/1.1" 200 93
190.101.9.138 - - [28/Feb/2017:17:04:45 -0300] "GET /cormun/servlet/hpexe_return? HTTP/1.1" 200 1024
190.101.9.138 - - [28/Feb/2017:17:04:46 -0300] "GET /cormun/servlet/trsolicitudadjuntos?2017,4918, HTTP/1.1" 200 8145
190.101.9.138 - - [28/Feb/2017:17:04:47 -0300] "GET /cormun/servlet/trsolicitudadjuntos?2017,4918, HTTP/1.1" 200 8139
190.101.9.138 - - [28/Feb/2017:17:04:51 -0300] "GET /cormun/servlet/solicitudotadjuntos?DLT,2017,4918,CARNET,0, HTTP/1.1" 200 5787
186.103.159.188 - - [28/Feb/2017:17:04:51 -0300] "GET /cormun/static/Shared/jqueryui/images/ui-bg_highlight-soft_100_c6c2c8_1x100.png HTTP/1.1" 404 1117
186.103.159.188 - - [28/Feb/2017:17:04:51 -0300] "GET /cormun/static/Shared/jqueryui/images/ui-icons_82798d_256x240.png HTTP/1.1" 404 1089
186.103.159.188 - - [28/Feb/2017:17:04:51 -0300] "GET /cormun/static/Shared/jqueryui/images/ui-bg_flat_55_fafafa_40x100.png HTTP/1.1" 404 1097
190.101.9.138 - - [28/Feb/2017:17:04:51 -0300] "GET /cormun/static/Shared/jqueryui/images/ui-icons_8d78a5_256x240.png HTTP/1.1" 404 1089
186.103.159.188 - - [28/Feb/2017:17:04:51 -0300] "GET /cormun/PublicTempStorage/c._identidad7692978.pdf HTTP/1.1" 206 32768
190.101.9.138 - - [28/Feb/2017:17:04:52 -0300] "GET /cormun/servlet/solicitudotadjuntos?DLT,2017,4918,CARNET,0, HTTP/1.1" 200 5781
186.103.159.188 - - [28/Feb/2017:17:04:53 -0300] "GET /cormun/PublicTempStorage/c._identidad7692978.pdf HTTP/1.1" 206 1579939
186.103.159.188 - - [28/Feb/2017:17:04:54 -0300] "GET /cormun/static/Shared/jqueryui/images/ui-bg_highlight-soft_100_eae6ea_1x100.png HTTP/1.1" 404 1117
186.103.159.188 - - [28/Feb/2017:17:04:55 -0300] "POST /cormun/servlet/solicitudotadjuntos?1c9e48a7e95a5e5fe0b5f5135e5b5c68,DLT,2017,4918,CARNET,0,,gx-no-cache=1488312366561 HTTP/1.1" 200 93
186.103.159.188 - - [28/Feb/2017:17:04:55 -0300] "GET /cormun/servlet/hpexe_return? HTTP/1.1" 200 1030
186.103.159.188 - - [28/Feb/2017:17:04:56 -0300] "GET /cormun/servlet/trsolicitudadjuntos?2017,4918, HTTP/1.1" 200 7927
186.103.159.188 - - [28/Feb/2017:17:04:56 -0300] "GET /cormun/servlet/trsolicitudadjuntos?2017,4918, HTTP/1.1" 200 7922
186.103.159.188 - - [28/Feb/2017:17:04:59 -0300] "GET /cormun/servlet/solicitudotadjuntos?DLT,2017,4918,CERTIF2,0, HTTP/1.1" 200 5780
190.101.9.138 - - [28/Feb/2017:17:04:59 -0300] "GET /cormun/PublicTempStorage/tiutlo3378425.pdf HTTP/1.1" 206 32768
190.101.9.138 - - [28/Feb/2017:17:04:59 -0300] "GET /cormun/servlet/solicitudotadjuntos?DLT,2017,4918,CERTIF2,0, HTTP/1.1" 200 5775
190.101.9.138 - - [28/Feb/2017:17:05:01 -0300] "GET /cormun/PublicTempStorage/tiutlo3378425.pdf HTTP/1.1" 206 2579944
190.101.9.138 - - [28/Feb/2017:17:05:04 -0300] "POST /cormun/servlet/solicitudotadjuntos?1c9e48a7e95a5e5fe0b5f5135e5b5c68,DLT,2017,4918,CERTIF2,0,,gx-no-cache=1488312375210 HTTP/1.1" 200 93
190.101.9.138 - - [28/Feb/2017:17:05:04 -0300] "GET /cormun/servlet/hpexe_return? HTTP/1.1" 200 1030
190.101.9.138 - - [28/Feb/2017:17:05:04 -0300] "GET /cormun/servlet/trsolicitudadjuntos?2017,4918, HTTP/1.1" 200 7927
190.101.9.138 - - [28/Feb/2017:17:05:05 -0300] "GET /cormun/servlet/trsolicitudadjuntos?2017,4918, HTTP/1.1" 200 7923
190.101.9.138 - - [28/Feb/2017:17:05:10 -0300] "GET /cormun/servlet/solicitudotadjuntos?DLT,2017,4918,CERTIF2,0, HTTP/1.1" 200 5781
186.103.159.188 - - [28/Feb/2017:17:05:10 -0300] "GET /cormun/PublicTempStorage/tiutlo3074040.pdf HTTP/1.1" 206 32768
190.101.9.138 - - [28/Feb/2017:17:05:10 -0300] "GET /cormun/servlet/solicitudotadjuntos?DLT,2017,4918,CERTIF2,0, HTTP/1.1" 200 5775
186.103.159.188 - - [28/Feb/2017:17:05:12 -0300] "GET /cormun/PublicTempStorage/tiutlo3074040.pdf HTTP/1.1" 206 2579944
186.103.159.188 - - [28/Feb/2017:17:05:13 -0300] "POST /cormun/servlet/solicitudotadjuntos?1c9e48a7e95a5e5fe0b5f5135e5b5c68,DLT,2017,4918,CERTIF2,0,,gx-no-cache=1488312383900 HTTP/1.1" 200 93
186.103.159.188 - - [28/Feb/2017:17:05:13 -0300] "GET /cormun/servlet/hpexe_return? HTTP/1.1" 200 1030
186.103.159.188 - - [28/Feb/2017:17:05:13 -0300] "GET /cormun/servlet/trsolicitudadjuntos?2017,4918, HTTP/1.1" 200 5879
186.103.159.188 - - [28/Feb/2017:17:05:13 -0300] "GET /cormun/servlet/trsolicitudadjuntos?2017,4918, HTTP/1.1" 200 5875
186.103.159.188 - - [28/Feb/2017:17:05:22 -0300] "GET /cormun/servlet/solicitudotadjuntos?INS,2017,4918,,1, HTTP/1.1" 200 5802
186.103.159.188 - - [28/Feb/2017:17:05:22 -0300] "GET /cormun/static/about:blank HTTP/1.1" 404 1011
186.103.159.188 - - [28/Feb/2017:17:05:22 -0300] "GET /cormun/servlet/solicitudotadjuntos?INS,2017,4918,,1, HTTP/1.1" 200 5796
186.103.159.188 - - [28/Feb/2017:17:05:22 -0300] "GET /cormun/servlet/solicitudotadjuntos?0784bd6e304a369299d6243f837b2adb64534798c7361855f6b6c52e64c314b8a11ec878443c18cb7ec108ca71f747e0,gx-no-cache=1488312393775 HTTP/1.1" 200 30
186.103.159.188 - - [28/Feb/2017:17:05:23 -0300] "POST /cormun/servlet/solicitudotadjuntos?1c9e48a7e95a5e5fe0b5f5135e5b5c68,INS,2017,4918,,1,,gx-no-cache=1488312393853 HTTP/1.1" 200 3637
186.103.159.188 - - [28/Feb/2017:17:05:26 -0300] "POST /cormun/servlet/solicitudotadjuntos?gx-no-cache=1488312397253 HTTP/1.1" 200 26
186.103.159.188 - - [28/Feb/2017:17:05:51 -0300] "GET /cormun/servlet/solicitudotadjuntos?0784bd6e304a369299d6243f837b2adb3f033d874105503e551a5b233cb74b3f,gx-no-cache=1488312422338 HTTP/1.1" 200 30
186.103.159.188 - - [28/Feb/2017:17:05:51 -0300] "GET /cormun/servlet/solicitudotadjuntos?0784bd6e304a369299d6243f837b2adb3f033d874105503e551a5b233cb74b3f,gx-no-cache=1488312422370 HTTP/1.1" 200 30
186.103.159.188 - - [28/Feb/2017:17:05:56 -0300] "POST /cormun/servlet/solicitudotadjuntos?1c9e48a7e95a5e5fe0b5f5135e5b5c68,INS,2017,4918,,1, HTTP/1.1" 200 116
186.103.159.188 - - [28/Feb/2017:17:05:56 -0300] "GET /cormun/servlet/hpexe_return? HTTP/1.1" 200 1024
186.103.159.188 - - [28/Feb/2017:17:05:56 -0300] "GET /cormun/servlet/trsolicitudadjuntos?2017,4918, HTTP/1.1" 200 7936
186.103.159.188 - - [28/Feb/2017:17:05:56 -0300] "GET /cormun/servlet/trsolicitudadjuntos?2017,4918, HTTP/1.1" 200 7933
190.101.9.138 - - [28/Feb/2017:17:06:23 -0300] "GET /cormun/servlet/solicitudotadjuntos?INS,2017,4918,,1, HTTP/1.1" 200 5801
190.101.9.138 - - [28/Feb/2017:17:06:24 -0300] "GET /cormun/static/about:blank HTTP/1.1" 404 1011
190.101.9.138 - - [28/Feb/2017:17:06:24 -0300] "GET /cormun/servlet/solicitudotadjuntos?INS,2017,4918,,1, HTTP/1.1" 200 5795
190.101.9.138 - - [28/Feb/2017:17:06:24 -0300] "GET /cormun/servlet/solicitudotadjuntos?0784bd6e304a369299d6243f837b2adb64534798c7361855f6b6c52e64c314b8a11ec878443c18cb7ec108ca71f747e0,gx-no-cache=1488312455683 HTTP/1.1" 200 30
190.101.9.138 - - [28/Feb/2017:17:06:25 -0300] "POST /cormun/servlet/solicitudotadjuntos?1c9e48a7e95a5e5fe0b5f5135e5b5c68,INS,2017,4918,,1,,gx-no-cache=1488312455776 HTTP/1.1" 200 3639
190.101.9.138 - - [28/Feb/2017:17:06:28 -0300] "POST /cormun/servlet/solicitudotadjuntos?gx-no-cache=1488312459614 HTTP/1.1" 200 26
190.101.9.138 - - [28/Feb/2017:17:06:39 -0300] "GET /cormun/servlet/solicitudotadjuntos?0784bd6e304a369299d6243f837b2adb3f033d874105503e551a5b233cb74b3f,gx-no-cache=1488312470425 HTTP/1.1" 200 30
190.101.9.138 - - [28/Feb/2017:17:06:39 -0300] "GET /cormun/servlet/solicitudotadjuntos?0784bd6e304a369299d6243f837b2adb3f033d874105503e551a5b233cb74b3f,gx-no-cache=1488312470487 HTTP/1.1" 200 30
190.101.9.138 - - [28/Feb/2017:17:06:40 -0300] "POST /cormun/servlet/solicitudotadjuntos?1c9e48a7e95a5e5fe0b5f5135e5b5c68,INS,2017,4918,,1, HTTP/1.1" 200 116
190.101.9.138 - - [28/Feb/2017:17:06:40 -0300] "GET /cormun/servlet/hpexe_return? HTTP/1.1" 200 1024
190.101.9.138 - - [28/Feb/2017:17:06:41 -0300] "GET /cormun/servlet/trsolicitudadjuntos?2017,4918, HTTP/1.1" 200 8153
190.101.9.138 - - [28/Feb/2017:17:06:41 -0300] "GET /cormun/servlet/trsolicitudadjuntos?2017,4918, HTTP/1.1" 200 8148
190.101.9.138 - - [28/Feb/2017:17:06:45 -0300] "GET /cormun/servlet/solicitudotadjuntos?INS,2017,4918,,1, HTTP/1.1" 200 5801
190.101.9.138 - - [28/Feb/2017:17:06:45 -0300] "GET /cormun/static/about:blank HTTP/1.1" 404 1011
190.101.9.138 - - [28/Feb/2017:17:06:45 -0300] "GET /cormun/servlet/solicitudotadjuntos?INS,2017,4918,,1, HTTP/1.1" 200 5795
190.101.9.138 - - [28/Feb/2017:17:06:45 -0300] "GET /cormun/servlet/solicitudotadjuntos?0784bd6e304a369299d6243f837b2adb64534798c7361855f6b6c52e64c314b8a11ec878443c18cb7ec108ca71f747e0,gx-no-cache=1488312476665 HTTP/1.1" 200 30
190.101.9.138 - - [28/Feb/2017:17:06:45 -0300] "POST /cormun/servlet/solicitudotadjuntos?1c9e48a7e95a5e5fe0b5f5135e5b5c68,INS,2017,4918,,1,,gx-no-cache=1488312476727 HTTP/1.1" 200 3639
190.101.9.138 - - [28/Feb/2017:17:06:49 -0300] "POST /cormun/servlet/solicitudotadjuntos?gx-no-cache=1488312480690 HTTP/1.1" 200 26
190.101.9.138 - - [28/Feb/2017:17:06:57 -0300] "GET /cormun/servlet/solicitudotadjuntos?0784bd6e304a369299d6243f837b2adb3f033d874105503e551a5b233cb74b3f,gx-no-cache=1488312488583 HTTP/1.1" 200 30
190.101.9.138 - - [28/Feb/2017:17:06:57 -0300] "GET /cormun/servlet/solicitudotadjuntos?0784bd6e304a369299d6243f837b2adb3f033d874105503e551a5b233cb74b3f,gx-no-cache=1488312488630 HTTP/1.1" 200 30
190.101.9.138 - - [28/Feb/2017:17:06:57 -0300] "POST /cormun/servlet/solicitudotadjuntos?1c9e48a7e95a5e5fe0b5f5135e5b5c68,INS,2017,4918,,1, HTTP/1.1" 200 116
190.101.9.138 - - [28/Feb/2017:17:06:58 -0300] "GET /cormun/servlet/hpexe_return? HTTP/1.1" 200 1024
190.101.9.138 - - [28/Feb/2017:17:06:58 -0300] "GET /cormun/servlet/trsolicitudadjuntos?2017,4918, HTTP/1.1" 200 8302
190.101.9.138 - - [28/Feb/2017:17:06:58 -0300] "GET /cormun/servlet/trsolicitudadjuntos?2017,4918, HTTP/1.1" 200 8301
190.101.9.138 - - [28/Feb/2017:17:07:04 -0300] "GET /cormun/servlet/solicitudotadjuntos?INS,2017,4918,,1, HTTP/1.1" 200 5801
190.101.9.138 - - [28/Feb/2017:17:07:04 -0300] "GET /cormun/static/about:blank HTTP/1.1" 404 1011
190.101.9.138 - - [28/Feb/2017:17:07:04 -0300] "GET /cormun/servlet/solicitudotadjuntos?INS,2017,4918,,1, HTTP/1.1" 200 5795
190.101.9.138 - - [28/Feb/2017:17:07:05 -0300] "GET /cormun/servlet/solicitudotadjuntos?0784bd6e304a369299d6243f837b2adb64534798c7361855f6b6c52e64c314b8a11ec878443c18cb7ec108ca71f747e0,gx-no-cache=1488312495947 HTTP/1.1" 200 30
190.101.9.138 - - [28/Feb/2017:17:07:05 -0300] "POST /cormun/servlet/solicitudotadjuntos?1c9e48a7e95a5e5fe0b5f5135e5b5c68,INS,2017,4918,,1,,gx-no-cache=1488312496009 HTTP/1.1" 200 3639
190.101.9.138 - - [28/Feb/2017:17:07:07 -0300] "POST /cormun/servlet/solicitudotadjuntos?gx-no-cache=1488312498833 HTTP/1.1" 200 26
190.101.9.138 - - [28/Feb/2017:17:07:14 -0300] "GET /cormun/servlet/solicitudotadjuntos?0784bd6e304a369299d6243f837b2adb3f033d874105503e551a5b233cb74b3f,gx-no-cache=1488312505112 HTTP/1.1" 200 30
190.101.9.138 - - [28/Feb/2017:17:07:14 -0300] "GET /cormun/servlet/solicitudotadjuntos?0784bd6e304a369299d6243f837b2adb3f033d874105503e551a5b233cb74b3f,gx-no-cache=1488312505144 HTTP/1.1" 200 30
190.101.9.138 - - [28/Feb/2017:17:07:14 -0300] "POST /cormun/servlet/solicitudotadjuntos?1c9e48a7e95a5e5fe0b5f5135e5b5c68,INS,2017,4918,,1, HTTP/1.1" 200 116
190.101.9.138 - - [28/Feb/2017:17:07:14 -0300] "GET /cormun/servlet/hpexe_return? HTTP/1.1" 200 1024
190.101.9.138 - - [28/Feb/2017:17:07:14 -0300] "GET /cormun/servlet/trsolicitudadjuntos?2017,4918, HTTP/1.1" 200 8446
190.101.9.138 - - [28/Feb/2017:17:07:15 -0300] "GET /cormun/servlet/trsolicitudadjuntos?2017,4918, HTTP/1.1" 200 8443
190.101.9.138 - - [28/Feb/2017:17:07:18 -0300] "GET /cormun/servlet/solicitudotadjuntos?INS,2017,4918,,1, HTTP/1.1" 200 5801
190.101.9.138 - - [28/Feb/2017:17:07:18 -0300] "GET /cormun/static/about:blank HTTP/1.1" 404 1011
190.101.9.138 - - [28/Feb/2017:17:07:19 -0300] "GET /cormun/servlet/solicitudotadjuntos?INS,2017,4918,,1, HTTP/1.1" 200 5795
190.101.9.138 - - [28/Feb/2017:17:07:19 -0300] "GET /cormun/servlet/solicitudotadjuntos?0784bd6e304a369299d6243f837b2adb64534798c7361855f6b6c52e64c314b8a11ec878443c18cb7ec108ca71f747e0,gx-no-cache=1488312510323 HTTP/1.1" 200 30
190.101.9.138 - - [28/Feb/2017:17:07:19 -0300] "POST /cormun/servlet/solicitudotadjuntos?1c9e48a7e95a5e5fe0b5f5135e5b5c68,INS,2017,4918,,1,,gx-no-cache=1488312510385 HTTP/1.1" 200 3639
190.101.9.138 - - [28/Feb/2017:17:07:23 -0300] "POST /cormun/servlet/solicitudotadjuntos?gx-no-cache=1488312514691 HTTP/1.1" 200 26
190.101.9.138 - - [28/Feb/2017:17:07:35 -0300] "GET /cormun/servlet/solicitudotadjuntos?0784bd6e304a369299d6243f837b2adb3f033d874105503e551a5b233cb74b3f,gx-no-cache=1488312526360 HTTP/1.1" 200 30
190.101.9.138 - - [28/Feb/2017:17:07:35 -0300] "GET /cormun/servlet/solicitudotadjuntos?0784bd6e304a369299d6243f837b2adb3f033d874105503e551a5b233cb74b3f,gx-no-cache=1488312526469 HTTP/1.1" 200 30
190.101.9.138 - - [28/Feb/2017:17:07:43 -0300] "POST /cormun/servlet/solicitudotadjuntos?1c9e48a7e95a5e5fe0b5f5135e5b5c68,INS,2017,4918,,1, HTTP/1.1" 200 116
190.101.9.138 - - [28/Feb/2017:17:07:43 -0300] "GET /cormun/servlet/hpexe_return? HTTP/1.1" 200 1024
190.101.9.138 - - [28/Feb/2017:17:07:44 -0300] "GET /cormun/servlet/trsolicitudadjuntos?2017,4918, HTTP/1.1" 200 8588
190.101.9.138 - - [28/Feb/2017:17:07:44 -0300] "GET /cormun/servlet/trsolicitudadjuntos?2017,4918, HTTP/1.1" 200 8588
190.101.9.138 - - [28/Feb/2017:17:07:48 -0300] "GET /cormun/servlet/solicitudotadjuntos?INS,2017,4918,,1, HTTP/1.1" 200 5801
190.101.9.138 - - [28/Feb/2017:17:07:49 -0300] "GET /cormun/static/about:blank HTTP/1.1" 404 1011
190.101.9.138 - - [28/Feb/2017:17:07:49 -0300] "GET /cormun/servlet/solicitudotadjuntos?INS,2017,4918,,1, HTTP/1.1" 200 5795
190.101.9.138 - - [28/Feb/2017:17:07:49 -0300] "GET /cormun/servlet/solicitudotadjuntos?0784bd6e304a369299d6243f837b2adb64534798c7361855f6b6c52e64c314b8a11ec878443c18cb7ec108ca71f747e0,gx-no-cache=1488312540603 HTTP/1.1" 200 30
190.101.9.138 - - [28/Feb/2017:17:07:49 -0300] "POST /cormun/servlet/solicitudotadjuntos?1c9e48a7e95a5e5fe0b5f5135e5b5c68,INS,2017,4918,,1,,gx-no-cache=1488312540681 HTTP/1.1" 200 3639
190.101.9.138 - - [28/Feb/2017:17:07:51 -0300] "POST /cormun/servlet/solicitudotadjuntos?gx-no-cache=1488312542693 HTTP/1.1" 200 26
186.67.172.234 - - [28/Feb/2017:17:07:54 -0300] "GET /cormun/servlet/trsolicitudot? HTTP/1.1" 200 6994
186.67.172.234 - - [28/Feb/2017:17:07:55 -0300] "GET /cormun/servlet/trsolicitudot? HTTP/1.1" 200 6993
190.101.9.138 - - [28/Feb/2017:17:07:58 -0300] "GET /cormun/servlet/solicitudotadjuntos?0784bd6e304a369299d6243f837b2adb3f033d874105503e551a5b233cb74b3f,gx-no-cache=1488312549261 HTTP/1.1" 200 30
190.101.9.138 - - [28/Feb/2017:17:07:58 -0300] "GET /cormun/servlet/solicitudotadjuntos?0784bd6e304a369299d6243f837b2adb3f033d874105503e551a5b233cb74b3f,gx-no-cache=1488312549323 HTTP/1.1" 200 30
190.101.9.138 - - [28/Feb/2017:17:08:06 -0300] "POST /cormun/servlet/solicitudotadjuntos?1c9e48a7e95a5e5fe0b5f5135e5b5c68,INS,2017,4918,,1, HTTP/1.1" 200 116
190.101.9.138 - - [28/Feb/2017:17:08:06 -0300] "GET /cormun/servlet/hpexe_return? HTTP/1.1" 200 1024
190.101.9.138 - - [28/Feb/2017:17:08:07 -0300] "GET /cormun/servlet/trsolicitudadjuntos?2017,4918, HTTP/1.1" 200 8818
190.101.9.138 - - [28/Feb/2017:17:08:08 -0300] "GET /cormun/servlet/trsolicitudadjuntos?2017,4918, HTTP/1.1" 200 8813
190.101.9.138 - - [28/Feb/2017:17:08:10 -0300] "GET /cormun/servlet/solicitudotadjuntos?INS,2017,4918,,1, HTTP/1.1" 200 5801
190.101.9.138 - - [28/Feb/2017:17:08:10 -0300] "GET /cormun/static/about:blank HTTP/1.1" 404 1011
190.101.9.138 - - [28/Feb/2017:17:08:11 -0300] "GET /cormun/servlet/solicitudotadjuntos?INS,2017,4918,,1, HTTP/1.1" 200 5795
190.101.9.138 - - [28/Feb/2017:17:08:11 -0300] "GET /cormun/servlet/solicitudotadjuntos?0784bd6e304a369299d6243f837b2adb64534798c7361855f6b6c52e64c314b8a11ec878443c18cb7ec108ca71f747e0,gx-no-cache=1488312562490 HTTP/1.1" 200 30
190.101.9.138 - - [28/Feb/2017:17:08:11 -0300] "POST /cormun/servlet/solicitudotadjuntos?1c9e48a7e95a5e5fe0b5f5135e5b5c68,INS,2017,4918,,1,,gx-no-cache=1488312562536 HTTP/1.1" 200 3639
186.67.172.234 - - [28/Feb/2017:17:08:12 -0300] "GET /cormun/servlet/solicitudot?INS,0,0, HTTP/1.1" 200 12816
186.67.172.234 - - [28/Feb/2017:17:08:13 -0300] "GET /cormun/servlet/solicitudot?INS,0,0, HTTP/1.1" 200 12820
190.101.9.138 - - [28/Feb/2017:17:08:16 -0300] "POST /cormun/servlet/solicitudotadjuntos?gx-no-cache=1488312567386 HTTP/1.1" 200 26
200.111.191.210 - - [28/Feb/2017:17:08:18 -0300] "GET /cormun/servlet/trsolicitudot? HTTP/1.1" 200 6022
200.111.191.210 - - [28/Feb/2017:17:08:19 -0300] "GET /cormun/servlet/hlogin HTTP/1.1" 200 1735
200.111.191.210 - - [28/Feb/2017:17:08:19 -0300] "GET /cormun/servlet/trsolicitudot? HTTP/1.1" 200 6032
190.101.9.138 - - [28/Feb/2017:17:08:23 -0300] "GET /cormun/servlet/solicitudotadjuntos?0784bd6e304a369299d6243f837b2adb3f033d874105503e551a5b233cb74b3f,gx-no-cache=1488312574079 HTTP/1.1" 200 30
190.101.9.138 - - [28/Feb/2017:17:08:23 -0300] "GET /cormun/servlet/solicitudotadjuntos?0784bd6e304a369299d6243f837b2adb3f033d874105503e551a5b233cb74b3f,gx-no-cache=1488312574125 HTTP/1.1" 200 30
190.101.9.138 - - [28/Feb/2017:17:08:23 -0300] "POST /cormun/servlet/solicitudotadjuntos?1c9e48a7e95a5e5fe0b5f5135e5b5c68,INS,2017,4918,,1, HTTP/1.1" 200 5859
190.101.9.138 - - [28/Feb/2017:17:08:23 -0300] "GET /home/sistema/apache-tomcat-7.0.65/webapps/cormun/PrivateTempStorage/upload_00003631.pdf HTTP/1.1" 404 1135
186.103.159.188 - - [28/Feb/2017:17:08:23 -0300] "GET /home/sistema/apache-tomcat-7.0.65/webapps/cormun/PrivateTempStorage/upload_00003631.pdf HTTP/1.1" 404 1135
186.103.159.188 - - [28/Feb/2017:17:08:23 -0300] "GET /cormun/static/Shared/jqueryui/images/ui-icons_ebccce_256x240.png HTTP/1.1" 404 1089
190.101.9.138 - - [28/Feb/2017:17:08:23 -0300] "GET /cormun/static/Shared/jqueryui/images/ui-bg_flat_55_994d53_40x100.png HTTP/1.1" 404 1097
186.103.159.188 - - [28/Feb/2017:17:08:23 -0300] "GET /cormun/PrivateTempStorage/upload_00003631.pdf HTTP/1.1" 200 16384
186.103.159.188 - - [28/Feb/2017:17:08:23 -0300] "GET /cormun/PrivateTempStorage/upload_00003631.pdf HTTP/1.1" 206 32768
186.103.159.188 - - [28/Feb/2017:17:08:24 -0300] "GET /cormun/PrivateTempStorage/upload_00003631.pdf HTTP/1.1" 206 182797
200.111.191.210 - - [28/Feb/2017:17:08:34 -0300] "POST /cormun/servlet/hlogin?29d55e4a65d63a445858944b5fc23e2c,gx-no-cache=1488316102873 HTTP/1.1" 200 90
200.111.191.210 - - [28/Feb/2017:17:08:34 -0300] "GET /cormun/servlet/hpexe_link HTTP/1.1" 200 957
200.111.191.210 - - [28/Feb/2017:17:08:34 -0300] "GET /cormun/servlet/trsolicitudot HTTP/1.1" 200 6499
200.111.191.210 - - [28/Feb/2017:17:08:34 -0300] "GET /cormun/servlet/trsolicitudot HTTP/1.1" 200 6498
186.103.159.188 - - [28/Feb/2017:17:08:37 -0300] "GET /cormun/servlet/solicitudotadjuntos?0784bd6e304a369299d6243f837b2adb113079eb795756ec0578459a2d38c230af170296628741f61c9933cd3c069877,gx-no-cache=1488312588602 HTTP/1.1" 200 30
186.103.159.188 - - [28/Feb/2017:17:08:37 -0300] "GET /cormun/servlet/solicitudotadjuntos?0784bd6e304a369299d6243f837b2adba8aa41ab73800b1c8e11afa907bf2658af170296628741f61c9933cd3c069877,gx-no-cache=1488312588633 HTTP/1.1" 200 30
200.111.191.210 - - [28/Feb/2017:17:08:37 -0300] "GET /cormun/servlet/solicitudot?INS,0,0, HTTP/1.1" 200 12537
200.111.191.210 - - [28/Feb/2017:17:08:38 -0300] "GET /cormun/servlet/solicitudot?INS,0,0, HTTP/1.1" 200 12542
186.103.159.188 - - [28/Feb/2017:17:08:38 -0300] "POST /cormun/servlet/solicitudotadjuntos?1c9e48a7e95a5e5fe0b5f5135e5b5c68,INS,2017,4918,,1, HTTP/1.1" 200 5859
186.103.159.188 - - [28/Feb/2017:17:08:38 -0300] "GET /home/sistema/apache-tomcat-7.0.65/webapps/cormun/PrivateTempStorage/upload_00003643.pdf HTTP/1.1" 404 1135
186.103.159.188 - - [28/Feb/2017:17:08:38 -0300] "GET /cormun/PrivateTempStorage/upload_00003643.pdf HTTP/1.1" 206 32768
190.101.9.138 - - [28/Feb/2017:17:08:38 -0300] "GET /cormun/PrivateTempStorage/upload_00003643.pdf HTTP/1.1" 200 24576
186.103.159.188 - - [28/Feb/2017:17:08:38 -0300] "GET /cormun/PrivateTempStorage/upload_00003643.pdf HTTP/1.1" 206 182797
186.103.159.188 - - [28/Feb/2017:17:08:42 -0300] "POST /cormun/servlet/solicitudotadjuntos?1c9e48a7e95a5e5fe0b5f5135e5b5c68,INS,2017,4918,,1, HTTP/1.1" 200 116
186.103.159.188 - - [28/Feb/2017:17:08:42 -0300] "GET /cormun/servlet/hpexe_return? HTTP/1.1" 200 1024
186.103.159.188 - - [28/Feb/2017:17:08:43 -0300] "GET /cormun/servlet/trsolicitudadjuntos?2017,4918, HTTP/1.1" 200 8819
186.103.159.188 - - [28/Feb/2017:17:08:44 -0300] "GET /cormun/servlet/trsolicitudadjuntos?2017,4918, HTTP/1.1" 200 8816
186.67.172.234 - - [28/Feb/2017:17:08:49 -0300] "POST /cormun/servlet/solicitudot?gx-no-cache=1488312608185 HTTP/1.1" 200 3081
186.67.172.234 - - [28/Feb/2017:17:08:49 -0300] "POST /cormun/servlet/solicitudot?8985e5d73eee928eb5615f574458c4a8,INS,0,0,,gx-no-cache=1488312608659 HTTP/1.1" 200 9861
186.67.172.234 - - [28/Feb/2017:17:08:59 -0300] "GET /cormun/servlet/solicitudot?1209faa995badc80f9b4e3a7269cd5fa17e64064a9b769be36f32610be9419342ff538b515d25f68c4751d96e162c7bc,gx-no-cache=1488312618438 HTTP/1.1" 200 30
200.111.191.210 - - [28/Feb/2017:17:09:03 -0300] "POST /cormun/servlet/solicitudot?gx-no-cache=1488316131770 HTTP/1.1" 200 3165
200.111.191.210 - - [28/Feb/2017:17:09:03 -0300] "POST /cormun/servlet/solicitudot?29d55e4a65d63a445858944b5fc23e2c,INS,0,0,,gx-no-cache=1488316131927 HTTP/1.1" 200 9753
186.103.159.188 - - [28/Feb/2017:17:09:05 -0300] "GET /cormun/servlet/solicitudotadjuntos?INS,2017,4918,,2, HTTP/1.1" 200 5803
186.103.159.188 - - [28/Feb/2017:17:09:05 -0300] "GET /cormun/static/about:blank HTTP/1.1" 404 1011
186.103.159.188 - - [28/Feb/2017:17:09:05 -0300] "GET /cormun/servlet/solicitudotadjuntos?INS,2017,4918,,2, HTTP/1.1" 200 5797
186.103.159.188 - - [28/Feb/2017:17:09:06 -0300] "GET /cormun/servlet/solicitudotadjuntos?0784bd6e304a369299d6243f837b2adb64534798c7361855f6b6c52e64c314b8a11ec878443c18cb7ec108ca71f747e0,gx-no-cache=1488312617041 HTTP/1.1" 200 30
186.103.159.188 - - [28/Feb/2017:17:09:06 -0300] "POST /cormun/servlet/solicitudotadjuntos?1c9e48a7e95a5e5fe0b5f5135e5b5c68,INS,2017,4918,,2,,gx-no-cache=1488312617088 HTTP/1.1" 200 3851
200.111.191.210 - - [28/Feb/2017:17:09:06 -0300] "GET /cormun/servlet/solicitudot?ea36c3a4078fb27959bdda639545858a178044cb9186029714676bb08f25226918710f007a86c7635e213538cd1f22a0,gx-no-cache=1488316135310 HTTP/1.1" 200 30
200.111.191.210 - - [28/Feb/2017:17:09:06 -0300] "POST /cormun/servlet/solicitudot?gx-no-cache=1488316135347 HTTP/1.1" 200 255
200.111.191.210 - - [28/Feb/2017:17:09:06 -0300] "GET /cormun/servlet/solicitudot?ea36c3a4078fb27959bdda639545858aceeec368eed8fc97f5fdf11c6ebe9fa8756f6d736175c30100ba2c9faa1712bff3ff0b40b4ffde854f1c16fae61763754bf5d900d86f62d073a7470dd623efc2634c7cf0dfbe13e30f09c420e44aa9e86cbade420e6c24665a9566b6840760174669c2f56b3446eaf6dbe4e08a29a477c5232f1109459e5572f7c94c8ff1553cbb8714834683a482b8fcbd24efdab4c283610589d958159e4f1b8019bdfa4e0bef2bf1aecac31a2d1d00a77174510d3236379d3b3f55e54e220fbd402b094a0f5dcf7ea75bb81b98c330d96c8bfe0eb09f9fcc66aed9712e1b70cb75a2b6d8421ca97ba0dcb8e5887b92f676ea19eff9db909216a6cf264db344ea07c9bae199afe6819165672084bf27a14d761038655eb1d6f9114cb91897aa5003a7df458ab624d4b64911501590dba849b4cb10e923c7dcd078cc69a08a05cc3e4486af50edc2b7eb8d718d63993d1e0e1540c5781e7c37d7c147e25a8113ee74d3d4de22a783ba72822cbfb966eb211cf350af86,gx-no-cache=1488316135379 HTTP/1.1" 200 30
200.111.191.210 - - [28/Feb/2017:17:09:08 -0300] "POST /cormun/servlet/solicitudot?gx-no-cache=1488316136997 HTTP/1.1" 200 30
200.111.191.210 - - [28/Feb/2017:17:09:11 -0300] "POST /cormun/servlet/solicitudot?gx-no-cache=1488316140502 HTTP/1.1" 200 235
200.111.191.210 - - [28/Feb/2017:17:09:11 -0300] "POST /cormun/servlet/solicitudot?gx-no-cache=1488316140543 HTTP/1.1" 200 38
186.103.159.188 - - [28/Feb/2017:17:09:16 -0300] "POST /cormun/servlet/solicitudotadjuntos?1c9e48a7e95a5e5fe0b5f5135e5b5c68,INS,2017,4918,,2,,gx-no-cache=1488312627819 HTTP/1.1" 200 93
186.103.159.188 - - [28/Feb/2017:17:09:17 -0300] "GET /cormun/servlet/hpexe_return? HTTP/1.1" 200 1024
186.103.159.188 - - [28/Feb/2017:17:09:17 -0300] "GET /cormun/servlet/trsolicitudadjuntos?2017,4918, HTTP/1.1" 200 8820
186.103.159.188 - - [28/Feb/2017:17:09:18 -0300] "GET /cormun/servlet/trsolicitudadjuntos?2017,4918, HTTP/1.1" 200 8814
186.103.159.188 - - [28/Feb/2017:17:09:24 -0300] "GET /cormun/servlet/trsolicitudot? HTTP/1.1" 200 8420
186.103.159.188 - - [28/Feb/2017:17:09:24 -0300] "GET /cormun/servlet/trsolicitudot? HTTP/1.1" 200 8415
200.111.191.210 - - [28/Feb/2017:17:09:24 -0300] "GET /cormun/servlet/solicitudot?ea36c3a4078fb27959bdda639545858a37d8675ef135d97f37cd6f22af0878fbb0c015940cbbc2a390c1bf1e5830651508add106fa230c542c49ebf20e93fcbcdcea884ee6fff9975f9244298e67fd75b95ce7a654692141201d094d3189bb2231107e9a285b0c80d0adab5082b9a14fa640a27b35e85156fc3a452abc4cbbb311cf89dbc645e361347a92257d5dea7e73a23f6ba20868e4e61f84f3a7ddc6ae,gx-no-cache=1488316153327 HTTP/1.1" 200 29
200.111.191.210 - - [28/Feb/2017:17:09:24 -0300] "POST /cormun/servlet/solicitudot?gx-no-cache=1488316153350 HTTP/1.1" 200 643
200.111.191.210 - - [28/Feb/2017:17:09:26 -0300] "POST /cormun/servlet/solicitudot?gx-no-cache=1488316155072 HTTP/1.1" 200 1157
186.103.159.188 - - [28/Feb/2017:17:09:32 -0300] "POST /cormun/servlet/trsolicitudot?1c9e48a7e95a5e5fe0b5f5135e5b5c68,,gx-no-cache=1488312642951 HTTP/1.1" 200 5264
186.103.159.188 - - [28/Feb/2017:17:09:32 -0300] "POST /cormun/servlet/trsolicitudot?1c9e48a7e95a5e5fe0b5f5135e5b5c68,,gx-no-cache=1488312643138 HTTP/1.1" 200 5205
186.103.159.188 - - [28/Feb/2017:17:09:34 -0300] "POST /cormun/servlet/trsolicitudot?1c9e48a7e95a5e5fe0b5f5135e5b5c68,,gx-no-cache=1488312644948 HTTP/1.1" 200 5447
200.111.191.210 - - [28/Feb/2017:17:09:49 -0300] "GET /cormun/static/menuarrow.gif HTTP/1.1" 404 1015
186.103.159.188 - - [28/Feb/2017:17:09:50 -0300] "POST /cormun/servlet/trsolicitudot?1c9e48a7e95a5e5fe0b5f5135e5b5c68,,gx-no-cache=1488312661718 HTTP/1.1" 200 5447
186.103.159.188 - - [28/Feb/2017:17:10:01 -0300] "POST /cormun/servlet/trsolicitudot?1c9e48a7e95a5e5fe0b5f5135e5b5c68,,gx-no-cache=1488312671905 HTTP/1.1" 200 105
186.103.159.188 - - [28/Feb/2017:17:10:01 -0300] "GET /cormun/servlet/solicitudot?UPD,2017,4915, HTTP/1.1" 200 14239
186.103.159.188 - - [28/Feb/2017:17:10:01 -0300] "GET /cormun/servlet/solicitudot?UPD,2017,4915, HTTP/1.1" 200 14248
186.103.159.188 - - [28/Feb/2017:17:10:02 -0300] "POST /cormun/servlet/solicitudot?gx-no-cache=1488312672966 HTTP/1.1" 200 3165
186.103.159.188 - - [28/Feb/2017:17:10:02 -0300] "POST /cormun/servlet/solicitudot?1c9e48a7e95a5e5fe0b5f5135e5b5c68,UPD,2017,4915,,gx-no-cache=1488312673402 HTTP/1.1" 200 10855
186.103.159.188 - - [28/Feb/2017:17:10:02 -0300] "GET /cormun/servlet/solicitudot?0784bd6e304a369299d6243f837b2adb69180da22a4b0b9f618c9871ea3b6e47a11ec878443c18cb7ec108ca71f747e0,gx-no-cache=1488312673636 HTTP/1.1" 200 30
186.103.159.188 - - [28/Feb/2017:17:10:02 -0300] "POST /cormun/servlet/solicitudot?gx-no-cache=1488312673668 HTTP/1.1" 200 297
186.103.159.188 - - [28/Feb/2017:17:10:03 -0300] "GET /cormun/servlet/solicitudot?0784bd6e304a369299d6243f837b2adb39ec35047edbffd409af31c564c1b9630b555fbac5571534d1ea97aa388d17f20ea18989ad6c86c7cb6424243729b11f5be0226883f66b785a1b60fb090554446ffef316436cb26b6b81e77a918347b5e522eb548cec24d83b77f83733c8a963a7ae53ca08f0b03880f4fef55f3a8eb42b43b508ecccfaf11d2358b87688cd0ff28ca98f4babc5b843bc4917da57f982d0bbbe1b45cbad278b936fdd9cad3cbbd74498548a2ce8aa02223f3d511469b93815ef5f924d0f805a41476f3c42a7e72763737a9a97fedfb019f7384882ef47504d986571b6ab3b0dda2fe072b1a9b08e060edc7a35b31177e1928aed782a392b44b883865e7a4cb960e0b6dd41118591d5acfa06fb4a0495ebd596421ee588e189a2a39108cc6996ae211726e4e63ef5aacdfffcbbfafdac242873e31a4ac1174387a667d3f765835dfe843fdf4b4aa22ba4a1b9e1fa0f06f89ef7efadaf09fb8bf3c1b2a421aff4b320b0e7cad6c22248136d2362acdd57086e035ea41d76af170296628741f61c9933cd3c069877,gx-no-cache=1488312673699 HTTP/1.1" 200 30
186.103.159.188 - - [28/Feb/2017:17:10:03 -0300] "POST /cormun/servlet/solicitudot?gx-no-cache=1488312674042 HTTP/1.1" 200 30
186.103.159.188 - - [28/Feb/2017:17:10:03 -0300] "POST /cormun/servlet/solicitudot?gx-no-cache=1488312674104 HTTP/1.1" 200 1289
186.103.159.188 - - [28/Feb/2017:17:10:03 -0300] "POST /cormun/servlet/solicitudot?gx-no-cache=1488312674260 HTTP/1.1" 200 41
186.103.159.188 - - [28/Feb/2017:17:10:13 -0300] "POST /cormun/servlet/solicitudot?gx-no-cache=1488312684010 HTTP/1.1" 200 30
186.103.159.188 - - [28/Feb/2017:17:10:22 -0300] "POST /cormun/servlet/solicitudot?gx-no-cache=1488312693698 HTTP/1.1" 200 1289
186.103.159.188 - - [28/Feb/2017:17:10:22 -0300] "POST /cormun/servlet/solicitudot?gx-no-cache=1488312693745 HTTP/1.1" 200 41
186.103.159.188 - - [28/Feb/2017:17:10:22 -0300] "GET /cormun/servlet/solicitudot?0784bd6e304a369299d6243f837b2adb346bf27a9931ad1d4198b5233f7e22dedc6b571cbd133c99c586808adab0282c2f489e8357239a35517c75ce87da1c1305a3f4b28db7685f5568f725d6bc77a2f19995d7d8706d99b23450e538b0c84c096138d8d61b3bb2436bb27457d10719,gx-no-cache=1488312693776 HTTP/1.1" 200 29
186.103.159.188 - - [28/Feb/2017:17:10:22 -0300] "POST /cormun/servlet/solicitudot?gx-no-cache=1488312693823 HTTP/1.1" 200 1273
186.103.159.188 - - [28/Feb/2017:17:10:23 -0300] "POST /cormun/servlet/solicitudot?gx-no-cache=1488312693916 HTTP/1.1" 200 1156
186.103.159.188 - - [28/Feb/2017:17:10:23 -0300] "GET /cormun/servlet/solicitudot?0784bd6e304a369299d6243f837b2adb796ee3c1aa5a7a1932db6053b8cdd229a2b4a956f3c8a989cf861de9f4f72d71c0ee557b11052649fe5e06801ee331e7dfdc362a64bcb16e309f3ebbb988d3ca9f5dc6168eb66dac4feb7224e0bb21f2e6930098ad81e0d8ba2e8904e1e6d833c34600aba658357b2dac519787324266e0b3efe0af9dc5c099467b26fcaa1a96237e230e84869594309ba4742078615bdb925840e18a6a55925abc5cefe55cfa,gx-no-cache=1488312693994 HTTP/1.1" 200 30
186.103.159.188 - - [28/Feb/2017:17:10:23 -0300] "POST /cormun/servlet/solicitudot?1c9e48a7e95a5e5fe0b5f5135e5b5c68,UPD,2017,4915,,gx-no-cache=1488312694369 HTTP/1.1" 200 93
186.103.159.188 - - [28/Feb/2017:17:10:23 -0300] "GET /cormun/servlet/hpexe_return? HTTP/1.1" 200 1010
186.103.159.188 - - [28/Feb/2017:17:10:23 -0300] "GET /cormun/servlet/trsolicitudot? HTTP/1.1" 200 7981
186.103.159.188 - - [28/Feb/2017:17:10:24 -0300] "GET /cormun/servlet/trsolicitudot? HTTP/1.1" 200 7977
200.111.191.210 - - [28/Feb/2017:17:10:26 -0300] "GET /cormun/servlet/solicitudot?ea36c3a4078fb27959bdda639545858a360c6a37940e10569edf7dc9e714f6f8156ecccc15c43f532e0b2f37193d41878f061fe77442f8d99f732f2a559a572e6918b90b4d069cc5b5151281e2b480495398cc54e8cb9eb40a50e6b68a6fc059f5dff34cd5b97b0b54934efbca18bbccbe301d82fec8429c5e4a1e1abd471d2602f37c7eb83599c10e2b341b6b5ae22b1be0d1281f25b496c148856702672fe9736cbcba8fb3f10f02fa42f00ad97890,gx-no-cache=1488316214776 HTTP/1.1" 200 30
200.111.191.210 - - [28/Feb/2017:17:10:26 -0300] "POST /cormun/servlet/solicitudot?29d55e4a65d63a445858944b5fc23e2c,INS,0,0,,gx-no-cache=1488316215200 HTTP/1.1" 200 93
200.111.191.210 - - [28/Feb/2017:17:10:26 -0300] "GET /cormun/servlet/hpexe_return? HTTP/1.1" 200 1004
200.111.191.210 - - [28/Feb/2017:17:10:26 -0300] "GET /cormun/servlet/trsolicitudot HTTP/1.1" 200 7833
200.111.191.210 - - [28/Feb/2017:17:10:27 -0300] "GET /cormun/servlet/trsolicitudot HTTP/1.1" 200 7829
186.103.159.188 - - [28/Feb/2017:17:10:29 -0300] "POST /cormun/servlet/trsolicitudot?1c9e48a7e95a5e5fe0b5f5135e5b5c68,,gx-no-cache=1488312700266 HTTP/1.1" 200 105
186.103.159.188 - - [28/Feb/2017:17:10:29 -0300] "GET /cormun/servlet/solicitudot?UPD,2017,4915, HTTP/1.1" 200 14241
200.111.191.210 - - [28/Feb/2017:17:10:29 -0300] "POST /cormun/servlet/trsolicitudot?29d55e4a65d63a445858944b5fc23e2c,gx-no-cache=1488316218494 HTTP/1.1" 200 106
200.111.191.210 - - [28/Feb/2017:17:10:29 -0300] "GET /cormun/servlet/trsolicitudadjuntos?2017,4919, HTTP/1.1" 200 5840
186.103.159.188 - - [28/Feb/2017:17:10:29 -0300] "GET /cormun/servlet/solicitudot?UPD,2017,4915, HTTP/1.1" 200 14251
200.111.191.210 - - [28/Feb/2017:17:10:30 -0300] "GET /cormun/servlet/trsolicitudadjuntos?2017,4919, HTTP/1.1" 200 5840
186.103.159.188 - - [28/Feb/2017:17:10:30 -0300] "POST /cormun/servlet/solicitudot?gx-no-cache=1488312701295 HTTP/1.1" 200 3165
186.103.159.188 - - [28/Feb/2017:17:10:30 -0300] "POST /cormun/servlet/solicitudot?1c9e48a7e95a5e5fe0b5f5135e5b5c68,UPD,2017,4915,,gx-no-cache=1488312701545 HTTP/1.1" 200 10855
186.103.159.188 - - [28/Feb/2017:17:10:31 -0300] "GET /cormun/servlet/solicitudot?0784bd6e304a369299d6243f837b2adb69180da22a4b0b9f618c9871ea3b6e47a11ec878443c18cb7ec108ca71f747e0,gx-no-cache=1488312701888 HTTP/1.1" 200 30
186.103.159.188 - - [28/Feb/2017:17:10:31 -0300] "POST /cormun/servlet/solicitudot?gx-no-cache=1488312701919 HTTP/1.1" 200 297
186.103.159.188 - - [28/Feb/2017:17:10:31 -0300] "GET /cormun/servlet/solicitudot?0784bd6e304a369299d6243f837b2adb39ec35047edbffd409af31c564c1b9630b555fbac5571534d1ea97aa388d17f20ea18989ad6c86c7cb6424243729b11f5be0226883f66b785a1b60fb090554446ffef316436cb26b6b81e77a918347b5e522eb548cec24d83b77f83733c8a963a7ae53ca08f0b03880f4fef55f3a8eb42b43b508ecccfaf11d2358b87688cd0ff28ca98f4babc5b843bc4917da57f982d0bbbe1b45cbad278b936fdd9cad3cbbd74498548a2ce8aa02223f3d511469b93815ef5f924d0f805a41476f3c42a7e72763737a9a97fedfb019f7384882ef47504d986571b6ab3b0dda2fe072b1a9b08e060edc7a35b31177e1928aed782a392b44b883865e7a4cb960e0b6dd41118591d5acfa06fb4a0495ebd596421ee588e189a2a39108cc6996ae211726e4e63ef5aacdfffcbbfafdac242873e31a4ac1174387a667d3f765835dfe843fdf4b4aa22ba4a1b9e1fa0f06f89ef7efadaf09fb8bf3c1b2a421aff4b320b0e7cad6c22248136d2362acdd57086e035ea41d76af170296628741f61c9933cd3c069877,gx-no-cache=1488312701951 HTTP/1.1" 200 30
186.103.159.188 - - [28/Feb/2017:17:10:31 -0300] "POST /cormun/servlet/solicitudot?gx-no-cache=1488312702278 HTTP/1.1" 200 30
186.103.159.188 - - [28/Feb/2017:17:10:31 -0300] "POST /cormun/servlet/solicitudot?gx-no-cache=1488312702341 HTTP/1.1" 200 1289
186.103.159.188 - - [28/Feb/2017:17:10:31 -0300] "POST /cormun/servlet/solicitudot?gx-no-cache=1488312702434 HTTP/1.1" 200 41
200.111.191.210 - - [28/Feb/2017:17:10:34 -0300] "GET /cormun/servlet/solicitudotadjuntos?INS,2017,4919,,1, HTTP/1.1" 200 5771
200.111.191.210 - - [28/Feb/2017:17:10:34 -0300] "GET /cormun/static/about:blank HTTP/1.1" 404 1011
200.111.191.210 - - [28/Feb/2017:17:10:34 -0300] "GET /cormun/servlet/solicitudotadjuntos?INS,2017,4919,,1, HTTP/1.1" 200 5765
200.111.191.210 - - [28/Feb/2017:17:10:34 -0300] "GET /cormun/servlet/solicitudotadjuntos?ea36c3a4078fb27959bdda639545858a7fe806656b0afca1e9e7b34592802849bded755f96e6fec44f094108bc13e5ad,gx-no-cache=1488316223765 HTTP/1.1" 200 30
200.111.191.210 - - [28/Feb/2017:17:10:35 -0300] "POST /cormun/servlet/solicitudotadjuntos?29d55e4a65d63a445858944b5fc23e2c,INS,2017,4919,,1,,gx-no-cache=1488316223827 HTTP/1.1" 200 3664
186.103.159.188 - - [28/Feb/2017:17:10:36 -0300] "POST /cormun/servlet/solicitudot?1c9e48a7e95a5e5fe0b5f5135e5b5c68,UPD,2017,4915,,gx-no-cache=1488312707333 HTTP/1.1" 200 93
186.103.159.188 - - [28/Feb/2017:17:10:36 -0300] "GET /cormun/servlet/hpexe_return? HTTP/1.1" 200 1010
186.103.159.188 - - [28/Feb/2017:17:10:36 -0300] "GET /cormun/servlet/trsolicitudot HTTP/1.1" 200 7981
186.103.159.188 - - [28/Feb/2017:17:10:36 -0300] "GET /cormun/servlet/trsolicitudot HTTP/1.1" 200 7977
200.111.191.210 - - [28/Feb/2017:17:10:40 -0300] "POST /cormun/servlet/solicitudotadjuntos?gx-no-cache=1488316228970 HTTP/1.1" 200 26
186.103.159.188 - - [28/Feb/2017:17:10:40 -0300] "POST /cormun/servlet/trsolicitudot?1c9e48a7e95a5e5fe0b5f5135e5b5c68,gx-no-cache=1488312711264 HTTP/1.1" 200 4147
186.103.159.188 - - [28/Feb/2017:17:10:40 -0300] "POST /cormun/servlet/trsolicitudot?1c9e48a7e95a5e5fe0b5f5135e5b5c68,gx-no-cache=1488312711513 HTTP/1.1" 200 3934
200.111.191.210 - - [28/Feb/2017:17:11:46 -0300] "GET /cormun/servlet/solicitudotadjuntos?ea36c3a4078fb27959bdda639545858ac62cabb14622fd9b16d5a55f0300a1a5,gx-no-cache=1488316294952 HTTP/1.1" 200 30
200.111.191.210 - - [28/Feb/2017:17:11:46 -0300] "GET /cormun/servlet/solicitudotadjuntos?ea36c3a4078fb27959bdda639545858ac62cabb14622fd9b16d5a55f0300a1a5,gx-no-cache=1488316294994 HTTP/1.1" 200 30
200.111.191.210 - - [28/Feb/2017:17:11:50 -0300] "POST /cormun/servlet/solicitudotadjuntos?29d55e4a65d63a445858944b5fc23e2c,INS,2017,4919,,1, HTTP/1.1" 200 116
200.111.191.210 - - [28/Feb/2017:17:11:50 -0300] "GET /cormun/servlet/hpexe_return? HTTP/1.1" 200 1022
200.111.191.210 - - [28/Feb/2017:17:11:51 -0300] "GET /cormun/servlet/trsolicitudadjuntos?2017,4919, HTTP/1.1" 200 7912
200.111.191.210 - - [28/Feb/2017:17:11:51 -0300] "GET /cormun/servlet/trsolicitudadjuntos?2017,4919, HTTP/1.1" 200 7909
200.111.191.210 - - [28/Feb/2017:17:11:55 -0300] "GET /cormun/servlet/solicitudotadjuntos?INS,2017,4919,,1, HTTP/1.1" 200 5770
200.111.191.210 - - [28/Feb/2017:17:11:55 -0300] "GET /cormun/static/about:blank HTTP/1.1" 404 1011
200.111.191.210 - - [28/Feb/2017:17:11:55 -0300] "GET /cormun/servlet/solicitudotadjuntos?INS,2017,4919,,1, HTTP/1.1" 200 5764
200.111.191.210 - - [28/Feb/2017:17:11:55 -0300] "GET /cormun/servlet/solicitudotadjuntos?ea36c3a4078fb27959bdda639545858a7fe806656b0afca1e9e7b34592802849bded755f96e6fec44f094108bc13e5ad,gx-no-cache=1488316304736 HTTP/1.1" 200 30
200.111.191.210 - - [28/Feb/2017:17:11:55 -0300] "POST /cormun/servlet/solicitudotadjuntos?29d55e4a65d63a445858944b5fc23e2c,INS,2017,4919,,1,,gx-no-cache=1488316304760 HTTP/1.1" 200 3663
200.111.191.210 - - [28/Feb/2017:17:11:59 -0300] "POST /cormun/servlet/solicitudotadjuntos?gx-no-cache=1488316308724 HTTP/1.1" 200 26
200.111.191.210 - - [28/Feb/2017:17:12:10 -0300] "GET /cormun/servlet/solicitudotadjuntos?ea36c3a4078fb27959bdda639545858ac62cabb14622fd9b16d5a55f0300a1a5,gx-no-cache=1488316319021 HTTP/1.1" 200 30
200.111.191.210 - - [28/Feb/2017:17:12:10 -0300] "GET /cormun/servlet/solicitudotadjuntos?ea36c3a4078fb27959bdda639545858ac62cabb14622fd9b16d5a55f0300a1a5,gx-no-cache=1488316319046 HTTP/1.1" 200 30
200.111.191.210 - - [28/Feb/2017:17:12:13 -0300] "POST /cormun/servlet/solicitudotadjuntos?29d55e4a65d63a445858944b5fc23e2c,INS,2017,4919,,1, HTTP/1.1" 200 116
200.111.191.210 - - [28/Feb/2017:17:12:13 -0300] "GET /cormun/servlet/hpexe_return? HTTP/1.1" 200 1022
200.111.191.210 - - [28/Feb/2017:17:12:14 -0300] "GET /cormun/servlet/trsolicitudadjuntos?2017,4919, HTTP/1.1" 200 8114
200.111.191.210 - - [28/Feb/2017:17:12:15 -0300] "GET /cormun/servlet/trsolicitudadjuntos?2017,4919, HTTP/1.1" 200 8107
200.111.191.210 - - [28/Feb/2017:17:12:19 -0300] "GET /cormun/servlet/solicitudotadjuntos?INS,2017,4919,,1, HTTP/1.1" 200 5771
200.111.191.210 - - [28/Feb/2017:17:12:19 -0300] "GET /cormun/static/about:blank HTTP/1.1" 404 1011
200.111.191.210 - - [28/Feb/2017:17:12:19 -0300] "GET /cormun/servlet/solicitudotadjuntos?INS,2017,4919,,1, HTTP/1.1" 200 5765
