190.101.9.138 - - [28/Feb/2017:16:51:25 -0300] "GET /cormun/static/SmoothNavMenu/resources/SmoothNavMenuRender.js HTTP/1.1" 200 5951
186.103.159.188 - - [28/Feb/2017:16:51:25 -0300] "GET /cormun/static/Resources/PXToolsHeaderActionsRight.png HTTP/1.1" 200 1201
190.101.9.138 - - [28/Feb/2017:16:51:26 -0300] "GET /cormun/static/Shared/jquery/jquery-1.4.2.min.js HTTP/1.1" 200 72174
190.101.9.138 - - [28/Feb/2017:16:51:26 -0300] "GET /cormun/static/scaMessage/js/jquery.pnotify.min.js HTTP/1.1" 200 13038
186.103.159.188 - - [28/Feb/2017:16:51:26 -0300] "GET /cormun/static/scaMessage/scaMessageRender.js HTTP/1.1" 200 11977
190.101.9.138 - - [28/Feb/2017:16:51:26 -0300] "GET /cormun/static/hmpwkw03.js?20161221852152 HTTP/1.1" 200 3965
186.103.159.188 - - [28/Feb/2017:16:51:26 -0300] "GET /cormun/static/Shared/jqueryui/jquery-ui.min.js HTTP/1.1" 200 240427
190.101.9.138 - - [28/Feb/2017:16:51:26 -0300] "GET /cormun/static/Shared/jquery/jquery-1.10.2.min.js HTTP/1.1" 200 273199
186.103.159.188 - - [28/Feb/2017:16:51:28 -0300] "GET /cormun/static/Shared/ext/ext-all.js HTTP/1.1" 200 1289687
186.103.159.188 - - [28/Feb/2017:16:51:28 -0300] "GET /cormun/servlet/hhome HTTP/1.1" 200 3914
190.101.9.138 - - [28/Feb/2017:16:51:28 -0300] "GET /cormun/static/SmoothNavMenu/resources/images/down.gif HTTP/1.1" 200 854
190.101.9.138 - - [28/Feb/2017:16:51:28 -0300] "GET /cormun/static/SmoothNavMenu/resources/images/right.gif HTTP/1.1" 200 860
200.30.209.79 - - [28/Feb/2017:16:51:34 -0300] "GET /cormun/static/menuarrow.gif HTTP/1.1" 404 1015
190.101.9.138 - - [28/Feb/2017:16:51:40 -0300] "GET /cormun/servlet/trautorizarsolicitud? HTTP/1.1" 200 10864
186.103.159.188 - - [28/Feb/2017:16:51:40 -0300] "GET /cormun/static/gxui/gxui-all.css?120300 HTTP/1.1" 200 2179
186.103.159.188 - - [28/Feb/2017:16:51:40 -0300] "GET /cormun/static/gxcfg.js?2017259112829 HTTP/1.1" 200 953
190.101.9.138 - - [28/Feb/2017:16:51:40 -0300] "GET /cormun/static/calendar-system.css?85620 HTTP/1.1" 200 5572
190.101.9.138 - - [28/Feb/2017:16:51:40 -0300] "GET /cormun/static/calendar.js?85251 HTTP/1.1" 200 26246
186.103.159.188 - - [28/Feb/2017:16:51:40 -0300] "GET /cormun/static/calendar-setup.js?85251 HTTP/1.1" 200 2588
186.103.159.188 - - [28/Feb/2017:16:51:40 -0300] "GET /cormun/static/calendar-es.js?85251 HTTP/1.1" 200 1901
190.101.9.138 - - [28/Feb/2017:16:51:41 -0300] "GET /cormun/static/gxdec.js?85251 HTTP/1.1" 200 19579
190.101.9.138 - - [28/Feb/2017:16:51:41 -0300] "GET /cormun/static/trautorizarsolicitud.js?2017259113483 HTTP/1.1" 200 53096
190.101.9.138 - - [28/Feb/2017:16:51:41 -0300] "GET /cormun/static/Resources/PXTools/calendar.png HTTP/1.1" 200 1306
190.101.9.138 - - [28/Feb/2017:16:51:41 -0300] "GET /cormun/static/Resources/PXToolsDataSearch.png HTTP/1.1" 200 419
190.101.9.138 - - [28/Feb/2017:16:51:41 -0300] "GET /cormun/static/Resources/PXToolsGridFirstDisabled.gif HTTP/1.1" 200 100
190.101.9.138 - - [28/Feb/2017:16:51:41 -0300] "GET /cormun/static/Resources/PXToolsGridPreviousDisabled.gif HTTP/1.1" 200 90
190.101.9.138 - - [28/Feb/2017:16:51:41 -0300] "GET /cormun/static/Resources/PXToolsGridNextDisabled.gif HTTP/1.1" 200 90
190.101.9.138 - - [28/Feb/2017:16:51:41 -0300] "GET /cormun/static/Resources/PXToolsGridLastDisabled.gif HTTP/1.1" 200 98
190.101.9.138 - - [28/Feb/2017:16:51:41 -0300] "GET /cormun/static/Resources/PXToolsGridPage.gif HTTP/1.1" 200 725
190.101.9.138 - - [28/Feb/2017:16:51:42 -0300] "GET /cormun/static/Resources/PXToolsActionExcel.png HTTP/1.1" 200 3187
190.101.9.138 - - [28/Feb/2017:16:51:42 -0300] "GET /cormun/static/Shared/ext/resources/css/ext-all.css?215870 HTTP/1.1" 200 416045
186.103.159.188 - - [28/Feb/2017:16:51:42 -0300] "GET /cormun/static/Resources/desc.gif HTTP/1.1" 200 65
186.103.159.188 - - [28/Feb/2017:16:51:42 -0300] "GET /cormun//static/Resources/PXToolsActionView.png HTTP/1.1" 200 2995
190.101.9.138 - - [28/Feb/2017:16:51:42 -0300] "GET /cormun/static/Resources/asc.gif HTTP/1.1" 200 67
190.101.9.138 - - [28/Feb/2017:16:51:42 -0300] "GET /cormun//static/Resources/PXToolsRemoveAllAction.png HTTP/1.1" 200 3558
190.101.9.138 - - [28/Feb/2017:16:51:42 -0300] "GET /cormun//static/Resources/PXToolsGridDelete.png HTTP/1.1" 200 357
186.103.159.188 - - [28/Feb/2017:16:51:42 -0300] "GET /cormun//static/Resources/PXToolsGridUpdate.png HTTP/1.1" 200 2984
186.103.159.188 - - [28/Feb/2017:16:51:42 -0300] "GET /cormun//static/Resources/PXTools/ActionInsert.png HTTP/1.1" 200 1482
186.103.159.188 - - [28/Feb/2017:16:51:42 -0300] "GET /cormun/static/Shared/ext/resources/themes/images/default/panel/bg-headersPanel.png HTTP/1.1" 200 255
186.103.159.188 - - [28/Feb/2017:16:51:42 -0300] "GET /cormun/static/Shared/ext/resources/themes/images/default/tools/tool-sprites.gif HTTP/1.1" 200 5434
190.101.9.138 - - [28/Feb/2017:16:51:42 -0300] "GET /cormun/servlet/trautorizarsolicitud? HTTP/1.1" 200 10863
186.103.157.42 - - [28/Feb/2017:16:51:49 -0300] "GET /cormun/servlet/hlogin HTTP/1.1" 200 1720
186.103.157.42 - - [28/Feb/2017:16:51:51 -0300] "POST /cormun/servlet/hlogin?e0c975571054bee9285d87a070fe363e,gx-no-cache=1488311584534 HTTP/1.1" 200 90
186.103.157.42 - - [28/Feb/2017:16:51:51 -0300] "GET /cormun/servlet/hpexe_link HTTP/1.1" 200 952
186.103.157.42 - - [28/Feb/2017:16:51:51 -0300] "GET /cormun/servlet/hhome HTTP/1.1" 200 4041
186.103.157.42 - - [28/Feb/2017:16:51:52 -0300] "GET /cormun/servlet/hhome HTTP/1.1" 200 4038
200.30.209.79 - - [28/Feb/2017:16:51:55 -0300] "GET /cormun/servlet/solicitudot?f446861d19167eea33aaf53ded322907c4c019d7e20a98b7074568202cb94a71feb313f6dff0abe9090b5486f6bf74e6d816693dd2687393cf178cf03767327aa69892f4a30e7c5ed0dbb7cf703963d2c6487a46a414d7869fb851248a9db7462681ef833599111321c72433d30a5f386a6b8f6ce8529c5b0478ec082faa40bcab37389e178884f8747823606b8dcc4a32037a1d7735d7ed480e4dee0323e400486be24be52830de0d1f8a18b51064f2,gx-no-cache=1488311587656 HTTP/1.1" 200 30
186.103.157.42 - - [28/Feb/2017:16:51:56 -0300] "GET /cormun/servlet/trsolicitudot? HTTP/1.1" 200 7018
186.103.157.42 - - [28/Feb/2017:16:51:57 -0300] "GET /cormun/servlet/trsolicitudot? HTTP/1.1" 200 7017
186.103.157.42 - - [28/Feb/2017:16:52:00 -0300] "GET /cormun/servlet/solicitudot?INS,0,0, HTTP/1.1" 200 12845
186.103.157.42 - - [28/Feb/2017:16:52:01 -0300] "GET /cormun/servlet/solicitudot?INS,0,0, HTTP/1.1" 200 12850
186.103.157.42 - - [28/Feb/2017:16:52:09 -0300] "POST /cormun/servlet/solicitudot?gx-no-cache=1488311602718 HTTP/1.1" 200 3081
186.103.157.42 - - [28/Feb/2017:16:52:09 -0300] "POST /cormun/servlet/solicitudot?e0c975571054bee9285d87a070fe363e,INS,0,0,,gx-no-cache=1488311603022 HTTP/1.1" 200 9863
186.103.157.42 - - [28/Feb/2017:16:52:12 -0300] "GET /cormun/servlet/solicitudot?7fc3bd9348ceafaf132f0a80b83bc90d4e5451c96490f353527348b5abe8c54c23f96a21e7a4ad9f824b8b5687ca218e,gx-no-cache=1488311605555 HTTP/1.1" 200 30
200.30.209.79 - - [28/Feb/2017:16:52:48 -0300] "POST /cormun/servlet/solicitudot?86def9d1f8906a55e0c1f0743727b65e,INS,0,0,,gx-no-cache=1488311640437 HTTP/1.1" 200 93
200.30.209.79 - - [28/Feb/2017:16:52:48 -0300] "GET /cormun/servlet/hpexe_return? HTTP/1.1" 200 1003
200.30.209.79 - - [28/Feb/2017:16:52:48 -0300] "GET /cormun/servlet/trsolicitudot HTTP/1.1" 200 8359
200.30.209.79 - - [28/Feb/2017:16:52:49 -0300] "GET /cormun/servlet/trsolicitudot HTTP/1.1" 200 8355
200.30.209.79 - - [28/Feb/2017:16:53:09 -0300] "POST /cormun/servlet/trsolicitudot?86def9d1f8906a55e0c1f0743727b65e,gx-no-cache=1488311661611 HTTP/1.1" 200 5877
200.30.209.79 - - [28/Feb/2017:16:53:09 -0300] "GET /cormun/static/Shared/jqueryui/images/ui-bg_highlight-soft_100_c6c2c8_1x100.png HTTP/1.1" 404 1117
200.30.209.79 - - [28/Feb/2017:16:53:09 -0300] "GET /cormun/static/Shared/jqueryui/images/ui-icons_82798d_256x240.png HTTP/1.1" 404 1089
200.30.209.79 - - [28/Feb/2017:16:53:09 -0300] "GET /cormun/static/Shared/jqueryui/images/ui-icons_8d78a5_256x240.png HTTP/1.1" 404 1089
200.30.209.79 - - [28/Feb/2017:16:53:09 -0300] "GET /cormun/static/Shared/jqueryui/images/ui-bg_flat_55_fafafa_40x100.png HTTP/1.1" 404 1097
200.30.209.79 - - [28/Feb/2017:16:53:32 -0300] "POST /cormun/servlet/trsolicitudot?86def9d1f8906a55e0c1f0743727b65e,gx-no-cache=1488311684986 HTTP/1.1" 200 5878
186.103.157.42 - - [28/Feb/2017:16:53:35 -0300] "POST /cormun/servlet/solicitudot?gx-no-cache=1488311689195 HTTP/1.1" 200 297
186.103.157.42 - - [28/Feb/2017:16:53:37 -0300] "GET /cormun/servlet/solicitudot?7fc3bd9348ceafaf132f0a80b83bc90decd3ea4534f597bc00981395cd01b436a20854f7d4fe9196bf1bcfbb909c52a37d7023832248a284000ae45ec9a0bd86b19f2f3cd552d49e7ef688d22b7ae624d0119240fa2ea905c69c8f219d12d7a21b25e9f7c2666c5b20cac6469da8acd8aa0ee60789b438ff84bd142137c0cfb1a27cdd9e53a266b0c7ff6e1206c76d1c143fbebd12bf7daa3b8e661dbcdf55b1e49575558505d1ffe6fbc14aadf9cb6563d531224f618c2e899aa6449f55bb8a64742599b8d3a083b0909217068a46bdc6a89c1372938727e074a575eb305d08e1cce704293aed90aea33313418f90dc2dd58c0b7556beb3b17549241c005aec459b9c2baaa0e7f14aa3d6ca91d823df5f938550a2692bdcb2c3df7d88284da3fc9ec141b9960c26b3ee6ef882a24d3395432a0666d7bb1ffa8e757afe20043b2cf377f9536611bdfc4f64a0b79a697b225e87ce364d604d38cc5d87486d8403a190ed19c1cfbaa036bcff02bd0796f2508d4ab36b5c89872034684728e32548ec2158b294ccb21dfeb9bd86cf48a638,gx-no-cache=1488311690790 HTTP/1.1" 200 30
186.103.157.42 - - [28/Feb/2017:16:53:39 -0300] "POST /cormun/servlet/solicitudot?gx-no-cache=1488311692580 HTTP/1.1" 200 30
186.103.157.42 - - [28/Feb/2017:16:53:40 -0300] "POST /cormun/servlet/solicitudot?gx-no-cache=1488311693574 HTTP/1.1" 200 235
186.103.157.42 - - [28/Feb/2017:16:53:40 -0300] "POST /cormun/servlet/solicitudot?gx-no-cache=1488311694081 HTTP/1.1" 200 38
200.30.209.79 - - [28/Feb/2017:16:53:48 -0300] "POST /cormun/servlet/trsolicitudot?86def9d1f8906a55e0c1f0743727b65e,gx-no-cache=1488311701296 HTTP/1.1" 200 107
200.30.209.79 - - [28/Feb/2017:16:53:48 -0300] "GET /cormun/servlet/trsolicitudadjuntos?2017,4916, HTTP/1.1" 200 5815
200.30.209.79 - - [28/Feb/2017:16:53:49 -0300] "GET /cormun/servlet/trsolicitudadjuntos?2017,4916, HTTP/1.1" 200 5815
200.30.209.79 - - [28/Feb/2017:16:53:54 -0300] "GET /cormun/servlet/solicitudotadjuntos?INS,2017,4916,,1, HTTP/1.1" 200 5746
200.30.209.79 - - [28/Feb/2017:16:53:55 -0300] "GET /cormun/static/about:blank HTTP/1.1" 404 1011
200.30.209.79 - - [28/Feb/2017:16:53:55 -0300] "GET /cormun/servlet/solicitudotadjuntos?INS,2017,4916,,1, HTTP/1.1" 200 5740
200.30.209.79 - - [28/Feb/2017:16:53:55 -0300] "GET /cormun/servlet/solicitudotadjuntos?f446861d19167eea33aaf53ded322907f84340298ebaaeaba59750ad52b9c823be62fa4ad89866e224230631560d97d5,gx-no-cache=1488311708095 HTTP/1.1" 200 30
200.30.209.79 - - [28/Feb/2017:16:53:55 -0300] "POST /cormun/servlet/solicitudotadjuntos?86def9d1f8906a55e0c1f0743727b65e,INS,2017,4916,,1,,gx-no-cache=1488311708163 HTTP/1.1" 200 3665
200.30.209.79 - - [28/Feb/2017:16:54:00 -0300] "POST /cormun/servlet/solicitudotadjuntos?gx-no-cache=1488311713058 HTTP/1.1" 200 26
186.103.159.188 - - [28/Feb/2017:16:54:10 -0300] "POST /cormun/servlet/trautorizarsolicitud?33204d49da194f28ff2feda2ed64e687,,gx-no-cache=1488311722087 HTTP/1.1" 200 7833
186.103.159.188 - - [28/Feb/2017:16:54:10 -0300] "GET /cormun/static/Shared/jqueryui/images/ui-bg_highlight-soft_100_c6c2c8_1x100.png HTTP/1.1" 404 1117
186.103.159.188 - - [28/Feb/2017:16:54:10 -0300] "GET /cormun/static/Shared/jqueryui/images/ui-icons_82798d_256x240.png HTTP/1.1" 404 1089
190.101.9.138 - - [28/Feb/2017:16:54:10 -0300] "GET /cormun/static/Shared/jqueryui/images/ui-bg_flat_55_fafafa_40x100.png HTTP/1.1" 404 1097
190.101.9.138 - - [28/Feb/2017:16:54:10 -0300] "GET /cormun/static/Shared/jqueryui/images/ui-icons_8d78a5_256x240.png HTTP/1.1" 404 1089
190.101.9.138 - - [28/Feb/2017:16:54:11 -0300] "POST /cormun/servlet/trautorizarsolicitud?33204d49da194f28ff2feda2ed64e687,,gx-no-cache=1488311722709 HTTP/1.1" 200 7777
190.101.9.138 - - [28/Feb/2017:16:54:15 -0300] "POST /cormun/servlet/trautorizarsolicitud?33204d49da194f28ff2feda2ed64e687,,gx-no-cache=1488311727189 HTTP/1.1" 200 7493
190.101.9.138 - - [28/Feb/2017:16:54:15 -0300] "POST /cormun/servlet/trautorizarsolicitud?33204d49da194f28ff2feda2ed64e687,,gx-no-cache=1488311727772 HTTP/1.1" 200 7439
190.101.9.138 - - [28/Feb/2017:16:54:18 -0300] "POST /cormun/servlet/trautorizarsolicitud?33204d49da194f28ff2feda2ed64e687,,gx-no-cache=1488311729953 HTTP/1.1" 200 7111
190.101.9.138 - - [28/Feb/2017:16:54:18 -0300] "POST /cormun/servlet/trautorizarsolicitud?33204d49da194f28ff2feda2ed64e687,,gx-no-cache=1488311730433 HTTP/1.1" 200 7055
190.101.9.138 - - [28/Feb/2017:16:54:24 -0300] "POST /cormun/servlet/trautorizarsolicitud?33204d49da194f28ff2feda2ed64e687,,gx-no-cache=1488311736576 HTTP/1.1" 200 6814
190.101.9.138 - - [28/Feb/2017:16:54:25 -0300] "POST /cormun/servlet/trautorizarsolicitud?33204d49da194f28ff2feda2ed64e687,,gx-no-cache=1488311736944 HTTP/1.1" 200 6759
190.101.9.138 - - [28/Feb/2017:16:54:28 -0300] "POST /cormun/servlet/trautorizarsolicitud?33204d49da194f28ff2feda2ed64e687,,gx-no-cache=1488311739826 HTTP/1.1" 200 6449
190.101.9.138 - - [28/Feb/2017:16:54:28 -0300] "POST /cormun/servlet/trautorizarsolicitud?33204d49da194f28ff2feda2ed64e687,,gx-no-cache=1488311740309 HTTP/1.1" 200 6393
190.101.9.138 - - [28/Feb/2017:16:54:31 -0300] "POST /cormun/servlet/trautorizarsolicitud?33204d49da194f28ff2feda2ed64e687,,gx-no-cache=1488311743022 HTTP/1.1" 200 6117
190.101.9.138 - - [28/Feb/2017:16:54:32 -0300] "POST /cormun/servlet/trautorizarsolicitud?33204d49da194f28ff2feda2ed64e687,,gx-no-cache=1488311743841 HTTP/1.1" 200 6061
186.103.157.42 - - [28/Feb/2017:16:54:32 -0300] "GET /cormun/servlet/solicitudot?7fc3bd9348ceafaf132f0a80b83bc90d2f732fc9129354d8ed3bcef472d1d7c5a8f11fb4957e56bd0fe343908ce2f36e24b44ecf1e5e2c33a3f0856beb965f9ee009ae2b69c9e37d43493cfcb72949c6295eba6a71940e3eb56565f8c66f89e187474325ccc6ee64bba2e3cf02e87d8f,gx-no-cache=1488311746221 HTTP/1.1" 200 29
186.103.157.42 - - [28/Feb/2017:16:54:32 -0300] "POST /cormun/servlet/solicitudot?gx-no-cache=1488311746346 HTTP/1.1" 200 643
186.103.157.42 - - [28/Feb/2017:16:54:32 -0300] "POST /cormun/servlet/solicitudot?gx-no-cache=1488311746452 HTTP/1.1" 200 518
186.103.157.42 - - [28/Feb/2017:16:54:33 -0300] "GET /cormun/static/menuarrow.gif HTTP/1.1" 404 1015
200.30.209.79 - - [28/Feb/2017:16:54:33 -0300] "GET /cormun/servlet/solicitudotadjuntos?f446861d19167eea33aaf53ded322907629f76394033daa62236430d7811b0ba,gx-no-cache=1488311746251 HTTP/1.1" 200 30
200.30.209.79 - - [28/Feb/2017:16:54:33 -0300] "GET /cormun/servlet/solicitudotadjuntos?f446861d19167eea33aaf53ded322907629f76394033daa62236430d7811b0ba,gx-no-cache=1488311746382 HTTP/1.1" 200 30
190.101.9.138 - - [28/Feb/2017:16:54:33 -0300] "POST /cormun/servlet/trautorizarsolicitud?33204d49da194f28ff2feda2ed64e687,,gx-no-cache=1488311745816 HTTP/1.1" 200 5781
190.101.9.138 - - [28/Feb/2017:16:54:34 -0300] "POST /cormun/servlet/trautorizarsolicitud?33204d49da194f28ff2feda2ed64e687,,gx-no-cache=1488311746228 HTTP/1.1" 200 5727
186.103.157.42 - - [28/Feb/2017:16:54:34 -0300] "POST /cormun/servlet/solicitudot?gx-no-cache=1488311748304 HTTP/1.1" 200 643
186.103.157.42 - - [28/Feb/2017:16:54:34 -0300] "POST /cormun/servlet/solicitudot?gx-no-cache=1488311748395 HTTP/1.1" 200 518
190.101.9.138 - - [28/Feb/2017:16:54:37 -0300] "POST /cormun/servlet/trautorizarsolicitud?33204d49da194f28ff2feda2ed64e687,,gx-no-cache=1488311749171 HTTP/1.1" 200 5435
190.101.9.138 - - [28/Feb/2017:16:54:37 -0300] "POST /cormun/servlet/trautorizarsolicitud?33204d49da194f28ff2feda2ed64e687,,gx-no-cache=1488311749515 HTTP/1.1" 200 5380
200.30.209.79 - - [28/Feb/2017:16:54:39 -0300] "POST /cormun/servlet/solicitudotadjuntos?86def9d1f8906a55e0c1f0743727b65e,INS,2017,4916,,1, HTTP/1.1" 200 116
200.30.209.79 - - [28/Feb/2017:16:54:40 -0300] "GET /cormun/servlet/hpexe_return? HTTP/1.1" 200 1023
200.30.209.79 - - [28/Feb/2017:16:54:40 -0300] "GET /cormun/servlet/trsolicitudadjuntos?2017,4916, HTTP/1.1" 200 7871
200.30.209.79 - - [28/Feb/2017:16:54:41 -0300] "GET /cormun/servlet/trsolicitudadjuntos?2017,4916, HTTP/1.1" 200 7865
186.103.157.42 - - [28/Feb/2017:16:54:41 -0300] "GET /cormun/servlet/solicitudot?7fc3bd9348ceafaf132f0a80b83bc90db9a30def01126e99bd63cea2058288d04031a58fd6b30127e9c3db35252bc41f4c0e9b4df89b91188737f58d3430a4d33ea9a5aed86518f3be62bbc9642d5daf2c73554d3a3aebf036fadbce24658213e8c3ec714a4e64ce75571dcdb3fc61765053ecf26a578958ca22efcdc26e03361c9b82eba29889ea275fc65151646ae7a4583a74862ab0c15a6dcc6dd3b4207a8f971a62c927f7bd71f023727dad6460,gx-no-cache=1488311755138 HTTP/1.1" 200 30
190.101.9.138 - - [28/Feb/2017:16:54:42 -0300] "POST /cormun/servlet/trautorizarsolicitud?33204d49da194f28ff2feda2ed64e687,,gx-no-cache=1488311754909 HTTP/1.1" 200 4319
190.101.9.138 - - [28/Feb/2017:16:54:43 -0300] "POST /cormun/servlet/trautorizarsolicitud?33204d49da194f28ff2feda2ed64e687,,gx-no-cache=1488311755188 HTTP/1.1" 200 4097
200.30.209.79 - - [28/Feb/2017:16:54:49 -0300] "GET /cormun/servlet/solicitudotadjuntos?INS,2017,4916,,1, HTTP/1.1" 200 5748
200.30.209.79 - - [28/Feb/2017:16:54:49 -0300] "GET /cormun/static/about:blank HTTP/1.1" 404 1011
200.30.209.79 - - [28/Feb/2017:16:54:49 -0300] "GET /cormun/servlet/solicitudotadjuntos?INS,2017,4916,,1, HTTP/1.1" 200 5742
200.30.209.79 - - [28/Feb/2017:16:54:50 -0300] "GET /cormun/servlet/solicitudotadjuntos?f446861d19167eea33aaf53ded322907f84340298ebaaeaba59750ad52b9c823be62fa4ad89866e224230631560d97d5,gx-no-cache=1488311762820 HTTP/1.1" 200 30
200.30.209.79 - - [28/Feb/2017:16:54:50 -0300] "POST /cormun/servlet/solicitudotadjuntos?86def9d1f8906a55e0c1f0743727b65e,INS,2017,4916,,1,,gx-no-cache=1488311762900 HTTP/1.1" 200 3665
200.30.209.79 - - [28/Feb/2017:16:54:57 -0300] "POST /cormun/servlet/solicitudotadjuntos?gx-no-cache=1488311770009 HTTP/1.1" 200 26
186.103.157.42 - - [28/Feb/2017:16:55:02 -0300] "POST /cormun/servlet/solicitudot?e0c975571054bee9285d87a070fe363e,INS,0,0,,gx-no-cache=1488311775464 HTTP/1.1" 200 93
186.103.157.42 - - [28/Feb/2017:16:55:02 -0300] "GET /cormun/servlet/hpexe_return? HTTP/1.1" 200 1004
186.103.157.42 - - [28/Feb/2017:16:55:03 -0300] "GET /cormun/servlet/trsolicitudot HTTP/1.1" 200 8284
186.103.157.42 - - [28/Feb/2017:16:55:04 -0300] "GET /cormun/servlet/trsolicitudot HTTP/1.1" 200 8279
186.103.157.42 - - [28/Feb/2017:16:55:10 -0300] "POST /cormun/servlet/trsolicitudot?e0c975571054bee9285d87a070fe363e,gx-no-cache=1488311784120 HTTP/1.1" 200 107
186.103.157.42 - - [28/Feb/2017:16:55:10 -0300] "GET /cormun/servlet/trsolicitudadjuntos?2017,4917, HTTP/1.1" 200 6138
186.103.157.42 - - [28/Feb/2017:16:55:11 -0300] "GET /cormun/servlet/trsolicitudadjuntos?2017,4917, HTTP/1.1" 200 6140
186.103.157.42 - - [28/Feb/2017:16:55:13 -0300] "GET /cormun/servlet/solicitudotadjuntos?INS,2017,4917,,1, HTTP/1.1" 200 6073
186.103.157.42 - - [28/Feb/2017:16:55:13 -0300] "GET /cormun/static/about:blank HTTP/1.1" 404 1011
186.103.157.42 - - [28/Feb/2017:16:55:13 -0300] "GET /cormun/servlet/solicitudotadjuntos?INS,2017,4917,,1, HTTP/1.1" 200 6066
186.103.157.42 - - [28/Feb/2017:16:55:14 -0300] "GET /cormun/servlet/solicitudotadjuntos?7fc3bd9348ceafaf132f0a80b83bc90d28eb22999d9a9abfa5e21b6894bd4f6658aa3717cb64b95312351673d11a1b36,gx-no-cache=1488311787767 HTTP/1.1" 200 30
186.103.157.42 - - [28/Feb/2017:16:55:14 -0300] "POST /cormun/servlet/solicitudotadjuntos?e0c975571054bee9285d87a070fe363e,INS,2017,4917,,1,,gx-no-cache=1488311787864 HTTP/1.1" 200 3827
186.103.157.42 - - [28/Feb/2017:16:55:17 -0300] "POST /cormun/servlet/solicitudotadjuntos?gx-no-cache=1488311791250 HTTP/1.1" 200 26
186.103.157.42 - - [28/Feb/2017:16:55:26 -0300] "GET /cormun/servlet/solicitudotadjuntos?7fc3bd9348ceafaf132f0a80b83bc90d2933698bac770d3a087d85516310a0cb,gx-no-cache=1488311799669 HTTP/1.1" 200 30
186.103.157.42 - - [28/Feb/2017:16:55:26 -0300] "GET /cormun/servlet/solicitudotadjuntos?7fc3bd9348ceafaf132f0a80b83bc90d2933698bac770d3a087d85516310a0cb,gx-no-cache=1488311799749 HTTP/1.1" 200 30
186.103.157.42 - - [28/Feb/2017:16:55:27 -0300] "POST /cormun/servlet/solicitudotadjuntos?e0c975571054bee9285d87a070fe363e,INS,2017,4917,,1, HTTP/1.1" 200 116
186.103.157.42 - - [28/Feb/2017:16:55:27 -0300] "GET /cormun/servlet/hpexe_return? HTTP/1.1" 200 1021
186.103.157.42 - - [28/Feb/2017:16:55:27 -0300] "GET /cormun/servlet/trsolicitudadjuntos?2017,4917, HTTP/1.1" 200 8247
186.103.157.42 - - [28/Feb/2017:16:55:28 -0300] "GET /cormun/servlet/trsolicitudadjuntos?2017,4917, HTTP/1.1" 200 8244
200.30.209.79 - - [28/Feb/2017:16:55:34 -0300] "GET /cormun/servlet/solicitudotadjuntos?f446861d19167eea33aaf53ded322907629f76394033daa62236430d7811b0ba,gx-no-cache=1488311806448 HTTP/1.1" 200 30
200.30.209.79 - - [28/Feb/2017:16:55:34 -0300] "GET /cormun/servlet/solicitudotadjuntos?f446861d19167eea33aaf53ded322907629f76394033daa62236430d7811b0ba,gx-no-cache=1488311806587 HTTP/1.1" 200 30
186.103.157.42 - - [28/Feb/2017:16:55:34 -0300] "GET /cormun/servlet/solicitudotadjuntos?INS,2017,4917,,1, HTTP/1.1" 200 6072
186.103.157.42 - - [28/Feb/2017:16:55:35 -0300] "GET /cormun/static/about:blank HTTP/1.1" 404 1011
186.103.157.42 - - [28/Feb/2017:16:55:35 -0300] "GET /cormun/servlet/solicitudotadjuntos?INS,2017,4917,,1, HTTP/1.1" 200 6066
186.103.157.42 - - [28/Feb/2017:16:55:36 -0300] "GET /cormun/servlet/solicitudotadjuntos?7fc3bd9348ceafaf132f0a80b83bc90d28eb22999d9a9abfa5e21b6894bd4f6658aa3717cb64b95312351673d11a1b36,gx-no-cache=1488311809506 HTTP/1.1" 200 30
186.103.157.42 - - [28/Feb/2017:16:55:36 -0300] "POST /cormun/servlet/solicitudotadjuntos?e0c975571054bee9285d87a070fe363e,INS,2017,4917,,1,,gx-no-cache=1488311809594 HTTP/1.1" 200 3827
186.103.157.42 - - [28/Feb/2017:16:55:37 -0300] "POST /cormun/servlet/solicitudotadjuntos?gx-no-cache=1488311811390 HTTP/1.1" 200 26
200.30.209.79 - - [28/Feb/2017:16:55:38 -0300] "POST /cormun/servlet/solicitudotadjuntos?86def9d1f8906a55e0c1f0743727b65e,INS,2017,4916,,1, HTTP/1.1" 200 116
200.30.209.79 - - [28/Feb/2017:16:55:38 -0300] "GET /cormun/servlet/hpexe_return? HTTP/1.1" 200 1023
200.30.209.79 - - [28/Feb/2017:16:55:39 -0300] "GET /cormun/servlet/trsolicitudadjuntos?2017,4916, HTTP/1.1" 200 8077
200.30.209.79 - - [28/Feb/2017:16:55:40 -0300] "GET /cormun/servlet/trsolicitudadjuntos?2017,4916, HTTP/1.1" 200 8073
186.103.157.42 - - [28/Feb/2017:16:55:42 -0300] "GET /cormun/servlet/solicitudotadjuntos?7fc3bd9348ceafaf132f0a80b83bc90d2933698bac770d3a087d85516310a0cb,gx-no-cache=1488311815773 HTTP/1.1" 200 30
186.103.157.42 - - [28/Feb/2017:16:55:42 -0300] "GET /cormun/servlet/solicitudotadjuntos?7fc3bd9348ceafaf132f0a80b83bc90d2933698bac770d3a087d85516310a0cb,gx-no-cache=1488311815835 HTTP/1.1" 200 30
186.103.157.42 - - [28/Feb/2017:16:55:43 -0300] "POST /cormun/servlet/solicitudotadjuntos?e0c975571054bee9285d87a070fe363e,INS,2017,4917,,1, HTTP/1.1" 200 116
186.103.157.42 - - [28/Feb/2017:16:55:43 -0300] "GET /cormun/servlet/hpexe_return? HTTP/1.1" 200 1021
186.103.157.42 - - [28/Feb/2017:16:55:43 -0300] "GET /cormun/servlet/trsolicitudadjuntos?2017,4917, HTTP/1.1" 200 8413
186.103.157.42 - - [28/Feb/2017:16:55:44 -0300] "GET /cormun/servlet/trsolicitudadjuntos?2017,4917, HTTP/1.1" 200 8411
200.30.209.79 - - [28/Feb/2017:16:55:45 -0300] "GET /cormun/servlet/solicitudotadjuntos?INS,2017,4916,,1, HTTP/1.1" 200 5746
200.30.209.79 - - [28/Feb/2017:16:55:45 -0300] "GET /cormun/static/about:blank HTTP/1.1" 404 1011
200.30.209.79 - - [28/Feb/2017:16:55:46 -0300] "GET /cormun/servlet/solicitudotadjuntos?INS,2017,4916,,1, HTTP/1.1" 200 5740
200.30.209.79 - - [28/Feb/2017:16:55:46 -0300] "GET /cormun/servlet/solicitudotadjuntos?f446861d19167eea33aaf53ded322907f84340298ebaaeaba59750ad52b9c823be62fa4ad89866e224230631560d97d5,gx-no-cache=1488311819038 HTTP/1.1" 200 30
200.30.209.79 - - [28/Feb/2017:16:55:46 -0300] "POST /cormun/servlet/solicitudotadjuntos?86def9d1f8906a55e0c1f0743727b65e,INS,2017,4916,,1,,gx-no-cache=1488311819124 HTTP/1.1" 200 3664
186.103.157.42 - - [28/Feb/2017:16:55:54 -0300] "GET /cormun/servlet/solicitudotadjuntos?INS,2017,4917,,1, HTTP/1.1" 200 6072
186.103.157.42 - - [28/Feb/2017:16:55:55 -0300] "GET /cormun/static/about:blank HTTP/1.1" 404 1011
186.103.157.42 - - [28/Feb/2017:16:55:55 -0300] "GET /cormun/servlet/solicitudotadjuntos?INS,2017,4917,,1, HTTP/1.1" 200 6066
186.103.157.42 - - [28/Feb/2017:16:55:55 -0300] "GET /cormun/servlet/solicitudotadjuntos?7fc3bd9348ceafaf132f0a80b83bc90d28eb22999d9a9abfa5e21b6894bd4f6658aa3717cb64b95312351673d11a1b36,gx-no-cache=1488311829110 HTTP/1.1" 200 30
186.103.157.42 - - [28/Feb/2017:16:55:55 -0300] "POST /cormun/servlet/solicitudotadjuntos?e0c975571054bee9285d87a070fe363e,INS,2017,4917,,1,,gx-no-cache=1488311829194 HTTP/1.1" 200 3827
186.103.157.42 - - [28/Feb/2017:16:55:57 -0300] "POST /cormun/servlet/solicitudotadjuntos?gx-no-cache=1488311831026 HTTP/1.1" 200 26
200.30.209.79 - - [28/Feb/2017:16:56:02 -0300] "POST /cormun/servlet/solicitudotadjuntos?gx-no-cache=1488311834956 HTTP/1.1" 200 26
186.103.157.42 - - [28/Feb/2017:16:56:03 -0300] "GET /cormun/servlet/solicitudotadjuntos?7fc3bd9348ceafaf132f0a80b83bc90d2933698bac770d3a087d85516310a0cb,gx-no-cache=1488311836765 HTTP/1.1" 200 30
186.103.157.42 - - [28/Feb/2017:16:56:03 -0300] "GET /cormun/servlet/solicitudotadjuntos?7fc3bd9348ceafaf132f0a80b83bc90d2933698bac770d3a087d85516310a0cb,gx-no-cache=1488311836833 HTTP/1.1" 200 30
186.103.157.42 - - [28/Feb/2017:16:56:04 -0300] "POST /cormun/servlet/solicitudotadjuntos?e0c975571054bee9285d87a070fe363e,INS,2017,4917,,1, HTTP/1.1" 200 116
186.103.157.42 - - [28/Feb/2017:16:56:04 -0300] "GET /cormun/servlet/hpexe_return? HTTP/1.1" 200 1021
186.103.157.42 - - [28/Feb/2017:16:56:04 -0300] "GET /cormun/servlet/trsolicitudadjuntos?2017,4917, HTTP/1.1" 200 8551
186.103.157.42 - - [28/Feb/2017:16:56:05 -0300] "GET /cormun/servlet/trsolicitudadjuntos?2017,4917, HTTP/1.1" 200 8550
186.103.157.42 - - [28/Feb/2017:16:56:07 -0300] "GET /cormun/servlet/solicitudotadjuntos?INS,2017,4917,,1, HTTP/1.1" 200 6072
186.103.157.42 - - [28/Feb/2017:16:56:07 -0300] "GET /cormun/static/about:blank HTTP/1.1" 404 1011
186.103.157.42 - - [28/Feb/2017:16:56:07 -0300] "GET /cormun/servlet/solicitudotadjuntos?INS,2017,4917,,1, HTTP/1.1" 200 6066
186.103.157.42 - - [28/Feb/2017:16:56:08 -0300] "GET /cormun/servlet/solicitudotadjuntos?7fc3bd9348ceafaf132f0a80b83bc90d28eb22999d9a9abfa5e21b6894bd4f6658aa3717cb64b95312351673d11a1b36,gx-no-cache=1488311841654 HTTP/1.1" 200 30
186.103.157.42 - - [28/Feb/2017:16:56:08 -0300] "POST /cormun/servlet/solicitudotadjuntos?e0c975571054bee9285d87a070fe363e,INS,2017,4917,,1,,gx-no-cache=1488311841730 HTTP/1.1" 200 3827
186.103.157.42 - - [28/Feb/2017:16:56:10 -0300] "POST /cormun/servlet/solicitudotadjuntos?gx-no-cache=1488311843722 HTTP/1.1" 200 26
186.103.157.42 - - [28/Feb/2017:16:56:15 -0300] "GET /cormun/servlet/solicitudotadjuntos?7fc3bd9348ceafaf132f0a80b83bc90d2933698bac770d3a087d85516310a0cb,gx-no-cache=1488311849407 HTTP/1.1" 200 30
186.103.157.42 - - [28/Feb/2017:16:56:15 -0300] "GET /cormun/servlet/solicitudotadjuntos?7fc3bd9348ceafaf132f0a80b83bc90d2933698bac770d3a087d85516310a0cb,gx-no-cache=1488311849475 HTTP/1.1" 200 30
186.103.157.42 - - [28/Feb/2017:16:56:16 -0300] "POST /cormun/servlet/solicitudotadjuntos?e0c975571054bee9285d87a070fe363e,INS,2017,4917,,1, HTTP/1.1" 200 116
186.103.157.42 - - [28/Feb/2017:16:56:16 -0300] "GET /cormun/servlet/hpexe_return? HTTP/1.1" 200 1021
186.103.157.42 - - [28/Feb/2017:16:56:17 -0300] "GET /cormun/servlet/trsolicitudadjuntos?2017,4917, HTTP/1.1" 200 8686
186.103.157.42 - - [28/Feb/2017:16:56:18 -0300] "GET /cormun/servlet/trsolicitudadjuntos?2017,4917, HTTP/1.1" 200 8683
186.103.157.42 - - [28/Feb/2017:16:56:19 -0300] "GET /cormun/servlet/solicitudotadjuntos?INS,2017,4917,,1, HTTP/1.1" 200 6072
186.103.157.42 - - [28/Feb/2017:16:56:20 -0300] "GET /cormun/static/about:blank HTTP/1.1" 404 1011
186.103.157.42 - - [28/Feb/2017:16:56:20 -0300] "GET /cormun/servlet/solicitudotadjuntos?INS,2017,4917,,1, HTTP/1.1" 200 6066
186.103.157.42 - - [28/Feb/2017:16:56:20 -0300] "GET /cormun/servlet/solicitudotadjuntos?7fc3bd9348ceafaf132f0a80b83bc90d28eb22999d9a9abfa5e21b6894bd4f6658aa3717cb64b95312351673d11a1b36,gx-no-cache=1488311854297 HTTP/1.1" 200 30
186.103.157.42 - - [28/Feb/2017:16:56:21 -0300] "POST /cormun/servlet/solicitudotadjuntos?e0c975571054bee9285d87a070fe363e,INS,2017,4917,,1,,gx-no-cache=1488311854378 HTTP/1.1" 200 3828
186.103.157.42 - - [28/Feb/2017:16:56:23 -0300] "POST /cormun/servlet/solicitudotadjuntos?gx-no-cache=1488311856590 HTTP/1.1" 200 26
186.103.157.42 - - [28/Feb/2017:16:56:27 -0300] "GET /cormun/servlet/solicitudotadjuntos?7fc3bd9348ceafaf132f0a80b83bc90d2933698bac770d3a087d85516310a0cb,gx-no-cache=1488311860690 HTTP/1.1" 200 30
186.103.157.42 - - [28/Feb/2017:16:56:27 -0300] "GET /cormun/servlet/solicitudotadjuntos?7fc3bd9348ceafaf132f0a80b83bc90d2933698bac770d3a087d85516310a0cb,gx-no-cache=1488311860779 HTTP/1.1" 200 30
200.30.209.79 - - [28/Feb/2017:16:56:29 -0300] "GET /cormun/servlet/solicitudotadjuntos?f446861d19167eea33aaf53ded322907629f76394033daa62236430d7811b0ba,gx-no-cache=1488311861684 HTTP/1.1" 200 30
200.30.209.79 - - [28/Feb/2017:16:56:29 -0300] "GET /cormun/servlet/solicitudotadjuntos?f446861d19167eea33aaf53ded322907629f76394033daa62236430d7811b0ba,gx-no-cache=1488311861800 HTTP/1.1" 200 30
186.103.157.42 - - [28/Feb/2017:16:56:29 -0300] "POST /cormun/servlet/solicitudotadjuntos?e0c975571054bee9285d87a070fe363e,INS,2017,4917,,1, HTTP/1.1" 200 116
186.103.157.42 - - [28/Feb/2017:16:56:29 -0300] "GET /cormun/servlet/hpexe_return? HTTP/1.1" 200 1021
186.103.157.42 - - [28/Feb/2017:16:56:29 -0300] "GET /cormun/servlet/trsolicitudadjuntos?2017,4917, HTTP/1.1" 200 8888
186.103.157.42 - - [28/Feb/2017:16:56:30 -0300] "GET /cormun/servlet/trsolicitudadjuntos?2017,4917, HTTP/1.1" 200 8886
200.30.209.79 - - [28/Feb/2017:16:56:32 -0300] "POST /cormun/servlet/solicitudotadjuntos?86def9d1f8906a55e0c1f0743727b65e,INS,2017,4916,,1, HTTP/1.1" 200 116
200.30.209.79 - - [28/Feb/2017:16:56:32 -0300] "GET /cormun/servlet/hpexe_return? HTTP/1.1" 200 1023
200.30.209.79 - - [28/Feb/2017:16:56:33 -0300] "GET /cormun/servlet/trsolicitudadjuntos?2017,4916, HTTP/1.1" 200 8229
200.30.209.79 - - [28/Feb/2017:16:56:33 -0300] "GET /cormun/servlet/trsolicitudadjuntos?2017,4916, HTTP/1.1" 200 8229
186.103.157.42 - - [28/Feb/2017:16:56:35 -0300] "POST /cormun/servlet/trsolicitudadjuntos?e0c975571054bee9285d87a070fe363e,2017,4917,,gx-no-cache=1488311868764 HTTP/1.1" 200 90
186.103.157.42 - - [28/Feb/2017:16:56:35 -0300] "GET /cormun/servlet/hpexe_link HTTP/1.1" 200 968
186.103.157.42 - - [28/Feb/2017:16:56:35 -0300] "GET /cormun/servlet/trsolicitudot HTTP/1.1" 200 8281
186.103.157.42 - - [28/Feb/2017:16:56:36 -0300] "GET /cormun/servlet/trsolicitudot HTTP/1.1" 200 8279
200.30.209.79 - - [28/Feb/2017:16:56:36 -0300] "GET /cormun/servlet/solicitudotadjuntos?INS,2017,4916,,1, HTTP/1.1" 200 5747
200.30.209.79 - - [28/Feb/2017:16:56:37 -0300] "GET /cormun/static/about:blank HTTP/1.1" 404 1011
200.30.209.79 - - [28/Feb/2017:16:56:37 -0300] "GET /cormun/servlet/solicitudotadjuntos?INS,2017,4916,,1, HTTP/1.1" 200 5741
200.30.209.79 - - [28/Feb/2017:16:56:37 -0300] "GET /cormun/servlet/solicitudotadjuntos?f446861d19167eea33aaf53ded322907f84340298ebaaeaba59750ad52b9c823be62fa4ad89866e224230631560d97d5,gx-no-cache=1488311870328 HTTP/1.1" 200 30
200.30.209.79 - - [28/Feb/2017:16:56:38 -0300] "POST /cormun/servlet/solicitudotadjuntos?86def9d1f8906a55e0c1f0743727b65e,INS,2017,4916,,1,,gx-no-cache=1488311870400 HTTP/1.1" 200 3664
186.103.157.42 - - [28/Feb/2017:16:56:38 -0300] "POST /cormun/servlet/trsolicitudot?e0c975571054bee9285d87a070fe363e,gx-no-cache=1488311872052 HTTP/1.1" 200 5462
186.103.157.42 - - [28/Feb/2017:16:56:38 -0300] "GET /cormun/static/Shared/jqueryui/images/ui-bg_highlight-soft_100_c6c2c8_1x100.png HTTP/1.1" 404 1117
186.103.157.42 - - [28/Feb/2017:16:56:38 -0300] "GET /cormun/static/Shared/jqueryui/images/ui-icons_82798d_256x240.png HTTP/1.1" 404 1089
186.103.157.42 - - [28/Feb/2017:16:56:38 -0300] "GET /cormun/static/Shared/jqueryui/images/ui-bg_flat_55_fafafa_40x100.png HTTP/1.1" 404 1097
186.103.157.42 - - [28/Feb/2017:16:56:38 -0300] "GET /cormun/static/Shared/jqueryui/images/ui-icons_8d78a5_256x240.png HTTP/1.1" 404 1089
200.30.209.79 - - [28/Feb/2017:16:56:45 -0300] "POST /cormun/servlet/solicitudotadjuntos?gx-no-cache=1488311877550 HTTP/1.1" 200 26
200.30.209.79 - - [28/Feb/2017:16:57:02 -0300] "GET /cormun/servlet/solicitudotadjuntos?f446861d19167eea33aaf53ded322907629f76394033daa62236430d7811b0ba,gx-no-cache=1488311894482 HTTP/1.1" 200 30
200.30.209.79 - - [28/Feb/2017:16:57:02 -0300] "GET /cormun/servlet/solicitudotadjuntos?f446861d19167eea33aaf53ded322907629f76394033daa62236430d7811b0ba,gx-no-cache=1488311894559 HTTP/1.1" 200 30
200.30.209.79 - - [28/Feb/2017:16:57:06 -0300] "POST /cormun/servlet/solicitudotadjuntos?86def9d1f8906a55e0c1f0743727b65e,INS,2017,4916,,1, HTTP/1.1" 200 116
200.30.209.79 - - [28/Feb/2017:16:57:06 -0300] "GET /cormun/servlet/hpexe_return? HTTP/1.1" 200 1023
200.30.209.79 - - [28/Feb/2017:16:57:07 -0300] "GET /cormun/servlet/trsolicitudadjuntos?2017,4916, HTTP/1.1" 200 8362
200.30.209.79 - - [28/Feb/2017:16:57:09 -0300] "GET /cormun/servlet/trsolicitudadjuntos?2017,4916, HTTP/1.1" 200 8360
200.30.209.79 - - [28/Feb/2017:16:57:15 -0300] "GET /cormun/servlet/solicitudotadjuntos?INS,2017,4916,,1, HTTP/1.1" 200 5746
200.30.209.79 - - [28/Feb/2017:16:57:15 -0300] "GET /cormun/static/about:blank HTTP/1.1" 404 1011
200.30.209.79 - - [28/Feb/2017:16:57:15 -0300] "GET /cormun/servlet/solicitudotadjuntos?INS,2017,4916,,1, HTTP/1.1" 200 5740
200.30.209.79 - - [28/Feb/2017:16:57:16 -0300] "GET /cormun/servlet/solicitudotadjuntos?f446861d19167eea33aaf53ded322907f84340298ebaaeaba59750ad52b9c823be62fa4ad89866e224230631560d97d5,gx-no-cache=1488311908542 HTTP/1.1" 200 30
200.30.209.79 - - [28/Feb/2017:16:57:16 -0300] "POST /cormun/servlet/solicitudotadjuntos?86def9d1f8906a55e0c1f0743727b65e,INS,2017,4916,,1,,gx-no-cache=1488311908626 HTTP/1.1" 200 3664
200.30.209.79 - - [28/Feb/2017:16:57:23 -0300] "POST /cormun/servlet/solicitudotadjuntos?gx-no-cache=1488311915687 HTTP/1.1" 200 26
192.168.10.62 - - [28/Feb/2017:16:57:40 -0300] "POST /cormun/servlet/trsolicitudgral?25d980beb3ff48b2d998fd73811e905c,,gx-no-cache=1488315147393 HTTP/1.1" 200 9915
200.30.209.79 - - [28/Feb/2017:16:58:05 -0300] "GET /cormun/servlet/solicitudotadjuntos?f446861d19167eea33aaf53ded322907629f76394033daa62236430d7811b0ba,gx-no-cache=1488311957691 HTTP/1.1" 200 30
200.30.209.79 - - [28/Feb/2017:16:58:05 -0300] "GET /cormun/servlet/solicitudotadjuntos?f446861d19167eea33aaf53ded322907629f76394033daa62236430d7811b0ba,gx-no-cache=1488311957769 HTTP/1.1" 200 30
200.30.209.79 - - [28/Feb/2017:16:58:07 -0300] "POST /cormun/servlet/solicitudotadjuntos?86def9d1f8906a55e0c1f0743727b65e,INS,2017,4916,,1, HTTP/1.1" 200 116
200.30.209.79 - - [28/Feb/2017:16:58:07 -0300] "GET /cormun/servlet/hpexe_return? HTTP/1.1" 200 1023
200.30.209.79 - - [28/Feb/2017:16:58:08 -0300] "GET /cormun/servlet/trsolicitudadjuntos?2017,4916, HTTP/1.1" 200 8503
200.30.209.79 - - [28/Feb/2017:16:58:10 -0300] "GET /cormun/servlet/trsolicitudadjuntos?2017,4916, HTTP/1.1" 200 8500
192.168.10.62 - - [28/Feb/2017:16:58:11 -0300] "POST /cormun/servlet/trsolicitudgral?25d980beb3ff48b2d998fd73811e905c,,gx-no-cache=1488315177958 HTTP/1.1" 200 105
192.168.10.62 - - [28/Feb/2017:16:58:11 -0300] "POST /cormun/servlet/trsolicitudgral?25d980beb3ff48b2d998fd73811e905c,,gx-no-cache=1488315178145 HTTP/1.1" 200 9898
192.168.10.62 - - [28/Feb/2017:16:58:11 -0300] "GET /cormun/SolicitudGral-9870.xls HTTP/1.1" 200 10240
200.30.209.79 - - [28/Feb/2017:16:58:12 -0300] "GET /cormun/servlet/solicitudotadjuntos?INS,2017,4916,,1, HTTP/1.1" 200 5746
200.30.209.79 - - [28/Feb/2017:16:58:13 -0300] "GET /cormun/static/about:blank HTTP/1.1" 404 1011
200.30.209.79 - - [28/Feb/2017:16:58:13 -0300] "GET /cormun/servlet/solicitudotadjuntos?INS,2017,4916,,1, HTTP/1.1" 200 5740
200.30.209.79 - - [28/Feb/2017:16:58:13 -0300] "GET /cormun/servlet/solicitudotadjuntos?f446861d19167eea33aaf53ded322907f84340298ebaaeaba59750ad52b9c823be62fa4ad89866e224230631560d97d5,gx-no-cache=1488311966395 HTTP/1.1" 200 30
200.30.209.79 - - [28/Feb/2017:16:58:14 -0300] "POST /cormun/servlet/solicitudotadjuntos?86def9d1f8906a55e0c1f0743727b65e,INS,2017,4916,,1,,gx-no-cache=1488311966439 HTTP/1.1" 200 3664
200.30.209.79 - - [28/Feb/2017:16:58:22 -0300] "POST /cormun/servlet/solicitudotadjuntos?gx-no-cache=1488311974793 HTTP/1.1" 200 26
190.101.9.138 - - [28/Feb/2017:16:58:26 -0300] "GET /cormun/servlet/solicitudot?0784bd6e304a369299d6243f837b2adbaa30f767843622b703362150480f55315e202d27286b869f2b83c177d169a018,gx-no-cache=1488311977383 HTTP/1.1" 200 30
200.30.209.79 - - [28/Feb/2017:16:58:38 -0300] "GET /cormun/servlet/solicitudotadjuntos?f446861d19167eea33aaf53ded322907629f76394033daa62236430d7811b0ba,gx-no-cache=1488311991208 HTTP/1.1" 200 30
200.30.209.79 - - [28/Feb/2017:16:58:38 -0300] "GET /cormun/servlet/solicitudotadjuntos?f446861d19167eea33aaf53ded322907629f76394033daa62236430d7811b0ba,gx-no-cache=1488311991250 HTTP/1.1" 200 30
186.67.172.234 - - [28/Feb/2017:16:58:40 -0300] "POST /cormun/servlet/trautorizarsolicitud?8985e5d73eee928eb5615f574458c4a8,,gx-no-cache=1488311999545 HTTP/1.1" 200 115
186.67.172.234 - - [28/Feb/2017:16:58:40 -0300] "GET /cormun/servlet/solicitudotlog?INS,2017,4848,0,ANU, HTTP/1.1" 200 5808
186.67.172.234 - - [28/Feb/2017:16:58:40 -0300] "GET /cormun/static/gxcfg.js?201612218471193 HTTP/1.1" 200 953
186.67.172.234 - - [28/Feb/2017:16:58:40 -0300] "GET /cormun/static/solicitudotlog.js?20161221847122 HTTP/1.1" 200 8925
200.30.209.79 - - [28/Feb/2017:16:58:40 -0300] "POST /cormun/servlet/solicitudotadjuntos?86def9d1f8906a55e0c1f0743727b65e,INS,2017,4916,,1, HTTP/1.1" 200 116
186.67.172.234 - - [28/Feb/2017:16:58:40 -0300] "GET /cormun/servlet/solicitudotlog?INS,2017,4848,0,ANU, HTTP/1.1" 200 5808
200.30.209.79 - - [28/Feb/2017:16:58:40 -0300] "GET /cormun/servlet/hpexe_return? HTTP/1.1" 200 1023
186.67.172.234 - - [28/Feb/2017:16:58:41 -0300] "GET /cormun/servlet/solicitudotlog?1209faa995badc80f9b4e3a7269cd5fad5463ac1db9e22e687fd3f46b342e981fb136e4c4877b8c8f084cecc505821fa0e91275454837bdd1f889c5c08433b1684debade9a5b659629fdc11557c82aaa6cadffbe52ebdc04eea30b557d49cdf18a4c9cb8cae7872b55dc2b4d58c1f6f04d1260d0bd7271981c231f105466287621af0d5095a98ed4b3c1007ec277892a03ad253716edf3b831597345a498e2ba,gx-no-cache=1488312000676 HTTP/1.1" 200 94
200.30.209.79 - - [28/Feb/2017:16:58:42 -0300] "GET /cormun/servlet/trsolicitudadjuntos?2017,4916, HTTP/1.1" 200 8727
186.79.151.184 - - [28/Feb/2017:16:58:43 -0300] "GET /cormun/servlet/hlogin HTTP/1.1" 200 1721
200.30.209.79 - - [28/Feb/2017:16:58:43 -0300] "GET /cormun/servlet/trsolicitudadjuntos?2017,4916, HTTP/1.1" 200 8725
186.79.151.184 - - [28/Feb/2017:16:58:44 -0300] "GET /cormun/servlet/hlogin HTTP/1.1" 200 1732
186.67.172.234 - - [28/Feb/2017:16:58:56 -0300] "GET /cormun/servlet/trautorizarsolicitud? HTTP/1.1" 200 13475
186.67.172.234 - - [28/Feb/2017:16:58:56 -0300] "GET /cormun/servlet/trautorizarsolicitud? HTTP/1.1" 200 13475
186.79.151.184 - - [28/Feb/2017:16:58:58 -0300] "POST /cormun/servlet/hlogin?68a72f90cb8aeace2b02c3692c8ad6da,gx-no-cache=1488312010496 HTTP/1.1" 200 90
186.79.151.184 - - [28/Feb/2017:16:58:58 -0300] "GET /cormun/servlet/hpexe_link HTTP/1.1" 200 958
186.79.151.184 - - [28/Feb/2017:16:58:58 -0300] "GET /cormun/servlet/hhome HTTP/1.1" 200 3984
186.79.151.184 - - [28/Feb/2017:16:59:00 -0300] "GET /cormun/servlet/hhome HTTP/1.1" 200 3981
200.30.209.79 - - [28/Feb/2017:16:59:08 -0300] "POST /cormun/servlet/trsolicitudadjuntos?86def9d1f8906a55e0c1f0743727b65e,2017,4916,,gx-no-cache=1488312020755 HTTP/1.1" 200 90
200.30.209.79 - - [28/Feb/2017:16:59:08 -0300] "GET /cormun/servlet/hpexe_link HTTP/1.1" 200 991
200.30.209.79 - - [28/Feb/2017:16:59:08 -0300] "GET /cormun/servlet/trsolicitudot?gx-no-cache=1488311684986 HTTP/1.1" 200 8356
200.30.209.79 - - [28/Feb/2017:16:59:09 -0300] "GET /cormun/servlet/trsolicitudot?gx-no-cache=1488311684986 HTTP/1.1" 200 8379
200.30.209.79 - - [28/Feb/2017:16:59:16 -0300] "POST /cormun/servlet/trsolicitudot?86def9d1f8906a55e0c1f0743727b65e,gx-no-cache=1488311684986,gx-no-cache=1488312028481 HTTP/1.1" 200 5280
200.30.209.79 - - [28/Feb/2017:16:59:16 -0300] "GET /cormun/static/Shared/jqueryui/images/ui-bg_highlight-soft_100_c6c2c8_1x100.png HTTP/1.1" 404 1117
200.30.209.79 - - [28/Feb/2017:16:59:16 -0300] "GET /cormun/static/Shared/jqueryui/images/ui-icons_8d78a5_256x240.png HTTP/1.1" 404 1089
200.30.209.79 - - [28/Feb/2017:16:59:16 -0300] "GET /cormun/static/Shared/jqueryui/images/ui-icons_82798d_256x240.png HTTP/1.1" 404 1089
200.30.209.79 - - [28/Feb/2017:16:59:16 -0300] "GET /cormun/static/Shared/jqueryui/images/ui-bg_flat_55_fafafa_40x100.png HTTP/1.1" 404 1097
200.30.209.79 - - [28/Feb/2017:16:59:16 -0300] "POST /cormun/servlet/trsolicitudot?86def9d1f8906a55e0c1f0743727b65e,gx-no-cache=1488311684986,gx-no-cache=1488312028719 HTTP/1.1" 200 5224
186.67.172.234 - - [28/Feb/2017:16:59:24 -0300] "POST /cormun/servlet/trautorizarsolicitud?8985e5d73eee928eb5615f574458c4a8,,gx-no-cache=1488312043745 HTTP/1.1" 200 115
186.67.172.234 - - [28/Feb/2017:16:59:24 -0300] "GET /cormun/servlet/solicitudotlog?INS,2017,4848,0,ANU, HTTP/1.1" 200 5808
186.67.172.234 - - [28/Feb/2017:16:59:24 -0300] "GET /cormun/servlet/solicitudotlog?INS,2017,4848,0,ANU, HTTP/1.1" 200 5808
186.67.172.234 - - [28/Feb/2017:16:59:25 -0300] "GET /cormun/servlet/solicitudotlog?1209faa995badc80f9b4e3a7269cd5fad5463ac1db9e22e687fd3f46b342e981fb136e4c4877b8c8f084cecc505821fa0e91275454837bdd1f889c5c08433b1684debade9a5b659629fdc11557c82aaa6cadffbe52ebdc04eea30b557d49cdf18a4c9cb8cae7872b55dc2b4d58c1f6f04d1260d0bd7271981c231f105466287621af0d5095a98ed4b3c1007ec277892a03ad253716edf3b831597345a498e2ba,gx-no-cache=1488312044784 HTTP/1.1" 200 94
200.30.209.79 - - [28/Feb/2017:16:59:32 -0300] "GET /cormun/servlet/hlogin HTTP/1.1" 200 1758
200.30.209.79 - - [28/Feb/2017:16:59:41 -0300] "POST /cormun/servlet/hlogin?86def9d1f8906a55e0c1f0743727b65e,gx-no-cache=1488312053679 HTTP/1.1" 200 90
200.30.209.79 - - [28/Feb/2017:16:59:41 -0300] "GET /cormun/servlet/hpexe_link HTTP/1.1" 200 950
200.30.209.79 - - [28/Feb/2017:16:59:41 -0300] "GET /cormun/servlet/hhome HTTP/1.1" 200 3952
200.30.209.79 - - [28/Feb/2017:16:59:42 -0300] "GET /cormun/servlet/hhome HTTP/1.1" 200 3948
200.30.209.79 - - [28/Feb/2017:16:59:48 -0300] "GET /cormun/servlet/trautorizarsolicitud? HTTP/1.1" 200 8849
200.30.209.79 - - [28/Feb/2017:16:59:48 -0300] "GET /cormun/servlet/trautorizarsolicitud? HTTP/1.1" 200 8847
200.30.209.79 - - [28/Feb/2017:17:00:01 -0300] "POST /cormun/servlet/trautorizarsolicitud?86def9d1f8906a55e0c1f0743727b65e,,gx-no-cache=1488312074349 HTTP/1.1" 200 5805
200.30.209.79 - - [28/Feb/2017:17:00:02 -0300] "GET /cormun/static/Shared/jqueryui/images/ui-bg_highlight-soft_100_c6c2c8_1x100.png HTTP/1.1" 404 1117
200.30.209.79 - - [28/Feb/2017:17:00:02 -0300] "GET /cormun/static/Shared/jqueryui/images/ui-bg_flat_55_fafafa_40x100.png HTTP/1.1" 404 1097
200.30.209.79 - - [28/Feb/2017:17:00:02 -0300] "GET /cormun/static/Shared/jqueryui/images/ui-icons_8d78a5_256x240.png HTTP/1.1" 404 1089
200.30.209.79 - - [28/Feb/2017:17:00:02 -0300] "GET /cormun/static/Shared/jqueryui/images/ui-icons_82798d_256x240.png HTTP/1.1" 404 1089
200.30.209.79 - - [28/Feb/2017:17:00:02 -0300] "POST /cormun/servlet/trautorizarsolicitud?86def9d1f8906a55e0c1f0743727b65e,,gx-no-cache=1488312074599 HTTP/1.1" 200 5747
186.67.172.234 - - [28/Feb/2017:17:00:09 -0300] "POST /cormun/servlet/solicitudotlog?8985e5d73eee928eb5615f574458c4a8,INS,2017,4848,0,ANU,,gx-no-cache=1488312088954 HTTP/1.1" 200 93
186.67.172.234 - - [28/Feb/2017:17:00:09 -0300] "GET /cormun/servlet/hpexe_return? HTTP/1.1" 200 1027
186.67.172.234 - - [28/Feb/2017:17:00:10 -0300] "GET /cormun/servlet/trautorizarsolicitud HTTP/1.1" 200 13182
186.67.172.234 - - [28/Feb/2017:17:00:10 -0300] "GET /cormun/servlet/trautorizarsolicitud HTTP/1.1" 200 13178
200.30.209.79 - - [28/Feb/2017:17:00:16 -0300] "GET /cormun/servlet/hlogin HTTP/1.1" 200 1739
200.30.209.79 - - [28/Feb/2017:17:00:22 -0300] "POST /cormun/servlet/hlogin?86def9d1f8906a55e0c1f0743727b65e,gx-no-cache=1488312095294 HTTP/1.1" 200 90
200.30.209.79 - - [28/Feb/2017:17:00:22 -0300] "GET /cormun/servlet/hpexe_link HTTP/1.1" 200 950
200.30.209.79 - - [28/Feb/2017:17:00:23 -0300] "GET /cormun/servlet/hhome HTTP/1.1" 200 3713
200.30.209.79 - - [28/Feb/2017:17:00:23 -0300] "GET /cormun/servlet/hhome HTTP/1.1" 200 3710
200.30.209.79 - - [28/Feb/2017:17:00:29 -0300] "GET /cormun/servlet/trsolicitudot? HTTP/1.1" 200 7953
200.30.209.79 - - [28/Feb/2017:17:00:30 -0300] "GET /cormun/servlet/trsolicitudot? HTTP/1.1" 200 7951
186.67.172.234 - - [28/Feb/2017:17:00:34 -0300] "POST /cormun/servlet/trautorizarsolicitud?8985e5d73eee928eb5615f574458c4a8,gx-no-cache=1488312113302 HTTP/1.1" 200 10212
186.67.172.234 - - [28/Feb/2017:17:00:34 -0300] "GET /cormun/static/Shared/jqueryui/images/ui-icons_82798d_256x240.png HTTP/1.1" 404 1089
186.67.172.234 - - [28/Feb/2017:17:00:34 -0300] "GET /cormun/static/Shared/jqueryui/images/ui-bg_flat_55_fafafa_40x100.png HTTP/1.1" 404 1097
186.67.172.234 - - [28/Feb/2017:17:00:34 -0300] "GET /cormun/static/Shared/jqueryui/images/ui-icons_8d78a5_256x240.png HTTP/1.1" 404 1089
186.67.172.234 - - [28/Feb/2017:17:00:35 -0300] "GET /cormun/static/Shared/jqueryui/images/ui-bg_highlight-soft_100_c6c2c8_1x100.png HTTP/1.1" 404 1117
186.67.172.234 - - [28/Feb/2017:17:00:35 -0300] "POST /cormun/servlet/trautorizarsolicitud?8985e5d73eee928eb5615f574458c4a8,gx-no-cache=1488312114381 HTTP/1.1" 200 10151
200.30.209.79 - - [28/Feb/2017:17:00:36 -0300] "GET /cormun/servlet/solicitudot?INS,0,0, HTTP/1.1" 200 12513
200.30.209.79 - - [28/Feb/2017:17:00:37 -0300] "GET /cormun/servlet/solicitudot?INS,0,0, HTTP/1.1" 200 12518
186.67.172.234 - - [28/Feb/2017:17:00:37 -0300] "POST /cormun/servlet/trautorizarsolicitud?8985e5d73eee928eb5615f574458c4a8,gx-no-cache=1488312116537 HTTP/1.1" 200 9838
186.67.172.234 - - [28/Feb/2017:17:00:37 -0300] "POST /cormun/servlet/trautorizarsolicitud?8985e5d73eee928eb5615f574458c4a8,gx-no-cache=1488312117029 HTTP/1.1" 200 9780
186.67.172.234 - - [28/Feb/2017:17:00:46 -0300] "POST /cormun/servlet/trautorizarsolicitud?8985e5d73eee928eb5615f574458c4a8,gx-no-cache=1488312125400 HTTP/1.1" 200 9441
186.67.172.234 - - [28/Feb/2017:17:00:46 -0300] "POST /cormun/servlet/trautorizarsolicitud?8985e5d73eee928eb5615f574458c4a8,gx-no-cache=1488312125825 HTTP/1.1" 200 9387
186.67.172.234 - - [28/Feb/2017:17:00:49 -0300] "POST /cormun/servlet/trautorizarsolicitud?8985e5d73eee928eb5615f574458c4a8,gx-no-cache=1488312128720 HTTP/1.1" 200 9204
186.67.172.234 - - [28/Feb/2017:17:00:50 -0300] "POST /cormun/servlet/trautorizarsolicitud?8985e5d73eee928eb5615f574458c4a8,gx-no-cache=1488312129874 HTTP/1.1" 200 9147
186.67.172.234 - - [28/Feb/2017:17:00:53 -0300] "POST /cormun/servlet/trautorizarsolicitud?8985e5d73eee928eb5615f574458c4a8,gx-no-cache=1488312132736 HTTP/1.1" 200 8882
186.67.172.234 - - [28/Feb/2017:17:00:53 -0300] "POST /cormun/servlet/trautorizarsolicitud?8985e5d73eee928eb5615f574458c4a8,gx-no-cache=1488312133189 HTTP/1.1" 200 8824
186.67.172.234 - - [28/Feb/2017:17:00:57 -0300] "POST /cormun/servlet/trautorizarsolicitud?8985e5d73eee928eb5615f574458c4a8,gx-no-cache=1488312136264 HTTP/1.1" 200 8642
186.67.172.234 - - [28/Feb/2017:17:00:57 -0300] "POST /cormun/servlet/trautorizarsolicitud?8985e5d73eee928eb5615f574458c4a8,gx-no-cache=1488312136792 HTTP/1.1" 200 8578
186.67.172.234 - - [28/Feb/2017:17:00:58 -0300] "POST /cormun/servlet/trautorizarsolicitud?8985e5d73eee928eb5615f574458c4a8,gx-no-cache=1488312137719 HTTP/1.1" 200 8274
186.67.172.234 - - [28/Feb/2017:17:00:58 -0300] "POST /cormun/servlet/trautorizarsolicitud?8985e5d73eee928eb5615f574458c4a8,gx-no-cache=1488312138186 HTTP/1.1" 200 8218
190.101.9.138 - - [28/Feb/2017:17:00:59 -0300] "POST /cormun/servlet/solicitudot?gx-no-cache=1488312130446 HTTP/1.1" 200 297
186.67.172.234 - - [28/Feb/2017:17:01:01 -0300] "POST /cormun/servlet/trautorizarsolicitud?8985e5d73eee928eb5615f574458c4a8,gx-no-cache=1488312140288 HTTP/1.1" 200 7921
186.67.172.234 - - [28/Feb/2017:17:01:01 -0300] "POST /cormun/servlet/trautorizarsolicitud?8985e5d73eee928eb5615f574458c4a8,gx-no-cache=1488312140750 HTTP/1.1" 200 7866
190.101.9.138 - - [28/Feb/2017:17:01:01 -0300] "GET /cormun/servlet/solicitudot?0784bd6e304a369299d6243f837b2adb39ec35047edbffd409af31c564c1b9630b555fbac5571534d1ea97aa388d17f20ea18989ad6c86c7cb6424243729b11f5be0226883f66b785a1b60fb090554446ffef316436cb26b6b81e77a918347b5e522eb548cec24d83b77f83733c8a963a7ae53ca08f0b03880f4fef55f3a8eb42b43b508ecccfaf11d2358b87688cd0ff28ca98f4babc5b843bc4917da57f982d0bbbe1b45cbad278b936fdd9cad3cbbd74498548a2ce8aa02223f3d511469b93815ef5f924d0f805a41476f3c42a7e72763737a9a97fedfb019f7384882ef47504d986571b6ab3b0dda2fe072b1a9b0b5af17d67f539f5e80581207604a84cf2b44b883865e7a4cb960e0b6dd41118591d5acfa06fb4a0495ebd596421ee588e189a2a39108cc6996ae211726e4e63ef5aacdfffcbbfafdac242873e31a4ac1174387a667d3f765835dfe843fdf4b4aa22ba4a1b9e1fa0f06f89ef7efadaf09fb8bf3c1b2a421aff4b320b0e7cad6c26a90454111cfc2b5a7d0ba42675ada1daf170296628741f61c9933cd3c069877,gx-no-cache=1488312132786 HTTP/1.1" 200 30
190.101.9.138 - - [28/Feb/2017:17:01:09 -0300] "POST /cormun/servlet/solicitudot?gx-no-cache=1488312140212 HTTP/1.1" 200 30
190.101.9.138 - - [28/Feb/2017:17:01:11 -0300] "POST /cormun/servlet/solicitudot?gx-no-cache=1488312142271 HTTP/1.1" 200 235
190.101.9.138 - - [28/Feb/2017:17:01:11 -0300] "POST /cormun/servlet/solicitudot?gx-no-cache=1488312142364 HTTP/1.1" 200 38
192.168.10.62 - - [28/Feb/2017:17:01:14 -0300] "POST /cormun/servlet/trsolicitudgral?25d980beb3ff48b2d998fd73811e905c,,gx-no-cache=1488315361327 HTTP/1.1" 200 6283
200.30.209.79 - - [28/Feb/2017:17:01:18 -0300] "POST /cormun/servlet/solicitudot?gx-no-cache=1488312150831 HTTP/1.1" 200 3081
