186.103.159.187 - - [28/Feb/2017:16:12:40 -0300] "POST /cormun/servlet/solicitudot?bab811f76311ed15ebe9833d4285e297,INS,0,0,,gx-no-cache=1488309231343 HTTP/1.1" 200 93
186.103.159.187 - - [28/Feb/2017:16:12:40 -0300] "GET /cormun/servlet/hpexe_return? HTTP/1.1" 200 1004
186.103.159.187 - - [28/Feb/2017:16:12:41 -0300] "GET /cormun/servlet/trsolicitudot HTTP/1.1" 200 9073
186.103.159.187 - - [28/Feb/2017:16:12:42 -0300] "GET /cormun/servlet/trsolicitudot HTTP/1.1" 200 9070
200.30.209.79 - - [28/Feb/2017:16:12:54 -0300] "POST /cormun/servlet/solicitudotadjuntos?gx-no-cache=1488309247185 HTTP/1.1" 200 26
186.103.159.187 - - [28/Feb/2017:16:12:55 -0300] "GET /cormun/servlet/solicitudot?INS,0,0, HTTP/1.1" 200 12543
186.103.159.187 - - [28/Feb/2017:16:12:56 -0300] "GET /cormun/servlet/solicitudot?INS,0,0, HTTP/1.1" 200 12547
186.103.159.187 - - [28/Feb/2017:16:13:25 -0300] "POST /cormun/servlet/solicitudot?gx-no-cache=1488309275815 HTTP/1.1" 200 3177
186.103.159.187 - - [28/Feb/2017:16:13:25 -0300] "POST /cormun/servlet/solicitudot?bab811f76311ed15ebe9833d4285e297,INS,0,0,,gx-no-cache=1488309276148 HTTP/1.1" 200 9772
200.30.209.79 - - [28/Feb/2017:16:13:44 -0300] "GET /cormun/servlet/solicitudotadjuntos?f078797525f7178c5df1cef7d891303e9a4f567a2b0ec4011066fe060acdb5c5,gx-no-cache=1488309297329 HTTP/1.1" 200 30
200.30.209.79 - - [28/Feb/2017:16:13:44 -0300] "GET /cormun/servlet/solicitudotadjuntos?f078797525f7178c5df1cef7d891303e9a4f567a2b0ec4011066fe060acdb5c5,gx-no-cache=1488309297419 HTTP/1.1" 200 30
200.30.209.79 - - [28/Feb/2017:16:13:47 -0300] "POST /cormun/servlet/solicitudotadjuntos?a46f88152ebee91e1704d6757e1660fe,INS,2017,4906,,1, HTTP/1.1" 200 116
200.30.209.79 - - [28/Feb/2017:16:13:47 -0300] "GET /cormun/servlet/hpexe_return? HTTP/1.1" 200 1026
200.30.209.79 - - [28/Feb/2017:16:13:47 -0300] "GET /cormun/servlet/trsolicitudadjuntos?2017,4906, HTTP/1.1" 200 7872
200.30.209.79 - - [28/Feb/2017:16:13:48 -0300] "GET /cormun/servlet/trsolicitudadjuntos?2017,4906, HTTP/1.1" 200 7866
200.30.209.79 - - [28/Feb/2017:16:13:52 -0300] "GET /cormun/servlet/solicitudotadjuntos?INS,2017,4906,,1, HTTP/1.1" 200 5751
200.30.209.79 - - [28/Feb/2017:16:13:52 -0300] "GET /cormun/static/about:blank HTTP/1.1" 404 1011
200.30.209.79 - - [28/Feb/2017:16:13:52 -0300] "GET /cormun/servlet/solicitudotadjuntos?INS,2017,4906,,1, HTTP/1.1" 200 5745
200.30.209.79 - - [28/Feb/2017:16:13:53 -0300] "GET /cormun/servlet/solicitudotadjuntos?f078797525f7178c5df1cef7d891303ee6c73653f7ac31e1260fc5ca49d6144edb633c37ba7fbb4743d52529406a32d8,gx-no-cache=1488309305654 HTTP/1.1" 200 30
200.30.209.79 - - [28/Feb/2017:16:13:53 -0300] "POST /cormun/servlet/solicitudotadjuntos?a46f88152ebee91e1704d6757e1660fe,INS,2017,4906,,1,,gx-no-cache=1488309305710 HTTP/1.1" 200 3667
200.30.209.79 - - [28/Feb/2017:16:14:10 -0300] "POST /cormun/servlet/solicitudotadjuntos?gx-no-cache=1488309323382 HTTP/1.1" 200 26
200.30.209.79 - - [28/Feb/2017:16:14:40 -0300] "GET /cormun/servlet/solicitudotadjuntos?f078797525f7178c5df1cef7d891303e9a4f567a2b0ec4011066fe060acdb5c5,gx-no-cache=1488309353359 HTTP/1.1" 200 30
200.30.209.79 - - [28/Feb/2017:16:14:40 -0300] "GET /cormun/servlet/solicitudotadjuntos?f078797525f7178c5df1cef7d891303e9a4f567a2b0ec4011066fe060acdb5c5,gx-no-cache=1488309353439 HTTP/1.1" 200 30
200.30.209.79 - - [28/Feb/2017:16:14:42 -0300] "POST /cormun/servlet/solicitudotadjuntos?a46f88152ebee91e1704d6757e1660fe,INS,2017,4906,,1, HTTP/1.1" 200 116
200.30.209.79 - - [28/Feb/2017:16:14:42 -0300] "GET /cormun/servlet/hpexe_return? HTTP/1.1" 200 1026
200.30.209.79 - - [28/Feb/2017:16:14:43 -0300] "GET /cormun/servlet/trsolicitudadjuntos?2017,4906, HTTP/1.1" 200 8080
200.30.209.79 - - [28/Feb/2017:16:14:43 -0300] "GET /cormun/servlet/trsolicitudadjuntos?2017,4906, HTTP/1.1" 200 8075
200.30.209.79 - - [28/Feb/2017:16:14:50 -0300] "GET /cormun/servlet/solicitudotadjuntos?INS,2017,4906,,1, HTTP/1.1" 200 5752
200.30.209.79 - - [28/Feb/2017:16:14:50 -0300] "GET /cormun/static/about:blank HTTP/1.1" 404 1011
200.30.209.79 - - [28/Feb/2017:16:14:50 -0300] "GET /cormun/servlet/solicitudotadjuntos?INS,2017,4906,,1, HTTP/1.1" 200 5746
200.30.209.79 - - [28/Feb/2017:16:14:51 -0300] "GET /cormun/servlet/solicitudotadjuntos?f078797525f7178c5df1cef7d891303ee6c73653f7ac31e1260fc5ca49d6144edb633c37ba7fbb4743d52529406a32d8,gx-no-cache=1488309363683 HTTP/1.1" 200 30
200.30.209.79 - - [28/Feb/2017:16:14:51 -0300] "POST /cormun/servlet/solicitudotadjuntos?a46f88152ebee91e1704d6757e1660fe,INS,2017,4906,,1,,gx-no-cache=1488309363727 HTTP/1.1" 200 3667
200.30.209.79 - - [28/Feb/2017:16:14:57 -0300] "POST /cormun/servlet/solicitudotadjuntos?gx-no-cache=1488309370028 HTTP/1.1" 200 26
186.103.159.187 - - [28/Feb/2017:16:15:15 -0300] "GET /cormun/servlet/solicitudot?8a5324674c6dc5e392cd8cefa4e906c16aafbf899879f13fa59051198e090708f709e9d7b766884c65605283d1dea64e,gx-no-cache=1488309386814 HTTP/1.1" 200 30
186.103.159.187 - - [28/Feb/2017:16:15:16 -0300] "POST /cormun/servlet/solicitudot?gx-no-cache=1488309386875 HTTP/1.1" 200 255
186.103.159.187 - - [28/Feb/2017:16:15:16 -0300] "GET /cormun/servlet/solicitudot?8a5324674c6dc5e392cd8cefa4e906c1a03ec7c9f8aeee175d3f2c23c56c1087a98853055961a07783de2b8f06b52b04688813cf9b61a3a621d467ab77a199d81c9a3ecda7f8a905a3d148bc87642da2e29dd2ee402383340e3a0ea74873d46f322fb0ca0ff4820dfca9803af25d610d6e7564c6901b1929c2bc6e8ed0522eb0421a1f4c1305b7e1c43b38af4fa460dbcb673070b090ed3fac8f4cd865a8accaf0b7b3edda3e85e3008c94c7103e55d8c0339d746298218c8c53e67fc6ef4149c14b568f59dfa0bf83e83e75cff635ba2caa6a7dabe8673451f79254b2bdb3fe15cbf519edaf5c6d2a36aa1b45b57849527aa7bfc638f61fd31cf1ad2984e8490bc4a7b14cffd9c16544b4ecb96c8a14e20bea00b7675fd26aef6c5f0f742749398da2fe93de93e16d842f269e68a6871f0ed165e94b6d5d5456dae44c5438641db4cddcb86638cc698e4738e1869b6a7d699a2f6e72cde3066ed5eb32de2e92998749777722330e2685b299947be60505677d74f9196caadf0b451c9ce43791,gx-no-cache=1488309386920 HTTP/1.1" 200 30
186.103.159.187 - - [28/Feb/2017:16:15:16 -0300] "POST /cormun/servlet/solicitudot?gx-no-cache=1488309386954 HTTP/1.1" 200 30
186.103.159.187 - - [28/Feb/2017:16:15:16 -0300] "POST /cormun/servlet/solicitudot?gx-no-cache=1488309387000 HTTP/1.1" 200 1291
186.103.159.187 - - [28/Feb/2017:16:15:16 -0300] "POST /cormun/servlet/solicitudot?gx-no-cache=1488309387069 HTTP/1.1" 200 38
186.103.159.187 - - [28/Feb/2017:16:15:16 -0300] "GET /cormun/servlet/solicitudot?8a5324674c6dc5e392cd8cefa4e906c1fa72545854b0b4d3a2eb3cb18798222cbe91583a082a2719abad162dd1cff44c0c3007eccf9b8708ac29780278e6dc62960b47733f6df0d461f20b19d05ae1bcf18f2f2b3e6d009e0fcb4bd9e348d8087cb5278db8e98fccfbeb3da7f5a71fd0478411bd4b3376de2e95c0391a06c2af42375ae5d0ba9b851d851e449e290031173bc7c6128727a14887782e76f0f717,gx-no-cache=1488309387110 HTTP/1.1" 200 29
186.103.159.187 - - [28/Feb/2017:16:15:16 -0300] "POST /cormun/servlet/solicitudot?gx-no-cache=1488309387148 HTTP/1.1" 200 1274
186.103.159.187 - - [28/Feb/2017:16:15:16 -0300] "POST /cormun/servlet/solicitudot?gx-no-cache=1488309387207 HTTP/1.1" 200 1157
186.103.159.187 - - [28/Feb/2017:16:15:16 -0300] "GET /cormun/servlet/solicitudot?8a5324674c6dc5e392cd8cefa4e906c123bdfc00280def04bcf52e3f891cd6479d01131baf45003afca3bbc048db0badf89a4ac34c43d19a3b2ad4b07209605c9a3235e9d9f4c2e7f4daf6de0d0a5cf4acf9eeb830c245e4bce0d3ee891e8010fa0e3fc9f79aa8edf94de7838fefeeaf5dcd07ce3fe564ff2b6da793d10a2d3a304932b98aba38789184421eed9723e185527da643f178ef1774ba5f06e10b6d,gx-no-cache=1488309387274 HTTP/1.1" 200 30
200.86.95.220 - - [28/Feb/2017:16:15:31 -0300] "GET /cormun/servlet/solicitudotadjuntos?INS,2017,4904,,2, HTTP/1.1" 200 5794
200.86.95.220 - - [28/Feb/2017:16:15:32 -0300] "GET /cormun/static/about:blank HTTP/1.1" 404 1011
200.86.95.220 - - [28/Feb/2017:16:15:33 -0300] "GET /cormun/servlet/solicitudotadjuntos?INS,2017,4904,,2, HTTP/1.1" 200 5788
200.86.95.220 - - [28/Feb/2017:16:15:34 -0300] "GET /cormun/servlet/solicitudotadjuntos?8a7899c17de10917c2be0623c6ee5b92f25eb7796a9a13e6f0417ed717ec7f9e330f1206d32c9baab2116028bba955be,gx-no-cache=1488309404846 HTTP/1.1" 200 30
200.86.95.220 - - [28/Feb/2017:16:15:34 -0300] "POST /cormun/servlet/solicitudotadjuntos?5136caf749805e11e5c743e6ce055aac,INS,2017,4904,,2,,gx-no-cache=1488309404952 HTTP/1.1" 200 3818
200.86.95.220 - - [28/Feb/2017:16:15:48 -0300] "POST /cormun/servlet/solicitudotadjuntos?gx-no-cache=1488309419685 HTTP/1.1" 200 26
200.86.95.220 - - [28/Feb/2017:16:15:56 -0300] "GET /cormun/servlet/solicitudotadjuntos?8a7899c17de10917c2be0623c6ee5b92d15658a2cd90eb53f924af88c52e5df9,gx-no-cache=1488309427562 HTTP/1.1" 200 30
200.86.95.220 - - [28/Feb/2017:16:15:56 -0300] "GET /cormun/servlet/solicitudotadjuntos?8a7899c17de10917c2be0623c6ee5b92d15658a2cd90eb53f924af88c52e5df9,gx-no-cache=1488309427613 HTTP/1.1" 200 30
200.30.209.79 - - [28/Feb/2017:16:15:57 -0300] "POST /cormun/servlet/solicitudotadjuntos?gx-no-cache=1488309429816 HTTP/1.1" 200 26
200.86.95.220 - - [28/Feb/2017:16:15:57 -0300] "POST /cormun/servlet/solicitudotadjuntos?5136caf749805e11e5c743e6ce055aac,INS,2017,4904,,2, HTTP/1.1" 200 116
200.86.95.220 - - [28/Feb/2017:16:15:57 -0300] "GET /cormun/servlet/hpexe_return? HTTP/1.1" 200 1026
200.86.95.220 - - [28/Feb/2017:16:15:58 -0300] "GET /cormun/servlet/trsolicitudadjuntos?2017,4904, HTTP/1.1" 200 8994
200.86.95.220 - - [28/Feb/2017:16:16:00 -0300] "GET /cormun/servlet/trsolicitudadjuntos?2017,4904, HTTP/1.1" 200 8994
46.174.191.29 - - [28/Feb/2017:16:16:01 -0300] "GET / HTTP/1.0" 200 11197
200.86.95.220 - - [28/Feb/2017:16:16:02 -0300] "POST /cormun/servlet/trsolicitudadjuntos?5136caf749805e11e5c743e6ce055aac,2017,4904,,gx-no-cache=1488309433112 HTTP/1.1" 200 90
200.86.95.220 - - [28/Feb/2017:16:16:02 -0300] "GET /cormun/servlet/hpexe_link HTTP/1.1" 200 993
200.86.95.220 - - [28/Feb/2017:16:16:02 -0300] "GET /cormun/servlet/trsolicitudot?gx-no-cache=1488304394786 HTTP/1.1" 200 8017
200.86.95.220 - - [28/Feb/2017:16:16:03 -0300] "GET /cormun/servlet/trsolicitudot?gx-no-cache=1488304394786 HTTP/1.1" 200 8037
200.86.95.220 - - [28/Feb/2017:16:16:16 -0300] "POST /cormun/servlet/trsolicitudot?5136caf749805e11e5c743e6ce055aac,gx-no-cache=1488304394786,gx-no-cache=1488309447331 HTTP/1.1" 200 4159
200.86.95.220 - - [28/Feb/2017:16:16:16 -0300] "GET /cormun/static/Shared/jqueryui/images/ui-bg_highlight-soft_100_c6c2c8_1x100.png HTTP/1.1" 404 1117
200.86.95.220 - - [28/Feb/2017:16:16:16 -0300] "GET /cormun/static/Shared/jqueryui/images/ui-icons_82798d_256x240.png HTTP/1.1" 404 1089
200.86.95.220 - - [28/Feb/2017:16:16:16 -0300] "GET /cormun/static/Shared/jqueryui/images/ui-bg_flat_55_fafafa_40x100.png HTTP/1.1" 404 1097
200.86.95.220 - - [28/Feb/2017:16:16:16 -0300] "GET /cormun/static/Shared/jqueryui/images/ui-icons_8d78a5_256x240.png HTTP/1.1" 404 1089
200.86.95.220 - - [28/Feb/2017:16:16:17 -0300] "POST /cormun/servlet/trsolicitudot?5136caf749805e11e5c743e6ce055aac,gx-no-cache=1488304394786,gx-no-cache=1488309447714 HTTP/1.1" 200 3934
200.30.209.79 - - [28/Feb/2017:16:16:44 -0300] "GET /cormun/servlet/solicitudotadjuntos?f078797525f7178c5df1cef7d891303e9a4f567a2b0ec4011066fe060acdb5c5,gx-no-cache=1488309476657 HTTP/1.1" 200 30
200.30.209.79 - - [28/Feb/2017:16:16:44 -0300] "GET /cormun/servlet/solicitudotadjuntos?f078797525f7178c5df1cef7d891303e9a4f567a2b0ec4011066fe060acdb5c5,gx-no-cache=1488309476764 HTTP/1.1" 200 30
200.30.209.79 - - [28/Feb/2017:16:16:45 -0300] "POST /cormun/servlet/solicitudotadjuntos?a46f88152ebee91e1704d6757e1660fe,INS,2017,4906,,1, HTTP/1.1" 200 116
200.30.209.79 - - [28/Feb/2017:16:16:45 -0300] "GET /cormun/servlet/hpexe_return? HTTP/1.1" 200 1026
200.30.209.79 - - [28/Feb/2017:16:16:46 -0300] "GET /cormun/servlet/trsolicitudadjuntos?2017,4906, HTTP/1.1" 200 8236
200.30.209.79 - - [28/Feb/2017:16:16:47 -0300] "GET /cormun/servlet/trsolicitudadjuntos?2017,4906, HTTP/1.1" 200 8234
200.30.209.79 - - [28/Feb/2017:16:16:54 -0300] "GET /cormun/servlet/solicitudotadjuntos?INS,2017,4906,,1, HTTP/1.1" 200 5751
200.30.209.79 - - [28/Feb/2017:16:16:54 -0300] "GET /cormun/static/about:blank HTTP/1.1" 404 1011
200.30.209.79 - - [28/Feb/2017:16:16:54 -0300] "GET /cormun/servlet/solicitudotadjuntos?INS,2017,4906,,1, HTTP/1.1" 200 5745
200.30.209.79 - - [28/Feb/2017:16:16:55 -0300] "GET /cormun/servlet/solicitudotadjuntos?f078797525f7178c5df1cef7d891303ee6c73653f7ac31e1260fc5ca49d6144edb633c37ba7fbb4743d52529406a32d8,gx-no-cache=1488309487797 HTTP/1.1" 200 30
200.30.209.79 - - [28/Feb/2017:16:16:55 -0300] "POST /cormun/servlet/solicitudotadjuntos?a46f88152ebee91e1704d6757e1660fe,INS,2017,4906,,1,,gx-no-cache=1488309487841 HTTP/1.1" 200 3667
200.30.209.79 - - [28/Feb/2017:16:17:04 -0300] "POST /cormun/servlet/solicitudotadjuntos?gx-no-cache=1488309497240 HTTP/1.1" 200 26
186.103.159.187 - - [28/Feb/2017:16:18:00 -0300] "POST /cormun/servlet/solicitudot?gx-no-cache=1488309551563 HTTP/1.1" 200 30
186.103.159.187 - - [28/Feb/2017:16:18:03 -0300] "GET /cormun/servlet/prsolicitudot?8448797,,,,,MD,,gxPopupLevel%3D0%3B HTTP/1.1" 200 6545
200.30.209.79 - - [28/Feb/2017:16:18:08 -0300] "GET /cormun/servlet/solicitudotadjuntos?f078797525f7178c5df1cef7d891303e9a4f567a2b0ec4011066fe060acdb5c5,gx-no-cache=1488309561023 HTTP/1.1" 200 30
200.30.209.79 - - [28/Feb/2017:16:18:08 -0300] "GET /cormun/servlet/solicitudotadjuntos?f078797525f7178c5df1cef7d891303e9a4f567a2b0ec4011066fe060acdb5c5,gx-no-cache=1488309561165 HTTP/1.1" 200 30
200.30.209.79 - - [28/Feb/2017:16:18:12 -0300] "POST /cormun/servlet/solicitudotadjuntos?a46f88152ebee91e1704d6757e1660fe,INS,2017,4906,,1, HTTP/1.1" 200 116
200.30.209.79 - - [28/Feb/2017:16:18:13 -0300] "GET /cormun/servlet/hpexe_return? HTTP/1.1" 200 1026
200.30.209.79 - - [28/Feb/2017:16:18:14 -0300] "GET /cormun/servlet/trsolicitudadjuntos?2017,4906, HTTP/1.1" 200 8377
186.103.159.187 - - [28/Feb/2017:16:18:15 -0300] "POST /cormun/servlet/solicitudot?gx-no-cache=1488309565504 HTTP/1.1" 200 1372
186.103.159.187 - - [28/Feb/2017:16:18:15 -0300] "GET /cormun/static/Shared/jqueryui/images/ui-bg_highlight-soft_100_c6c2c8_1x100.png HTTP/1.1" 404 1117
186.103.159.187 - - [28/Feb/2017:16:18:15 -0300] "GET /cormun/static/Shared/jqueryui/images/ui-icons_82798d_256x240.png HTTP/1.1" 404 1089
186.103.159.187 - - [28/Feb/2017:16:18:15 -0300] "GET /cormun/static/Shared/jqueryui/images/ui-icons_ebccce_256x240.png HTTP/1.1" 404 1089
186.103.159.187 - - [28/Feb/2017:16:18:15 -0300] "GET /cormun/static/Shared/jqueryui/images/ui-bg_flat_55_994d53_40x100.png HTTP/1.1" 404 1097
186.103.159.187 - - [28/Feb/2017:16:18:15 -0300] "POST /cormun/servlet/solicitudot?gx-no-cache=1488309566212 HTTP/1.1" 200 117
186.103.159.187 - - [28/Feb/2017:16:18:15 -0300] "POST /cormun/servlet/solicitudot?gx-no-cache=1488309566262 HTTP/1.1" 200 1274
200.30.209.79 - - [28/Feb/2017:16:18:15 -0300] "GET /cormun/servlet/trsolicitudadjuntos?2017,4906, HTTP/1.1" 200 8374
186.103.159.187 - - [28/Feb/2017:16:18:15 -0300] "POST /cormun/servlet/solicitudot?gx-no-cache=1488309566339 HTTP/1.1" 200 1157
186.103.156.24 - - [28/Feb/2017:16:18:25 -0300] "GET /cormun/servlet/hlogin HTTP/1.1" 200 1721
186.103.159.187 - - [28/Feb/2017:16:18:27 -0300] "GET /cormun/servlet/prcontratosol?8448797,,,,,MD,,gxPopupLevel%3D0%3B HTTP/1.1" 200 5885
200.30.209.79 - - [28/Feb/2017:16:18:30 -0300] "GET /cormun/servlet/solicitudotadjuntos?INS,2017,4906,,1, HTTP/1.1" 200 5751
200.30.209.79 - - [28/Feb/2017:16:18:30 -0300] "GET /cormun/static/about:blank HTTP/1.1" 404 1011
200.30.209.79 - - [28/Feb/2017:16:18:30 -0300] "GET /cormun/servlet/solicitudotadjuntos?INS,2017,4906,,1, HTTP/1.1" 200 5745
200.30.209.79 - - [28/Feb/2017:16:18:31 -0300] "GET /cormun/servlet/solicitudotadjuntos?f078797525f7178c5df1cef7d891303ee6c73653f7ac31e1260fc5ca49d6144edb633c37ba7fbb4743d52529406a32d8,gx-no-cache=1488309583569 HTTP/1.1" 200 30
200.30.209.79 - - [28/Feb/2017:16:18:31 -0300] "POST /cormun/servlet/solicitudotadjuntos?a46f88152ebee91e1704d6757e1660fe,INS,2017,4906,,1,,gx-no-cache=1488309583633 HTTP/1.1" 200 3668
200.30.209.79 - - [28/Feb/2017:16:18:36 -0300] "POST /cormun/servlet/solicitudotadjuntos?gx-no-cache=1488309588528 HTTP/1.1" 200 26
186.103.156.24 - - [28/Feb/2017:16:18:52 -0300] "POST /cormun/servlet/hlogin?223d3e471c3536994ba0bc455d00e168,gx-no-cache=1488309632925 HTTP/1.1" 200 90
186.103.156.24 - - [28/Feb/2017:16:18:52 -0300] "GET /cormun/servlet/hpexe_link HTTP/1.1" 200 955
186.103.156.24 - - [28/Feb/2017:16:18:52 -0300] "GET /cormun/servlet/hhome HTTP/1.1" 200 3952
186.103.156.24 - - [28/Feb/2017:16:18:53 -0300] "GET /cormun/servlet/hhome HTTP/1.1" 200 3949
186.103.159.187 - - [28/Feb/2017:16:18:58 -0300] "POST /cormun/servlet/solicitudot?gx-no-cache=1488309609461 HTTP/1.1" 200 1291
186.103.156.24 - - [28/Feb/2017:16:19:01 -0300] "GET /cormun/servlet/trlicencias? HTTP/1.1" 200 6817
186.103.156.24 - - [28/Feb/2017:16:19:02 -0300] "GET /cormun/servlet/trlicencias? HTTP/1.1" 200 6816
186.103.159.187 - - [28/Feb/2017:16:19:09 -0300] "GET /cormun/servlet/prfichaempleado?,MD,,gxPopupLevel%3D0%3B HTTP/1.1" 200 8790
186.103.159.187 - - [28/Feb/2017:16:19:09 -0300] "GET /cormun/static/gxcfg.js?2016102420561687 HTTP/1.1" 200 953
186.103.159.187 - - [28/Feb/2017:16:19:09 -0300] "GET /cormun/static/prfichaempleado.js?201610242056198 HTTP/1.1" 200 16015
200.30.209.79 - - [28/Feb/2017:16:19:09 -0300] "GET /cormun/servlet/solicitudotadjuntos?f078797525f7178c5df1cef7d891303e9a4f567a2b0ec4011066fe060acdb5c5,gx-no-cache=1488309622049 HTTP/1.1" 200 30
200.30.209.79 - - [28/Feb/2017:16:19:09 -0300] "GET /cormun/servlet/solicitudotadjuntos?f078797525f7178c5df1cef7d891303e9a4f567a2b0ec4011066fe060acdb5c5,gx-no-cache=1488309622137 HTTP/1.1" 200 30
200.30.209.79 - - [28/Feb/2017:16:19:10 -0300] "POST /cormun/servlet/solicitudotadjuntos?a46f88152ebee91e1704d6757e1660fe,INS,2017,4906,,1, HTTP/1.1" 200 116
200.30.209.79 - - [28/Feb/2017:16:19:10 -0300] "GET /cormun/servlet/hpexe_return? HTTP/1.1" 200 1026
200.30.209.79 - - [28/Feb/2017:16:19:12 -0300] "GET /cormun/servlet/trsolicitudadjuntos?2017,4906, HTTP/1.1" 200 8510
200.30.209.79 - - [28/Feb/2017:16:19:13 -0300] "GET /cormun/servlet/trsolicitudadjuntos?2017,4906, HTTP/1.1" 200 8508
200.30.209.79 - - [28/Feb/2017:16:19:21 -0300] "GET /cormun/servlet/solicitudotadjuntos?INS,2017,4906,,1, HTTP/1.1" 200 5751
200.30.209.79 - - [28/Feb/2017:16:19:22 -0300] "GET /cormun/static/about:blank HTTP/1.1" 404 1011
200.30.209.79 - - [28/Feb/2017:16:19:22 -0300] "GET /cormun/servlet/solicitudotadjuntos?INS,2017,4906,,1, HTTP/1.1" 200 5745
200.30.209.79 - - [28/Feb/2017:16:19:22 -0300] "GET /cormun/servlet/solicitudotadjuntos?f078797525f7178c5df1cef7d891303ee6c73653f7ac31e1260fc5ca49d6144edb633c37ba7fbb4743d52529406a32d8,gx-no-cache=1488309635031 HTTP/1.1" 200 30
186.103.159.187 - - [28/Feb/2017:16:19:22 -0300] "POST /cormun/servlet/prfichaempleado?bab811f76311ed15ebe9833d4285e297,,MD,,gxPopupLevel%3D0%3B,gx-no-cache=1488309633322 HTTP/1.1" 200 3441
200.30.209.79 - - [28/Feb/2017:16:19:22 -0300] "POST /cormun/servlet/solicitudotadjuntos?a46f88152ebee91e1704d6757e1660fe,INS,2017,4906,,1,,gx-no-cache=1488309635094 HTTP/1.1" 200 3667
200.30.209.79 - - [28/Feb/2017:16:19:27 -0300] "POST /cormun/servlet/solicitudotadjuntos?gx-no-cache=1488309639789 HTTP/1.1" 200 26
186.103.159.187 - - [28/Feb/2017:16:19:31 -0300] "POST /cormun/servlet/solicitudot?gx-no-cache=1488309641939 HTTP/1.1" 200 1291
186.103.159.187 - - [28/Feb/2017:16:19:31 -0300] "GET /cormun/static/menuarrow.gif HTTP/1.1" 404 1015
200.30.209.79 - - [28/Feb/2017:16:19:47 -0300] "GET /cormun/servlet/solicitudotadjuntos?f078797525f7178c5df1cef7d891303e9a4f567a2b0ec4011066fe060acdb5c5,gx-no-cache=1488309660066 HTTP/1.1" 200 30
200.30.209.79 - - [28/Feb/2017:16:19:47 -0300] "GET /cormun/servlet/solicitudotadjuntos?f078797525f7178c5df1cef7d891303e9a4f567a2b0ec4011066fe060acdb5c5,gx-no-cache=1488309660153 HTTP/1.1" 200 30
200.30.209.79 - - [28/Feb/2017:16:19:54 -0300] "POST /cormun/servlet/solicitudotadjuntos?a46f88152ebee91e1704d6757e1660fe,INS,2017,4906,,1, HTTP/1.1" 200 116
200.30.209.79 - - [28/Feb/2017:16:19:54 -0300] "GET /cormun/servlet/hpexe_return? HTTP/1.1" 200 1026
186.103.159.187 - - [28/Feb/2017:16:19:55 -0300] "POST /cormun/servlet/solicitudot?gx-no-cache=1488309666069 HTTP/1.1" 200 122
200.30.209.79 - - [28/Feb/2017:16:19:55 -0300] "GET /cormun/servlet/trsolicitudadjuntos?2017,4906, HTTP/1.1" 200 8731
200.30.209.79 - - [28/Feb/2017:16:19:57 -0300] "GET /cormun/servlet/trsolicitudadjuntos?2017,4906, HTTP/1.1" 200 8730
186.103.156.24 - - [28/Feb/2017:16:20:05 -0300] "GET /cormun/static/menuarrow.gif HTTP/1.1" 404 1015
200.30.209.79 - - [28/Feb/2017:16:20:07 -0300] "POST /cormun/servlet/trsolicitudadjuntos?a46f88152ebee91e1704d6757e1660fe,2017,4906,,gx-no-cache=1488309680185 HTTP/1.1" 200 90
200.30.209.79 - - [28/Feb/2017:16:20:07 -0300] "GET /cormun/servlet/hpexe_link HTTP/1.1" 200 992
200.30.209.79 - - [28/Feb/2017:16:20:08 -0300] "GET /cormun/servlet/trsolicitudot?gx-no-cache=1488309019345 HTTP/1.1" 200 7946
200.30.209.79 - - [28/Feb/2017:16:20:08 -0300] "GET /cormun/servlet/trsolicitudot?gx-no-cache=1488309019345 HTTP/1.1" 200 7965
186.103.159.187 - - [28/Feb/2017:16:20:12 -0300] "POST /cormun/servlet/solicitudot?gx-no-cache=1488309683074 HTTP/1.1" 200 1274
186.103.159.187 - - [28/Feb/2017:16:20:12 -0300] "POST /cormun/servlet/solicitudot?gx-no-cache=1488309683133 HTTP/1.1" 200 1157
200.30.209.79 - - [28/Feb/2017:16:20:14 -0300] "POST /cormun/servlet/trsolicitudot?a46f88152ebee91e1704d6757e1660fe,gx-no-cache=1488309019345,gx-no-cache=1488309686647 HTTP/1.1" 200 4134
200.30.209.79 - - [28/Feb/2017:16:20:14 -0300] "GET /cormun/static/Shared/jqueryui/images/ui-bg_highlight-soft_100_c6c2c8_1x100.png HTTP/1.1" 404 1117
200.30.209.79 - - [28/Feb/2017:16:20:14 -0300] "GET /cormun/static/Shared/jqueryui/images/ui-bg_flat_55_fafafa_40x100.png HTTP/1.1" 404 1097
200.30.209.79 - - [28/Feb/2017:16:20:14 -0300] "GET /cormun/static/Shared/jqueryui/images/ui-icons_82798d_256x240.png HTTP/1.1" 404 1089
200.30.209.79 - - [28/Feb/2017:16:20:14 -0300] "GET /cormun/static/Shared/jqueryui/images/ui-icons_8d78a5_256x240.png HTTP/1.1" 404 1089
186.103.159.187 - - [28/Feb/2017:16:20:14 -0300] "POST /cormun/servlet/solicitudot?gx-no-cache=1488309685226 HTTP/1.1" 200 1274
200.30.209.79 - - [28/Feb/2017:16:20:14 -0300] "POST /cormun/servlet/trsolicitudot?a46f88152ebee91e1704d6757e1660fe,gx-no-cache=1488309019345,gx-no-cache=1488309686856 HTTP/1.1" 200 3925
186.103.159.187 - - [28/Feb/2017:16:20:14 -0300] "POST /cormun/servlet/solicitudot?gx-no-cache=1488309685293 HTTP/1.1" 200 1157
200.30.209.79 - - [28/Feb/2017:16:20:26 -0300] "GET /cormun/servlet/hlogin HTTP/1.1" 200 1756
186.103.159.187 - - [28/Feb/2017:16:20:34 -0300] "GET /cormun/servlet/solicitudot?8a5324674c6dc5e392cd8cefa4e906c123bdfc00280def04bcf52e3f891cd647b74f3b854f76f2b440167592104978ed9e25caac99cd369c0a42e1624f417af59655eaa08a4c27dc19c5545bdba91eef0bc4a7b14cffd9c16544b4ecb96c8a143a9827550e023c2bcc9587bbabf7fe6908494550f65571d1fa72864cd2f06453712d611de7bc32f6dbe9cbb19ae710b20e65af89aa718c4e56d248d08e55b39eee6545023ec10ba7bf22b4659e326a2e357cf412e6de65ff71bf7a746a846335,gx-no-cache=1488309705488 HTTP/1.1" 200 30
186.103.159.187 - - [28/Feb/2017:16:20:34 -0300] "POST /cormun/servlet/solicitudot?bab811f76311ed15ebe9833d4285e297,INS,0,0,,gx-no-cache=1488309705583 HTTP/1.1" 200 11156
186.103.159.187 - - [28/Feb/2017:16:20:58 -0300] "GET /cormun/servlet/prcontratosol?8448797,,,,,MD,,gxPopupLevel%3D0%3B HTTP/1.1" 200 5885
186.103.159.187 - - [28/Feb/2017:16:21:04 -0300] "POST /cormun/servlet/solicitudot?gx-no-cache=1488309735012 HTTP/1.1" 200 122
186.103.159.187 - - [28/Feb/2017:16:21:04 -0300] "POST /cormun/servlet/solicitudot?gx-no-cache=1488309735082 HTTP/1.1" 200 1274
186.103.159.187 - - [28/Feb/2017:16:21:04 -0300] "POST /cormun/servlet/solicitudot?gx-no-cache=1488309735193 HTTP/1.1" 200 1157
200.30.209.79 - - [28/Feb/2017:16:21:12 -0300] "POST /cormun/servlet/hlogin?a46f88152ebee91e1704d6757e1660fe,gx-no-cache=1488309744536 HTTP/1.1" 200 90
200.30.209.79 - - [28/Feb/2017:16:21:12 -0300] "GET /cormun/servlet/hpexe_link HTTP/1.1" 200 954
200.30.209.79 - - [28/Feb/2017:16:21:12 -0300] "GET /cormun/servlet/hhome HTTP/1.1" 200 3952
186.103.156.24 - - [28/Feb/2017:16:21:12 -0300] "POST /cormun/servlet/trlicencias?223d3e471c3536994ba0bc455d00e168,,gx-no-cache=1488309788665 HTTP/1.1" 200 4114
200.30.209.79 - - [28/Feb/2017:16:21:13 -0300] "GET /cormun/servlet/hhome HTTP/1.1" 200 3948
200.30.209.79 - - [28/Feb/2017:16:21:13 -0300] "GET /cormun/static/SmoothNavMenu/resources/images/right.gif HTTP/1.1" 200 860
200.30.209.79 - - [28/Feb/2017:16:21:17 -0300] "GET /cormun/servlet/trautorizarsolicitud? HTTP/1.1" 200 9427
200.30.209.79 - - [28/Feb/2017:16:21:17 -0300] "GET /cormun/static/gxcfg.js?2017259112829 HTTP/1.1" 200 953
200.30.209.79 - - [28/Feb/2017:16:21:17 -0300] "GET /cormun/static/trautorizarsolicitud.js?2017259113483 HTTP/1.1" 200 53096
200.30.209.79 - - [28/Feb/2017:16:21:17 -0300] "GET /cormun/servlet/trautorizarsolicitud? HTTP/1.1" 200 9425
186.103.159.187 - - [28/Feb/2017:16:21:33 -0300] "POST /cormun/servlet/solicitudot?gx-no-cache=1488309764613 HTTP/1.1" 200 41
186.103.159.187 - - [28/Feb/2017:16:21:33 -0300] "POST /cormun/servlet/solicitudot?gx-no-cache=1488309764679 HTTP/1.1" 200 1274
186.103.159.187 - - [28/Feb/2017:16:21:33 -0300] "POST /cormun/servlet/solicitudot?gx-no-cache=1488309764743 HTTP/1.1" 200 1157
186.103.159.187 - - [28/Feb/2017:16:21:33 -0300] "GET /cormun/servlet/solicitudot?8a5324674c6dc5e392cd8cefa4e906c123bdfc00280def04bcf52e3f891cd647b74f3b854f76f2b440167592104978eda1f90677ffa5bd180c84413ab0f4dd3e9655eaa08a4c27dc19c5545bdba91eef0bc4a7b14cffd9c16544b4ecb96c8a143a9827550e023c2bcc9587bbabf7fe6908494550f65571d1fa72864cd2f06453712d611de7bc32f6dbe9cbb19ae710b20e65af89aa718c4e56d248d08e55b39eee6545023ec10ba7bf22b4659e326a2edfb5cdb67ddadf3caaa37ac410707935,gx-no-cache=1488309764794 HTTP/1.1" 200 32
186.103.159.187 - - [28/Feb/2017:16:21:34 -0300] "POST /cormun/servlet/solicitudot?bab811f76311ed15ebe9833d4285e297,INS,0,0,,gx-no-cache=1488309764840 HTTP/1.1" 200 93
186.103.159.187 - - [28/Feb/2017:16:21:34 -0300] "GET /cormun/servlet/hpexe_return? HTTP/1.1" 200 1004
186.103.159.187 - - [28/Feb/2017:16:21:34 -0300] "GET /cormun/servlet/trsolicitudot HTTP/1.1" 200 9515
186.103.159.187 - - [28/Feb/2017:16:21:35 -0300] "GET /cormun/servlet/trsolicitudot HTTP/1.1" 200 9510
200.30.209.79 - - [28/Feb/2017:16:22:14 -0300] "POST /cormun/servlet/trautorizarsolicitud?a46f88152ebee91e1704d6757e1660fe,,gx-no-cache=1488309806743 HTTP/1.1" 200 115
200.30.209.79 - - [28/Feb/2017:16:22:14 -0300] "GET /cormun/servlet/solicitudotlog?INS,2017,4870,0,REC, HTTP/1.1" 200 5738
200.30.209.79 - - [28/Feb/2017:16:22:14 -0300] "GET /cormun/static/gxcfg.js?201612218471193 HTTP/1.1" 200 953
200.30.209.79 - - [28/Feb/2017:16:22:14 -0300] "GET /cormun/static/solicitudotlog.js?20161221847122 HTTP/1.1" 200 8925
200.30.209.79 - - [28/Feb/2017:16:22:15 -0300] "GET /cormun/servlet/solicitudotlog?INS,2017,4870,0,REC, HTTP/1.1" 200 5738
200.30.209.79 - - [28/Feb/2017:16:22:15 -0300] "GET /cormun/servlet/solicitudotlog?f078797525f7178c5df1cef7d891303e94be696e33353050f01fd5cd125b8391b53d57285b20d35bf25646f07a5b217a9c08eb55722bbab121ec7d556162db5d46c23138292722c9f3ebbabf835a6c943ee5ff7a95a0a970afe4a3f93fb099b6791babbe3b9d8bba81f7c1afc195bea4a36a44e84d2cd20061b9f2d48dbf859561cd6657315fd4f952b986f63675d1da0995e84e9a284760da5d6a99f5c7eb37,gx-no-cache=1488309808023 HTTP/1.1" 200 94
200.30.209.79 - - [28/Feb/2017:16:22:50 -0300] "POST /cormun/servlet/solicitudotlog?a46f88152ebee91e1704d6757e1660fe,INS,2017,4870,0,REC,,gx-no-cache=1488309842576 HTTP/1.1" 200 93
200.30.209.79 - - [28/Feb/2017:16:22:50 -0300] "GET /cormun/servlet/hpexe_return? HTTP/1.1" 200 1027
200.30.209.79 - - [28/Feb/2017:16:22:50 -0300] "GET /cormun/servlet/trautorizarsolicitud HTTP/1.1" 200 9140
200.30.209.79 - - [28/Feb/2017:16:22:51 -0300] "GET /cormun/servlet/trautorizarsolicitud HTTP/1.1" 200 9136
200.30.209.79 - - [28/Feb/2017:16:23:32 -0300] "POST /cormun/servlet/trautorizarsolicitud?a46f88152ebee91e1704d6757e1660fe,gx-no-cache=1488309884604 HTTP/1.1" 200 115
200.30.209.79 - - [28/Feb/2017:16:23:32 -0300] "GET /cormun/servlet/solicitudotlog?INS,2017,4906,0,REC, HTTP/1.1" 200 5740
200.30.209.79 - - [28/Feb/2017:16:23:32 -0300] "GET /cormun/servlet/solicitudotlog?INS,2017,4906,0,REC, HTTP/1.1" 200 5740
200.30.209.79 - - [28/Feb/2017:16:23:33 -0300] "GET /cormun/servlet/solicitudotlog?f078797525f7178c5df1cef7d891303ee6c73653f7ac31e1260fc5ca49d6144eb53d57285b20d35bf25646f07a5b217a9c08eb55722bbab121ec7d556162db5d46c23138292722c9f3ebbabf835a6c943ee5ff7a95a0a970afe4a3f93fb099b6791babbe3b9d8bba81f7c1afc195bea4a36a44e84d2cd20061b9f2d48dbf859561cd6657315fd4f952b986f63675d1da0995e84e9a284760da5d6a99f5c7eb37,gx-no-cache=1488309885855 HTTP/1.1" 200 94
186.103.156.24 - - [28/Feb/2017:16:24:00 -0300] "GET /cormun/servlet/licenciaspermisos?INS,0,,, HTTP/1.1" 200 7319
186.103.156.24 - - [28/Feb/2017:16:24:01 -0300] "GET /cormun/static/gxcfg.js?2016122619301043 HTTP/1.1" 200 953
186.103.156.24 - - [28/Feb/2017:16:24:01 -0300] "GET /cormun/static/licenciaspermisos.js?2016122619301096 HTTP/1.1" 200 33213
186.103.156.24 - - [28/Feb/2017:16:24:01 -0300] "GET /cormun/static/Resources/prompt.gif HTTP/1.1" 200 902
186.103.156.24 - - [28/Feb/2017:16:24:01 -0300] "GET /cormun/servlet/licenciaspermisos?INS,0,,, HTTP/1.1" 200 7319
200.30.209.79 - - [28/Feb/2017:16:24:09 -0300] "POST /cormun/servlet/solicitudotlog?a46f88152ebee91e1704d6757e1660fe,INS,2017,4906,0,REC,,gx-no-cache=1488309922195 HTTP/1.1" 200 93
200.30.209.79 - - [28/Feb/2017:16:24:09 -0300] "GET /cormun/servlet/hpexe_return? HTTP/1.1" 200 1027
200.30.209.79 - - [28/Feb/2017:16:24:10 -0300] "GET /cormun/servlet/trautorizarsolicitud HTTP/1.1" 200 8827
200.30.209.79 - - [28/Feb/2017:16:24:10 -0300] "GET /cormun/servlet/trautorizarsolicitud HTTP/1.1" 200 8823
186.103.156.24 - - [28/Feb/2017:16:24:12 -0300] "GET /cormun/static/Resources/resize.gif HTTP/1.1" 200 77
186.103.156.24 - - [28/Feb/2017:16:24:19 -0300] "GET /cormun/servlet/prfichaempleado?,MD,,gxPopupLevel%3D0%3B HTTP/1.1" 200 8826
186.103.156.24 - - [28/Feb/2017:16:24:19 -0300] "GET /cormun/static/gxcfg.js?2016102420561687 HTTP/1.1" 200 953
186.103.156.24 - - [28/Feb/2017:16:24:19 -0300] "GET /cormun/static/menusearch.js?201610171694467 HTTP/1.1" 200 1424
186.103.156.24 - - [28/Feb/2017:16:24:19 -0300] "GET /cormun/static/hmpwkw011.js?201612218515582 HTTP/1.1" 200 1968
186.103.156.24 - - [28/Feb/2017:16:24:19 -0300] "GET /cormun/static/Resources/PXToolsMenuSearchCancel.png HTTP/1.1" 200 2972
186.103.156.24 - - [28/Feb/2017:16:24:19 -0300] "GET /cormun/static/Resources/PXToolsMenuSearch.png HTTP/1.1" 200 2914
186.103.156.24 - - [28/Feb/2017:16:24:19 -0300] "GET /cormun/static/prfichaempleado.js?201610242056198 HTTP/1.1" 200 16015
192.168.10.89 - - [28/Feb/2017:16:24:52 -0300] "GET /cormunbeta/servlet/hlogin HTTP/1.1" 200 1719
192.168.10.89 - - [28/Feb/2017:16:24:53 -0300] "GET /cormunbeta/servlet/hlogin HTTP/1.1" 200 1730
186.103.159.187 - - [28/Feb/2017:16:24:57 -0300] "GET /cormun/servlet/solicitudot?INS,0,0, HTTP/1.1" 200 12544
192.168.10.89 - - [28/Feb/2017:16:24:57 -0300] "GET /cormun/servlet/hlogin HTTP/1.1" 200 1718
192.168.10.89 - - [28/Feb/2017:16:24:58 -0300] "GET /cormun/servlet/hlogin HTTP/1.1" 200 1728
186.103.159.187 - - [28/Feb/2017:16:24:58 -0300] "GET /cormun/servlet/solicitudot?INS,0,0, HTTP/1.1" 200 12549
192.168.10.89 - - [28/Feb/2017:16:25:11 -0300] "POST /cormun/servlet/hlogin?c206830784a46efd426a61089e4e08d8,gx-no-cache=1488313197396 HTTP/1.1" 200 90
192.168.10.89 - - [28/Feb/2017:16:25:11 -0300] "GET /cormun/servlet/hpexe_link HTTP/1.1" 200 952
192.168.10.89 - - [28/Feb/2017:16:25:11 -0300] "GET /cormun/servlet/hhome HTTP/1.1" 200 4386
186.103.159.187 - - [28/Feb/2017:16:25:12 -0300] "POST /cormun/servlet/solicitudot?gx-no-cache=1488309983107 HTTP/1.1" 200 3177
186.103.159.187 - - [28/Feb/2017:16:25:12 -0300] "POST /cormun/servlet/solicitudot?bab811f76311ed15ebe9833d4285e297,INS,0,0,,gx-no-cache=1488309983367 HTTP/1.1" 200 9772
192.168.10.62 - - [28/Feb/2017:16:25:12 -0300] "POST /cormun/servlet/trsolicitudgral?25d980beb3ff48b2d998fd73811e905c,,gx-no-cache=1488313199206 HTTP/1.1" 200 7031
192.168.10.62 - - [28/Feb/2017:16:25:12 -0300] "GET /cormun/static/Shared/jqueryui/images/ui-bg_highlight-soft_100_c6c2c8_1x100.png HTTP/1.1" 404 1117
192.168.10.62 - - [28/Feb/2017:16:25:12 -0300] "GET /cormun/static/Shared/jqueryui/images/ui-icons_82798d_256x240.png HTTP/1.1" 404 1089
192.168.10.62 - - [28/Feb/2017:16:25:12 -0300] "GET /cormun/static/Shared/jqueryui/images/ui-bg_flat_55_fafafa_40x100.png HTTP/1.1" 404 1097
192.168.10.62 - - [28/Feb/2017:16:25:12 -0300] "GET /cormun/static/Shared/jqueryui/images/ui-icons_8d78a5_256x240.png HTTP/1.1" 404 1089
200.30.209.79 - - [28/Feb/2017:16:25:16 -0300] "GET /cormun/servlet/hlogin HTTP/1.1" 200 1740
186.103.159.187 - - [28/Feb/2017:16:25:17 -0300] "GET /cormun/servlet/solicitudot?8a5324674c6dc5e392cd8cefa4e906c16aafbf899879f13fa59051198e090708f709e9d7b766884c65605283d1dea64e,gx-no-cache=1488309988481 HTTP/1.1" 200 30
186.103.159.187 - - [28/Feb/2017:16:25:17 -0300] "POST /cormun/servlet/solicitudot?gx-no-cache=1488309988541 HTTP/1.1" 200 255
186.103.159.187 - - [28/Feb/2017:16:25:17 -0300] "GET /cormun/servlet/solicitudot?8a5324674c6dc5e392cd8cefa4e906c1a03ec7c9f8aeee175d3f2c23c56c1087a98853055961a07783de2b8f06b52b04688813cf9b61a3a621d467ab77a199d81c9a3ecda7f8a905a3d148bc87642da2e29dd2ee402383340e3a0ea74873d46f322fb0ca0ff4820dfca9803af25d610d6e7564c6901b1929c2bc6e8ed0522eb0421a1f4c1305b7e1c43b38af4fa460dbcb673070b090ed3fac8f4cd865a8accaf0b7b3edda3e85e3008c94c7103e55d8c0339d746298218c8c53e67fc6ef4149c14b568f59dfa0bf83e83e75cff635ba2caa6a7dabe8673451f79254b2bdb3fe15cbf519edaf5c6d2a36aa1b45b57849527aa7bfc638f61fd31cf1ad2984e8490bc4a7b14cffd9c16544b4ecb96c8a14e20bea00b7675fd26aef6c5f0f742749398da2fe93de93e16d842f269e68a6871f0ed165e94b6d5d5456dae44c5438641db4cddcb86638cc698e4738e1869b6a7d699a2f6e72cde3066ed5eb32de2e92998749777722330e2685b299947be60505677d74f9196caadf0b451c9ce43791,gx-no-cache=1488309988606 HTTP/1.1" 200 30
192.168.10.89 - - [28/Feb/2017:16:25:17 -0300] "GET /cormun/servlet/trsolicitudgral? HTTP/1.1" 200 24350
200.30.209.79 - - [28/Feb/2017:16:25:20 -0300] "POST /cormun/servlet/hlogin?a46f88152ebee91e1704d6757e1660fe,gx-no-cache=1488309993075 HTTP/1.1" 200 90
200.30.209.79 - - [28/Feb/2017:16:25:20 -0300] "GET /cormun/servlet/hpexe_link HTTP/1.1" 200 954
200.30.209.79 - - [28/Feb/2017:16:25:20 -0300] "GET /cormun/servlet/hhome HTTP/1.1" 200 3714
200.30.209.79 - - [28/Feb/2017:16:25:21 -0300] "GET /cormun/servlet/hhome HTTP/1.1" 200 3714
192.168.10.89 - - [28/Feb/2017:16:25:25 -0300] "GET /cormun/static/menuarrow.gif HTTP/1.1" 404 1015
186.103.159.187 - - [28/Feb/2017:16:25:25 -0300] "POST /cormun/servlet/solicitudot?gx-no-cache=1488309996710 HTTP/1.1" 200 30
186.103.156.24 - - [28/Feb/2017:16:25:25 -0300] "POST /cormun/servlet/prfichaempleado?223d3e471c3536994ba0bc455d00e168,,MD,,gxPopupLevel%3D0%3B,gx-no-cache=1488310065380 HTTP/1.1" 200 3403
200.30.209.79 - - [28/Feb/2017:16:25:26 -0300] "GET /cormun/servlet/trsolicitudot? HTTP/1.1" 200 8309
200.30.209.79 - - [28/Feb/2017:16:25:27 -0300] "GET /cormun/servlet/trsolicitudot? HTTP/1.1" 200 8305
186.103.159.187 - - [28/Feb/2017:16:25:28 -0300] "GET /cormun/servlet/prsolicitudot?8448797,,,,,MD,,gxPopupLevel%3D0%3B HTTP/1.1" 200 6590
192.168.10.62 - - [28/Feb/2017:16:25:29 -0300] "GET /cormun/servlet/hlogin HTTP/1.1" 200 1737
192.168.10.62 - - [28/Feb/2017:16:25:29 -0300] "GET /cormun/static/gxcfg.js?201612216162538 HTTP/1.1" 200 953
192.168.10.62 - - [28/Feb/2017:16:25:29 -0300] "GET /cormun/static/Resources/Spanish/PXTools.css?167811 HTTP/1.1" 200 89042
192.168.10.62 - - [28/Feb/2017:16:25:29 -0300] "GET /cormun/static/hlogin.js?201612216162555 HTTP/1.1" 200 2136
192.168.10.62 - - [28/Feb/2017:16:25:29 -0300] "GET /cormun/static/Resources/ComunLogin.png HTTP/1.1" 200 17326
192.168.10.62 - - [28/Feb/2017:16:25:29 -0300] "GET /cormun/static/Resources/PXToolsLoginTop.png HTTP/1.1" 200 1337
192.168.10.62 - - [28/Feb/2017:16:25:29 -0300] "GET /cormun/static/Resources/PXToolsLoginBackground.png HTTP/1.1" 200 1164
192.168.10.62 - - [28/Feb/2017:16:25:29 -0300] "GET /cormun/static/Resources/PXToolsLoginBottom.png HTTP/1.1" 200 1389
192.168.10.89 - - [28/Feb/2017:16:25:32 -0300] "POST /cormun/servlet/trsolicitudgral?c206830784a46efd426a61089e4e08d8,,gx-no-cache=1488313218965 HTTP/1.1" 200 8087
200.86.95.220 - - [28/Feb/2017:16:25:43 -0300] "GET /cormun/servlet/solicitudot?INS,0,0, HTTP/1.1" 200 12580
200.86.95.220 - - [28/Feb/2017:16:25:44 -0300] "GET /cormun/servlet/solicitudot?INS,0,0, HTTP/1.1" 200 12564
200.30.209.79 - - [28/Feb/2017:16:25:46 -0300] "POST /cormun/servlet/trsolicitudot?a46f88152ebee91e1704d6757e1660fe,,gx-no-cache=1488310019152 HTTP/1.1" 200 106
200.30.209.79 - - [28/Feb/2017:16:25:46 -0300] "GET /cormun/servlet/solicitudot?DLT,2017,4906, HTTP/1.1" 200 9293
200.30.209.79 - - [28/Feb/2017:16:25:47 -0300] "GET /cormun/static/Shared/jqueryui/images/ui-bg_highlight-soft_100_c6c2c8_1x100.png HTTP/1.1" 404 1117
200.30.209.79 - - [28/Feb/2017:16:25:47 -0300] "GET /cormun/static/Shared/jqueryui/images/ui-icons_82798d_256x240.png HTTP/1.1" 404 1089
200.30.209.79 - - [28/Feb/2017:16:25:47 -0300] "GET /cormun/static/Shared/jqueryui/images/ui-bg_flat_55_fafafa_40x100.png HTTP/1.1" 404 1097
200.30.209.79 - - [28/Feb/2017:16:25:47 -0300] "GET /cormun/static/Shared/jqueryui/images/ui-icons_8d78a5_256x240.png HTTP/1.1" 404 1089
200.30.209.79 - - [28/Feb/2017:16:25:47 -0300] "GET /cormun/servlet/solicitudot?DLT,2017,4906, HTTP/1.1" 200 9302
186.103.159.187 - - [28/Feb/2017:16:25:48 -0300] "POST /cormun/servlet/solicitudot?gx-no-cache=1488310018947 HTTP/1.1" 200 1372
186.103.159.187 - - [28/Feb/2017:16:25:48 -0300] "GET /cormun/static/Shared/jqueryui/images/ui-bg_highlight-soft_100_c6c2c8_1x100.png HTTP/1.1" 404 1117
186.103.159.187 - - [28/Feb/2017:16:25:48 -0300] "GET /cormun/static/Shared/jqueryui/images/ui-icons_82798d_256x240.png HTTP/1.1" 404 1089
186.103.159.187 - - [28/Feb/2017:16:25:48 -0300] "GET /cormun/static/Shared/jqueryui/images/ui-icons_ebccce_256x240.png HTTP/1.1" 404 1089
186.103.159.187 - - [28/Feb/2017:16:25:48 -0300] "GET /cormun/static/Shared/jqueryui/images/ui-bg_flat_55_994d53_40x100.png HTTP/1.1" 404 1097
186.103.159.187 - - [28/Feb/2017:16:25:48 -0300] "POST /cormun/servlet/solicitudot?gx-no-cache=1488310019039 HTTP/1.1" 200 117
186.103.159.187 - - [28/Feb/2017:16:25:48 -0300] "GET /cormun/servlet/solicitudot?8a5324674c6dc5e392cd8cefa4e906c1fa72545854b0b4d3a2eb3cb18798222cbe91583a082a2719abad162dd1cff44c0c3007eccf9b8708ac29780278e6dc62960b47733f6df0d461f20b19d05ae1bcf18f2f2b3e6d009e0fcb4bd9e348d8087cb5278db8e98fccfbeb3da7f5a71fd0478411bd4b3376de2e95c0391a06c2af42375ae5d0ba9b851d851e449e290031173bc7c6128727a14887782e76f0f717,gx-no-cache=1488310019106 HTTP/1.1" 200 29
186.103.159.187 - - [28/Feb/2017:16:25:48 -0300] "GET /cormun/servlet/solicitudot?8a5324674c6dc5e392cd8cefa4e906c1635c6e9cddb2a97037bdc6b13ddb33833616bc1d0f5dde6cdcf1ef5872dd8c7ef86ae5c5e8ed76d9d0ac4e8c4927360d0729c004356d130e26a6a8c2a7bb9f61463669e8b072637ec05c5b5eb90baa91a79e2fc8afc0aba024189b6bcd607c8ffb57d0215ee0ebe949062da9032a645c20e48ab9769670206207e376b7583eac603f81d990991da2a51ab429419e33f7,gx-no-cache=1488310019196 HTTP/1.1" 200 57
186.103.159.187 - - [28/Feb/2017:16:25:48 -0300] "GET /cormun/servlet/solicitudot?8a5324674c6dc5e392cd8cefa4e906c1dd675ebe06eeca70ac67f88b287b7b073616bc1d0f5dde6cdcf1ef5872dd8c7ef86ae5c5e8ed76d9d0ac4e8c4927360d8761cf39d59628934eb81b71d4ed8254e3a84036dc7236f5b5cc9682279b26c210068ce74d150cae9f8f4b56244b6543bdac4d674299eb4d22e7f9dd037c2ff9,gx-no-cache=1488310019263 HTTP/1.1" 200 57
200.30.209.79 - - [28/Feb/2017:16:25:56 -0300] "GET /cormun/servlet/trsolicitudot? HTTP/1.1" 200 8309
200.30.209.79 - - [28/Feb/2017:16:25:57 -0300] "GET /cormun/servlet/trsolicitudot? HTTP/1.1" 200 8305
200.30.209.79 - - [28/Feb/2017:16:26:06 -0300] "POST /cormun/servlet/trsolicitudot?a46f88152ebee91e1704d6757e1660fe,,gx-no-cache=1488310039083 HTTP/1.1" 200 106
200.30.209.79 - - [28/Feb/2017:16:26:06 -0300] "GET /cormun/servlet/solicitudot?DLT,2017,4906, HTTP/1.1" 200 9293
200.30.209.79 - - [28/Feb/2017:16:26:07 -0300] "GET /cormun/static/Shared/jqueryui/images/ui-bg_highlight-soft_100_c6c2c8_1x100.png HTTP/1.1" 404 1117
200.30.209.79 - - [28/Feb/2017:16:26:07 -0300] "GET /cormun/static/Shared/jqueryui/images/ui-icons_82798d_256x240.png HTTP/1.1" 404 1089
200.30.209.79 - - [28/Feb/2017:16:26:07 -0300] "GET /cormun/static/Shared/jqueryui/images/ui-icons_8d78a5_256x240.png HTTP/1.1" 404 1089
200.30.209.79 - - [28/Feb/2017:16:26:07 -0300] "GET /cormun/static/Shared/jqueryui/images/ui-bg_flat_55_fafafa_40x100.png HTTP/1.1" 404 1097
200.30.209.79 - - [28/Feb/2017:16:26:07 -0300] "GET /cormun/servlet/solicitudot?DLT,2017,4906, HTTP/1.1" 200 9302
186.103.159.187 - - [28/Feb/2017:16:26:09 -0300] "POST /cormun/servlet/solicitudot?gx-no-cache=1488310039754 HTTP/1.1" 200 1291
186.103.159.187 - - [28/Feb/2017:16:26:09 -0300] "GET /cormun/static/menuarrow.gif HTTP/1.1" 404 1015
200.86.95.220 - - [28/Feb/2017:16:26:12 -0300] "POST /cormun/servlet/solicitudot?gx-no-cache=1488310042951 HTTP/1.1" 200 3081
200.86.95.220 - - [28/Feb/2017:16:26:12 -0300] "POST /cormun/servlet/solicitudot?5136caf749805e11e5c743e6ce055aac,INS,0,0,,gx-no-cache=1488310043250 HTTP/1.1" 200 9700
186.103.156.24 - - [28/Feb/2017:16:26:16 -0300] "GET /cormun/servlet/licenciaspermisos?177a7cad538b247f2de3c0cf36a173eb8d73e2339463ece0dc42d6f93fa6fcc022771406741b30f6e38975e536f226c2,gx-no-cache=1488310121255 HTTP/1.1" 200 31
186.103.156.24 - - [28/Feb/2017:16:26:16 -0300] "POST /cormun/servlet/licenciaspermisos?223d3e471c3536994ba0bc455d00e168,INS,0,,,,gx-no-cache=1488310121338 HTTP/1.1" 200 4580
200.86.95.220 - - [28/Feb/2017:16:26:17 -0300] "GET /cormun/servlet/solicitudot?8a7899c17de10917c2be0623c6ee5b92df90f65050736dfda3a6f29258f94fcb98c626046a291997cf1f7f797857b5cc,gx-no-cache=1488310048118 HTTP/1.1" 200 30
186.103.159.187 - - [28/Feb/2017:16:26:19 -0300] "POST /cormun/servlet/solicitudot?gx-no-cache=1488310050161 HTTP/1.1" 200 41
186.103.159.187 - - [28/Feb/2017:16:26:28 -0300] "POST /cormun/servlet/solicitudot?gx-no-cache=1488310059337 HTTP/1.1" 200 1273
186.103.159.187 - - [28/Feb/2017:16:26:28 -0300] "POST /cormun/servlet/solicitudot?gx-no-cache=1488310059429 HTTP/1.1" 200 1157
186.103.159.187 - - [28/Feb/2017:16:26:28 -0300] "GET /cormun/servlet/solicitudot?8a5324674c6dc5e392cd8cefa4e906c123bdfc00280def04bcf52e3f891cd647a91d8d9424aa89a5e621ea24fab2fe84a1f90677ffa5bd180c84413ab0f4dd3e9655eaa08a4c27dc19c5545bdba91eef0bc4a7b14cffd9c16544b4ecb96c8a143a9827550e023c2bcc9587bbabf7fe6908494550f65571d1fa72864cd2f06453712d611de7bc32f6dbe9cbb19ae710b20e65af89aa718c4e56d248d08e55b39eee6545023ec10ba7bf22b4659e326a2e357cf412e6de65ff71bf7a746a846335,gx-no-cache=1488310059509 HTTP/1.1" 200 30
186.103.159.187 - - [28/Feb/2017:16:26:35 -0300] "POST /cormun/servlet/solicitudot?bab811f76311ed15ebe9833d4285e297,INS,0,0,,gx-no-cache=1488310066188 HTTP/1.1" 200 93
186.103.159.187 - - [28/Feb/2017:16:26:35 -0300] "GET /cormun/servlet/hpexe_return? HTTP/1.1" 200 1004
186.103.159.187 - - [28/Feb/2017:16:26:36 -0300] "GET /cormun/servlet/trsolicitudot HTTP/1.1" 200 9759
186.103.159.187 - - [28/Feb/2017:16:26:37 -0300] "GET /cormun/servlet/trsolicitudot HTTP/1.1" 200 9754
186.103.159.187 - - [28/Feb/2017:16:26:50 -0300] "GET /cormun/servlet/solicitudot?INS,0,0, HTTP/1.1" 200 12544
186.103.159.187 - - [28/Feb/2017:16:26:51 -0300] "GET /cormun/servlet/solicitudot?INS,0,0, HTTP/1.1" 200 12549
200.30.209.79 - - [28/Feb/2017:16:26:53 -0300] "GET /cormun/servlet/hlogin HTTP/1.1" 200 1717
200.30.209.79 - - [28/Feb/2017:16:26:58 -0300] "POST /cormun/servlet/hlogin?86def9d1f8906a55e0c1f0743727b65e,gx-no-cache=1488310091014 HTTP/1.1" 200 90
200.30.209.79 - - [28/Feb/2017:16:26:58 -0300] "GET /cormun/servlet/hpexe_link HTTP/1.1" 200 950
200.30.209.79 - - [28/Feb/2017:16:26:58 -0300] "GET /cormun/servlet/hhome HTTP/1.1" 200 3713
200.30.209.79 - - [28/Feb/2017:16:26:59 -0300] "GET /cormun/servlet/hhome HTTP/1.1" 200 3710
186.103.159.187 - - [28/Feb/2017:16:27:02 -0300] "POST /cormun/servlet/solicitudot?gx-no-cache=1488310093288 HTTP/1.1" 200 3162
186.103.159.187 - - [28/Feb/2017:16:27:02 -0300] "POST /cormun/servlet/solicitudot?bab811f76311ed15ebe9833d4285e297,INS,0,0,,gx-no-cache=1488310093459 HTTP/1.1" 200 9762
200.30.209.79 - - [28/Feb/2017:16:27:05 -0300] "GET /cormun/servlet/hlogin HTTP/1.1" 200 1729
186.103.159.187 - - [28/Feb/2017:16:27:07 -0300] "GET /cormun/servlet/solicitudot?8a5324674c6dc5e392cd8cefa4e906c15f3045842312f05139f52c967009e86afc453284bc48cbe2cf5dfb2d64a6d0fe,gx-no-cache=1488310098201 HTTP/1.1" 200 30
186.103.159.187 - - [28/Feb/2017:16:27:07 -0300] "POST /cormun/servlet/solicitudot?gx-no-cache=1488310098261 HTTP/1.1" 200 255
186.103.159.187 - - [28/Feb/2017:16:27:07 -0300] "GET /cormun/servlet/solicitudot?8a5324674c6dc5e392cd8cefa4e906c1a03ec7c9f8aeee175d3f2c23c56c1087a98853055961a07783de2b8f06b52b04688813cf9b61a3a621d467ab77a199d81c9a3ecda7f8a905a3d148bc87642da2e29dd2ee402383340e3a0ea74873d46f322fb0ca0ff4820dfca9803af25d610d6e7564c6901b1929c2bc6e8ed0522eb0421a1f4c1305b7e1c43b38af4fa460dbcb673070b090ed3fac8f4cd865a8accaf0b7b3edda3e85e3008c94c7103e55d8c0339d746298218c8c53e67fc6ef4149c14b568f59dfa0bf83e83e75cff635ba2caa6a7dabe8673451f79254b2bdb3fe15cbf519edaf5c6d2a36aa1b45b57849527aa7bfc638f61fd31cf1ad2984e8490bc4a7b14cffd9c16544b4ecb96c8a14e20bea00b7675fd26aef6c5f0f742749398da2fe93de93e16d842f269e68a6871f0ed165e94b6d5d5456dae44c5438641db4cddcb86638cc698e4738e1869b6a7d699a2f6e72cde3066ed5eb32de2e92998749777722330e2685b299947be60505677d74f9196caadf0b451c9ce43791,gx-no-cache=1488310098306 HTTP/1.1" 200 30
186.79.96.202 - - [28/Feb/2017:16:27:07 -0300] "POST /cormun/servlet/hlogin?47dc65a615595df6a1f198d14ed90b40,gx-no-cache=1488310098722 HTTP/1.1" 440 972
186.79.96.202 - - [28/Feb/2017:16:27:12 -0300] "GET /cormun/servlet/hlogin HTTP/1.1" 200 1725
186.79.96.202 - - [28/Feb/2017:16:27:12 -0300] "GET /favicon.ico HTTP/1.1" 200 21630
186.79.96.202 - - [28/Feb/2017:16:27:17 -0300] "POST /cormun/servlet/hlogin?463cf83e265135064efc142edf83dc2b,gx-no-cache=1488310108770 HTTP/1.1" 200 90
186.79.96.202 - - [28/Feb/2017:16:27:17 -0300] "GET /cormun/servlet/hpexe_link HTTP/1.1" 200 951
186.79.96.202 - - [28/Feb/2017:16:27:18 -0300] "GET /cormun/servlet/hhome HTTP/1.1" 200 3794
186.79.96.202 - - [28/Feb/2017:16:27:18 -0300] "GET /cormun/servlet/hhome HTTP/1.1" 200 3790
186.79.96.202 - - [28/Feb/2017:16:27:27 -0300] "GET /cormun/servlet/trsolicitudot? HTTP/1.1" 200 8812
186.79.96.202 - - [28/Feb/2017:16:27:28 -0300] "GET /cormun/servlet/trsolicitudot? HTTP/1.1" 200 8810
186.103.159.187 - - [28/Feb/2017:16:27:31 -0300] "POST /cormun/servlet/solicitudot?gx-no-cache=1488310122285 HTTP/1.1" 200 30
186.79.96.202 - - [28/Feb/2017:16:27:38 -0300] "GET /cormun/servlet/solicitudot?INS,0,0, HTTP/1.1" 200 12598
186.79.96.202 - - [28/Feb/2017:16:27:39 -0300] "GET /cormun/servlet/solicitudot?INS,0,0, HTTP/1.1" 200 12603
200.86.95.220 - - [28/Feb/2017:16:27:40 -0300] "POST /cormun/servlet/solicitudot?gx-no-cache=1488310131043 HTTP/1.1" 200 255
186.103.159.187 - - [28/Feb/2017:16:27:40 -0300] "GET /cormun/servlet/prsolicitudot?11889900,,,,,MD,,gxPopupLevel%3D0%3B HTTP/1.1" 200 6255
200.86.95.220 - - [28/Feb/2017:16:27:42 -0300] "GET /cormun/servlet/solicitudot?8a7899c17de10917c2be0623c6ee5b928f61691aae633d2a5a9eb2277de89fa0f7149b4988ccbb5fd79a53def1d44f2f7d016155f0fc095bc44a611ff85313938d107016fed5de99bf53b2e72b7bc9fa0c19e2e41fdd61eaea0717f9632d3041c4b96a47dcd9a94eef3a3ff33df6758e794957e2a5836cd475b64903fe2131a5a25561e203a95cbe41d37e746d783110e5626d86a55300ed12be92c655a1976acc346d0f5c8ead9fed996f9e93f7ac9f4be5e4d6ac9e4c117362e6c3fc8897d086fbe8f8732c5c699a1ac6ff9159380ffc282bd03f7ffcc9bad5ebffe71bc1641f3fe53f3fbdd0dadb67430789e8c7126199aafda3778d1c8458ea114d49d20ca2490d14336c1afbcd749f1dc5b09f7be05c7cc1d0d775f60a6613df6d8936c87bcdee64cac3de43adb1aa125a635b0a4217092ad08f133c1f290f11d45758ebe41ee9eb2c361db5f5a17f97f72d0414dadbbb15c3faeb551ea197044ca4d9c8c7cb654c75ed97dc246da582fc71a5123fe34191bd620a7c29233fcd5bbe8932,gx-no-cache=1488310133461 HTTP/1.1" 200 30
186.103.159.187 - - [28/Feb/2017:16:27:45 -0300] "POST /cormun/servlet/solicitudot?gx-no-cache=1488310136185 HTTP/1.1" 200 1372
186.103.159.187 - - [28/Feb/2017:16:27:45 -0300] "GET /cormun/static/Shared/jqueryui/images/ui-bg_highlight-soft_100_c6c2c8_1x100.png HTTP/1.1" 404 1117
186.103.159.187 - - [28/Feb/2017:16:27:45 -0300] "GET /cormun/static/Shared/jqueryui/images/ui-icons_82798d_256x240.png HTTP/1.1" 404 1089
186.103.159.187 - - [28/Feb/2017:16:27:45 -0300] "GET /cormun/static/Shared/jqueryui/images/ui-bg_flat_55_994d53_40x100.png HTTP/1.1" 404 1097
186.103.159.187 - - [28/Feb/2017:16:27:45 -0300] "GET /cormun/static/Shared/jqueryui/images/ui-icons_ebccce_256x240.png HTTP/1.1" 404 1089
186.103.159.187 - - [28/Feb/2017:16:27:45 -0300] "POST /cormun/servlet/solicitudot?gx-no-cache=1488310136283 HTTP/1.1" 200 117
186.103.159.187 - - [28/Feb/2017:16:27:45 -0300] "GET /cormun/servlet/solicitudot?8a5324674c6dc5e392cd8cefa4e906c1fa72545854b0b4d3a2eb3cb18798222cbe91583a082a2719abad162dd1cff44c0c3007eccf9b8708ac29780278e6dc62960b47733f6df0d461f20b19d05ae1bcf18f2f2b3e6d009e0fcb4bd9e348d8087cb5278db8e98fccfbeb3da7f5a71fd0478411bd4b3376de2e95c0391a06c2af42375ae5d0ba9b851d851e449e290031173bc7c6128727a14887782e76f0f717,gx-no-cache=1488310136334 HTTP/1.1" 200 29
