190.101.9.138 - - [28/Feb/2017:13:18:26 -0300] "GET /cormun/servlet/trsolicitudadjuntos?2017,4885, HTTP/1.1" 200 5874
190.101.9.138 - - [28/Feb/2017:13:18:33 -0300] "GET /cormun/servlet/solicitudotadjuntos?INS,2017,4885,,2, HTTP/1.1" 200 5802
190.101.9.138 - - [28/Feb/2017:13:18:33 -0300] "GET /cormun/static/gxcfg.js?201612218465951 HTTP/1.1" 200 953
190.101.9.138 - - [28/Feb/2017:13:18:33 -0300] "GET /cormun/static/about:blank HTTP/1.1" 404 1011
190.101.9.138 - - [28/Feb/2017:13:18:33 -0300] "GET /cormun/static/solicitudotadjuntos.js?201612218465969 HTTP/1.1" 200 11762
190.101.9.138 - - [28/Feb/2017:13:18:33 -0300] "GET /cormun/servlet/solicitudotadjuntos?INS,2017,4885,,2, HTTP/1.1" 200 5796
190.101.9.138 - - [28/Feb/2017:13:18:34 -0300] "GET /cormun/servlet/solicitudotadjuntos?0399a493fe9eb260a98d91119792945908c44f94de64e0cbbee2e9c0f3a8a18850038b76dfbeffcbb7dfcfa5ef31ca20,gx-no-cache=1488298784509 HTTP/1.1" 200 30
190.101.9.138 - - [28/Feb/2017:13:18:34 -0300] "POST /cormun/servlet/solicitudotadjuntos?6cbdd13c04d7e1bee53a30d761352c72,INS,2017,4885,,2,,gx-no-cache=1488298784571 HTTP/1.1" 200 3815
190.101.9.138 - - [28/Feb/2017:13:18:38 -0300] "POST /cormun/servlet/solicitudotadjuntos?gx-no-cache=1488298788627 HTTP/1.1" 200 26
186.67.172.234 - - [28/Feb/2017:13:18:42 -0300] "POST /cormun/servlet/prfichaempleado?92d4474dabcce8800f59b327cb8c9d96,,MD,,gxPopupLevel%3D0%3B,gx-no-cache=1488298783316 HTTP/1.1" 200 5983
186.67.172.234 - - [28/Feb/2017:13:18:42 -0300] "GET /cormun/static/Resources/PXToolsGridNext.gif HTTP/1.1" 200 369
186.67.172.234 - - [28/Feb/2017:13:18:42 -0300] "GET /cormun/static/Resources/PXToolsGridLast.gif HTTP/1.1" 200 370
186.103.157.42 - - [28/Feb/2017:13:18:44 -0300] "GET /cormun/servlet/solicitudot?INS,0,0, HTTP/1.1" 200 11903
186.103.157.42 - - [28/Feb/2017:13:18:45 -0300] "GET /cormun/servlet/hlogin HTTP/1.1" 200 1748
186.103.157.42 - - [28/Feb/2017:13:18:45 -0300] "GET /cormun/servlet/solicitudot?INS,0,0, HTTP/1.1" 200 11921
186.103.157.42 - - [28/Feb/2017:13:18:47 -0300] "POST /cormun/servlet/hlogin?ab16e17c9c9527c212d8ba75897520d1,gx-no-cache=1488298665923 HTTP/1.1" 200 90
186.103.157.42 - - [28/Feb/2017:13:18:47 -0300] "GET /cormun/servlet/hpexe_link HTTP/1.1" 200 971
186.103.157.42 - - [28/Feb/2017:13:18:47 -0300] "GET /cormun/servlet/solicitudot?INS,0,0, HTTP/1.1" 200 12683
186.103.157.42 - - [28/Feb/2017:13:18:47 -0300] "GET /cormun/servlet/solicitudot?INS,0,0, HTTP/1.1" 200 12689
186.103.157.42 - - [28/Feb/2017:13:18:52 -0300] "GET /cormun/servlet/trsolicitudot? HTTP/1.1" 200 7020
186.103.157.42 - - [28/Feb/2017:13:18:53 -0300] "GET /cormun/servlet/trsolicitudot? HTTP/1.1" 200 7019
186.67.172.234 - - [28/Feb/2017:13:18:56 -0300] "POST /cormun/servlet/prfichaempleado?92d4474dabcce8800f59b327cb8c9d96,,MD,,gxPopupLevel%3D0%3B,gx-no-cache=1488298797000 HTTP/1.1" 200 6033
186.67.172.234 - - [28/Feb/2017:13:18:56 -0300] "GET /cormun/static/Resources/PXToolsGridFirst.gif HTTP/1.1" 200 379
186.67.172.234 - - [28/Feb/2017:13:18:56 -0300] "GET /cormun/static/Resources/PXToolsGridPrevious.gif HTTP/1.1" 200 369
186.103.159.188 - - [28/Feb/2017:13:19:01 -0300] "GET /cormun/servlet/solicitudotadjuntos?0399a493fe9eb260a98d91119792945995edc37f1084649c0848e428b4c35228,gx-no-cache=1488298811622 HTTP/1.1" 200 30
186.103.159.188 - - [28/Feb/2017:13:19:01 -0300] "GET /cormun/servlet/solicitudotadjuntos?0399a493fe9eb260a98d91119792945995edc37f1084649c0848e428b4c35228,gx-no-cache=1488298811668 HTTP/1.1" 200 30
186.67.172.234 - - [28/Feb/2017:13:19:07 -0300] "POST /cormun/servlet/prfichaempleado?92d4474dabcce8800f59b327cb8c9d96,,MD,,gxPopupLevel%3D0%3B,gx-no-cache=1488298807831 HTTP/1.1" 200 6009
186.103.159.188 - - [28/Feb/2017:13:19:09 -0300] "POST /cormun/servlet/solicitudotadjuntos?6cbdd13c04d7e1bee53a30d761352c72,INS,2017,4885,,2, HTTP/1.1" 200 116
186.103.159.188 - - [28/Feb/2017:13:19:09 -0300] "GET /cormun/servlet/hpexe_return? HTTP/1.1" 200 1023
186.103.159.188 - - [28/Feb/2017:13:19:09 -0300] "GET /cormun/servlet/trsolicitudadjuntos?2017,4885, HTTP/1.1" 200 7924
186.103.159.188 - - [28/Feb/2017:13:19:10 -0300] "GET /cormun/servlet/trsolicitudadjuntos?2017,4885, HTTP/1.1" 200 7921
186.103.159.188 - - [28/Feb/2017:13:19:13 -0300] "GET /cormun/servlet/solicitudotadjuntos?INS,2017,4885,,2, HTTP/1.1" 200 5802
186.103.159.188 - - [28/Feb/2017:13:19:13 -0300] "GET /cormun/static/about:blank HTTP/1.1" 404 1011
186.103.159.188 - - [28/Feb/2017:13:19:14 -0300] "GET /cormun/servlet/solicitudotadjuntos?INS,2017,4885,,2, HTTP/1.1" 200 5796
186.103.159.188 - - [28/Feb/2017:13:19:14 -0300] "GET /cormun/servlet/solicitudotadjuntos?0399a493fe9eb260a98d91119792945908c44f94de64e0cbbee2e9c0f3a8a18850038b76dfbeffcbb7dfcfa5ef31ca20,gx-no-cache=1488298824975 HTTP/1.1" 200 30
186.103.159.188 - - [28/Feb/2017:13:19:14 -0300] "POST /cormun/servlet/solicitudotadjuntos?6cbdd13c04d7e1bee53a30d761352c72,INS,2017,4885,,2,,gx-no-cache=1488298825022 HTTP/1.1" 200 3815
186.103.157.42 - - [28/Feb/2017:13:19:17 -0300] "GET /cormun/static/menuarrow.gif HTTP/1.1" 404 1015
186.103.159.188 - - [28/Feb/2017:13:19:26 -0300] "POST /cormun/servlet/solicitudotadjuntos?6cbdd13c04d7e1bee53a30d761352c72,INS,2017,4885,,2,,gx-no-cache=1488298837279 HTTP/1.1" 200 93
186.103.159.188 - - [28/Feb/2017:13:19:26 -0300] "GET /cormun/servlet/hpexe_return? HTTP/1.1" 200 1023
186.103.159.188 - - [28/Feb/2017:13:19:27 -0300] "GET /cormun/servlet/trsolicitudadjuntos?2017,4885, HTTP/1.1" 200 7924
186.103.159.188 - - [28/Feb/2017:13:19:27 -0300] "GET /cormun/servlet/trsolicitudadjuntos?2017,4885, HTTP/1.1" 200 7921
186.103.159.188 - - [28/Feb/2017:13:19:30 -0300] "GET /cormun/servlet/solicitudotadjuntos?INS,2017,4885,,2, HTTP/1.1" 200 5802
186.103.159.188 - - [28/Feb/2017:13:19:30 -0300] "GET /cormun/static/about:blank HTTP/1.1" 404 1011
186.103.159.188 - - [28/Feb/2017:13:19:31 -0300] "GET /cormun/servlet/solicitudotadjuntos?INS,2017,4885,,2, HTTP/1.1" 200 5796
186.103.159.188 - - [28/Feb/2017:13:19:31 -0300] "GET /cormun/servlet/solicitudotadjuntos?0399a493fe9eb260a98d91119792945908c44f94de64e0cbbee2e9c0f3a8a18850038b76dfbeffcbb7dfcfa5ef31ca20,gx-no-cache=1488298841928 HTTP/1.1" 200 30
186.103.159.188 - - [28/Feb/2017:13:19:31 -0300] "POST /cormun/servlet/solicitudotadjuntos?6cbdd13c04d7e1bee53a30d761352c72,INS,2017,4885,,2,,gx-no-cache=1488298842006 HTTP/1.1" 200 3815
186.103.159.188 - - [28/Feb/2017:13:19:33 -0300] "POST /cormun/servlet/solicitudotadjuntos?6cbdd13c04d7e1bee53a30d761352c72,INS,2017,4885,,2,,gx-no-cache=1488298843816 HTTP/1.1" 200 93
186.103.159.188 - - [28/Feb/2017:13:19:33 -0300] "GET /cormun/servlet/hpexe_return? HTTP/1.1" 200 1023
186.103.159.188 - - [28/Feb/2017:13:19:34 -0300] "GET /cormun/servlet/trsolicitudadjuntos?2017,4885, HTTP/1.1" 200 7925
186.103.159.188 - - [28/Feb/2017:13:19:34 -0300] "GET /cormun/servlet/trsolicitudadjuntos?2017,4885, HTTP/1.1" 200 7921
186.103.159.187 - - [28/Feb/2017:13:19:35 -0300] "POST /cormun/servlet/trsolicitudot?c575aa06e1640d9d17ae82eb70e325ef,,gx-no-cache=1488298845630 HTTP/1.1" 200 106
186.103.159.187 - - [28/Feb/2017:13:19:35 -0300] "GET /cormun/servlet/solicitudot?UPD,2017,4886, HTTP/1.1" 200 13557
186.103.159.188 - - [28/Feb/2017:13:19:36 -0300] "GET /cormun/servlet/solicitudotadjuntos?INS,2017,4885,,1, HTTP/1.1" 200 5804
186.103.159.187 - - [28/Feb/2017:13:19:36 -0300] "GET /cormun/servlet/solicitudot?UPD,2017,4886, HTTP/1.1" 200 13566
186.103.159.188 - - [28/Feb/2017:13:19:36 -0300] "GET /cormun/static/about:blank HTTP/1.1" 404 1011
186.103.159.188 - - [28/Feb/2017:13:19:36 -0300] "GET /cormun/servlet/solicitudotadjuntos?INS,2017,4885,,1, HTTP/1.1" 200 5798
186.103.159.187 - - [28/Feb/2017:13:19:36 -0300] "POST /cormun/servlet/solicitudot?gx-no-cache=1488298847532 HTTP/1.1" 200 3182
186.103.159.187 - - [28/Feb/2017:13:19:37 -0300] "POST /cormun/servlet/solicitudot?c575aa06e1640d9d17ae82eb70e325ef,UPD,2017,4886,,gx-no-cache=1488298847694 HTTP/1.1" 200 10317
186.103.159.188 - - [28/Feb/2017:13:19:37 -0300] "GET /cormun/servlet/solicitudotadjuntos?0399a493fe9eb260a98d91119792945908c44f94de64e0cbbee2e9c0f3a8a18850038b76dfbeffcbb7dfcfa5ef31ca20,gx-no-cache=1488298847575 HTTP/1.1" 200 30
186.103.159.188 - - [28/Feb/2017:13:19:37 -0300] "POST /cormun/servlet/solicitudotadjuntos?6cbdd13c04d7e1bee53a30d761352c72,INS,2017,4885,,1,,gx-no-cache=1488298847638 HTTP/1.1" 200 3674
186.103.159.187 - - [28/Feb/2017:13:19:37 -0300] "GET /cormun/servlet/solicitudot?90ac01ed678769b4afa83bfc2b68d0334ad3737473d6eb2980bf8cb57f35254b07bf6c55cb7fa64084f09ba8c9d9c7c7,gx-no-cache=1488298847951 HTTP/1.1" 200 30
186.103.159.187 - - [28/Feb/2017:13:19:37 -0300] "POST /cormun/servlet/solicitudot?gx-no-cache=1488298848003 HTTP/1.1" 200 254
186.103.159.187 - - [28/Feb/2017:13:19:37 -0300] "GET /cormun/servlet/solicitudot?90ac01ed678769b4afa83bfc2b68d033ecb97bd4920f7e617038fe6906a2be83980e58cab3f13bd8944f7158b04109c74eb4af3869582b56c461185efc61e582c04c7e635799d320dc84f16d197259aa5930d4ea61b85cdc6f0beea7dac29b62aa7a6ae9968feadc49262b6da6164f375d71bb2e1b6c42588bbc2b0bb16bd0224b5628c8442306ff48ba7c3cb3c7395596da94953194bdf8530bb50c5e3182b5f748f0474eb862fcb2f92156fe1972443907f70889bd440e5cc343cd528d464811f21253985b31fce467898a83b587f7d9370ed9180e83b90793875bf1d1cfc0f22fc632ad017369fe371d147eb73d6d6eaabc667117c0306537f966ac681e04a09e9518ae1bbaa6479f56dfb70d935886961ed8d8ce93a9c25687d55780b0bed6fa49127b198163570003be881f104722f02aa7b6b1d4eb87281582ff1576e8902bbf3611116fcd4cec7d41b1211497230613dd557f329044060bc6d8c929dbea7c29bf4e1a625a0de6b2d49dca660e411a3a47f6796ffcdc89e5ef7b835366,gx-no-cache=1488298848048 HTTP/1.1" 200 30
186.103.159.187 - - [28/Feb/2017:13:19:37 -0300] "POST /cormun/servlet/solicitudot?gx-no-cache=1488298848095 HTTP/1.1" 200 30
186.103.159.187 - - [28/Feb/2017:13:19:37 -0300] "POST /cormun/servlet/solicitudot?gx-no-cache=1488298848148 HTTP/1.1" 200 656
186.103.159.187 - - [28/Feb/2017:13:19:37 -0300] "POST /cormun/servlet/solicitudot?gx-no-cache=1488298848226 HTTP/1.1" 200 41
186.103.159.188 - - [28/Feb/2017:13:19:40 -0300] "POST /cormun/servlet/solicitudotadjuntos?gx-no-cache=1488298850508 HTTP/1.1" 200 26
186.67.172.234 - - [28/Feb/2017:13:19:42 -0300] "POST /cormun/servlet/prfichaempleado?92d4474dabcce8800f59b327cb8c9d96,,MD,,gxPopupLevel%3D0%3B,gx-no-cache=1488298829863 HTTP/1.1" 500 10
186.103.159.188 - - [28/Feb/2017:13:19:44 -0300] "GET /cormun/servlet/solicitudotadjuntos?0399a493fe9eb260a98d91119792945995edc37f1084649c0848e428b4c35228,gx-no-cache=1488298854954 HTTP/1.1" 200 30
186.103.159.188 - - [28/Feb/2017:13:19:44 -0300] "GET /cormun/servlet/solicitudotadjuntos?0399a493fe9eb260a98d91119792945995edc37f1084649c0848e428b4c35228,gx-no-cache=1488298854970 HTTP/1.1" 200 30
186.103.157.42 - - [28/Feb/2017:13:19:46 -0300] "POST /cormun/servlet/trsolicitudot?ab16e17c9c9527c212d8ba75897520d1,,gx-no-cache=1488298724886 HTTP/1.1" 200 10713
186.103.159.188 - - [28/Feb/2017:13:19:49 -0300] "POST /cormun/servlet/solicitudotadjuntos?6cbdd13c04d7e1bee53a30d761352c72,INS,2017,4885,,1, HTTP/1.1" 200 116
186.103.159.188 - - [28/Feb/2017:13:19:49 -0300] "GET /cormun/servlet/hpexe_return? HTTP/1.1" 200 1023
186.103.159.188 - - [28/Feb/2017:13:19:49 -0300] "GET /cormun/servlet/trsolicitudadjuntos?2017,4885, HTTP/1.1" 200 8147
186.103.159.188 - - [28/Feb/2017:13:19:50 -0300] "GET /cormun/servlet/trsolicitudadjuntos?2017,4885, HTTP/1.1" 200 8139
186.103.159.188 - - [28/Feb/2017:13:19:53 -0300] "GET /cormun/servlet/solicitudotadjuntos?INS,2017,4885,,1, HTTP/1.1" 200 5804
186.103.159.188 - - [28/Feb/2017:13:19:53 -0300] "GET /cormun/static/about:blank HTTP/1.1" 404 1011
186.103.159.188 - - [28/Feb/2017:13:19:53 -0300] "GET /cormun/servlet/solicitudotadjuntos?INS,2017,4885,,1, HTTP/1.1" 200 5798
186.103.159.188 - - [28/Feb/2017:13:19:54 -0300] "GET /cormun/servlet/solicitudotadjuntos?0399a493fe9eb260a98d91119792945908c44f94de64e0cbbee2e9c0f3a8a18850038b76dfbeffcbb7dfcfa5ef31ca20,gx-no-cache=1488298864626 HTTP/1.1" 200 30
186.103.159.188 - - [28/Feb/2017:13:19:54 -0300] "POST /cormun/servlet/solicitudotadjuntos?6cbdd13c04d7e1bee53a30d761352c72,INS,2017,4885,,1,,gx-no-cache=1488298864673 HTTP/1.1" 200 3674
186.103.159.188 - - [28/Feb/2017:13:19:58 -0300] "POST /cormun/servlet/solicitudotadjuntos?gx-no-cache=1488298868526 HTTP/1.1" 200 26
186.103.159.188 - - [28/Feb/2017:13:20:11 -0300] "GET /cormun/servlet/solicitudotadjuntos?0399a493fe9eb260a98d91119792945995edc37f1084649c0848e428b4c35228,gx-no-cache=1488298881412 HTTP/1.1" 200 30
186.103.159.188 - - [28/Feb/2017:13:20:11 -0300] "GET /cormun/servlet/solicitudotadjuntos?0399a493fe9eb260a98d91119792945995edc37f1084649c0848e428b4c35228,gx-no-cache=1488298881427 HTTP/1.1" 200 30
186.103.159.188 - - [28/Feb/2017:13:20:16 -0300] "POST /cormun/servlet/solicitudotadjuntos?6cbdd13c04d7e1bee53a30d761352c72,INS,2017,4885,,1, HTTP/1.1" 200 116
186.103.159.188 - - [28/Feb/2017:13:20:16 -0300] "GET /cormun/servlet/hpexe_return? HTTP/1.1" 200 1023
186.103.159.188 - - [28/Feb/2017:13:20:16 -0300] "GET /cormun/servlet/trsolicitudadjuntos?2017,4885, HTTP/1.1" 200 8303
186.103.159.188 - - [28/Feb/2017:13:20:17 -0300] "GET /cormun/servlet/trsolicitudadjuntos?2017,4885, HTTP/1.1" 200 8304
186.103.159.188 - - [28/Feb/2017:13:20:22 -0300] "GET /cormun/servlet/solicitudotadjuntos?INS,2017,4885,,1, HTTP/1.1" 200 5803
186.103.159.188 - - [28/Feb/2017:13:20:22 -0300] "GET /cormun/static/about:blank HTTP/1.1" 404 1011
186.103.159.188 - - [28/Feb/2017:13:20:22 -0300] "GET /cormun/servlet/solicitudotadjuntos?INS,2017,4885,,1, HTTP/1.1" 200 5797
186.103.159.188 - - [28/Feb/2017:13:20:23 -0300] "GET /cormun/servlet/solicitudotadjuntos?0399a493fe9eb260a98d91119792945908c44f94de64e0cbbee2e9c0f3a8a18850038b76dfbeffcbb7dfcfa5ef31ca20,gx-no-cache=1488298893705 HTTP/1.1" 200 30
186.103.159.188 - - [28/Feb/2017:13:20:23 -0300] "POST /cormun/servlet/solicitudotadjuntos?6cbdd13c04d7e1bee53a30d761352c72,INS,2017,4885,,1,,gx-no-cache=1488298893767 HTTP/1.1" 200 3672
186.79.89.184 - - [28/Feb/2017:13:20:31 -0300] "POST /cormun/servlet/trpermisosgoce?0b0f2b899bb97db0ab3e85b30467462a,gx-no-cache=1488298769476 HTTP/1.1" 200 3871
186.103.159.188 - - [28/Feb/2017:13:20:33 -0300] "POST /cormun/servlet/solicitudotadjuntos?gx-no-cache=1488298904355 HTTP/1.1" 200 26
186.103.159.187 - - [28/Feb/2017:13:20:38 -0300] "GET /cormun/servlet/solicitudot?90ac01ed678769b4afa83bfc2b68d0334d82fac7098d89e3be11bcf3d9dc44a4e45dda9b74c1fda2b6f4fc6163e0fd0edac5ba7d102751b22a6d9f5b4881444b48b29e59f93d75d7645cce84df527e16d5c63c857bc05a94b0ba8971b19997c0e8e54a07f86e99c0cf061cd2654bd44251bd0be060a975766abe6169ecd4ca06a947309216f463d081f0cfd1a77e8d0aa48b141ea2e9e3351b24541c60a14160,gx-no-cache=1488298908712 HTTP/1.1" 200 29
186.103.159.187 - - [28/Feb/2017:13:20:38 -0300] "POST /cormun/servlet/solicitudot?gx-no-cache=1488298908783 HTTP/1.1" 200 643
186.103.159.187 - - [28/Feb/2017:13:20:38 -0300] "POST /cormun/servlet/solicitudot?gx-no-cache=1488298908822 HTTP/1.1" 200 518
186.103.159.187 - - [28/Feb/2017:13:20:38 -0300] "GET /cormun/servlet/solicitudot?90ac01ed678769b4afa83bfc2b68d03373e264af75b190abfda241d52d7532c3143b1fca5e1ffd6ad0a00f24b33fbe24929fd8ca9121f29b3944013bbe2ac1a29ae9d0992402d4497425f4334cb52a15693b8c64df86ae877b461d4f5df11616a13b89e231231078991aad426fbf339137f109e9653fc5dee158e5c38324412b213f2be042196c147ec74171ede6957e3f376522e5895a8d778bbb9979b40f2f7a2b33759a4d0a9e6363c151c693d079,gx-no-cache=1488298908873 HTTP/1.1" 200 30
186.103.159.187 - - [28/Feb/2017:13:20:38 -0300] "POST /cormun/servlet/solicitudot?c575aa06e1640d9d17ae82eb70e325ef,UPD,2017,4886,,gx-no-cache=1488298908914 HTTP/1.1" 200 93
186.103.159.187 - - [28/Feb/2017:13:20:38 -0300] "GET /cormun/servlet/hpexe_return? HTTP/1.1" 200 1014
186.103.159.187 - - [28/Feb/2017:13:20:38 -0300] "GET /cormun/servlet/trsolicitudot HTTP/1.1" 200 8355
186.103.159.187 - - [28/Feb/2017:13:20:39 -0300] "GET /cormun/servlet/trsolicitudot HTTP/1.1" 200 8351
186.103.159.188 - - [28/Feb/2017:13:20:42 -0300] "GET /cormun/servlet/solicitudotadjuntos?0399a493fe9eb260a98d91119792945995edc37f1084649c0848e428b4c35228,gx-no-cache=1488298913060 HTTP/1.1" 200 30
186.103.159.188 - - [28/Feb/2017:13:20:42 -0300] "GET /cormun/servlet/solicitudotadjuntos?0399a493fe9eb260a98d91119792945995edc37f1084649c0848e428b4c35228,gx-no-cache=1488298913076 HTTP/1.1" 200 30
186.103.159.188 - - [28/Feb/2017:13:20:47 -0300] "POST /cormun/servlet/solicitudotadjuntos?6cbdd13c04d7e1bee53a30d761352c72,INS,2017,4885,,1, HTTP/1.1" 200 116
186.103.159.188 - - [28/Feb/2017:13:20:47 -0300] "GET /cormun/servlet/hpexe_return? HTTP/1.1" 200 1023
186.103.159.188 - - [28/Feb/2017:13:20:48 -0300] "GET /cormun/servlet/trsolicitudadjuntos?2017,4885, HTTP/1.1" 200 8449
186.103.159.188 - - [28/Feb/2017:13:20:49 -0300] "GET /cormun/servlet/trsolicitudadjuntos?2017,4885, HTTP/1.1" 200 8446
186.103.159.188 - - [28/Feb/2017:13:20:53 -0300] "GET /cormun/servlet/solicitudotadjuntos?INS,2017,4885,,1, HTTP/1.1" 200 5803
186.103.159.188 - - [28/Feb/2017:13:20:54 -0300] "GET /cormun/static/about:blank HTTP/1.1" 404 1011
186.103.159.188 - - [28/Feb/2017:13:20:54 -0300] "GET /cormun/servlet/solicitudotadjuntos?INS,2017,4885,,1, HTTP/1.1" 200 5797
186.103.159.188 - - [28/Feb/2017:13:20:54 -0300] "GET /cormun/servlet/solicitudotadjuntos?0399a493fe9eb260a98d91119792945908c44f94de64e0cbbee2e9c0f3a8a18850038b76dfbeffcbb7dfcfa5ef31ca20,gx-no-cache=1488298925072 HTTP/1.1" 200 30
186.103.159.188 - - [28/Feb/2017:13:20:54 -0300] "POST /cormun/servlet/solicitudotadjuntos?6cbdd13c04d7e1bee53a30d761352c72,INS,2017,4885,,1,,gx-no-cache=1488298925119 HTTP/1.1" 200 3672
186.103.159.188 - - [28/Feb/2017:13:20:59 -0300] "POST /cormun/servlet/solicitudotadjuntos?gx-no-cache=1488298929409 HTTP/1.1" 200 26
186.103.159.187 - - [28/Feb/2017:13:21:06 -0300] "POST /cormun/servlet/trsolicitudot?c575aa06e1640d9d17ae82eb70e325ef,gx-no-cache=1488298937180 HTTP/1.1" 200 5295
186.103.159.187 - - [28/Feb/2017:13:21:06 -0300] "GET /cormun/static/Shared/jqueryui/images/ui-bg_highlight-soft_100_c6c2c8_1x100.png HTTP/1.1" 404 1117
186.103.159.187 - - [28/Feb/2017:13:21:06 -0300] "GET /cormun/static/Shared/jqueryui/images/ui-icons_82798d_256x240.png HTTP/1.1" 404 1089
186.103.159.187 - - [28/Feb/2017:13:21:06 -0300] "GET /cormun/static/Shared/jqueryui/images/ui-bg_flat_55_fafafa_40x100.png HTTP/1.1" 404 1097
186.103.159.187 - - [28/Feb/2017:13:21:06 -0300] "GET /cormun/static/Shared/jqueryui/images/ui-icons_8d78a5_256x240.png HTTP/1.1" 404 1089
186.103.159.187 - - [28/Feb/2017:13:21:06 -0300] "POST /cormun/servlet/trsolicitudot?c575aa06e1640d9d17ae82eb70e325ef,gx-no-cache=1488298937549 HTTP/1.1" 200 5238
186.103.159.187 - - [28/Feb/2017:13:21:08 -0300] "POST /cormun/servlet/trsolicitudot?c575aa06e1640d9d17ae82eb70e325ef,gx-no-cache=1488298938733 HTTP/1.1" 200 4173
186.103.159.187 - - [28/Feb/2017:13:21:08 -0300] "POST /cormun/servlet/trsolicitudot?c575aa06e1640d9d17ae82eb70e325ef,gx-no-cache=1488298938981 HTTP/1.1" 200 3961
186.103.159.188 - - [28/Feb/2017:13:21:09 -0300] "GET /cormun/servlet/solicitudotadjuntos?0399a493fe9eb260a98d91119792945995edc37f1084649c0848e428b4c35228,gx-no-cache=1488298939659 HTTP/1.1" 200 30
186.103.159.188 - - [28/Feb/2017:13:21:09 -0300] "GET /cormun/servlet/solicitudotadjuntos?0399a493fe9eb260a98d91119792945995edc37f1084649c0848e428b4c35228,gx-no-cache=1488298939674 HTTP/1.1" 200 30
186.103.159.188 - - [28/Feb/2017:13:21:12 -0300] "POST /cormun/servlet/solicitudotadjuntos?6cbdd13c04d7e1bee53a30d761352c72,INS,2017,4885,,1, HTTP/1.1" 200 116
186.103.159.188 - - [28/Feb/2017:13:21:12 -0300] "GET /cormun/servlet/hpexe_return? HTTP/1.1" 200 1023
186.103.159.188 - - [28/Feb/2017:13:21:13 -0300] "GET /cormun/servlet/trsolicitudadjuntos?2017,4885, HTTP/1.1" 200 8590
186.103.159.188 - - [28/Feb/2017:13:21:14 -0300] "GET /cormun/servlet/trsolicitudadjuntos?2017,4885, HTTP/1.1" 200 8589
186.103.159.187 - - [28/Feb/2017:13:21:18 -0300] "GET /cormun/servlet/solicitudot?INS,0,0, HTTP/1.1" 200 12547
186.103.159.187 - - [28/Feb/2017:13:21:19 -0300] "GET /cormun/servlet/solicitudot?INS,0,0, HTTP/1.1" 200 12552
186.79.89.184 - - [28/Feb/2017:13:21:20 -0300] "POST /cormun/servlet/trpermisosgoce?0b0f2b899bb97db0ab3e85b30467462a,gx-no-cache=1488298818813 HTTP/1.1" 200 3870
186.79.89.184 - - [28/Feb/2017:13:21:25 -0300] "POST /cormun/servlet/trpermisosgoce?0b0f2b899bb97db0ab3e85b30467462a,gx-no-cache=1488298824010 HTTP/1.1" 200 4950
186.67.172.234 - - [28/Feb/2017:13:21:30 -0300] "GET /cormun/servlet/hlogin HTTP/1.1" 200 1743
186.103.159.188 - - [28/Feb/2017:13:21:30 -0300] "GET /cormun/servlet/solicitudotadjuntos?INS,2017,4885,,1, HTTP/1.1" 200 5804
186.103.159.188 - - [28/Feb/2017:13:21:30 -0300] "GET /cormun/static/about:blank HTTP/1.1" 404 1011
186.103.159.188 - - [28/Feb/2017:13:21:30 -0300] "GET /cormun/servlet/solicitudotadjuntos?INS,2017,4885,,1, HTTP/1.1" 200 5798
186.103.159.188 - - [28/Feb/2017:13:21:31 -0300] "GET /cormun/servlet/solicitudotadjuntos?0399a493fe9eb260a98d91119792945908c44f94de64e0cbbee2e9c0f3a8a18850038b76dfbeffcbb7dfcfa5ef31ca20,gx-no-cache=1488298961545 HTTP/1.1" 200 30
186.103.159.188 - - [28/Feb/2017:13:21:31 -0300] "POST /cormun/servlet/solicitudotadjuntos?6cbdd13c04d7e1bee53a30d761352c72,INS,2017,4885,,1,,gx-no-cache=1488298961592 HTTP/1.1" 200 3674
186.103.159.187 - - [28/Feb/2017:13:21:35 -0300] "POST /cormun/servlet/solicitudot?gx-no-cache=1488298965820 HTTP/1.1" 200 3182
186.103.159.187 - - [28/Feb/2017:13:21:35 -0300] "POST /cormun/servlet/solicitudot?c575aa06e1640d9d17ae82eb70e325ef,INS,0,0,,gx-no-cache=1488298966022 HTTP/1.1" 200 9776
186.67.172.234 - - [28/Feb/2017:13:21:36 -0300] "POST /cormun/servlet/hlogin?92d4474dabcce8800f59b327cb8c9d96,gx-no-cache=1488298964311 HTTP/1.1" 200 90
186.67.172.234 - - [28/Feb/2017:13:21:36 -0300] "GET /cormun/servlet/hpexe_link HTTP/1.1" 200 964
186.103.159.188 - - [28/Feb/2017:13:21:37 -0300] "POST /cormun/servlet/solicitudotadjuntos?gx-no-cache=1488298967892 HTTP/1.1" 200 26
186.103.159.187 - - [28/Feb/2017:13:21:38 -0300] "GET /cormun/servlet/solicitudot?90ac01ed678769b4afa83bfc2b68d0334ad3737473d6eb2980bf8cb57f35254b9eb7dc4af19a4529f656be50648198ba,gx-no-cache=1488298968868 HTTP/1.1" 200 30
186.103.159.187 - - [28/Feb/2017:13:21:38 -0300] "POST /cormun/servlet/solicitudot?gx-no-cache=1488298968925 HTTP/1.1" 200 255
186.103.159.187 - - [28/Feb/2017:13:21:38 -0300] "GET /cormun/servlet/solicitudot?90ac01ed678769b4afa83bfc2b68d033ecb97bd4920f7e617038fe6906a2be83980e58cab3f13bd8944f7158b04109c74eb4af3869582b56c461185efc61e582c04c7e635799d320dc84f16d197259aa5930d4ea61b85cdc6f0beea7dac29b62aa7a6ae9968feadc49262b6da6164f375d71bb2e1b6c42588bbc2b0bb16bd0224b5628c8442306ff48ba7c3cb3c7395596da94953194bdf8530bb50c5e3182b5f748f0474eb862fcb2f92156fe1972443907f70889bd440e5cc343cd528d464811f21253985b31fce467898a83b587f7d9370ed9180e83b90793875bf1d1cfc0f22fc632ad017369fe371d147eb73d6d6eaabc667117c0306537f966ac681e04a09e9518ae1bbaa6479f56dfb70d935886961ed8d8ce93a9c25687d55780b0bed6fa49127b198163570003be881f104722f02aa7b6b1d4eb87281582ff1576e8902bbf3611116fcd4cec7d41b1211497230613dd557f329044060bc6d8c929dbea7c29bf4e1a625a0de6b2d49dca660e121fc0c50176c14e100ce46dc4423f1f,gx-no-cache=1488298968968 HTTP/1.1" 200 30
186.67.172.234 - - [28/Feb/2017:13:21:44 -0300] "GET /cormun/servlet/prfichaempleado?,MD, HTTP/1.1" 200 8766
186.103.159.187 - - [28/Feb/2017:13:21:47 -0300] "POST /cormun/servlet/solicitudot?gx-no-cache=1488298978177 HTTP/1.1" 200 30
186.67.172.234 - - [28/Feb/2017:13:21:57 -0300] "GET /cormun/servlet/hlogin HTTP/1.1" 200 1743
186.103.159.188 - - [28/Feb/2017:13:22:05 -0300] "POST /cormun/servlet/solicitudotadjuntos?6cbdd13c04d7e1bee53a30d761352c72,INS,2017,4885,,1,,gx-no-cache=1488298995597 HTTP/1.1" 200 93
186.103.159.188 - - [28/Feb/2017:13:22:05 -0300] "GET /cormun/servlet/hpexe_return? HTTP/1.1" 200 1023
186.103.159.188 - - [28/Feb/2017:13:22:06 -0300] "GET /cormun/servlet/trsolicitudadjuntos?2017,4885, HTTP/1.1" 200 8590
186.103.159.188 - - [28/Feb/2017:13:22:07 -0300] "GET /cormun/servlet/trsolicitudadjuntos?2017,4885, HTTP/1.1" 200 8589
186.103.159.188 - - [28/Feb/2017:13:22:13 -0300] "GET /cormun/servlet/solicitudotadjuntos?INS,2017,4885,,1, HTTP/1.1" 200 5803
186.103.159.188 - - [28/Feb/2017:13:22:13 -0300] "GET /cormun/static/about:blank HTTP/1.1" 404 1011
186.103.159.188 - - [28/Feb/2017:13:22:13 -0300] "GET /cormun/servlet/solicitudotadjuntos?INS,2017,4885,,1, HTTP/1.1" 200 5797
186.103.159.188 - - [28/Feb/2017:13:22:14 -0300] "GET /cormun/servlet/solicitudotadjuntos?0399a493fe9eb260a98d91119792945908c44f94de64e0cbbee2e9c0f3a8a18850038b76dfbeffcbb7dfcfa5ef31ca20,gx-no-cache=1488299004583 HTTP/1.1" 200 30
186.103.159.188 - - [28/Feb/2017:13:22:14 -0300] "POST /cormun/servlet/solicitudotadjuntos?6cbdd13c04d7e1bee53a30d761352c72,INS,2017,4885,,1,,gx-no-cache=1488299004630 HTTP/1.1" 200 3672
186.103.159.188 - - [28/Feb/2017:13:22:16 -0300] "POST /cormun/servlet/solicitudotadjuntos?gx-no-cache=1488299007344 HTTP/1.1" 200 26
186.67.172.234 - - [28/Feb/2017:13:22:21 -0300] "POST /cormun/servlet/hlogin?92d4474dabcce8800f59b327cb8c9d96,gx-no-cache=1488299009327 HTTP/1.1" 200 90
186.67.172.234 - - [28/Feb/2017:13:22:21 -0300] "GET /cormun/servlet/hpexe_link HTTP/1.1" 200 964
186.103.159.187 - - [28/Feb/2017:13:22:23 -0300] "GET /cormun/static/Resources/resize.gif HTTP/1.1" 200 77
186.103.159.187 - - [28/Feb/2017:13:22:23 -0300] "GET /cormun/servlet/prcontratosol?16884972,,,,,MD,,gxPopupLevel%3D0%3B HTTP/1.1" 200 5562
186.103.159.187 - - [28/Feb/2017:13:22:23 -0300] "GET /cormun/static/gxcfg.js?2016102711553248 HTTP/1.1" 200 953
186.103.159.187 - - [28/Feb/2017:13:22:23 -0300] "GET /cormun/static/menusearch.js?201610171694467 HTTP/1.1" 200 1424
186.103.159.187 - - [28/Feb/2017:13:22:23 -0300] "GET /cormun/static/hmpwkw011.js?201612218515582 HTTP/1.1" 200 1968
186.103.159.187 - - [28/Feb/2017:13:22:23 -0300] "GET /cormun/static/Resources/PXToolsMenuSearch.png HTTP/1.1" 200 2914
186.103.159.187 - - [28/Feb/2017:13:22:23 -0300] "GET /cormun/static/prcontratosol.js?2016102711553411 HTTP/1.1" 200 14084
186.103.159.187 - - [28/Feb/2017:13:22:23 -0300] "GET /cormun/static/Resources/PXToolsMenuSearchCancel.png HTTP/1.1" 200 2972
186.103.159.187 - - [28/Feb/2017:13:22:23 -0300] "GET /cormun/static/Resources/PXToolsGridFirst.gif HTTP/1.1" 200 379
186.103.159.187 - - [28/Feb/2017:13:22:23 -0300] "GET /cormun/static/Resources/PXToolsGridPrevious.gif HTTP/1.1" 200 369
186.103.159.187 - - [28/Feb/2017:13:22:23 -0300] "GET /cormun/static/Resources/PXToolsGridNext.gif HTTP/1.1" 200 369
186.103.159.187 - - [28/Feb/2017:13:22:23 -0300] "GET /cormun/static/Resources/PXToolsGridLast.gif HTTP/1.1" 200 370
186.103.159.188 - - [28/Feb/2017:13:22:25 -0300] "GET /cormun/servlet/solicitudotadjuntos?0399a493fe9eb260a98d91119792945995edc37f1084649c0848e428b4c35228,gx-no-cache=1488299016080 HTTP/1.1" 200 30
186.103.159.188 - - [28/Feb/2017:13:22:25 -0300] "GET /cormun/servlet/solicitudotadjuntos?0399a493fe9eb260a98d91119792945995edc37f1084649c0848e428b4c35228,gx-no-cache=1488299016096 HTTP/1.1" 200 30
186.67.172.234 - - [28/Feb/2017:13:22:30 -0300] "GET /cormun/servlet/prfichaempleado?,MD, HTTP/1.1" 200 8766
186.103.159.188 - - [28/Feb/2017:13:22:31 -0300] "POST /cormun/servlet/solicitudotadjuntos?6cbdd13c04d7e1bee53a30d761352c72,INS,2017,4885,,1, HTTP/1.1" 200 116
186.103.159.188 - - [28/Feb/2017:13:22:31 -0300] "GET /cormun/servlet/hpexe_return? HTTP/1.1" 200 1023
186.103.159.188 - - [28/Feb/2017:13:22:32 -0300] "GET /cormun/servlet/trsolicitudadjuntos?2017,4885, HTTP/1.1" 200 8817
186.103.159.188 - - [28/Feb/2017:13:22:34 -0300] "GET /cormun/servlet/trsolicitudadjuntos?2017,4885, HTTP/1.1" 200 8819
186.103.159.188 - - [28/Feb/2017:13:22:41 -0300] "GET /cormun/servlet/trsolicitudot? HTTP/1.1" 200 8704
186.103.159.188 - - [28/Feb/2017:13:22:41 -0300] "GET /cormun/servlet/trsolicitudot? HTTP/1.1" 200 8699
186.103.159.188 - - [28/Feb/2017:13:22:55 -0300] "GET /cormun/servlet/treventos?2017,4885, HTTP/1.1" 200 5835
186.103.159.188 - - [28/Feb/2017:13:22:55 -0300] "GET /cormun/static/gxcfg.js?2016101716195975 HTTP/1.1" 200 953
186.103.159.188 - - [28/Feb/2017:13:22:55 -0300] "GET /cormun/static/treventos.js?201610171620222 HTTP/1.1" 200 16055
186.103.159.188 - - [28/Feb/2017:13:22:55 -0300] "GET /cormun/servlet/treventos?2017,4885, HTTP/1.1" 200 5835
186.103.159.188 - - [28/Feb/2017:13:23:02 -0300] "GET /cormun/servlet/trsolicitudot? HTTP/1.1" 200 8698
186.103.159.188 - - [28/Feb/2017:13:23:02 -0300] "GET /cormun/servlet/trsolicitudot? HTTP/1.1" 200 8699
186.103.159.188 - - [28/Feb/2017:13:23:12 -0300] "POST /cormun/servlet/trsolicitudot?6cbdd13c04d7e1bee53a30d761352c72,,gx-no-cache=1488299062745 HTTP/1.1" 200 5639
186.103.159.188 - - [28/Feb/2017:13:23:12 -0300] "GET /cormun/static/Shared/jqueryui/images/ui-bg_highlight-soft_100_c6c2c8_1x100.png HTTP/1.1" 404 1117
186.103.159.188 - - [28/Feb/2017:13:23:12 -0300] "GET /cormun/static/Shared/jqueryui/images/ui-icons_82798d_256x240.png HTTP/1.1" 404 1089
186.103.159.188 - - [28/Feb/2017:13:23:12 -0300] "GET /cormun/static/Shared/jqueryui/images/ui-bg_flat_55_fafafa_40x100.png HTTP/1.1" 404 1097
186.103.159.188 - - [28/Feb/2017:13:23:12 -0300] "GET /cormun/static/Shared/jqueryui/images/ui-icons_8d78a5_256x240.png HTTP/1.1" 404 1089
186.103.159.188 - - [28/Feb/2017:13:23:12 -0300] "POST /cormun/servlet/trsolicitudot?6cbdd13c04d7e1bee53a30d761352c72,,gx-no-cache=1488299063026 HTTP/1.1" 200 5581
186.103.159.187 - - [28/Feb/2017:13:23:22 -0300] "POST /cormun/servlet/solicitudot?gx-no-cache=1488299072632 HTTP/1.1" 200 296
186.103.159.187 - - [28/Feb/2017:13:23:22 -0300] "GET /cormun/static/Shared/jqueryui/images/ui-bg_highlight-soft_100_c6c2c8_1x100.png HTTP/1.1" 404 1117
186.103.159.187 - - [28/Feb/2017:13:23:22 -0300] "GET /cormun/static/Shared/jqueryui/images/ui-icons_82798d_256x240.png HTTP/1.1" 404 1089
186.103.159.187 - - [28/Feb/2017:13:23:22 -0300] "GET /cormun/static/Shared/jqueryui/images/ui-icons_ebccce_256x240.png HTTP/1.1" 404 1089
186.103.159.187 - - [28/Feb/2017:13:23:22 -0300] "GET /cormun/static/Shared/jqueryui/images/ui-bg_flat_55_994d53_40x100.png HTTP/1.1" 404 1097
186.103.159.187 - - [28/Feb/2017:13:23:22 -0300] "POST /cormun/servlet/solicitudot?gx-no-cache=1488299072744 HTTP/1.1" 200 117
186.103.159.187 - - [28/Feb/2017:13:23:22 -0300] "GET /cormun/servlet/solicitudot?90ac01ed678769b4afa83bfc2b68d0338c81f6d464924838ee0dad99ef2317bc91b596ade08e0382165006d33bcc2b85c4a7fd50a9ed53618162da4a9a6a447f3ea16f2ef1a004f497ba9e5d75663f0728d0b13966f755e806a1fe61eee883d14de0cb73fe53eca96ca04926401952d70121516409305f2c6d9fd13840ec7a1ab45ef4d23e4b5ddd0c5be1c0cf611d19ee97c50badb1e14c85b80dc47f4195f0,gx-no-cache=1488299072792 HTTP/1.1" 200 29
186.103.159.187 - - [28/Feb/2017:13:23:22 -0300] "GET /cormun/servlet/solicitudot?90ac01ed678769b4afa83bfc2b68d033e13e653e523874188805fc0253f1b0278600da712b3912a3547f28c9040f9f671d03d048bc36e37920c8865e1184318790dc69d945171514d729ca9d16b875ce132fde8b68569441c1402c0d3a5ecb1a5fd15f2ed2213b5be99a1b6501c04f65e98aa9fa0ecb7e3b3c0dd11c3c3f7202de887f5e31165bef51dafc5c756e77d46438fd6df97d3941be996c765eaa0ca8,gx-no-cache=1488299072825 HTTP/1.1" 200 57
186.103.159.187 - - [28/Feb/2017:13:23:22 -0300] "GET /cormun/servlet/solicitudot?90ac01ed678769b4afa83bfc2b68d0338bd536e7b847bde1eefb7a57d885c5598600da712b3912a3547f28c9040f9f671d03d048bc36e37920c8865e11843187a0fe86ed6b48e0ec6cdd6e5cc8ac6712d60f7f9219c7c7e7a654d4df06ebf07666c09499fdda81a7eb07ef2d5eba8ca96675356e0001e6628c9208e8a4e378c9,gx-no-cache=1488299072861 HTTP/1.1" 200 57
186.103.159.188 - - [28/Feb/2017:13:23:22 -0300] "POST /cormun/servlet/trsolicitudot?6cbdd13c04d7e1bee53a30d761352c72,,gx-no-cache=1488299073057 HTTP/1.1" 200 5284
186.103.159.188 - - [28/Feb/2017:13:23:22 -0300] "POST /cormun/servlet/trsolicitudot?6cbdd13c04d7e1bee53a30d761352c72,,gx-no-cache=1488299073244 HTTP/1.1" 200 5225
186.103.159.188 - - [28/Feb/2017:13:23:28 -0300] "POST /cormun/servlet/trsolicitudot?6cbdd13c04d7e1bee53a30d761352c72,,gx-no-cache=1488299078345 HTTP/1.1" 200 4170
186.103.159.188 - - [28/Feb/2017:13:23:28 -0300] "POST /cormun/servlet/trsolicitudot?6cbdd13c04d7e1bee53a30d761352c72,,gx-no-cache=1488299078548 HTTP/1.1" 200 3943
186.103.159.187 - - [28/Feb/2017:13:23:46 -0300] "GET /cormun/servlet/prcontratosol?16884972,,,,,MD,,gxPopupLevel%3D0%3B HTTP/1.1" 200 5562
186.103.159.187 - - [28/Feb/2017:13:24:33 -0300] "POST /cormun/servlet/solicitudot?c575aa06e1640d9d17ae82eb70e325ef,INS,0,0,,gx-no-cache=1488299144265 HTTP/1.1" 200 93
186.103.159.187 - - [28/Feb/2017:13:24:33 -0300] "GET /cormun/servlet/hpexe_return? HTTP/1.1" 200 1027
186.103.159.187 - - [28/Feb/2017:13:24:34 -0300] "GET /cormun/servlet/trsolicitudot?gx-no-cache=1488298938981 HTTP/1.1" 200 6714
186.103.159.187 - - [28/Feb/2017:13:24:35 -0300] "GET /cormun/servlet/trsolicitudot?gx-no-cache=1488298938981 HTTP/1.1" 200 6734
186.103.159.187 - - [28/Feb/2017:13:25:21 -0300] "GET /cormun/servlet/hlogin HTTP/1.1" 200 1726
186.103.159.187 - - [28/Feb/2017:13:25:35 -0300] "POST /cormun/servlet/hlogin?c575aa06e1640d9d17ae82eb70e325ef,gx-no-cache=1488299206386 HTTP/1.1" 200 90
186.103.159.187 - - [28/Feb/2017:13:25:35 -0300] "GET /cormun/servlet/hpexe_link HTTP/1.1" 200 954
186.103.159.187 - - [28/Feb/2017:13:25:36 -0300] "GET /cormun/servlet/hhome HTTP/1.1" 200 3904
186.103.159.187 - - [28/Feb/2017:13:25:37 -0300] "GET /cormun/servlet/hhome HTTP/1.1" 200 3901
186.103.159.187 - - [28/Feb/2017:13:25:37 -0300] "GET /cormun/static/SmoothNavMenu/resources/images/right.gif HTTP/1.1" 200 860
186.103.159.187 - - [28/Feb/2017:13:25:42 -0300] "GET /cormun/servlet/trautorizarsolicitud? HTTP/1.1" 200 8430
186.103.159.187 - - [28/Feb/2017:13:25:42 -0300] "GET /cormun/static/gxcfg.js?2017259112829 HTTP/1.1" 200 953
186.103.159.187 - - [28/Feb/2017:13:25:42 -0300] "GET /cormun/static/trautorizarsolicitud.js?2017259113483 HTTP/1.1" 200 53096
186.103.159.187 - - [28/Feb/2017:13:25:43 -0300] "GET /cormun/servlet/trautorizarsolicitud? HTTP/1.1" 200 8426
186.103.159.187 - - [28/Feb/2017:13:25:53 -0300] "POST /cormun/servlet/trautorizarsolicitud?c575aa06e1640d9d17ae82eb70e325ef,,gx-no-cache=1488299224066 HTTP/1.1" 200 5432
186.103.159.187 - - [28/Feb/2017:13:25:53 -0300] "GET /cormun/static/Shared/jqueryui/images/ui-icons_82798d_256x240.png HTTP/1.1" 404 1089
186.103.159.187 - - [28/Feb/2017:13:25:53 -0300] "GET /cormun/static/Shared/jqueryui/images/ui-bg_highlight-soft_100_c6c2c8_1x100.png HTTP/1.1" 404 1117
186.103.159.187 - - [28/Feb/2017:13:25:53 -0300] "GET /cormun/static/Shared/jqueryui/images/ui-icons_8d78a5_256x240.png HTTP/1.1" 404 1089
186.103.159.187 - - [28/Feb/2017:13:25:53 -0300] "GET /cormun/static/Shared/jqueryui/images/ui-bg_flat_55_fafafa_40x100.png HTTP/1.1" 404 1097
186.103.159.187 - - [28/Feb/2017:13:25:53 -0300] "POST /cormun/servlet/trautorizarsolicitud?c575aa06e1640d9d17ae82eb70e325ef,,gx-no-cache=1488299224428 HTTP/1.1" 200 5376
186.103.159.187 - - [28/Feb/2017:13:25:55 -0300] "POST /cormun/servlet/trautorizarsolicitud?c575aa06e1640d9d17ae82eb70e325ef,,gx-no-cache=1488299225605 HTTP/1.1" 200 4315
186.103.159.187 - - [28/Feb/2017:13:25:55 -0300] "POST /cormun/servlet/trautorizarsolicitud?c575aa06e1640d9d17ae82eb70e325ef,,gx-no-cache=1488299225808 HTTP/1.1" 200 4092
186.67.172.234 - - [28/Feb/2017:13:26:02 -0300] "GET /cormun/servlet/hlogin HTTP/1.1" 200 1716
186.103.157.42 - - [28/Feb/2017:13:26:26 -0300] "POST /cormun/servlet/trsolicitudot?ab16e17c9c9527c212d8ba75897520d1,,gx-no-cache=1488299125347 HTTP/1.1" 200 5753
186.67.172.234 - - [28/Feb/2017:13:26:39 -0300] "POST /cormun/servlet/hlogin?92d4474dabcce8800f59b327cb8c9d96,gx-no-cache=1488299267567 HTTP/1.1" 200 90
186.67.172.234 - - [28/Feb/2017:13:26:39 -0300] "GET /cormun/servlet/hpexe_link HTTP/1.1" 200 964
186.67.172.234 - - [28/Feb/2017:13:26:47 -0300] "GET /cormun/servlet/prfichaempleado?,MD, HTTP/1.1" 200 8766
186.103.159.187 - - [28/Feb/2017:13:26:54 -0300] "GET /cormun/servlet/hlogin HTTP/1.1" 200 1726
186.67.172.234 - - [28/Feb/2017:13:26:59 -0300] "POST /cormun/servlet/acontrolpreferencessavestate?None,BSILVA,true HTTP/1.1" 200 35
186.103.159.187 - - [28/Feb/2017:13:27:04 -0300] "POST /cormun/servlet/hlogin?c575aa06e1640d9d17ae82eb70e325ef,gx-no-cache=1488299295064 HTTP/1.1" 200 90
186.103.159.187 - - [28/Feb/2017:13:27:04 -0300] "GET /cormun/servlet/hpexe_link HTTP/1.1" 200 967
186.103.159.187 - - [28/Feb/2017:13:27:04 -0300] "GET /cormun/servlet/trautorizarsolicitud? HTTP/1.1" 200 6812
186.103.159.187 - - [28/Feb/2017:13:27:06 -0300] "GET /cormun/servlet/trautorizarsolicitud? HTTP/1.1" 200 6811
186.103.159.187 - - [28/Feb/2017:13:27:14 -0300] "GET /cormun/servlet/trcontratosolicitud? HTTP/1.1" 200 12538
186.103.159.187 - - [28/Feb/2017:13:27:14 -0300] "GET /cormun/static/gxcfg.js?20171317451682 HTTP/1.1" 200 953
186.103.159.187 - - [28/Feb/2017:13:27:14 -0300] "GET /cormun/static/trcontratosolicitud.js?20171317452124 HTTP/1.1" 200 28173
186.103.159.187 - - [28/Feb/2017:13:27:15 -0300] "GET /cormun//static/Resources/PXToolsActionDisabled.gif HTTP/1.1" 200 53
186.103.159.187 - - [28/Feb/2017:13:27:15 -0300] "GET /cormun//static/Resources/PXToolsGridNew.png HTTP/1.1" 200 2949
186.103.159.187 - - [28/Feb/2017:13:27:15 -0300] "GET /cormun/servlet/trcontratosolicitud? HTTP/1.1" 200 12536
186.67.172.234 - - [28/Feb/2017:13:27:20 -0300] "GET /cormun/servlet HTTP/1.1" 404 989
186.67.172.234 - - [28/Feb/2017:13:27:29 -0300] "GET /cormun/servlet/hlogin HTTP/1.1" 200 1716
186.67.172.234 - - [28/Feb/2017:13:27:33 -0300] "GET /cormun/servlet/prfichaempleado?,MD, HTTP/1.1" 200 8766
186.67.172.234 - - [28/Feb/2017:13:27:42 -0300] "POST /cormun/servlet/hlogin?92d4474dabcce8800f59b327cb8c9d96,gx-no-cache=1488299330638 HTTP/1.1" 200 90
186.67.172.234 - - [28/Feb/2017:13:27:43 -0300] "GET /cormun/servlet/hpexe_link HTTP/1.1" 200 964
186.103.159.187 - - [28/Feb/2017:13:27:49 -0300] "GET /cormun/servlet/trcontratounov2? HTTP/1.1" 200 16272
186.103.159.187 - - [28/Feb/2017:13:27:49 -0300] "GET /cormun/static/gxcfg.js?201612281114880 HTTP/1.1" 200 953
186.103.159.187 - - [28/Feb/2017:13:27:49 -0300] "GET /cormun/static/Resources/PXToolsAddSelectedAction.png HTTP/1.1" 200 3660
186.103.159.187 - - [28/Feb/2017:13:27:49 -0300] "GET /cormun/static/trcontratounov2.js?2016122811141421 HTTP/1.1" 200 38423
186.67.172.234 - - [28/Feb/2017:13:27:50 -0300] "GET /cormun/servlet/prfichaempleado?,MD, HTTP/1.1" 200 8766
186.103.159.187 - - [28/Feb/2017:13:27:50 -0300] "GET /cormun/servlet/trcontratounov2? HTTP/1.1" 200 16318
186.103.159.187 - - [28/Feb/2017:13:27:52 -0300] "POST /cormun/servlet/acontrolpreferencessavestate?None,MCERDA,true HTTP/1.1" 200 35
186.103.157.42 - - [28/Feb/2017:13:27:56 -0300] "POST /cormun/servlet/trsolicitudot?ab16e17c9c9527c212d8ba75897520d1,,gx-no-cache=1488299214564 HTTP/1.1" 200 10713
186.67.172.234 - - [28/Feb/2017:13:28:15 -0300] "POST /cormun/servlet/prfichaempleado?92d4474dabcce8800f59b327cb8c9d96,,MD,,gx-no-cache=1488299362807 HTTP/1.1" 200 3392
186.67.172.234 - - [28/Feb/2017:13:28:21 -0300] "POST /cormun/servlet/prfichaempleado?92d4474dabcce8800f59b327cb8c9d96,,MD,,gx-no-cache=1488299369269 HTTP/1.1" 200 3392
186.67.172.234 - - [28/Feb/2017:13:28:27 -0300] "GET /cormun/servlet/hlogin HTTP/1.1" 200 1740
186.103.159.187 - - [28/Feb/2017:13:29:01 -0300] "GET /cormun/servlet/trcontratoobservaciondir? HTTP/1.1" 200 6092
186.103.159.187 - - [28/Feb/2017:13:29:01 -0300] "GET /cormun/static/gxcfg.js?201612218551235 HTTP/1.1" 200 953
186.103.159.187 - - [28/Feb/2017:13:29:01 -0300] "GET /cormun/static/trcontratoobservaciondir.js?201612218551533 HTTP/1.1" 200 27122
186.103.159.187 - - [28/Feb/2017:13:29:02 -0300] "GET /cormun/servlet/trcontratoobservaciondir? HTTP/1.1" 200 6091
186.79.96.202 - - [28/Feb/2017:13:29:08 -0300] "GET /cormun/servlet/hlogin HTTP/1.1" 200 1719
186.79.96.202 - - [28/Feb/2017:13:29:10 -0300] "POST /cormun/servlet/hlogin?40565dc8761409135157ce69696dac80,gx-no-cache=1488299422560 HTTP/1.1" 200 90
186.79.96.202 - - [28/Feb/2017:13:29:10 -0300] "GET /cormun/servlet/hpexe_link HTTP/1.1" 200 954
186.79.96.202 - - [28/Feb/2017:13:29:11 -0300] "GET /cormun/servlet/hhome HTTP/1.1" 200 3972
186.79.96.202 - - [28/Feb/2017:13:29:11 -0300] "GET /cormun/servlet/hhome HTTP/1.1" 200 3968
186.79.96.202 - - [28/Feb/2017:13:29:14 -0300] "GET /cormun/servlet/trlicencias? HTTP/1.1" 200 6834
186.79.96.202 - - [28/Feb/2017:13:29:14 -0300] "GET /cormun/static/gxcfg.js?2016122619301429 HTTP/1.1" 200 953
186.79.96.202 - - [28/Feb/2017:13:29:14 -0300] "GET /cormun/static/trlicencias.js?2016122619301919 HTTP/1.1" 200 37916
186.79.96.202 - - [28/Feb/2017:13:29:14 -0300] "GET /cormun/servlet/trlicencias? HTTP/1.1" 200 6833
186.103.159.187 - - [28/Feb/2017:13:29:15 -0300] "POST /cormun/servlet/trcontratoobservaciondir?c575aa06e1640d9d17ae82eb70e325ef,,gx-no-cache=1488299426190 HTTP/1.1" 200 3812
186.103.159.187 - - [28/Feb/2017:13:29:20 -0300] "POST /cormun/servlet/trcontratoobservaciondir?c575aa06e1640d9d17ae82eb70e325ef,,gx-no-cache=1488299430876 HTTP/1.1" 200 3811
186.79.96.202 - - [28/Feb/2017:13:29:22 -0300] "GET /cormun/servlet/trautorizarsolicitud? HTTP/1.1" 200 6883
186.79.96.202 - - [28/Feb/2017:13:29:23 -0300] "GET /cormun/servlet/trautorizarsolicitud? HTTP/1.1" 200 6883
186.79.96.202 - - [28/Feb/2017:13:29:35 -0300] "GET /cormun/servlet/trlicencias? HTTP/1.1" 200 6834
186.79.96.202 - - [28/Feb/2017:13:29:36 -0300] "GET /cormun/servlet/trlicencias? HTTP/1.1" 200 6833
186.79.96.202 - - [28/Feb/2017:13:29:39 -0300] "GET /cormun/static/menuarrow.gif HTTP/1.1" 404 1015
186.103.159.187 - - [28/Feb/2017:13:29:40 -0300] "GET /cormun/servlet/trsolicitudot? HTTP/1.1" 200 6912
186.103.159.187 - - [28/Feb/2017:13:29:41 -0300] "GET /cormun/servlet/trsolicitudot? HTTP/1.1" 200 6911
186.79.96.202 - - [28/Feb/2017:13:29:42 -0300] "POST /cormun/servlet/trlicencias?40565dc8761409135157ce69696dac80,,gx-no-cache=1488299454255 HTTP/1.1" 200 4119
186.79.96.202 - - [28/Feb/2017:13:29:56 -0300] "GET /cormun/servlet/trautorizarsolicitud? HTTP/1.1" 200 6883
186.79.96.202 - - [28/Feb/2017:13:29:56 -0300] "GET /cormun/servlet/trautorizarsolicitud? HTTP/1.1" 200 6883
186.79.96.202 - - [28/Feb/2017:13:30:06 -0300] "POST /cormun/servlet/trautorizarsolicitud?40565dc8761409135157ce69696dac80,,gx-no-cache=1488299477919 HTTP/1.1" 200 4131
186.79.96.202 - - [28/Feb/2017:13:30:13 -0300] "GET /cormun/servlet/trlicencias? HTTP/1.1" 200 6834
186.79.96.202 - - [28/Feb/2017:13:30:14 -0300] "GET /cormun/servlet/trlicencias? HTTP/1.1" 200 6833
186.79.96.202 - - [28/Feb/2017:13:30:37 -0300] "GET /cormun/servlet/trautorizarsolicitud? HTTP/1.1" 200 6883
186.79.96.202 - - [28/Feb/2017:13:30:38 -0300] "GET /cormun/servlet/trautorizarsolicitud? HTTP/1.1" 200 6883
186.79.96.202 - - [28/Feb/2017:13:30:51 -0300] "POST /cormun/servlet/trautorizarsolicitud?40565dc8761409135157ce69696dac80,,gx-no-cache=1488299523016 HTTP/1.1" 200 90
186.79.96.202 - - [28/Feb/2017:13:30:51 -0300] "GET /cormun/servlet/hpexe_link HTTP/1.1" 200 968
186.79.96.202 - - [28/Feb/2017:13:30:51 -0300] "GET /cormun/servlet/trlicencias HTTP/1.1" 200 6835
186.79.96.202 - - [28/Feb/2017:13:30:52 -0300] "GET /cormun/servlet/trlicencias HTTP/1.1" 200 6833
186.79.96.202 - - [28/Feb/2017:13:30:58 -0300] "GET /cormun/servlet/trautorizarsolicitud? HTTP/1.1" 200 6883
186.79.96.202 - - [28/Feb/2017:13:30:58 -0300] "GET /cormun/servlet/trautorizarsolicitud? HTTP/1.1" 200 6883
186.79.96.202 - - [28/Feb/2017:13:31:09 -0300] "POST /cormun/servlet/trautorizarsolicitud?40565dc8761409135157ce69696dac80,,gx-no-cache=1488299541166 HTTP/1.1" 200 4132
186.79.96.202 - - [28/Feb/2017:13:31:13 -0300] "POST /cormun/servlet/trautorizarsolicitud?40565dc8761409135157ce69696dac80,,gx-no-cache=1488299544741 HTTP/1.1" 200 4131
186.103.159.187 - - [28/Feb/2017:13:37:37 -0300] "GET /cormun/servlet/hlogin HTTP/1.1" 200 1722
186.103.159.187 - - [28/Feb/2017:13:37:47 -0300] "POST /cormun/servlet/hlogin?ea30f91f5b2f4af43eb1838f6626ee05,gx-no-cache=1488299937841 HTTP/1.1" 200 429
186.103.159.187 - - [28/Feb/2017:13:37:55 -0300] "POST /cormun/servlet/hlogin?ea30f91f5b2f4af43eb1838f6626ee05,gx-no-cache=1488299946457 HTTP/1.1" 200 90
186.103.159.187 - - [28/Feb/2017:13:37:55 -0300] "GET /cormun/servlet/hpexe_link HTTP/1.1" 200 952
186.103.159.187 - - [28/Feb/2017:13:37:56 -0300] "GET /cormun/servlet/hhome HTTP/1.1" 200 3734
186.103.159.187 - - [28/Feb/2017:13:37:57 -0300] "GET /cormun/servlet/hhome HTTP/1.1" 200 3731
186.103.159.187 - - [28/Feb/2017:13:38:22 -0300] "GET /cormun/servlet/trsolicitudot? HTTP/1.1" 200 6670
201.246.237.154 - - [28/Feb/2017:13:38:23 -0300] "GET /cormun/servlet/hlogin HTTP/1.1" 200 1723
186.103.159.187 - - [28/Feb/2017:13:38:23 -0300] "GET /cormun/servlet/trsolicitudot? HTTP/1.1" 200 6670
201.246.237.154 - - [28/Feb/2017:13:38:23 -0300] "GET /cormun/static/gxtimezone.js?85251 HTTP/1.1" 200 5781
201.246.237.154 - - [28/Feb/2017:13:38:23 -0300] "GET /cormun/static/gxcfg.js?201612216162538 HTTP/1.1" 200 953
201.246.237.154 - - [28/Feb/2017:13:38:24 -0300] "GET /cormun/static/Resources/Spanish/PXTools.css?167811 HTTP/1.1" 200 89042
201.246.237.154 - - [28/Feb/2017:13:38:24 -0300] "GET /cormun/static/messages.spa.js?85251 HTTP/1.1" 200 30736
201.246.237.154 - - [28/Feb/2017:13:38:24 -0300] "GET /cormun/static/hlogin.js?201612216162555 HTTP/1.1" 200 2136
201.246.237.154 - - [28/Feb/2017:13:38:24 -0300] "GET /cormun/static/Resources/ComunLogin.png HTTP/1.1" 200 17326
201.246.237.154 - - [28/Feb/2017:13:38:25 -0300] "GET /cormun/static/gxgral.js?85251 HTTP/1.1" 200 384558
201.246.237.154 - - [28/Feb/2017:13:38:25 -0300] "GET /cormun/static/Resources/PXToolsLoginTop.png HTTP/1.1" 200 1337
201.246.237.154 - - [28/Feb/2017:13:38:25 -0300] "GET /cormun/static/Resources/PXToolsLoginBackground.png HTTP/1.1" 200 1164
201.246.237.154 - - [28/Feb/2017:13:38:25 -0300] "GET /cormun/static/Resources/PXToolsButtonLeft21.png HTTP/1.1" 200 1287
201.246.237.154 - - [28/Feb/2017:13:38:25 -0300] "GET /cormun/static/Resources/PXToolsButtonRight21.png HTTP/1.1" 200 1283
201.246.237.154 - - [28/Feb/2017:13:38:25 -0300] "GET /cormun/servlet/hlogin HTTP/1.1" 200 1726
201.246.237.154 - - [28/Feb/2017:13:38:25 -0300] "GET /cormun/static/Resources/indicator.gif HTTP/1.1" 200 1553
201.246.237.154 - - [28/Feb/2017:13:38:25 -0300] "GET /cormun/static/Resources/PXToolsLoginBottom.png HTTP/1.1" 200 1389
201.246.237.154 - - [28/Feb/2017:13:38:25 -0300] "GET /cormun/static/Resources/PXToolsButtonBackground2.png HTTP/1.1" 200 1181
201.246.237.154 - - [28/Feb/2017:13:38:25 -0300] "GET /cormun/static/Resources/PXToolsButtonBackground2.png HTTP/1.1" 200 1181
201.246.237.154 - - [28/Feb/2017:13:38:25 -0300] "GET /cormun/static/Resources/PXToolsLoginBottom.png HTTP/1.1" 200 1389
201.246.237.154 - - [28/Feb/2017:13:38:25 -0300] "GET /favicon.ico HTTP/1.1" 200 21630
201.246.237.154 - - [28/Feb/2017:13:38:32 -0300] "POST /cormun/servlet/hlogin?7382e2e670139a38ad7545686923b641,gx-no-cache=1488299981824 HTTP/1.1" 200 90
201.246.237.154 - - [28/Feb/2017:13:38:32 -0300] "GET /cormun/servlet/hpexe_link HTTP/1.1" 200 951
201.246.237.154 - - [28/Feb/2017:13:38:32 -0300] "GET /cormun/static/gxcfg.js?201612218515529 HTTP/1.1" 200 953
201.246.237.154 - - [28/Feb/2017:13:38:32 -0300] "GET /cormun/static/hpexe_link.js?201612218515532 HTTP/1.1" 200 625
201.246.237.154 - - [28/Feb/2017:13:38:32 -0300] "GET /cormun/static/Resources/Spanish/PXTools.css?18365030 HTTP/1.1" 200 89042
201.246.237.154 - - [28/Feb/2017:13:38:33 -0300] "GET /cormun/servlet/hhome HTTP/1.1" 200 3759
201.246.237.154 - - [28/Feb/2017:13:38:33 -0300] "GET /cormun/static/Shared/jqueryui/jquery-ui.min.css?1345370 HTTP/1.1" 200 30288
201.246.237.154 - - [28/Feb/2017:13:38:33 -0300] "GET /cormun/static/SmoothNavMenu/resources/ddsmoothmenu.css?1112540 HTTP/1.1" 200 2223
201.246.237.154 - - [28/Feb/2017:13:38:33 -0300] "GET /cormun/static/SmoothNavMenu/resources/ddsmoothmenu-v.css?1112540 HTTP/1.1" 200 1188
201.246.237.154 - - [28/Feb/2017:13:38:33 -0300] "GET /cormun/static/scaMessage/css/jquery.pnotify.default.css?1816380 HTTP/1.1" 200 1707
201.246.237.154 - - [28/Feb/2017:13:38:33 -0300] "GET /cormun/static/gxcfg.js?201612218515568 HTTP/1.1" 200 953
201.246.237.154 - - [28/Feb/2017:13:38:33 -0300] "GET /cormun/static/PXToolsJavascripts/pexe_cookies.js HTTP/1.1" 200 792
201.246.237.154 - - [28/Feb/2017:13:38:33 -0300] "GET /cormun/static/PXToolsJavascripts/pexe_windows.js HTTP/1.1" 200 15207
201.246.237.154 - - [28/Feb/2017:13:38:33 -0300] "GET /cormun/static/PXToolsJavascripts/pexe_autoreload.js HTTP/1.1" 200 1762
201.246.237.154 - - [28/Feb/2017:13:38:33 -0300] "GET /cormun/static/PXToolsJavascripts/pexe_grid.js HTTP/1.1" 200 7559
201.246.237.154 - - [28/Feb/2017:13:38:33 -0300] "GET /cormun/static/PXToolsJavascripts/pexe_griddivfix.js HTTP/1.1" 200 6644
201.246.237.154 - - [28/Feb/2017:13:38:33 -0300] "GET /cormun/static/PXToolsJavascripts/pexe_link.js HTTP/1.1" 200 5671
201.246.237.154 - - [28/Feb/2017:13:38:33 -0300] "GET /cormun/static/PXToolsJavascripts/pexe_menudivfix.js HTTP/1.1" 200 333
201.246.237.154 - - [28/Feb/2017:13:38:33 -0300] "GET /cormun/static/PXToolsJavascripts/pexe_menus.js HTTP/1.1" 200 1286
201.246.237.154 - - [28/Feb/2017:13:38:33 -0300] "GET /cormun/static/PXToolsJavascripts/pexe_layers.js HTTP/1.1" 200 4114
201.246.237.154 - - [28/Feb/2017:13:38:33 -0300] "GET /cormun/static/PXToolsJavascripts/pexe_oav.js HTTP/1.1" 200 645
201.246.237.154 - - [28/Feb/2017:13:38:34 -0300] "GET /cormun/static/PXToolsJavascripts/pexe_oavdivfix.js HTTP/1.1" 200 639
201.246.237.154 - - [28/Feb/2017:13:38:34 -0300] "GET /cormun/static/PXToolsJavascripts/pexe_picture.js HTTP/1.1" 200 689
201.246.237.154 - - [28/Feb/2017:13:38:34 -0300] "GET /cormun/static/PXToolsJavascripts/pexe_popup.js HTTP/1.1" 200 13458
201.246.237.154 - - [28/Feb/2017:13:38:34 -0300] "GET /cormun/static/PXToolsJavascripts/pexe_scrolldiv.js HTTP/1.1" 200 4138
201.246.237.154 - - [28/Feb/2017:13:38:34 -0300] "GET /cormun/static/PXToolsJavascripts/pexe_tabdivfix.js HTTP/1.1" 200 876
