186.79.96.202 - - [28/Feb/2017:16:32:44 -0300] "GET /cormun/servlet/trsolicitudadjuntos?2017,4913, HTTP/1.1" 200 8362
186.79.96.202 - - [28/Feb/2017:16:32:51 -0300] "GET /cormun/servlet/solicitudotadjuntos?INS,2017,4913,,1, HTTP/1.1" 200 5825
186.79.96.202 - - [28/Feb/2017:16:32:52 -0300] "GET /cormun/static/about:blank HTTP/1.1" 404 1011
186.79.96.202 - - [28/Feb/2017:16:32:52 -0300] "GET /cormun/servlet/solicitudotadjuntos?INS,2017,4913,,1, HTTP/1.1" 200 5819
186.79.96.202 - - [28/Feb/2017:16:32:52 -0300] "GET /cormun/servlet/solicitudotadjuntos?723a7b92f0b56d9770846994184f13a47a4e8c682560da3d9cbf7d0d728799f174050d6ffe337b8d4b18ac0649f30a87,gx-no-cache=1488310443947 HTTP/1.1" 200 30
186.79.96.202 - - [28/Feb/2017:16:32:53 -0300] "POST /cormun/servlet/solicitudotadjuntos?463cf83e265135064efc142edf83dc2b,INS,2017,4913,,1,,gx-no-cache=1488310444266 HTTP/1.1" 200 3650
186.103.156.24 - - [28/Feb/2017:16:32:57 -0300] "POST /cormun/servlet/trlicencias?223d3e471c3536994ba0bc455d00e168,,gx-no-cache=1488310565662 HTTP/1.1" 200 4117
186.79.96.202 - - [28/Feb/2017:16:32:58 -0300] "POST /cormun/servlet/solicitudotadjuntos?gx-no-cache=1488310448360 HTTP/1.1" 200 26
200.30.209.79 - - [28/Feb/2017:16:32:59 -0300] "GET /cormun/servlet/vesolicitudot?2017,4906,, HTTP/1.1" 200 7892
200.30.209.79 - - [28/Feb/2017:16:33:00 -0300] "GET /cormun/static/gxcfg.js?20161221854299 HTTP/1.1" 200 953
200.30.209.79 - - [28/Feb/2017:16:33:00 -0300] "GET /cormun/pexe_scrolldiv.js HTTP/1.1" 404 1009
200.30.209.79 - - [28/Feb/2017:16:33:00 -0300] "GET /cormun/static/vesolicitudot.js?20161221854352 HTTP/1.1" 200 6091
200.30.209.79 - - [28/Feb/2017:16:33:00 -0300] "GET /cormun/static/hwcviewtabs.js?201612218431866 HTTP/1.1" 200 1074
200.30.209.79 - - [28/Feb/2017:16:33:00 -0300] "GET /cormun/pexe_scrolldiv.js HTTP/1.1" 404 1009
200.30.209.79 - - [28/Feb/2017:16:33:00 -0300] "GET /cormun/static/hpexe_tabsview.js?201610171694228 HTTP/1.1" 200 1661
200.30.209.79 - - [28/Feb/2017:16:33:00 -0300] "GET /cormun/static/Resources/PXToolsTabFirstSelected.png HTTP/1.1" 200 1259
200.30.209.79 - - [28/Feb/2017:16:33:00 -0300] "GET /cormun/static/Resources/PXToolsTabLastUnselected.png HTTP/1.1" 200 1291
200.30.209.79 - - [28/Feb/2017:16:33:00 -0300] "GET /cormun/static/Resources/PXToolsTabPrevious.gif HTTP/1.1" 200 172
200.30.209.79 - - [28/Feb/2017:16:33:00 -0300] "GET /cormun/static/Resources/PXToolsTabNext.gif HTTP/1.1" 200 168
200.30.209.79 - - [28/Feb/2017:16:33:00 -0300] "GET /cormun/static/tbsolicitudot01.js?2017119103633 HTTP/1.1" 200 28340
200.30.209.79 - - [28/Feb/2017:16:33:00 -0300] "GET /cormun/static/calendar-system.css HTTP/1.1" 200 5572
200.30.209.79 - - [28/Feb/2017:16:33:00 -0300] "GET /cormun/static/Resources/PXToolsTabBackUnselected.png HTTP/1.1" 200 1175
200.30.209.79 - - [28/Feb/2017:16:33:00 -0300] "GET /cormun/static/Resources/PXToolsTabBackSelected.png HTTP/1.1" 200 1157
200.30.209.79 - - [28/Feb/2017:16:33:00 -0300] "GET /cormun/static/Resources/PXToolsTabSelectedUnselected.png HTTP/1.1" 200 1428
200.30.209.79 - - [28/Feb/2017:16:33:00 -0300] "GET /cormun/static/Resources/PXToolsTabUnselectedUnselected.png HTTP/1.1" 200 1459
200.30.209.79 - - [28/Feb/2017:16:33:00 -0300] "GET /cormun/servlet/vesolicitudot?2017,4906,, HTTP/1.1" 200 7891
186.79.96.202 - - [28/Feb/2017:16:33:05 -0300] "GET /cormun/servlet/solicitudotadjuntos?723a7b92f0b56d9770846994184f13a4937614e5ca6da3ae98b0d90476f4b814,gx-no-cache=1488310456443 HTTP/1.1" 200 30
186.79.96.202 - - [28/Feb/2017:16:33:05 -0300] "GET /cormun/servlet/solicitudotadjuntos?723a7b92f0b56d9770846994184f13a4937614e5ca6da3ae98b0d90476f4b814,gx-no-cache=1488310456536 HTTP/1.1" 200 30
186.103.156.24 - - [28/Feb/2017:16:33:05 -0300] "GET /cormun/servlet/trlicencias? HTTP/1.1" 200 6841
186.103.156.24 - - [28/Feb/2017:16:33:06 -0300] "GET /cormun/servlet/trlicencias? HTTP/1.1" 200 6841
186.79.96.202 - - [28/Feb/2017:16:33:07 -0300] "POST /cormun/servlet/solicitudotadjuntos?463cf83e265135064efc142edf83dc2b,INS,2017,4913,,1, HTTP/1.1" 200 116
186.79.96.202 - - [28/Feb/2017:16:33:07 -0300] "GET /cormun/servlet/hpexe_return? HTTP/1.1" 200 1022
186.79.96.202 - - [28/Feb/2017:16:33:07 -0300] "GET /cormun/servlet/trsolicitudadjuntos?2017,4913, HTTP/1.1" 200 8502
186.79.96.202 - - [28/Feb/2017:16:33:08 -0300] "GET /cormun/servlet/trsolicitudadjuntos?2017,4913, HTTP/1.1" 200 8500
186.79.96.202 - - [28/Feb/2017:16:33:10 -0300] "GET /cormun/servlet/solicitudotadjuntos?INS,2017,4913,,1, HTTP/1.1" 200 5825
186.79.96.202 - - [28/Feb/2017:16:33:10 -0300] "GET /cormun/static/about:blank HTTP/1.1" 404 1011
186.79.96.202 - - [28/Feb/2017:16:33:11 -0300] "GET /cormun/servlet/solicitudotadjuntos?INS,2017,4913,,1, HTTP/1.1" 200 5819
186.79.96.202 - - [28/Feb/2017:16:33:11 -0300] "GET /cormun/servlet/solicitudotadjuntos?723a7b92f0b56d9770846994184f13a47a4e8c682560da3d9cbf7d0d728799f174050d6ffe337b8d4b18ac0649f30a87,gx-no-cache=1488310462456 HTTP/1.1" 200 30
186.79.96.202 - - [28/Feb/2017:16:33:12 -0300] "POST /cormun/servlet/solicitudotadjuntos?463cf83e265135064efc142edf83dc2b,INS,2017,4913,,1,,gx-no-cache=1488310462775 HTTP/1.1" 200 3650
186.79.96.202 - - [28/Feb/2017:16:33:14 -0300] "POST /cormun/servlet/solicitudotadjuntos?gx-no-cache=1488310465419 HTTP/1.1" 200 26
186.103.156.24 - - [28/Feb/2017:16:33:15 -0300] "POST /cormun/servlet/trlicencias?223d3e471c3536994ba0bc455d00e168,,gx-no-cache=1488310584695 HTTP/1.1" 200 4112
186.79.96.202 - - [28/Feb/2017:16:33:19 -0300] "GET /cormun/servlet/solicitudotadjuntos?723a7b92f0b56d9770846994184f13a4937614e5ca6da3ae98b0d90476f4b814,gx-no-cache=1488310470827 HTTP/1.1" 200 30
186.79.96.202 - - [28/Feb/2017:16:33:19 -0300] "GET /cormun/servlet/solicitudotadjuntos?723a7b92f0b56d9770846994184f13a4937614e5ca6da3ae98b0d90476f4b814,gx-no-cache=1488310470910 HTTP/1.1" 200 30
186.79.96.202 - - [28/Feb/2017:16:33:21 -0300] "POST /cormun/servlet/solicitudotadjuntos?463cf83e265135064efc142edf83dc2b,INS,2017,4913,,1, HTTP/1.1" 200 116
186.79.96.202 - - [28/Feb/2017:16:33:21 -0300] "GET /cormun/servlet/hpexe_return? HTTP/1.1" 200 1022
186.79.96.202 - - [28/Feb/2017:16:33:21 -0300] "GET /cormun/servlet/trsolicitudadjuntos?2017,4913, HTTP/1.1" 200 8648
186.79.96.202 - - [28/Feb/2017:16:33:22 -0300] "GET /cormun/servlet/trsolicitudadjuntos?2017,4913, HTTP/1.1" 200 8646
186.79.96.202 - - [28/Feb/2017:16:33:23 -0300] "GET /cormun/servlet/solicitudotadjuntos?INS,2017,4913,,1, HTTP/1.1" 200 5826
186.79.96.202 - - [28/Feb/2017:16:33:24 -0300] "GET /cormun/static/about:blank HTTP/1.1" 404 1011
186.79.96.202 - - [28/Feb/2017:16:33:24 -0300] "GET /cormun/servlet/solicitudotadjuntos?INS,2017,4913,,1, HTTP/1.1" 200 5819
186.79.96.202 - - [28/Feb/2017:16:33:24 -0300] "GET /cormun/servlet/solicitudotadjuntos?723a7b92f0b56d9770846994184f13a47a4e8c682560da3d9cbf7d0d728799f174050d6ffe337b8d4b18ac0649f30a87,gx-no-cache=1488310475655 HTTP/1.1" 200 30
186.79.96.202 - - [28/Feb/2017:16:33:24 -0300] "POST /cormun/servlet/solicitudotadjuntos?463cf83e265135064efc142edf83dc2b,INS,2017,4913,,1,,gx-no-cache=1488310475760 HTTP/1.1" 200 3652
200.30.209.79 - - [28/Feb/2017:16:33:31 -0300] "GET /cormun/servlet/trsolicitudot? HTTP/1.1" 200 8306
200.30.209.79 - - [28/Feb/2017:16:33:32 -0300] "GET /cormun/servlet/trsolicitudot? HTTP/1.1" 200 8305
186.79.96.202 - - [28/Feb/2017:16:33:32 -0300] "POST /cormun/servlet/solicitudotadjuntos?gx-no-cache=1488310483257 HTTP/1.1" 200 26
186.67.172.234 - - [28/Feb/2017:16:33:39 -0300] "GET /cormun/servlet/hlogin HTTP/1.1" 200 1725
186.79.96.202 - - [28/Feb/2017:16:33:39 -0300] "GET /cormun/servlet/solicitudotadjuntos?723a7b92f0b56d9770846994184f13a4937614e5ca6da3ae98b0d90476f4b814,gx-no-cache=1488310490757 HTTP/1.1" 200 30
186.79.96.202 - - [28/Feb/2017:16:33:39 -0300] "GET /cormun/servlet/solicitudotadjuntos?723a7b92f0b56d9770846994184f13a4937614e5ca6da3ae98b0d90476f4b814,gx-no-cache=1488310490851 HTTP/1.1" 200 30
200.30.209.79 - - [28/Feb/2017:16:33:41 -0300] "POST /cormun/servlet/trsolicitudot?86def9d1f8906a55e0c1f0743727b65e,,gx-no-cache=1488310494226 HTTP/1.1" 200 106
186.79.96.202 - - [28/Feb/2017:16:33:41 -0300] "POST /cormun/servlet/solicitudotadjuntos?463cf83e265135064efc142edf83dc2b,INS,2017,4913,,1, HTTP/1.1" 200 5888
200.30.209.79 - - [28/Feb/2017:16:33:42 -0300] "GET /cormun/servlet/solicitudot?UPD,2017,4906, HTTP/1.1" 200 14161
186.79.96.202 - - [28/Feb/2017:16:33:42 -0300] "GET /cormun/static/Shared/jqueryui/images/ui-bg_highlight-soft_100_c6c2c8_1x100.png HTTP/1.1" 404 1117
186.79.96.202 - - [28/Feb/2017:16:33:42 -0300] "GET /cormun/static/Shared/jqueryui/images/ui-icons_ebccce_256x240.png HTTP/1.1" 404 1089
186.79.96.202 - - [28/Feb/2017:16:33:42 -0300] "GET /cormun/static/Shared/jqueryui/images/ui-icons_82798d_256x240.png HTTP/1.1" 404 1089
186.79.96.202 - - [28/Feb/2017:16:33:42 -0300] "GET /cormun/static/Shared/jqueryui/images/ui-bg_flat_55_994d53_40x100.png HTTP/1.1" 404 1097
186.79.96.202 - - [28/Feb/2017:16:33:42 -0300] "GET /cormun/PrivateTempStorage/upload_00003343.jpg HTTP/1.1" 200 124651
200.30.209.79 - - [28/Feb/2017:16:33:42 -0300] "GET /cormun/servlet/solicitudot?UPD,2017,4906, HTTP/1.1" 200 14170
200.30.209.79 - - [28/Feb/2017:16:33:43 -0300] "POST /cormun/servlet/solicitudot?gx-no-cache=1488310495718 HTTP/1.1" 200 3151
200.30.209.79 - - [28/Feb/2017:16:33:44 -0300] "POST /cormun/servlet/solicitudot?86def9d1f8906a55e0c1f0743727b65e,UPD,2017,4906,,gx-no-cache=1488310495930 HTTP/1.1" 200 10835
200.30.209.79 - - [28/Feb/2017:16:33:44 -0300] "GET /cormun/servlet/solicitudot?f446861d19167eea33aaf53ded3229073ad5fd1ddf498730302c99304fce696272703aa34fb11eab09c15359a5714fa4,gx-no-cache=1488310496645 HTTP/1.1" 200 30
200.30.209.79 - - [28/Feb/2017:16:33:44 -0300] "POST /cormun/servlet/solicitudot?gx-no-cache=1488310496741 HTTP/1.1" 200 254
200.30.209.79 - - [28/Feb/2017:16:33:44 -0300] "GET /cormun/servlet/solicitudot?f446861d19167eea33aaf53ded32290795dd29e7fcaa42f083b4d57ddf435062d43f7f7cc3cb42deecf176b9a300bebd76e969f4ccaf236c765950d0ed3ffd2f61f78548d880432265250767e382689ba4c2098228a7f0e38e2395b4f54c05e32c7eeaf68691939f3ff876c7a83171c8622661bc71186eae1d90c1221fd4084532284a089d91d1694e117d37679cab3b69847eb291eebb080cc166448363d7cb6c8822d4d5f6487d32a01578be1db8686bef021567fbb23d189f2917c30839b02d4fa2a97a88b0e0eb2511de2b78c17c10dbf1d9d9b7431a533017b4b49ed0cffedc97f05b964ddc1cb5d47d0bcadc78f6f04059067be2c215419698e56c15d33caf0942c609e47780caf60bd903235e51336569987200d654cc6b488bea32228aad9b07493df36f073a24d32494bbe588d796f4b9a6140fda6883918b37a5af13e9dbdd9b84e6a1b673df44a14afce6bad2de026b4536f4c98cbb42f11602e68bed54e36e7bfc79007fcb3a928f17018548d34474f0807d48c4d9064e4541bf,gx-no-cache=1488310496828 HTTP/1.1" 200 30
200.30.209.79 - - [28/Feb/2017:16:33:44 -0300] "POST /cormun/servlet/solicitudot?gx-no-cache=1488310496910 HTTP/1.1" 200 30
200.30.209.79 - - [28/Feb/2017:16:33:44 -0300] "POST /cormun/servlet/solicitudot?gx-no-cache=1488310497023 HTTP/1.1" 200 1287
200.30.209.79 - - [28/Feb/2017:16:33:44 -0300] "POST /cormun/servlet/solicitudot?gx-no-cache=1488310497145 HTTP/1.1" 200 41
192.168.10.62 - - [28/Feb/2017:16:33:48 -0300] "POST /cormun/servlet/hlogin?25d980beb3ff48b2d998fd73811e905c,gx-no-cache=1488313714825 HTTP/1.1" 200 452
186.79.96.202 - - [28/Feb/2017:16:33:50 -0300] "POST /cormun/servlet/solicitudotadjuntos?463cf83e265135064efc142edf83dc2b,INS,2017,4913,,1, HTTP/1.1" 200 114
186.79.96.202 - - [28/Feb/2017:16:33:50 -0300] "GET /cormun/servlet/hpexe_link HTTP/1.1" 200 979
186.79.96.202 - - [28/Feb/2017:16:33:51 -0300] "GET /cormun/servlet/trsolicitudadjuntos?2017,4913, HTTP/1.1" 200 8645
186.79.96.202 - - [28/Feb/2017:16:33:52 -0300] "GET /cormun/servlet/trsolicitudadjuntos?2017,4913, HTTP/1.1" 200 8645
192.168.10.62 - - [28/Feb/2017:16:33:52 -0300] "POST /cormun/servlet/hlogin?25d980beb3ff48b2d998fd73811e905c,gx-no-cache=1488313719721 HTTP/1.1" 200 452
186.67.172.234 - - [28/Feb/2017:16:33:53 -0300] "POST /cormun/servlet/hlogin?8985e5d73eee928eb5615f574458c4a8,gx-no-cache=1488310512729 HTTP/1.1" 200 90
186.67.172.234 - - [28/Feb/2017:16:33:53 -0300] "GET /cormun/servlet/hpexe_link HTTP/1.1" 200 953
186.67.172.234 - - [28/Feb/2017:16:33:53 -0300] "GET /cormun/servlet/hhome HTTP/1.1" 200 4021
186.67.172.234 - - [28/Feb/2017:16:33:53 -0300] "GET /cormun/servlet/hhome HTTP/1.1" 200 4017
192.168.10.62 - - [28/Feb/2017:16:33:58 -0300] "POST /cormun/servlet/hlogin?25d980beb3ff48b2d998fd73811e905c,gx-no-cache=1488313724758 HTTP/1.1" 200 452
186.67.172.234 - - [28/Feb/2017:16:34:01 -0300] "GET /cormun/servlet/trsolicitudot? HTTP/1.1" 200 6994
186.67.172.234 - - [28/Feb/2017:16:34:01 -0300] "GET /cormun/static/Resources/PXTools/calendar.png HTTP/1.1" 304 -
186.67.172.234 - - [28/Feb/2017:16:34:01 -0300] "GET /cormun/servlet/trsolicitudot? HTTP/1.1" 200 6993
192.168.10.62 - - [28/Feb/2017:16:34:03 -0300] "POST /cormun/servlet/hlogin?25d980beb3ff48b2d998fd73811e905c,gx-no-cache=1488313730339 HTTP/1.1" 200 452
186.67.172.234 - - [28/Feb/2017:16:34:05 -0300] "POST /cormun/servlet/trsolicitudot?8985e5d73eee928eb5615f574458c4a8,,gx-no-cache=1488310524985 HTTP/1.1" 200 103
186.67.172.234 - - [28/Feb/2017:16:34:06 -0300] "POST /cormun/servlet/trsolicitudot?8985e5d73eee928eb5615f574458c4a8,,gx-no-cache=1488310525144 HTTP/1.1" 200 4123
186.67.172.234 - - [28/Feb/2017:16:34:06 -0300] "GET /cormun/SolicitudOT-2079.xls HTTP/1.1" 200 4608
186.79.96.202 - - [28/Feb/2017:16:34:06 -0300] "GET /cormun/servlet/solicitudotadjuntos?INS,2017,4913,,1, HTTP/1.1" 200 5826
186.79.96.202 - - [28/Feb/2017:16:34:07 -0300] "GET /cormun/static/about:blank HTTP/1.1" 404 1011
186.79.96.202 - - [28/Feb/2017:16:34:07 -0300] "GET /cormun/servlet/solicitudotadjuntos?INS,2017,4913,,1, HTTP/1.1" 200 5819
186.79.96.202 - - [28/Feb/2017:16:34:07 -0300] "GET /cormun/servlet/solicitudotadjuntos?723a7b92f0b56d9770846994184f13a47a4e8c682560da3d9cbf7d0d728799f174050d6ffe337b8d4b18ac0649f30a87,gx-no-cache=1488310518740 HTTP/1.1" 200 30
186.79.96.202 - - [28/Feb/2017:16:34:08 -0300] "POST /cormun/servlet/solicitudotadjuntos?463cf83e265135064efc142edf83dc2b,INS,2017,4913,,1,,gx-no-cache=1488310518813 HTTP/1.1" 200 3652
192.168.10.62 - - [28/Feb/2017:16:34:08 -0300] "POST /cormun/servlet/hlogin?25d980beb3ff48b2d998fd73811e905c,gx-no-cache=1488313735015 HTTP/1.1" 200 90
192.168.10.62 - - [28/Feb/2017:16:34:08 -0300] "GET /cormun/servlet/hpexe_link HTTP/1.1" 200 958
192.168.10.62 - - [28/Feb/2017:16:34:08 -0300] "GET /cormun/static/gxcfg.js?201612218515529 HTTP/1.1" 200 953
192.168.10.62 - - [28/Feb/2017:16:34:08 -0300] "GET /cormun/static/hpexe_link.js?201612218515532 HTTP/1.1" 200 625
186.67.172.234 - - [28/Feb/2017:16:34:08 -0300] "GET /cormun/servlet/solicitudot?INS,0,0, HTTP/1.1" 200 12815
186.67.172.234 - - [28/Feb/2017:16:34:08 -0300] "GET /cormun/static/solicitudot.js?2017119104297 HTTP/1.1" 304 -
192.168.10.62 - - [28/Feb/2017:16:34:08 -0300] "GET /cormun/servlet/trsolicitudgral? HTTP/1.1" 200 9990
186.67.172.234 - - [28/Feb/2017:16:34:09 -0300] "GET /cormun/servlet/solicitudot?INS,0,0, HTTP/1.1" 200 12820
192.168.10.62 - - [28/Feb/2017:16:34:09 -0300] "GET /cormun/servlet/trsolicitudgral? HTTP/1.1" 200 9989
186.79.96.202 - - [28/Feb/2017:16:34:09 -0300] "POST /cormun/servlet/solicitudotadjuntos?gx-no-cache=1488310520851 HTTP/1.1" 200 26
192.168.10.62 - - [28/Feb/2017:16:34:11 -0300] "GET /cormun/servlet/trsolicitudgral? HTTP/1.1" 200 9989
192.168.10.62 - - [28/Feb/2017:16:34:12 -0300] "GET /cormun/servlet/trsolicitudgral? HTTP/1.1" 200 9989
186.79.96.202 - - [28/Feb/2017:16:34:14 -0300] "GET /cormun/servlet/solicitudotadjuntos?723a7b92f0b56d9770846994184f13a4937614e5ca6da3ae98b0d90476f4b814,gx-no-cache=1488310525780 HTTP/1.1" 200 30
186.79.96.202 - - [28/Feb/2017:16:34:14 -0300] "GET /cormun/servlet/solicitudotadjuntos?723a7b92f0b56d9770846994184f13a4937614e5ca6da3ae98b0d90476f4b814,gx-no-cache=1488310525864 HTTP/1.1" 200 30
186.79.96.202 - - [28/Feb/2017:16:34:16 -0300] "POST /cormun/servlet/solicitudotadjuntos?463cf83e265135064efc142edf83dc2b,INS,2017,4913,,1, HTTP/1.1" 200 5983
186.79.96.202 - - [28/Feb/2017:16:34:16 -0300] "GET /cormun/static/Shared/jqueryui/images/ui-bg_highlight-soft_100_c6c2c8_1x100.png HTTP/1.1" 404 1117
186.79.96.202 - - [28/Feb/2017:16:34:16 -0300] "GET /cormun/static/Shared/jqueryui/images/ui-bg_flat_55_994d53_40x100.png HTTP/1.1" 404 1097
186.79.96.202 - - [28/Feb/2017:16:34:16 -0300] "GET /cormun/static/Shared/jqueryui/images/ui-icons_ebccce_256x240.png HTTP/1.1" 404 1089
186.79.96.202 - - [28/Feb/2017:16:34:16 -0300] "GET /cormun/static/Shared/jqueryui/images/ui-icons_82798d_256x240.png HTTP/1.1" 404 1089
186.79.96.202 - - [28/Feb/2017:16:34:16 -0300] "GET /cormun/PrivateTempStorage/upload_00003367.jpg HTTP/1.1" 200 65699
186.67.172.234 - - [28/Feb/2017:16:34:18 -0300] "GET /cormun/servlet/trautorizarsolicitud? HTTP/1.1" 200 13480
186.67.172.234 - - [28/Feb/2017:16:34:19 -0300] "GET /cormun/servlet/trautorizarsolicitud? HTTP/1.1" 200 13475
200.30.209.79 - - [28/Feb/2017:16:34:20 -0300] "GET /cormun/servlet/solicitudot?f446861d19167eea33aaf53ded3229076af90ea401f88992ad68024a25554dfb4ab7104128ea5b37bff16194cc0439e48a7e3ddc2c3d3ab2c41d960d7cdf006b1a09d0af1fab2fbab8b0c95e468416088467141e7d2638ddc584a408c25918a54375a32dab9dafd653d9ca82600bf0e5029cbca90d5a518417160f30f14239a9e58b6f1de84b38650cd6baecb9bfd5845f231f0067c6604ca4dc2e27a200573042e94bfaf163974def2faabae7583eab7963ce5f7b5d7f801fe2727c263f948e5283daefe9f10b1e8bb4fcca70b40831,gx-no-cache=1488310532956 HTTP/1.1" 200 29
200.30.209.79 - - [28/Feb/2017:16:34:20 -0300] "POST /cormun/servlet/solicitudot?gx-no-cache=1488310533097 HTTP/1.1" 200 1275
186.79.96.202 - - [28/Feb/2017:16:34:20 -0300] "POST /cormun/servlet/solicitudotadjuntos?463cf83e265135064efc142edf83dc2b,INS,2017,4913,,1, HTTP/1.1" 200 114
200.30.209.79 - - [28/Feb/2017:16:34:20 -0300] "POST /cormun/servlet/solicitudot?gx-no-cache=1488310533265 HTTP/1.1" 200 1156
186.79.96.202 - - [28/Feb/2017:16:34:20 -0300] "GET /cormun/servlet/hpexe_link HTTP/1.1" 200 979
200.30.209.79 - - [28/Feb/2017:16:34:20 -0300] "GET /cormun/servlet/solicitudot?f446861d19167eea33aaf53ded3229079f09584b6fc0560c6213b67fd2c268cb1042f5e7933c66f77aa75e1e0d61e53ae13f77c6e335949d2a2adfe2bfb9c6a798c94bd9b894dcd54f9b9acc74b8c6200f0b5c4bf044621d7e24b2004d0c981ed50cb02c6f2f073b9f3477dda34af0870a3ef740d92dd34c29f664f590adf5dd3328c8c94541ac17ad6ef8251adbcf4fcd3e40695584c9cb9bebf09ab317dd968e287cfc08520b45d93f7fdd899ffa7d,gx-no-cache=1488310533389 HTTP/1.1" 200 30
186.79.96.202 - - [28/Feb/2017:16:34:21 -0300] "GET /cormun/servlet/trsolicitudadjuntos?2017,4913, HTTP/1.1" 200 8646
200.30.209.79 - - [28/Feb/2017:16:34:21 -0300] "POST /cormun/servlet/solicitudot?86def9d1f8906a55e0c1f0743727b65e,UPD,2017,4906,,gx-no-cache=1488310533482 HTTP/1.1" 200 93
200.30.209.79 - - [28/Feb/2017:16:34:21 -0300] "GET /cormun/servlet/hpexe_return? HTTP/1.1" 200 1010
200.30.209.79 - - [28/Feb/2017:16:34:21 -0300] "GET /cormun/servlet/trsolicitudot HTTP/1.1" 200 8297
186.79.96.202 - - [28/Feb/2017:16:34:21 -0300] "GET /cormun/servlet/trsolicitudadjuntos?2017,4913, HTTP/1.1" 200 8646
200.30.209.79 - - [28/Feb/2017:16:34:22 -0300] "GET /cormun/servlet/trsolicitudot HTTP/1.1" 200 8293
192.168.10.62 - - [28/Feb/2017:16:34:23 -0300] "POST /cormun/servlet/trsolicitudgral?25d980beb3ff48b2d998fd73811e905c,,gx-no-cache=1488313749844 HTTP/1.1" 200 8297
186.79.96.202 - - [28/Feb/2017:16:34:30 -0300] "GET /cormun/servlet/solicitudotadjuntos?INS,2017,4913,,1, HTTP/1.1" 200 5825
186.79.96.202 - - [28/Feb/2017:16:34:30 -0300] "GET /cormun/static/about:blank HTTP/1.1" 404 1011
186.79.96.202 - - [28/Feb/2017:16:34:30 -0300] "GET /cormun/servlet/solicitudotadjuntos?INS,2017,4913,,1, HTTP/1.1" 200 5819
186.103.159.187 - - [28/Feb/2017:16:34:30 -0300] "GET /cormun/servlet/trcontratoobservacion? HTTP/1.1" 200 5884
186.79.96.202 - - [28/Feb/2017:16:34:30 -0300] "GET /cormun/servlet/solicitudotadjuntos?723a7b92f0b56d9770846994184f13a47a4e8c682560da3d9cbf7d0d728799f174050d6ffe337b8d4b18ac0649f30a87,gx-no-cache=1488310541926 HTTP/1.1" 200 30
186.79.96.202 - - [28/Feb/2017:16:34:31 -0300] "POST /cormun/servlet/solicitudotadjuntos?463cf83e265135064efc142edf83dc2b,INS,2017,4913,,1,,gx-no-cache=1488310542020 HTTP/1.1" 200 3652
186.103.159.187 - - [28/Feb/2017:16:34:31 -0300] "GET /cormun/servlet/trcontratoobservacion? HTTP/1.1" 200 5884
186.79.96.202 - - [28/Feb/2017:16:34:38 -0300] "POST /cormun/servlet/solicitudotadjuntos?gx-no-cache=1488310549850 HTTP/1.1" 200 26
200.86.95.220 - - [28/Feb/2017:16:34:40 -0300] "GET /cormun/servlet/hlogin HTTP/1.1" 200 1720
186.67.172.234 - - [28/Feb/2017:16:34:42 -0300] "GET /cormun/servlet/trcontratounov2? HTTP/1.1" 200 16392
186.67.172.234 - - [28/Feb/2017:16:34:42 -0300] "GET /cormun/static/gxcfg.js?201612281114880 HTTP/1.1" 200 953
186.67.172.234 - - [28/Feb/2017:16:34:42 -0300] "GET /cormun/static/trcontratounov2.js?2016122811141421 HTTP/1.1" 200 38423
186.67.172.234 - - [28/Feb/2017:16:34:42 -0300] "GET /cormun/static/Resources/PXToolsAddSelectedAction.png HTTP/1.1" 200 3660
200.30.209.79 - - [28/Feb/2017:16:34:42 -0300] "POST /cormun/servlet/trsolicitudot?86def9d1f8906a55e0c1f0743727b65e,gx-no-cache=1488310554974 HTTP/1.1" 200 106
186.67.172.234 - - [28/Feb/2017:16:34:42 -0300] "GET /cormun/servlet/trcontratounov2? HTTP/1.1" 200 16405
200.30.209.79 - - [28/Feb/2017:16:34:42 -0300] "GET /cormun/servlet/solicitudot?DLT,2017,4870, HTTP/1.1" 200 9300
200.30.209.79 - - [28/Feb/2017:16:34:43 -0300] "GET /cormun/static/Shared/jqueryui/images/ui-bg_highlight-soft_100_c6c2c8_1x100.png HTTP/1.1" 404 1117
200.30.209.79 - - [28/Feb/2017:16:34:43 -0300] "GET /cormun/static/Shared/jqueryui/images/ui-icons_82798d_256x240.png HTTP/1.1" 404 1089
200.30.209.79 - - [28/Feb/2017:16:34:43 -0300] "GET /cormun/static/Shared/jqueryui/images/ui-icons_8d78a5_256x240.png HTTP/1.1" 404 1089
200.30.209.79 - - [28/Feb/2017:16:34:43 -0300] "GET /cormun/static/Shared/jqueryui/images/ui-bg_flat_55_fafafa_40x100.png HTTP/1.1" 404 1097
200.30.209.79 - - [28/Feb/2017:16:34:43 -0300] "GET /cormun/servlet/solicitudot?DLT,2017,4870, HTTP/1.1" 200 9309
186.79.96.202 - - [28/Feb/2017:16:34:44 -0300] "GET /cormun/servlet/solicitudotadjuntos?723a7b92f0b56d9770846994184f13a4937614e5ca6da3ae98b0d90476f4b814,gx-no-cache=1488310555876 HTTP/1.1" 200 30
186.79.96.202 - - [28/Feb/2017:16:34:44 -0300] "GET /cormun/servlet/solicitudotadjuntos?723a7b92f0b56d9770846994184f13a4937614e5ca6da3ae98b0d90476f4b814,gx-no-cache=1488310555925 HTTP/1.1" 200 30
186.79.96.202 - - [28/Feb/2017:16:34:46 -0300] "POST /cormun/servlet/solicitudotadjuntos?463cf83e265135064efc142edf83dc2b,INS,2017,4913,,1, HTTP/1.1" 200 116
186.79.96.202 - - [28/Feb/2017:16:34:46 -0300] "GET /cormun/servlet/hpexe_return? HTTP/1.1" 200 1022
186.79.96.202 - - [28/Feb/2017:16:34:46 -0300] "GET /cormun/servlet/trsolicitudadjuntos?2017,4913, HTTP/1.1" 200 8909
186.103.159.187 - - [28/Feb/2017:16:34:47 -0300] "GET /cormun/servlet/trsolicitudot? HTTP/1.1" 200 10426
186.79.96.202 - - [28/Feb/2017:16:34:47 -0300] "GET /cormun/servlet/trsolicitudadjuntos?2017,4913, HTTP/1.1" 200 8908
186.103.159.187 - - [28/Feb/2017:16:34:48 -0300] "GET /cormun/servlet/trsolicitudot? HTTP/1.1" 200 10426
186.79.96.202 - - [28/Feb/2017:16:34:49 -0300] "GET /cormun/servlet/solicitudotadjuntos?INS,2017,4913,,2, HTTP/1.1" 200 5824
186.79.96.202 - - [28/Feb/2017:16:34:49 -0300] "GET /cormun/static/about:blank HTTP/1.1" 404 1011
186.79.96.202 - - [28/Feb/2017:16:34:49 -0300] "GET /cormun/servlet/solicitudotadjuntos?INS,2017,4913,,2, HTTP/1.1" 200 5818
186.79.96.202 - - [28/Feb/2017:16:34:50 -0300] "GET /cormun/servlet/solicitudotadjuntos?723a7b92f0b56d9770846994184f13a47a4e8c682560da3d9cbf7d0d728799f174050d6ffe337b8d4b18ac0649f30a87,gx-no-cache=1488310561353 HTTP/1.1" 200 30
186.79.96.202 - - [28/Feb/2017:16:34:50 -0300] "POST /cormun/servlet/solicitudotadjuntos?463cf83e265135064efc142edf83dc2b,INS,2017,4913,,2,,gx-no-cache=1488310561443 HTTP/1.1" 200 3866
200.86.95.220 - - [28/Feb/2017:16:34:54 -0300] "POST /cormun/servlet/hlogin?5136caf749805e11e5c743e6ce055aac,gx-no-cache=1488310565591 HTTP/1.1" 200 90
200.86.95.220 - - [28/Feb/2017:16:34:54 -0300] "GET /cormun/servlet/hpexe_link HTTP/1.1" 200 956
200.86.95.220 - - [28/Feb/2017:16:34:55 -0300] "GET /cormun/servlet/hhome HTTP/1.1" 200 3930
200.86.95.220 - - [28/Feb/2017:16:34:56 -0300] "GET /cormun/servlet/hhome HTTP/1.1" 200 3927
200.86.95.220 - - [28/Feb/2017:16:34:56 -0300] "GET /cormun/static/SmoothNavMenu/resources/images/right.gif HTTP/1.1" 200 860
200.86.95.220 - - [28/Feb/2017:16:35:00 -0300] "GET /cormun/servlet/trautorizarsolicitud? HTTP/1.1" 200 9931
200.86.95.220 - - [28/Feb/2017:16:35:00 -0300] "GET /cormun/static/gxcfg.js?2017259112829 HTTP/1.1" 200 953
200.86.95.220 - - [28/Feb/2017:16:35:00 -0300] "GET /cormun/static/trautorizarsolicitud.js?2017259113483 HTTP/1.1" 200 53096
200.86.95.220 - - [28/Feb/2017:16:35:01 -0300] "GET /cormun/servlet/trautorizarsolicitud? HTTP/1.1" 200 9929
186.103.159.187 - - [28/Feb/2017:16:35:18 -0300] "POST /cormun/servlet/trsolicitudot?bab811f76311ed15ebe9833d4285e297,,gx-no-cache=1488310589036 HTTP/1.1" 200 3984
200.30.209.79 - - [28/Feb/2017:16:35:20 -0300] "GET /cormun/servlet/trsolicitudot HTTP/1.1" 200 8297
200.30.209.79 - - [28/Feb/2017:16:35:21 -0300] "GET /cormun/servlet/trsolicitudot HTTP/1.1" 200 8293
186.103.159.187 - - [28/Feb/2017:16:35:23 -0300] "POST /cormun/servlet/trsolicitudot?bab811f76311ed15ebe9833d4285e297,,gx-no-cache=1488310593947 HTTP/1.1" 200 3984
186.79.96.202 - - [28/Feb/2017:16:35:28 -0300] "POST /cormun/servlet/solicitudotadjuntos?463cf83e265135064efc142edf83dc2b,INS,2017,4913,,2,,gx-no-cache=1488310598807 HTTP/1.1" 200 93
186.79.96.202 - - [28/Feb/2017:16:35:28 -0300] "GET /cormun/servlet/hpexe_return? HTTP/1.1" 200 1021
200.30.209.79 - - [28/Feb/2017:16:35:28 -0300] "POST /cormun/servlet/trsolicitudot?86def9d1f8906a55e0c1f0743727b65e,gx-no-cache=1488310600531 HTTP/1.1" 200 106
200.30.209.79 - - [28/Feb/2017:16:35:28 -0300] "GET /cormun/servlet/solicitudot?UPD,2017,4870, HTTP/1.1" 200 13519
186.79.96.202 - - [28/Feb/2017:16:35:28 -0300] "GET /cormun/servlet/trsolicitudadjuntos?2017,4913, HTTP/1.1" 200 8908
200.30.209.79 - - [28/Feb/2017:16:35:28 -0300] "GET /cormun/servlet/solicitudot?UPD,2017,4870, HTTP/1.1" 200 13528
186.79.96.202 - - [28/Feb/2017:16:35:29 -0300] "GET /cormun/servlet/trsolicitudadjuntos?2017,4913, HTTP/1.1" 200 8906
200.30.209.79 - - [28/Feb/2017:16:35:29 -0300] "POST /cormun/servlet/solicitudot?gx-no-cache=1488310601764 HTTP/1.1" 200 3162
200.30.209.79 - - [28/Feb/2017:16:35:29 -0300] "POST /cormun/servlet/solicitudot?86def9d1f8906a55e0c1f0743727b65e,UPD,2017,4870,,gx-no-cache=1488310601949 HTTP/1.1" 200 10303
200.30.209.79 - - [28/Feb/2017:16:35:29 -0300] "GET /cormun/servlet/solicitudot?f446861d19167eea33aaf53ded3229073ad5fd1ddf498730302c99304fce696272703aa34fb11eab09c15359a5714fa4,gx-no-cache=1488310602209 HTTP/1.1" 200 30
200.30.209.79 - - [28/Feb/2017:16:35:29 -0300] "POST /cormun/servlet/solicitudot?gx-no-cache=1488310602254 HTTP/1.1" 200 254
200.30.209.79 - - [28/Feb/2017:16:35:29 -0300] "GET /cormun/servlet/solicitudot?f446861d19167eea33aaf53ded32290795dd29e7fcaa42f083b4d57ddf435062d43f7f7cc3cb42deecf176b9a300bebd76e969f4ccaf236c765950d0ed3ffd2f61f78548d880432265250767e382689ba4c2098228a7f0e38e2395b4f54c05e32c7eeaf68691939f3ff876c7a83171c8622661bc71186eae1d90c1221fd4084532284a089d91d1694e117d37679cab3b69847eb291eebb080cc166448363d7cb6c8822d4d5f6487d32a01578be1db8686bef021567fbb23d189f2917c30839b02d4fa2a97a88b0e0eb2511de2b78c17c10dbf1d9d9b7431a533017b4b49ed0cffedc97f05b964ddc1cb5d47d0bcadc78f6f04059067be2c215419698e56c15d33caf0942c609e47780caf60bd903235e51336569987200d654cc6b488bea32228aad9b07493df36f073a24d32494bbe588d796f4b9a6140fda6883918b37a5af13e9dbdd9b84e6a1b673df44a14afce6bad2de026b4536f4c98cbb42f11602e68bed54e36e7bfc79007fcb3a928f17018548d34474f0807d48c4d9064e4541bf,gx-no-cache=1488310602323 HTTP/1.1" 200 30
200.30.209.79 - - [28/Feb/2017:16:35:29 -0300] "POST /cormun/servlet/solicitudot?gx-no-cache=1488310602368 HTTP/1.1" 200 30
200.30.209.79 - - [28/Feb/2017:16:35:29 -0300] "POST /cormun/servlet/solicitudot?gx-no-cache=1488310602422 HTTP/1.1" 200 656
186.103.159.187 - - [28/Feb/2017:16:35:30 -0300] "GET /cormun/servlet/solicitudot?INS,0,0, HTTP/1.1" 200 12543
200.30.209.79 - - [28/Feb/2017:16:35:30 -0300] "POST /cormun/servlet/solicitudot?gx-no-cache=1488310602513 HTTP/1.1" 200 41
186.79.96.202 - - [28/Feb/2017:16:35:31 -0300] "GET /cormun/servlet/solicitudotadjuntos?INS,2017,4913,,1, HTTP/1.1" 200 5826
186.79.96.202 - - [28/Feb/2017:16:35:31 -0300] "GET /cormun/static/about:blank HTTP/1.1" 404 1011
186.103.159.187 - - [28/Feb/2017:16:35:31 -0300] "GET /cormun/servlet/solicitudot?INS,0,0, HTTP/1.1" 200 12548
186.79.96.202 - - [28/Feb/2017:16:35:31 -0300] "GET /cormun/servlet/solicitudotadjuntos?INS,2017,4913,,1, HTTP/1.1" 200 5820
186.79.96.202 - - [28/Feb/2017:16:35:32 -0300] "GET /cormun/servlet/solicitudotadjuntos?723a7b92f0b56d9770846994184f13a47a4e8c682560da3d9cbf7d0d728799f174050d6ffe337b8d4b18ac0649f30a87,gx-no-cache=1488310603046 HTTP/1.1" 200 30
186.79.96.202 - - [28/Feb/2017:16:35:32 -0300] "POST /cormun/servlet/solicitudotadjuntos?463cf83e265135064efc142edf83dc2b,INS,2017,4913,,1,,gx-no-cache=1488310603391 HTTP/1.1" 200 3652
200.30.209.79 - - [28/Feb/2017:16:35:39 -0300] "GET /cormun/servlet/solicitudot?f446861d19167eea33aaf53ded3229076af90ea401f88992ad68024a25554dfb4ab7104128ea5b37bff16194cc0439e48a7e3ddc2c3d3ab2c41d960d7cdf006b1a09d0af1fab2fbab8b0c95e468416088467141e7d2638ddc584a408c25918a54375a32dab9dafd653d9ca82600bf0e5029cbca90d5a518417160f30f14239a9e58b6f1de84b38650cd6baecb9bfd5845f231f0067c6604ca4dc2e27a200573042e94bfaf163974def2faabae7583eab7963ce5f7b5d7f801fe2727c263f948e5283daefe9f10b1e8bb4fcca70b40831,gx-no-cache=1488310611854 HTTP/1.1" 200 29
200.30.209.79 - - [28/Feb/2017:16:35:39 -0300] "POST /cormun/servlet/solicitudot?gx-no-cache=1488310611921 HTTP/1.1" 200 643
186.103.159.187 - - [28/Feb/2017:16:35:40 -0300] "POST /cormun/servlet/solicitudot?gx-no-cache=1488310611478 HTTP/1.1" 200 3199
186.103.159.187 - - [28/Feb/2017:16:35:40 -0300] "POST /cormun/servlet/solicitudot?bab811f76311ed15ebe9833d4285e297,INS,0,0,,gx-no-cache=1488310611637 HTTP/1.1" 200 9808
200.30.209.79 - - [28/Feb/2017:16:35:41 -0300] "POST /cormun/servlet/solicitudot?gx-no-cache=1488310613855 HTTP/1.1" 200 1157
186.79.96.202 - - [28/Feb/2017:16:35:42 -0300] "POST /cormun/servlet/solicitudotadjuntos?463cf83e265135064efc142edf83dc2b,INS,2017,4913,,1,,gx-no-cache=1488310612960 HTTP/1.1" 200 93
186.79.96.202 - - [28/Feb/2017:16:35:42 -0300] "GET /cormun/servlet/hpexe_return? HTTP/1.1" 200 1022
186.79.96.202 - - [28/Feb/2017:16:35:42 -0300] "GET /cormun/servlet/trsolicitudadjuntos?2017,4913, HTTP/1.1" 200 8909
186.79.96.202 - - [28/Feb/2017:16:35:43 -0300] "GET /cormun/servlet/trsolicitudadjuntos?2017,4913, HTTP/1.1" 200 8906
186.79.96.202 - - [28/Feb/2017:16:35:48 -0300] "GET /cormun/servlet/solicitudotadjuntos?INS,2017,4913,,2, HTTP/1.1" 200 5826
186.79.96.202 - - [28/Feb/2017:16:35:48 -0300] "GET /cormun/static/about:blank HTTP/1.1" 404 1011
186.79.96.202 - - [28/Feb/2017:16:35:48 -0300] "GET /cormun/servlet/solicitudotadjuntos?INS,2017,4913,,2, HTTP/1.1" 200 5820
186.79.96.202 - - [28/Feb/2017:16:35:49 -0300] "GET /cormun/servlet/solicitudotadjuntos?723a7b92f0b56d9770846994184f13a47a4e8c682560da3d9cbf7d0d728799f174050d6ffe337b8d4b18ac0649f30a87,gx-no-cache=1488310620359 HTTP/1.1" 200 30
186.79.96.202 - - [28/Feb/2017:16:35:49 -0300] "POST /cormun/servlet/solicitudotadjuntos?463cf83e265135064efc142edf83dc2b,INS,2017,4913,,2,,gx-no-cache=1488310620419 HTTP/1.1" 200 3866
186.103.159.187 - - [28/Feb/2017:16:35:49 -0300] "GET /cormun/servlet/solicitudot?8a5324674c6dc5e392cd8cefa4e906c1bbfac03f48cfc75320a52c231b9c5c3afc453284bc48cbe2cf5dfb2d64a6d0fe,gx-no-cache=1488310620578 HTTP/1.1" 200 30
186.103.159.187 - - [28/Feb/2017:16:35:49 -0300] "POST /cormun/servlet/solicitudot?gx-no-cache=1488310620631 HTTP/1.1" 200 297
186.103.159.187 - - [28/Feb/2017:16:35:49 -0300] "GET /cormun/servlet/solicitudot?8a5324674c6dc5e392cd8cefa4e906c1a03ec7c9f8aeee175d3f2c23c56c10878a4c1fa6c63694f3533a464addc07808688813cf9b61a3a621d467ab77a199d81c9a3ecda7f8a905a3d148bc87642da2e29dd2ee402383340e3a0ea74873d46f322fb0ca0ff4820dfca9803af25d610d6e7564c6901b1929c2bc6e8ed0522eb0421a1f4c1305b7e1c43b38af4fa460dbcb673070b090ed3fac8f4cd865a8accaf0b7b3edda3e85e3008c94c7103e55d8c0339d746298218c8c53e67fc6ef4149c14b568f59dfa0bf83e83e75cff635ba2caa6a7dabe8673451f79254b2bdb3fe15cbf519edaf5c6d2a36aa1b45b57849f7c844a68a0ca9d89c0b09af02face360bc4a7b14cffd9c16544b4ecb96c8a1479bebe5f099b754691ee5d584b3c23d0b158d400406f1216b36b2abab1601e14201c61ef86d858a2409bff9764dd982e8ed8d88ee6e5283bfb031d1fb7f84c16ca4eb2db9beee6b9ea90cdee90b31c0289658168bfd8f74855e814d79ea208aa16b4819724af24380a08d67651d3b75dbdac4d674299eb4d22e7f9dd037c2ff9,gx-no-cache=1488310620678 HTTP/1.1" 200 30
186.103.159.187 - - [28/Feb/2017:16:35:56 -0300] "POST /cormun/servlet/solicitudot?gx-no-cache=1488310627350 HTTP/1.1" 200 30
186.103.159.187 - - [28/Feb/2017:16:36:01 -0300] "POST /cormun/servlet/solicitudot?gx-no-cache=1488310632722 HTTP/1.1" 200 1291
186.103.159.187 - - [28/Feb/2017:16:36:01 -0300] "POST /cormun/servlet/solicitudot?gx-no-cache=1488310632799 HTTP/1.1" 200 38
186.103.159.187 - - [28/Feb/2017:16:36:01 -0300] "GET /cormun/servlet/solicitudot?8a5324674c6dc5e392cd8cefa4e906c1fa72545854b0b4d3a2eb3cb18798222cbe91583a082a2719abad162dd1cff44c6ecaf376cf433a75cac6f5e54be7fdfa0eac2a0df7e43eea71ff37314164d41e5f12114f5b3f3e7082e4bd98be394f443d2b4ab97b4882ff2aeb8c08e39e9f0c,gx-no-cache=1488310632840 HTTP/1.1" 200 29
186.103.159.187 - - [28/Feb/2017:16:36:02 -0300] "POST /cormun/servlet/solicitudot?gx-no-cache=1488310632874 HTTP/1.1" 200 1274
186.103.159.187 - - [28/Feb/2017:16:36:02 -0300] "POST /cormun/servlet/solicitudot?gx-no-cache=1488310632932 HTTP/1.1" 200 1156
186.67.172.234 - - [28/Feb/2017:16:36:02 -0300] "GET /cormun/servlet/trautorizarsolicitud? HTTP/1.1" 200 13475
186.103.159.187 - - [28/Feb/2017:16:36:02 -0300] "GET /cormun/servlet/solicitudot?8a5324674c6dc5e392cd8cefa4e906c18eb1973b8b80c3885df58f42fbdd5585d4fc92fa66c6eea148d3edefb00dfce556b8e9b86d43eafd409a5aa5df7d4f12c21b9c7d837501edd408618f0a6af4549d298f8addb7cd43ecf180c8aa92b2f8eeabe286ac0161d8e9fdf75fd1c332e6312e16a1c20855e9e5620c6b9b5dc3ce64290f93621dda9029ef9f2269c98b3e70950cf7c5400c70adc3714a1254f6b3,gx-no-cache=1488310632996 HTTP/1.1" 200 30
186.103.159.187 - - [28/Feb/2017:16:36:02 -0300] "POST /cormun/servlet/solicitudot?bab811f76311ed15ebe9833d4285e297,INS,0,0,,gx-no-cache=1488310633038 HTTP/1.1" 200 11123
186.103.159.187 - - [28/Feb/2017:16:36:02 -0300] "GET /cormun/static/Shared/jqueryui/images/ui-bg_highlight-soft_100_c6c2c8_1x100.png HTTP/1.1" 404 1117
186.103.159.187 - - [28/Feb/2017:16:36:02 -0300] "GET /cormun/static/Shared/jqueryui/images/ui-icons_82798d_256x240.png HTTP/1.1" 404 1089
186.103.159.187 - - [28/Feb/2017:16:36:02 -0300] "GET /cormun/static/Shared/jqueryui/images/ui-bg_flat_55_994d53_40x100.png HTTP/1.1" 404 1097
186.103.159.187 - - [28/Feb/2017:16:36:02 -0300] "GET /cormun/static/Shared/jqueryui/images/ui-icons_ebccce_256x240.png HTTP/1.1" 404 1089
186.67.172.234 - - [28/Feb/2017:16:36:02 -0300] "GET /cormun/servlet/trautorizarsolicitud? HTTP/1.1" 200 13475
186.79.96.202 - - [28/Feb/2017:16:36:06 -0300] "POST /cormun/servlet/solicitudotadjuntos?463cf83e265135064efc142edf83dc2b,INS,2017,4913,,2,,gx-no-cache=1488310637503 HTTP/1.1" 200 93
186.79.96.202 - - [28/Feb/2017:16:36:06 -0300] "GET /cormun/servlet/hpexe_return? HTTP/1.1" 200 1021
186.79.96.202 - - [28/Feb/2017:16:36:07 -0300] "GET /cormun/servlet/trsolicitudadjuntos?2017,4913, HTTP/1.1" 200 8909
186.79.96.202 - - [28/Feb/2017:16:36:07 -0300] "GET /cormun/servlet/trsolicitudadjuntos?2017,4913, HTTP/1.1" 200 8905
200.86.95.220 - - [28/Feb/2017:16:36:11 -0300] "POST /cormun/servlet/trautorizarsolicitud?5136caf749805e11e5c743e6ce055aac,,gx-no-cache=1488310641986 HTTP/1.1" 200 6970
200.86.95.220 - - [28/Feb/2017:16:36:11 -0300] "GET /cormun/static/Shared/jqueryui/images/ui-bg_highlight-soft_100_c6c2c8_1x100.png HTTP/1.1" 404 1117
200.86.95.220 - - [28/Feb/2017:16:36:11 -0300] "GET /cormun/static/Shared/jqueryui/images/ui-icons_82798d_256x240.png HTTP/1.1" 404 1089
200.86.95.220 - - [28/Feb/2017:16:36:11 -0300] "GET /cormun/static/Shared/jqueryui/images/ui-bg_flat_55_fafafa_40x100.png HTTP/1.1" 404 1097
200.86.95.220 - - [28/Feb/2017:16:36:11 -0300] "GET /cormun/static/Shared/jqueryui/images/ui-icons_8d78a5_256x240.png HTTP/1.1" 404 1089
200.86.95.220 - - [28/Feb/2017:16:36:12 -0300] "POST /cormun/servlet/trautorizarsolicitud?5136caf749805e11e5c743e6ce055aac,,gx-no-cache=1488310642720 HTTP/1.1" 200 6914
186.79.96.202 - - [28/Feb/2017:16:36:13 -0300] "POST /cormun/servlet/trsolicitudadjuntos?463cf83e265135064efc142edf83dc2b,2017,4913,,gx-no-cache=1488310643873 HTTP/1.1" 200 90
186.79.96.202 - - [28/Feb/2017:16:36:13 -0300] "GET /cormun/servlet/hpexe_link HTTP/1.1" 200 969
200.30.209.79 - - [28/Feb/2017:16:36:13 -0300] "GET /cormun/servlet/solicitudot?f446861d19167eea33aaf53ded3229079f09584b6fc0560c6213b67fd2c268cb1042f5e7933c66f77aa75e1e0d61e53ae13f77c6e335949d2a2adfe2bfb9c6a798c94bd9b894dcd54f9b9acc74b8c6200f0b5c4bf044621d7e24b2004d0c981ed50cb02c6f2f073b9f3477dda34af0870a3ef740d92dd34c29f664f590adf5dd3328c8c94541ac17ad6ef8251adbcf4fcd3e40695584c9cb9bebf09ab317dd968e287cfc08520b45d93f7fdd899ffa7d,gx-no-cache=1488310645649 HTTP/1.1" 200 30
186.79.96.202 - - [28/Feb/2017:16:36:13 -0300] "GET /cormun/servlet/trsolicitudot HTTP/1.1" 200 9166
200.30.209.79 - - [28/Feb/2017:16:36:13 -0300] "POST /cormun/servlet/solicitudot?86def9d1f8906a55e0c1f0743727b65e,UPD,2017,4870,,gx-no-cache=1488310645743 HTTP/1.1" 200 93
200.30.209.79 - - [28/Feb/2017:16:36:13 -0300] "GET /cormun/servlet/hpexe_return? HTTP/1.1" 200 1010
200.30.209.79 - - [28/Feb/2017:16:36:13 -0300] "GET /cormun/servlet/trsolicitudot HTTP/1.1" 200 8276
186.79.96.202 - - [28/Feb/2017:16:36:13 -0300] "GET /cormun/servlet/trsolicitudot HTTP/1.1" 200 9165
200.86.95.220 - - [28/Feb/2017:16:36:14 -0300] "POST /cormun/servlet/trautorizarsolicitud?5136caf749805e11e5c743e6ce055aac,,gx-no-cache=1488310644841 HTTP/1.1" 200 6657
200.30.209.79 - - [28/Feb/2017:16:36:14 -0300] "GET /cormun/servlet/trsolicitudot HTTP/1.1" 200 8272
200.86.95.220 - - [28/Feb/2017:16:36:14 -0300] "POST /cormun/servlet/trautorizarsolicitud?5136caf749805e11e5c743e6ce055aac,,gx-no-cache=1488310645305 HTTP/1.1" 200 6601
200.86.95.220 - - [28/Feb/2017:16:36:16 -0300] "POST /cormun/servlet/trautorizarsolicitud?5136caf749805e11e5c743e6ce055aac,,gx-no-cache=1488310647139 HTTP/1.1" 200 6323
200.86.95.220 - - [28/Feb/2017:16:36:16 -0300] "POST /cormun/servlet/trautorizarsolicitud?5136caf749805e11e5c743e6ce055aac,,gx-no-cache=1488310647635 HTTP/1.1" 200 6267
200.86.95.220 - - [28/Feb/2017:16:36:18 -0300] "POST /cormun/servlet/trautorizarsolicitud?5136caf749805e11e5c743e6ce055aac,,gx-no-cache=1488310648776 HTTP/1.1" 200 5870
200.86.95.220 - - [28/Feb/2017:16:36:18 -0300] "POST /cormun/servlet/trautorizarsolicitud?5136caf749805e11e5c743e6ce055aac,,gx-no-cache=1488310649189 HTTP/1.1" 200 5814
200.30.209.79 - - [28/Feb/2017:16:36:19 -0300] "POST /cormun/servlet/trsolicitudot?86def9d1f8906a55e0c1f0743727b65e,gx-no-cache=1488310651566 HTTP/1.1" 200 106
200.30.209.79 - - [28/Feb/2017:16:36:19 -0300] "GET /cormun/servlet/solicitudot?DLT,2017,4906, HTTP/1.1" 200 9291
200.86.95.220 - - [28/Feb/2017:16:36:19 -0300] "POST /cormun/servlet/trautorizarsolicitud?5136caf749805e11e5c743e6ce055aac,,gx-no-cache=1488310650222 HTTP/1.1" 200 5395
200.30.209.79 - - [28/Feb/2017:16:36:19 -0300] "GET /cormun/static/Shared/jqueryui/images/ui-bg_highlight-soft_100_c6c2c8_1x100.png HTTP/1.1" 404 1117
200.30.209.79 - - [28/Feb/2017:16:36:19 -0300] "GET /cormun/static/Shared/jqueryui/images/ui-icons_82798d_256x240.png HTTP/1.1" 404 1089
200.30.209.79 - - [28/Feb/2017:16:36:19 -0300] "GET /cormun/static/Shared/jqueryui/images/ui-icons_8d78a5_256x240.png HTTP/1.1" 404 1089
200.30.209.79 - - [28/Feb/2017:16:36:19 -0300] "GET /cormun/static/Shared/jqueryui/images/ui-bg_flat_55_fafafa_40x100.png HTTP/1.1" 404 1097
200.86.95.220 - - [28/Feb/2017:16:36:19 -0300] "POST /cormun/servlet/trautorizarsolicitud?5136caf749805e11e5c743e6ce055aac,,gx-no-cache=1488310650602 HTTP/1.1" 200 5340
200.30.209.79 - - [28/Feb/2017:16:36:19 -0300] "GET /cormun/servlet/solicitudot?DLT,2017,4906, HTTP/1.1" 200 9299
200.86.95.220 - - [28/Feb/2017:16:36:21 -0300] "POST /cormun/servlet/trautorizarsolicitud?5136caf749805e11e5c743e6ce055aac,,gx-no-cache=1488310651824 HTTP/1.1" 200 4308
200.86.95.220 - - [28/Feb/2017:16:36:21 -0300] "POST /cormun/servlet/trautorizarsolicitud?5136caf749805e11e5c743e6ce055aac,,gx-no-cache=1488310652105 HTTP/1.1" 200 4096
186.103.159.187 - - [28/Feb/2017:16:36:27 -0300] "POST /cormun/servlet/solicitudot?bab811f76311ed15ebe9833d4285e297,INS,0,0,,gx-no-cache=1488310658759 HTTP/1.1" 200 93
186.103.159.187 - - [28/Feb/2017:16:36:27 -0300] "GET /cormun/servlet/hpexe_return? HTTP/1.1" 200 1004
186.103.159.187 - - [28/Feb/2017:16:36:28 -0300] "GET /cormun/servlet/trsolicitudot? HTTP/1.1" 200 6716
186.103.159.187 - - [28/Feb/2017:16:36:29 -0300] "GET /cormun/servlet/trsolicitudot? HTTP/1.1" 200 6712
200.30.209.79 - - [28/Feb/2017:16:36:45 -0300] "GET /cormun/servlet/trsolicitudot HTTP/1.1" 200 8276
200.30.209.79 - - [28/Feb/2017:16:36:46 -0300] "GET /cormun/servlet/trsolicitudot HTTP/1.1" 200 8272
186.79.96.202 - - [28/Feb/2017:16:37:02 -0300] "POST /cormun/servlet/trsolicitudot?463cf83e265135064efc142edf83dc2b,gx-no-cache=1488310692417 HTTP/1.1" 200 6061
186.79.96.202 - - [28/Feb/2017:16:37:03 -0300] "GET /cormun/static/Shared/jqueryui/images/ui-bg_highlight-soft_100_c6c2c8_1x100.png HTTP/1.1" 404 1117
186.79.96.202 - - [28/Feb/2017:16:37:03 -0300] "GET /cormun/static/Shared/jqueryui/images/ui-icons_82798d_256x240.png HTTP/1.1" 404 1089
186.79.96.202 - - [28/Feb/2017:16:37:03 -0300] "GET /cormun/static/Shared/jqueryui/images/ui-bg_flat_55_fafafa_40x100.png HTTP/1.1" 404 1097
186.79.96.202 - - [28/Feb/2017:16:37:03 -0300] "GET /cormun/static/Shared/jqueryui/images/ui-icons_8d78a5_256x240.png HTTP/1.1" 404 1089
186.79.96.202 - - [28/Feb/2017:16:37:03 -0300] "POST /cormun/servlet/trsolicitudot?463cf83e265135064efc142edf83dc2b,gx-no-cache=1488310694266 HTTP/1.1" 200 6005
186.79.96.202 - - [28/Feb/2017:16:37:06 -0300] "POST /cormun/servlet/trsolicitudot?463cf83e265135064efc142edf83dc2b,gx-no-cache=1488310695983 HTTP/1.1" 200 5702
186.79.96.202 - - [28/Feb/2017:16:37:06 -0300] "POST /cormun/servlet/trsolicitudot?463cf83e265135064efc142edf83dc2b,gx-no-cache=1488310697354 HTTP/1.1" 200 5644
186.79.96.202 - - [28/Feb/2017:16:37:07 -0300] "POST /cormun/servlet/trsolicitudot?463cf83e265135064efc142edf83dc2b,gx-no-cache=1488310698485 HTTP/1.1" 200 5265
186.79.96.202 - - [28/Feb/2017:16:37:08 -0300] "POST /cormun/servlet/trsolicitudot?463cf83e265135064efc142edf83dc2b,gx-no-cache=1488310698967 HTTP/1.1" 200 5205
186.79.96.202 - - [28/Feb/2017:16:37:09 -0300] "POST /cormun/servlet/trsolicitudot?463cf83e265135064efc142edf83dc2b,gx-no-cache=1488310700092 HTTP/1.1" 200 4161
186.79.96.202 - - [28/Feb/2017:16:37:09 -0300] "POST /cormun/servlet/trsolicitudot?463cf83e265135064efc142edf83dc2b,gx-no-cache=1488310700524 HTTP/1.1" 200 3942
200.30.209.79 - - [28/Feb/2017:16:37:22 -0300] "POST /cormun/servlet/trsolicitudot?86def9d1f8906a55e0c1f0743727b65e,gx-no-cache=1488310714421 HTTP/1.1" 200 5280
200.30.209.79 - - [28/Feb/2017:16:37:22 -0300] "GET /cormun/static/Shared/jqueryui/images/ui-bg_highlight-soft_100_c6c2c8_1x100.png HTTP/1.1" 404 1117
200.30.209.79 - - [28/Feb/2017:16:37:22 -0300] "GET /cormun/static/Shared/jqueryui/images/ui-icons_82798d_256x240.png HTTP/1.1" 404 1089
200.30.209.79 - - [28/Feb/2017:16:37:22 -0300] "GET /cormun/static/Shared/jqueryui/images/ui-icons_8d78a5_256x240.png HTTP/1.1" 404 1089
200.30.209.79 - - [28/Feb/2017:16:37:22 -0300] "GET /cormun/static/Shared/jqueryui/images/ui-bg_flat_55_fafafa_40x100.png HTTP/1.1" 404 1097
200.30.209.79 - - [28/Feb/2017:16:37:22 -0300] "POST /cormun/servlet/trsolicitudot?86def9d1f8906a55e0c1f0743727b65e,gx-no-cache=1488310714729 HTTP/1.1" 200 5223
200.30.209.79 - - [28/Feb/2017:16:37:30 -0300] "POST /cormun/servlet/trsolicitudot?86def9d1f8906a55e0c1f0743727b65e,gx-no-cache=1488310723081 HTTP/1.1" 200 4142
200.30.209.79 - - [28/Feb/2017:16:37:30 -0300] "POST /cormun/servlet/trsolicitudot?86def9d1f8906a55e0c1f0743727b65e,gx-no-cache=1488310723269 HTTP/1.1" 200 3922
186.103.159.187 - - [28/Feb/2017:16:37:31 -0300] "GET /cormun/servlet/solicitudot?INS,0,0, HTTP/1.1" 200 12544
186.103.159.187 - - [28/Feb/2017:16:37:32 -0300] "GET /cormun/servlet/solicitudot?INS,0,0, HTTP/1.1" 200 12549
186.103.159.187 - - [28/Feb/2017:16:37:34 -0300] "POST /cormun/servlet/solicitudot?bab811f76311ed15ebe9833d4285e297,INS,0,0,,gx-no-cache=1488310725663 HTTP/1.1" 200 93
186.103.159.187 - - [28/Feb/2017:16:37:34 -0300] "GET /cormun/servlet/hpexe_return? HTTP/1.1" 200 1004
186.103.159.187 - - [28/Feb/2017:16:37:35 -0300] "GET /cormun/servlet/trsolicitudot HTTP/1.1" 200 6716
186.103.159.187 - - [28/Feb/2017:16:37:36 -0300] "GET /cormun/servlet/trsolicitudot HTTP/1.1" 200 6712
200.30.209.79 - - [28/Feb/2017:16:37:51 -0300] "GET /cormun/servlet/hlogin HTTP/1.1" 200 1734
186.103.159.187 - - [28/Feb/2017:16:37:55 -0300] "POST /cormun/servlet/acontrolpreferencessavestate?None,CF-31,true HTTP/1.1" 200 35
200.30.209.79 - - [28/Feb/2017:16:37:55 -0300] "POST /cormun/servlet/hlogin?86def9d1f8906a55e0c1f0743727b65e,gx-no-cache=1488310748145 HTTP/1.1" 200 90
200.30.209.79 - - [28/Feb/2017:16:37:55 -0300] "GET /cormun/servlet/hpexe_link HTTP/1.1" 200 950
200.30.209.79 - - [28/Feb/2017:16:37:55 -0300] "GET /cormun/servlet/hhome HTTP/1.1" 200 3952
200.30.209.79 - - [28/Feb/2017:16:37:56 -0300] "GET /cormun/servlet/hhome HTTP/1.1" 200 3948
186.103.159.187 - - [28/Feb/2017:16:38:02 -0300] "GET /cormun/servlet/trsolicitudot? HTTP/1.1" 200 6712
186.103.159.187 - - [28/Feb/2017:16:38:03 -0300] "GET /cormun/servlet/trsolicitudot? HTTP/1.1" 200 6712
200.30.209.79 - - [28/Feb/2017:16:38:03 -0300] "GET /cormun/servlet/trautorizarsolicitud? HTTP/1.1" 200 9387
200.30.209.79 - - [28/Feb/2017:16:38:03 -0300] "GET /cormun/servlet/trautorizarsolicitud? HTTP/1.1" 200 9385
200.30.209.79 - - [28/Feb/2017:16:38:20 -0300] "POST /cormun/servlet/trautorizarsolicitud?86def9d1f8906a55e0c1f0743727b65e,,gx-no-cache=1488310773065 HTTP/1.1" 200 115
200.30.209.79 - - [28/Feb/2017:16:38:20 -0300] "GET /cormun/servlet/solicitudotlog?INS,2017,4870,0,REC, HTTP/1.1" 200 5736
200.30.209.79 - - [28/Feb/2017:16:38:21 -0300] "GET /cormun/servlet/solicitudotlog?INS,2017,4870,0,REC, HTTP/1.1" 200 5736
200.30.209.79 - - [28/Feb/2017:16:38:21 -0300] "GET /cormun/servlet/solicitudotlog?f446861d19167eea33aaf53ded322907a98a2ad4f98e2737501e845f8cb56dbfb27274e03686db35b399a4a735d3b93e5a0c6a0f3a836270a564bb90c1119cbdb5c01b05d9d4479b41325a0172ddc08422e70c012b3a5a86320b4a59b3545a961953eea08c1fffd75a3e49f2513a27542cce2e81bb77a17c226885759f14201e882b0805bdc5fe3296779f6701aedf9d23762e93f1196d7fbc939acd06bdd3a5,gx-no-cache=1488310774305 HTTP/1.1" 200 94
186.103.159.187 - - [28/Feb/2017:16:38:23 -0300] "GET /cormun/servlet/trcontratoobservacion? HTTP/1.1" 200 5884
186.103.159.187 - - [28/Feb/2017:16:38:24 -0300] "GET /cormun/servlet/trcontratoobservacion? HTTP/1.1" 200 5884
186.103.159.187 - - [28/Feb/2017:16:38:32 -0300] "GET /cormun/servlet/trvisualizadoreventos? HTTP/1.1" 200 6465
186.103.159.187 - - [28/Feb/2017:16:38:32 -0300] "GET /cormun/static/gxcfg.js?2016101716203350 HTTP/1.1" 200 953
186.103.159.187 - - [28/Feb/2017:16:38:32 -0300] "GET /cormun/static/Resources/PXToolsActionPrint.png HTTP/1.1" 200 3317
186.103.159.187 - - [28/Feb/2017:16:38:32 -0300] "GET /cormun/static/trvisualizadoreventos.js?2016101716203614 HTTP/1.1" 200 19309
186.103.159.187 - - [28/Feb/2017:16:38:33 -0300] "GET /cormun/servlet/trvisualizadoreventos? HTTP/1.1" 200 6464
200.30.209.79 - - [28/Feb/2017:16:38:37 -0300] "POST /cormun/servlet/solicitudotlog?86def9d1f8906a55e0c1f0743727b65e,INS,2017,4870,0,REC,,gx-no-cache=1488310789703 HTTP/1.1" 200 93
200.30.209.79 - - [28/Feb/2017:16:38:37 -0300] "GET /cormun/servlet/hpexe_return? HTTP/1.1" 200 1024
200.30.209.79 - - [28/Feb/2017:16:38:37 -0300] "GET /cormun/servlet/trautorizarsolicitud HTTP/1.1" 200 9127
200.30.209.79 - - [28/Feb/2017:16:38:38 -0300] "GET /cormun/servlet/trautorizarsolicitud HTTP/1.1" 200 9123
200.30.209.79 - - [28/Feb/2017:16:38:56 -0300] "POST /cormun/servlet/trautorizarsolicitud?86def9d1f8906a55e0c1f0743727b65e,gx-no-cache=1488310808634 HTTP/1.1" 200 6131
200.30.209.79 - - [28/Feb/2017:16:38:56 -0300] "GET /cormun/static/Shared/jqueryui/images/ui-bg_highlight-soft_100_c6c2c8_1x100.png HTTP/1.1" 404 1117
200.30.209.79 - - [28/Feb/2017:16:38:56 -0300] "GET /cormun/static/Shared/jqueryui/images/ui-icons_82798d_256x240.png HTTP/1.1" 404 1089
200.30.209.79 - - [28/Feb/2017:16:38:56 -0300] "GET /cormun/static/Shared/jqueryui/images/ui-bg_flat_55_fafafa_40x100.png HTTP/1.1" 404 1097
200.30.209.79 - - [28/Feb/2017:16:38:56 -0300] "GET /cormun/static/Shared/jqueryui/images/ui-icons_8d78a5_256x240.png HTTP/1.1" 404 1089
200.30.209.79 - - [28/Feb/2017:16:38:57 -0300] "POST /cormun/servlet/trautorizarsolicitud?86def9d1f8906a55e0c1f0743727b65e,gx-no-cache=1488310808985 HTTP/1.1" 200 6075
186.103.159.187 - - [28/Feb/2017:16:39:00 -0300] "POST /cormun/servlet/trvisualizadoreventos?bab811f76311ed15ebe9833d4285e297,,gx-no-cache=1488310811721 HTTP/1.1" 200 3766
186.103.159.187 - - [28/Feb/2017:16:39:02 -0300] "POST /cormun/servlet/trvisualizadoreventos?bab811f76311ed15ebe9833d4285e297,,gx-no-cache=1488310813771 HTTP/1.1" 200 3766
186.103.159.187 - - [28/Feb/2017:16:39:03 -0300] "POST /cormun/servlet/trvisualizadoreventos?bab811f76311ed15ebe9833d4285e297,,gx-no-cache=1488310813976 HTTP/1.1" 200 3766
