186.67.172.234 - - [27/Feb/2017:16:39:04 -0300] "POST /cormun/servlet/solicitudot?gx-no-cache=1488224423457 HTTP/1.1" 200 1291
186.67.172.234 - - [27/Feb/2017:16:39:04 -0300] "POST /cormun/servlet/solicitudot?gx-no-cache=1488224423565 HTTP/1.1" 200 38
186.67.172.234 - - [27/Feb/2017:16:39:10 -0300] "GET /cormun/servlet/solicitudot?274d769c263504c09bdbe2b695f3b1a3bb53c598452eeb70bb6a1647870f2369bcda738e9d7f322701dfb26433e743af90cfb19cf315c28f521c1c2fc56a342897f748b4a226f57a507fbaf0aa070b7bf2de6fa67d94f3e0728f08d7c67582648fc91088dc99255ad5c9481c00f8b0c4aa0edfe612a2ffce7a2a890abfc3393cd3a27c0420a4eab54e1acfc2e76384d8779647ec23ccf30d92596b4d830ddb71b6aa593709b3f6e90cb8545ffb4fe789bca1d96df3cc5a493ac6979c893ad3b3ce706658588f83ebd3b75fe41773658f,gx-no-cache=1488224429540 HTTP/1.1" 200 29
186.67.172.234 - - [27/Feb/2017:16:39:12 -0300] "POST /cormun/servlet/solicitudot?gx-no-cache=1488224430651 HTTP/1.1" 200 1275
186.67.172.234 - - [27/Feb/2017:16:39:12 -0300] "POST /cormun/servlet/solicitudot?gx-no-cache=1488224431015 HTTP/1.1" 200 1158
186.67.172.234 - - [27/Feb/2017:16:39:12 -0300] "GET /cormun/static/menuarrow.gif HTTP/1.1" 404 1015
186.67.172.234 - - [27/Feb/2017:16:39:14 -0300] "POST /cormun/servlet/solicitudot?gx-no-cache=1488224433267 HTTP/1.1" 200 1275
186.67.172.234 - - [27/Feb/2017:16:39:14 -0300] "POST /cormun/servlet/solicitudot?gx-no-cache=1488224433337 HTTP/1.1" 200 1158
186.67.172.234 - - [27/Feb/2017:16:39:23 -0300] "GET /cormun/servlet/solicitudot?274d769c263504c09bdbe2b695f3b1a3a618f076f3b5802a493b218975d058fa94418259303ce11418f978519408e7e3d852ff768bd0b571e2cd557e90050fb499b914cfb38a823ce4121110eafbdf66c0887c9eae5878bd14450f61b74064ef55e4bafc9af2d38cf73c7390a84d85c33458af25548d5c9b06f414cf76e74b2983274b28430248c0df6dcc39d7ec807d0a522639cfe0ebd0f59e43b93425cad96cdb96de571fa976bc8b9eb493f25e89,gx-no-cache=1488224442452 HTTP/1.1" 200 30
186.67.172.234 - - [27/Feb/2017:16:39:24 -0300] "POST /cormun/servlet/solicitudot?3fc8ba8ed9d860d9bf61474e93399743,INS,0,0,,gx-no-cache=1488224442480 HTTP/1.1" 200 93
186.67.172.234 - - [27/Feb/2017:16:39:24 -0300] "GET /cormun/servlet/hpexe_return? HTTP/1.1" 200 1009
186.67.172.234 - - [27/Feb/2017:16:39:24 -0300] "GET /cormun/servlet/trsolicitudot HTTP/1.1" 200 11502
186.67.172.234 - - [27/Feb/2017:16:39:24 -0300] "GET /cormun/servlet/trsolicitudot HTTP/1.1" 200 11497
186.67.172.234 - - [27/Feb/2017:16:39:32 -0300] "GET /cormun/servlet/solicitudot?INS,0,0, HTTP/1.1" 200 12820
186.67.172.234 - - [27/Feb/2017:16:39:33 -0300] "GET /cormun/servlet/solicitudot?INS,0,0, HTTP/1.1" 200 12825
192.168.10.96 - - [27/Feb/2017:16:39:58 -0300] "POST /cormun/servlet/hlogin?5f548f80dafe7d8cb607beb24176da35,gx-no-cache=1488227686273 HTTP/1.1" 200 90
192.168.10.96 - - [27/Feb/2017:16:39:58 -0300] "GET /cormun/servlet/hpexe_link HTTP/1.1" 200 954
192.168.10.96 - - [27/Feb/2017:16:39:58 -0300] "GET /cormun/servlet/hhome HTTP/1.1" 200 3926
192.168.10.96 - - [27/Feb/2017:16:39:59 -0300] "GET /cormun/servlet/hhome HTTP/1.1" 200 3922
192.168.10.96 - - [27/Feb/2017:16:40:01 -0300] "GET /cormun/servlet/trautorizarsolicitud? HTTP/1.1" 200 9230
192.168.10.96 - - [27/Feb/2017:16:40:01 -0300] "GET /cormun/static/gxcfg.js?2017259112829 HTTP/1.1" 200 953
192.168.10.96 - - [27/Feb/2017:16:40:01 -0300] "GET /cormun/static/trautorizarsolicitud.js?2017259113483 HTTP/1.1" 200 53096
192.168.10.96 - - [27/Feb/2017:16:40:02 -0300] "GET /cormun/servlet/trautorizarsolicitud? HTTP/1.1" 200 9227
186.67.172.234 - - [27/Feb/2017:16:40:02 -0300] "POST /cormun/servlet/solicitudot?gx-no-cache=1488224480941 HTTP/1.1" 200 3166
186.67.172.234 - - [27/Feb/2017:16:40:03 -0300] "POST /cormun/servlet/solicitudot?3fc8ba8ed9d860d9bf61474e93399743,INS,0,0,,gx-no-cache=1488224481237 HTTP/1.1" 200 9975
186.67.172.234 - - [27/Feb/2017:16:40:10 -0300] "GET /cormun/servlet/solicitudot?274d769c263504c09bdbe2b695f3b1a34117b803282c362b1b3d7c8c6a766efc315fda4caffb7a80579923075336a908,gx-no-cache=1488224488898 HTTP/1.1" 200 30
186.67.172.234 - - [27/Feb/2017:16:40:10 -0300] "POST /cormun/servlet/solicitudot?gx-no-cache=1488224489207 HTTP/1.1" 200 255
186.67.172.234 - - [27/Feb/2017:16:40:10 -0300] "GET /cormun/servlet/solicitudot?274d769c263504c09bdbe2b695f3b1a3ded11b5d1580d5e20aa070ad17eb79bdff5cd1e0ca983644f242ce6d54c5e0564949ec146a7973cae006f8bc5a8f18a0e9307e55a0740bde827f3c43d45cb6290cd0f6abf54825e3ee8074f4f80be3194b315292ae7f4ccdcb67b84e652802997bb19c777491661051924928eb94a71c860053ea6910635322cd9a00608b0edd673ceb5b3ff8e043baf9086f53b85debd7506920bf35554f63ee35abc15989cd1e7f4b1883bae42420e597d68a7bae735fa53faadf321f879b586cf1282abb2d2802efc46d20388d1a45068b617dfbb96a86333a24ebbed3b8b3d8b9c3b73904b55bde2c00885648c7d66fb9f08918c275a817a3e2f310a41e5d5b37c6f4372266b1682c0bcad4e7dbd4a9220d722cef679b24af38351902e0fa322dedcf603994b5394889b8d334800e7f8cb3606dab2e2fa6a4bd9fb7fc8595142670ab6999c09318d53cc5b88f5adf66c2b079a3652a13cf0cb130e0f5ce9366814e1fa2f8dcac2f8f39ae58b99dbcf3f2198fef31,gx-no-cache=1488224489254 HTTP/1.1" 200 30
186.103.159.46 - - [27/Feb/2017:16:40:16 -0300] "POST /cormun/servlet/solicitudotadjuntos?gx-no-cache=1488224487313 HTTP/1.1" 200 26
186.67.172.234 - - [27/Feb/2017:16:40:17 -0300] "POST /cormun/servlet/solicitudot?gx-no-cache=1488224495922 HTTP/1.1" 200 30
192.168.10.96 - - [27/Feb/2017:16:40:30 -0300] "GET /cormun/servlet/hlogin HTTP/1.1" 200 1744
186.103.159.46 - - [27/Feb/2017:16:40:39 -0300] "GET /cormun/servlet/solicitudotadjuntos?65476526ffece431760446fb7de0322c647f986fdb3cf3220568b939748ab036,gx-no-cache=1488224510470 HTTP/1.1" 200 30
186.103.159.46 - - [27/Feb/2017:16:40:39 -0300] "GET /cormun/servlet/solicitudotadjuntos?65476526ffece431760446fb7de0322c647f986fdb3cf3220568b939748ab036,gx-no-cache=1488224510540 HTTP/1.1" 200 30
186.103.159.46 - - [27/Feb/2017:16:40:40 -0300] "POST /cormun/servlet/solicitudotadjuntos?5b85d6517827f4d03e11769ece173ef1,INS,2017,4840,,1, HTTP/1.1" 200 116
186.103.159.46 - - [27/Feb/2017:16:40:40 -0300] "GET /cormun/servlet/hpexe_return? HTTP/1.1" 200 1028
186.103.159.46 - - [27/Feb/2017:16:40:40 -0300] "GET /cormun/servlet/trsolicitudadjuntos?2017,4840, HTTP/1.1" 200 8872
186.103.159.46 - - [27/Feb/2017:16:40:42 -0300] "GET /cormun/servlet/trsolicitudadjuntos?2017,4840, HTTP/1.1" 200 8870
186.103.159.46 - - [27/Feb/2017:16:40:56 -0300] "GET /cormun/servlet/solicitudotadjuntos?INS,2017,4840,,1, HTTP/1.1" 200 5797
186.103.159.46 - - [27/Feb/2017:16:40:56 -0300] "GET /cormun/static/about:blank HTTP/1.1" 404 1011
186.103.159.46 - - [27/Feb/2017:16:40:57 -0300] "GET /cormun/servlet/solicitudotadjuntos?INS,2017,4840,,1, HTTP/1.1" 200 5791
186.103.159.46 - - [27/Feb/2017:16:40:58 -0300] "GET /cormun/servlet/solicitudotadjuntos?65476526ffece431760446fb7de0322c8ba1a5ab69fc29416004243642fd9259d495a30310a79d9ad9c01e0842020186,gx-no-cache=1488224528960 HTTP/1.1" 200 30
186.103.159.46 - - [27/Feb/2017:16:40:58 -0300] "POST /cormun/servlet/solicitudotadjuntos?5b85d6517827f4d03e11769ece173ef1,INS,2017,4840,,1,,gx-no-cache=1488224529029 HTTP/1.1" 200 3642
186.103.159.46 - - [27/Feb/2017:16:41:02 -0300] "POST /cormun/servlet/solicitudotadjuntos?gx-no-cache=1488224533235 HTTP/1.1" 200 26
186.103.159.46 - - [27/Feb/2017:16:41:16 -0300] "GET /cormun/servlet/solicitudotadjuntos?65476526ffece431760446fb7de0322c647f986fdb3cf3220568b939748ab036,gx-no-cache=1488224547124 HTTP/1.1" 200 30
186.103.159.46 - - [27/Feb/2017:16:41:16 -0300] "GET /cormun/servlet/solicitudotadjuntos?65476526ffece431760446fb7de0322c647f986fdb3cf3220568b939748ab036,gx-no-cache=1488224547180 HTTP/1.1" 200 30
186.103.159.46 - - [27/Feb/2017:16:41:16 -0300] "POST /cormun/servlet/solicitudotadjuntos?5b85d6517827f4d03e11769ece173ef1,INS,2017,4840,,1, HTTP/1.1" 200 5855
186.103.159.46 - - [27/Feb/2017:16:41:17 -0300] "GET /home/sistema/apache-tomcat-7.0.65/webapps/cormun/PrivateTempStorage/upload_00002114.pdf HTTP/1.1" 404 1135
186.103.159.46 - - [27/Feb/2017:16:41:17 -0300] "GET /cormun/static/Shared/jqueryui/images/ui-bg_highlight-soft_100_c6c2c8_1x100.png HTTP/1.1" 404 1117
186.103.159.46 - - [27/Feb/2017:16:41:17 -0300] "GET /cormun/static/Shared/jqueryui/images/ui-icons_82798d_256x240.png HTTP/1.1" 404 1089
186.103.159.46 - - [27/Feb/2017:16:41:17 -0300] "GET /cormun/PrivateTempStorage/upload_00002114.pdf HTTP/1.1" 200 16384
186.103.159.46 - - [27/Feb/2017:16:41:17 -0300] "GET /cormun/static/Shared/jqueryui/images/ui-bg_flat_55_994d53_40x100.png HTTP/1.1" 404 1097
186.103.159.46 - - [27/Feb/2017:16:41:17 -0300] "GET /cormun/static/Shared/jqueryui/images/ui-icons_ebccce_256x240.png HTTP/1.1" 404 1089
186.103.159.46 - - [27/Feb/2017:16:41:17 -0300] "GET /cormun/PrivateTempStorage/upload_00002114.pdf HTTP/1.1" 200 78632
186.103.159.46 - - [27/Feb/2017:16:41:32 -0300] "GET /cormun/servlet/trsolicitudadjuntos?2017,4840, HTTP/1.1" 200 8873
186.103.159.46 - - [27/Feb/2017:16:41:34 -0300] "GET /cormun/servlet/trsolicitudadjuntos?2017,4840, HTTP/1.1" 200 8870
186.67.172.234 - - [27/Feb/2017:16:41:44 -0300] "POST /cormun/servlet/solicitudot?gx-no-cache=1488224582541 HTTP/1.1" 200 1291
186.67.172.234 - - [27/Feb/2017:16:41:44 -0300] "POST /cormun/servlet/solicitudot?gx-no-cache=1488224582657 HTTP/1.1" 200 38
192.168.10.96 - - [27/Feb/2017:16:41:44 -0300] "POST /cormun/servlet/hlogin?5f548f80dafe7d8cb607beb24176da35,gx-no-cache=1488227792328 HTTP/1.1" 200 90
192.168.10.96 - - [27/Feb/2017:16:41:44 -0300] "GET /cormun/servlet/hpexe_link HTTP/1.1" 200 954
192.168.10.96 - - [27/Feb/2017:16:41:44 -0300] "GET /cormun/servlet/hhome HTTP/1.1" 200 4102
192.168.10.96 - - [27/Feb/2017:16:41:45 -0300] "GET /cormun/servlet/hhome HTTP/1.1" 200 4098
186.67.172.234 - - [27/Feb/2017:16:41:48 -0300] "GET /cormun/servlet/solicitudot?274d769c263504c09bdbe2b695f3b1a3bb53c598452eeb70bb6a1647870f2369bcda738e9d7f322701dfb26433e743af90cfb19cf315c28f521c1c2fc56a342897f748b4a226f57a507fbaf0aa070b7bf2de6fa67d94f3e0728f08d7c67582648fc91088dc99255ad5c9481c00f8b0c4aa0edfe612a2ffce7a2a890abfc3393cd3a27c0420a4eab54e1acfc2e76384d8779647ec23ccf30d92596b4d830ddb71b6aa593709b3f6e90cb8545ffb4fe789bca1d96df3cc5a493ac6979c893ad3b3ce706658588f83ebd3b75fe41773658f,gx-no-cache=1488224586858 HTTP/1.1" 200 29
200.111.191.210 - - [27/Feb/2017:16:41:48 -0300] "POST /cormun/servlet/trautorizarsolicitud?6c0d0b747a6ae4eb4f2de7a0f9fd9c72,gx-no-cache=1488228097566 HTTP/1.1" 200 6216
200.111.191.210 - - [27/Feb/2017:16:41:49 -0300] "GET /cormun/static/Shared/jqueryui/images/ui-bg_highlight-soft_100_c6c2c8_1x100.png HTTP/1.1" 404 1117
200.111.191.210 - - [27/Feb/2017:16:41:49 -0300] "GET /cormun/static/Shared/jqueryui/images/ui-icons_82798d_256x240.png HTTP/1.1" 404 1089
200.111.191.210 - - [27/Feb/2017:16:41:49 -0300] "GET /cormun/static/Shared/jqueryui/images/ui-bg_flat_55_fafafa_40x100.png HTTP/1.1" 404 1097
200.111.191.210 - - [27/Feb/2017:16:41:49 -0300] "GET /cormun/static/Shared/jqueryui/images/ui-icons_8d78a5_256x240.png HTTP/1.1" 404 1089
200.111.191.210 - - [27/Feb/2017:16:41:49 -0300] "POST /cormun/servlet/trautorizarsolicitud?6c0d0b747a6ae4eb4f2de7a0f9fd9c72,gx-no-cache=1488228097864 HTTP/1.1" 200 6157
186.67.172.234 - - [27/Feb/2017:16:41:49 -0300] "POST /cormun/servlet/solicitudot?gx-no-cache=1488224588183 HTTP/1.1" 200 1275
186.67.172.234 - - [27/Feb/2017:16:41:49 -0300] "POST /cormun/servlet/solicitudot?gx-no-cache=1488224588232 HTTP/1.1" 200 1158
186.67.172.234 - - [27/Feb/2017:16:41:49 -0300] "GET /cormun/static/menuarrow.gif HTTP/1.1" 404 1015
200.111.191.210 - - [27/Feb/2017:16:41:50 -0300] "POST /cormun/servlet/trautorizarsolicitud?6c0d0b747a6ae4eb4f2de7a0f9fd9c72,gx-no-cache=1488228099554 HTTP/1.1" 200 5854
200.111.191.210 - - [27/Feb/2017:16:41:51 -0300] "POST /cormun/servlet/trautorizarsolicitud?6c0d0b747a6ae4eb4f2de7a0f9fd9c72,gx-no-cache=1488228099748 HTTP/1.1" 200 5800
186.103.159.46 - - [27/Feb/2017:16:41:51 -0300] "GET /cormun/servlet/solicitudotadjuntos?DLT,2017,4840,CV,0, HTTP/1.1" 200 5687
186.103.159.46 - - [27/Feb/2017:16:41:51 -0300] "GET /cormun/static/about:blank HTTP/1.1" 404 1011
200.111.191.210 - - [27/Feb/2017:16:41:52 -0300] "POST /cormun/servlet/trautorizarsolicitud?6c0d0b747a6ae4eb4f2de7a0f9fd9c72,gx-no-cache=1488228101050 HTTP/1.1" 200 5430
186.103.159.46 - - [27/Feb/2017:16:41:52 -0300] "GET /cormun/static/Shared/jqueryui/images/ui-bg_highlight-soft_100_c6c2c8_1x100.png HTTP/1.1" 404 1117
186.103.159.46 - - [27/Feb/2017:16:41:52 -0300] "GET /cormun/static/Shared/jqueryui/images/ui-icons_82798d_256x240.png HTTP/1.1" 404 1089
186.103.159.46 - - [27/Feb/2017:16:41:52 -0300] "GET /cormun/static/Shared/jqueryui/images/ui-bg_flat_55_fafafa_40x100.png HTTP/1.1" 404 1097
186.103.159.46 - - [27/Feb/2017:16:41:52 -0300] "GET /cormun/static/Shared/jqueryui/images/ui-icons_8d78a5_256x240.png HTTP/1.1" 404 1089
200.111.191.210 - - [27/Feb/2017:16:41:52 -0300] "POST /cormun/servlet/trautorizarsolicitud?6c0d0b747a6ae4eb4f2de7a0f9fd9c72,gx-no-cache=1488228101236 HTTP/1.1" 200 5376
186.103.159.46 - - [27/Feb/2017:16:41:52 -0300] "GET /cormun/servlet/solicitudotadjuntos?DLT,2017,4840,CV,0, HTTP/1.1" 200 5681
200.111.191.210 - - [27/Feb/2017:16:41:53 -0300] "POST /cormun/servlet/trautorizarsolicitud?6c0d0b747a6ae4eb4f2de7a0f9fd9c72,gx-no-cache=1488228102298 HTTP/1.1" 200 4315
186.67.172.234 - - [27/Feb/2017:16:41:53 -0300] "POST /cormun/servlet/solicitudot?gx-no-cache=1488224592223 HTTP/1.1" 200 1275
186.67.172.234 - - [27/Feb/2017:16:41:53 -0300] "POST /cormun/servlet/solicitudot?gx-no-cache=1488224592289 HTTP/1.1" 200 1158
200.111.191.210 - - [27/Feb/2017:16:41:53 -0300] "POST /cormun/servlet/trautorizarsolicitud?6c0d0b747a6ae4eb4f2de7a0f9fd9c72,gx-no-cache=1488228102491 HTTP/1.1" 200 4083
192.168.10.96 - - [27/Feb/2017:16:42:01 -0300] "GET /cormun/servlet/trsolicitudgral? HTTP/1.1" 200 23806
192.168.10.96 - - [27/Feb/2017:16:42:01 -0300] "GET /cormun/static/gxcfg.js?2017262239522 HTTP/1.1" 304 -
192.168.10.96 - - [27/Feb/2017:16:42:01 -0300] "GET /cormun/static/trsolicitudgral.js?20172622391253 HTTP/1.1" 304 -
192.168.10.96 - - [27/Feb/2017:16:42:03 -0300] "GET /cormun/servlet/trsolicitudgral? HTTP/1.1" 200 23804
186.67.172.234 - - [27/Feb/2017:16:42:03 -0300] "GET /cormun/servlet/solicitudot?274d769c263504c09bdbe2b695f3b1a38b083508f012a2f82319897f919866707d768320ca8917b501bb45d0dde9ce7dd852ff768bd0b571e2cd557e90050fb499b914cfb38a823ce4121110eafbdf66c0887c9eae5878bd14450f61b74064ef55e4bafc9af2d38cf73c7390a84d85c33458af25548d5c9b06f414cf76e74b2983274b28430248c0df6dcc39d7ec807d0a522639cfe0ebd0f59e43b93425cad96cdb96de571fa976bc8b9eb493f25e89,gx-no-cache=1488224601971 HTTP/1.1" 200 30
186.67.172.234 - - [27/Feb/2017:16:42:03 -0300] "POST /cormun/servlet/solicitudot?3fc8ba8ed9d860d9bf61474e93399743,INS,0,0,,gx-no-cache=1488224602000 HTTP/1.1" 200 93
186.67.172.234 - - [27/Feb/2017:16:42:03 -0300] "GET /cormun/servlet/hpexe_return? HTTP/1.1" 200 1009
186.67.172.234 - - [27/Feb/2017:16:42:03 -0300] "GET /cormun/servlet/trsolicitudot HTTP/1.1" 200 11861
186.67.172.234 - - [27/Feb/2017:16:42:04 -0300] "GET /cormun/servlet/trsolicitudot HTTP/1.1" 200 11856
186.67.172.234 - - [27/Feb/2017:16:42:06 -0300] "GET /cormun/servlet/solicitudot?INS,0,0, HTTP/1.1" 200 12820
186.67.172.234 - - [27/Feb/2017:16:42:06 -0300] "GET /cormun/servlet/solicitudot?INS,0,0, HTTP/1.1" 200 12825
186.103.159.46 - - [27/Feb/2017:16:42:13 -0300] "POST /cormun/servlet/solicitudotadjuntos?5b85d6517827f4d03e11769ece173ef1,DLT,2017,4840,CV,0,,gx-no-cache=1488224603953 HTTP/1.1" 200 93
186.103.159.46 - - [27/Feb/2017:16:42:13 -0300] "GET /cormun/servlet/hpexe_return? HTTP/1.1" 200 1030
186.103.159.46 - - [27/Feb/2017:16:42:13 -0300] "GET /cormun/servlet/trsolicitudadjuntos?2017,4840, HTTP/1.1" 200 8692
186.103.159.46 - - [27/Feb/2017:16:42:15 -0300] "GET /cormun/servlet/trsolicitudadjuntos?2017,4840, HTTP/1.1" 200 8688
186.67.172.234 - - [27/Feb/2017:16:42:16 -0300] "POST /cormun/servlet/solicitudot?gx-no-cache=1488224614957 HTTP/1.1" 200 3166
186.67.172.234 - - [27/Feb/2017:16:42:16 -0300] "POST /cormun/servlet/solicitudot?3fc8ba8ed9d860d9bf61474e93399743,INS,0,0,,gx-no-cache=1488224615124 HTTP/1.1" 200 9974
186.67.172.234 - - [27/Feb/2017:16:42:17 -0300] "GET /cormun/servlet/solicitudot?274d769c263504c09bdbe2b695f3b1a34117b803282c362b1b3d7c8c6a766efc315fda4caffb7a80579923075336a908,gx-no-cache=1488224616472 HTTP/1.1" 200 30
186.67.172.234 - - [27/Feb/2017:16:42:18 -0300] "POST /cormun/servlet/solicitudot?gx-no-cache=1488224616754 HTTP/1.1" 200 255
186.67.172.234 - - [27/Feb/2017:16:42:18 -0300] "GET /cormun/servlet/solicitudot?274d769c263504c09bdbe2b695f3b1a3ded11b5d1580d5e20aa070ad17eb79bdff5cd1e0ca983644f242ce6d54c5e0564949ec146a7973cae006f8bc5a8f18a0e9307e55a0740bde827f3c43d45cb6290cd0f6abf54825e3ee8074f4f80be3194b315292ae7f4ccdcb67b84e652802997bb19c777491661051924928eb94a71c860053ea6910635322cd9a00608b0edd673ceb5b3ff8e043baf9086f53b85debd7506920bf35554f63ee35abc15989cd1e7f4b1883bae42420e597d68a7bae735fa53faadf321f879b586cf1282abb2d2802efc46d20388d1a45068b617dfbb96a86333a24ebbed3b8b3d8b9c3b73904b55bde2c00885648c7d66fb9f08918c275a817a3e2f310a41e5d5b37c6f4372266b1682c0bcad4e7dbd4a9220d722cef679b24af38351902e0fa322dedcf603994b5394889b8d334800e7f8cb3606dab2e2fa6a4bd9fb7fc8595142670ab6999c09318d53cc5b88f5adf66c2b079a3652a13cf0cb130e0f5ce9366814e1fa2f8dcac2f8f39ae58b99dbcf3f2198fef31,gx-no-cache=1488224616800 HTTP/1.1" 200 30
192.168.10.96 - - [27/Feb/2017:16:42:18 -0300] "POST /cormun/servlet/trsolicitudgral?5f548f80dafe7d8cb607beb24176da35,,gx-no-cache=1488227825736 HTTP/1.1" 200 6672
186.67.172.234 - - [27/Feb/2017:16:42:20 -0300] "POST /cormun/servlet/solicitudot?gx-no-cache=1488224618938 HTTP/1.1" 200 30
186.103.159.46 - - [27/Feb/2017:16:42:22 -0300] "GET /cormun/servlet/solicitudotadjuntos?INS,2017,4840,,1, HTTP/1.1" 200 5796
186.103.159.46 - - [27/Feb/2017:16:42:23 -0300] "GET /cormun/static/about:blank HTTP/1.1" 404 1011
186.103.159.46 - - [27/Feb/2017:16:42:24 -0300] "GET /cormun/servlet/solicitudotadjuntos?INS,2017,4840,,1, HTTP/1.1" 200 5790
192.168.10.96 - - [27/Feb/2017:16:42:24 -0300] "GET /cormun/servlet/solicitudgral?UPD,2017,4837, HTTP/1.1" 200 11851
192.168.10.96 - - [27/Feb/2017:16:42:24 -0300] "GET /cormun/static/gxcfg.js?2017261155185 HTTP/1.1" 200 953
192.168.10.96 - - [27/Feb/2017:16:42:24 -0300] "GET /cormun/static/solicitudgral.js?2017261155246 HTTP/1.1" 200 38261
186.103.159.46 - - [27/Feb/2017:16:42:24 -0300] "GET /cormun/servlet/solicitudotadjuntos?65476526ffece431760446fb7de0322c8ba1a5ab69fc29416004243642fd9259d495a30310a79d9ad9c01e0842020186,gx-no-cache=1488224615279 HTTP/1.1" 200 30
186.103.159.46 - - [27/Feb/2017:16:42:24 -0300] "POST /cormun/servlet/solicitudotadjuntos?5b85d6517827f4d03e11769ece173ef1,INS,2017,4840,,1,,gx-no-cache=1488224615346 HTTP/1.1" 200 3640
192.168.10.96 - - [27/Feb/2017:16:42:24 -0300] "GET /cormun/servlet/solicitudgral?UPD,2017,4837, HTTP/1.1" 200 11861
192.168.10.96 - - [27/Feb/2017:16:42:25 -0300] "POST /cormun/servlet/solicitudgral?gx-no-cache=1488227832853 HTTP/1.1" 200 3157
192.168.10.96 - - [27/Feb/2017:16:42:25 -0300] "GET /cormun/servlet/solicitudgral?47d63af92f171020e26ffdbfed898fdac09a20b59fda572c8e82f8c59c782c43f78284dbc57c23cafd1097fc8161ec54c45f59aa932c8298c3e000a1b125f20e857f0081f0ebd6c37a79a1228121490d4a14a70bec794f1a19e6b623941bd4e8cf161b39dd78f89d0159b3efeb93c110bfff92f1d9a5008e2363a4d61effd6277aad08001c790e97a13e883ac6577388e04f75b8580f6f0b63ebf9f561564cb821b14ae9b0b63ade001fd4345b9e4cec9862ddcc12a3678d86bbe32c8c67c0aec308d0a6a6929e6e9f99b5e745527133f6f04ce8c6564849f3798ec626ede53d66aad55e39c992c968317f501b064dc8694d2189ebbe6fedb7978b86627f3bbb6e52dd9fa80339fdd94327944c0635d868803e7e7daab3acdd09199327a6b0144c66076b315df20e99d56eb2ba23b5044477ad3a47b56ac2941429bc60c6b64acab9b6d6438e84c0f6b5414856c922df,gx-no-cache=1488227832980 HTTP/1.1" 200 257
192.168.10.96 - - [27/Feb/2017:16:42:25 -0300] "GET /cormun/servlet/solicitudgral?47d63af92f171020e26ffdbfed898fda22322a58f6607dce3521b289f6b7dbede77b0e6b4175cf7b373f2eb282833ad31455873744b7e79c3f40e7870202fad190045e2e5219181d042fe8138626893d45fdea1dccd7ae823651867e7652e85312c7c18272f10a8ee26f67da53560b8eb5535d6c109e61808604ba79774becbe83b1fde486126f6f7c017a096a8fae4cfe32f1d72714840eec75cd697db90018be72e46ef1a857ca700c661f212f9328fd17313acb64f8b307063d08321133cbac296d6e9947059f3a4b59358b5be0b077fea43ed301268ee3cf5313048e867aed6d24fe34de61b1a00e9db6166a7cf45c9185d942aa419e8a10327a1ce0cc01962e90ca3b20368cd2df4bc70ef71a14df85f20f93dd6326c5c397b03b26bcd075172580a03f132a3b6a6fa3fc47c8c25fdd36cec9814ef3c1ced262856b53cdd1f5ee5cf5e903591284672023f691251269d7670d38ba021cb855927000e9b0923a621358c3b6057888ac08922331f47fd9bab19a1ce509ccc91874414ce95e034c2f053fadbbb9c8488424cd30d30071f39c0a3315992a5c84c7c1fc826dfa45159dae306976b3a7f567ac82c6e0e3e9c574d886832f5cacab49810db0b20f48f35812f9e232aa9935fb21421010fec48e18c9a1663d548fc4e67ac692487f013a3d36912ba91b3d39d38182072c84786dfee003bcbbcf80df11140177c035479fc8dd8e8ab5b4e551b15af52ce319abd922fac34f6ad6c4ffb7c2a49e95325e5bc4d37b438ccb2f8564b18f556c9b,gx-no-cache=1488227833442 HTTP/1.1" 200 48
192.168.10.96 - - [27/Feb/2017:16:42:25 -0300] "POST /cormun/servlet/solicitudgral?5f548f80dafe7d8cb607beb24176da35,UPD,2017,4837,,gx-no-cache=1488227833470 HTTP/1.1" 200 10533
192.168.10.96 - - [27/Feb/2017:16:42:27 -0300] "GET /cormun/servlet/solicitudgral?47d63af92f171020e26ffdbfed898fda06762958e12609be357dc19ac6362be94579ca2a72e459f5bcbb15630587e3c20d61c689049138821e476eed52b8d60ccecadf71f78784f448e29591fc775061a475cdaff152a1eb1e5af3b2bbd7300c78be8a3a70794abf2ee9a6dd89d879f28ba50f36036495b503e63aad6be55af49c4f5b673c87c03cf9c267fb0cdb98f4433935db9f59a03d4b1461e441dd30ce,gx-no-cache=1488227834619 HTTP/1.1" 200 30
192.168.10.96 - - [27/Feb/2017:16:42:28 -0300] "POST /cormun/servlet/solicitudgral?gx-no-cache=1488227836210 HTTP/1.1" 200 1250
192.168.10.96 - - [27/Feb/2017:16:42:28 -0300] "POST /cormun/servlet/solicitudgral?gx-no-cache=1488227836255 HTTP/1.1" 200 1154
192.168.10.96 - - [27/Feb/2017:16:42:28 -0300] "POST /cormun/servlet/solicitudgral?5f548f80dafe7d8cb607beb24176da35,UPD,2017,4837,,gx-no-cache=1488227836290 HTTP/1.1" 200 93
192.168.10.96 - - [27/Feb/2017:16:42:28 -0300] "GET /cormun/servlet/hpexe_return? HTTP/1.1" 200 1014
192.168.10.96 - - [27/Feb/2017:16:42:28 -0300] "GET /cormun/static/gxcfg.js?2016101716175148 HTTP/1.1" 200 953
192.168.10.96 - - [27/Feb/2017:16:42:28 -0300] "GET /cormun/static/hpexe_return.js?2016101716175153 HTTP/1.1" 200 1633
192.168.10.96 - - [27/Feb/2017:16:42:28 -0300] "GET /cormun/servlet/trsolicitudgral? HTTP/1.1" 200 9683
186.103.159.46 - - [27/Feb/2017:16:42:29 -0300] "POST /cormun/servlet/solicitudotadjuntos?gx-no-cache=1488224620107 HTTP/1.1" 200 26
192.168.10.96 - - [27/Feb/2017:16:42:29 -0300] "GET /cormun/servlet/trsolicitudgral? HTTP/1.1" 200 9678
186.67.172.234 - - [27/Feb/2017:16:42:29 -0300] "POST /cormun/servlet/solicitudot?gx-no-cache=1488224628501 HTTP/1.1" 200 1291
186.67.172.234 - - [27/Feb/2017:16:42:29 -0300] "POST /cormun/servlet/solicitudot?gx-no-cache=1488224628558 HTTP/1.1" 200 38
186.67.172.234 - - [27/Feb/2017:16:42:34 -0300] "GET /cormun/servlet/solicitudot?274d769c263504c09bdbe2b695f3b1a3bb53c598452eeb70bb6a1647870f2369bcda738e9d7f322701dfb26433e743af90cfb19cf315c28f521c1c2fc56a342897f748b4a226f57a507fbaf0aa070b7bf2de6fa67d94f3e0728f08d7c67582648fc91088dc99255ad5c9481c00f8b0c4aa0edfe612a2ffce7a2a890abfc3393cd3a27c0420a4eab54e1acfc2e76384d8779647ec23ccf30d92596b4d830ddb71b6aa593709b3f6e90cb8545ffb4fe789bca1d96df3cc5a493ac6979c893ad3b3ce706658588f83ebd3b75fe41773658f,gx-no-cache=1488224633130 HTTP/1.1" 200 29
186.67.172.234 - - [27/Feb/2017:16:42:36 -0300] "POST /cormun/servlet/solicitudot?gx-no-cache=1488224634595 HTTP/1.1" 200 1275
186.67.172.234 - - [27/Feb/2017:16:42:36 -0300] "POST /cormun/servlet/solicitudot?gx-no-cache=1488224634651 HTTP/1.1" 200 1158
186.67.172.234 - - [27/Feb/2017:16:42:36 -0300] "GET /cormun/static/menuarrow.gif HTTP/1.1" 404 1015
186.67.172.234 - - [27/Feb/2017:16:42:37 -0300] "POST /cormun/servlet/solicitudot?gx-no-cache=1488224636058 HTTP/1.1" 200 1275
186.67.172.234 - - [27/Feb/2017:16:42:37 -0300] "POST /cormun/servlet/solicitudot?gx-no-cache=1488224636109 HTTP/1.1" 200 1158
186.103.159.46 - - [27/Feb/2017:16:42:43 -0300] "GET /cormun/servlet/solicitudotadjuntos?65476526ffece431760446fb7de0322c647f986fdb3cf3220568b939748ab036,gx-no-cache=1488224634373 HTTP/1.1" 200 30
186.103.159.46 - - [27/Feb/2017:16:42:43 -0300] "GET /cormun/servlet/solicitudotadjuntos?65476526ffece431760446fb7de0322c647f986fdb3cf3220568b939748ab036,gx-no-cache=1488224634430 HTTP/1.1" 200 30
186.103.159.46 - - [27/Feb/2017:16:42:43 -0300] "POST /cormun/servlet/solicitudotadjuntos?5b85d6517827f4d03e11769ece173ef1,INS,2017,4840,,1, HTTP/1.1" 200 116
186.103.159.46 - - [27/Feb/2017:16:42:44 -0300] "GET /cormun/servlet/hpexe_return? HTTP/1.1" 200 1028
186.103.159.46 - - [27/Feb/2017:16:42:44 -0300] "GET /cormun/servlet/trsolicitudadjuntos?2017,4840, HTTP/1.1" 200 8942
186.103.159.46 - - [27/Feb/2017:16:42:45 -0300] "GET /cormun/servlet/trsolicitudadjuntos?2017,4840, HTTP/1.1" 200 8940
186.67.172.234 - - [27/Feb/2017:16:42:48 -0300] "GET /cormun/servlet/solicitudot?274d769c263504c09bdbe2b695f3b1a38b083508f012a2f82319897f91986670f4a37189b94d1aedf0066536e1dec4fed852ff768bd0b571e2cd557e90050fb499b914cfb38a823ce4121110eafbdf66c0887c9eae5878bd14450f61b74064ef55e4bafc9af2d38cf73c7390a84d85c33458af25548d5c9b06f414cf76e74b2983274b28430248c0df6dcc39d7ec807d0a522639cfe0ebd0f59e43b93425cad96cdb96de571fa976bc8b9eb493f25e89,gx-no-cache=1488224647468 HTTP/1.1" 200 30
186.67.172.234 - - [27/Feb/2017:16:42:49 -0300] "POST /cormun/servlet/solicitudot?3fc8ba8ed9d860d9bf61474e93399743,INS,0,0,,gx-no-cache=1488224647497 HTTP/1.1" 200 93
186.67.172.234 - - [27/Feb/2017:16:42:49 -0300] "GET /cormun/servlet/hpexe_return? HTTP/1.1" 200 1009
186.67.172.234 - - [27/Feb/2017:16:42:49 -0300] "GET /cormun/servlet/trsolicitudot HTTP/1.1" 200 12120
186.67.172.234 - - [27/Feb/2017:16:42:50 -0300] "GET /cormun/servlet/trsolicitudot HTTP/1.1" 200 12116
186.67.172.234 - - [27/Feb/2017:16:43:28 -0300] "GET /cormun/servlet/solicitudot?INS,0,0, HTTP/1.1" 200 12820
186.67.172.234 - - [27/Feb/2017:16:43:29 -0300] "GET /cormun/servlet/solicitudot?INS,0,0, HTTP/1.1" 200 12825
186.103.159.46 - - [27/Feb/2017:16:43:42 -0300] "GET /cormun/servlet/trvisualizadoreventos? HTTP/1.1" 200 6514
186.103.159.46 - - [27/Feb/2017:16:43:44 -0300] "GET /cormun/servlet/trvisualizadoreventos? HTTP/1.1" 200 6501
186.67.172.234 - - [27/Feb/2017:16:43:51 -0300] "POST /cormun/servlet/solicitudot?gx-no-cache=1488224709669 HTTP/1.1" 200 3161
186.67.172.234 - - [27/Feb/2017:16:43:51 -0300] "POST /cormun/servlet/solicitudot?3fc8ba8ed9d860d9bf61474e93399743,INS,0,0,,gx-no-cache=1488224709874 HTTP/1.1" 200 9957
186.67.172.234 - - [27/Feb/2017:16:43:52 -0300] "GET /cormun/servlet/solicitudot?274d769c263504c09bdbe2b695f3b1a3bb00996dc5263528b8ac090737f7c675315fda4caffb7a80579923075336a908,gx-no-cache=1488224711471 HTTP/1.1" 200 30
186.67.172.234 - - [27/Feb/2017:16:43:52 -0300] "POST /cormun/servlet/solicitudot?gx-no-cache=1488224711532 HTTP/1.1" 200 255
186.67.172.234 - - [27/Feb/2017:16:43:53 -0300] "GET /cormun/servlet/solicitudot?274d769c263504c09bdbe2b695f3b1a3ded11b5d1580d5e20aa070ad17eb79bdff5cd1e0ca983644f242ce6d54c5e0564949ec146a7973cae006f8bc5a8f18a0e9307e55a0740bde827f3c43d45cb6290cd0f6abf54825e3ee8074f4f80be3194b315292ae7f4ccdcb67b84e652802997bb19c777491661051924928eb94a71c860053ea6910635322cd9a00608b0edd673ceb5b3ff8e043baf9086f53b85debd7506920bf35554f63ee35abc15989cd1e7f4b1883bae42420e597d68a7bae735fa53faadf321f879b586cf1282abb2d2802efc46d20388d1a45068b617dfbb96a86333a24ebbed3b8b3d8b9c3b73904b55bde2c00885648c7d66fb9f08918c275a817a3e2f310a41e5d5b37c6f4372266b1682c0bcad4e7dbd4a9220d722cef679b24af38351902e0fa322dedcf603994b5394889b8d334800e7f8cb3606dab2e2fa6a4bd9fb7fc8595142670ab6999c09318d53cc5b88f5adf66c2b079a3652a13cf0cb130e0f5ce9366814e1fa2f8dcac2f8f39ae58b99dbcf3f2198fef31,gx-no-cache=1488224711585 HTTP/1.1" 200 30
186.67.172.234 - - [27/Feb/2017:16:43:54 -0300] "POST /cormun/servlet/solicitudot?gx-no-cache=1488224712994 HTTP/1.1" 200 30
186.103.159.46 - - [27/Feb/2017:16:44:10 -0300] "POST /cormun/servlet/trvisualizadoreventos?5b85d6517827f4d03e11769ece173ef1,,gx-no-cache=1488224720877 HTTP/1.1" 200 3786
186.103.159.46 - - [27/Feb/2017:16:44:17 -0300] "GET /cormun/servlet/trsolicitudot? HTTP/1.1" 200 7987
186.103.159.46 - - [27/Feb/2017:16:44:19 -0300] "GET /cormun/servlet/trsolicitudot? HTTP/1.1" 200 7987
186.103.159.46 - - [27/Feb/2017:16:44:44 -0300] "POST /cormun/servlet/trsolicitudot?5b85d6517827f4d03e11769ece173ef1,,gx-no-cache=1488224754890 HTTP/1.1" 200 4155
186.103.159.46 - - [27/Feb/2017:16:44:44 -0300] "GET /cormun/static/Shared/jqueryui/images/ui-bg_highlight-soft_100_c6c2c8_1x100.png HTTP/1.1" 404 1117
186.103.159.46 - - [27/Feb/2017:16:44:44 -0300] "GET /cormun/static/Shared/jqueryui/images/ui-icons_82798d_256x240.png HTTP/1.1" 404 1089
186.103.159.46 - - [27/Feb/2017:16:44:44 -0300] "GET /cormun/static/Shared/jqueryui/images/ui-bg_flat_55_fafafa_40x100.png HTTP/1.1" 404 1097
186.103.159.46 - - [27/Feb/2017:16:44:44 -0300] "GET /cormun/static/Shared/jqueryui/images/ui-icons_8d78a5_256x240.png HTTP/1.1" 404 1089
186.103.159.46 - - [27/Feb/2017:16:44:44 -0300] "POST /cormun/servlet/trsolicitudot?5b85d6517827f4d03e11769ece173ef1,,gx-no-cache=1488224755444 HTTP/1.1" 200 3933
200.111.191.210 - - [27/Feb/2017:16:45:10 -0300] "GET /cormun/servlet/hlogin HTTP/1.1" 200 1732
186.67.172.234 - - [27/Feb/2017:16:45:32 -0300] "POST /cormun/servlet/solicitudot?gx-no-cache=1488224810986 HTTP/1.1" 200 1291
186.67.172.234 - - [27/Feb/2017:16:45:32 -0300] "POST /cormun/servlet/solicitudot?gx-no-cache=1488224811053 HTTP/1.1" 200 38
186.67.172.234 - - [27/Feb/2017:16:45:37 -0300] "GET /cormun/servlet/solicitudot?274d769c263504c09bdbe2b695f3b1a3bb53c598452eeb70bb6a1647870f2369bcda738e9d7f322701dfb26433e743af90cfb19cf315c28f521c1c2fc56a342897f748b4a226f57a507fbaf0aa070b7bf2de6fa67d94f3e0728f08d7c67582648fc91088dc99255ad5c9481c00f8b0c4aa0edfe612a2ffce7a2a890abfc3393cd3a27c0420a4eab54e1acfc2e76384d8779647ec23ccf30d92596b4d830ddb71b6aa593709b3f6e90cb8545ffb4fe789bca1d96df3cc5a493ac6979c893ad3b3ce706658588f83ebd3b75fe41773658f,gx-no-cache=1488224815634 HTTP/1.1" 200 29
186.67.172.234 - - [27/Feb/2017:16:45:45 -0300] "POST /cormun/servlet/solicitudot?gx-no-cache=1488224824099 HTTP/1.1" 200 1291
186.67.172.234 - - [27/Feb/2017:16:45:45 -0300] "POST /cormun/servlet/solicitudot?gx-no-cache=1488224824150 HTTP/1.1" 200 38
186.67.172.234 - - [27/Feb/2017:16:45:45 -0300] "POST /cormun/servlet/solicitudot?gx-no-cache=1488224824189 HTTP/1.1" 200 1274
186.67.172.234 - - [27/Feb/2017:16:45:45 -0300] "POST /cormun/servlet/solicitudot?gx-no-cache=1488224824265 HTTP/1.1" 200 1157
186.67.172.234 - - [27/Feb/2017:16:45:45 -0300] "GET /cormun/static/menuarrow.gif HTTP/1.1" 404 1015
186.67.172.234 - - [27/Feb/2017:16:45:46 -0300] "POST /cormun/servlet/solicitudot?gx-no-cache=1488224825331 HTTP/1.1" 200 1291
186.67.172.234 - - [27/Feb/2017:16:45:46 -0300] "POST /cormun/servlet/solicitudot?gx-no-cache=1488224825412 HTTP/1.1" 200 38
186.67.172.234 - - [27/Feb/2017:16:45:46 -0300] "POST /cormun/servlet/solicitudot?gx-no-cache=1488224825478 HTTP/1.1" 200 1274
186.67.172.234 - - [27/Feb/2017:16:45:46 -0300] "POST /cormun/servlet/solicitudot?gx-no-cache=1488224825548 HTTP/1.1" 200 1157
186.67.172.234 - - [27/Feb/2017:16:45:56 -0300] "GET /cormun/servlet/solicitudot?274d769c263504c09bdbe2b695f3b1a3314b44064ff6849a100f9d7ae9e810f02a5bc7a7178a4cf99d006354f2235eb8d852ff768bd0b571e2cd557e90050fb499b914cfb38a823ce4121110eafbdf66c0887c9eae5878bd14450f61b74064ef55e4bafc9af2d38cf73c7390a84d85c33458af25548d5c9b06f414cf76e74b2983274b28430248c0df6dcc39d7ec807d0a522639cfe0ebd0f59e43b93425cad96cdb96de571fa976bc8b9eb493f25e89,gx-no-cache=1488224835307 HTTP/1.1" 200 30
186.67.172.234 - - [27/Feb/2017:16:45:56 -0300] "POST /cormun/servlet/solicitudot?3fc8ba8ed9d860d9bf61474e93399743,INS,0,0,,gx-no-cache=1488224835343 HTTP/1.1" 200 93
186.67.172.234 - - [27/Feb/2017:16:45:56 -0300] "GET /cormun/servlet/hpexe_return? HTTP/1.1" 200 1009
186.67.172.234 - - [27/Feb/2017:16:45:57 -0300] "GET /cormun/servlet/trsolicitudot HTTP/1.1" 200 12462
186.67.172.234 - - [27/Feb/2017:16:45:57 -0300] "GET /cormun/servlet/trsolicitudot HTTP/1.1" 200 12458
186.67.172.234 - - [27/Feb/2017:16:45:59 -0300] "GET /cormun/servlet/solicitudot?INS,0,0, HTTP/1.1" 200 12818
186.67.172.234 - - [27/Feb/2017:16:45:59 -0300] "GET /cormun/servlet/solicitudot?INS,0,0, HTTP/1.1" 200 12823
186.67.172.234 - - [27/Feb/2017:16:46:05 -0300] "POST /cormun/servlet/solicitudot?gx-no-cache=1488224843844 HTTP/1.1" 200 3161
186.67.172.234 - - [27/Feb/2017:16:46:06 -0300] "POST /cormun/servlet/solicitudot?3fc8ba8ed9d860d9bf61474e93399743,INS,0,0,,gx-no-cache=1488224844256 HTTP/1.1" 200 9957
186.67.172.234 - - [27/Feb/2017:16:46:07 -0300] "GET /cormun/servlet/solicitudot?274d769c263504c09bdbe2b695f3b1a3bb00996dc5263528b8ac090737f7c675315fda4caffb7a80579923075336a908,gx-no-cache=1488224845895 HTTP/1.1" 200 30
186.67.172.234 - - [27/Feb/2017:16:46:07 -0300] "POST /cormun/servlet/solicitudot?gx-no-cache=1488224845961 HTTP/1.1" 200 255
186.67.172.234 - - [27/Feb/2017:16:46:07 -0300] "GET /cormun/servlet/solicitudot?274d769c263504c09bdbe2b695f3b1a3ded11b5d1580d5e20aa070ad17eb79bdff5cd1e0ca983644f242ce6d54c5e0564949ec146a7973cae006f8bc5a8f18a0e9307e55a0740bde827f3c43d45cb6290cd0f6abf54825e3ee8074f4f80be3194b315292ae7f4ccdcb67b84e652802997bb19c777491661051924928eb94a71c860053ea6910635322cd9a00608b0edd673ceb5b3ff8e043baf9086f53b85debd7506920bf35554f63ee35abc15989cd1e7f4b1883bae42420e597d68a7bae735fa53faadf321f879b586cf1282abb2d2802efc46d20388d1a45068b617dfbb96a86333a24ebbed3b8b3d8b9c3b73904b55bde2c00885648c7d66fb9f08918c275a817a3e2f310a41e5d5b37c6f4372266b1682c0bcad4e7dbd4a9220d722cef679b24af38351902e0fa322dedcf603994b5394889b8d334800e7f8cb3606dab2e2fa6a4bd9fb7fc8595142670ab6999c09318d53cc5b88f5adf66c2b079a3652a13cf0cb130e0f5ce9366814e1fa2f8dcac2f8f39ae58b99dbcf3f2198fef31,gx-no-cache=1488224845990 HTTP/1.1" 200 30
186.103.159.46 - - [27/Feb/2017:16:46:08 -0300] "GET /cormun/servlet/hlogin HTTP/1.1" 200 1719
186.103.159.46 - - [27/Feb/2017:16:46:08 -0300] "GET /cormun/static/gxtimezone.js?85251 HTTP/1.1" 200 5781
186.103.159.46 - - [27/Feb/2017:16:46:08 -0300] "GET /cormun/static/gxcfg.js?201612216162538 HTTP/1.1" 200 953
186.103.159.46 - - [27/Feb/2017:16:46:08 -0300] "GET /cormun/static/Resources/Spanish/PXTools.css?167811 HTTP/1.1" 200 89042
186.67.172.234 - - [27/Feb/2017:16:46:08 -0300] "POST /cormun/servlet/solicitudot?gx-no-cache=1488224847433 HTTP/1.1" 200 30
186.103.159.46 - - [27/Feb/2017:16:46:09 -0300] "GET /cormun/static/messages.spa.js?85251 HTTP/1.1" 200 30736
186.103.159.46 - - [27/Feb/2017:16:46:09 -0300] "GET /cormun/static/hlogin.js?201612216162555 HTTP/1.1" 200 2136
186.103.159.46 - - [27/Feb/2017:16:46:09 -0300] "GET /cormun/static/gxgral.js?85251 HTTP/1.1" 200 384558
186.103.159.46 - - [27/Feb/2017:16:46:09 -0300] "GET /cormun/static/Resources/ComunLogin.png HTTP/1.1" 200 17326
186.103.159.46 - - [27/Feb/2017:16:46:09 -0300] "GET /cormun/static/Resources/PXToolsLoginTop.png HTTP/1.1" 200 1337
186.103.159.46 - - [27/Feb/2017:16:46:09 -0300] "GET /cormun/static/Resources/PXToolsLoginBackground.png HTTP/1.1" 200 1164
186.103.159.46 - - [27/Feb/2017:16:46:09 -0300] "GET /cormun/static/Resources/PXToolsButtonLeft21.png HTTP/1.1" 200 1287
186.103.159.46 - - [27/Feb/2017:16:46:09 -0300] "GET /cormun/static/Resources/PXToolsButtonRight21.png HTTP/1.1" 200 1283
186.103.159.46 - - [27/Feb/2017:16:46:09 -0300] "GET /cormun/static/Resources/PXToolsButtonBackground2.png HTTP/1.1" 200 1181
186.103.159.46 - - [27/Feb/2017:16:46:09 -0300] "GET /cormun/static/Resources/PXToolsLoginBottom.png HTTP/1.1" 200 1389
186.103.159.46 - - [27/Feb/2017:16:46:09 -0300] "GET /cormun/static/Resources/indicator.gif HTTP/1.1" 200 1553
186.103.159.46 - - [27/Feb/2017:16:46:09 -0300] "GET /cormun/servlet/hlogin HTTP/1.1" 200 1729
186.103.159.46 - - [27/Feb/2017:16:46:09 -0300] "GET /favicon.ico HTTP/1.1" 200 21630
186.67.172.234 - - [27/Feb/2017:16:46:13 -0300] "POST /cormun/servlet/solicitudot?gx-no-cache=1488224852474 HTTP/1.1" 200 1291
186.67.172.234 - - [27/Feb/2017:16:46:13 -0300] "POST /cormun/servlet/solicitudot?gx-no-cache=1488224852543 HTTP/1.1" 200 38
186.67.172.234 - - [27/Feb/2017:16:46:22 -0300] "POST /cormun/servlet/solicitudot?gx-no-cache=1488224860628 HTTP/1.1" 200 1291
186.67.172.234 - - [27/Feb/2017:16:46:22 -0300] "POST /cormun/servlet/solicitudot?gx-no-cache=1488224860676 HTTP/1.1" 200 38
186.67.172.234 - - [27/Feb/2017:16:46:23 -0300] "GET /cormun/servlet/solicitudot?274d769c263504c09bdbe2b695f3b1a3bb53c598452eeb70bb6a1647870f2369bcda738e9d7f322701dfb26433e743af90cfb19cf315c28f521c1c2fc56a342897f748b4a226f57a507fbaf0aa070b7bf2de6fa67d94f3e0728f08d7c67582648fc91088dc99255ad5c9481c00f8b0c4aa0edfe612a2ffce7a2a890abfc3393cd3a27c0420a4eab54e1acfc2e76384d8779647ec23ccf30d92596b4d830ddb71b6aa593709b3f6e90cb8545ffb4fe789bca1d96df3cc5a493ac6979c893ad3b3ce706658588f83ebd3b75fe41773658f,gx-no-cache=1488224862529 HTTP/1.1" 200 29
186.67.172.234 - - [27/Feb/2017:16:46:25 -0300] "POST /cormun/servlet/solicitudot?gx-no-cache=1488224863876 HTTP/1.1" 200 1275
186.67.172.234 - - [27/Feb/2017:16:46:25 -0300] "POST /cormun/servlet/solicitudot?gx-no-cache=1488224863933 HTTP/1.1" 200 1157
186.67.172.234 - - [27/Feb/2017:16:46:25 -0300] "GET /cormun/static/menuarrow.gif HTTP/1.1" 404 1015
186.103.159.46 - - [27/Feb/2017:16:46:25 -0300] "POST /cormun/servlet/hlogin?a6b095c69b5892ab206202a23fc2d532,gx-no-cache=1488224857169 HTTP/1.1" 200 446
186.67.172.234 - - [27/Feb/2017:16:46:26 -0300] "POST /cormun/servlet/solicitudot?gx-no-cache=1488224865051 HTTP/1.1" 200 1275
186.67.172.234 - - [27/Feb/2017:16:46:26 -0300] "POST /cormun/servlet/solicitudot?gx-no-cache=1488224865115 HTTP/1.1" 200 1157
186.103.159.46 - - [27/Feb/2017:16:46:33 -0300] "POST /cormun/servlet/hlogin?a6b095c69b5892ab206202a23fc2d532,gx-no-cache=1488224864846 HTTP/1.1" 200 90
186.103.159.46 - - [27/Feb/2017:16:46:33 -0300] "GET /cormun/servlet/hpexe_link HTTP/1.1" 200 953
186.103.159.46 - - [27/Feb/2017:16:46:33 -0300] "GET /cormun/static/hpexe_link.js?201612218515532 HTTP/1.1" 200 625
186.103.159.46 - - [27/Feb/2017:16:46:33 -0300] "GET /cormun/static/gxcfg.js?201612218515529 HTTP/1.1" 200 953
186.103.159.46 - - [27/Feb/2017:16:46:33 -0300] "GET /cormun/static/Resources/Spanish/PXTools.css?18365030 HTTP/1.1" 200 89042
186.103.159.46 - - [27/Feb/2017:16:46:33 -0300] "GET /cormun/servlet/hhome HTTP/1.1" 200 3977
186.103.159.46 - - [27/Feb/2017:16:46:34 -0300] "GET /cormun/static/Shared/jqueryui/jquery-ui.min.css?1345370 HTTP/1.1" 200 30288
186.103.159.46 - - [27/Feb/2017:16:46:34 -0300] "GET /cormun/static/SmoothNavMenu/resources/ddsmoothmenu.css?1112540 HTTP/1.1" 200 2223
186.103.159.46 - - [27/Feb/2017:16:46:34 -0300] "GET /cormun/static/SmoothNavMenu/resources/ddsmoothmenu-v.css?1112540 HTTP/1.1" 200 1188
186.103.159.46 - - [27/Feb/2017:16:46:34 -0300] "GET /cormun/static/scaMessage/css/jquery.pnotify.default.css?1816380 HTTP/1.1" 200 1707
186.103.159.46 - - [27/Feb/2017:16:46:34 -0300] "GET /cormun/static/PXToolsJavascripts/pexe_autoreload.js HTTP/1.1" 200 1762
186.103.159.46 - - [27/Feb/2017:16:46:34 -0300] "GET /cormun/static/gxcfg.js?201612218515568 HTTP/1.1" 200 953
186.103.159.46 - - [27/Feb/2017:16:46:34 -0300] "GET /cormun/static/PXToolsJavascripts/pexe_cookies.js HTTP/1.1" 200 792
186.103.159.46 - - [27/Feb/2017:16:46:34 -0300] "GET /cormun/static/PXToolsJavascripts/pexe_windows.js HTTP/1.1" 200 15207
186.103.159.46 - - [27/Feb/2017:16:46:34 -0300] "GET /cormun/static/PXToolsJavascripts/pexe_grid.js HTTP/1.1" 200 7559
186.103.159.46 - - [27/Feb/2017:16:46:34 -0300] "GET /cormun/static/PXToolsJavascripts/pexe_griddivfix.js HTTP/1.1" 200 6644
186.103.159.46 - - [27/Feb/2017:16:46:34 -0300] "GET /cormun/static/PXToolsJavascripts/pexe_menudivfix.js HTTP/1.1" 200 333
186.103.159.46 - - [27/Feb/2017:16:46:34 -0300] "GET /cormun/static/PXToolsJavascripts/pexe_link.js HTTP/1.1" 200 5671
186.103.159.46 - - [27/Feb/2017:16:46:34 -0300] "GET /cormun/static/PXToolsJavascripts/pexe_menus.js HTTP/1.1" 200 1286
186.103.159.46 - - [27/Feb/2017:16:46:34 -0300] "GET /cormun/static/PXToolsJavascripts/pexe_layers.js HTTP/1.1" 200 4114
186.103.159.46 - - [27/Feb/2017:16:46:34 -0300] "GET /cormun/static/PXToolsJavascripts/pexe_oavdivfix.js HTTP/1.1" 200 639
186.103.159.46 - - [27/Feb/2017:16:46:34 -0300] "GET /cormun/static/PXToolsJavascripts/pexe_picture.js HTTP/1.1" 200 689
186.103.159.46 - - [27/Feb/2017:16:46:34 -0300] "GET /cormun/static/PXToolsJavascripts/pexe_oav.js HTTP/1.1" 200 645
186.103.159.46 - - [27/Feb/2017:16:46:34 -0300] "GET /cormun/static/PXToolsJavascripts/pexe_popup.js HTTP/1.1" 200 13458
186.103.159.46 - - [27/Feb/2017:16:46:34 -0300] "GET /cormun/static/PXToolsJavascripts/pexe_scrolldiv.js HTTP/1.1" 200 4138
186.103.159.46 - - [27/Feb/2017:16:46:34 -0300] "GET /cormun/static/PXToolsJavascripts/pexe_tabdivfix.js HTTP/1.1" 200 876
186.103.159.46 - - [27/Feb/2017:16:46:34 -0300] "GET /cormun/static/PXToolsJavascripts/pexe_tabs.js HTTP/1.1" 200 3748
186.103.159.46 - - [27/Feb/2017:16:46:34 -0300] "GET /cormun/static/PXToolsJavascripts/PXToolsJavascriptsRender.js HTTP/1.1" 200 367
186.103.159.46 - - [27/Feb/2017:16:46:34 -0300] "GET /cormun/static/PXToolsJavascripts/pexe_upload.js HTTP/1.1" 200 1423
186.103.159.46 - - [27/Feb/2017:16:46:34 -0300] "GET /cormun/static/RunJS/RunJS.js HTTP/1.1" 200 288
186.103.159.46 - - [27/Feb/2017:16:46:34 -0300] "GET /cormun/static/hhome.js?201612218515573 HTTP/1.1" 200 777
186.103.159.46 - - [27/Feb/2017:16:46:34 -0300] "GET /cormun/static/Shared/ext/locale/ext-lang-en.js HTTP/1.1" 200 10940
186.103.159.46 - - [27/Feb/2017:16:46:34 -0300] "GET /cormun/static/hwchdr01.js?201612218432057 HTTP/1.1" 200 1183
186.103.159.46 - - [27/Feb/2017:16:46:34 -0300] "GET /cormun/static/hpexe_recentlink.js?201610171694390 HTTP/1.1" 200 2144
186.103.159.46 - - [27/Feb/2017:16:46:34 -0300] "GET /cormun/static/Resources/PXToolsHeaderPreferences.png HTTP/1.1" 200 4189
186.103.159.46 - - [27/Feb/2017:16:46:34 -0300] "GET /cormun/static/Resources/PXToolsHeaderActionsLeft.png HTTP/1.1" 200 1118
186.103.159.46 - - [27/Feb/2017:16:46:34 -0300] "GET /cormun/static/Resources/PXToolsFooterBackground2.png HTTP/1.1" 200 1172
186.103.159.46 - - [27/Feb/2017:16:46:34 -0300] "GET /cormun/static/Resources/logo4.png HTTP/1.1" 200 6582
186.103.159.46 - - [27/Feb/2017:16:46:34 -0300] "GET /cormun/static/gxui/gxui-all.js HTTP/1.1" 200 107772
186.103.159.46 - - [27/Feb/2017:16:46:34 -0300] "GET /cormun/static/Resources/PXToolsHeaderLogin.png HTTP/1.1" 200 4279
186.103.159.46 - - [27/Feb/2017:16:46:34 -0300] "GET /cormun/static/Resources/PXToolsDataTitle.png HTTP/1.1" 200 1173
186.103.159.46 - - [27/Feb/2017:16:46:34 -0300] "GET /cormun/static/Resources/PXToolsHeaderActionsBackground.png HTTP/1.1" 200 484
186.103.159.46 - - [27/Feb/2017:16:46:34 -0300] "GET /cormun/static/Resources/PXToolsHeaderBackground2.png HTTP/1.1" 200 1174
186.103.159.46 - - [27/Feb/2017:16:46:34 -0300] "GET /cormun/static/Resources/PXToolsHeaderSecurity.png HTTP/1.1" 200 4166
186.103.159.46 - - [27/Feb/2017:16:46:34 -0300] "GET /cormun/static/Resources/PXToolsHeaderActionsRight.png HTTP/1.1" 200 1201
186.103.159.46 - - [27/Feb/2017:16:46:34 -0300] "GET /cormun/static/Resources/PXToolsHeaderHome.png HTTP/1.1" 200 4147
186.103.159.46 - - [27/Feb/2017:16:46:35 -0300] "GET /cormun/static/hpexe_scripts.js?201612218432016 HTTP/1.1" 200 1544
186.103.159.46 - - [27/Feb/2017:16:46:35 -0300] "GET /cormun/static/hpexe_messagecontroller.js?201610171694323 HTTP/1.1" 200 870
186.103.159.46 - - [27/Feb/2017:16:46:35 -0300] "GET /cormun/static/hpexe_messagepopupcomponent.js?20161017169425 HTTP/1.1" 200 605
186.103.159.46 - - [27/Feb/2017:16:46:35 -0300] "GET /cormun/static/hpexe_messagegenexuscomponent.js?201612218431816 HTTP/1.1" 200 587
186.103.159.46 - - [27/Feb/2017:16:46:35 -0300] "GET /cormun/static/cmcontrolpreferences.js?201612218431999 HTTP/1.1" 200 1375
186.103.159.46 - - [27/Feb/2017:16:46:35 -0300] "GET /cormun/static/SmoothNavMenu/resources/ddsmoothmenu.js HTTP/1.1" 200 12712
186.103.159.46 - - [27/Feb/2017:16:46:35 -0300] "GET /cormun/static/SmoothNavMenu/resources/SmoothNavMenuRender.js HTTP/1.1" 200 5951
186.103.159.46 - - [27/Feb/2017:16:46:35 -0300] "GET /cormun/static/scaMessage/js/jquery.pnotify.min.js HTTP/1.1" 200 13038
186.103.159.46 - - [27/Feb/2017:16:46:35 -0300] "GET /cormun/static/Shared/jquery/jquery-1.4.2.min.js HTTP/1.1" 200 72174
186.103.159.46 - - [27/Feb/2017:16:46:35 -0300] "GET /cormun/static/Shared/jqueryui/jquery-ui.min.js HTTP/1.1" 200 240427
186.103.159.46 - - [27/Feb/2017:16:46:35 -0300] "GET /cormun/static/hmpwkw03.js?20161221852152 HTTP/1.1" 200 3965
186.103.159.46 - - [27/Feb/2017:16:46:35 -0300] "GET /cormun/static/scaMessage/scaMessageRender.js HTTP/1.1" 200 11977
186.103.159.46 - - [27/Feb/2017:16:46:36 -0300] "GET /cormun/static/Shared/ext/ext-all.js HTTP/1.1" 200 1289687
186.103.159.46 - - [27/Feb/2017:16:46:36 -0300] "GET /cormun/static/Shared/jquery/jquery-1.10.2.min.js HTTP/1.1" 200 273199
186.103.159.46 - - [27/Feb/2017:16:46:37 -0300] "GET /cormun/static/SmoothNavMenu/resources/images/down.gif HTTP/1.1" 200 854
186.103.159.46 - - [27/Feb/2017:16:46:37 -0300] "GET /cormun/static/SmoothNavMenu/resources/images/right.gif HTTP/1.1" 200 860
186.103.159.46 - - [27/Feb/2017:16:46:37 -0300] "GET /cormun/servlet/hhome HTTP/1.1" 200 3973
186.103.159.46 - - [27/Feb/2017:16:46:42 -0300] "GET /cormun/servlet/trautorizarsolicitud? HTTP/1.1" 200 8141
186.103.159.46 - - [27/Feb/2017:16:46:43 -0300] "GET /cormun/static/gxui/gxui-all.css?120300 HTTP/1.1" 200 2179
186.103.159.46 - - [27/Feb/2017:16:46:43 -0300] "GET /cormun/static/calendar-system.css?85620 HTTP/1.1" 200 5572
186.103.159.46 - - [27/Feb/2017:16:46:43 -0300] "GET /cormun/static/calendar.js?85251 HTTP/1.1" 200 26246
186.103.159.46 - - [27/Feb/2017:16:46:43 -0300] "GET /cormun/static/gxcfg.js?2017259112829 HTTP/1.1" 200 953
186.103.159.46 - - [27/Feb/2017:16:46:43 -0300] "GET /cormun/static/calendar-setup.js?85251 HTTP/1.1" 200 2588
186.103.159.46 - - [27/Feb/2017:16:46:43 -0300] "GET /cormun/static/calendar-es.js?85251 HTTP/1.1" 200 1901
186.103.159.46 - - [27/Feb/2017:16:46:43 -0300] "GET /cormun/static/Shared/ext/resources/css/ext-all.css?215870 HTTP/1.1" 200 416045
186.103.159.46 - - [27/Feb/2017:16:46:43 -0300] "GET /cormun/static/gxdec.js?85251 HTTP/1.1" 200 19579
186.103.159.46 - - [27/Feb/2017:16:46:43 -0300] "GET /cormun/static/trautorizarsolicitud.js?2017259113483 HTTP/1.1" 200 53096
186.103.159.46 - - [27/Feb/2017:16:46:43 -0300] "GET /cormun/static/Resources/PXTools/calendar.png HTTP/1.1" 200 1306
186.103.159.46 - - [27/Feb/2017:16:46:43 -0300] "GET /cormun/static/Resources/PXToolsDataSearch.png HTTP/1.1" 200 419
186.103.159.46 - - [27/Feb/2017:16:46:43 -0300] "GET /cormun/static/Resources/PXToolsGridFirstDisabled.gif HTTP/1.1" 200 100
186.103.159.46 - - [27/Feb/2017:16:46:43 -0300] "GET /cormun/static/Resources/PXToolsGridPreviousDisabled.gif HTTP/1.1" 200 90
186.103.159.46 - - [27/Feb/2017:16:46:43 -0300] "GET /cormun/static/Resources/PXToolsGridNextDisabled.gif HTTP/1.1" 200 90
186.103.159.46 - - [27/Feb/2017:16:46:43 -0300] "GET /cormun/static/Resources/PXToolsGridLastDisabled.gif HTTP/1.1" 200 98
186.103.159.46 - - [27/Feb/2017:16:46:43 -0300] "GET /cormun/static/Resources/PXToolsGridPage.gif HTTP/1.1" 200 725
186.103.159.46 - - [27/Feb/2017:16:46:43 -0300] "GET /cormun/static/Resources/PXToolsActionExcel.png HTTP/1.1" 200 3187
186.103.159.46 - - [27/Feb/2017:16:46:44 -0300] "GET /cormun/static/Resources/asc.gif HTTP/1.1" 200 67
186.103.159.46 - - [27/Feb/2017:16:46:44 -0300] "GET /cormun/static/Resources/desc.gif HTTP/1.1" 200 65
186.103.159.46 - - [27/Feb/2017:16:46:44 -0300] "GET /cormun//static/Resources/PXToolsActionView.png HTTP/1.1" 200 2995
186.103.159.46 - - [27/Feb/2017:16:46:44 -0300] "GET /cormun//static/Resources/PXToolsRemoveAllAction.png HTTP/1.1" 200 3558
186.103.159.46 - - [27/Feb/2017:16:46:44 -0300] "GET /cormun//static/Resources/PXToolsGridDelete.png HTTP/1.1" 200 357
186.103.159.46 - - [27/Feb/2017:16:46:44 -0300] "GET /cormun//static/Resources/PXToolsGridUpdate.png HTTP/1.1" 200 2984
186.103.159.46 - - [27/Feb/2017:16:46:44 -0300] "GET /cormun//static/Resources/PXTools/ActionInsert.png HTTP/1.1" 200 1482
186.103.159.46 - - [27/Feb/2017:16:46:44 -0300] "GET /cormun/servlet/trautorizarsolicitud? HTTP/1.1" 200 8139
186.103.159.46 - - [27/Feb/2017:16:46:44 -0300] "GET /cormun/static/Shared/ext/resources/themes/images/default/panel/bg-headersPanel.png HTTP/1.1" 200 255
186.103.159.46 - - [27/Feb/2017:16:46:44 -0300] "GET /cormun/static/Shared/ext/resources/themes/images/default/tools/tool-sprites.gif HTTP/1.1" 200 5434
186.67.172.234 - - [27/Feb/2017:16:46:51 -0300] "GET /cormun/servlet/solicitudot?274d769c263504c09bdbe2b695f3b1a3314b44064ff6849a100f9d7ae9e810f02a5bc7a7178a4cf99d006354f2235eb8d852ff768bd0b571e2cd557e90050fb499b914cfb38a823ce4121110eafbdf66c0887c9eae5878bd14450f61b74064ef55e4bafc9af2d38cf73c7390a84d85c33458af25548d5c9b06f414cf76e74b2983274b28430248c0df6dcc39d7ec807d0a522639cfe0ebd0f59e43b93425cad96cdb96de571fa976bc8b9eb493f25e89,gx-no-cache=1488224890545 HTTP/1.1" 200 30
186.67.172.234 - - [27/Feb/2017:16:46:52 -0300] "POST /cormun/servlet/solicitudot?3fc8ba8ed9d860d9bf61474e93399743,INS,0,0,,gx-no-cache=1488224890591 HTTP/1.1" 200 93
186.67.172.234 - - [27/Feb/2017:16:46:52 -0300] "GET /cormun/servlet/hpexe_return? HTTP/1.1" 200 1009
186.67.172.234 - - [27/Feb/2017:16:46:52 -0300] "GET /cormun/servlet/trsolicitudot HTTP/1.1" 200 12678
186.67.172.234 - - [27/Feb/2017:16:46:53 -0300] "GET /cormun/servlet/trsolicitudot HTTP/1.1" 200 12674
186.103.159.46 - - [27/Feb/2017:16:47:12 -0300] "GET /cormun/servlet/trsolicitudot? HTTP/1.1" 200 6948
