186.103.159.204 - - [27/Feb/2017:11:57:22 -0300] "GET /cormun/servlet/solicitudot?e1b3a219e1b616219a56c4b442c79093187e343d2aa2cd9eabf6a2302ce9a31ed46424a44ff16b4c38faad7b982f77b3,gx-no-cache=1488207511518 HTTP/1.1" 200 30
186.103.159.204 - - [27/Feb/2017:11:57:22 -0300] "POST /cormun/servlet/solicitudot?gx-no-cache=1488207511581 HTTP/1.1" 200 297
186.103.159.204 - - [27/Feb/2017:11:57:22 -0300] "GET /cormun/servlet/solicitudot?e1b3a219e1b616219a56c4b442c790934a1eae645e1bce60908adfe868110adc87d119ccc5891306243aab544d3fc47cfef4af05f2bb2e9344d5dfda34db1fce612f6cbbac7749964a49b33f32eeba11c0190ddf96375068a32eedbbb5e6c3b2adca72e2dcb0689c34015224ceb66760eb8c46bcb53cd82793fde3487e8bc222c6211c9db140bdbb7a264d679e947319699cfce8204238dadd08731eef762851e63a4581e8fd08e34c7915a72fa9edd7ea04c38965c94e67d4108cbb9b9bd4e74d1b14cecf4191526c6baf5841d1ee3896c1b09fde06516e9bbe800b4ea717bee20b2dd6dc386a0ac82671704971be2ef734173877fa4e1e75b3bf51de2f60e8f815c4fec75f2b648566c3e96af87248c51d870beb9273c6e9f832cbdce51cce8d81ac63731ff02a8a858ce6cfef3ddf482ec690e67dbb99e29fbcffc863e8d047850e1b10707a622e3095fe343b49811346f3855c554344f0780371b6a19c26ad5a158ad741f38425f57a9ff50bc4ba9aa7d1eb897902fb223df4816df7a7f28b2f73b092d358d494672a689c8ab920,gx-no-cache=1488207511631 HTTP/1.1" 200 30
186.103.159.204 - - [27/Feb/2017:11:57:26 -0300] "POST /cormun/servlet/solicitudot?gx-no-cache=1488207515733 HTTP/1.1" 200 30
186.103.159.204 - - [27/Feb/2017:11:57:30 -0300] "POST /cormun/servlet/solicitudot?gx-no-cache=1488207519651 HTTP/1.1" 200 235
186.103.159.204 - - [27/Feb/2017:11:57:30 -0300] "POST /cormun/servlet/solicitudot?gx-no-cache=1488207519825 HTTP/1.1" 200 38
200.73.230.173 - - [27/Feb/2017:11:57:42 -0300] "GET /cormun/static/menuarrow.gif HTTP/1.1" 404 1015
186.103.159.204 - - [27/Feb/2017:11:57:45 -0300] "GET /cormun/servlet/solicitudot?e1b3a219e1b616219a56c4b442c790932d308ec2e965ae9223432c82403b1373e701569218475206c6a9827170a290f92b013602b85cb449ad59c0ed916334e3b1ec6b529e5bcd92d6a3dbf5c13e30788191359804098ce8a8fc250ada2b72e07aec67b5577753b0a54f6d08c9ca653b,gx-no-cache=1488207535059 HTTP/1.1" 200 29
186.103.159.204 - - [27/Feb/2017:11:57:45 -0300] "POST /cormun/servlet/solicitudot?gx-no-cache=1488207535101 HTTP/1.1" 200 643
186.103.159.204 - - [27/Feb/2017:11:57:46 -0300] "POST /cormun/servlet/solicitudot?gx-no-cache=1488207536175 HTTP/1.1" 200 1157
186.103.159.204 - - [27/Feb/2017:11:57:59 -0300] "GET /cormun/static/menuarrow.gif HTTP/1.1" 404 1015
200.73.230.173 - - [27/Feb/2017:11:58:15 -0300] "GET /cormun/servlet/solicitudot?ddf37d3f294fadba57eb41a9093ef8378a48e8a98b3afc1692b37cda513c139dd464d08d356a810eae3df443e381185ea946d3abecaa6871d02f3e777755e649ed0e859f843025b3bbd3f3d9609cfa2600c838721694d52db90dadebf51321994ecb2c2d1347280938fe3b91afa78996dfc86956d81cf0607461a58bbd746cee024f76fa2241fa8d51f14571c0967162a5c04a6ba09ab3cf2cf00fe0349d972f8044a195142e15640066b0bda7c5044d,gx-no-cache=1488207569194 HTTP/1.1" 200 30
186.103.159.204 - - [27/Feb/2017:11:58:23 -0300] "GET /cormun/servlet/solicitudot?e1b3a219e1b616219a56c4b442c79093e5ab8967345ec1da157207e285a26149d2d2b496da41d5ba45e56940fe2aa346c71676b89d84027f274e560ce8080b077524f884bc8bff10606bd6b87d45eb7810484c97fe69eee3906f5c8240f4a339759a6557c8122a3fd5208048693ca6557ea9ec5e4aa2b91e0870720e65f87a159043598752a4a55b7679cbfb619610cda97961c99947d925e4b77c8366192977c22728e5c9f0809b0e9f5e1cf68662f0,gx-no-cache=1488207572194 HTTP/1.1" 200 30
186.103.159.183 - - [27/Feb/2017:11:58:32 -0300] "POST /cormun/servlet/trsolicitudot?5b2e48822e9739ed93a1e4537475150c,gx-no-cache=1488207584561 HTTP/1.1" 200 107
186.103.159.183 - - [27/Feb/2017:11:58:32 -0300] "GET /cormun/servlet/trsolicitudadjuntos?2017,4830, HTTP/1.1" 200 6066
186.103.159.183 - - [27/Feb/2017:11:58:32 -0300] "GET /cormun/static/gxcfg.js?201612218531388 HTTP/1.1" 200 953
186.103.159.183 - - [27/Feb/2017:11:58:32 -0300] "GET /cormun/static/trsolicitudadjuntos.js?201612218531657 HTTP/1.1" 200 17913
200.73.230.173 - - [27/Feb/2017:11:58:32 -0300] "POST /cormun/servlet/solicitudot?602c3fa2e13db34fc3828463a4ef37ba,INS,0,0,,gx-no-cache=1488207586949 HTTP/1.1" 200 93
200.73.230.173 - - [27/Feb/2017:11:58:32 -0300] "GET /cormun/servlet/hpexe_return? HTTP/1.1" 200 1009
200.73.230.173 - - [27/Feb/2017:11:58:33 -0300] "GET /cormun/servlet/trsolicitudot HTTP/1.1" 200 8026
186.103.159.183 - - [27/Feb/2017:11:58:34 -0300] "GET /cormun/servlet/trsolicitudadjuntos?2017,4830, HTTP/1.1" 200 6066
200.73.230.173 - - [27/Feb/2017:11:58:34 -0300] "GET /cormun/servlet/trsolicitudot HTTP/1.1" 200 8022
186.103.159.204 - - [27/Feb/2017:11:58:36 -0300] "POST /cormun/servlet/solicitudot?a5a074485b98df2c459c7ace853af293,INS,0,0,,gx-no-cache=1488207585707 HTTP/1.1" 200 93
186.103.159.204 - - [27/Feb/2017:11:58:37 -0300] "GET /cormun/servlet/hpexe_return? HTTP/1.1" 200 1005
186.103.159.204 - - [27/Feb/2017:11:58:37 -0300] "GET /cormun/servlet/trsolicitudot HTTP/1.1" 200 8211
186.103.159.204 - - [27/Feb/2017:11:58:38 -0300] "GET /cormun/static/Resources/asc.gif HTTP/1.1" 200 67
186.103.159.204 - - [27/Feb/2017:11:58:38 -0300] "GET /cormun/static/Resources/desc.gif HTTP/1.1" 200 65
186.103.159.204 - - [27/Feb/2017:11:58:38 -0300] "GET /cormun/static/Resources/asc.gif HTTP/1.1" 200 67
186.103.159.204 - - [27/Feb/2017:11:58:38 -0300] "GET /cormun/static/Resources/desc.gif HTTP/1.1" 200 65
186.103.159.204 - - [27/Feb/2017:11:58:38 -0300] "GET /cormun/static/Resources/asc.gif HTTP/1.1" 200 67
186.103.159.204 - - [27/Feb/2017:11:58:38 -0300] "GET /cormun/static/Resources/asc.gif HTTP/1.1" 200 67
186.103.159.204 - - [27/Feb/2017:11:58:38 -0300] "GET /cormun/static/Resources/desc.gif HTTP/1.1" 200 65
186.103.159.204 - - [27/Feb/2017:11:58:38 -0300] "GET /cormun/static/Resources/desc.gif HTTP/1.1" 200 65
186.103.159.204 - - [27/Feb/2017:11:58:38 -0300] "GET /cormun/static/Resources/asc.gif HTTP/1.1" 200 67
186.103.159.204 - - [27/Feb/2017:11:58:38 -0300] "GET /cormun/static/Resources/desc.gif HTTP/1.1" 200 65
186.103.159.183 - - [27/Feb/2017:11:58:38 -0300] "GET /cormun/servlet/solicitudotadjuntos?INS,2017,4830,,1, HTTP/1.1" 200 5999
186.103.159.204 - - [27/Feb/2017:11:58:38 -0300] "GET /cormun/servlet/trsolicitudot HTTP/1.1" 200 8189
186.103.159.183 - - [27/Feb/2017:11:58:38 -0300] "GET /cormun/static/gxcfg.js?201612218465951 HTTP/1.1" 200 953
186.103.159.183 - - [27/Feb/2017:11:58:38 -0300] "GET /cormun/static/solicitudotadjuntos.js?201612218465969 HTTP/1.1" 200 11762
186.103.159.183 - - [27/Feb/2017:11:58:39 -0300] "GET /cormun/static/about:blank HTTP/1.1" 404 1011
186.103.159.183 - - [27/Feb/2017:11:58:40 -0300] "GET /cormun/servlet/solicitudotadjuntos?INS,2017,4830,,1, HTTP/1.1" 200 5992
186.103.159.183 - - [27/Feb/2017:11:58:40 -0300] "GET /cormun/servlet/solicitudotadjuntos?b3ebb8d9ccc389a33c2fe64faeac9b8d070afc30691a8d69af076690b51e66bd0464cace888613f5af44fae631ce673f,gx-no-cache=1488207592470 HTTP/1.1" 200 30
186.103.159.183 - - [27/Feb/2017:11:58:40 -0300] "POST /cormun/servlet/solicitudotadjuntos?5b2e48822e9739ed93a1e4537475150c,INS,2017,4830,,1,,gx-no-cache=1488207592583 HTTP/1.1" 200 3830
186.103.159.183 - - [27/Feb/2017:11:58:44 -0300] "POST /cormun/servlet/solicitudotadjuntos?gx-no-cache=1488207596858 HTTP/1.1" 200 26
186.103.159.204 - - [27/Feb/2017:11:58:47 -0300] "POST /cormun/servlet/trsolicitudot?a5a074485b98df2c459c7ace853af293,gx-no-cache=1488207597045 HTTP/1.1" 200 107
186.103.159.204 - - [27/Feb/2017:11:58:47 -0300] "GET /cormun/servlet/trsolicitudadjuntos?2017,4834, HTTP/1.1" 200 6075
186.103.159.204 - - [27/Feb/2017:11:58:48 -0300] "GET /cormun/servlet/trsolicitudadjuntos?2017,4834, HTTP/1.1" 200 6074
186.103.159.204 - - [27/Feb/2017:11:58:53 -0300] "GET /cormun/servlet/solicitudotadjuntos?INS,2017,4834,,1, HTTP/1.1" 200 6008
186.103.159.204 - - [27/Feb/2017:11:58:54 -0300] "GET /cormun/static/about:blank HTTP/1.1" 404 1011
186.103.159.204 - - [27/Feb/2017:11:58:54 -0300] "GET /cormun/servlet/solicitudotadjuntos?INS,2017,4834,,1, HTTP/1.1" 200 6001
186.103.159.204 - - [27/Feb/2017:11:58:55 -0300] "GET /cormun/servlet/solicitudotadjuntos?e1b3a219e1b616219a56c4b442c79093d8bb22979ffd62a615052f2b447d92a33641cf2f3e1cdf9570e8713ae59eb0b6,gx-no-cache=1488207604546 HTTP/1.1" 200 30
186.103.159.204 - - [27/Feb/2017:11:58:55 -0300] "POST /cormun/servlet/solicitudotadjuntos?a5a074485b98df2c459c7ace853af293,INS,2017,4834,,1,,gx-no-cache=1488207604638 HTTP/1.1" 200 3831
186.103.159.204 - - [27/Feb/2017:11:58:55 -0300] "GET /cormun/static/about:blank HTTP/1.1" 404 1011
186.103.159.204 - - [27/Feb/2017:11:59:00 -0300] "POST /cormun/servlet/solicitudotadjuntos?gx-no-cache=1488207610019 HTTP/1.1" 200 26
186.103.159.183 - - [27/Feb/2017:11:59:05 -0300] "GET /cormun/servlet/solicitudotadjuntos?b3ebb8d9ccc389a33c2fe64faeac9b8d6064d96b96afd6d1d3035bc09bdc64c7,gx-no-cache=1488207617897 HTTP/1.1" 200 30
186.103.159.183 - - [27/Feb/2017:11:59:05 -0300] "GET /cormun/servlet/solicitudotadjuntos?b3ebb8d9ccc389a33c2fe64faeac9b8d6064d96b96afd6d1d3035bc09bdc64c7,gx-no-cache=1488207617943 HTTP/1.1" 200 30
186.103.159.183 - - [27/Feb/2017:11:59:08 -0300] "POST /cormun/servlet/solicitudotadjuntos?5b2e48822e9739ed93a1e4537475150c,INS,2017,4830,,1, HTTP/1.1" 200 116
186.103.159.183 - - [27/Feb/2017:11:59:08 -0300] "GET /cormun/servlet/hpexe_return? HTTP/1.1" 200 1028
186.103.159.183 - - [27/Feb/2017:11:59:08 -0300] "GET /cormun/servlet/trsolicitudadjuntos?2017,4830, HTTP/1.1" 200 8146
186.103.159.183 - - [27/Feb/2017:11:59:10 -0300] "GET /cormun/servlet/trsolicitudadjuntos?2017,4830, HTTP/1.1" 200 8139
186.103.159.183 - - [27/Feb/2017:11:59:18 -0300] "GET /cormun/servlet/solicitudotadjuntos?INS,2017,4830,,1, HTTP/1.1" 200 5999
200.73.230.173 - - [27/Feb/2017:11:59:18 -0300] "POST /cormun/servlet/trsolicitudot?602c3fa2e13db34fc3828463a4ef37ba,gx-no-cache=1488207632823 HTTP/1.1" 200 107
200.73.230.173 - - [27/Feb/2017:11:59:18 -0300] "GET /cormun/servlet/trsolicitudadjuntos?2017,4833, HTTP/1.1" 200 5902
186.103.159.183 - - [27/Feb/2017:11:59:19 -0300] "GET /cormun/static/about:blank HTTP/1.1" 404 1011
186.103.159.183 - - [27/Feb/2017:11:59:19 -0300] "GET /cormun/servlet/solicitudotadjuntos?INS,2017,4830,,1, HTTP/1.1" 200 5992
200.73.230.173 - - [27/Feb/2017:11:59:19 -0300] "GET /cormun/servlet/trsolicitudadjuntos?2017,4833, HTTP/1.1" 200 5902
186.103.159.183 - - [27/Feb/2017:11:59:19 -0300] "GET /cormun/servlet/solicitudotadjuntos?b3ebb8d9ccc389a33c2fe64faeac9b8d070afc30691a8d69af076690b51e66bd0464cace888613f5af44fae631ce673f,gx-no-cache=1488207631749 HTTP/1.1" 200 30
186.103.159.183 - - [27/Feb/2017:11:59:19 -0300] "POST /cormun/servlet/solicitudotadjuntos?5b2e48822e9739ed93a1e4537475150c,INS,2017,4830,,1,,gx-no-cache=1488207631838 HTTP/1.1" 200 3830
186.103.159.183 - - [27/Feb/2017:11:59:22 -0300] "POST /cormun/servlet/solicitudotadjuntos?gx-no-cache=1488207634937 HTTP/1.1" 200 26
186.103.159.183 - - [27/Feb/2017:11:59:30 -0300] "GET /cormun/servlet/solicitudotadjuntos?b3ebb8d9ccc389a33c2fe64faeac9b8d6064d96b96afd6d1d3035bc09bdc64c7,gx-no-cache=1488207642897 HTTP/1.1" 200 30
186.103.159.183 - - [27/Feb/2017:11:59:30 -0300] "GET /cormun/servlet/solicitudotadjuntos?b3ebb8d9ccc389a33c2fe64faeac9b8d6064d96b96afd6d1d3035bc09bdc64c7,gx-no-cache=1488207642942 HTTP/1.1" 200 30
186.103.159.183 - - [27/Feb/2017:11:59:34 -0300] "POST /cormun/servlet/solicitudotadjuntos?5b2e48822e9739ed93a1e4537475150c,INS,2017,4830,,1, HTTP/1.1" 200 116
186.103.159.183 - - [27/Feb/2017:11:59:34 -0300] "GET /cormun/servlet/hpexe_return? HTTP/1.1" 200 1028
186.103.159.183 - - [27/Feb/2017:11:59:34 -0300] "GET /cormun/servlet/trsolicitudadjuntos?2017,4830, HTTP/1.1" 200 8344
186.103.159.183 - - [27/Feb/2017:11:59:36 -0300] "GET /cormun/servlet/trsolicitudadjuntos?2017,4830, HTTP/1.1" 200 8344
186.103.159.183 - - [27/Feb/2017:11:59:39 -0300] "GET /cormun/servlet/solicitudotadjuntos?INS,2017,4830,,1, HTTP/1.1" 200 5999
186.103.159.183 - - [27/Feb/2017:11:59:40 -0300] "GET /cormun/static/about:blank HTTP/1.1" 404 1011
186.103.159.183 - - [27/Feb/2017:11:59:41 -0300] "GET /cormun/servlet/solicitudotadjuntos?INS,2017,4830,,1, HTTP/1.1" 200 5992
186.103.159.183 - - [27/Feb/2017:11:59:41 -0300] "GET /cormun/servlet/solicitudotadjuntos?b3ebb8d9ccc389a33c2fe64faeac9b8d070afc30691a8d69af076690b51e66bd0464cace888613f5af44fae631ce673f,gx-no-cache=1488207653480 HTTP/1.1" 200 30
186.103.159.183 - - [27/Feb/2017:11:59:41 -0300] "POST /cormun/servlet/solicitudotadjuntos?5b2e48822e9739ed93a1e4537475150c,INS,2017,4830,,1,,gx-no-cache=1488207653548 HTTP/1.1" 200 3830
186.103.159.183 - - [27/Feb/2017:11:59:46 -0300] "POST /cormun/servlet/solicitudotadjuntos?gx-no-cache=1488207658834 HTTP/1.1" 200 26
186.103.159.183 - - [27/Feb/2017:11:59:51 -0300] "GET /cormun/servlet/solicitudotadjuntos?b3ebb8d9ccc389a33c2fe64faeac9b8d6064d96b96afd6d1d3035bc09bdc64c7,gx-no-cache=1488207663891 HTTP/1.1" 200 30
186.103.159.183 - - [27/Feb/2017:11:59:51 -0300] "GET /cormun/servlet/solicitudotadjuntos?b3ebb8d9ccc389a33c2fe64faeac9b8d6064d96b96afd6d1d3035bc09bdc64c7,gx-no-cache=1488207663934 HTTP/1.1" 200 30
200.73.230.173 - - [27/Feb/2017:11:59:56 -0300] "GET /cormun/servlet/solicitudotadjuntos?INS,2017,4833,,1, HTTP/1.1" 200 5832
200.73.230.173 - - [27/Feb/2017:11:59:56 -0300] "GET /cormun/static/about:blank HTTP/1.1" 404 1011
200.73.230.173 - - [27/Feb/2017:11:59:56 -0300] "GET /cormun/servlet/solicitudotadjuntos?INS,2017,4833,,1, HTTP/1.1" 200 5825
200.73.230.173 - - [27/Feb/2017:11:59:57 -0300] "GET /cormun/servlet/solicitudotadjuntos?ddf37d3f294fadba57eb41a9093ef837abbb72a928f3073e3583f0d12ba4eb5fdba858b7565d51c8c630915aebe4fae8,gx-no-cache=1488207671752 HTTP/1.1" 200 30
200.73.230.173 - - [27/Feb/2017:11:59:57 -0300] "POST /cormun/servlet/solicitudotadjuntos?602c3fa2e13db34fc3828463a4ef37ba,INS,2017,4833,,1,,gx-no-cache=1488207671854 HTTP/1.1" 200 3642
200.73.230.173 - - [27/Feb/2017:12:00:02 -0300] "POST /cormun/servlet/solicitudotadjuntos?gx-no-cache=1488207676361 HTTP/1.1" 200 26
186.103.159.183 - - [27/Feb/2017:12:00:03 -0300] "POST /cormun/servlet/solicitudotadjuntos?5b2e48822e9739ed93a1e4537475150c,INS,2017,4830,,1, HTTP/1.1" 200 116
186.103.159.183 - - [27/Feb/2017:12:00:03 -0300] "GET /cormun/servlet/hpexe_return? HTTP/1.1" 200 1028
186.103.159.183 - - [27/Feb/2017:12:00:04 -0300] "GET /cormun/servlet/trsolicitudadjuntos?2017,4830, HTTP/1.1" 200 8500
186.103.159.183 - - [27/Feb/2017:12:00:06 -0300] "GET /cormun/servlet/trsolicitudadjuntos?2017,4830, HTTP/1.1" 200 8498
186.103.159.183 - - [27/Feb/2017:12:00:09 -0300] "GET /cormun/servlet/solicitudotadjuntos?INS,2017,4830,,1, HTTP/1.1" 200 5999
186.103.159.183 - - [27/Feb/2017:12:00:10 -0300] "GET /cormun/static/about:blank HTTP/1.1" 404 1011
186.103.159.183 - - [27/Feb/2017:12:00:10 -0300] "GET /cormun/servlet/solicitudotadjuntos?INS,2017,4830,,1, HTTP/1.1" 200 5992
186.103.159.183 - - [27/Feb/2017:12:00:10 -0300] "GET /cormun/servlet/solicitudotadjuntos?b3ebb8d9ccc389a33c2fe64faeac9b8d070afc30691a8d69af076690b51e66bd0464cace888613f5af44fae631ce673f,gx-no-cache=1488207682703 HTTP/1.1" 200 30
186.103.159.183 - - [27/Feb/2017:12:00:10 -0300] "POST /cormun/servlet/solicitudotadjuntos?5b2e48822e9739ed93a1e4537475150c,INS,2017,4830,,1,,gx-no-cache=1488207682771 HTTP/1.1" 200 3830
200.73.230.173 - - [27/Feb/2017:12:00:13 -0300] "GET /cormun/servlet/solicitudotadjuntos?ddf37d3f294fadba57eb41a9093ef8372aad573cc1ffb462be08ce119f4f7f38,gx-no-cache=1488207687969 HTTP/1.1" 200 30
200.73.230.173 - - [27/Feb/2017:12:00:13 -0300] "GET /cormun/servlet/solicitudotadjuntos?ddf37d3f294fadba57eb41a9093ef8372aad573cc1ffb462be08ce119f4f7f38,gx-no-cache=1488207688050 HTTP/1.1" 200 30
200.73.230.173 - - [27/Feb/2017:12:00:14 -0300] "POST /cormun/servlet/solicitudotadjuntos?602c3fa2e13db34fc3828463a4ef37ba,INS,2017,4833,,1, HTTP/1.1" 200 116
200.73.230.173 - - [27/Feb/2017:12:00:14 -0300] "GET /cormun/servlet/hpexe_return? HTTP/1.1" 200 1027
200.73.230.173 - - [27/Feb/2017:12:00:15 -0300] "GET /cormun/servlet/trsolicitudadjuntos?2017,4833, HTTP/1.1" 200 7953
186.103.159.183 - - [27/Feb/2017:12:00:15 -0300] "POST /cormun/servlet/solicitudotadjuntos?gx-no-cache=1488207687539 HTTP/1.1" 200 26
200.73.230.173 - - [27/Feb/2017:12:00:16 -0300] "GET /cormun/servlet/trsolicitudadjuntos?2017,4833, HTTP/1.1" 200 7947
200.73.230.173 - - [27/Feb/2017:12:00:20 -0300] "GET /cormun/servlet/solicitudotadjuntos?INS,2017,4833,,1, HTTP/1.1" 200 5831
200.73.230.173 - - [27/Feb/2017:12:00:20 -0300] "GET /cormun/static/about:blank HTTP/1.1" 404 1011
200.73.230.173 - - [27/Feb/2017:12:00:21 -0300] "GET /cormun/servlet/solicitudotadjuntos?INS,2017,4833,,1, HTTP/1.1" 200 5825
200.73.230.173 - - [27/Feb/2017:12:00:21 -0300] "GET /cormun/servlet/solicitudotadjuntos?ddf37d3f294fadba57eb41a9093ef837abbb72a928f3073e3583f0d12ba4eb5fdba858b7565d51c8c630915aebe4fae8,gx-no-cache=1488207696004 HTTP/1.1" 200 30
200.73.230.173 - - [27/Feb/2017:12:00:21 -0300] "POST /cormun/servlet/solicitudotadjuntos?602c3fa2e13db34fc3828463a4ef37ba,INS,2017,4833,,1,,gx-no-cache=1488207696112 HTTP/1.1" 200 3641
200.73.230.173 - - [27/Feb/2017:12:00:27 -0300] "POST /cormun/servlet/solicitudotadjuntos?gx-no-cache=1488207701450 HTTP/1.1" 200 26
186.103.159.183 - - [27/Feb/2017:12:00:30 -0300] "GET /cormun/servlet/solicitudotadjuntos?b3ebb8d9ccc389a33c2fe64faeac9b8d6064d96b96afd6d1d3035bc09bdc64c7,gx-no-cache=1488207702549 HTTP/1.1" 200 30
186.103.159.183 - - [27/Feb/2017:12:00:30 -0300] "GET /cormun/servlet/solicitudotadjuntos?b3ebb8d9ccc389a33c2fe64faeac9b8d6064d96b96afd6d1d3035bc09bdc64c7,gx-no-cache=1488207702589 HTTP/1.1" 200 30
186.103.159.183 - - [27/Feb/2017:12:00:32 -0300] "POST /cormun/servlet/solicitudotadjuntos?5b2e48822e9739ed93a1e4537475150c,INS,2017,4830,,1, HTTP/1.1" 200 116
186.103.159.183 - - [27/Feb/2017:12:00:32 -0300] "GET /cormun/servlet/hpexe_return? HTTP/1.1" 200 1028
186.103.159.183 - - [27/Feb/2017:12:00:33 -0300] "GET /cormun/servlet/trsolicitudadjuntos?2017,4830, HTTP/1.1" 200 8631
186.103.159.183 - - [27/Feb/2017:12:00:35 -0300] "GET /cormun/servlet/trsolicitudadjuntos?2017,4830, HTTP/1.1" 200 8629
200.73.230.173 - - [27/Feb/2017:12:00:49 -0300] "GET /cormun/servlet/solicitudotadjuntos?ddf37d3f294fadba57eb41a9093ef8372aad573cc1ffb462be08ce119f4f7f38,gx-no-cache=1488207723815 HTTP/1.1" 200 30
200.73.230.173 - - [27/Feb/2017:12:00:49 -0300] "GET /cormun/servlet/solicitudotadjuntos?ddf37d3f294fadba57eb41a9093ef8372aad573cc1ffb462be08ce119f4f7f38,gx-no-cache=1488207723909 HTTP/1.1" 200 30
200.73.230.173 - - [27/Feb/2017:12:00:50 -0300] "POST /cormun/servlet/solicitudotadjuntos?602c3fa2e13db34fc3828463a4ef37ba,INS,2017,4833,,1, HTTP/1.1" 200 116
200.73.230.173 - - [27/Feb/2017:12:00:50 -0300] "GET /cormun/servlet/hpexe_return? HTTP/1.1" 200 1027
200.73.230.173 - - [27/Feb/2017:12:00:51 -0300] "GET /cormun/servlet/trsolicitudadjuntos?2017,4833, HTTP/1.1" 200 8169
200.73.230.173 - - [27/Feb/2017:12:00:52 -0300] "GET /cormun/servlet/trsolicitudadjuntos?2017,4833, HTTP/1.1" 200 8165
186.103.159.183 - - [27/Feb/2017:12:00:52 -0300] "GET /cormun/servlet/solicitudotadjuntos?INS,2017,4830,,1, HTTP/1.1" 200 5998
186.103.159.183 - - [27/Feb/2017:12:00:53 -0300] "GET /cormun/static/about:blank HTTP/1.1" 404 1011
186.103.159.183 - - [27/Feb/2017:12:00:53 -0300] "GET /cormun/servlet/solicitudotadjuntos?INS,2017,4830,,1, HTTP/1.1" 200 5991
186.103.159.183 - - [27/Feb/2017:12:00:54 -0300] "GET /cormun/servlet/solicitudotadjuntos?b3ebb8d9ccc389a33c2fe64faeac9b8d070afc30691a8d69af076690b51e66bd0464cace888613f5af44fae631ce673f,gx-no-cache=1488207726257 HTTP/1.1" 200 30
186.103.159.183 - - [27/Feb/2017:12:00:54 -0300] "POST /cormun/servlet/solicitudotadjuntos?5b2e48822e9739ed93a1e4537475150c,INS,2017,4830,,1,,gx-no-cache=1488207726323 HTTP/1.1" 200 3829
200.73.230.173 - - [27/Feb/2017:12:00:55 -0300] "GET /cormun/servlet/solicitudotadjuntos?INS,2017,4833,,1, HTTP/1.1" 200 5831
200.73.230.173 - - [27/Feb/2017:12:00:55 -0300] "GET /cormun/static/about:blank HTTP/1.1" 404 1011
200.73.230.173 - - [27/Feb/2017:12:00:55 -0300] "GET /cormun/servlet/solicitudotadjuntos?INS,2017,4833,,1, HTTP/1.1" 200 5825
200.73.230.173 - - [27/Feb/2017:12:00:56 -0300] "GET /cormun/servlet/solicitudotadjuntos?ddf37d3f294fadba57eb41a9093ef837abbb72a928f3073e3583f0d12ba4eb5fdba858b7565d51c8c630915aebe4fae8,gx-no-cache=1488207730413 HTTP/1.1" 200 30
200.73.230.173 - - [27/Feb/2017:12:00:56 -0300] "POST /cormun/servlet/solicitudotadjuntos?602c3fa2e13db34fc3828463a4ef37ba,INS,2017,4833,,1,,gx-no-cache=1488207730627 HTTP/1.1" 200 3641
186.103.159.183 - - [27/Feb/2017:12:01:00 -0300] "POST /cormun/servlet/solicitudotadjuntos?gx-no-cache=1488207732480 HTTP/1.1" 200 26
200.73.230.173 - - [27/Feb/2017:12:01:01 -0300] "POST /cormun/servlet/solicitudotadjuntos?gx-no-cache=1488207735804 HTTP/1.1" 200 26
186.103.159.183 - - [27/Feb/2017:12:01:05 -0300] "GET /cormun/servlet/solicitudotadjuntos?b3ebb8d9ccc389a33c2fe64faeac9b8d6064d96b96afd6d1d3035bc09bdc64c7,gx-no-cache=1488207737998 HTTP/1.1" 200 30
186.103.159.183 - - [27/Feb/2017:12:01:05 -0300] "GET /cormun/servlet/solicitudotadjuntos?b3ebb8d9ccc389a33c2fe64faeac9b8d6064d96b96afd6d1d3035bc09bdc64c7,gx-no-cache=1488207738033 HTTP/1.1" 200 30
200.73.230.173 - - [27/Feb/2017:12:01:06 -0300] "GET /cormun/servlet/solicitudotadjuntos?ddf37d3f294fadba57eb41a9093ef8372aad573cc1ffb462be08ce119f4f7f38,gx-no-cache=1488207741056 HTTP/1.1" 200 30
200.73.230.173 - - [27/Feb/2017:12:01:06 -0300] "GET /cormun/servlet/solicitudotadjuntos?ddf37d3f294fadba57eb41a9093ef8372aad573cc1ffb462be08ce119f4f7f38,gx-no-cache=1488207741121 HTTP/1.1" 200 30
200.73.230.173 - - [27/Feb/2017:12:01:07 -0300] "POST /cormun/servlet/solicitudotadjuntos?602c3fa2e13db34fc3828463a4ef37ba,INS,2017,4833,,1, HTTP/1.1" 200 116
200.73.230.173 - - [27/Feb/2017:12:01:08 -0300] "GET /cormun/servlet/hpexe_return? HTTP/1.1" 200 1027
200.73.230.173 - - [27/Feb/2017:12:01:08 -0300] "GET /cormun/servlet/trsolicitudadjuntos?2017,4833, HTTP/1.1" 200 8317
200.73.230.173 - - [27/Feb/2017:12:01:09 -0300] "GET /cormun/servlet/trsolicitudadjuntos?2017,4833, HTTP/1.1" 200 8316
186.103.159.183 - - [27/Feb/2017:12:01:09 -0300] "POST /cormun/servlet/solicitudotadjuntos?5b2e48822e9739ed93a1e4537475150c,INS,2017,4830,,1, HTTP/1.1" 200 116
186.103.159.183 - - [27/Feb/2017:12:01:09 -0300] "GET /cormun/servlet/hpexe_return? HTTP/1.1" 200 1028
186.103.159.183 - - [27/Feb/2017:12:01:11 -0300] "GET /cormun/servlet/trsolicitudadjuntos?2017,4830, HTTP/1.1" 200 8798
200.73.230.173 - - [27/Feb/2017:12:01:11 -0300] "GET /cormun/servlet/solicitudotadjuntos?INS,2017,4833,,1, HTTP/1.1" 200 5831
200.73.230.173 - - [27/Feb/2017:12:01:12 -0300] "GET /cormun/static/about:blank HTTP/1.1" 404 1011
200.73.230.173 - - [27/Feb/2017:12:01:12 -0300] "GET /cormun/servlet/solicitudotadjuntos?INS,2017,4833,,1, HTTP/1.1" 200 5826
200.73.230.173 - - [27/Feb/2017:12:01:12 -0300] "GET /cormun/servlet/solicitudotadjuntos?ddf37d3f294fadba57eb41a9093ef837abbb72a928f3073e3583f0d12ba4eb5fdba858b7565d51c8c630915aebe4fae8,gx-no-cache=1488207747021 HTTP/1.1" 200 30
200.73.230.173 - - [27/Feb/2017:12:01:12 -0300] "POST /cormun/servlet/solicitudotadjuntos?602c3fa2e13db34fc3828463a4ef37ba,INS,2017,4833,,1,,gx-no-cache=1488207747108 HTTP/1.1" 200 3641
186.103.159.183 - - [27/Feb/2017:12:01:14 -0300] "GET /cormun/servlet/trsolicitudadjuntos?2017,4830, HTTP/1.1" 200 8795
200.73.230.173 - - [27/Feb/2017:12:01:20 -0300] "POST /cormun/servlet/solicitudotadjuntos?gx-no-cache=1488207755113 HTTP/1.1" 200 26
186.103.159.204 - - [27/Feb/2017:12:01:26 -0300] "GET /cormun/servlet/solicitudotadjuntos?e1b3a219e1b616219a56c4b442c79093fe8eef9359016bafc11f1278e1e2c1de,gx-no-cache=1488207755832 HTTP/1.1" 200 30
186.103.159.204 - - [27/Feb/2017:12:01:26 -0300] "GET /cormun/servlet/solicitudotadjuntos?e1b3a219e1b616219a56c4b442c79093fe8eef9359016bafc11f1278e1e2c1de,gx-no-cache=1488207755964 HTTP/1.1" 200 30
186.103.159.204 - - [27/Feb/2017:12:01:29 -0300] "POST /cormun/servlet/solicitudotadjuntos?a5a074485b98df2c459c7ace853af293,INS,2017,4834,,1, HTTP/1.1" 200 116
186.103.159.204 - - [27/Feb/2017:12:01:29 -0300] "GET /cormun/servlet/hpexe_return? HTTP/1.1" 200 1024
186.103.159.204 - - [27/Feb/2017:12:01:29 -0300] "GET /cormun/servlet/trsolicitudadjuntos?2017,4834, HTTP/1.1" 200 8154
186.103.159.204 - - [27/Feb/2017:12:01:30 -0300] "GET /cormun/static/Resources/desc.gif HTTP/1.1" 200 65
186.103.159.204 - - [27/Feb/2017:12:01:30 -0300] "GET /cormun/static/Resources/asc.gif HTTP/1.1" 200 67
186.103.159.204 - - [27/Feb/2017:12:01:31 -0300] "GET /cormun/static/Resources/asc.gif HTTP/1.1" 200 67
186.103.159.204 - - [27/Feb/2017:12:01:31 -0300] "GET /cormun/servlet/trsolicitudadjuntos?2017,4834, HTTP/1.1" 200 8150
186.103.159.204 - - [27/Feb/2017:12:01:33 -0300] "GET /cormun/servlet/solicitudotadjuntos?INS,2017,4834,,1, HTTP/1.1" 200 6009
186.103.159.204 - - [27/Feb/2017:12:01:33 -0300] "GET /cormun/static/about:blank HTTP/1.1" 404 1011
186.103.159.204 - - [27/Feb/2017:12:01:34 -0300] "GET /cormun/servlet/solicitudotadjuntos?INS,2017,4834,,1, HTTP/1.1" 200 6001
186.103.159.204 - - [27/Feb/2017:12:01:35 -0300] "GET /cormun/servlet/solicitudotadjuntos?e1b3a219e1b616219a56c4b442c79093d8bb22979ffd62a615052f2b447d92a33641cf2f3e1cdf9570e8713ae59eb0b6,gx-no-cache=1488207764372 HTTP/1.1" 200 30
186.103.159.204 - - [27/Feb/2017:12:01:35 -0300] "POST /cormun/servlet/solicitudotadjuntos?a5a074485b98df2c459c7ace853af293,INS,2017,4834,,1,,gx-no-cache=1488207764443 HTTP/1.1" 200 3830
200.73.230.173 - - [27/Feb/2017:12:01:35 -0300] "GET /cormun/servlet/solicitudotadjuntos?ddf37d3f294fadba57eb41a9093ef8372aad573cc1ffb462be08ce119f4f7f38,gx-no-cache=1488207770032 HTTP/1.1" 200 30
200.73.230.173 - - [27/Feb/2017:12:01:35 -0300] "GET /cormun/servlet/solicitudotadjuntos?ddf37d3f294fadba57eb41a9093ef8372aad573cc1ffb462be08ce119f4f7f38,gx-no-cache=1488207770122 HTTP/1.1" 200 30
186.103.159.204 - - [27/Feb/2017:12:01:38 -0300] "POST /cormun/servlet/solicitudotadjuntos?gx-no-cache=1488207767445 HTTP/1.1" 200 26
200.73.230.173 - - [27/Feb/2017:12:01:38 -0300] "POST /cormun/servlet/solicitudotadjuntos?602c3fa2e13db34fc3828463a4ef37ba,INS,2017,4833,,1, HTTP/1.1" 200 116
200.73.230.173 - - [27/Feb/2017:12:01:38 -0300] "GET /cormun/servlet/hpexe_return? HTTP/1.1" 200 1027
200.73.230.173 - - [27/Feb/2017:12:01:39 -0300] "GET /cormun/servlet/trsolicitudadjuntos?2017,4833, HTTP/1.1" 200 8465
200.73.230.173 - - [27/Feb/2017:12:01:40 -0300] "GET /cormun/servlet/trsolicitudadjuntos?2017,4833, HTTP/1.1" 200 8463
200.73.230.173 - - [27/Feb/2017:12:01:42 -0300] "GET /cormun/servlet/solicitudotadjuntos?INS,2017,4833,,1, HTTP/1.1" 200 5832
200.73.230.173 - - [27/Feb/2017:12:01:43 -0300] "GET /cormun/static/about:blank HTTP/1.1" 404 1011
200.73.230.173 - - [27/Feb/2017:12:01:43 -0300] "GET /cormun/servlet/solicitudotadjuntos?INS,2017,4833,,1, HTTP/1.1" 200 5826
200.73.230.173 - - [27/Feb/2017:12:01:43 -0300] "GET /cormun/servlet/solicitudotadjuntos?ddf37d3f294fadba57eb41a9093ef837abbb72a928f3073e3583f0d12ba4eb5fdba858b7565d51c8c630915aebe4fae8,gx-no-cache=1488207777823 HTTP/1.1" 200 30
200.73.230.173 - - [27/Feb/2017:12:01:43 -0300] "POST /cormun/servlet/solicitudotadjuntos?602c3fa2e13db34fc3828463a4ef37ba,INS,2017,4833,,1,,gx-no-cache=1488207777933 HTTP/1.1" 200 3642
186.103.159.204 - - [27/Feb/2017:12:01:44 -0300] "GET /cormun/servlet/solicitudotadjuntos?e1b3a219e1b616219a56c4b442c79093fe8eef9359016bafc11f1278e1e2c1de,gx-no-cache=1488207773077 HTTP/1.1" 200 30
186.103.159.204 - - [27/Feb/2017:12:01:44 -0300] "GET /cormun/servlet/solicitudotadjuntos?e1b3a219e1b616219a56c4b442c79093fe8eef9359016bafc11f1278e1e2c1de,gx-no-cache=1488207773550 HTTP/1.1" 200 30
186.103.159.204 - - [27/Feb/2017:12:01:46 -0300] "POST /cormun/servlet/solicitudotadjuntos?a5a074485b98df2c459c7ace853af293,INS,2017,4834,,1, HTTP/1.1" 200 116
186.103.159.204 - - [27/Feb/2017:12:01:46 -0300] "GET /cormun/servlet/hpexe_return? HTTP/1.1" 200 1024
186.103.159.204 - - [27/Feb/2017:12:01:47 -0300] "GET /cormun/servlet/trsolicitudadjuntos?2017,4834, HTTP/1.1" 200 8341
186.103.159.204 - - [27/Feb/2017:12:01:48 -0300] "GET /cormun/servlet/trsolicitudadjuntos?2017,4834, HTTP/1.1" 200 8335
186.103.159.204 - - [27/Feb/2017:12:01:50 -0300] "GET /cormun/servlet/solicitudotadjuntos?INS,2017,4834,,1, HTTP/1.1" 200 6009
186.103.159.204 - - [27/Feb/2017:12:01:50 -0300] "GET /cormun/static/about:blank HTTP/1.1" 404 1011
200.73.230.173 - - [27/Feb/2017:12:01:50 -0300] "POST /cormun/servlet/solicitudotadjuntos?gx-no-cache=1488207784970 HTTP/1.1" 200 26
186.103.159.204 - - [27/Feb/2017:12:01:51 -0300] "GET /cormun/servlet/solicitudotadjuntos?INS,2017,4834,,1, HTTP/1.1" 200 6001
186.103.159.204 - - [27/Feb/2017:12:01:51 -0300] "GET /cormun/servlet/solicitudotadjuntos?e1b3a219e1b616219a56c4b442c79093d8bb22979ffd62a615052f2b447d92a33641cf2f3e1cdf9570e8713ae59eb0b6,gx-no-cache=1488207781122 HTTP/1.1" 200 30
186.103.159.204 - - [27/Feb/2017:12:01:52 -0300] "POST /cormun/servlet/solicitudotadjuntos?a5a074485b98df2c459c7ace853af293,INS,2017,4834,,1,,gx-no-cache=1488207781189 HTTP/1.1" 200 3830
186.103.159.204 - - [27/Feb/2017:12:01:55 -0300] "POST /cormun/servlet/solicitudotadjuntos?gx-no-cache=1488207785178 HTTP/1.1" 200 26
200.73.230.173 - - [27/Feb/2017:12:01:57 -0300] "GET /cormun/servlet/solicitudotadjuntos?ddf37d3f294fadba57eb41a9093ef8372aad573cc1ffb462be08ce119f4f7f38,gx-no-cache=1488207792153 HTTP/1.1" 200 30
200.73.230.173 - - [27/Feb/2017:12:01:57 -0300] "GET /cormun/servlet/solicitudotadjuntos?ddf37d3f294fadba57eb41a9093ef8372aad573cc1ffb462be08ce119f4f7f38,gx-no-cache=1488207792241 HTTP/1.1" 200 30
200.73.230.173 - - [27/Feb/2017:12:01:59 -0300] "POST /cormun/servlet/solicitudotadjuntos?602c3fa2e13db34fc3828463a4ef37ba,INS,2017,4833,,1, HTTP/1.1" 200 116
200.73.230.173 - - [27/Feb/2017:12:01:59 -0300] "GET /cormun/servlet/hpexe_return? HTTP/1.1" 200 1027
200.73.230.173 - - [27/Feb/2017:12:02:00 -0300] "GET /cormun/servlet/trsolicitudadjuntos?2017,4833, HTTP/1.1" 200 8612
200.73.230.173 - - [27/Feb/2017:12:02:01 -0300] "GET /cormun/servlet/trsolicitudadjuntos?2017,4833, HTTP/1.1" 200 8612
186.103.159.204 - - [27/Feb/2017:12:02:01 -0300] "GET /cormun/servlet/solicitudotadjuntos?e1b3a219e1b616219a56c4b442c79093fe8eef9359016bafc11f1278e1e2c1de,gx-no-cache=1488207791211 HTTP/1.1" 200 30
186.103.159.204 - - [27/Feb/2017:12:02:01 -0300] "GET /cormun/servlet/solicitudotadjuntos?e1b3a219e1b616219a56c4b442c79093fe8eef9359016bafc11f1278e1e2c1de,gx-no-cache=1488207791240 HTTP/1.1" 200 30
186.103.159.204 - - [27/Feb/2017:12:02:08 -0300] "POST /cormun/servlet/solicitudotadjuntos?a5a074485b98df2c459c7ace853af293,INS,2017,4834,,1, HTTP/1.1" 200 116
186.103.159.204 - - [27/Feb/2017:12:02:08 -0300] "GET /cormun/servlet/hpexe_return? HTTP/1.1" 200 1024
186.103.159.204 - - [27/Feb/2017:12:02:08 -0300] "GET /cormun/servlet/trsolicitudadjuntos?2017,4834, HTTP/1.1" 200 8474
200.73.230.173 - - [27/Feb/2017:12:02:09 -0300] "GET /cormun/servlet/solicitudotadjuntos?INS,2017,4833,,1, HTTP/1.1" 200 5832
186.103.159.204 - - [27/Feb/2017:12:02:09 -0300] "GET /cormun/servlet/trsolicitudadjuntos?2017,4834, HTTP/1.1" 200 8474
200.73.230.173 - - [27/Feb/2017:12:02:09 -0300] "GET /cormun/static/about:blank HTTP/1.1" 404 1011
200.73.230.173 - - [27/Feb/2017:12:02:09 -0300] "GET /cormun/servlet/solicitudotadjuntos?INS,2017,4833,,1, HTTP/1.1" 200 5826
200.73.230.173 - - [27/Feb/2017:12:02:10 -0300] "GET /cormun/servlet/solicitudotadjuntos?ddf37d3f294fadba57eb41a9093ef837abbb72a928f3073e3583f0d12ba4eb5fdba858b7565d51c8c630915aebe4fae8,gx-no-cache=1488207804586 HTTP/1.1" 200 30
200.73.230.173 - - [27/Feb/2017:12:02:10 -0300] "POST /cormun/servlet/solicitudotadjuntos?602c3fa2e13db34fc3828463a4ef37ba,INS,2017,4833,,1,,gx-no-cache=1488207804677 HTTP/1.1" 200 3642
186.103.159.204 - - [27/Feb/2017:12:02:12 -0300] "GET /cormun/servlet/solicitudotadjuntos?INS,2017,4834,,1, HTTP/1.1" 200 6009
186.103.159.204 - - [27/Feb/2017:12:02:13 -0300] "GET /cormun/static/about:blank HTTP/1.1" 404 1011
186.103.159.204 - - [27/Feb/2017:12:02:13 -0300] "GET /cormun/servlet/solicitudotadjuntos?INS,2017,4834,,1, HTTP/1.1" 200 6001
186.103.159.204 - - [27/Feb/2017:12:02:14 -0300] "GET /cormun/servlet/solicitudotadjuntos?e1b3a219e1b616219a56c4b442c79093d8bb22979ffd62a615052f2b447d92a33641cf2f3e1cdf9570e8713ae59eb0b6,gx-no-cache=1488207803583 HTTP/1.1" 200 30
186.103.159.204 - - [27/Feb/2017:12:02:14 -0300] "POST /cormun/servlet/solicitudotadjuntos?a5a074485b98df2c459c7ace853af293,INS,2017,4834,,1,,gx-no-cache=1488207803660 HTTP/1.1" 200 3829
200.73.230.173 - - [27/Feb/2017:12:02:15 -0300] "POST /cormun/servlet/solicitudotadjuntos?gx-no-cache=1488207809737 HTTP/1.1" 200 26
186.103.159.204 - - [27/Feb/2017:12:02:18 -0300] "POST /cormun/servlet/solicitudotadjuntos?gx-no-cache=1488207808079 HTTP/1.1" 200 26
186.103.159.204 - - [27/Feb/2017:12:02:24 -0300] "GET /cormun/servlet/solicitudotadjuntos?e1b3a219e1b616219a56c4b442c79093fe8eef9359016bafc11f1278e1e2c1de,gx-no-cache=1488207813318 HTTP/1.1" 200 30
186.103.159.204 - - [27/Feb/2017:12:02:24 -0300] "GET /cormun/servlet/solicitudotadjuntos?e1b3a219e1b616219a56c4b442c79093fe8eef9359016bafc11f1278e1e2c1de,gx-no-cache=1488207813384 HTTP/1.1" 200 30
186.103.159.204 - - [27/Feb/2017:12:02:26 -0300] "POST /cormun/servlet/solicitudotadjuntos?a5a074485b98df2c459c7ace853af293,INS,2017,4834,,1, HTTP/1.1" 200 116
186.103.159.204 - - [27/Feb/2017:12:02:26 -0300] "GET /cormun/servlet/hpexe_return? HTTP/1.1" 200 1024
186.103.159.204 - - [27/Feb/2017:12:02:26 -0300] "GET /cormun/servlet/trsolicitudadjuntos?2017,4834, HTTP/1.1" 200 8603
186.103.159.204 - - [27/Feb/2017:12:02:28 -0300] "GET /cormun/servlet/trsolicitudadjuntos?2017,4834, HTTP/1.1" 200 8602
186.103.159.204 - - [27/Feb/2017:12:02:36 -0300] "GET /cormun/servlet/solicitudotadjuntos?INS,2017,4834,,2, HTTP/1.1" 200 6008
186.103.159.204 - - [27/Feb/2017:12:02:36 -0300] "GET /cormun/static/about:blank HTTP/1.1" 404 1011
186.103.159.204 - - [27/Feb/2017:12:02:37 -0300] "GET /cormun/servlet/solicitudotadjuntos?INS,2017,4834,,2, HTTP/1.1" 200 6000
186.103.159.204 - - [27/Feb/2017:12:02:37 -0300] "GET /cormun/servlet/solicitudotadjuntos?e1b3a219e1b616219a56c4b442c79093d8bb22979ffd62a615052f2b447d92a33641cf2f3e1cdf9570e8713ae59eb0b6,gx-no-cache=1488207827039 HTTP/1.1" 200 30
186.103.159.204 - - [27/Feb/2017:12:02:37 -0300] "POST /cormun/servlet/solicitudotadjuntos?a5a074485b98df2c459c7ace853af293,INS,2017,4834,,2,,gx-no-cache=1488207827080 HTTP/1.1" 200 4046
186.103.159.204 - - [27/Feb/2017:12:02:40 -0300] "POST /cormun/servlet/solicitudotadjuntos?gx-no-cache=1488207829794 HTTP/1.1" 200 26
186.103.159.204 - - [27/Feb/2017:12:02:42 -0300] "GET /cormun/servlet/solicitudotadjuntos?e1b3a219e1b616219a56c4b442c79093fe8eef9359016bafc11f1278e1e2c1de,gx-no-cache=1488207831668 HTTP/1.1" 200 30
186.103.159.204 - - [27/Feb/2017:12:02:42 -0300] "GET /cormun/servlet/solicitudotadjuntos?e1b3a219e1b616219a56c4b442c79093fe8eef9359016bafc11f1278e1e2c1de,gx-no-cache=1488207831727 HTTP/1.1" 200 30
186.103.159.204 - - [27/Feb/2017:12:02:42 -0300] "POST /cormun/servlet/solicitudotadjuntos?a5a074485b98df2c459c7ace853af293,INS,2017,4834,,2,,gx-no-cache=1488207831804 HTTP/1.1" 200 93
186.103.159.204 - - [27/Feb/2017:12:02:42 -0300] "GET /cormun/servlet/hpexe_return? HTTP/1.1" 200 1024
186.103.159.204 - - [27/Feb/2017:12:02:43 -0300] "GET /cormun/servlet/trsolicitudadjuntos?2017,4834, HTTP/1.1" 200 8722
186.103.159.204 - - [27/Feb/2017:12:02:44 -0300] "GET /cormun/servlet/trsolicitudadjuntos?2017,4834, HTTP/1.1" 200 8719
186.103.159.183 - - [27/Feb/2017:12:02:47 -0300] "GET /cormun/servlet/solicitudotadjuntos?INS,2017,4830,,1, HTTP/1.1" 200 5999
186.103.159.183 - - [27/Feb/2017:12:02:48 -0300] "GET /cormun/static/about:blank HTTP/1.1" 404 1011
186.103.159.183 - - [27/Feb/2017:12:02:48 -0300] "GET /cormun/servlet/solicitudotadjuntos?INS,2017,4830,,1, HTTP/1.1" 200 5992
186.103.159.183 - - [27/Feb/2017:12:02:49 -0300] "GET /cormun/servlet/solicitudotadjuntos?b3ebb8d9ccc389a33c2fe64faeac9b8d070afc30691a8d69af076690b51e66bd0464cace888613f5af44fae631ce673f,gx-no-cache=1488207841057 HTTP/1.1" 200 30
186.103.159.183 - - [27/Feb/2017:12:02:49 -0300] "POST /cormun/servlet/solicitudotadjuntos?5b2e48822e9739ed93a1e4537475150c,INS,2017,4830,,1,,gx-no-cache=1488207841115 HTTP/1.1" 200 3829
186.103.159.183 - - [27/Feb/2017:12:02:51 -0300] "POST /cormun/servlet/solicitudotadjuntos?gx-no-cache=1488207843762 HTTP/1.1" 200 26
186.103.159.183 - - [27/Feb/2017:12:02:57 -0300] "GET /cormun/servlet/solicitudotadjuntos?b3ebb8d9ccc389a33c2fe64faeac9b8d6064d96b96afd6d1d3035bc09bdc64c7,gx-no-cache=1488207849732 HTTP/1.1" 200 30
186.103.159.183 - - [27/Feb/2017:12:02:57 -0300] "GET /cormun/servlet/solicitudotadjuntos?b3ebb8d9ccc389a33c2fe64faeac9b8d6064d96b96afd6d1d3035bc09bdc64c7,gx-no-cache=1488207849767 HTTP/1.1" 200 30
186.103.159.183 - - [27/Feb/2017:12:02:59 -0300] "POST /cormun/servlet/solicitudotadjuntos?5b2e48822e9739ed93a1e4537475150c,INS,2017,4830,,1, HTTP/1.1" 200 116
186.103.159.183 - - [27/Feb/2017:12:02:59 -0300] "GET /cormun/servlet/hpexe_return? HTTP/1.1" 200 1028
186.103.159.183 - - [27/Feb/2017:12:03:00 -0300] "GET /cormun/servlet/trsolicitudadjuntos?2017,4830, HTTP/1.1" 200 9002
186.103.159.183 - - [27/Feb/2017:12:03:02 -0300] "GET /cormun/servlet/trsolicitudadjuntos?2017,4830, HTTP/1.1" 200 8998
186.103.159.183 - - [27/Feb/2017:12:03:09 -0300] "POST /cormun/servlet/acontrolpreferencessavestate?None,PANDRADE,true HTTP/1.1" 200 35
186.103.159.183 - - [27/Feb/2017:12:03:12 -0300] "GET /cormun/servlet/trsolicitudot? HTTP/1.1" 200 8221
186.103.159.183 - - [27/Feb/2017:12:03:14 -0300] "GET /cormun/servlet/trsolicitudot? HTTP/1.1" 200 8215
186.103.159.183 - - [27/Feb/2017:12:03:23 -0300] "POST /cormun/servlet/trsolicitudot?5b2e48822e9739ed93a1e4537475150c,,gx-no-cache=1488207875192 HTTP/1.1" 200 106
186.103.159.183 - - [27/Feb/2017:12:03:23 -0300] "GET /cormun/servlet/solicitudot?UPD,2017,4830, HTTP/1.1" 200 14498
186.103.159.183 - - [27/Feb/2017:12:03:25 -0300] "GET /cormun/servlet/solicitudot?UPD,2017,4830, HTTP/1.1" 200 14508
186.103.159.183 - - [27/Feb/2017:12:03:25 -0300] "POST /cormun/servlet/solicitudot?gx-no-cache=1488207877547 HTTP/1.1" 200 3185
186.103.159.183 - - [27/Feb/2017:12:03:26 -0300] "POST /cormun/servlet/solicitudot?5b2e48822e9739ed93a1e4537475150c,UPD,2017,4830,,gx-no-cache=1488207877958 HTTP/1.1" 200 11058
186.103.159.183 - - [27/Feb/2017:12:03:26 -0300] "GET /cormun/servlet/solicitudot?b3ebb8d9ccc389a33c2fe64faeac9b8d6337a73c498bc65cf04d4410271aa72c9c85abc0fa71e71af2dc8a8506cd1c25,gx-no-cache=1488207878754 HTTP/1.1" 200 30
186.103.159.183 - - [27/Feb/2017:12:03:26 -0300] "POST /cormun/servlet/solicitudot?gx-no-cache=1488207878825 HTTP/1.1" 200 297
186.103.159.183 - - [27/Feb/2017:12:03:26 -0300] "GET /cormun/servlet/solicitudot?b3ebb8d9ccc389a33c2fe64faeac9b8ddb3a41e313dbbb88f692839cb9fd748e96a91b22bcae9d6447511f6a49790b51a04f34f8682e8917486a9f2fd9863aa1393d1cccc3dd41171fb6d5024c965af69a09156283edd28eafd18328ea32022aca98cc969a5c3a5ccf07670cceab28cb99390310cc6abb348b0ec7f3c9c9be033f0e790de2bb38d00d82fefb6a1a53089cbdfadf2406f7f298d8e02aef431733f150949876110895433e20b7c86a25d5a05a4408d3464d1ac89e8fc49bec83b378ed6867fa1914c3f7b34208cdffea324cdf495c1c3a03c46db99c9a7e7723270c3280d04d458c0e680ffff82e91660233693a5789ffef8677d6a7642382cdee1ff9ff945e6dbb02e5fdccbe8f552c8d16ee269b79df6d6ee4f64c85fdec5ccf48055e3e1966c79146f8d1cec8c9028b0146ad51b9cc0e78fec16479e78de8d0d92ef044b5bacc9787ffe982c447412ddc9c2f0c6aabad2e6150adfa5486590aed402d487e87220744b138a0e645806da80f54b769135eb7825bb17b92c1451a2d9370da0434d3557dc85bc7c276a6fd,gx-no-cache=1488207878909 HTTP/1.1" 200 30
186.103.159.183 - - [27/Feb/2017:12:03:26 -0300] "POST /cormun/servlet/solicitudot?gx-no-cache=1488207878985 HTTP/1.1" 200 30
186.103.159.183 - - [27/Feb/2017:12:03:27 -0300] "POST /cormun/servlet/solicitudot?gx-no-cache=1488207879139 HTTP/1.1" 200 1287
186.103.159.183 - - [27/Feb/2017:12:03:27 -0300] "POST /cormun/servlet/solicitudot?gx-no-cache=1488207879368 HTTP/1.1" 200 41
186.103.159.183 - - [27/Feb/2017:12:03:40 -0300] "GET /cormun/servlet/solicitudot?b3ebb8d9ccc389a33c2fe64faeac9b8dc82f4284862adb9829f7a0bb570680c5ee1021caa15a06c1d11cee07688a0cec1c121e2ef2ebe84194039938d82892528c903b8dc4300d57f569d416cb3d9e5437d05327a834c618fe713ac2e514d41a9afea5b850e93faa03e10625aab1aac2,gx-no-cache=1488207891916 HTTP/1.1" 200 29
186.103.159.183 - - [27/Feb/2017:12:03:40 -0300] "POST /cormun/servlet/solicitudot?gx-no-cache=1488207892316 HTTP/1.1" 200 1274
186.103.159.183 - - [27/Feb/2017:12:03:40 -0300] "POST /cormun/servlet/solicitudot?gx-no-cache=1488207892513 HTTP/1.1" 200 1157
186.103.159.183 - - [27/Feb/2017:12:03:40 -0300] "GET /cormun/servlet/solicitudot?b3ebb8d9ccc389a33c2fe64faeac9b8d54b0024f8d5ea26b241e276ca2c4864b0fdae8f23eab27c049157eed92e3ea18f00714e69ca2e0ef38004513ee2b7ed06797b549c7bfd8ec51eda14dcca82b71bda35ad4954d06d1ab267c7fa23e55b59ede1796dd46a3420d73bbddcd841b525cb5a67c92189a9a0f96217d30e5bb778a83829c0adbedfe08015f20200638e4a04e4f16e8970308d53c4f130a723e55216e59717e76e24676c2edc3f903c970,gx-no-cache=1488207892591 HTTP/1.1" 200 30
186.103.159.183 - - [27/Feb/2017:12:03:41 -0300] "POST /cormun/servlet/solicitudot?5b2e48822e9739ed93a1e4537475150c,UPD,2017,4830,,gx-no-cache=1488207892681 HTTP/1.1" 200 93
186.103.159.183 - - [27/Feb/2017:12:03:41 -0300] "GET /cormun/servlet/hpexe_return? HTTP/1.1" 200 1015
186.103.159.183 - - [27/Feb/2017:12:03:41 -0300] "GET /cormun/servlet/trsolicitudot HTTP/1.1" 200 8219
186.103.159.183 - - [27/Feb/2017:12:03:43 -0300] "GET /cormun/servlet/trsolicitudot HTTP/1.1" 200 8215
200.73.230.173 - - [27/Feb/2017:12:03:47 -0300] "GET /cormun/servlet/solicitudotadjuntos?ddf37d3f294fadba57eb41a9093ef8372aad573cc1ffb462be08ce119f4f7f38,gx-no-cache=1488207901188 HTTP/1.1" 200 30
200.73.230.173 - - [27/Feb/2017:12:03:47 -0300] "GET /cormun/servlet/solicitudotadjuntos?ddf37d3f294fadba57eb41a9093ef8372aad573cc1ffb462be08ce119f4f7f38,gx-no-cache=1488207901389 HTTP/1.1" 200 30
200.73.230.173 - - [27/Feb/2017:12:03:47 -0300] "POST /cormun/servlet/solicitudotadjuntos?602c3fa2e13db34fc3828463a4ef37ba,INS,2017,4833,,1, HTTP/1.1" 200 116
200.73.230.173 - - [27/Feb/2017:12:03:47 -0300] "GET /cormun/servlet/hpexe_return? HTTP/1.1" 200 1027
200.73.230.173 - - [27/Feb/2017:12:03:48 -0300] "GET /cormun/servlet/trsolicitudadjuntos?2017,4833, HTTP/1.1" 200 8847
200.73.230.173 - - [27/Feb/2017:12:03:49 -0300] "GET /cormun/servlet/trsolicitudadjuntos?2017,4833, HTTP/1.1" 200 8847
200.73.230.173 - - [27/Feb/2017:12:03:55 -0300] "POST /cormun/servlet/trsolicitudadjuntos?602c3fa2e13db34fc3828463a4ef37ba,2017,4833,,gx-no-cache=1488207909941 HTTP/1.1" 200 90
200.73.230.173 - - [27/Feb/2017:12:03:55 -0300] "GET /cormun/servlet/hpexe_link HTTP/1.1" 200 974
200.73.230.173 - - [27/Feb/2017:12:03:56 -0300] "GET /cormun/servlet/trsolicitudot HTTP/1.1" 200 8024
200.73.230.173 - - [27/Feb/2017:12:03:56 -0300] "GET /cormun/servlet/trsolicitudot HTTP/1.1" 200 8022
200.73.230.173 - - [27/Feb/2017:12:04:06 -0300] "GET /cormun/servlet/treventos?2017,4833, HTTP/1.1" 200 5866
200.73.230.173 - - [27/Feb/2017:12:04:06 -0300] "GET /cormun/servlet/treventos?2017,4833, HTTP/1.1" 200 5866
200.73.230.173 - - [27/Feb/2017:12:04:12 -0300] "GET /cormun/servlet/trsolicitudot HTTP/1.1" 200 8024
200.73.230.173 - - [27/Feb/2017:12:04:12 -0300] "GET /cormun/servlet/trsolicitudot HTTP/1.1" 200 8022
200.73.230.173 - - [27/Feb/2017:12:04:19 -0300] "POST /cormun/servlet/trsolicitudot?602c3fa2e13db34fc3828463a4ef37ba,gx-no-cache=1488207933343 HTTP/1.1" 200 4155
200.73.230.173 - - [27/Feb/2017:12:04:19 -0300] "GET /cormun/static/Shared/jqueryui/images/ui-bg_highlight-soft_100_c6c2c8_1x100.png HTTP/1.1" 404 1117
200.73.230.173 - - [27/Feb/2017:12:04:19 -0300] "GET /cormun/static/Shared/jqueryui/images/ui-icons_82798d_256x240.png HTTP/1.1" 404 1089
200.73.230.173 - - [27/Feb/2017:12:04:19 -0300] "GET /cormun/static/Shared/jqueryui/images/ui-bg_flat_55_fafafa_40x100.png HTTP/1.1" 404 1097
200.73.230.173 - - [27/Feb/2017:12:04:19 -0300] "GET /cormun/static/Shared/jqueryui/images/ui-icons_8d78a5_256x240.png HTTP/1.1" 404 1089
200.73.230.173 - - [27/Feb/2017:12:04:19 -0300] "POST /cormun/servlet/trsolicitudot?602c3fa2e13db34fc3828463a4ef37ba,gx-no-cache=1488207933796 HTTP/1.1" 200 3932
186.103.159.183 - - [27/Feb/2017:12:04:20 -0300] "POST /cormun/servlet/trsolicitudot?5b2e48822e9739ed93a1e4537475150c,gx-no-cache=1488207932107 HTTP/1.1" 200 4346
186.103.159.183 - - [27/Feb/2017:12:04:20 -0300] "GET /cormun/static/Shared/jqueryui/images/ui-bg_highlight-soft_100_c6c2c8_1x100.png HTTP/1.1" 404 1117
186.103.159.183 - - [27/Feb/2017:12:04:20 -0300] "GET /cormun/static/Shared/jqueryui/images/ui-bg_flat_55_fafafa_40x100.png HTTP/1.1" 404 1097
186.103.159.183 - - [27/Feb/2017:12:04:20 -0300] "GET /cormun/static/Shared/jqueryui/images/ui-icons_82798d_256x240.png HTTP/1.1" 404 1089
186.103.159.183 - - [27/Feb/2017:12:04:20 -0300] "GET /cormun/static/Shared/jqueryui/images/ui-icons_8d78a5_256x240.png HTTP/1.1" 404 1089
186.103.159.183 - - [27/Feb/2017:12:04:21 -0300] "POST /cormun/servlet/trsolicitudot?5b2e48822e9739ed93a1e4537475150c,gx-no-cache=1488207932919 HTTP/1.1" 200 4126
186.103.159.204 - - [27/Feb/2017:12:05:13 -0300] "GET /cormun/servlet/trsolicitudot? HTTP/1.1" 200 8213
186.103.159.204 - - [27/Feb/2017:12:05:14 -0300] "GET /cormun/servlet/trsolicitudot? HTTP/1.1" 200 8189
186.103.159.204 - - [27/Feb/2017:12:05:18 -0300] "POST /cormun/servlet/trsolicitudot?a5a074485b98df2c459c7ace853af293,,gx-no-cache=1488207987271 HTTP/1.1" 200 4358
186.103.159.204 - - [27/Feb/2017:12:05:18 -0300] "GET /cormun/static/Shared/jqueryui/images/ui-icons_82798d_256x240.png HTTP/1.1" 404 1089
186.103.159.204 - - [27/Feb/2017:12:05:18 -0300] "GET /cormun/static/Shared/jqueryui/images/ui-bg_highlight-soft_100_c6c2c8_1x100.png HTTP/1.1" 404 1117
186.103.159.204 - - [27/Feb/2017:12:05:18 -0300] "GET /cormun/static/Shared/jqueryui/images/ui-bg_flat_55_fafafa_40x100.png HTTP/1.1" 404 1097
186.103.159.204 - - [27/Feb/2017:12:05:18 -0300] "GET /cormun/static/Shared/jqueryui/images/ui-icons_8d78a5_256x240.png HTTP/1.1" 404 1089
186.103.159.204 - - [27/Feb/2017:12:05:18 -0300] "POST /cormun/servlet/trsolicitudot?a5a074485b98df2c459c7ace853af293,,gx-no-cache=1488207987584 HTTP/1.1" 200 4137
186.103.159.204 - - [27/Feb/2017:12:05:32 -0300] "GET /cormun/servlet/trautorizarsolicitud? HTTP/1.1" 200 8134
186.103.159.204 - - [27/Feb/2017:12:05:33 -0300] "GET /cormun/servlet/trautorizarsolicitud? HTTP/1.1" 200 8133
186.103.159.204 - - [27/Feb/2017:12:05:45 -0300] "POST /cormun/servlet/trautorizarsolicitud?a5a074485b98df2c459c7ace853af293,,gx-no-cache=1488208014612 HTTP/1.1" 200 4319
186.103.159.204 - - [27/Feb/2017:12:05:46 -0300] "GET /cormun/static/Shared/jqueryui/images/ui-bg_highlight-soft_100_c6c2c8_1x100.png HTTP/1.1" 404 1117
186.103.159.204 - - [27/Feb/2017:12:05:46 -0300] "GET /cormun/static/Shared/jqueryui/images/ui-icons_82798d_256x240.png HTTP/1.1" 404 1089
186.103.159.204 - - [27/Feb/2017:12:05:46 -0300] "GET /cormun/static/Shared/jqueryui/images/ui-icons_8d78a5_256x240.png HTTP/1.1" 404 1089
186.103.159.204 - - [27/Feb/2017:12:05:46 -0300] "GET /cormun/static/Shared/jqueryui/images/ui-bg_flat_55_fafafa_40x100.png HTTP/1.1" 404 1097
186.103.159.204 - - [27/Feb/2017:12:05:46 -0300] "POST /cormun/servlet/trautorizarsolicitud?a5a074485b98df2c459c7ace853af293,,gx-no-cache=1488208015368 HTTP/1.1" 200 4099
186.103.159.183 - - [27/Feb/2017:12:05:48 -0300] "GET /cormun/servlet/trautorizarsolicitud? HTTP/1.1" 200 8146
186.103.159.183 - - [27/Feb/2017:12:05:48 -0300] "GET /cormun/static/gxcfg.js?2017259112829 HTTP/1.1" 200 953
186.103.159.183 - - [27/Feb/2017:12:05:48 -0300] "GET /cormun/static/trautorizarsolicitud.js?2017259113483 HTTP/1.1" 200 53096
186.103.159.183 - - [27/Feb/2017:12:05:50 -0300] "GET /cormun/servlet/trautorizarsolicitud? HTTP/1.1" 200 8145
186.103.159.183 - - [27/Feb/2017:12:06:21 -0300] "POST /cormun/servlet/trautorizarsolicitud?5b2e48822e9739ed93a1e4537475150c,,gx-no-cache=1488208053761 HTTP/1.1" 200 4319
186.103.159.183 - - [27/Feb/2017:12:06:23 -0300] "GET /cormun/static/Shared/jqueryui/images/ui-bg_highlight-soft_100_c6c2c8_1x100.png HTTP/1.1" 404 1117
186.103.159.183 - - [27/Feb/2017:12:06:23 -0300] "GET /cormun/static/Shared/jqueryui/images/ui-icons_82798d_256x240.png HTTP/1.1" 404 1089
186.103.159.183 - - [27/Feb/2017:12:06:23 -0300] "GET /cormun/static/Shared/jqueryui/images/ui-icons_8d78a5_256x240.png HTTP/1.1" 404 1089
186.103.159.183 - - [27/Feb/2017:12:06:23 -0300] "GET /cormun/static/Shared/jqueryui/images/ui-bg_flat_55_fafafa_40x100.png HTTP/1.1" 404 1097
186.103.159.183 - - [27/Feb/2017:12:06:23 -0300] "POST /cormun/servlet/trautorizarsolicitud?5b2e48822e9739ed93a1e4537475150c,,gx-no-cache=1488208055224 HTTP/1.1" 200 4104
186.103.159.183 - - [27/Feb/2017:12:06:47 -0300] "GET /cormun/servlet/hlogin HTTP/1.1" 200 1745
186.103.159.183 - - [27/Feb/2017:12:06:47 -0300] "GET /cormun/static/Resources/ComunLogin.png HTTP/1.1" 200 17326
186.79.137.205 - - [27/Feb/2017:12:07:29 -0300] "GET /cormun/servlet/hlogin HTTP/1.1" 200 1713
186.79.137.205 - - [27/Feb/2017:12:07:57 -0300] "POST /cormun/servlet/hlogin?162a2b978c098529adc8013dc4a7f62f,gx-no-cache=1488208148230 HTTP/1.1" 200 90
186.79.137.205 - - [27/Feb/2017:12:07:58 -0300] "GET /cormun/servlet/hpexe_link HTTP/1.1" 200 946
186.79.137.205 - - [27/Feb/2017:12:07:58 -0300] "GET /cormun/servlet/hhome HTTP/1.1" 200 3972
186.79.137.205 - - [27/Feb/2017:12:07:59 -0300] "GET /cormun/static/gxcfg.js?201612218515568 HTTP/1.1" 200 953
186.79.137.205 - - [27/Feb/2017:12:07:59 -0300] "GET /cormun/static/hhome.js?201612218515573 HTTP/1.1" 200 777
186.79.137.205 - - [27/Feb/2017:12:08:00 -0300] "GET /cormun/servlet/hhome HTTP/1.1" 200 3968
186.103.159.230 - - [27/Feb/2017:12:08:06 -0300] "GET /cormun/static/Resources/PXToolsGridNew.png HTTP/1.1" 200 2949
186.103.159.230 - - [27/Feb/2017:12:08:06 -0300] "GET /cormun/static/Resources/PXToolsActionDisabled.gif HTTP/1.1" 200 53
