186.79.32.31 - - [27/Feb/2017:10:50:43 -0300] "GET /cormun/static/Resources/PXToolsGridLastDisabled.gif HTTP/1.1" 200 98
186.79.32.31 - - [27/Feb/2017:10:50:43 -0300] "GET /cormun/static/Resources/PXToolsGridPage.gif HTTP/1.1" 200 725
186.79.32.31 - - [27/Feb/2017:10:50:43 -0300] "GET /cormun/static/Resources/PXToolsActionExcel.png HTTP/1.1" 200 3187
186.79.32.31 - - [27/Feb/2017:10:50:43 -0300] "GET /cormun/static/Resources/PXToolsGridNew.png HTTP/1.1" 200 2949
186.79.32.31 - - [27/Feb/2017:10:50:43 -0300] "GET /cormun/static/Shared/ext/resources/css/ext-all.css?215870 HTTP/1.1" 200 416045
186.79.32.31 - - [27/Feb/2017:10:50:43 -0300] "GET /cormun/static/Resources/PXToolsAddSelectedAction.png HTTP/1.1" 200 3660
186.79.32.31 - - [27/Feb/2017:10:50:46 -0300] "GET /cormun/static/Resources/asc.gif HTTP/1.1" 200 67
186.79.32.31 - - [27/Feb/2017:10:50:46 -0300] "GET /cormun//static/Resources/PXToolsActionDisabled.gif HTTP/1.1" 200 53
186.79.32.31 - - [27/Feb/2017:10:50:46 -0300] "GET /cormun/static/Resources/desc.gif HTTP/1.1" 200 65
186.79.32.31 - - [27/Feb/2017:10:50:46 -0300] "GET /cormun/servlet/trcontratounov2? HTTP/1.1" 200 16677
186.79.32.31 - - [27/Feb/2017:10:50:46 -0300] "GET /cormun/static/Shared/ext/resources/themes/images/default/panel/bg-headersPanel.png HTTP/1.1" 200 255
186.79.32.31 - - [27/Feb/2017:10:50:46 -0300] "GET /cormun/static/Shared/ext/resources/themes/images/default/tools/tool-sprites.gif HTTP/1.1" 200 5434
200.73.230.173 - - [27/Feb/2017:10:50:53 -0300] "POST /cormun/servlet/trautorizarsolicitud?d84503b437af04ab2504eb6290d46933,,gx-no-cache=1488203528260 HTTP/1.1" 200 5865
200.73.230.173 - - [27/Feb/2017:10:51:03 -0300] "GET /cormun/servlet/treventos?2017,4798, HTTP/1.1" 200 7498
200.73.230.173 - - [27/Feb/2017:10:51:04 -0300] "GET /cormun/servlet/treventos?2017,4798, HTTP/1.1" 200 7497
186.103.158.250 - - [27/Feb/2017:10:51:04 -0300] "GET /cormun/servlet/solicitudotadjuntos?INS,2017,4825,,1, HTTP/1.1" 200 5786
186.103.158.250 - - [27/Feb/2017:10:51:05 -0300] "GET /cormun/static/about:blank HTTP/1.1" 404 1011
186.103.158.250 - - [27/Feb/2017:10:51:06 -0300] "GET /cormun/servlet/solicitudotadjuntos?INS,2017,4825,,1, HTTP/1.1" 200 5780
186.103.158.250 - - [27/Feb/2017:10:51:06 -0300] "GET /cormun/servlet/solicitudotadjuntos?62066b4357ff0218788285b66855f57a4e5a64d83c94e3f9765dd47a2adc3ed085c4b5df956e20b7e2e281b4d15ed6dd,gx-no-cache=1488203447011 HTTP/1.1" 200 30
186.103.158.250 - - [27/Feb/2017:10:51:06 -0300] "POST /cormun/servlet/solicitudotadjuntos?51acabe00607306b914d2cf3c36da2d1,INS,2017,4825,,1,,gx-no-cache=1488203447073 HTTP/1.1" 200 3673
200.73.230.173 - - [27/Feb/2017:10:51:14 -0300] "GET /cormun/servlet/trautorizarsolicitud? HTTP/1.1" 200 8586
200.73.230.173 - - [27/Feb/2017:10:51:15 -0300] "GET /cormun/servlet/trautorizarsolicitud? HTTP/1.1" 200 8586
186.103.158.250 - - [27/Feb/2017:10:51:15 -0300] "POST /cormun/servlet/solicitudotadjuntos?gx-no-cache=1488203455919 HTTP/1.1" 200 26
186.79.32.31 - - [27/Feb/2017:10:51:26 -0300] "GET /cormun/servlet/trcontratosolicitud? HTTP/1.1" 200 12690
186.79.32.31 - - [27/Feb/2017:10:51:26 -0300] "GET /cormun/static/gxcfg.js?20171317451682 HTTP/1.1" 200 953
186.79.32.31 - - [27/Feb/2017:10:51:26 -0300] "GET /cormun/static/trcontratosolicitud.js?20171317452124 HTTP/1.1" 200 28173
186.79.32.31 - - [27/Feb/2017:10:51:28 -0300] "GET /cormun//static/Resources/PXToolsGridNew.png HTTP/1.1" 200 2949
186.79.32.31 - - [27/Feb/2017:10:51:28 -0300] "GET /cormun/servlet/trcontratosolicitud? HTTP/1.1" 200 12695
200.73.230.173 - - [27/Feb/2017:10:51:38 -0300] "POST /cormun/servlet/trautorizarsolicitud?d84503b437af04ab2504eb6290d46933,,gx-no-cache=1488203573205 HTTP/1.1" 200 5868
200.73.230.173 - - [27/Feb/2017:10:51:38 -0300] "GET /cormun/static/Shared/jqueryui/images/ui-bg_highlight-soft_100_c6c2c8_1x100.png HTTP/1.1" 404 1117
200.73.230.173 - - [27/Feb/2017:10:51:38 -0300] "GET /cormun/static/Shared/jqueryui/images/ui-bg_flat_55_fafafa_40x100.png HTTP/1.1" 404 1097
200.73.230.173 - - [27/Feb/2017:10:51:38 -0300] "GET /cormun/static/Shared/jqueryui/images/ui-icons_8d78a5_256x240.png HTTP/1.1" 404 1089
200.73.230.173 - - [27/Feb/2017:10:51:38 -0300] "GET /cormun/static/Shared/jqueryui/images/ui-icons_82798d_256x240.png HTTP/1.1" 404 1089
200.73.230.173 - - [27/Feb/2017:10:51:45 -0300] "POST /cormun/servlet/trautorizarsolicitud?d84503b437af04ab2504eb6290d46933,,gx-no-cache=1488203580256 HTTP/1.1" 200 5868
186.103.158.250 - - [27/Feb/2017:10:51:53 -0300] "GET /cormun/servlet/solicitudotadjuntos?62066b4357ff0218788285b66855f57a62c98a4cbca71e14a69fe8d86ce708d0,gx-no-cache=1488203493977 HTTP/1.1" 200 30
186.103.158.250 - - [27/Feb/2017:10:51:53 -0300] "GET /cormun/servlet/solicitudotadjuntos?62066b4357ff0218788285b66855f57a62c98a4cbca71e14a69fe8d86ce708d0,gx-no-cache=1488203494022 HTTP/1.1" 200 30
186.103.158.250 - - [27/Feb/2017:10:51:54 -0300] "POST /cormun/servlet/solicitudotadjuntos?51acabe00607306b914d2cf3c36da2d1,INS,2017,4825,,1, HTTP/1.1" 200 116
186.103.158.250 - - [27/Feb/2017:10:51:55 -0300] "GET /cormun/servlet/hpexe_return? HTTP/1.1" 200 1024
186.103.158.250 - - [27/Feb/2017:10:51:55 -0300] "GET /cormun/servlet/trsolicitudadjuntos?2017,4825, HTTP/1.1" 200 8549
200.73.230.173 - - [27/Feb/2017:10:51:57 -0300] "POST /cormun/servlet/trautorizarsolicitud?d84503b437af04ab2504eb6290d46933,,gx-no-cache=1488203592276 HTTP/1.1" 200 5868
186.103.158.250 - - [27/Feb/2017:10:51:57 -0300] "GET /cormun/servlet/trsolicitudadjuntos?2017,4825, HTTP/1.1" 200 8548
200.73.230.173 - - [27/Feb/2017:10:52:01 -0300] "POST /cormun/servlet/trautorizarsolicitud?d84503b437af04ab2504eb6290d46933,,gx-no-cache=1488203596027 HTTP/1.1" 200 5868
186.103.158.250 - - [27/Feb/2017:10:53:02 -0300] "GET /cormun/PublicTempStorage/titulo2116836.jpg HTTP/1.1" 200 628006
186.103.158.250 - - [27/Feb/2017:10:53:27 -0300] "GET /cormun/servlet/hlogin HTTP/1.1" 200 1718
186.103.158.250 - - [27/Feb/2017:10:53:39 -0300] "POST /cormun/servlet/hlogin?51acabe00607306b914d2cf3c36da2d1,gx-no-cache=1488203600153 HTTP/1.1" 200 422
186.103.158.250 - - [27/Feb/2017:10:53:49 -0300] "POST /cormun/servlet/hlogin?51acabe00607306b914d2cf3c36da2d1,gx-no-cache=1488203609445 HTTP/1.1" 200 422
186.103.158.250 - - [27/Feb/2017:10:54:03 -0300] "POST /cormun/servlet/hlogin?51acabe00607306b914d2cf3c36da2d1,gx-no-cache=1488203623372 HTTP/1.1" 200 90
186.103.158.250 - - [27/Feb/2017:10:54:03 -0300] "GET /cormun/servlet/hpexe_link HTTP/1.1" 200 972
186.103.158.250 - - [27/Feb/2017:10:54:03 -0300] "GET /cormun/servlet/trsolicitudadjuntos?2017,4825, HTTP/1.1" 200 8548
186.103.158.250 - - [27/Feb/2017:10:54:05 -0300] "GET /cormun/servlet/trsolicitudadjuntos?2017,4825, HTTP/1.1" 200 8546
186.103.158.250 - - [27/Feb/2017:10:54:19 -0300] "GET /cormun/servlet/solicitudotadjuntos?INS,2017,4825,,1, HTTP/1.1" 200 5787
186.103.158.250 - - [27/Feb/2017:10:54:19 -0300] "GET /cormun/static/about:blank HTTP/1.1" 404 1011
186.103.158.250 - - [27/Feb/2017:10:54:20 -0300] "GET /cormun/servlet/solicitudotadjuntos?INS,2017,4825,,1, HTTP/1.1" 200 5781
186.103.158.250 - - [27/Feb/2017:10:54:20 -0300] "GET /cormun/servlet/solicitudotadjuntos?62066b4357ff0218788285b66855f57a4e5a64d83c94e3f9765dd47a2adc3ed085c4b5df956e20b7e2e281b4d15ed6dd,gx-no-cache=1488203641240 HTTP/1.1" 200 30
186.103.158.250 - - [27/Feb/2017:10:54:21 -0300] "POST /cormun/servlet/solicitudotadjuntos?51acabe00607306b914d2cf3c36da2d1,INS,2017,4825,,1,,gx-no-cache=1488203641286 HTTP/1.1" 200 3674
186.103.158.250 - - [27/Feb/2017:10:54:33 -0300] "GET /cormun/servlet/trsolicitudadjuntos?2017,4825, HTTP/1.1" 200 8546
186.103.158.250 - - [27/Feb/2017:10:54:35 -0300] "GET /cormun/servlet/trsolicitudadjuntos?2017,4825, HTTP/1.1" 200 8546
186.103.158.250 - - [27/Feb/2017:10:54:44 -0300] "GET /cormun/servlet/solicitudotadjuntos?INS,2017,4825,,1, HTTP/1.1" 200 5787
186.103.158.250 - - [27/Feb/2017:10:54:44 -0300] "GET /cormun/static/about:blank HTTP/1.1" 404 1011
186.103.158.250 - - [27/Feb/2017:10:54:45 -0300] "GET /cormun/servlet/solicitudotadjuntos?INS,2017,4825,,1, HTTP/1.1" 200 5781
186.103.158.250 - - [27/Feb/2017:10:54:46 -0300] "GET /cormun/servlet/solicitudotadjuntos?62066b4357ff0218788285b66855f57a4e5a64d83c94e3f9765dd47a2adc3ed085c4b5df956e20b7e2e281b4d15ed6dd,gx-no-cache=1488203666271 HTTP/1.1" 200 30
186.103.158.250 - - [27/Feb/2017:10:54:46 -0300] "POST /cormun/servlet/solicitudotadjuntos?51acabe00607306b914d2cf3c36da2d1,INS,2017,4825,,1,,gx-no-cache=1488203666313 HTTP/1.1" 200 3674
186.103.158.250 - - [27/Feb/2017:10:54:51 -0300] "POST /cormun/servlet/solicitudotadjuntos?gx-no-cache=1488203671486 HTTP/1.1" 200 26
186.103.158.250 - - [27/Feb/2017:10:55:03 -0300] "GET /cormun/servlet/solicitudotadjuntos?62066b4357ff0218788285b66855f57a62c98a4cbca71e14a69fe8d86ce708d0,gx-no-cache=1488203683824 HTTP/1.1" 200 30
186.103.158.250 - - [27/Feb/2017:10:55:03 -0300] "GET /cormun/servlet/solicitudotadjuntos?62066b4357ff0218788285b66855f57a62c98a4cbca71e14a69fe8d86ce708d0,gx-no-cache=1488203683857 HTTP/1.1" 200 30
186.103.158.250 - - [27/Feb/2017:10:55:03 -0300] "POST /cormun/servlet/solicitudotadjuntos?51acabe00607306b914d2cf3c36da2d1,INS,2017,4825,,1, HTTP/1.1" 200 116
186.103.158.250 - - [27/Feb/2017:10:55:04 -0300] "GET /cormun/servlet/hpexe_return? HTTP/1.1" 200 1024
186.103.158.250 - - [27/Feb/2017:10:55:04 -0300] "GET /cormun/servlet/trsolicitudadjuntos?2017,4825, HTTP/1.1" 200 8778
186.103.158.250 - - [27/Feb/2017:10:55:06 -0300] "GET /cormun/servlet/trsolicitudadjuntos?2017,4825, HTTP/1.1" 200 8777
186.103.158.250 - - [27/Feb/2017:10:55:17 -0300] "GET /cormun/servlet/solicitudotadjuntos?INS,2017,4825,,1, HTTP/1.1" 200 5786
186.103.158.250 - - [27/Feb/2017:10:55:18 -0300] "GET /cormun/servlet/solicitudotadjuntos?INS,2017,4825,,1, HTTP/1.1" 200 5780
186.103.158.250 - - [27/Feb/2017:10:55:19 -0300] "GET /cormun/servlet/solicitudotadjuntos?62066b4357ff0218788285b66855f57a4e5a64d83c94e3f9765dd47a2adc3ed085c4b5df956e20b7e2e281b4d15ed6dd,gx-no-cache=1488203699674 HTTP/1.1" 200 30
186.103.158.250 - - [27/Feb/2017:10:55:20 -0300] "POST /cormun/servlet/solicitudotadjuntos?51acabe00607306b914d2cf3c36da2d1,INS,2017,4825,,1,,gx-no-cache=1488203699733 HTTP/1.1" 200 3673
186.103.158.250 - - [27/Feb/2017:10:55:28 -0300] "POST /cormun/servlet/solicitudotadjuntos?51acabe00607306b914d2cf3c36da2d1,INS,2017,4825,,1,,gx-no-cache=1488203708486 HTTP/1.1" 200 93
186.103.158.250 - - [27/Feb/2017:10:55:28 -0300] "GET /cormun/servlet/hpexe_return? HTTP/1.1" 200 1024
186.103.158.250 - - [27/Feb/2017:10:55:29 -0300] "GET /cormun/servlet/trsolicitudadjuntos?2017,4825, HTTP/1.1" 200 8780
186.103.158.250 - - [27/Feb/2017:10:55:30 -0300] "GET /cormun/servlet/trsolicitudadjuntos?2017,4825, HTTP/1.1" 200 8776
186.103.158.250 - - [27/Feb/2017:10:55:39 -0300] "GET /cormun/servlet/solicitudotadjuntos?INS,2017,4825,,1, HTTP/1.1" 200 5786
186.103.158.250 - - [27/Feb/2017:10:55:40 -0300] "GET /cormun/servlet/solicitudotadjuntos?INS,2017,4825,,1, HTTP/1.1" 200 5780
186.103.158.250 - - [27/Feb/2017:10:55:40 -0300] "GET /cormun/servlet/solicitudotadjuntos?62066b4357ff0218788285b66855f57a4e5a64d83c94e3f9765dd47a2adc3ed085c4b5df956e20b7e2e281b4d15ed6dd,gx-no-cache=1488203721126 HTTP/1.1" 200 30
186.103.158.250 - - [27/Feb/2017:10:55:41 -0300] "POST /cormun/servlet/solicitudotadjuntos?51acabe00607306b914d2cf3c36da2d1,INS,2017,4825,,1,,gx-no-cache=1488203721164 HTTP/1.1" 200 3673
186.103.158.250 - - [27/Feb/2017:10:55:43 -0300] "GET /cormun/servlet/trsolicitudadjuntos?2017,4825, HTTP/1.1" 200 8775
186.103.158.250 - - [27/Feb/2017:10:55:44 -0300] "GET /cormun/servlet/trsolicitudadjuntos?2017,4825, HTTP/1.1" 200 8775
186.103.158.250 - - [27/Feb/2017:10:55:45 -0300] "GET /cormun/servlet/hlogin HTTP/1.1" 200 1718
186.103.158.250 - - [27/Feb/2017:10:55:52 -0300] "POST /cormun/servlet/hlogin?51acabe00607306b914d2cf3c36da2d1,gx-no-cache=1488203733033 HTTP/1.1" 200 90
186.103.158.250 - - [27/Feb/2017:10:55:52 -0300] "GET /cormun/servlet/hpexe_link HTTP/1.1" 200 972
186.103.158.250 - - [27/Feb/2017:10:55:53 -0300] "GET /cormun/servlet/trsolicitudadjuntos?2017,4825, HTTP/1.1" 200 8775
186.103.158.250 - - [27/Feb/2017:10:55:54 -0300] "GET /cormun/servlet/trsolicitudadjuntos?2017,4825, HTTP/1.1" 200 8778
186.103.158.250 - - [27/Feb/2017:10:56:11 -0300] "GET /cormun/servlet/trvisualizadoreventos? HTTP/1.1" 200 6503
186.103.158.250 - - [27/Feb/2017:10:56:12 -0300] "GET /cormun/servlet/trvisualizadoreventos? HTTP/1.1" 200 6490
186.103.158.250 - - [27/Feb/2017:10:56:17 -0300] "POST /cormun/servlet/trvisualizadoreventos?51acabe00607306b914d2cf3c36da2d1,,gx-no-cache=1488203757202 HTTP/1.1" 200 3778
186.103.158.250 - - [27/Feb/2017:10:56:22 -0300] "GET /cormun/servlet/trsolicitudadjuntos?2017,4825, HTTP/1.1" 200 8774
200.111.191.210 - - [27/Feb/2017:10:56:23 -0300] "GET /cormun/servlet/trsolicitudot? HTTP/1.1" 200 6023
200.111.191.210 - - [27/Feb/2017:10:56:23 -0300] "GET /cormun/static/calendar-system.css?85620 HTTP/1.1" 200 5572
200.111.191.210 - - [27/Feb/2017:10:56:23 -0300] "GET /cormun/static/gxui/gxui-all.css?120300 HTTP/1.1" 200 2179
200.111.191.210 - - [27/Feb/2017:10:56:23 -0300] "GET /cormun/static/SmoothNavMenu/resources/ddsmoothmenu.css?1112540 HTTP/1.1" 200 2223
200.111.191.210 - - [27/Feb/2017:10:56:23 -0300] "GET /cormun/static/SmoothNavMenu/resources/ddsmoothmenu-v.css?1112540 HTTP/1.1" 200 1188
200.111.191.210 - - [27/Feb/2017:10:56:23 -0300] "GET /cormun/static/scaMessage/css/jquery.pnotify.default.css?1816380 HTTP/1.1" 200 1707
200.111.191.210 - - [27/Feb/2017:10:56:23 -0300] "GET /cormun/static/Shared/jqueryui/jquery-ui.min.css?1345370 HTTP/1.1" 200 30288
200.111.191.210 - - [27/Feb/2017:10:56:23 -0300] "GET /cormun/static/gxtimezone.js?85251 HTTP/1.1" 200 5781
200.111.191.210 - - [27/Feb/2017:10:56:23 -0300] "GET /cormun/static/gxcfg.js?20171191044697 HTTP/1.1" 200 953
200.111.191.210 - - [27/Feb/2017:10:56:23 -0300] "GET /cormun/static/calendar.js?85251 HTTP/1.1" 200 26246
200.111.191.210 - - [27/Feb/2017:10:56:23 -0300] "GET /cormun/static/Resources/Spanish/PXTools.css?18365030 HTTP/1.1" 200 89042
200.111.191.210 - - [27/Feb/2017:10:56:23 -0300] "GET /cormun/static/calendar-setup.js?85251 HTTP/1.1" 200 2588
200.111.191.210 - - [27/Feb/2017:10:56:23 -0300] "GET /cormun/static/calendar-es.js?85251 HTTP/1.1" 200 1901
200.111.191.210 - - [27/Feb/2017:10:56:23 -0300] "GET /cormun/static/RunJS/RunJS.js HTTP/1.1" 200 288
200.111.191.210 - - [27/Feb/2017:10:56:23 -0300] "GET /cormun/static/PXToolsJavascripts/pexe_autoreload.js HTTP/1.1" 200 1762
200.111.191.210 - - [27/Feb/2017:10:56:23 -0300] "GET /cormun/static/PXToolsJavascripts/pexe_cookies.js HTTP/1.1" 200 792
200.111.191.210 - - [27/Feb/2017:10:56:23 -0300] "GET /cormun/static/PXToolsJavascripts/pexe_windows.js HTTP/1.1" 200 15207
200.111.191.210 - - [27/Feb/2017:10:56:23 -0300] "GET /cormun/static/Shared/ext/resources/css/ext-all.css?215870 HTTP/1.1" 200 416045
200.111.191.210 - - [27/Feb/2017:10:56:23 -0300] "GET /cormun/static/PXToolsJavascripts/pexe_grid.js HTTP/1.1" 200 7559
200.111.191.210 - - [27/Feb/2017:10:56:23 -0300] "GET /cormun/static/PXToolsJavascripts/pexe_griddivfix.js HTTP/1.1" 200 6644
200.111.191.210 - - [27/Feb/2017:10:56:23 -0300] "GET /cormun/static/PXToolsJavascripts/pexe_link.js HTTP/1.1" 200 5671
200.111.191.210 - - [27/Feb/2017:10:56:23 -0300] "GET /cormun/static/PXToolsJavascripts/pexe_menudivfix.js HTTP/1.1" 200 333
200.111.191.210 - - [27/Feb/2017:10:56:23 -0300] "GET /cormun/static/PXToolsJavascripts/pexe_menus.js HTTP/1.1" 200 1286
200.111.191.210 - - [27/Feb/2017:10:56:23 -0300] "GET /cormun/static/PXToolsJavascripts/pexe_layers.js HTTP/1.1" 200 4114
200.111.191.210 - - [27/Feb/2017:10:56:23 -0300] "GET /cormun/static/PXToolsJavascripts/pexe_oav.js HTTP/1.1" 200 645
200.111.191.210 - - [27/Feb/2017:10:56:23 -0300] "GET /cormun/static/PXToolsJavascripts/pexe_oavdivfix.js HTTP/1.1" 200 639
200.111.191.210 - - [27/Feb/2017:10:56:23 -0300] "GET /cormun/static/PXToolsJavascripts/pexe_picture.js HTTP/1.1" 200 689
200.111.191.210 - - [27/Feb/2017:10:56:23 -0300] "GET /cormun/static/PXToolsJavascripts/pexe_scrolldiv.js HTTP/1.1" 200 4138
200.111.191.210 - - [27/Feb/2017:10:56:23 -0300] "GET /cormun/static/PXToolsJavascripts/pexe_popup.js HTTP/1.1" 200 13458
200.111.191.210 - - [27/Feb/2017:10:56:23 -0300] "GET /cormun/static/PXToolsJavascripts/pexe_tabdivfix.js HTTP/1.1" 200 876
200.111.191.210 - - [27/Feb/2017:10:56:23 -0300] "GET /cormun/static/PXToolsJavascripts/pexe_tabs.js HTTP/1.1" 200 3748
200.111.191.210 - - [27/Feb/2017:10:56:23 -0300] "GET /cormun/static/PXToolsJavascripts/pexe_upload.js HTTP/1.1" 200 1423
200.111.191.210 - - [27/Feb/2017:10:56:23 -0300] "GET /cormun/static/PXToolsJavascripts/PXToolsJavascriptsRender.js HTTP/1.1" 200 367
200.111.191.210 - - [27/Feb/2017:10:56:24 -0300] "GET /cormun/static/gxui/gxui-all.js HTTP/1.1" 200 107772
200.111.191.210 - - [27/Feb/2017:10:56:24 -0300] "GET /cormun/static/gxgral.js?85251 HTTP/1.1" 200 384558
186.103.158.250 - - [27/Feb/2017:10:56:24 -0300] "GET /cormun/servlet/trsolicitudadjuntos?2017,4825, HTTP/1.1" 200 8774
200.111.191.210 - - [27/Feb/2017:10:56:24 -0300] "GET /cormun/static/Shared/ext/locale/ext-lang-en.js HTTP/1.1" 200 10940
200.111.191.210 - - [27/Feb/2017:10:56:24 -0300] "GET /cormun/static/messages.spa.js?85251 HTTP/1.1" 200 30736
200.111.191.210 - - [27/Feb/2017:10:56:24 -0300] "GET /cormun/static/gxdec.js?85251 HTTP/1.1" 200 19579
200.111.191.210 - - [27/Feb/2017:10:56:24 -0300] "GET /cormun/static/trsolicitudot.js?20171191045625 HTTP/1.1" 200 53117
200.111.191.210 - - [27/Feb/2017:10:56:24 -0300] "GET /cormun/static/hwchdr01.js?201612218432057 HTTP/1.1" 200 1183
200.111.191.210 - - [27/Feb/2017:10:56:24 -0300] "GET /cormun/static/hpexe_recentlink.js?201610171694390 HTTP/1.1" 200 2144
200.111.191.210 - - [27/Feb/2017:10:56:24 -0300] "GET /cormun/static/hpexe_scripts.js?201612218432016 HTTP/1.1" 200 1544
200.111.191.210 - - [27/Feb/2017:10:56:24 -0300] "GET /cormun/static/hpexe_messagecontroller.js?201610171694323 HTTP/1.1" 200 870
200.111.191.210 - - [27/Feb/2017:10:56:24 -0300] "GET /cormun/static/hpexe_messagepopupcomponent.js?20161017169425 HTTP/1.1" 200 605
200.111.191.210 - - [27/Feb/2017:10:56:24 -0300] "GET /cormun/static/hpexe_messagegenexuscomponent.js?201612218431816 HTTP/1.1" 200 587
200.111.191.210 - - [27/Feb/2017:10:56:24 -0300] "GET /cormun/static/cmcontrolpreferences.js?201612218431999 HTTP/1.1" 200 1375
200.111.191.210 - - [27/Feb/2017:10:56:24 -0300] "GET /cormun/static/Shared/jquery/jquery-1.4.2.min.js HTTP/1.1" 200 72174
200.111.191.210 - - [27/Feb/2017:10:56:25 -0300] "GET /cormun/static/Shared/ext/ext-all.js HTTP/1.1" 200 1289687
200.111.191.210 - - [27/Feb/2017:10:56:25 -0300] "GET /cormun/static/Shared/jquery/jquery-1.10.2.min.js HTTP/1.1" 200 273199
200.111.191.210 - - [27/Feb/2017:10:56:25 -0300] "GET /cormun/static/Shared/jqueryui/jquery-ui.min.js HTTP/1.1" 200 240427
200.111.191.210 - - [27/Feb/2017:10:56:25 -0300] "GET /cormun/static/SmoothNavMenu/resources/ddsmoothmenu.js HTTP/1.1" 200 12712
200.111.191.210 - - [27/Feb/2017:10:56:25 -0300] "GET /cormun/static/Resources/logo4.png HTTP/1.1" 200 6582
200.111.191.210 - - [27/Feb/2017:10:56:25 -0300] "GET /cormun/static/SmoothNavMenu/resources/SmoothNavMenuRender.js HTTP/1.1" 200 5951
200.111.191.210 - - [27/Feb/2017:10:56:25 -0300] "GET /cormun/static/hmpwkw03.js?20161221852152 HTTP/1.1" 200 3965
200.111.191.210 - - [27/Feb/2017:10:56:25 -0300] "GET /cormun/static/scaMessage/scaMessageRender.js HTTP/1.1" 200 11977
200.111.191.210 - - [27/Feb/2017:10:56:25 -0300] "GET /cormun/static/scaMessage/js/jquery.pnotify.min.js HTTP/1.1" 200 13038
200.111.191.210 - - [27/Feb/2017:10:56:25 -0300] "GET /cormun/static/Resources/PXToolsHeaderActionsLeft.png HTTP/1.1" 200 1118
200.111.191.210 - - [27/Feb/2017:10:56:25 -0300] "GET /cormun/static/Resources/PXToolsHeaderHome.png HTTP/1.1" 200 4147
200.111.191.210 - - [27/Feb/2017:10:56:25 -0300] "GET /cormun/static/Resources/PXToolsHeaderLogin.png HTTP/1.1" 200 4279
200.111.191.210 - - [27/Feb/2017:10:56:25 -0300] "GET /cormun/static/Resources/PXToolsHeaderPreferences.png HTTP/1.1" 200 4189
200.111.191.210 - - [27/Feb/2017:10:56:25 -0300] "GET /cormun/static/Resources/PXToolsHeaderSecurity.png HTTP/1.1" 200 4166
200.111.191.210 - - [27/Feb/2017:10:56:25 -0300] "GET /cormun/static/Resources/PXToolsHeaderActionsRight.png HTTP/1.1" 200 1201
200.111.191.210 - - [27/Feb/2017:10:56:25 -0300] "GET /cormun/static/Resources/PXTools/calendar.png HTTP/1.1" 200 1306
200.111.191.210 - - [27/Feb/2017:10:56:25 -0300] "GET /cormun/static/Resources/PXToolsDataSearch.png HTTP/1.1" 200 419
200.111.191.210 - - [27/Feb/2017:10:56:25 -0300] "GET /cormun/static/Resources/PXToolsGridFirstDisabled.gif HTTP/1.1" 200 100
200.111.191.210 - - [27/Feb/2017:10:56:25 -0300] "GET /cormun/static/Resources/PXToolsGridNextDisabled.gif HTTP/1.1" 200 90
200.111.191.210 - - [27/Feb/2017:10:56:25 -0300] "GET /cormun/static/Resources/PXToolsGridPreviousDisabled.gif HTTP/1.1" 200 90
200.111.191.210 - - [27/Feb/2017:10:56:25 -0300] "GET /cormun/static/Resources/PXToolsGridLastDisabled.gif HTTP/1.1" 200 98
200.111.191.210 - - [27/Feb/2017:10:56:25 -0300] "GET /cormun/static/Resources/PXToolsGridPage.gif HTTP/1.1" 200 725
200.111.191.210 - - [27/Feb/2017:10:56:25 -0300] "GET /cormun/static/Resources/PXToolsHeaderActionsBackground.png HTTP/1.1" 200 484
200.111.191.210 - - [27/Feb/2017:10:56:25 -0300] "GET /cormun/static/Resources/PXToolsHeaderBackground2.png HTTP/1.1" 200 1174
200.111.191.210 - - [27/Feb/2017:10:56:25 -0300] "GET /cormun/static/Resources/PXToolsFooterBackground2.png HTTP/1.1" 200 1172
200.111.191.210 - - [27/Feb/2017:10:56:25 -0300] "GET /cormun/static/Resources/PXToolsDataTitle.png HTTP/1.1" 200 1173
200.111.191.210 - - [27/Feb/2017:10:56:25 -0300] "GET /cormun/static/Resources/PXToolsActionExcel.png HTTP/1.1" 200 3187
200.111.191.210 - - [27/Feb/2017:10:56:25 -0300] "GET /cormun/static/Resources/PXToolsGridNew.png HTTP/1.1" 200 2949
200.111.191.210 - - [27/Feb/2017:10:56:25 -0300] "GET /cormun/static/Resources/indicator.gif HTTP/1.1" 200 1553
200.111.191.210 - - [27/Feb/2017:10:56:25 -0300] "GET /cormun/static/Resources/asc.gif HTTP/1.1" 200 67
200.111.191.210 - - [27/Feb/2017:10:56:25 -0300] "GET /cormun/servlet/hlogin HTTP/1.1" 200 1735
200.111.191.210 - - [27/Feb/2017:10:56:25 -0300] "GET /cormun/static/Shared/ext/resources/themes/images/default/panel/bg-headersPanel.png HTTP/1.1" 200 255
200.111.191.210 - - [27/Feb/2017:10:56:25 -0300] "GET /cormun/static/Shared/ext/resources/themes/images/default/tools/tool-sprites.gif HTTP/1.1" 200 5434
200.111.191.210 - - [27/Feb/2017:10:56:25 -0300] "GET /cormun/servlet/trsolicitudot? HTTP/1.1" 200 6033
200.111.191.210 - - [27/Feb/2017:10:56:25 -0300] "GET /cormun/static/gxcfg.js?201612216162538 HTTP/1.1" 200 953
200.111.191.210 - - [27/Feb/2017:10:56:25 -0300] "GET /cormun/static/Resources/Spanish/PXTools.css?167811 HTTP/1.1" 200 89042
200.111.191.210 - - [27/Feb/2017:10:56:25 -0300] "GET /cormun/static/hlogin.js?201612216162555 HTTP/1.1" 200 2136
200.111.191.210 - - [27/Feb/2017:10:56:25 -0300] "GET /cormun/static/Resources/desc.gif HTTP/1.1" 200 65
200.111.191.210 - - [27/Feb/2017:10:56:26 -0300] "GET /cormun/static/Resources/PXToolsLoginTop.png HTTP/1.1" 200 1337
200.111.191.210 - - [27/Feb/2017:10:56:26 -0300] "GET /cormun/static/Resources/PXToolsLoginBackground.png HTTP/1.1" 200 1164
200.111.191.210 - - [27/Feb/2017:10:56:26 -0300] "GET /cormun/static/Resources/PXToolsButtonLeft21.png HTTP/1.1" 200 1287
200.111.191.210 - - [27/Feb/2017:10:56:26 -0300] "GET /cormun/static/Resources/ComunLogin.png HTTP/1.1" 200 17326
200.111.191.210 - - [27/Feb/2017:10:56:26 -0300] "GET /cormun/static/Resources/PXToolsLoginBottom.png HTTP/1.1" 200 1389
200.111.191.210 - - [27/Feb/2017:10:56:26 -0300] "GET /cormun/static/Resources/PXToolsButtonRight21.png HTTP/1.1" 200 1283
200.111.191.210 - - [27/Feb/2017:10:56:26 -0300] "GET /cormun/static/Resources/PXToolsButtonBackground2.png HTTP/1.1" 200 1181
200.111.191.210 - - [27/Feb/2017:10:56:26 -0300] "GET /favicon.ico HTTP/1.1" 200 21630
186.103.158.250 - - [27/Feb/2017:10:56:43 -0300] "GET /cormun/servlet/trvisualizadoreventos? HTTP/1.1" 200 6503
186.103.158.250 - - [27/Feb/2017:10:56:44 -0300] "GET /cormun/servlet/trvisualizadoreventos? HTTP/1.1" 200 6490
186.103.158.250 - - [27/Feb/2017:10:56:48 -0300] "GET /cormun/static/menuarrow.gif HTTP/1.1" 404 1015
200.111.191.210 - - [27/Feb/2017:10:56:57 -0300] "POST /cormun/servlet/hlogin?ecff988906e1fb7712f2923a8d54569c,gx-no-cache=1488207406199 HTTP/1.1" 200 90
200.111.191.210 - - [27/Feb/2017:10:56:57 -0300] "GET /cormun/servlet/hpexe_link HTTP/1.1" 200 959
200.111.191.210 - - [27/Feb/2017:10:56:57 -0300] "GET /cormun/static/gxcfg.js?201612218515529 HTTP/1.1" 200 953
200.111.191.210 - - [27/Feb/2017:10:56:57 -0300] "GET /cormun/static/hpexe_link.js?201612218515532 HTTP/1.1" 200 625
200.111.191.210 - - [27/Feb/2017:10:56:57 -0300] "GET /cormun/servlet/trsolicitudot HTTP/1.1" 200 6500
200.111.191.210 - - [27/Feb/2017:10:56:57 -0300] "GET /cormun/static/Resources/desc.gif HTTP/1.1" 200 65
200.111.191.210 - - [27/Feb/2017:10:56:57 -0300] "GET /cormun/static/SmoothNavMenu/resources/images/down.gif HTTP/1.1" 200 854
200.111.191.210 - - [27/Feb/2017:10:56:57 -0300] "GET /cormun/servlet/trsolicitudot HTTP/1.1" 200 6498
186.103.158.250 - - [27/Feb/2017:10:57:09 -0300] "POST /cormun/servlet/trvisualizadoreventos?51acabe00607306b914d2cf3c36da2d1,,gx-no-cache=1488203809281 HTTP/1.1" 200 3790
200.111.191.210 - - [27/Feb/2017:10:57:10 -0300] "GET /cormun/servlet/trsolicitudot? HTTP/1.1" 200 6498
200.111.191.210 - - [27/Feb/2017:10:57:10 -0300] "GET /cormun/servlet/trsolicitudot? HTTP/1.1" 200 6499
200.111.191.210 - - [27/Feb/2017:10:57:20 -0300] "GET /cormun/servlet/solicitudot?INS,0,0, HTTP/1.1" 200 12536
200.111.191.210 - - [27/Feb/2017:10:57:20 -0300] "GET /cormun/static/gxcfg.js?20171191042720 HTTP/1.1" 200 953
200.111.191.210 - - [27/Feb/2017:10:57:20 -0300] "GET /cormun/static/solicitudot.js?2017119104297 HTTP/1.1" 200 63948
200.111.191.210 - - [27/Feb/2017:10:57:20 -0300] "GET /cormun/static/Resources/prompt.gif HTTP/1.1" 200 902
200.111.191.210 - - [27/Feb/2017:10:57:21 -0300] "GET /cormun/servlet/solicitudot?INS,0,0, HTTP/1.1" 200 12541
186.103.158.250 - - [27/Feb/2017:10:57:24 -0300] "GET /cormun/servlet/trsolicitudadjuntos?2017,4825, HTTP/1.1" 200 8776
186.103.158.250 - - [27/Feb/2017:10:57:26 -0300] "GET /cormun/servlet/trsolicitudadjuntos?2017,4825, HTTP/1.1" 200 8776
186.103.158.250 - - [27/Feb/2017:10:57:43 -0300] "GET /cormun/servlet/trvisualizadoreventos? HTTP/1.1" 200 6510
186.103.158.250 - - [27/Feb/2017:10:57:45 -0300] "GET /cormun/servlet/trvisualizadoreventos? HTTP/1.1" 200 6497
200.111.191.210 - - [27/Feb/2017:10:57:48 -0300] "POST /cormun/servlet/solicitudot?gx-no-cache=1488207457354 HTTP/1.1" 200 3180
200.111.191.210 - - [27/Feb/2017:10:57:48 -0300] "POST /cormun/servlet/solicitudot?ecff988906e1fb7712f2923a8d54569c,INS,0,0,,gx-no-cache=1488207457553 HTTP/1.1" 200 9746
186.103.158.250 - - [27/Feb/2017:10:57:54 -0300] "POST /cormun/servlet/trvisualizadoreventos?51acabe00607306b914d2cf3c36da2d1,,gx-no-cache=1488203854211 HTTP/1.1" 200 3796
200.111.191.210 - - [27/Feb/2017:10:58:03 -0300] "GET /cormun/servlet/solicitudot?621a6f1401585dc836214fd523ac18db0f6974834777226df32267c5519a209337b39f32fc8a9351e69e4b73903feea7,gx-no-cache=1488207472658 HTTP/1.1" 200 30
186.103.158.250 - - [27/Feb/2017:10:58:17 -0300] "GET /cormun/servlet/trsolicitudadjuntos?2017,4825, HTTP/1.1" 200 8776
186.103.158.250 - - [27/Feb/2017:10:58:19 -0300] "GET /cormun/servlet/trsolicitudadjuntos?2017,4825, HTTP/1.1" 200 8776
186.103.158.250 - - [27/Feb/2017:10:58:27 -0300] "GET /cormun/servlet/hlogin HTTP/1.1" 200 1718
200.111.191.210 - - [27/Feb/2017:10:58:30 -0300] "POST /cormun/servlet/solicitudot?gx-no-cache=1488207499648 HTTP/1.1" 200 240
200.111.191.210 - - [27/Feb/2017:10:58:30 -0300] "GET /cormun/servlet/solicitudot?621a6f1401585dc836214fd523ac18db52941155a4f7de5fa45fe0ce8d7edd05dc7d17232d329d5da0d4ab66f10c8fd3f1c5854f131033f6dcbf36a0d83c22c9567416c953cdd2e51a19e3c2f953f934c5a0e63c1c7fea2a73a5c0a92ac19c028ef222e371e4f577471d22d735a1aaf9391f412592e7b605ebee238dcd375c7e750f798d08f530e6a13545a9bf9dd8e8fa82eb58f81d156dbe67a8f79710924fb7794920bfaabb09350315df4a0b3a7f4c2b07a6e940ba5dcf68a5f1588cd58abfdd5947c28d17e8be017583548bc019b81764704e523d613bba8d36aee2059ed28758000b281506c8d652ec6305c6174519e71cdd52c61fad993d0f59899ac8bed50a9428054b5bc4c35d4af0120eb5c7a3385cce84250d845371f68c3e037a2e60b04bf3d0dcb60c0994ba11baab8ba5909e3ac541a93ea3a81d8a19185187d3a4460daadbedb07ffebc729d412e610162ef2d0daa4c7f6ce099ef26b16d1a5aa4a95d22cfeaac711cf2586985d2ee3be53e45ee3c27aa06a7f3754bdc5c46,gx-no-cache=1488207499696 HTTP/1.1" 200 30
200.111.191.210 - - [27/Feb/2017:10:58:35 -0300] "POST /cormun/servlet/solicitudot?gx-no-cache=1488207505067 HTTP/1.1" 200 30
186.103.158.250 - - [27/Feb/2017:10:58:36 -0300] "POST /cormun/servlet/hlogin?51acabe00607306b914d2cf3c36da2d1,gx-no-cache=1488203896672 HTTP/1.1" 200 90
186.103.158.250 - - [27/Feb/2017:10:58:36 -0300] "GET /cormun/servlet/hpexe_link HTTP/1.1" 200 972
186.103.158.250 - - [27/Feb/2017:10:58:37 -0300] "GET /cormun/servlet/trsolicitudadjuntos?2017,4825, HTTP/1.1" 200 8777
186.103.158.250 - - [27/Feb/2017:10:58:38 -0300] "GET /cormun/servlet/trsolicitudadjuntos?2017,4825, HTTP/1.1" 200 8776
186.103.158.250 - - [27/Feb/2017:10:58:46 -0300] "GET /cormun/servlet/trvisualizadoreventos? HTTP/1.1" 200 6520
186.103.158.250 - - [27/Feb/2017:10:58:48 -0300] "GET /cormun/servlet/trvisualizadoreventos? HTTP/1.1" 200 6509
200.111.191.210 - - [27/Feb/2017:10:58:57 -0300] "POST /cormun/servlet/solicitudot?gx-no-cache=1488207526487 HTTP/1.1" 200 235
200.111.191.210 - - [27/Feb/2017:10:58:57 -0300] "POST /cormun/servlet/solicitudot?gx-no-cache=1488207526547 HTTP/1.1" 200 38
186.103.158.250 - - [27/Feb/2017:10:59:03 -0300] "POST /cormun/servlet/trvisualizadoreventos?51acabe00607306b914d2cf3c36da2d1,,gx-no-cache=1488203923394 HTTP/1.1" 200 3790
200.111.191.210 - - [27/Feb/2017:10:59:06 -0300] "GET /cormun/servlet/solicitudot?621a6f1401585dc836214fd523ac18dbae703674aa5ea958b8e1fd1c0b4e906dd21598f162211d01898a97d8e31c7502aa18903868d0c7b27649183a6f133c9eafc5b2739724677794c9e69f7bbd35467875fceee2149a408528a4f2ea2a0de00ab08bea61c0eb6f67907c079c9cb2952d08575f919a6bbba55df5291f47c56e6ad6d64da7c718e07a7f6d2eea14b6fc5b42d7cf2fc85758ed992394c5abeed4,gx-no-cache=1488207536096 HTTP/1.1" 200 29
200.111.191.210 - - [27/Feb/2017:10:59:07 -0300] "POST /cormun/servlet/solicitudot?gx-no-cache=1488207536167 HTTP/1.1" 200 643
200.111.191.210 - - [27/Feb/2017:10:59:10 -0300] "POST /cormun/servlet/solicitudot?gx-no-cache=1488207539176 HTTP/1.1" 200 1157
186.103.158.250 - - [27/Feb/2017:10:59:36 -0300] "POST /cormun/servlet/trvisualizadoreventos?51acabe00607306b914d2cf3c36da2d1,,gx-no-cache=1488203956353 HTTP/1.1" 200 3795
200.111.191.210 - - [27/Feb/2017:10:59:42 -0300] "GET /cormun/static/menuarrow.gif HTTP/1.1" 404 1015
186.103.158.250 - - [27/Feb/2017:10:59:43 -0300] "POST /cormun/servlet/trvisualizadoreventos?51acabe00607306b914d2cf3c36da2d1,,gx-no-cache=1488203963918 HTTP/1.1" 200 3793
186.103.158.250 - - [27/Feb/2017:10:59:52 -0300] "GET /cormun/servlet/trsolicitudot? HTTP/1.1" 200 7992
186.103.158.250 - - [27/Feb/2017:10:59:54 -0300] "GET /cormun/servlet/trsolicitudot? HTTP/1.1" 200 7992
186.103.158.250 - - [27/Feb/2017:11:00:22 -0300] "GET /cormun/servlet/vesolicitudot?2017,4825,, HTTP/1.1" 200 7948
186.103.158.250 - - [27/Feb/2017:11:00:22 -0300] "GET /cormun/static/gxcfg.js?20161221854299 HTTP/1.1" 200 953
186.103.158.250 - - [27/Feb/2017:11:00:22 -0300] "GET /cormun/pexe_scrolldiv.js HTTP/1.1" 404 1009
186.103.158.250 - - [27/Feb/2017:11:00:22 -0300] "GET /cormun/static/vesolicitudot.js?20161221854352 HTTP/1.1" 200 6091
186.103.158.250 - - [27/Feb/2017:11:00:22 -0300] "GET /cormun/static/hwcviewtabs.js?201612218431866 HTTP/1.1" 200 1074
186.103.158.250 - - [27/Feb/2017:11:00:22 -0300] "GET /cormun/static/hpexe_tabsview.js?201610171694228 HTTP/1.1" 200 1661
186.103.158.250 - - [27/Feb/2017:11:00:22 -0300] "GET /cormun/pexe_scrolldiv.js HTTP/1.1" 404 1009
186.103.158.250 - - [27/Feb/2017:11:00:22 -0300] "GET /cormun/static/Resources/PXToolsTabFirstSelected.png HTTP/1.1" 200 1259
186.103.158.250 - - [27/Feb/2017:11:00:22 -0300] "GET /cormun/static/tbsolicitudot01.js?2017119103633 HTTP/1.1" 200 28340
186.103.158.250 - - [27/Feb/2017:11:00:22 -0300] "GET /cormun/static/Resources/PXToolsTabLastUnselected.png HTTP/1.1" 200 1291
186.103.158.250 - - [27/Feb/2017:11:00:22 -0300] "GET /cormun/static/Resources/PXToolsTabPrevious.gif HTTP/1.1" 200 172
186.103.158.250 - - [27/Feb/2017:11:00:23 -0300] "GET /cormun/static/Resources/PXToolsTabNext.gif HTTP/1.1" 200 168
186.103.158.250 - - [27/Feb/2017:11:00:24 -0300] "GET /cormun/static/calendar-system.css HTTP/1.1" 200 5572
186.103.158.250 - - [27/Feb/2017:11:00:24 -0300] "GET /cormun/static/Resources/PXToolsTabBackUnselected.png HTTP/1.1" 200 1175
186.103.158.250 - - [27/Feb/2017:11:00:24 -0300] "GET /cormun/static/Resources/PXToolsTabBackSelected.png HTTP/1.1" 200 1157
186.103.158.250 - - [27/Feb/2017:11:00:24 -0300] "GET /cormun/static/Resources/PXToolsTabSelectedUnselected.png HTTP/1.1" 200 1428
186.103.158.250 - - [27/Feb/2017:11:00:24 -0300] "GET /cormun/static/Resources/PXToolsTabUnselectedUnselected.png HTTP/1.1" 200 1459
186.103.158.250 - - [27/Feb/2017:11:00:24 -0300] "GET /cormun/servlet/vesolicitudot?2017,4825,, HTTP/1.1" 200 7947
186.103.158.250 - - [27/Feb/2017:11:00:29 -0300] "GET /cormun/servlet/vesolicitudot?2017,4825,,SolicitudOTAdjuntos HTTP/1.1" 200 10129
186.103.158.250 - - [27/Feb/2017:11:00:29 -0300] "GET /cormun/pexe_scrolldiv.js HTTP/1.1" 404 1009
186.103.158.250 - - [27/Feb/2017:11:00:29 -0300] "GET /cormun/static/tbsolicitudot02.js?20161221847758 HTTP/1.1" 200 15617
186.103.158.250 - - [27/Feb/2017:11:00:29 -0300] "GET /cormun/pexe_scrolldiv.js HTTP/1.1" 404 1009
186.103.158.250 - - [27/Feb/2017:11:00:30 -0300] "GET /cormun/static/gxui/gxui-all.css HTTP/1.1" 200 2179
186.103.158.250 - - [27/Feb/2017:11:00:30 -0300] "GET /cormun/static/Resources/PXToolsTabFirstUnselected.png HTTP/1.1" 200 1264
186.103.158.250 - - [27/Feb/2017:11:00:30 -0300] "GET /cormun/static/Resources/PXToolsTabUnselectedSelected.png HTTP/1.1" 200 1444
186.103.158.250 - - [27/Feb/2017:11:00:31 -0300] "GET /cormun/servlet/vesolicitudot?2017,4825,,SolicitudOTAdjuntos HTTP/1.1" 200 10131
186.103.158.250 - - [27/Feb/2017:11:00:31 -0300] "GET /cormun/static/Shared/ext/resources/css/ext-all.css HTTP/1.1" 200 416045
186.103.158.250 - - [27/Feb/2017:11:00:32 -0300] "POST /cormun/servlet/acontrolpreferencessavestate?None,CE-4,true HTTP/1.1" 200 35
186.103.158.250 - - [27/Feb/2017:11:00:36 -0300] "GET /cormun/servlet/vesolicitudot?2017,4825,, HTTP/1.1" 200 7948
186.103.158.250 - - [27/Feb/2017:11:00:37 -0300] "GET /cormun/servlet/vesolicitudot?2017,4825,, HTTP/1.1" 200 7947
186.103.158.250 - - [27/Feb/2017:11:00:38 -0300] "GET /cormun/servlet/trsolicitudot? HTTP/1.1" 200 7992
186.103.158.250 - - [27/Feb/2017:11:00:40 -0300] "GET /cormun/servlet/trsolicitudot? HTTP/1.1" 200 7992
186.103.158.250 - - [27/Feb/2017:11:00:50 -0300] "POST /cormun/servlet/trsolicitudot?51acabe00607306b914d2cf3c36da2d1,,gx-no-cache=1488204030220 HTTP/1.1" 200 4155
186.103.158.250 - - [27/Feb/2017:11:00:50 -0300] "GET /cormun/static/Shared/jqueryui/images/ui-bg_highlight-soft_100_c6c2c8_1x100.png HTTP/1.1" 404 1117
186.103.158.250 - - [27/Feb/2017:11:00:50 -0300] "GET /cormun/static/Shared/jqueryui/images/ui-icons_82798d_256x240.png HTTP/1.1" 404 1089
186.103.158.250 - - [27/Feb/2017:11:00:50 -0300] "GET /cormun/static/Shared/jqueryui/images/ui-bg_flat_55_fafafa_40x100.png HTTP/1.1" 404 1097
186.103.158.250 - - [27/Feb/2017:11:00:50 -0300] "GET /cormun/static/Shared/jqueryui/images/ui-icons_8d78a5_256x240.png HTTP/1.1" 404 1089
186.103.158.250 - - [27/Feb/2017:11:00:50 -0300] "POST /cormun/servlet/trsolicitudot?51acabe00607306b914d2cf3c36da2d1,,gx-no-cache=1488204030637 HTTP/1.1" 200 3933
186.103.158.250 - - [27/Feb/2017:11:01:08 -0300] "GET /cormun/servlet/trvisualizadoreventos? HTTP/1.1" 200 6508
186.103.158.250 - - [27/Feb/2017:11:01:09 -0300] "GET /cormun/servlet/trvisualizadoreventos? HTTP/1.1" 200 6507
186.103.158.250 - - [27/Feb/2017:11:01:37 -0300] "GET /cormun/servlet/hlogin HTTP/1.1" 200 1716
200.111.191.210 - - [27/Feb/2017:11:01:49 -0300] "GET /cormun/servlet/solicitudot?621a6f1401585dc836214fd523ac18db3f07aaf9523ea4d9a86305f78906a45ed75d7d980a9baa6cb585b8045abf93f16fb51007174ded1691d3d797deb630e74e7d1e1f40b53243549e5974715e7b99479ce8b7501581d1ed1e41eb2caef23e35d10723eeca546c4b40c081e079e18f1d475d8b36e6e97c5ca2e996751b97a806055fc1c9a6a3fe742323215e460e30ced0ee57528c184e34dd353fa68d85f38ff90e3a4997aecddfad3bc117d989d2,gx-no-cache=1488207698788 HTTP/1.1" 200 30
200.111.191.210 - - [27/Feb/2017:11:01:49 -0300] "POST /cormun/servlet/solicitudot?ecff988906e1fb7712f2923a8d54569c,INS,0,0,,gx-no-cache=1488207698940 HTTP/1.1" 200 93
200.111.191.210 - - [27/Feb/2017:11:01:49 -0300] "GET /cormun/servlet/hpexe_return? HTTP/1.1" 200 1006
200.111.191.210 - - [27/Feb/2017:11:01:50 -0300] "GET /cormun/static/gxcfg.js?2016101716175148 HTTP/1.1" 200 953
200.111.191.210 - - [27/Feb/2017:11:01:50 -0300] "GET /cormun/static/hpexe_return.js?2016101716175153 HTTP/1.1" 200 1633
200.111.191.210 - - [27/Feb/2017:11:01:50 -0300] "GET /cormun/servlet/trsolicitudot HTTP/1.1" 200 7851
200.111.191.210 - - [27/Feb/2017:11:01:50 -0300] "GET /cormun//static/Resources/PXToolsActionView.png HTTP/1.1" 200 2995
200.111.191.210 - - [27/Feb/2017:11:01:50 -0300] "GET /cormun//static/Resources/PXToolsGridDelete.png HTTP/1.1" 200 357
200.111.191.210 - - [27/Feb/2017:11:01:50 -0300] "GET /cormun//static/Resources/PXToolsGridUpdate.png HTTP/1.1" 200 2984
200.111.191.210 - - [27/Feb/2017:11:01:50 -0300] "GET /cormun//static/Resources/PXTools/ActionInsert.png HTTP/1.1" 200 1482
200.111.191.210 - - [27/Feb/2017:11:01:50 -0300] "GET /cormun//static/Resources/PXToolsRemoveAllAction.png HTTP/1.1" 200 3558
200.111.191.210 - - [27/Feb/2017:11:01:50 -0300] "GET /cormun/servlet/trsolicitudot HTTP/1.1" 200 7847
186.103.158.250 - - [27/Feb/2017:11:01:55 -0300] "POST /cormun/servlet/hlogin?b76011dfb17f0f06ad7f990a41c614d9,gx-no-cache=1488204095226 HTTP/1.1" 200 90
186.103.158.250 - - [27/Feb/2017:11:01:55 -0300] "GET /cormun/servlet/hpexe_link HTTP/1.1" 200 951
186.103.158.250 - - [27/Feb/2017:11:01:55 -0300] "GET /cormun/servlet/hhome HTTP/1.1" 200 3922
186.103.158.250 - - [27/Feb/2017:11:01:56 -0300] "GET /cormun/servlet/hhome HTTP/1.1" 200 3919
200.111.191.210 - - [27/Feb/2017:11:02:01 -0300] "GET /cormun/servlet/solicitudot?INS,0,0, HTTP/1.1" 200 12536
200.111.191.210 - - [27/Feb/2017:11:02:01 -0300] "GET /cormun/servlet/solicitudot?INS,0,0, HTTP/1.1" 200 12541
200.111.191.210 - - [27/Feb/2017:11:02:04 -0300] "POST /cormun/servlet/solicitudot?ecff988906e1fb7712f2923a8d54569c,INS,0,0,,gx-no-cache=1488207713819 HTTP/1.1" 200 93
200.111.191.210 - - [27/Feb/2017:11:02:04 -0300] "GET /cormun/servlet/hpexe_return? HTTP/1.1" 200 1006
200.111.191.210 - - [27/Feb/2017:11:02:04 -0300] "GET /cormun/servlet/trsolicitudot HTTP/1.1" 200 7851
200.111.191.210 - - [27/Feb/2017:11:02:05 -0300] "GET /cormun/servlet/trsolicitudot HTTP/1.1" 200 7847
200.111.191.210 - - [27/Feb/2017:11:02:13 -0300] "POST /cormun/servlet/trsolicitudot?ecff988906e1fb7712f2923a8d54569c,gx-no-cache=1488207722298 HTTP/1.1" 200 106
200.111.191.210 - - [27/Feb/2017:11:02:13 -0300] "GET /cormun/servlet/trsolicitudadjuntos?2017,4827, HTTP/1.1" 200 5840
200.111.191.210 - - [27/Feb/2017:11:02:13 -0300] "GET /cormun/static/gxcfg.js?201612218531388 HTTP/1.1" 200 953
200.111.191.210 - - [27/Feb/2017:11:02:13 -0300] "GET /cormun/static/trsolicitudadjuntos.js?201612218531657 HTTP/1.1" 200 17913
200.111.191.210 - - [27/Feb/2017:11:02:13 -0300] "GET /cormun/servlet/trsolicitudadjuntos?2017,4827, HTTP/1.1" 200 5840
200.111.191.210 - - [27/Feb/2017:11:02:17 -0300] "GET /cormun/servlet/solicitudotadjuntos?INS,2017,4827,,2, HTTP/1.1" 200 5767
200.111.191.210 - - [27/Feb/2017:11:02:17 -0300] "GET /cormun/static/gxcfg.js?201612218465951 HTTP/1.1" 200 953
200.111.191.210 - - [27/Feb/2017:11:02:17 -0300] "GET /cormun/static/solicitudotadjuntos.js?201612218465969 HTTP/1.1" 200 11762
200.111.191.210 - - [27/Feb/2017:11:02:17 -0300] "GET /cormun/static/about:blank HTTP/1.1" 404 1011
200.111.191.210 - - [27/Feb/2017:11:02:17 -0300] "GET /cormun/servlet/solicitudotadjuntos?INS,2017,4827,,2, HTTP/1.1" 200 5761
200.111.191.210 - - [27/Feb/2017:11:02:18 -0300] "GET /cormun/servlet/solicitudotadjuntos?621a6f1401585dc836214fd523ac18dbe8f949102a03a470ce772b380502e348c7fb0a8a0e38a2cdf5b3242fda7bf9a3,gx-no-cache=1488207727611 HTTP/1.1" 200 30
200.111.191.210 - - [27/Feb/2017:11:02:18 -0300] "POST /cormun/servlet/solicitudotadjuntos?ecff988906e1fb7712f2923a8d54569c,INS,2017,4827,,2,,gx-no-cache=1488207727639 HTTP/1.1" 200 3807
186.103.158.250 - - [27/Feb/2017:11:02:20 -0300] "GET /cormun/servlet/trvisualizadoreventos? HTTP/1.1" 200 6653
200.111.191.210 - - [27/Feb/2017:11:02:20 -0300] "POST /cormun/servlet/solicitudotadjuntos?ecff988906e1fb7712f2923a8d54569c,INS,2017,4827,,2,,gx-no-cache=1488207729695 HTTP/1.1" 200 93
200.111.191.210 - - [27/Feb/2017:11:02:20 -0300] "GET /cormun/servlet/hpexe_return? HTTP/1.1" 200 1025
200.111.191.210 - - [27/Feb/2017:11:02:20 -0300] "GET /cormun/servlet/trsolicitudadjuntos?2017,4827, HTTP/1.1" 200 5844
200.111.191.210 - - [27/Feb/2017:11:02:20 -0300] "GET /cormun/servlet/trsolicitudadjuntos?2017,4827, HTTP/1.1" 200 5840
186.103.158.250 - - [27/Feb/2017:11:02:21 -0300] "GET /cormun/servlet/trvisualizadoreventos? HTTP/1.1" 200 6652
200.111.191.210 - - [27/Feb/2017:11:02:24 -0300] "GET /cormun/servlet/solicitudotadjuntos?INS,2017,4827,,1, HTTP/1.1" 200 5770
190.151.99.26 - - [27/Feb/2017:11:02:25 -0300] "POST /cormun/servlet/trsolicitudot?b800633075c58b48a6ef54135c991fbd,gx-no-cache=1488204214823 HTTP/1.1" 200 107
200.111.191.210 - - [27/Feb/2017:11:02:25 -0300] "GET /cormun/static/about:blank HTTP/1.1" 404 1011
190.151.99.26 - - [27/Feb/2017:11:02:25 -0300] "GET /cormun/servlet/trsolicitudadjuntos?2017,4826, HTTP/1.1" 200 6060
200.111.191.210 - - [27/Feb/2017:11:02:25 -0300] "GET /cormun/servlet/solicitudotadjuntos?INS,2017,4827,,1, HTTP/1.1" 200 5764
190.151.99.26 - - [27/Feb/2017:11:02:25 -0300] "GET /cormun/static/gxcfg.js?201612218531388 HTTP/1.1" 304 -
200.111.191.210 - - [27/Feb/2017:11:02:25 -0300] "GET /cormun/servlet/solicitudotadjuntos?621a6f1401585dc836214fd523ac18dbe8f949102a03a470ce772b380502e348c7fb0a8a0e38a2cdf5b3242fda7bf9a3,gx-no-cache=1488207734878 HTTP/1.1" 200 30
200.111.191.210 - - [27/Feb/2017:11:02:25 -0300] "POST /cormun/servlet/solicitudotadjuntos?ecff988906e1fb7712f2923a8d54569c,INS,2017,4827,,1,,gx-no-cache=1488207734917 HTTP/1.1" 200 3664
190.151.99.26 - - [27/Feb/2017:11:02:25 -0300] "GET /cormun/servlet/trsolicitudadjuntos?2017,4826, HTTP/1.1" 200 6060
190.151.99.26 - - [27/Feb/2017:11:02:27 -0300] "GET /cormun/servlet/solicitudotadjuntos?INS,2017,4826,,1, HTTP/1.1" 200 5990
190.151.99.26 - - [27/Feb/2017:11:02:28 -0300] "GET /cormun/static/gxcfg.js?201612218465951 HTTP/1.1" 304 -
190.151.99.26 - - [27/Feb/2017:11:02:28 -0300] "GET /cormun/static/about:blank HTTP/1.1" 404 1011
190.151.99.26 - - [27/Feb/2017:11:02:28 -0300] "GET /cormun/static/solicitudotadjuntos.js?201612218465969 HTTP/1.1" 304 -
190.151.99.26 - - [27/Feb/2017:11:02:28 -0300] "GET /cormun/servlet/solicitudotadjuntos?INS,2017,4826,,1, HTTP/1.1" 200 5983
190.151.99.26 - - [27/Feb/2017:11:02:29 -0300] "GET /cormun/servlet/solicitudotadjuntos?849f4328f3fd1e3a805c661a725634dda07e4909f30162037a807da03fab3bd0ea67d2c8286f9d1fa5f50f9e79cc7ca4,gx-no-cache=1488204220008 HTTP/1.1" 200 30
190.151.99.26 - - [27/Feb/2017:11:02:29 -0300] "POST /cormun/servlet/solicitudotadjuntos?b800633075c58b48a6ef54135c991fbd,INS,2017,4826,,1,,gx-no-cache=1488204220156 HTTP/1.1" 200 3822
190.151.99.26 - - [27/Feb/2017:11:02:32 -0300] "POST /cormun/servlet/solicitudotadjuntos?gx-no-cache=1488204223613 HTTP/1.1" 200 26
200.111.191.210 - - [27/Feb/2017:11:02:34 -0300] "POST /cormun/servlet/solicitudotadjuntos?gx-no-cache=1488207743810 HTTP/1.1" 200 26
186.103.158.250 - - [27/Feb/2017:11:02:34 -0300] "POST /cormun/servlet/trvisualizadoreventos?b76011dfb17f0f06ad7f990a41c614d9,,gx-no-cache=1488204134737 HTTP/1.1" 200 4311
190.151.99.26 - - [27/Feb/2017:11:02:46 -0300] "GET /cormun/servlet/solicitudotadjuntos?849f4328f3fd1e3a805c661a725634ddee6524c8cc08f563b14b13b2d978af70,gx-no-cache=1488204237479 HTTP/1.1" 200 30
190.151.99.26 - - [27/Feb/2017:11:02:46 -0300] "GET /cormun/servlet/solicitudotadjuntos?849f4328f3fd1e3a805c661a725634ddee6524c8cc08f563b14b13b2d978af70,gx-no-cache=1488204237617 HTTP/1.1" 200 30
190.151.99.26 - - [27/Feb/2017:11:02:48 -0300] "POST /cormun/servlet/solicitudotadjuntos?b800633075c58b48a6ef54135c991fbd,INS,2017,4826,,1, HTTP/1.1" 200 116
190.151.99.26 - - [27/Feb/2017:11:02:49 -0300] "GET /cormun/servlet/hpexe_return? HTTP/1.1" 200 1020
190.151.99.26 - - [27/Feb/2017:11:02:49 -0300] "GET /cormun/servlet/trsolicitudadjuntos?2017,4826, HTTP/1.1" 200 8139
190.151.99.26 - - [27/Feb/2017:11:02:49 -0300] "GET /cormun/servlet/trsolicitudadjuntos?2017,4826, HTTP/1.1" 200 8136
186.103.158.250 - - [27/Feb/2017:11:02:58 -0300] "GET /cormun/servlet/trautorizarsolicitud? HTTP/1.1" 200 8095
186.103.158.250 - - [27/Feb/2017:11:02:59 -0300] "GET /cormun/static/gxcfg.js?2017259112829 HTTP/1.1" 200 953
186.103.158.250 - - [27/Feb/2017:11:02:59 -0300] "GET /cormun/static/trautorizarsolicitud.js?2017259113483 HTTP/1.1" 200 53096
186.103.158.250 - - [27/Feb/2017:11:03:00 -0300] "GET /cormun/servlet/trautorizarsolicitud? HTTP/1.1" 200 8094
200.111.191.210 - - [27/Feb/2017:11:03:00 -0300] "GET /cormun/servlet/solicitudotadjuntos?621a6f1401585dc836214fd523ac18dbd3c4eadec7bcc2c7815f7363d85ef49b,gx-no-cache=1488207770090 HTTP/1.1" 200 30
200.111.191.210 - - [27/Feb/2017:11:03:00 -0300] "GET /cormun/servlet/solicitudotadjuntos?621a6f1401585dc836214fd523ac18dbd3c4eadec7bcc2c7815f7363d85ef49b,gx-no-cache=1488207770134 HTTP/1.1" 200 30
200.111.191.210 - - [27/Feb/2017:11:03:09 -0300] "POST /cormun/servlet/solicitudotadjuntos?ecff988906e1fb7712f2923a8d54569c,INS,2017,4827,,1, HTTP/1.1" 200 116
200.111.191.210 - - [27/Feb/2017:11:03:09 -0300] "GET /cormun/servlet/hpexe_return? HTTP/1.1" 200 1025
200.111.191.210 - - [27/Feb/2017:11:03:09 -0300] "GET /cormun/servlet/trsolicitudadjuntos?2017,4827, HTTP/1.1" 200 7902
200.111.191.210 - - [27/Feb/2017:11:03:10 -0300] "GET /cormun/servlet/trsolicitudadjuntos?2017,4827, HTTP/1.1" 200 7899
186.103.158.250 - - [27/Feb/2017:11:03:14 -0300] "POST /cormun/servlet/trautorizarsolicitud?b76011dfb17f0f06ad7f990a41c614d9,,gx-no-cache=1488204174119 HTTP/1.1" 200 4315
200.111.191.210 - - [27/Feb/2017:11:03:14 -0300] "GET /cormun/servlet/solicitudotadjuntos?INS,2017,4827,,1, HTTP/1.1" 200 5770
186.103.158.250 - - [27/Feb/2017:11:03:14 -0300] "GET /cormun/static/Shared/jqueryui/images/ui-bg_highlight-soft_100_c6c2c8_1x100.png HTTP/1.1" 404 1117
186.103.158.250 - - [27/Feb/2017:11:03:14 -0300] "GET /cormun/static/Shared/jqueryui/images/ui-icons_82798d_256x240.png HTTP/1.1" 404 1089
186.103.158.250 - - [27/Feb/2017:11:03:14 -0300] "GET /cormun/static/Shared/jqueryui/images/ui-bg_flat_55_fafafa_40x100.png HTTP/1.1" 404 1097
186.103.158.250 - - [27/Feb/2017:11:03:14 -0300] "GET /cormun/static/Shared/jqueryui/images/ui-icons_8d78a5_256x240.png HTTP/1.1" 404 1089
200.111.191.210 - - [27/Feb/2017:11:03:14 -0300] "GET /cormun/static/about:blank HTTP/1.1" 404 1011
200.111.191.210 - - [27/Feb/2017:11:03:14 -0300] "GET /cormun/servlet/solicitudotadjuntos?INS,2017,4827,,1, HTTP/1.1" 200 5764
186.103.158.250 - - [27/Feb/2017:11:03:14 -0300] "POST /cormun/servlet/trautorizarsolicitud?b76011dfb17f0f06ad7f990a41c614d9,,gx-no-cache=1488204174724 HTTP/1.1" 200 4096
200.111.191.210 - - [27/Feb/2017:11:03:15 -0300] "GET /cormun/servlet/solicitudotadjuntos?621a6f1401585dc836214fd523ac18dbe8f949102a03a470ce772b380502e348c7fb0a8a0e38a2cdf5b3242fda7bf9a3,gx-no-cache=1488207784198 HTTP/1.1" 200 30
200.111.191.210 - - [27/Feb/2017:11:03:15 -0300] "POST /cormun/servlet/solicitudotadjuntos?ecff988906e1fb7712f2923a8d54569c,INS,2017,4827,,1,,gx-no-cache=1488207784268 HTTP/1.1" 200 3665
200.111.191.210 - - [27/Feb/2017:11:03:19 -0300] "POST /cormun/servlet/solicitudotadjuntos?gx-no-cache=1488207788789 HTTP/1.1" 200 26
190.151.99.26 - - [27/Feb/2017:11:03:22 -0300] "GET /cormun/servlet/solicitudotadjuntos?INS,2017,4826,,1, HTTP/1.1" 200 5990
190.151.99.26 - - [27/Feb/2017:11:03:23 -0300] "GET /cormun/static/about:blank HTTP/1.1" 404 1011
190.151.99.26 - - [27/Feb/2017:11:03:24 -0300] "GET /cormun/servlet/solicitudotadjuntos?INS,2017,4826,,1, HTTP/1.1" 200 5983
190.151.99.26 - - [27/Feb/2017:11:03:24 -0300] "GET /cormun/servlet/solicitudotadjuntos?849f4328f3fd1e3a805c661a725634dda07e4909f30162037a807da03fab3bd0ea67d2c8286f9d1fa5f50f9e79cc7ca4,gx-no-cache=1488204275419 HTTP/1.1" 200 30
190.151.99.26 - - [27/Feb/2017:11:03:25 -0300] "POST /cormun/servlet/solicitudotadjuntos?b800633075c58b48a6ef54135c991fbd,INS,2017,4826,,1,,gx-no-cache=1488204275576 HTTP/1.1" 200 3823
190.151.99.26 - - [27/Feb/2017:11:03:29 -0300] "POST /cormun/servlet/solicitudotadjuntos?gx-no-cache=1488204280555 HTTP/1.1" 200 26
200.111.191.210 - - [27/Feb/2017:11:03:37 -0300] "GET /cormun/servlet/solicitudotadjuntos?621a6f1401585dc836214fd523ac18dbd3c4eadec7bcc2c7815f7363d85ef49b,gx-no-cache=1488207806953 HTTP/1.1" 200 30
200.111.191.210 - - [27/Feb/2017:11:03:37 -0300] "GET /cormun/servlet/solicitudotadjuntos?621a6f1401585dc836214fd523ac18dbd3c4eadec7bcc2c7815f7363d85ef49b,gx-no-cache=1488207806999 HTTP/1.1" 200 30
200.111.191.210 - - [27/Feb/2017:11:03:43 -0300] "POST /cormun/servlet/solicitudotadjuntos?ecff988906e1fb7712f2923a8d54569c,INS,2017,4827,,1, HTTP/1.1" 200 116
