186.67.172.234 - - [27/Feb/2017:16:30:58 -0300] "GET /cormun/servlet/solicitudot?274d769c263504c09bdbe2b695f3b1a32a1087674d338bfe23acec6539b17fd1dcc22c62f44b78470998f4e967c2074bd852ff768bd0b571e2cd557e90050fb499b914cfb38a823ce4121110eafbdf66c0887c9eae5878bd14450f61b74064ef55e4bafc9af2d38cf73c7390a84d85c33458af25548d5c9b06f414cf76e74b2983274b28430248c0df6dcc39d7ec807d0a522639cfe0ebd0f59e43b93425cad96cdb96de571fa976bc8b9eb493f25e89,gx-no-cache=1488223937421 HTTP/1.1" 200 30
186.67.172.234 - - [27/Feb/2017:16:30:59 -0300] "POST /cormun/servlet/solicitudot?3fc8ba8ed9d860d9bf61474e93399743,INS,0,0,,gx-no-cache=1488223937462 HTTP/1.1" 200 93
186.67.172.234 - - [27/Feb/2017:16:30:59 -0300] "GET /cormun/servlet/hpexe_return? HTTP/1.1" 200 1009
186.67.172.234 - - [27/Feb/2017:16:30:59 -0300] "GET /cormun/servlet/trsolicitudot HTTP/1.1" 200 9369
186.67.172.234 - - [27/Feb/2017:16:30:59 -0300] "GET /cormun/servlet/trsolicitudot HTTP/1.1" 200 9365
186.103.159.230 - - [27/Feb/2017:16:31:02 -0300] "POST /cormun/servlet/solicitudot?c607aa2483508f936e542297d56cbfa6,INS,0,0,,gx-no-cache=1488223933782 HTTP/1.1" 200 93
186.103.159.230 - - [27/Feb/2017:16:31:02 -0300] "GET /cormun/servlet/hpexe_return? HTTP/1.1" 200 1006
186.103.159.230 - - [27/Feb/2017:16:31:02 -0300] "GET /cormun/static/gxcfg.js?2016101716175148 HTTP/1.1" 200 953
186.103.159.230 - - [27/Feb/2017:16:31:02 -0300] "GET /cormun/static/hpexe_return.js?2016101716175153 HTTP/1.1" 200 1633
186.103.159.230 - - [27/Feb/2017:16:31:03 -0300] "GET /cormun/servlet/trsolicitudot HTTP/1.1" 200 8068
186.103.159.230 - - [27/Feb/2017:16:31:03 -0300] "GET /cormun//static/Resources/PXToolsActionView.png HTTP/1.1" 200 2995
186.103.159.230 - - [27/Feb/2017:16:31:04 -0300] "GET /cormun//static/Resources/PXToolsGridDelete.png HTTP/1.1" 200 357
186.103.159.230 - - [27/Feb/2017:16:31:04 -0300] "GET /cormun//static/Resources/PXTools/ActionInsert.png HTTP/1.1" 200 1482
186.103.159.230 - - [27/Feb/2017:16:31:04 -0300] "GET /cormun//static/Resources/PXToolsRemoveAllAction.png HTTP/1.1" 200 3558
186.103.159.230 - - [27/Feb/2017:16:31:04 -0300] "GET /cormun//static/Resources/PXToolsGridUpdate.png HTTP/1.1" 200 2984
186.103.159.230 - - [27/Feb/2017:16:31:04 -0300] "GET /cormun/servlet/trsolicitudot HTTP/1.1" 200 8064
186.103.159.46 - - [27/Feb/2017:16:31:06 -0300] "POST /cormun/servlet/solicitudotadjuntos?gx-no-cache=1488223936654 HTTP/1.1" 200 26
186.67.172.234 - - [27/Feb/2017:16:31:08 -0300] "GET /cormun/servlet/solicitudot?INS,0,0, HTTP/1.1" 200 12820
186.67.172.234 - - [27/Feb/2017:16:31:08 -0300] "GET /cormun/servlet/solicitudot?INS,0,0, HTTP/1.1" 200 12824
186.103.159.230 - - [27/Feb/2017:16:31:15 -0300] "POST /cormun/servlet/trsolicitudot?c607aa2483508f936e542297d56cbfa6,gx-no-cache=1488223946476 HTTP/1.1" 200 4085
186.103.159.230 - - [27/Feb/2017:16:31:15 -0300] "GET /cormun/static/Shared/jqueryui/images/ui-icons_82798d_256x240.png HTTP/1.1" 404 1089
186.103.159.230 - - [27/Feb/2017:16:31:15 -0300] "GET /cormun/static/Shared/jqueryui/images/ui-bg_highlight-soft_100_c6c2c8_1x100.png HTTP/1.1" 404 1117
186.103.159.230 - - [27/Feb/2017:16:31:15 -0300] "GET /cormun/static/Shared/jqueryui/images/ui-bg_flat_55_fafafa_40x100.png HTTP/1.1" 404 1097
186.103.159.230 - - [27/Feb/2017:16:31:15 -0300] "GET /cormun/static/Shared/jqueryui/images/ui-icons_8d78a5_256x240.png HTTP/1.1" 404 1089
186.103.159.230 - - [27/Feb/2017:16:31:15 -0300] "POST /cormun/servlet/trsolicitudot?c607aa2483508f936e542297d56cbfa6,gx-no-cache=1488223946703 HTTP/1.1" 200 3856
186.103.159.230 - - [27/Feb/2017:16:31:29 -0300] "GET /cormun/servlet/trautorizarsolicitud? HTTP/1.1" 200 8128
186.103.159.230 - - [27/Feb/2017:16:31:29 -0300] "GET /cormun/static/gxcfg.js?2017259112829 HTTP/1.1" 200 953
186.103.159.230 - - [27/Feb/2017:16:31:29 -0300] "GET /cormun/static/trautorizarsolicitud.js?2017259113483 HTTP/1.1" 200 53096
186.103.159.230 - - [27/Feb/2017:16:31:30 -0300] "GET /cormun/servlet/trautorizarsolicitud? HTTP/1.1" 200 8127
186.67.172.234 - - [27/Feb/2017:16:31:30 -0300] "POST /cormun/servlet/solicitudot?gx-no-cache=1488223968726 HTTP/1.1" 200 3181
186.67.172.234 - - [27/Feb/2017:16:31:30 -0300] "POST /cormun/servlet/solicitudot?3fc8ba8ed9d860d9bf61474e93399743,INS,0,0,,gx-no-cache=1488223968844 HTTP/1.1" 200 9969
186.67.172.234 - - [27/Feb/2017:16:31:32 -0300] "GET /cormun/servlet/solicitudot?274d769c263504c09bdbe2b695f3b1a315a4e8f2c8a6ddb39d3592564af5a9e3315fda4caffb7a80579923075336a908,gx-no-cache=1488223971121 HTTP/1.1" 200 30
186.67.172.234 - - [27/Feb/2017:16:31:32 -0300] "POST /cormun/servlet/solicitudot?gx-no-cache=1488223971196 HTTP/1.1" 200 255
186.67.172.234 - - [27/Feb/2017:16:31:32 -0300] "GET /cormun/servlet/solicitudot?274d769c263504c09bdbe2b695f3b1a3ded11b5d1580d5e20aa070ad17eb79bdff5cd1e0ca983644f242ce6d54c5e0564949ec146a7973cae006f8bc5a8f18a0e9307e55a0740bde827f3c43d45cb6290cd0f6abf54825e3ee8074f4f80be3194b315292ae7f4ccdcb67b84e652802997bb19c777491661051924928eb94a71c860053ea6910635322cd9a00608b0edd673ceb5b3ff8e043baf9086f53b85debd7506920bf35554f63ee35abc15989cd1e7f4b1883bae42420e597d68a7bae735fa53faadf321f879b586cf1282abb2d2802efc46d20388d1a45068b617dfbb96a86333a24ebbed3b8b3d8b9c3b73904b55bde2c00885648c7d66fb9f08918c275a817a3e2f310a41e5d5b37c6f4372266b1682c0bcad4e7dbd4a9220d722cef679b24af38351902e0fa322dedcf603994b5394889b8d334800e7f8cb3606dab2e2fa6a4bd9fb7fc8595142670ab6999c09318d53cc5b88f5adf66c2b079a3652a13cf0cb130e0f5ce9366814e1fa2f8dcac2f8f39ae58b99dbcf3f2198fef31,gx-no-cache=1488223971241 HTTP/1.1" 200 30
186.67.172.234 - - [27/Feb/2017:16:31:34 -0300] "POST /cormun/servlet/solicitudot?gx-no-cache=1488223973564 HTTP/1.1" 200 30
186.79.179.194 - - [27/Feb/2017:16:31:41 -0300] "POST /cormun/servlet/solicitudot?gx-no-cache=1488223971994 HTTP/1.1" 200 3081
186.79.179.194 - - [27/Feb/2017:16:31:41 -0300] "POST /cormun/servlet/solicitudot?20cf00f1f4685df3dea7452551ed265a,INS,0,0,,gx-no-cache=1488223972461 HTTP/1.1" 200 9413
186.103.159.230 - - [27/Feb/2017:16:31:43 -0300] "POST /cormun/servlet/trautorizarsolicitud?c607aa2483508f936e542297d56cbfa6,,gx-no-cache=1488223974496 HTTP/1.1" 200 4323
186.79.179.194 - - [27/Feb/2017:16:31:43 -0300] "GET /cormun/servlet/solicitudot?2869f449b39f9c83c4b37740a393726f25ffac3bd82906faf876831f8d0413989098dd98c73d991acac398a99f651294,gx-no-cache=1488223974282 HTTP/1.1" 200 30
186.103.159.230 - - [27/Feb/2017:16:31:43 -0300] "GET /cormun/static/Shared/jqueryui/images/ui-bg_highlight-soft_100_c6c2c8_1x100.png HTTP/1.1" 404 1117
186.103.159.230 - - [27/Feb/2017:16:31:43 -0300] "GET /cormun/static/Shared/jqueryui/images/ui-icons_82798d_256x240.png HTTP/1.1" 404 1089
186.103.159.230 - - [27/Feb/2017:16:31:43 -0300] "GET /cormun/static/Shared/jqueryui/images/ui-bg_flat_55_fafafa_40x100.png HTTP/1.1" 404 1097
186.103.159.230 - - [27/Feb/2017:16:31:43 -0300] "GET /cormun/static/Shared/jqueryui/images/ui-icons_8d78a5_256x240.png HTTP/1.1" 404 1089
186.103.159.230 - - [27/Feb/2017:16:31:43 -0300] "POST /cormun/servlet/trautorizarsolicitud?c607aa2483508f936e542297d56cbfa6,,gx-no-cache=1488223974745 HTTP/1.1" 200 4097
186.67.172.234 - - [27/Feb/2017:16:31:44 -0300] "POST /cormun/servlet/solicitudot?gx-no-cache=1488223982772 HTTP/1.1" 200 1292
186.67.172.234 - - [27/Feb/2017:16:31:44 -0300] "POST /cormun/servlet/solicitudot?gx-no-cache=1488223982834 HTTP/1.1" 200 38
186.67.172.234 - - [27/Feb/2017:16:31:48 -0300] "GET /cormun/servlet/solicitudot?274d769c263504c09bdbe2b695f3b1a3bb53c598452eeb70bb6a1647870f2369bcda738e9d7f322701dfb26433e743af90cfb19cf315c28f521c1c2fc56a342897f748b4a226f57a507fbaf0aa070b7bf2de6fa67d94f3e0728f08d7c67582648fc91088dc99255ad5c9481c00f8b0c4aa0edfe612a2ffce7a2a890abfc3393cd3a27c0420a4eab54e1acfc2e76384d8779647ec23ccf30d92596b4d830ddb71b6aa593709b3f6e90cb8545ffb4fe789bca1d96df3cc5a493ac6979c893ad3b3ce706658588f83ebd3b75fe41773658f,gx-no-cache=1488223987468 HTTP/1.1" 200 29
186.103.159.46 - - [27/Feb/2017:16:32:02 -0300] "GET /cormun/servlet/solicitudotadjuntos?65476526ffece431760446fb7de0322c647f986fdb3cf3220568b939748ab036,gx-no-cache=1488223993529 HTTP/1.1" 200 30
186.103.159.46 - - [27/Feb/2017:16:32:02 -0300] "GET /cormun/servlet/solicitudotadjuntos?65476526ffece431760446fb7de0322c647f986fdb3cf3220568b939748ab036,gx-no-cache=1488223993667 HTTP/1.1" 200 30
186.103.159.46 - - [27/Feb/2017:16:32:03 -0300] "POST /cormun/servlet/solicitudotadjuntos?5b85d6517827f4d03e11769ece173ef1,INS,2017,4840,,1, HTTP/1.1" 200 116
186.103.159.46 - - [27/Feb/2017:16:32:03 -0300] "GET /cormun/servlet/hpexe_return? HTTP/1.1" 200 1028
186.103.159.46 - - [27/Feb/2017:16:32:04 -0300] "GET /cormun/servlet/trsolicitudadjuntos?2017,4840, HTTP/1.1" 200 7957
186.103.159.46 - - [27/Feb/2017:16:32:05 -0300] "GET /cormun/servlet/trsolicitudadjuntos?2017,4840, HTTP/1.1" 200 7955
186.103.159.46 - - [27/Feb/2017:16:32:16 -0300] "GET /cormun/servlet/solicitudotadjuntos?INS,2017,4840,,1, HTTP/1.1" 200 5796
186.103.159.46 - - [27/Feb/2017:16:32:17 -0300] "GET /cormun/static/about:blank HTTP/1.1" 404 1011
186.103.159.46 - - [27/Feb/2017:16:32:17 -0300] "GET /cormun/servlet/solicitudotadjuntos?INS,2017,4840,,1, HTTP/1.1" 200 5790
186.103.159.46 - - [27/Feb/2017:16:32:18 -0300] "GET /cormun/servlet/solicitudotadjuntos?65476526ffece431760446fb7de0322c8ba1a5ab69fc29416004243642fd9259d495a30310a79d9ad9c01e0842020186,gx-no-cache=1488224008771 HTTP/1.1" 200 30
186.103.159.46 - - [27/Feb/2017:16:32:18 -0300] "POST /cormun/servlet/solicitudotadjuntos?5b85d6517827f4d03e11769ece173ef1,INS,2017,4840,,1,,gx-no-cache=1488224008844 HTTP/1.1" 200 3640
186.103.159.46 - - [27/Feb/2017:16:32:23 -0300] "POST /cormun/servlet/solicitudotadjuntos?gx-no-cache=1488224013739 HTTP/1.1" 200 26
186.103.159.46 - - [27/Feb/2017:16:32:36 -0300] "GET /cormun/servlet/solicitudotadjuntos?65476526ffece431760446fb7de0322c647f986fdb3cf3220568b939748ab036,gx-no-cache=1488224027679 HTTP/1.1" 200 30
186.103.159.46 - - [27/Feb/2017:16:32:36 -0300] "GET /cormun/servlet/solicitudotadjuntos?65476526ffece431760446fb7de0322c647f986fdb3cf3220568b939748ab036,gx-no-cache=1488224027733 HTTP/1.1" 200 30
186.67.172.234 - - [27/Feb/2017:16:32:37 -0300] "POST /cormun/servlet/solicitudot?gx-no-cache=1488224035694 HTTP/1.1" 200 1292
186.67.172.234 - - [27/Feb/2017:16:32:37 -0300] "POST /cormun/servlet/solicitudot?gx-no-cache=1488224035776 HTTP/1.1" 200 38
186.103.159.46 - - [27/Feb/2017:16:32:37 -0300] "POST /cormun/servlet/solicitudotadjuntos?5b85d6517827f4d03e11769ece173ef1,INS,2017,4840,,1, HTTP/1.1" 200 116
186.67.172.234 - - [27/Feb/2017:16:32:37 -0300] "POST /cormun/servlet/solicitudot?gx-no-cache=1488224035822 HTTP/1.1" 200 1275
186.67.172.234 - - [27/Feb/2017:16:32:37 -0300] "POST /cormun/servlet/solicitudot?gx-no-cache=1488224035876 HTTP/1.1" 200 1157
186.67.172.234 - - [27/Feb/2017:16:32:37 -0300] "GET /cormun/static/menuarrow.gif HTTP/1.1" 404 1015
186.103.159.46 - - [27/Feb/2017:16:32:37 -0300] "GET /cormun/servlet/hpexe_return? HTTP/1.1" 200 1028
186.103.159.46 - - [27/Feb/2017:16:32:37 -0300] "GET /cormun/servlet/trsolicitudadjuntos?2017,4840, HTTP/1.1" 200 8182
186.67.172.234 - - [27/Feb/2017:16:32:38 -0300] "POST /cormun/servlet/solicitudot?gx-no-cache=1488224036997 HTTP/1.1" 200 1292
186.67.172.234 - - [27/Feb/2017:16:32:38 -0300] "POST /cormun/servlet/solicitudot?gx-no-cache=1488224037071 HTTP/1.1" 200 38
186.67.172.234 - - [27/Feb/2017:16:32:38 -0300] "POST /cormun/servlet/solicitudot?gx-no-cache=1488224037099 HTTP/1.1" 200 1275
186.67.172.234 - - [27/Feb/2017:16:32:38 -0300] "POST /cormun/servlet/solicitudot?gx-no-cache=1488224037165 HTTP/1.1" 200 1157
186.103.159.46 - - [27/Feb/2017:16:32:39 -0300] "GET /cormun/servlet/trsolicitudadjuntos?2017,4840, HTTP/1.1" 200 8181
186.67.172.234 - - [27/Feb/2017:16:32:46 -0300] "GET /cormun/servlet/solicitudot?274d769c263504c09bdbe2b695f3b1a330e4fe6a7fefd4094b8999c95fc2442191d159d9adcb398e353acfa522580d4ad852ff768bd0b571e2cd557e90050fb499b914cfb38a823ce4121110eafbdf66c0887c9eae5878bd14450f61b74064ef55e4bafc9af2d38cf73c7390a84d85c33458af25548d5c9b06f414cf76e74b2983274b28430248c0df6dcc39d7ec807d0a522639cfe0ebd0f59e43b93425cad96cdb96de571fa976bc8b9eb493f25e89,gx-no-cache=1488224045221 HTTP/1.1" 200 30
186.67.172.234 - - [27/Feb/2017:16:32:47 -0300] "POST /cormun/servlet/solicitudot?3fc8ba8ed9d860d9bf61474e93399743,INS,0,0,,gx-no-cache=1488224045247 HTTP/1.1" 200 93
186.67.172.234 - - [27/Feb/2017:16:32:47 -0300] "GET /cormun/servlet/hpexe_return? HTTP/1.1" 200 1009
186.67.172.234 - - [27/Feb/2017:16:32:47 -0300] "GET /cormun/servlet/trsolicitudot HTTP/1.1" 200 9691
186.67.172.234 - - [27/Feb/2017:16:32:47 -0300] "GET /cormun/servlet/trsolicitudot HTTP/1.1" 200 9687
186.103.159.46 - - [27/Feb/2017:16:32:48 -0300] "GET /cormun/servlet/solicitudotadjuntos?INS,2017,4840,,1, HTTP/1.1" 200 5796
186.103.159.46 - - [27/Feb/2017:16:32:48 -0300] "GET /cormun/static/about:blank HTTP/1.1" 404 1011
186.103.159.46 - - [27/Feb/2017:16:32:49 -0300] "GET /cormun/servlet/solicitudotadjuntos?INS,2017,4840,,1, HTTP/1.1" 200 5790
186.103.159.46 - - [27/Feb/2017:16:32:50 -0300] "GET /cormun/servlet/solicitudotadjuntos?65476526ffece431760446fb7de0322c8ba1a5ab69fc29416004243642fd9259d495a30310a79d9ad9c01e0842020186,gx-no-cache=1488224040761 HTTP/1.1" 200 30
186.103.159.46 - - [27/Feb/2017:16:32:50 -0300] "POST /cormun/servlet/solicitudotadjuntos?5b85d6517827f4d03e11769ece173ef1,INS,2017,4840,,1,,gx-no-cache=1488224040830 HTTP/1.1" 200 3640
186.103.159.46 - - [27/Feb/2017:16:33:00 -0300] "POST /cormun/servlet/solicitudotadjuntos?gx-no-cache=1488224051676 HTTP/1.1" 200 26
200.111.191.210 - - [27/Feb/2017:16:33:14 -0300] "GET /cormun/servlet/trsolicitudot? HTTP/1.1" 200 8791
186.67.172.234 - - [27/Feb/2017:16:33:14 -0300] "GET /cormun/servlet/solicitudot?INS,0,0, HTTP/1.1" 200 12820
200.111.191.210 - - [27/Feb/2017:16:33:14 -0300] "GET /cormun/servlet/hlogin HTTP/1.1" 200 1728
200.111.191.210 - - [27/Feb/2017:16:33:14 -0300] "GET /cormun/servlet/trsolicitudot? HTTP/1.1" 200 8802
186.67.172.234 - - [27/Feb/2017:16:33:14 -0300] "GET /cormun/servlet/solicitudot?INS,0,0, HTTP/1.1" 200 12824
200.111.191.210 - - [27/Feb/2017:16:33:31 -0300] "POST /cormun/servlet/hlogin?6c0d0b747a6ae4eb4f2de7a0f9fd9c72,gx-no-cache=1488227600191 HTTP/1.1" 200 90
200.111.191.210 - - [27/Feb/2017:16:33:31 -0300] "GET /cormun/servlet/hpexe_link HTTP/1.1" 200 950
200.111.191.210 - - [27/Feb/2017:16:33:31 -0300] "GET /cormun/servlet/trsolicitudot HTTP/1.1" 200 6490
186.103.159.46 - - [27/Feb/2017:16:33:31 -0300] "GET /cormun/servlet/solicitudotadjuntos?65476526ffece431760446fb7de0322c647f986fdb3cf3220568b939748ab036,gx-no-cache=1488224082674 HTTP/1.1" 200 30
186.103.159.46 - - [27/Feb/2017:16:33:32 -0300] "GET /cormun/servlet/solicitudotadjuntos?65476526ffece431760446fb7de0322c647f986fdb3cf3220568b939748ab036,gx-no-cache=1488224082760 HTTP/1.1" 200 30
200.111.191.210 - - [27/Feb/2017:16:33:32 -0300] "GET /cormun/servlet/trsolicitudot HTTP/1.1" 200 6488
186.103.159.46 - - [27/Feb/2017:16:33:33 -0300] "POST /cormun/servlet/solicitudotadjuntos?5b85d6517827f4d03e11769ece173ef1,INS,2017,4840,,1, HTTP/1.1" 200 116
186.103.159.46 - - [27/Feb/2017:16:33:33 -0300] "GET /cormun/servlet/hpexe_return? HTTP/1.1" 200 1028
186.103.159.46 - - [27/Feb/2017:16:33:33 -0300] "GET /cormun/servlet/trsolicitudadjuntos?2017,4840, HTTP/1.1" 200 8351
186.103.159.46 - - [27/Feb/2017:16:33:35 -0300] "GET /cormun/servlet/trsolicitudadjuntos?2017,4840, HTTP/1.1" 200 8346
200.111.191.210 - - [27/Feb/2017:16:33:36 -0300] "GET /cormun/servlet/hhome HTTP/1.1" 200 3734
200.111.191.210 - - [27/Feb/2017:16:33:36 -0300] "GET /cormun/servlet/hhome HTTP/1.1" 200 3732
200.111.191.210 - - [27/Feb/2017:16:33:37 -0300] "GET /cormun/servlet/hlogin HTTP/1.1" 200 1723
186.67.172.234 - - [27/Feb/2017:16:33:41 -0300] "POST /cormun/servlet/solicitudot?gx-no-cache=1488224099471 HTTP/1.1" 200 3172
186.67.172.234 - - [27/Feb/2017:16:33:41 -0300] "POST /cormun/servlet/solicitudot?3fc8ba8ed9d860d9bf61474e93399743,INS,0,0,,gx-no-cache=1488224099894 HTTP/1.1" 200 9964
186.67.172.234 - - [27/Feb/2017:16:33:43 -0300] "GET /cormun/servlet/solicitudot?274d769c263504c09bdbe2b695f3b1a3d85b27df973ab18c7c336a6d7f9b60d039347d84de1ce4a0872e00a223ac8389,gx-no-cache=1488224102009 HTTP/1.1" 200 30
186.67.172.234 - - [27/Feb/2017:16:33:43 -0300] "POST /cormun/servlet/solicitudot?gx-no-cache=1488224102069 HTTP/1.1" 200 255
186.67.172.234 - - [27/Feb/2017:16:33:43 -0300] "GET /cormun/servlet/solicitudot?274d769c263504c09bdbe2b695f3b1a3ded11b5d1580d5e20aa070ad17eb79bdff5cd1e0ca983644f242ce6d54c5e0564949ec146a7973cae006f8bc5a8f18a0e9307e55a0740bde827f3c43d45cb6290cd0f6abf54825e3ee8074f4f80be3194b315292ae7f4ccdcb67b84e652802997bb19c777491661051924928eb94a71c860053ea6910635322cd9a00608b0edd673ceb5b3ff8e043baf9086f53b85debd7506920bf35554f63ee35abc15989cd1e7f4b1883bae42420e597d68a7bae735fa53faadf321f879b586cf1282abb2d2802efc46d20388d1a45068b617dfbb96a86333a24ebbed3b8b3d8b9c3b73904b55bde2c00885648c7d66fb9f08918c275a817a3e2f310a41e5d5b37c6f4372266b1682c0bcad4e7dbd4a9220d722cef679b24af38351902e0fa322dedcf603994b5394889b8d334800e7f8cb3606dab2e2fa6a4bd9fb7fc8595142670ab6999c09318d53cc5b88f5adf66c2b079a3652a13cf0cb130e0f5ce9366814e1fa2f8dcac2f8f39ae58b99dbcf3f2198fef31,gx-no-cache=1488224102100 HTTP/1.1" 200 30
186.67.172.234 - - [27/Feb/2017:16:33:44 -0300] "POST /cormun/servlet/solicitudot?gx-no-cache=1488224103300 HTTP/1.1" 200 30
186.67.172.234 - - [27/Feb/2017:16:33:49 -0300] "POST /cormun/servlet/solicitudot?gx-no-cache=1488224108115 HTTP/1.1" 200 1292
186.67.172.234 - - [27/Feb/2017:16:33:49 -0300] "POST /cormun/servlet/solicitudot?gx-no-cache=1488224108176 HTTP/1.1" 200 38
186.103.159.46 - - [27/Feb/2017:16:33:51 -0300] "GET /cormun/servlet/solicitudotadjuntos?DLT,2017,4840,CERTIF3,0, HTTP/1.1" 200 5809
186.103.159.46 - - [27/Feb/2017:16:33:51 -0300] "GET /cormun/PublicTempStorage/fonasa_tania_andrade201608031219178181515.pdf HTTP/1.1" 200 345747
200.111.191.210 - - [27/Feb/2017:16:33:52 -0300] "POST /cormun/servlet/hlogin?6c0d0b747a6ae4eb4f2de7a0f9fd9c72,gx-no-cache=1488227621107 HTTP/1.1" 200 90
200.111.191.210 - - [27/Feb/2017:16:33:52 -0300] "GET /cormun/servlet/hpexe_link HTTP/1.1" 200 944
200.111.191.210 - - [27/Feb/2017:16:33:52 -0300] "GET /cormun/servlet/hhome HTTP/1.1" 200 3916
186.103.159.46 - - [27/Feb/2017:16:33:52 -0300] "GET /cormun/static/Shared/jqueryui/images/ui-bg_highlight-soft_100_c6c2c8_1x100.png HTTP/1.1" 404 1117
186.103.159.46 - - [27/Feb/2017:16:33:52 -0300] "GET /cormun/static/Shared/jqueryui/images/ui-icons_82798d_256x240.png HTTP/1.1" 404 1089
186.103.159.46 - - [27/Feb/2017:16:33:52 -0300] "GET /cormun/static/Shared/jqueryui/images/ui-bg_flat_55_fafafa_40x100.png HTTP/1.1" 404 1097
186.103.159.46 - - [27/Feb/2017:16:33:52 -0300] "GET /cormun/static/Shared/jqueryui/images/ui-icons_8d78a5_256x240.png HTTP/1.1" 404 1089
200.111.191.210 - - [27/Feb/2017:16:33:52 -0300] "GET /cormun/servlet/hhome HTTP/1.1" 200 3912
186.103.159.46 - - [27/Feb/2017:16:33:53 -0300] "GET /cormun/servlet/solicitudotadjuntos?DLT,2017,4840,CERTIF3,0, HTTP/1.1" 200 5804
186.67.172.234 - - [27/Feb/2017:16:33:59 -0300] "POST /cormun/servlet/solicitudot?gx-no-cache=1488224118009 HTTP/1.1" 200 1292
186.67.172.234 - - [27/Feb/2017:16:33:59 -0300] "POST /cormun/servlet/solicitudot?gx-no-cache=1488224118061 HTTP/1.1" 200 38
200.111.191.210 - - [27/Feb/2017:16:34:00 -0300] "GET /cormun/servlet/trautorizarsolicitud? HTTP/1.1" 200 9221
200.111.191.210 - - [27/Feb/2017:16:34:01 -0300] "GET /cormun/servlet/trautorizarsolicitud? HTTP/1.1" 200 9219
186.67.172.234 - - [27/Feb/2017:16:34:03 -0300] "GET /cormun/servlet/solicitudot?274d769c263504c09bdbe2b695f3b1a3bb53c598452eeb70bb6a1647870f2369bcda738e9d7f322701dfb26433e743af90cfb19cf315c28f521c1c2fc56a342897f748b4a226f57a507fbaf0aa070b7bf2de6fa67d94f3e0728f08d7c67582648fc91088dc99255ad5c9481c00f8b0c4aa0edfe612a2ffce7a2a890abfc3393cd3a27c0420a4eab54e1acfc2e76384d8779647ec23ccf30d92596b4d830ddb71b6aa593709b3f6e90cb8545ffb4fe789bca1d96df3cc5a493ac6979c893ad3b3ce706658588f83ebd3b75fe41773658f,gx-no-cache=1488224122373 HTTP/1.1" 200 29
186.67.172.234 - - [27/Feb/2017:16:34:06 -0300] "POST /cormun/servlet/solicitudot?gx-no-cache=1488224124590 HTTP/1.1" 200 1275
186.67.172.234 - - [27/Feb/2017:16:34:06 -0300] "POST /cormun/servlet/solicitudot?gx-no-cache=1488224124626 HTTP/1.1" 200 1157
186.67.172.234 - - [27/Feb/2017:16:34:06 -0300] "GET /cormun/static/menuarrow.gif HTTP/1.1" 404 1015
186.67.172.234 - - [27/Feb/2017:16:34:07 -0300] "POST /cormun/servlet/solicitudot?gx-no-cache=1488224126111 HTTP/1.1" 200 1275
186.67.172.234 - - [27/Feb/2017:16:34:07 -0300] "POST /cormun/servlet/solicitudot?gx-no-cache=1488224126219 HTTP/1.1" 200 1157
186.103.159.46 - - [27/Feb/2017:16:34:11 -0300] "GET /cormun/servlet/trsolicitudadjuntos?2017,4840, HTTP/1.1" 200 8350
186.103.159.46 - - [27/Feb/2017:16:34:13 -0300] "GET /cormun/servlet/trsolicitudadjuntos?2017,4840, HTTP/1.1" 200 8349
186.103.159.46 - - [27/Feb/2017:16:34:23 -0300] "GET /cormun/servlet/solicitudotadjuntos?INS,2017,4840,,1, HTTP/1.1" 200 5797
186.103.159.46 - - [27/Feb/2017:16:34:23 -0300] "GET /cormun/static/about:blank HTTP/1.1" 404 1011
186.103.159.46 - - [27/Feb/2017:16:34:24 -0300] "GET /cormun/servlet/solicitudotadjuntos?INS,2017,4840,,1, HTTP/1.1" 200 5791
186.103.159.46 - - [27/Feb/2017:16:34:24 -0300] "GET /cormun/servlet/solicitudotadjuntos?65476526ffece431760446fb7de0322c8ba1a5ab69fc29416004243642fd9259d495a30310a79d9ad9c01e0842020186,gx-no-cache=1488224135624 HTTP/1.1" 200 30
186.103.159.46 - - [27/Feb/2017:16:34:25 -0300] "POST /cormun/servlet/solicitudotadjuntos?5b85d6517827f4d03e11769ece173ef1,INS,2017,4840,,1,,gx-no-cache=1488224135692 HTTP/1.1" 200 3642
186.67.172.234 - - [27/Feb/2017:16:34:25 -0300] "GET /cormun/servlet/solicitudot?274d769c263504c09bdbe2b695f3b1a351dc6c69b9afbfaa39dcb9fc81ee7675ffc513647e66e197adefd8ee137c0a3c9ae7970584e218f64a19dd34b296689b03267959c89ba5c14fa386f0d38af1415278c4a2204ffa521b2285d2ecbb3be45257929700cabca606ff62fa88f508840a53b0a8bbdc51f51e1306f61698a040bd7029cc9fc914298b00d5ecd25465362fbb0536c0874cae822a1ae7a5ca29645209317252759ee3e0cb692bf3418dbe,gx-no-cache=1488224144365 HTTP/1.1" 200 30
186.67.172.234 - - [27/Feb/2017:16:34:26 -0300] "POST /cormun/servlet/solicitudot?3fc8ba8ed9d860d9bf61474e93399743,INS,0,0,,gx-no-cache=1488224144401 HTTP/1.1" 200 93
186.67.172.234 - - [27/Feb/2017:16:34:26 -0300] "GET /cormun/servlet/hpexe_return? HTTP/1.1" 200 1009
186.67.172.234 - - [27/Feb/2017:16:34:26 -0300] "GET /cormun/servlet/trsolicitudot HTTP/1.1" 200 9998
186.67.172.234 - - [27/Feb/2017:16:34:27 -0300] "GET /cormun/servlet/trsolicitudot HTTP/1.1" 200 9994
186.103.159.46 - - [27/Feb/2017:16:34:39 -0300] "POST /cormun/servlet/solicitudotadjuntos?gx-no-cache=1488224150390 HTTP/1.1" 200 26
186.67.172.234 - - [27/Feb/2017:16:34:47 -0300] "GET /cormun/servlet/solicitudot?INS,0,0, HTTP/1.1" 200 12819
186.67.172.234 - - [27/Feb/2017:16:34:47 -0300] "GET /cormun/servlet/solicitudot?INS,0,0, HTTP/1.1" 200 12824
186.67.172.234 - - [27/Feb/2017:16:35:06 -0300] "POST /cormun/servlet/solicitudot?gx-no-cache=1488224185182 HTTP/1.1" 200 3180
192.168.10.96 - - [27/Feb/2017:16:35:07 -0300] "GET /cormun/servlet/hlogin HTTP/1.1" 200 1744
186.67.172.234 - - [27/Feb/2017:16:35:07 -0300] "POST /cormun/servlet/solicitudot?3fc8ba8ed9d860d9bf61474e93399743,INS,0,0,,gx-no-cache=1488224185352 HTTP/1.1" 200 9970
186.67.172.234 - - [27/Feb/2017:16:35:08 -0300] "GET /cormun/servlet/solicitudot?274d769c263504c09bdbe2b695f3b1a38de115f58bd5eddb794663c68e4cd074315fda4caffb7a80579923075336a908,gx-no-cache=1488224187041 HTTP/1.1" 200 30
186.67.172.234 - - [27/Feb/2017:16:35:08 -0300] "POST /cormun/servlet/solicitudot?gx-no-cache=1488224187091 HTTP/1.1" 200 255
186.67.172.234 - - [27/Feb/2017:16:35:08 -0300] "GET /cormun/servlet/solicitudot?274d769c263504c09bdbe2b695f3b1a3ded11b5d1580d5e20aa070ad17eb79bdff5cd1e0ca983644f242ce6d54c5e0564949ec146a7973cae006f8bc5a8f18a0e9307e55a0740bde827f3c43d45cb6290cd0f6abf54825e3ee8074f4f80be3194b315292ae7f4ccdcb67b84e652802997bb19c777491661051924928eb94a71c860053ea6910635322cd9a00608b0edd673ceb5b3ff8e043baf9086f53b85debd7506920bf35554f63ee35abc15989cd1e7f4b1883bae42420e597d68a7bae735fa53faadf321f879b586cf1282abb2d2802efc46d20388d1a45068b617dfbb96a86333a24ebbed3b8b3d8b9c3b73904b55bde2c00885648c7d66fb9f08918c275a817a3e2f310a41e5d5b37c6f4372266b1682c0bcad4e7dbd4a9220d722cef679b24af38351902e0fa322dedcf603994b5394889b8d334800e7f8cb3606dab2e2fa6a4bd9fb7fc8595142670ab6999c09318d53cc5b88f5adf66c2b079a3652a13cf0cb130e0f5ce9366814e1fa2f8dcac2f8f39ae58b99dbcf3f2198fef31,gx-no-cache=1488224187133 HTTP/1.1" 200 30
186.67.172.234 - - [27/Feb/2017:16:35:10 -0300] "POST /cormun/servlet/solicitudot?gx-no-cache=1488224188715 HTTP/1.1" 200 30
186.103.159.46 - - [27/Feb/2017:16:35:11 -0300] "GET /cormun/servlet/solicitudotadjuntos?65476526ffece431760446fb7de0322c647f986fdb3cf3220568b939748ab036,gx-no-cache=1488224181822 HTTP/1.1" 200 30
186.103.159.46 - - [27/Feb/2017:16:35:11 -0300] "GET /cormun/servlet/solicitudotadjuntos?65476526ffece431760446fb7de0322c647f986fdb3cf3220568b939748ab036,gx-no-cache=1488224181924 HTTP/1.1" 200 30
186.103.159.46 - - [27/Feb/2017:16:35:11 -0300] "POST /cormun/servlet/solicitudotadjuntos?5b85d6517827f4d03e11769ece173ef1,INS,2017,4840,,1, HTTP/1.1" 200 5858
186.103.159.46 - - [27/Feb/2017:16:35:11 -0300] "GET /home/sistema/apache-tomcat-7.0.65/webapps/cormun/PrivateTempStorage/upload_00002066.pdf HTTP/1.1" 404 1135
186.103.159.46 - - [27/Feb/2017:16:35:11 -0300] "GET /cormun/static/Shared/jqueryui/images/ui-icons_82798d_256x240.png HTTP/1.1" 404 1089
186.103.159.46 - - [27/Feb/2017:16:35:11 -0300] "GET /cormun/static/Shared/jqueryui/images/ui-bg_highlight-soft_100_c6c2c8_1x100.png HTTP/1.1" 404 1117
186.103.159.46 - - [27/Feb/2017:16:35:11 -0300] "GET /cormun/static/Shared/jqueryui/images/ui-bg_flat_55_994d53_40x100.png HTTP/1.1" 404 1097
186.103.159.46 - - [27/Feb/2017:16:35:11 -0300] "GET /cormun/PrivateTempStorage/upload_00002066.pdf HTTP/1.1" 200 30110
186.103.159.46 - - [27/Feb/2017:16:35:11 -0300] "GET /cormun/static/Shared/jqueryui/images/ui-icons_ebccce_256x240.png HTTP/1.1" 404 1089
186.103.159.46 - - [27/Feb/2017:16:35:11 -0300] "GET /home/sistema/apache-tomcat-7.0.65/webapps/cormun/PrivateTempStorage/upload_00002066.pdf HTTP/1.1" 404 1135
186.103.159.46 - - [27/Feb/2017:16:35:11 -0300] "GET /cormun/PrivateTempStorage/upload_00002066.pdf HTTP/1.1" 304 -
186.67.172.234 - - [27/Feb/2017:16:35:23 -0300] "POST /cormun/servlet/solicitudot?gx-no-cache=1488224202101 HTTP/1.1" 200 1291
186.67.172.234 - - [27/Feb/2017:16:35:23 -0300] "POST /cormun/servlet/solicitudot?gx-no-cache=1488224202172 HTTP/1.1" 200 38
186.67.172.234 - - [27/Feb/2017:16:35:32 -0300] "GET /cormun/servlet/solicitudot?274d769c263504c09bdbe2b695f3b1a3bb53c598452eeb70bb6a1647870f2369bcda738e9d7f322701dfb26433e743af90cfb19cf315c28f521c1c2fc56a342897f748b4a226f57a507fbaf0aa070b7bf2de6fa67d94f3e0728f08d7c67582648fc91088dc99255ad5c9481c00f8b0c4aa0edfe612a2ffce7a2a890abfc3393cd3a27c0420a4eab54e1acfc2e76384d8779647ec23ccf30d92596b4d830ddb71b6aa593709b3f6e90cb8545ffb4fe789bca1d96df3cc5a493ac6979c893ad3b3ce706658588f83ebd3b75fe41773658f,gx-no-cache=1488224211141 HTTP/1.1" 200 29
186.67.172.234 - - [27/Feb/2017:16:35:33 -0300] "POST /cormun/servlet/solicitudot?gx-no-cache=1488224212276 HTTP/1.1" 200 1275
186.67.172.234 - - [27/Feb/2017:16:35:33 -0300] "POST /cormun/servlet/solicitudot?gx-no-cache=1488224212327 HTTP/1.1" 200 1157
186.67.172.234 - - [27/Feb/2017:16:35:33 -0300] "GET /cormun/static/menuarrow.gif HTTP/1.1" 404 1015
186.103.159.46 - - [27/Feb/2017:16:35:34 -0300] "GET /cormun/servlet/solicitudotadjuntos?65476526ffece431760446fb7de0322c302da83dbaf0f55bafdad0d46a785e0318acb0e756f8b355a455a87dbed1c5c4,gx-no-cache=1488224205248 HTTP/1.1" 200 30
186.103.159.46 - - [27/Feb/2017:16:35:34 -0300] "GET /cormun/servlet/solicitudotadjuntos?65476526ffece431760446fb7de0322c8d2dbcf99e9c0f12530af5e72fb2067f18acb0e756f8b355a455a87dbed1c5c4,gx-no-cache=1488224205363 HTTP/1.1" 200 30
186.103.159.46 - - [27/Feb/2017:16:35:34 -0300] "POST /cormun/servlet/solicitudotadjuntos?5b85d6517827f4d03e11769ece173ef1,INS,2017,4840,,1, HTTP/1.1" 200 5859
186.67.172.234 - - [27/Feb/2017:16:35:35 -0300] "POST /cormun/servlet/solicitudot?gx-no-cache=1488224213650 HTTP/1.1" 200 1275
186.67.172.234 - - [27/Feb/2017:16:35:35 -0300] "POST /cormun/servlet/solicitudot?gx-no-cache=1488224213752 HTTP/1.1" 200 1157
186.103.159.46 - - [27/Feb/2017:16:35:35 -0300] "GET /home/sistema/apache-tomcat-7.0.65/webapps/cormun/PrivateTempStorage/upload_00002078.pdf HTTP/1.1" 404 1135
186.103.159.46 - - [27/Feb/2017:16:35:35 -0300] "GET /home/sistema/apache-tomcat-7.0.65/webapps/cormun/PrivateTempStorage/upload_00002078.pdf HTTP/1.1" 404 1135
186.103.159.46 - - [27/Feb/2017:16:35:35 -0300] "GET /cormun/PrivateTempStorage/upload_00002078.pdf HTTP/1.1" 200 30110
186.103.159.46 - - [27/Feb/2017:16:35:35 -0300] "GET /cormun/PrivateTempStorage/upload_00002078.pdf HTTP/1.1" 304 -
200.111.191.210 - - [27/Feb/2017:16:35:39 -0300] "GET /cormun/servlet/veautorizarsolicitud?2017,4837,, HTTP/1.1" 200 8079
200.111.191.210 - - [27/Feb/2017:16:35:39 -0300] "GET /cormun/static/gxcfg.js?20161221854380 HTTP/1.1" 200 953
200.111.191.210 - - [27/Feb/2017:16:35:39 -0300] "GET /cormun/pexe_scrolldiv.js HTTP/1.1" 404 1009
200.111.191.210 - - [27/Feb/2017:16:35:39 -0300] "GET /cormun/static/veautorizarsolicitud.js?20161221854433 HTTP/1.1" 200 6140
200.111.191.210 - - [27/Feb/2017:16:35:39 -0300] "GET /cormun/static/hwcviewtabs.js?201612218431866 HTTP/1.1" 200 1074
200.111.191.210 - - [27/Feb/2017:16:35:39 -0300] "GET /cormun/pexe_scrolldiv.js HTTP/1.1" 404 1009
200.111.191.210 - - [27/Feb/2017:16:35:39 -0300] "GET /cormun/static/Resources/PXToolsTabFirstSelected.png HTTP/1.1" 200 1259
200.111.191.210 - - [27/Feb/2017:16:35:39 -0300] "GET /cormun/static/Resources/PXToolsTabLastUnselected.png HTTP/1.1" 200 1291
200.111.191.210 - - [27/Feb/2017:16:35:39 -0300] "GET /cormun/static/Resources/PXToolsTabPrevious.gif HTTP/1.1" 200 172
200.111.191.210 - - [27/Feb/2017:16:35:39 -0300] "GET /cormun/static/tbautorizarsolicitud01.js?20171102163122 HTTP/1.1" 200 28355
200.111.191.210 - - [27/Feb/2017:16:35:39 -0300] "GET /cormun/static/Resources/PXToolsTabNext.gif HTTP/1.1" 200 168
200.111.191.210 - - [27/Feb/2017:16:35:39 -0300] "GET /cormun/static/hpexe_tabsview.js?201610171694228 HTTP/1.1" 200 1661
200.111.191.210 - - [27/Feb/2017:16:35:39 -0300] "GET /cormun/static/calendar-system.css HTTP/1.1" 200 5572
200.111.191.210 - - [27/Feb/2017:16:35:39 -0300] "GET /cormun/static/Resources/PXToolsTabBackSelected.png HTTP/1.1" 200 1157
200.111.191.210 - - [27/Feb/2017:16:35:39 -0300] "GET /cormun/static/Resources/PXToolsTabBackUnselected.png HTTP/1.1" 200 1175
200.111.191.210 - - [27/Feb/2017:16:35:39 -0300] "GET /cormun/static/Resources/PXToolsTabSelectedUnselected.png HTTP/1.1" 200 1428
200.111.191.210 - - [27/Feb/2017:16:35:39 -0300] "GET /cormun/static/Resources/PXToolsTabUnselectedUnselected.png HTTP/1.1" 200 1459
200.111.191.210 - - [27/Feb/2017:16:35:39 -0300] "GET /cormun/servlet/veautorizarsolicitud?2017,4837,, HTTP/1.1" 200 8077
186.103.159.46 - - [27/Feb/2017:16:35:46 -0300] "POST /cormun/servlet/solicitudotadjuntos?gx-no-cache=1488224216896 HTTP/1.1" 200 26
186.67.172.234 - - [27/Feb/2017:16:35:49 -0300] "GET /cormun/servlet/solicitudot?274d769c263504c09bdbe2b695f3b1a3d1c868da020c079b33b02ce661ea03edbe93233d6c2dcebc3e1aecfa407cd22cd852ff768bd0b571e2cd557e90050fb499b914cfb38a823ce4121110eafbdf66c0887c9eae5878bd14450f61b74064ef55e4bafc9af2d38cf73c7390a84d85c33458af25548d5c9b06f414cf76e74b2983274b28430248c0df6dcc39d7ec807d0a522639cfe0ebd0f59e43b93425cad96cdb96de571fa976bc8b9eb493f25e89,gx-no-cache=1488224228181 HTTP/1.1" 200 30
186.67.172.234 - - [27/Feb/2017:16:35:49 -0300] "POST /cormun/servlet/solicitudot?3fc8ba8ed9d860d9bf61474e93399743,INS,0,0,,gx-no-cache=1488224228234 HTTP/1.1" 200 93
186.67.172.234 - - [27/Feb/2017:16:35:49 -0300] "GET /cormun/servlet/hpexe_return? HTTP/1.1" 200 1009
200.111.191.210 - - [27/Feb/2017:16:35:49 -0300] "POST /cormun/servlet/veautorizarsolicitud?6c0d0b747a6ae4eb4f2de7a0f9fd9c72,2017,4837,,,gx-no-cache=1488227738572 HTTP/1.1" 200 93
200.111.191.210 - - [27/Feb/2017:16:35:49 -0300] "GET /cormun/servlet/hpexe_return? HTTP/1.1" 200 1007
186.67.172.234 - - [27/Feb/2017:16:35:50 -0300] "GET /cormun/servlet/trsolicitudot HTTP/1.1" 200 10448
200.111.191.210 - - [27/Feb/2017:16:35:50 -0300] "GET /cormun/servlet/trautorizarsolicitud HTTP/1.1" 200 9223
186.67.172.234 - - [27/Feb/2017:16:35:50 -0300] "GET /cormun/servlet/trsolicitudot HTTP/1.1" 200 10443
200.111.191.210 - - [27/Feb/2017:16:35:50 -0300] "GET /cormun/servlet/trautorizarsolicitud HTTP/1.1" 200 9219
186.103.159.46 - - [27/Feb/2017:16:35:53 -0300] "GET /cormun/servlet/solicitudotadjuntos?65476526ffece431760446fb7de0322c8d2dbcf99e9c0f12530af5e72fb2067f18acb0e756f8b355a455a87dbed1c5c4,gx-no-cache=1488224223943 HTTP/1.1" 200 30
186.103.159.46 - - [27/Feb/2017:16:35:53 -0300] "GET /cormun/servlet/solicitudotadjuntos?65476526ffece431760446fb7de0322c8d2dbcf99e9c0f12530af5e72fb2067f18acb0e756f8b355a455a87dbed1c5c4,gx-no-cache=1488224224006 HTTP/1.1" 200 30
186.103.159.46 - - [27/Feb/2017:16:35:53 -0300] "POST /cormun/servlet/solicitudotadjuntos?5b85d6517827f4d03e11769ece173ef1,INS,2017,4840,,1, HTTP/1.1" 200 116
186.103.159.46 - - [27/Feb/2017:16:35:53 -0300] "GET /cormun/servlet/hpexe_return? HTTP/1.1" 200 1028
186.103.159.46 - - [27/Feb/2017:16:35:54 -0300] "GET /cormun/servlet/trsolicitudadjuntos?2017,4840, HTTP/1.1" 200 8508
186.103.159.46 - - [27/Feb/2017:16:35:55 -0300] "GET /cormun/servlet/trsolicitudadjuntos?2017,4840, HTTP/1.1" 200 8506
186.67.172.234 - - [27/Feb/2017:16:36:07 -0300] "GET /cormun/servlet/solicitudot?INS,0,0, HTTP/1.1" 200 12819
186.67.172.234 - - [27/Feb/2017:16:36:07 -0300] "GET /cormun/servlet/solicitudot?INS,0,0, HTTP/1.1" 200 12824
186.67.172.234 - - [27/Feb/2017:16:36:23 -0300] "POST /cormun/servlet/solicitudot?gx-no-cache=1488224262180 HTTP/1.1" 200 3187
186.67.172.234 - - [27/Feb/2017:16:36:23 -0300] "POST /cormun/servlet/solicitudot?3fc8ba8ed9d860d9bf61474e93399743,INS,0,0,,gx-no-cache=1488224262334 HTTP/1.1" 200 9976
186.67.172.234 - - [27/Feb/2017:16:36:25 -0300] "GET /cormun/servlet/solicitudot?274d769c263504c09bdbe2b695f3b1a3aeac52c0d1911ba22c0cc5500532c743315fda4caffb7a80579923075336a908,gx-no-cache=1488224264160 HTTP/1.1" 200 30
186.67.172.234 - - [27/Feb/2017:16:36:25 -0300] "POST /cormun/servlet/solicitudot?gx-no-cache=1488224264217 HTTP/1.1" 200 255
186.67.172.234 - - [27/Feb/2017:16:36:25 -0300] "GET /cormun/servlet/solicitudot?274d769c263504c09bdbe2b695f3b1a3ded11b5d1580d5e20aa070ad17eb79bdff5cd1e0ca983644f242ce6d54c5e0564949ec146a7973cae006f8bc5a8f18a0e9307e55a0740bde827f3c43d45cb6290cd0f6abf54825e3ee8074f4f80be3194b315292ae7f4ccdcb67b84e652802997bb19c777491661051924928eb94a71c860053ea6910635322cd9a00608b0edd673ceb5b3ff8e043baf9086f53b85debd7506920bf35554f63ee35abc15989cd1e7f4b1883bae42420e597d68a7bae735fa53faadf321f879b586cf1282abb2d2802efc46d20388d1a45068b617dfbb96a86333a24ebbed3b8b3d8b9c3b73904b55bde2c00885648c7d66fb9f08918c275a817a3e2f310a41e5d5b37c6f4372266b1682c0bcad4e7dbd4a9220d722cef679b24af38351902e0fa322dedcf603994b5394889b8d334800e7f8cb3606dab2e2fa6a4bd9fb7fc8595142670ab6999c09318d53cc5b88f5adf66c2b079a3652a13cf0cb130e0f5ce9366814e1fa2f8dcac2f8f39ae58b99dbcf3f2198fef31,gx-no-cache=1488224264255 HTTP/1.1" 200 30
186.67.172.234 - - [27/Feb/2017:16:36:26 -0300] "POST /cormun/servlet/solicitudot?gx-no-cache=1488224265466 HTTP/1.1" 200 30
200.111.191.210 - - [27/Feb/2017:16:36:31 -0300] "GET /cormun/servlet/trvisualizadoreventos? HTTP/1.1" 200 6645
200.111.191.210 - - [27/Feb/2017:16:36:32 -0300] "GET /cormun/servlet/trvisualizadoreventos? HTTP/1.1" 200 6644
186.67.172.234 - - [27/Feb/2017:16:36:35 -0300] "POST /cormun/servlet/solicitudot?gx-no-cache=1488224274417 HTTP/1.1" 200 1291
186.67.172.234 - - [27/Feb/2017:16:36:35 -0300] "POST /cormun/servlet/solicitudot?gx-no-cache=1488224274478 HTTP/1.1" 200 38
186.67.172.234 - - [27/Feb/2017:16:36:41 -0300] "GET /cormun/servlet/solicitudot?274d769c263504c09bdbe2b695f3b1a3bb53c598452eeb70bb6a1647870f2369bcda738e9d7f322701dfb26433e743af90cfb19cf315c28f521c1c2fc56a342897f748b4a226f57a507fbaf0aa070b7bf2de6fa67d94f3e0728f08d7c67582648fc91088dc99255ad5c9481c00f8b0c4aa0edfe612a2ffce7a2a890abfc3393cd3a27c0420a4eab54e1acfc2e76384d8779647ec23ccf30d92596b4d830ddb71b6aa593709b3f6e90cb8545ffb4fe789bca1d96df3cc5a493ac6979c893ad3b3ce706658588f83ebd3b75fe41773658f,gx-no-cache=1488224279787 HTTP/1.1" 200 29
186.67.172.234 - - [27/Feb/2017:16:36:43 -0300] "POST /cormun/servlet/solicitudot?gx-no-cache=1488224281851 HTTP/1.1" 200 1275
186.67.172.234 - - [27/Feb/2017:16:36:43 -0300] "POST /cormun/servlet/solicitudot?gx-no-cache=1488224281900 HTTP/1.1" 200 1157
186.67.172.234 - - [27/Feb/2017:16:36:43 -0300] "GET /cormun/static/menuarrow.gif HTTP/1.1" 404 1015
186.67.172.234 - - [27/Feb/2017:16:36:45 -0300] "POST /cormun/servlet/solicitudot?gx-no-cache=1488224284338 HTTP/1.1" 200 1275
186.67.172.234 - - [27/Feb/2017:16:36:45 -0300] "POST /cormun/servlet/solicitudot?gx-no-cache=1488224284416 HTTP/1.1" 200 1157
200.111.191.210 - - [27/Feb/2017:16:36:45 -0300] "GET /cormun/servlet/trautorizarsolicitud? HTTP/1.1" 200 9220
200.111.191.210 - - [27/Feb/2017:16:36:46 -0300] "GET /cormun/servlet/trautorizarsolicitud? HTTP/1.1" 200 9219
186.103.159.46 - - [27/Feb/2017:16:37:02 -0300] "GET /cormun/servlet/solicitudotadjuntos?INS,2017,4840,,1, HTTP/1.1" 200 5797
186.103.159.46 - - [27/Feb/2017:16:37:03 -0300] "GET /cormun/static/about:blank HTTP/1.1" 404 1011
186.103.159.46 - - [27/Feb/2017:16:37:04 -0300] "GET /cormun/servlet/solicitudotadjuntos?INS,2017,4840,,1, HTTP/1.1" 200 5791
200.111.191.210 - - [27/Feb/2017:16:37:05 -0300] "GET /cormun/servlet/trvisualizadoreventos? HTTP/1.1" 200 6644
186.103.159.46 - - [27/Feb/2017:16:37:05 -0300] "GET /cormun/servlet/solicitudotadjuntos?65476526ffece431760446fb7de0322c8ba1a5ab69fc29416004243642fd9259d495a30310a79d9ad9c01e0842020186,gx-no-cache=1488224295767 HTTP/1.1" 200 30
200.111.191.210 - - [27/Feb/2017:16:37:05 -0300] "GET /cormun/servlet/trvisualizadoreventos? HTTP/1.1" 200 6644
186.103.159.46 - - [27/Feb/2017:16:37:05 -0300] "POST /cormun/servlet/solicitudotadjuntos?5b85d6517827f4d03e11769ece173ef1,INS,2017,4840,,1,,gx-no-cache=1488224295954 HTTP/1.1" 200 3642
186.67.172.234 - - [27/Feb/2017:16:37:09 -0300] "GET /cormun/servlet/solicitudot?274d769c263504c09bdbe2b695f3b1a35b1d5069c98a8cf36b227b0d20e015a40536ce5dd7fc92d2a5eba6325ac34babd852ff768bd0b571e2cd557e90050fb499b914cfb38a823ce4121110eafbdf66c0887c9eae5878bd14450f61b74064ef55e4bafc9af2d38cf73c7390a84d85c33458af25548d5c9b06f414cf76e74b2983274b28430248c0df6dcc39d7ec807d0a522639cfe0ebd0f59e43b93425cad96cdb96de571fa976bc8b9eb493f25e89,gx-no-cache=1488224307917 HTTP/1.1" 200 30
186.67.172.234 - - [27/Feb/2017:16:37:09 -0300] "POST /cormun/servlet/solicitudot?3fc8ba8ed9d860d9bf61474e93399743,INS,0,0,,gx-no-cache=1488224307953 HTTP/1.1" 200 93
186.67.172.234 - - [27/Feb/2017:16:37:09 -0300] "GET /cormun/servlet/hpexe_return? HTTP/1.1" 200 1009
186.67.172.234 - - [27/Feb/2017:16:37:09 -0300] "GET /cormun/servlet/trsolicitudot HTTP/1.1" 200 10768
186.67.172.234 - - [27/Feb/2017:16:37:10 -0300] "GET /cormun/servlet/trsolicitudot HTTP/1.1" 200 10763
186.103.159.46 - - [27/Feb/2017:16:37:14 -0300] "POST /cormun/servlet/solicitudotadjuntos?gx-no-cache=1488224305393 HTTP/1.1" 200 26
186.103.159.46 - - [27/Feb/2017:16:37:17 -0300] "GET /cormun/servlet/solicitudotadjuntos?65476526ffece431760446fb7de0322c647f986fdb3cf3220568b939748ab036,gx-no-cache=1488224308078 HTTP/1.1" 200 30
186.103.159.46 - - [27/Feb/2017:16:37:17 -0300] "GET /cormun/servlet/solicitudotadjuntos?65476526ffece431760446fb7de0322c647f986fdb3cf3220568b939748ab036,gx-no-cache=1488224308146 HTTP/1.1" 200 30
186.103.159.46 - - [27/Feb/2017:16:37:17 -0300] "POST /cormun/servlet/solicitudotadjuntos?5b85d6517827f4d03e11769ece173ef1,INS,2017,4840,,1,,gx-no-cache=1488224308185 HTTP/1.1" 200 93
186.103.159.46 - - [27/Feb/2017:16:37:17 -0300] "GET /cormun/servlet/hpexe_return? HTTP/1.1" 200 1028
186.103.159.46 - - [27/Feb/2017:16:37:17 -0300] "GET /cormun/servlet/trsolicitudadjuntos?2017,4840, HTTP/1.1" 200 8603
186.103.159.46 - - [27/Feb/2017:16:37:19 -0300] "GET /cormun/servlet/trsolicitudadjuntos?2017,4840, HTTP/1.1" 200 8599
186.67.172.234 - - [27/Feb/2017:16:37:25 -0300] "GET /cormun/servlet/solicitudot?INS,0,0, HTTP/1.1" 200 12820
186.67.172.234 - - [27/Feb/2017:16:37:26 -0300] "GET /cormun/servlet/solicitudot?INS,0,0, HTTP/1.1" 200 12824
200.111.191.210 - - [27/Feb/2017:16:37:29 -0300] "GET /cormun/servlet/trsolicitudot? HTTP/1.1" 200 6877
200.111.191.210 - - [27/Feb/2017:16:37:29 -0300] "GET /cormun/servlet/trsolicitudot? HTTP/1.1" 200 6877
186.103.159.46 - - [27/Feb/2017:16:37:33 -0300] "GET /cormun/servlet/solicitudotadjuntos?INS,2017,4840,,1, HTTP/1.1" 200 5797
186.103.159.46 - - [27/Feb/2017:16:37:35 -0300] "GET /cormun/servlet/solicitudotadjuntos?INS,2017,4840,,1, HTTP/1.1" 200 5791
186.103.159.46 - - [27/Feb/2017:16:37:35 -0300] "GET /cormun/servlet/solicitudotadjuntos?65476526ffece431760446fb7de0322c8ba1a5ab69fc29416004243642fd9259d495a30310a79d9ad9c01e0842020186,gx-no-cache=1488224326309 HTTP/1.1" 200 30
186.103.159.46 - - [27/Feb/2017:16:37:35 -0300] "POST /cormun/servlet/solicitudotadjuntos?5b85d6517827f4d03e11769ece173ef1,INS,2017,4840,,1,,gx-no-cache=1488224326369 HTTP/1.1" 200 3642
200.111.191.210 - - [27/Feb/2017:16:37:37 -0300] "GET /cormun/servlet/trautorizarsolicitud? HTTP/1.1" 200 9219
200.111.191.210 - - [27/Feb/2017:16:37:37 -0300] "GET /cormun/servlet/trautorizarsolicitud? HTTP/1.1" 200 9219
186.67.172.234 - - [27/Feb/2017:16:37:42 -0300] "POST /cormun/servlet/solicitudot?gx-no-cache=1488224341208 HTTP/1.1" 200 3164
186.67.172.234 - - [27/Feb/2017:16:37:42 -0300] "POST /cormun/servlet/solicitudot?3fc8ba8ed9d860d9bf61474e93399743,INS,0,0,,gx-no-cache=1488224341386 HTTP/1.1" 200 9963
186.67.172.234 - - [27/Feb/2017:16:37:44 -0300] "GET /cormun/servlet/solicitudot?274d769c263504c09bdbe2b695f3b1a3a56228a36e8c46b6f436bb628fb7e2e2315fda4caffb7a80579923075336a908,gx-no-cache=1488224343457 HTTP/1.1" 200 30
186.67.172.234 - - [27/Feb/2017:16:37:44 -0300] "POST /cormun/servlet/solicitudot?gx-no-cache=1488224343499 HTTP/1.1" 200 255
186.67.172.234 - - [27/Feb/2017:16:37:44 -0300] "GET /cormun/servlet/solicitudot?274d769c263504c09bdbe2b695f3b1a3ded11b5d1580d5e20aa070ad17eb79bdff5cd1e0ca983644f242ce6d54c5e0564949ec146a7973cae006f8bc5a8f18a0e9307e55a0740bde827f3c43d45cb6290cd0f6abf54825e3ee8074f4f80be3194b315292ae7f4ccdcb67b84e652802997bb19c777491661051924928eb94a71c860053ea6910635322cd9a00608b0edd673ceb5b3ff8e043baf9086f53b85debd7506920bf35554f63ee35abc15989cd1e7f4b1883bae42420e597d68a7bae735fa53faadf321f879b586cf1282abb2d2802efc46d20388d1a45068b617dfbb96a86333a24ebbed3b8b3d8b9c3b73904b55bde2c00885648c7d66fb9f08918c275a817a3e2f310a41e5d5b37c6f4372266b1682c0bcad4e7dbd4a9220d722cef679b24af38351902e0fa322dedcf603994b5394889b8d334800e7f8cb3606dab2e2fa6a4bd9fb7fc8595142670ab6999c09318d53cc5b88f5adf66c2b079a3652a13cf0cb130e0f5ce9366814e1fa2f8dcac2f8f39ae58b99dbcf3f2198fef31,gx-no-cache=1488224343532 HTTP/1.1" 200 30
186.67.172.234 - - [27/Feb/2017:16:37:46 -0300] "POST /cormun/servlet/solicitudot?gx-no-cache=1488224345571 HTTP/1.1" 200 30
186.67.172.234 - - [27/Feb/2017:16:37:54 -0300] "POST /cormun/servlet/solicitudot?gx-no-cache=1488224353476 HTTP/1.1" 200 1291
186.67.172.234 - - [27/Feb/2017:16:37:54 -0300] "POST /cormun/servlet/solicitudot?gx-no-cache=1488224353557 HTTP/1.1" 200 38
186.67.172.234 - - [27/Feb/2017:16:37:59 -0300] "GET /cormun/servlet/solicitudot?274d769c263504c09bdbe2b695f3b1a3bb53c598452eeb70bb6a1647870f2369bcda738e9d7f322701dfb26433e743af90cfb19cf315c28f521c1c2fc56a342897f748b4a226f57a507fbaf0aa070b7bf2de6fa67d94f3e0728f08d7c67582648fc91088dc99255ad5c9481c00f8b0c4aa0edfe612a2ffce7a2a890abfc3393cd3a27c0420a4eab54e1acfc2e76384d8779647ec23ccf30d92596b4d830ddb71b6aa593709b3f6e90cb8545ffb4fe789bca1d96df3cc5a493ac6979c893ad3b3ce706658588f83ebd3b75fe41773658f,gx-no-cache=1488224358299 HTTP/1.1" 200 29
186.67.172.234 - - [27/Feb/2017:16:38:00 -0300] "POST /cormun/servlet/solicitudot?gx-no-cache=1488224359487 HTTP/1.1" 200 1275
186.67.172.234 - - [27/Feb/2017:16:38:00 -0300] "POST /cormun/servlet/solicitudot?gx-no-cache=1488224359543 HTTP/1.1" 200 1157
186.67.172.234 - - [27/Feb/2017:16:38:01 -0300] "GET /cormun/static/menuarrow.gif HTTP/1.1" 404 1015
186.67.172.234 - - [27/Feb/2017:16:38:04 -0300] "POST /cormun/servlet/solicitudot?gx-no-cache=1488224362594 HTTP/1.1" 200 1275
186.67.172.234 - - [27/Feb/2017:16:38:04 -0300] "POST /cormun/servlet/solicitudot?gx-no-cache=1488224362664 HTTP/1.1" 200 1157
200.111.191.210 - - [27/Feb/2017:16:38:06 -0300] "GET /cormun/servlet/treventos?2017,4837, HTTP/1.1" 200 7316
200.111.191.210 - - [27/Feb/2017:16:38:06 -0300] "GET /cormun/static/gxcfg.js?2016101716195975 HTTP/1.1" 200 953
200.111.191.210 - - [27/Feb/2017:16:38:06 -0300] "GET /cormun/static/treventos.js?201610171620222 HTTP/1.1" 200 16055
200.111.191.210 - - [27/Feb/2017:16:38:07 -0300] "GET /cormun/servlet/treventos?2017,4837, HTTP/1.1" 200 7316
186.67.172.234 - - [27/Feb/2017:16:38:14 -0300] "GET /cormun/servlet/solicitudot?274d769c263504c09bdbe2b695f3b1a3568b8f5c4f467cf3b0211ab979f3bb5c2cdacfd63de7a1d54a031ee80635be55d852ff768bd0b571e2cd557e90050fb499b914cfb38a823ce4121110eafbdf66c0887c9eae5878bd14450f61b74064ef55e4bafc9af2d38cf73c7390a84d85c33458af25548d5c9b06f414cf76e74b2983274b28430248c0df6dcc39d7ec807d0a522639cfe0ebd0f59e43b93425cad96cdb96de571fa976bc8b9eb493f25e89,gx-no-cache=1488224372668 HTTP/1.1" 200 30
186.67.172.234 - - [27/Feb/2017:16:38:14 -0300] "POST /cormun/servlet/solicitudot?3fc8ba8ed9d860d9bf61474e93399743,INS,0,0,,gx-no-cache=1488224372701 HTTP/1.1" 200 93
186.67.172.234 - - [27/Feb/2017:16:38:14 -0300] "GET /cormun/servlet/hpexe_return? HTTP/1.1" 200 1009
186.67.172.234 - - [27/Feb/2017:16:38:14 -0300] "GET /cormun/servlet/trsolicitudot HTTP/1.1" 200 11152
186.67.172.234 - - [27/Feb/2017:16:38:15 -0300] "GET /cormun/servlet/trsolicitudot HTTP/1.1" 200 11147
200.111.191.210 - - [27/Feb/2017:16:38:16 -0300] "GET /cormun/servlet/trautorizarsolicitud? HTTP/1.1" 200 9219
200.111.191.210 - - [27/Feb/2017:16:38:17 -0300] "GET /cormun/servlet/trautorizarsolicitud? HTTP/1.1" 200 9219
186.67.172.234 - - [27/Feb/2017:16:38:24 -0300] "GET /cormun/servlet/solicitudot?INS,0,0, HTTP/1.1" 200 12819
186.67.172.234 - - [27/Feb/2017:16:38:24 -0300] "GET /cormun/servlet/solicitudot?INS,0,0, HTTP/1.1" 200 12824
200.111.191.210 - - [27/Feb/2017:16:38:28 -0300] "POST /cormun/servlet/trautorizarsolicitud?6c0d0b747a6ae4eb4f2de7a0f9fd9c72,,gx-no-cache=1488227897145 HTTP/1.1" 200 115
200.111.191.210 - - [27/Feb/2017:16:38:28 -0300] "GET /cormun/servlet/solicitudotlog?INS,2017,4837,0,ANU, HTTP/1.1" 200 5708
200.111.191.210 - - [27/Feb/2017:16:38:28 -0300] "GET /cormun/static/gxcfg.js?201612218471193 HTTP/1.1" 200 953
200.111.191.210 - - [27/Feb/2017:16:38:28 -0300] "GET /cormun/static/solicitudotlog.js?20161221847122 HTTP/1.1" 200 8925
200.111.191.210 - - [27/Feb/2017:16:38:28 -0300] "GET /cormun/servlet/solicitudotlog?INS,2017,4837,0,ANU, HTTP/1.1" 200 5709
200.111.191.210 - - [27/Feb/2017:16:38:29 -0300] "GET /cormun/servlet/solicitudotlog?645ea39cb2b4fda829e14d545e24648160c592c33ac062f397e47d37224e0478e59dd4e9eeffb70846d8b04e446e14c651be5a225c7c947805747593e0e004c7cd1fb59ea9ae06f0a8cfacafdeb0076deed5d3c1555ffc8941085503671f7a6653dedaaed97fb305cecaa2ed37f00dd84918ae2a0d435a41707af74ca80b74e68d8b2b90e43f8c2f17e5cf3dd28356d9ae9d92815a2d9325c9ce445786108eb0,gx-no-cache=1488227898168 HTTP/1.1" 200 94
200.111.191.210 - - [27/Feb/2017:16:38:32 -0300] "POST /cormun/servlet/solicitudotlog?6c0d0b747a6ae4eb4f2de7a0f9fd9c72,INS,2017,4837,0,ANU,,gx-no-cache=1488227901181 HTTP/1.1" 200 93
200.111.191.210 - - [27/Feb/2017:16:38:32 -0300] "GET /cormun/servlet/hpexe_return? HTTP/1.1" 200 1019
200.111.191.210 - - [27/Feb/2017:16:38:32 -0300] "GET /cormun/servlet/trautorizarsolicitud HTTP/1.1" 200 9223
200.111.191.210 - - [27/Feb/2017:16:38:33 -0300] "GET /cormun/servlet/trautorizarsolicitud HTTP/1.1" 200 9219
186.67.172.234 - - [27/Feb/2017:16:38:43 -0300] "POST /cormun/servlet/solicitudot?gx-no-cache=1488224401895 HTTP/1.1" 200 3181
186.67.172.234 - - [27/Feb/2017:16:38:44 -0300] "POST /cormun/servlet/solicitudot?3fc8ba8ed9d860d9bf61474e93399743,INS,0,0,,gx-no-cache=1488224402159 HTTP/1.1" 200 9973
186.67.172.234 - - [27/Feb/2017:16:38:46 -0300] "GET /cormun/servlet/solicitudot?274d769c263504c09bdbe2b695f3b1a3b288cd151c753c3fdcab24ed365a5639315fda4caffb7a80579923075336a908,gx-no-cache=1488224404888 HTTP/1.1" 200 30
186.67.172.234 - - [27/Feb/2017:16:38:46 -0300] "POST /cormun/servlet/solicitudot?gx-no-cache=1488224404947 HTTP/1.1" 200 255
186.67.172.234 - - [27/Feb/2017:16:38:46 -0300] "GET /cormun/servlet/solicitudot?274d769c263504c09bdbe2b695f3b1a3ded11b5d1580d5e20aa070ad17eb79bdff5cd1e0ca983644f242ce6d54c5e0564949ec146a7973cae006f8bc5a8f18a0e9307e55a0740bde827f3c43d45cb6290cd0f6abf54825e3ee8074f4f80be3194b315292ae7f4ccdcb67b84e652802997bb19c777491661051924928eb94a71c860053ea6910635322cd9a00608b0edd673ceb5b3ff8e043baf9086f53b85debd7506920bf35554f63ee35abc15989cd1e7f4b1883bae42420e597d68a7bae735fa53faadf321f879b586cf1282abb2d2802efc46d20388d1a45068b617dfbb96a86333a24ebbed3b8b3d8b9c3b73904b55bde2c00885648c7d66fb9f08918c275a817a3e2f310a41e5d5b37c6f4372266b1682c0bcad4e7dbd4a9220d722cef679b24af38351902e0fa322dedcf603994b5394889b8d334800e7f8cb3606dab2e2fa6a4bd9fb7fc8595142670ab6999c09318d53cc5b88f5adf66c2b079a3652a13cf0cb130e0f5ce9366814e1fa2f8dcac2f8f39ae58b99dbcf3f2198fef31,gx-no-cache=1488224404985 HTTP/1.1" 200 30
186.67.172.234 - - [27/Feb/2017:16:38:51 -0300] "POST /cormun/servlet/solicitudot?gx-no-cache=1488224410075 HTTP/1.1" 200 30
