186.79.111.207 - - [01/Feb/2017:12:08:00 -0300] "GET /cormun/static/gxcfg.js?201612218515529 HTTP/1.1" 200 953
186.79.111.207 - - [01/Feb/2017:12:08:00 -0300] "GET /cormun/servlet/hhome HTTP/1.1" 200 3978
186.79.111.207 - - [01/Feb/2017:12:08:01 -0300] "GET /cormun/static/gxcfg.js?201612218515568 HTTP/1.1" 200 953
186.79.111.207 - - [01/Feb/2017:12:08:03 -0300] "GET /cormun/servlet/hhome HTTP/1.1" 200 3975
192.168.10.62 - - [01/Feb/2017:12:08:08 -0300] "POST /cormun/servlet/trsolicitudgral?2f14e9bb9f485142592cbd2cb88f8204,gx-no-cache=1485964985936 HTTP/1.1" 200 13362
186.79.111.207 - - [01/Feb/2017:12:08:09 -0300] "GET /cormun/servlet/trsolicitudot? HTTP/1.1" 200 6952
186.79.111.207 - - [01/Feb/2017:12:08:10 -0300] "GET /cormun/static/gxcfg.js?20171191044697 HTTP/1.1" 200 953
186.79.111.207 - - [01/Feb/2017:12:08:10 -0300] "GET /cormun/static/calendar.js?85251 HTTP/1.1" 304 -
186.79.111.207 - - [01/Feb/2017:12:08:10 -0300] "GET /cormun/static/calendar-setup.js?85251 HTTP/1.1" 304 -
186.79.111.207 - - [01/Feb/2017:12:08:10 -0300] "GET /cormun/static/calendar-es.js?85251 HTTP/1.1" 304 -
186.79.111.207 - - [01/Feb/2017:12:08:10 -0300] "GET /cormun/static/gxdec.js?85251 HTTP/1.1" 304 -
186.79.111.207 - - [01/Feb/2017:12:08:10 -0300] "GET /cormun/static/trsolicitudot.js?20171191045625 HTTP/1.1" 304 -
186.79.111.207 - - [01/Feb/2017:12:08:10 -0300] "GET /cormun/servlet/trsolicitudot? HTTP/1.1" 200 6951
192.168.10.62 - - [01/Feb/2017:12:08:13 -0300] "POST /cormun/servlet/trsolicitudgral?2f14e9bb9f485142592cbd2cb88f8204,gx-no-cache=1485964990965 HTTP/1.1" 200 13302
186.79.111.207 - - [01/Feb/2017:12:08:15 -0300] "GET /cormun/servlet/solicitudot?INS,0,0, HTTP/1.1" 200 12778
186.79.111.207 - - [01/Feb/2017:12:08:15 -0300] "GET /cormun/static/gxcfg.js?20171191042720 HTTP/1.1" 200 953
186.79.111.207 - - [01/Feb/2017:12:08:16 -0300] "GET /cormun/static/solicitudot.js?2017119104297 HTTP/1.1" 304 -
186.79.111.207 - - [01/Feb/2017:12:08:16 -0300] "GET /cormun/servlet/solicitudot?INS,0,0, HTTP/1.1" 200 12783
192.168.10.62 - - [01/Feb/2017:12:08:19 -0300] "POST /cormun/servlet/trsolicitudgral?2f14e9bb9f485142592cbd2cb88f8204,gx-no-cache=1485964996502 HTTP/1.1" 200 13074
192.168.10.62 - - [01/Feb/2017:12:08:24 -0300] "POST /cormun/servlet/trsolicitudgral?2f14e9bb9f485142592cbd2cb88f8204,gx-no-cache=1485965001398 HTTP/1.1" 200 13010
192.168.10.62 - - [01/Feb/2017:12:08:29 -0300] "POST /cormun/servlet/trsolicitudgral?2f14e9bb9f485142592cbd2cb88f8204,gx-no-cache=1485965006222 HTTP/1.1" 200 12783
186.79.111.207 - - [01/Feb/2017:12:08:32 -0300] "POST /cormun/servlet/solicitudot?gx-no-cache=1485961782770 HTTP/1.1" 200 3081
186.79.111.207 - - [01/Feb/2017:12:08:33 -0300] "POST /cormun/servlet/solicitudot?ba5443f066568d477a52a1b60b102090,INS,0,0,,gx-no-cache=1485961783297 HTTP/1.1" 200 9866
192.168.10.62 - - [01/Feb/2017:12:08:34 -0300] "POST /cormun/servlet/trsolicitudgral?2f14e9bb9f485142592cbd2cb88f8204,gx-no-cache=1485965011013 HTTP/1.1" 200 12722
186.79.111.207 - - [01/Feb/2017:12:08:36 -0300] "GET /cormun/servlet/solicitudot?c52e8bd478edb37531e8d6d8990435c545cba3f2f0078cb2aef29420ec49a1328ba424b9f6b0229225573974763a1e0a,gx-no-cache=1485961786920 HTTP/1.1" 200 30
192.168.10.62 - - [01/Feb/2017:12:08:37 -0300] "POST /cormun/servlet/trsolicitudgral?2f14e9bb9f485142592cbd2cb88f8204,gx-no-cache=1485965014532 HTTP/1.1" 200 12479
192.168.10.62 - - [01/Feb/2017:12:08:42 -0300] "POST /cormun/servlet/trsolicitudgral?2f14e9bb9f485142592cbd2cb88f8204,gx-no-cache=1485965019261 HTTP/1.1" 200 12416
192.168.10.62 - - [01/Feb/2017:12:08:47 -0300] "POST /cormun/servlet/trsolicitudgral?2f14e9bb9f485142592cbd2cb88f8204,gx-no-cache=1485965024602 HTTP/1.1" 200 12159
192.168.10.62 - - [01/Feb/2017:12:08:52 -0300] "POST /cormun/servlet/trsolicitudgral?2f14e9bb9f485142592cbd2cb88f8204,gx-no-cache=1485965029208 HTTP/1.1" 200 12098
192.168.10.62 - - [01/Feb/2017:12:09:00 -0300] "POST /cormun/servlet/trsolicitudgral?2f14e9bb9f485142592cbd2cb88f8204,gx-no-cache=1485965037932 HTTP/1.1" 200 11812
192.168.10.62 - - [01/Feb/2017:12:09:05 -0300] "POST /cormun/servlet/trsolicitudgral?2f14e9bb9f485142592cbd2cb88f8204,gx-no-cache=1485965042384 HTTP/1.1" 200 11752
192.168.10.62 - - [01/Feb/2017:12:09:12 -0300] "POST /cormun/servlet/trsolicitudgral?2f14e9bb9f485142592cbd2cb88f8204,gx-no-cache=1485965049259 HTTP/1.1" 200 11525
192.168.10.62 - - [01/Feb/2017:12:09:16 -0300] "POST /cormun/servlet/trsolicitudgral?2f14e9bb9f485142592cbd2cb88f8204,gx-no-cache=1485965053693 HTTP/1.1" 200 11464
192.168.10.62 - - [01/Feb/2017:12:09:21 -0300] "POST /cormun/servlet/trsolicitudgral?2f14e9bb9f485142592cbd2cb88f8204,gx-no-cache=1485965058097 HTTP/1.1" 200 11229
192.168.10.62 - - [01/Feb/2017:12:09:25 -0300] "POST /cormun/servlet/trsolicitudgral?2f14e9bb9f485142592cbd2cb88f8204,gx-no-cache=1485965062310 HTTP/1.1" 200 11170
192.168.10.62 - - [01/Feb/2017:12:09:33 -0300] "POST /cormun/servlet/trsolicitudgral?2f14e9bb9f485142592cbd2cb88f8204,gx-no-cache=1485965070775 HTTP/1.1" 200 10851
192.168.10.62 - - [01/Feb/2017:12:09:37 -0300] "POST /cormun/servlet/trsolicitudgral?2f14e9bb9f485142592cbd2cb88f8204,gx-no-cache=1485965074842 HTTP/1.1" 200 10790
192.168.10.62 - - [01/Feb/2017:12:09:41 -0300] "POST /cormun/servlet/trsolicitudgral?2f14e9bb9f485142592cbd2cb88f8204,gx-no-cache=1485965078236 HTTP/1.1" 200 10567
192.168.10.62 - - [01/Feb/2017:12:09:45 -0300] "POST /cormun/servlet/trsolicitudgral?2f14e9bb9f485142592cbd2cb88f8204,gx-no-cache=1485965082111 HTTP/1.1" 200 10502
192.168.10.62 - - [01/Feb/2017:12:09:48 -0300] "POST /cormun/servlet/trsolicitudgral?2f14e9bb9f485142592cbd2cb88f8204,gx-no-cache=1485965085665 HTTP/1.1" 200 10285
192.168.10.62 - - [01/Feb/2017:12:09:52 -0300] "POST /cormun/servlet/trsolicitudgral?2f14e9bb9f485142592cbd2cb88f8204,gx-no-cache=1485965089374 HTTP/1.1" 200 10225
192.168.10.62 - - [01/Feb/2017:12:10:47 -0300] "POST /cormun/servlet/trsolicitudgral?2f14e9bb9f485142592cbd2cb88f8204,gx-no-cache=1485965144629 HTTP/1.1" 200 9961
192.168.10.62 - - [01/Feb/2017:12:10:51 -0300] "POST /cormun/servlet/trsolicitudgral?2f14e9bb9f485142592cbd2cb88f8204,gx-no-cache=1485965148158 HTTP/1.1" 200 9902
192.168.10.62 - - [01/Feb/2017:12:10:54 -0300] "POST /cormun/servlet/trsolicitudgral?2f14e9bb9f485142592cbd2cb88f8204,gx-no-cache=1485965151399 HTTP/1.1" 200 9606
192.168.10.62 - - [01/Feb/2017:12:10:57 -0300] "POST /cormun/servlet/trsolicitudgral?2f14e9bb9f485142592cbd2cb88f8204,gx-no-cache=1485965154770 HTTP/1.1" 200 9548
192.168.10.62 - - [01/Feb/2017:12:11:01 -0300] "POST /cormun/servlet/trsolicitudgral?2f14e9bb9f485142592cbd2cb88f8204,gx-no-cache=1485965158841 HTTP/1.1" 200 9294
192.168.10.62 - - [01/Feb/2017:12:11:04 -0300] "POST /cormun/servlet/trsolicitudgral?2f14e9bb9f485142592cbd2cb88f8204,gx-no-cache=1485965161965 HTTP/1.1" 200 9234
192.168.10.62 - - [01/Feb/2017:12:11:07 -0300] "POST /cormun/servlet/trsolicitudgral?2f14e9bb9f485142592cbd2cb88f8204,gx-no-cache=1485965164926 HTTP/1.1" 200 8990
192.168.10.62 - - [01/Feb/2017:12:11:10 -0300] "POST /cormun/servlet/trsolicitudgral?2f14e9bb9f485142592cbd2cb88f8204,gx-no-cache=1485965167836 HTTP/1.1" 200 8930
192.168.10.62 - - [01/Feb/2017:12:11:13 -0300] "POST /cormun/servlet/trsolicitudgral?2f14e9bb9f485142592cbd2cb88f8204,gx-no-cache=1485965171096 HTTP/1.1" 200 8568
186.79.111.207 - - [01/Feb/2017:12:11:16 -0300] "POST /cormun/servlet/solicitudot?gx-no-cache=1485961946869 HTTP/1.1" 200 256
192.168.10.62 - - [01/Feb/2017:12:11:16 -0300] "POST /cormun/servlet/trsolicitudgral?2f14e9bb9f485142592cbd2cb88f8204,gx-no-cache=1485965173784 HTTP/1.1" 200 8509
192.168.10.62 - - [01/Feb/2017:12:11:19 -0300] "POST /cormun/servlet/trsolicitudgral?2f14e9bb9f485142592cbd2cb88f8204,gx-no-cache=1485965176208 HTTP/1.1" 200 8184
192.168.10.62 - - [01/Feb/2017:12:11:21 -0300] "POST /cormun/servlet/trsolicitudgral?2f14e9bb9f485142592cbd2cb88f8204,gx-no-cache=1485965178668 HTTP/1.1" 200 8123
186.79.111.207 - - [01/Feb/2017:12:11:21 -0300] "GET /cormun/servlet/solicitudot?c52e8bd478edb37531e8d6d8990435c58e55979d3760f283898d7c02787338648c867efa25a50c88782e937fd9501a4970de895413f5df54ca25ad685263861ca012d7250d5bc4d6e96f47e17efd82a7f0d855244150a8e1b55590e1d2c6d06b6d17a8167fd249f232222d7e7ec271ce94b81aafcaf6eba208e98bdf7384b1f1f7b016f62694f684cca2d65c6fd0094019a33ad973563b881ac6fc4f46359035e022bacd7f683c908091bd4e6017848e473a8cffd8bb4b2fb232abdec341d3aaacf6a5df4efbc04e3d090c62ff20d34dee29d746b14e2b2325e6f06590e42a9b0eacd2ced5a54574b7499969a6c9c87821512308056d7458fbb872cd93c5281c792f1bb2a00df72880e6efb9359e8799fe10bb57134f43cacc583fe2addc4df68d06cd6981e12a000d0d4e423119091d42ef73ede3e4d014b38008d3b54b3d22520a5d4d4d4f49994dc60c2703e7def864bf39e08b2182b256c01df7d742c7d789ec212834a09ae16d6c788fc1d666b76428d86c29990d16fc452f99f84e725a,gx-no-cache=1485961952501 HTTP/1.1" 200 30
186.79.111.207 - - [01/Feb/2017:12:11:24 -0300] "POST /cormun/servlet/solicitudot?gx-no-cache=1485961955438 HTTP/1.1" 200 30
192.168.10.62 - - [01/Feb/2017:12:11:26 -0300] "POST /cormun/servlet/trsolicitudgral?2f14e9bb9f485142592cbd2cb88f8204,gx-no-cache=1485965183325 HTTP/1.1" 200 7868
186.79.111.207 - - [01/Feb/2017:12:11:26 -0300] "POST /cormun/servlet/solicitudot?gx-no-cache=1485961957696 HTTP/1.1" 200 235
186.79.111.207 - - [01/Feb/2017:12:11:27 -0300] "POST /cormun/servlet/solicitudot?gx-no-cache=1485961957858 HTTP/1.1" 200 38
192.168.10.62 - - [01/Feb/2017:12:11:28 -0300] "POST /cormun/servlet/trsolicitudgral?2f14e9bb9f485142592cbd2cb88f8204,gx-no-cache=1485965185561 HTTP/1.1" 200 7810
192.168.10.62 - - [01/Feb/2017:12:11:34 -0300] "POST /cormun/servlet/trsolicitudgral?2f14e9bb9f485142592cbd2cb88f8204,gx-no-cache=1485965191836 HTTP/1.1" 200 7544
192.168.10.62 - - [01/Feb/2017:12:11:36 -0300] "POST /cormun/servlet/trsolicitudgral?2f14e9bb9f485142592cbd2cb88f8204,gx-no-cache=1485965193824 HTTP/1.1" 200 7487
192.168.10.62 - - [01/Feb/2017:12:11:41 -0300] "POST /cormun/servlet/trsolicitudgral?2f14e9bb9f485142592cbd2cb88f8204,gx-no-cache=1485965198417 HTTP/1.1" 200 7216
192.168.10.62 - - [01/Feb/2017:12:11:42 -0300] "POST /cormun/servlet/trsolicitudgral?2f14e9bb9f485142592cbd2cb88f8204,gx-no-cache=1485965200095 HTTP/1.1" 200 7156
192.168.10.62 - - [01/Feb/2017:12:11:44 -0300] "POST /cormun/servlet/trsolicitudgral?2f14e9bb9f485142592cbd2cb88f8204,gx-no-cache=1485965202069 HTTP/1.1" 200 6864
192.168.10.62 - - [01/Feb/2017:12:11:46 -0300] "POST /cormun/servlet/trsolicitudgral?2f14e9bb9f485142592cbd2cb88f8204,gx-no-cache=1485965203495 HTTP/1.1" 200 6803
192.168.10.62 - - [01/Feb/2017:12:11:48 -0300] "POST /cormun/servlet/trsolicitudgral?2f14e9bb9f485142592cbd2cb88f8204,gx-no-cache=1485965205230 HTTP/1.1" 200 6516
192.168.10.62 - - [01/Feb/2017:12:11:49 -0300] "POST /cormun/servlet/trsolicitudgral?2f14e9bb9f485142592cbd2cb88f8204,gx-no-cache=1485965206348 HTTP/1.1" 200 6456
192.168.10.62 - - [01/Feb/2017:12:11:52 -0300] "POST /cormun/servlet/trsolicitudgral?2f14e9bb9f485142592cbd2cb88f8204,gx-no-cache=1485965209295 HTTP/1.1" 200 6119
192.168.10.62 - - [01/Feb/2017:12:11:53 -0300] "POST /cormun/servlet/trsolicitudgral?2f14e9bb9f485142592cbd2cb88f8204,gx-no-cache=1485965210111 HTTP/1.1" 200 6061
186.79.111.207 - - [01/Feb/2017:12:11:54 -0300] "GET /cormun/servlet/solicitudot?c52e8bd478edb37531e8d6d8990435c554d290339dd9c6624b1da4b0f9bd65d7e66453fa09364d852eb24752eafc94daa3ebde3f231994777f746120298ed655c0282f58cc192c5d5a964af860fd17d1d2296bca7208a592eeb4f8fc963ae005fa4d821eb4908b3a3cb0b5801b051e13,gx-no-cache=1485961985253 HTTP/1.1" 200 29
186.79.111.207 - - [01/Feb/2017:12:11:54 -0300] "POST /cormun/servlet/solicitudot?gx-no-cache=1485961985405 HTTP/1.1" 200 605
186.79.111.207 - - [01/Feb/2017:12:11:57 -0300] "POST /cormun/servlet/solicitudot?gx-no-cache=1485961988109 HTTP/1.1" 200 1144
186.79.111.207 - - [01/Feb/2017:12:13:01 -0300] "GET /cormun/servlet/solicitudot?c52e8bd478edb37531e8d6d8990435c56661f0e21368c9bcb2345110919a7aa2dc2ee819cb8ac3082cb04a9382d3ebcd6564988ffc3e09fdc88af472379bf5961eb906a4d325e17550e6a45b9df13ae9bf52e31cdc4927e19a5fc66edab775816b7e3dde334a4fbf92d37e3eae1aea477981850f46ad6b91de3392cff829ac928063e304a2b84ea42d3e4fb2995725c7b29705ef7d7c5860d59cf1447c3121baa156b88d60ae92cae6083d4327dc5243,gx-no-cache=1485962052695 HTTP/1.1" 200 30
186.79.111.207 - - [01/Feb/2017:12:13:22 -0300] "POST /cormun/servlet/solicitudot?ba5443f066568d477a52a1b60b102090,INS,0,0,,gx-no-cache=1485962072780 HTTP/1.1" 200 93
186.79.111.207 - - [01/Feb/2017:12:13:22 -0300] "GET /cormun/servlet/hpexe_return? HTTP/1.1" 200 1007
186.79.111.207 - - [01/Feb/2017:12:13:22 -0300] "GET /cormun/static/gxcfg.js?2016101716175148 HTTP/1.1" 200 953
186.79.111.207 - - [01/Feb/2017:12:13:22 -0300] "GET /cormun/static/hpexe_return.js?2016101716175153 HTTP/1.1" 304 -
186.79.111.207 - - [01/Feb/2017:12:13:23 -0300] "GET /cormun/servlet/trsolicitudot HTTP/1.1" 200 8170
186.79.111.207 - - [01/Feb/2017:12:13:23 -0300] "GET /cormun//static/Resources/PXToolsActionView.png HTTP/1.1" 200 2995
186.79.111.207 - - [01/Feb/2017:12:13:23 -0300] "GET /cormun//static/Resources/PXToolsGridUpdate.png HTTP/1.1" 200 2984
186.79.111.207 - - [01/Feb/2017:12:13:23 -0300] "GET /cormun//static/Resources/PXToolsGridDelete.png HTTP/1.1" 200 357
186.79.111.207 - - [01/Feb/2017:12:13:23 -0300] "GET /cormun/servlet/trsolicitudot HTTP/1.1" 200 8167
186.79.111.207 - - [01/Feb/2017:12:13:23 -0300] "GET /cormun//static/Resources/PXTools/ActionInsert.png HTTP/1.1" 200 1482
186.79.111.207 - - [01/Feb/2017:12:13:23 -0300] "GET /cormun//static/Resources/PXToolsRemoveAllAction.png HTTP/1.1" 200 3558
186.79.111.207 - - [01/Feb/2017:12:13:47 -0300] "GET /cormun/servlet/solicitudot?INS,0,0, HTTP/1.1" 200 12778
186.79.111.207 - - [01/Feb/2017:12:13:47 -0300] "GET /cormun/servlet/solicitudot?INS,0,0, HTTP/1.1" 200 12783
186.79.111.207 - - [01/Feb/2017:12:13:58 -0300] "POST /cormun/servlet/solicitudot?gx-no-cache=1485962109111 HTTP/1.1" 200 3081
186.79.111.207 - - [01/Feb/2017:12:13:59 -0300] "POST /cormun/servlet/solicitudot?ba5443f066568d477a52a1b60b102090,INS,0,0,,gx-no-cache=1485962109599 HTTP/1.1" 200 9865
186.79.111.207 - - [01/Feb/2017:12:14:04 -0300] "GET /cormun/servlet/solicitudot?c52e8bd478edb37531e8d6d8990435c5d1dc3fcd06146ed2ee8a4eaf439ad3fb8ba424b9f6b0229225573974763a1e0a,gx-no-cache=1485962115559 HTTP/1.1" 200 30
186.79.111.207 - - [01/Feb/2017:12:15:21 -0300] "POST /cormun/servlet/solicitudot?gx-no-cache=1485962192570 HTTP/1.1" 200 255
186.79.111.207 - - [01/Feb/2017:12:15:25 -0300] "GET /cormun/servlet/solicitudot?c52e8bd478edb37531e8d6d8990435c58e55979d3760f283898d7c02787338648061fec4c1eceab76b49ede0264430b070de895413f5df54ca25ad685263861ca012d7250d5bc4d6e96f47e17efd82a7f0d855244150a8e1b55590e1d2c6d06b6d17a8167fd249f232222d7e7ec271ce94b81aafcaf6eba208e98bdf7384b1f1f7b016f62694f684cca2d65c6fd0094019a33ad973563b881ac6fc4f46359035e022bacd7f683c908091bd4e6017848e473a8cffd8bb4b2fb232abdec341d3aaacf6a5df4efbc04e3d090c62ff20d34dee29d746b14e2b2325e6f06590e42a9b0eacd2ced5a54574b7499969a6c9c878b145ec46b1385280fd0d8c6dad559dea792f1bb2a00df72880e6efb9359e87990e0023f5d29b970784ef83cdae72e1f9ac49c6a7ba1a40cb3d1a65417d6b00b414eaa5f6930b9c10cd66ee493e413d0b71c9c0d202c220dcd7c6735429cff83b03e6cbb4319c951cc80140189688ebb526baf68d12ea345f5a486a23a327649f436a31cdd12199afbb72fb757814a156,gx-no-cache=1485962196630 HTTP/1.1" 200 30
186.79.111.207 - - [01/Feb/2017:12:15:29 -0300] "POST /cormun/servlet/solicitudot?gx-no-cache=1485962200754 HTTP/1.1" 200 30
186.79.111.207 - - [01/Feb/2017:12:15:31 -0300] "POST /cormun/servlet/solicitudot?gx-no-cache=1485962202255 HTTP/1.1" 200 235
186.79.111.207 - - [01/Feb/2017:12:15:31 -0300] "POST /cormun/servlet/solicitudot?gx-no-cache=1485962202386 HTTP/1.1" 200 38
186.79.111.207 - - [01/Feb/2017:12:16:16 -0300] "GET /cormun/servlet/solicitudot?c52e8bd478edb37531e8d6d8990435c554d290339dd9c6624b1da4b0f9bd65d7e66453fa09364d852eb24752eafc94daa3ebde3f231994777f746120298ed655c0282f58cc192c5d5a964af860fd17d1d2296bca7208a592eeb4f8fc963ae005fa4d821eb4908b3a3cb0b5801b051e13,gx-no-cache=1485962247055 HTTP/1.1" 200 29
186.79.111.207 - - [01/Feb/2017:12:16:16 -0300] "POST /cormun/servlet/solicitudot?gx-no-cache=1485962247221 HTTP/1.1" 200 605
192.168.10.62 - - [01/Feb/2017:12:16:18 -0300] "POST /cormun/servlet/trsolicitudgral?2f14e9bb9f485142592cbd2cb88f8204,gx-no-cache=1485965476045 HTTP/1.1" 200 6847
186.79.111.207 - - [01/Feb/2017:12:16:22 -0300] "POST /cormun/servlet/solicitudot?gx-no-cache=1485962252784 HTTP/1.1" 200 1144
186.79.111.207 - - [01/Feb/2017:12:16:51 -0300] "GET /cormun/servlet/solicitudot?c52e8bd478edb37531e8d6d8990435c585ff361f74a0952760514cf0c7d39b055f489c22d17deb7bd8baea6e4ee7b3586564988ffc3e09fdc88af472379bf5961eb906a4d325e17550e6a45b9df13ae9bf52e31cdc4927e19a5fc66edab775816b7e3dde334a4fbf92d37e3eae1aea477981850f46ad6b91de3392cff829ac928063e304a2b84ea42d3e4fb2995725c7b29705ef7d7c5860d59cf1447c3121baa156b88d60ae92cae6083d4327dc5243,gx-no-cache=1485962282098 HTTP/1.1" 200 30
192.168.10.62 - - [01/Feb/2017:12:16:53 -0300] "POST /cormun/servlet/trsolicitudgral?2f14e9bb9f485142592cbd2cb88f8204,gx-no-cache=1485965510743 HTTP/1.1" 200 6074
186.79.111.207 - - [01/Feb/2017:12:17:05 -0300] "POST /cormun/servlet/solicitudot?ba5443f066568d477a52a1b60b102090,INS,0,0,,gx-no-cache=1485962295814 HTTP/1.1" 200 93
186.79.111.207 - - [01/Feb/2017:12:17:05 -0300] "GET /cormun/servlet/hpexe_return? HTTP/1.1" 200 1007
186.79.111.207 - - [01/Feb/2017:12:17:06 -0300] "GET /cormun/servlet/trsolicitudot HTTP/1.1" 200 8642
186.79.111.207 - - [01/Feb/2017:12:17:06 -0300] "GET /cormun/servlet/trsolicitudot HTTP/1.1" 200 8638
186.79.111.207 - - [01/Feb/2017:12:17:15 -0300] "GET /cormun/servlet/solicitudot?INS,0,0, HTTP/1.1" 200 12778
186.79.111.207 - - [01/Feb/2017:12:17:16 -0300] "GET /cormun/servlet/solicitudot?INS,0,0, HTTP/1.1" 200 12782
186.79.111.207 - - [01/Feb/2017:12:17:28 -0300] "POST /cormun/servlet/solicitudot?gx-no-cache=1485962319301 HTTP/1.1" 200 3144
186.79.111.207 - - [01/Feb/2017:12:17:29 -0300] "POST /cormun/servlet/solicitudot?ba5443f066568d477a52a1b60b102090,INS,0,0,,gx-no-cache=1485962319788 HTTP/1.1" 200 9946
192.168.10.62 - - [01/Feb/2017:12:17:45 -0300] "POST /cormun/servlet/trsolicitudgral?2f14e9bb9f485142592cbd2cb88f8204,gx-no-cache=1485965562603 HTTP/1.1" 200 6847
186.79.111.207 - - [01/Feb/2017:12:17:46 -0300] "GET /cormun/servlet/solicitudot?c52e8bd478edb37531e8d6d8990435c53c834d50ac9b57f01c9b532cb58d4f908ba424b9f6b0229225573974763a1e0a,gx-no-cache=1485962337717 HTTP/1.1" 200 30
186.79.111.207 - - [01/Feb/2017:12:18:35 -0300] "GET /cormun/servlet/solicitudot?c52e8bd478edb37531e8d6d8990435c53c834d50ac9b57f01c9b532cb58d4f90e05859aec1e5cd8076659b1b68806290,gx-no-cache=1485962385917 HTTP/1.1" 200 30
186.79.111.207 - - [01/Feb/2017:12:19:09 -0300] "POST /cormun/servlet/solicitudot?gx-no-cache=1485962420639 HTTP/1.1" 200 297
186.79.111.207 - - [01/Feb/2017:12:19:10 -0300] "GET /cormun/servlet/solicitudot?c52e8bd478edb37531e8d6d8990435c58e55979d3760f283898d7c0278733864c88f89b92268e1df1e387362309e2eea70de895413f5df54ca25ad685263861ca012d7250d5bc4d6e96f47e17efd82a7f0d855244150a8e1b55590e1d2c6d06b6d17a8167fd249f232222d7e7ec271ce94b81aafcaf6eba208e98bdf7384b1f1f7b016f62694f684cca2d65c6fd0094019a33ad973563b881ac6fc4f46359035e022bacd7f683c908091bd4e6017848e473a8cffd8bb4b2fb232abdec341d3aaacf6a5df4efbc04e3d090c62ff20d34dee29d746b14e2b2325e6f06590e42a9b0eacd2ced5a54574b7499969a6c9c87821512308056d7458fbb872cd93c5281c792f1bb2a00df72880e6efb9359e8799fe10bb57134f43cacc583fe2addc4df68d06cd6981e12a000d0d4e423119091d42ef73ede3e4d014b38008d3b54b3d22477dbd595def88a52996cb33fd692b61a12e842ededbddee0a11a5747c448343b0984f5a3ff3a2f6dfed885f0a0c532fb6e6b169ad8462b21d4f1835f181f4eb196337617043a3f73f5e4cc97dabc6ec,gx-no-cache=1485962420819 HTTP/1.1" 200 30
186.79.111.207 - - [01/Feb/2017:12:19:13 -0300] "POST /cormun/servlet/solicitudot?gx-no-cache=1485962424268 HTTP/1.1" 200 30
186.79.111.207 - - [01/Feb/2017:12:19:57 -0300] "POST /cormun/servlet/solicitudot?gx-no-cache=1485962468631 HTTP/1.1" 200 297
186.79.111.207 - - [01/Feb/2017:12:19:58 -0300] "GET /cormun/servlet/solicitudot?c52e8bd478edb37531e8d6d8990435c58e55979d3760f283898d7c0278733864c88f89b92268e1df1e387362309e2eea70de895413f5df54ca25ad685263861ca012d7250d5bc4d6e96f47e17efd82a7f0d855244150a8e1b55590e1d2c6d06b6d17a8167fd249f232222d7e7ec271ce94b81aafcaf6eba208e98bdf7384b1f1f7b016f62694f684cca2d65c6fd0094019a33ad973563b881ac6fc4f46359035e022bacd7f683c908091bd4e6017848e473a8cffd8bb4b2fb232abdec341d3aaacf6a5df4efbc04e3d090c62ff20d34dee29d746b14e2b2325e6f06590e42a9b0eacd2ced5a54574b7499969a6c9c87821512308056d7458fbb872cd93c5281c792f1bb2a00df72880e6efb9359e8799fe10bb57134f43cacc583fe2addc4df68d06cd6981e12a000d0d4e423119091d42ef73ede3e4d014b38008d3b54b3d22477dbd595def88a52996cb33fd692b61a12e842ededbddee0a11a5747c448343b0984f5a3ff3a2f6dfed885f0a0c532f97f9a5d1c6c4309c2e567ab52239d569196337617043a3f73f5e4cc97dabc6ec,gx-no-cache=1485962468805 HTTP/1.1" 200 30
186.79.111.207 - - [01/Feb/2017:12:19:58 -0300] "POST /cormun/servlet/solicitudot?gx-no-cache=1485962468901 HTTP/1.1" 200 30
186.79.111.207 - - [01/Feb/2017:12:19:58 -0300] "POST /cormun/servlet/solicitudot?gx-no-cache=1485962469022 HTTP/1.1" 200 235
186.79.111.207 - - [01/Feb/2017:12:19:58 -0300] "POST /cormun/servlet/solicitudot?gx-no-cache=1485962469150 HTTP/1.1" 200 38
186.79.111.207 - - [01/Feb/2017:12:20:46 -0300] "GET /cormun/servlet/solicitudot?c52e8bd478edb37531e8d6d8990435c554d290339dd9c6624b1da4b0f9bd65d7e66453fa09364d852eb24752eafc94daa3ebde3f231994777f746120298ed655c0282f58cc192c5d5a964af860fd17d1d2296bca7208a592eeb4f8fc963ae005fa4d821eb4908b3a3cb0b5801b051e13,gx-no-cache=1485962517452 HTTP/1.1" 200 29
186.79.111.207 - - [01/Feb/2017:12:20:46 -0300] "POST /cormun/servlet/solicitudot?gx-no-cache=1485962517611 HTTP/1.1" 200 605
186.79.111.207 - - [01/Feb/2017:12:20:49 -0300] "POST /cormun/servlet/solicitudot?gx-no-cache=1485962519771 HTTP/1.1" 200 1144
186.79.111.207 - - [01/Feb/2017:12:22:58 -0300] "GET /cormun/servlet/solicitudot?c52e8bd478edb37531e8d6d8990435c59e07dde4e26e3ec73f7149d5dfe735d94c342c74170073e11e47d840175baff56564988ffc3e09fdc88af472379bf5961eb906a4d325e17550e6a45b9df13ae9bf52e31cdc4927e19a5fc66edab775816b7e3dde334a4fbf92d37e3eae1aea477981850f46ad6b91de3392cff829ac928063e304a2b84ea42d3e4fb2995725c7b0d30761e3d1619fb12a217a4882174ebbe3f2b56ece2b027609025d89b0c6cd,gx-no-cache=1485962649367 HTTP/1.1" 200 30
186.79.111.207 - - [01/Feb/2017:12:23:31 -0300] "POST /cormun/servlet/solicitudot?gx-no-cache=1485962682257 HTTP/1.1" 200 1259
186.79.111.207 - - [01/Feb/2017:12:23:31 -0300] "POST /cormun/servlet/solicitudot?gx-no-cache=1485962682572 HTTP/1.1" 200 1143
186.79.111.207 - - [01/Feb/2017:12:23:38 -0300] "GET /cormun/servlet/solicitudot?c52e8bd478edb37531e8d6d8990435c59e07dde4e26e3ec73f7149d5dfe735d94c342c74170073e11e47d840175baff56564988ffc3e09fdc88af472379bf5961eb906a4d325e17550e6a45b9df13ae9bf52e31cdc4927e19a5fc66edab775816b7e3dde334a4fbf92d37e3eae1aea477981850f46ad6b91de3392cff829ac928063e304a2b84ea42d3e4fb2995725c7b0d30761e3d1619fb12a217a4882174ebbe3f2b56ece2b027609025d89b0c6cd,gx-no-cache=1485962689748 HTTP/1.1" 200 30
186.79.111.207 - - [01/Feb/2017:12:24:04 -0300] "POST /cormun/servlet/solicitudot?ba5443f066568d477a52a1b60b102090,INS,0,0,,gx-no-cache=1485962714636 HTTP/1.1" 200 93
186.79.111.207 - - [01/Feb/2017:12:24:04 -0300] "GET /cormun/servlet/hpexe_return? HTTP/1.1" 200 1007
186.79.111.207 - - [01/Feb/2017:12:24:04 -0300] "GET /cormun/servlet/trsolicitudot HTTP/1.1" 200 9019
186.79.111.207 - - [01/Feb/2017:12:24:05 -0300] "GET /cormun/servlet/trsolicitudot HTTP/1.1" 200 9015
186.79.111.207 - - [01/Feb/2017:12:24:15 -0300] "POST /cormun/servlet/trsolicitudot?ba5443f066568d477a52a1b60b102090,gx-no-cache=1485962725823 HTTP/1.1" 200 5869
186.79.111.207 - - [01/Feb/2017:12:24:15 -0300] "GET /cormun/static/Shared/jqueryui/images/ui-bg_highlight-soft_100_c6c2c8_1x100.png HTTP/1.1" 404 1117
186.79.111.207 - - [01/Feb/2017:12:24:15 -0300] "GET /cormun/static/Shared/jqueryui/images/ui-icons_82798d_256x240.png HTTP/1.1" 404 1089
186.79.111.207 - - [01/Feb/2017:12:24:15 -0300] "GET /cormun/static/Shared/jqueryui/images/ui-bg_flat_55_fafafa_40x100.png HTTP/1.1" 404 1097
186.79.111.207 - - [01/Feb/2017:12:24:15 -0300] "GET /cormun/static/Shared/jqueryui/images/ui-icons_8d78a5_256x240.png HTTP/1.1" 404 1089
186.79.111.207 - - [01/Feb/2017:12:24:16 -0300] "POST /cormun/servlet/trsolicitudot?ba5443f066568d477a52a1b60b102090,gx-no-cache=1485962726503 HTTP/1.1" 200 5812
186.79.111.207 - - [01/Feb/2017:12:24:17 -0300] "POST /cormun/servlet/trsolicitudot?ba5443f066568d477a52a1b60b102090,gx-no-cache=1485962727887 HTTP/1.1" 200 6081
186.79.111.207 - - [01/Feb/2017:12:24:18 -0300] "POST /cormun/servlet/trsolicitudot?ba5443f066568d477a52a1b60b102090,gx-no-cache=1485962729140 HTTP/1.1" 200 6082
186.79.111.207 - - [01/Feb/2017:12:24:24 -0300] "GET /cormun/static/Shared/jqueryui/images/ui-bg_highlight-soft_100_eae6ea_1x100.png HTTP/1.1" 404 1117
186.79.111.207 - - [01/Feb/2017:12:24:26 -0300] "POST /cormun/servlet/trsolicitudot?ba5443f066568d477a52a1b60b102090,gx-no-cache=1485962736974 HTTP/1.1" 200 6082
192.168.10.62 - - [01/Feb/2017:12:28:35 -0300] "POST /cormun/servlet/trsolicitudgral?2f14e9bb9f485142592cbd2cb88f8204,gx-no-cache=1485966213031 HTTP/1.1" 200 6493
192.168.10.62 - - [01/Feb/2017:12:28:37 -0300] "POST /cormun/servlet/trsolicitudgral?2f14e9bb9f485142592cbd2cb88f8204,gx-no-cache=1485966214205 HTTP/1.1" 200 6435
192.168.10.62 - - [01/Feb/2017:12:28:39 -0300] "POST /cormun/servlet/trsolicitudgral?2f14e9bb9f485142592cbd2cb88f8204,gx-no-cache=1485966216284 HTTP/1.1" 200 6113
192.168.10.62 - - [01/Feb/2017:12:28:40 -0300] "POST /cormun/servlet/trsolicitudgral?2f14e9bb9f485142592cbd2cb88f8204,gx-no-cache=1485966217144 HTTP/1.1" 200 6055
192.168.10.62 - - [01/Feb/2017:12:28:41 -0300] "POST /cormun/servlet/trsolicitudgral?2f14e9bb9f485142592cbd2cb88f8204,gx-no-cache=1485966218578 HTTP/1.1" 200 5054
192.168.10.62 - - [01/Feb/2017:12:28:41 -0300] "POST /cormun/servlet/trsolicitudgral?2f14e9bb9f485142592cbd2cb88f8204,gx-no-cache=1485966219101 HTTP/1.1" 200 4827
192.168.10.62 - - [01/Feb/2017:12:28:47 -0300] "POST /cormun/servlet/trsolicitudgral?2f14e9bb9f485142592cbd2cb88f8204,gx-no-cache=1485966224452 HTTP/1.1" 200 20863
192.168.10.62 - - [01/Feb/2017:12:39:06 -0300] "POST /cormun/servlet/trsolicitudgral?2f14e9bb9f485142592cbd2cb88f8204,gx-no-cache=1485966843912 HTTP/1.1" 200 4846
192.168.10.54 - - [01/Feb/2017:12:46:33 -0300] "GET /cormun/servlet/hlogin HTTP/1.1" 200 1714
192.168.10.54 - - [01/Feb/2017:12:46:33 -0300] "GET /cormun/static/gxtimezone.js?85251 HTTP/1.1" 304 -
192.168.10.54 - - [01/Feb/2017:12:46:33 -0300] "GET /cormun/static/gxcfg.js?201612216162538 HTTP/1.1" 304 -
192.168.10.54 - - [01/Feb/2017:12:46:33 -0300] "GET /cormun/static/messages.spa.js?85251 HTTP/1.1" 304 -
192.168.10.54 - - [01/Feb/2017:12:46:33 -0300] "GET /favicon.ico HTTP/1.1" 200 21630
192.168.10.54 - - [01/Feb/2017:12:46:43 -0300] "POST /cormun/servlet/hlogin?1ffcac9ade904688206758d0bf770f91,gx-no-cache=1485967301058 HTTP/1.1" 200 90
192.168.10.54 - - [01/Feb/2017:12:46:43 -0300] "GET /cormun/servlet/hpexe_link HTTP/1.1" 200 949
192.168.10.54 - - [01/Feb/2017:12:46:44 -0300] "GET /cormun/static/gxcfg.js?201612218515529 HTTP/1.1" 304 -
192.168.10.54 - - [01/Feb/2017:12:46:44 -0300] "GET /cormun/servlet/hhome HTTP/1.1" 200 3849
192.168.10.54 - - [01/Feb/2017:12:46:44 -0300] "GET /cormun/static/gxcfg.js?201612218515568 HTTP/1.1" 304 -
192.168.10.54 - - [01/Feb/2017:12:46:44 -0300] "GET /cormun/servlet/hhome HTTP/1.1" 200 3846
192.168.10.54 - - [01/Feb/2017:12:46:51 -0300] "GET /cormun/servlet/trautorizarot? HTTP/1.1" 200 23972
192.168.10.54 - - [01/Feb/2017:12:46:51 -0300] "GET /cormun/static/gxcfg.js?201711910145562 HTTP/1.1" 304 -
192.168.10.54 - - [01/Feb/2017:12:46:51 -0300] "GET /cormun/static/calendar.js?85251 HTTP/1.1" 304 -
192.168.10.54 - - [01/Feb/2017:12:46:51 -0300] "GET /cormun/static/calendar-setup.js?85251 HTTP/1.1" 304 -
192.168.10.54 - - [01/Feb/2017:12:46:51 -0300] "GET /cormun/static/calendar-es.js?85251 HTTP/1.1" 304 -
192.168.10.54 - - [01/Feb/2017:12:46:51 -0300] "GET /cormun/static/gxdec.js?85251 HTTP/1.1" 304 -
192.168.10.54 - - [01/Feb/2017:12:46:54 -0300] "GET /cormun/servlet/trautorizarot? HTTP/1.1" 200 23970
192.168.10.54 - - [01/Feb/2017:12:47:04 -0300] "GET /cormun/servlet/trconsultaeventos? HTTP/1.1" 200 13805
192.168.10.54 - - [01/Feb/2017:12:47:04 -0300] "GET /cormun/static/gxcfg.js?201713022415723 HTTP/1.1" 200 953
192.168.10.54 - - [01/Feb/2017:12:47:04 -0300] "GET /cormun/static/trconsultaeventos.js?20171302242085 HTTP/1.1" 200 27367
192.168.10.54 - - [01/Feb/2017:12:47:05 -0300] "GET /cormun/servlet/trconsultaeventos? HTTP/1.1" 200 13804
192.168.10.54 - - [01/Feb/2017:12:47:35 -0300] "POST /cormun/servlet/trconsultaeventos?1ffcac9ade904688206758d0bf770f91,,gx-no-cache=1485967352353 HTTP/1.1" 200 4649
192.168.10.54 - - [01/Feb/2017:12:47:50 -0300] "POST /cormun/servlet/trconsultaeventos?1ffcac9ade904688206758d0bf770f91,,gx-no-cache=1485967365817 HTTP/1.1" 200 11875
192.168.10.54 - - [01/Feb/2017:12:48:09 -0300] "GET /cormun/servlet/trautorizarot? HTTP/1.1" 200 23972
192.168.10.54 - - [01/Feb/2017:12:48:12 -0300] "GET /cormun/servlet/trautorizarot? HTTP/1.1" 200 23970
192.168.10.54 - - [01/Feb/2017:12:49:58 -0300] "POST /cormun/servlet/trautorizarot?1ffcac9ade904688206758d0bf770f91,,gx-no-cache=1485967495115 HTTP/1.1" 200 4916
192.168.10.62 - - [01/Feb/2017:12:51:42 -0300] "GET /cormun/servlet/trconsultaeventos? HTTP/1.1" 200 13664
192.168.10.62 - - [01/Feb/2017:12:51:42 -0300] "GET /cormun/static/gxcfg.js?201713022415723 HTTP/1.1" 304 -
192.168.10.62 - - [01/Feb/2017:12:51:42 -0300] "GET /cormun/static/trconsultaeventos.js?20171302242085 HTTP/1.1" 304 -
192.168.10.62 - - [01/Feb/2017:12:51:43 -0300] "GET /cormun/servlet/trconsultaeventos? HTTP/1.1" 200 13663
192.168.10.54 - - [01/Feb/2017:12:51:57 -0300] "GET /cormun/servlet/hlogin HTTP/1.1" 200 1714
192.168.10.62 - - [01/Feb/2017:12:51:58 -0300] "POST /cormun/servlet/trconsultaeventos?2f14e9bb9f485142592cbd2cb88f8204,,gx-no-cache=1485967613799 HTTP/1.1" 200 11869
192.168.10.62 - - [01/Feb/2017:12:52:08 -0300] "POST /cormun/servlet/trconsultaeventos?2f14e9bb9f485142592cbd2cb88f8204,,gx-no-cache=1485967623234 HTTP/1.1" 200 107
192.168.10.62 - - [01/Feb/2017:12:52:08 -0300] "GET /cormun/ConsultaEventos-2094.xls HTTP/1.1" 200 247808
192.168.10.54 - - [01/Feb/2017:12:52:09 -0300] "POST /cormun/servlet/hlogin?1ffcac9ade904688206758d0bf770f91,gx-no-cache=1485967626274 HTTP/1.1" 200 90
192.168.10.54 - - [01/Feb/2017:12:52:09 -0300] "GET /cormun/servlet/hpexe_link HTTP/1.1" 200 956
192.168.10.54 - - [01/Feb/2017:12:52:09 -0300] "GET /cormun/servlet/trautorizarot? HTTP/1.1" 200 7891
192.168.10.54 - - [01/Feb/2017:12:52:09 -0300] "GET /cormun/servlet/trautorizarot? HTTP/1.1" 200 7890
192.168.10.54 - - [01/Feb/2017:12:52:27 -0300] "POST /cormun/servlet/trautorizarot?1ffcac9ade904688206758d0bf770f91,,gx-no-cache=1485967643934 HTTP/1.1" 200 17310
192.168.10.54 - - [01/Feb/2017:12:52:38 -0300] "POST /cormun/servlet/trautorizarot?1ffcac9ade904688206758d0bf770f91,,gx-no-cache=1485967655541 HTTP/1.1" 200 115
192.168.10.54 - - [01/Feb/2017:12:52:38 -0300] "GET /cormun/servlet/solicitudotlog?INS,2017,4699,0,REC, HTTP/1.1" 200 5645
192.168.10.54 - - [01/Feb/2017:12:52:38 -0300] "GET /cormun/static/gxcfg.js?201612218471193 HTTP/1.1" 200 953
192.168.10.54 - - [01/Feb/2017:12:52:38 -0300] "GET /cormun/static/solicitudotlog.js?20161221847122 HTTP/1.1" 304 -
192.168.10.54 - - [01/Feb/2017:12:52:39 -0300] "GET /cormun/servlet/solicitudotlog?INS,2017,4699,0,REC, HTTP/1.1" 200 5645
192.168.10.54 - - [01/Feb/2017:12:52:39 -0300] "GET /cormun/servlet/solicitudotlog?d4c1efbf90793bf4973dc449e38890b781e4678613ce6f30921ecaaf70a3c1a9a22dfc19a3043d7926af9f98715860a8788c865fb5050355554e06cdeeca3bc99e20de5c45573fd486e470d633cd40a3f7f293ee2cf8e7accbc763d50c1a30ccdfe4f071ddba815a61a6dce346f4f8c66124d44cba1ee328045da7e0fb4037d58ed016d420f251760318d8f9e7a2a3281412fc3c6e582259c84369867424f230,gx-no-cache=1485967656793 HTTP/1.1" 200 94
192.168.10.54 - - [01/Feb/2017:12:53:12 -0300] "POST /cormun/servlet/solicitudotlog?1ffcac9ade904688206758d0bf770f91,INS,2017,4699,0,REC,,gx-no-cache=1485967689513 HTTP/1.1" 200 93
192.168.10.54 - - [01/Feb/2017:12:53:12 -0300] "GET /cormun/servlet/hpexe_return? HTTP/1.1" 200 1023
192.168.10.54 - - [01/Feb/2017:12:53:12 -0300] "GET /cormun/static/gxcfg.js?2016101716175148 HTTP/1.1" 200 953
192.168.10.54 - - [01/Feb/2017:12:53:12 -0300] "GET /cormun/static/hpexe_return.js?2016101716175153 HTTP/1.1" 304 -
192.168.10.54 - - [01/Feb/2017:12:53:12 -0300] "GET /cormun/servlet/trautorizarot? HTTP/1.1" 200 19774
192.168.10.54 - - [01/Feb/2017:12:53:13 -0300] "GET /cormun/servlet/trautorizarot? HTTP/1.1" 200 19768
192.168.10.62 - - [01/Feb/2017:12:53:17 -0300] "POST /cormun/servlet/trconsultaeventos?2f14e9bb9f485142592cbd2cb88f8204,,gx-no-cache=1485967694470 HTTP/1.1" 200 5176
192.168.10.62 - - [01/Feb/2017:12:53:22 -0300] "GET /cormun/servlet/trsolicitudgral? HTTP/1.1" 200 7612
192.168.10.62 - - [01/Feb/2017:12:53:23 -0300] "GET /cormun/servlet/trsolicitudgral? HTTP/1.1" 200 7611
192.168.10.62 - - [01/Feb/2017:12:53:29 -0300] "POST /cormun/servlet/trsolicitudgral?2f14e9bb9f485142592cbd2cb88f8204,,gx-no-cache=1485967706456 HTTP/1.1" 200 4853
192.168.10.54 - - [01/Feb/2017:12:53:31 -0300] "POST /cormun/servlet/trautorizarot?1ffcac9ade904688206758d0bf770f91,,gx-no-cache=1485967708872 HTTP/1.1" 200 115
192.168.10.54 - - [01/Feb/2017:12:53:31 -0300] "GET /cormun/servlet/solicitudotlog?INS,2017,3539,0,REC, HTTP/1.1" 200 5645
192.168.10.54 - - [01/Feb/2017:12:53:32 -0300] "GET /cormun/servlet/solicitudotlog?INS,2017,3539,0,REC, HTTP/1.1" 200 5645
192.168.10.62 - - [01/Feb/2017:12:53:32 -0300] "GET /cormun/servlet/trconsultaeventos? HTTP/1.1" 200 7837
192.168.10.54 - - [01/Feb/2017:12:53:32 -0300] "GET /cormun/servlet/solicitudotlog?d4c1efbf90793bf4973dc449e38890b7bf10b63b8ac54755211fe5e5490fc09ea22dfc19a3043d7926af9f98715860a8788c865fb5050355554e06cdeeca3bc99e20de5c45573fd486e470d633cd40a3f7f293ee2cf8e7accbc763d50c1a30ccdfe4f071ddba815a61a6dce346f4f8c66124d44cba1ee328045da7e0fb4037d58ed016d420f251760318d8f9e7a2a3281412fc3c6e582259c84369867424f230,gx-no-cache=1485967709912 HTTP/1.1" 200 94
192.168.10.62 - - [01/Feb/2017:12:53:32 -0300] "GET /cormun/servlet/trconsultaeventos? HTTP/1.1" 200 7837
192.168.10.54 - - [01/Feb/2017:12:53:44 -0300] "POST /cormun/servlet/solicitudotlog?1ffcac9ade904688206758d0bf770f91,INS,2017,3539,0,REC,,gx-no-cache=1485967721672 HTTP/1.1" 200 93
192.168.10.54 - - [01/Feb/2017:12:53:44 -0300] "GET /cormun/servlet/hpexe_return? HTTP/1.1" 200 1021
192.168.10.54 - - [01/Feb/2017:12:53:44 -0300] "GET /cormun/servlet/trautorizarot HTTP/1.1" 200 19481
192.168.10.54 - - [01/Feb/2017:12:53:45 -0300] "GET /cormun/servlet/trautorizarot HTTP/1.1" 200 19474
192.168.10.62 - - [01/Feb/2017:12:53:57 -0300] "POST /cormun/servlet/trconsultaeventos?2f14e9bb9f485142592cbd2cb88f8204,,gx-no-cache=1485967733290 HTTP/1.1" 200 11870
192.168.10.54 - - [01/Feb/2017:12:54:00 -0300] "POST /cormun/servlet/trautorizarot?1ffcac9ade904688206758d0bf770f91,gx-no-cache=1485967737488 HTTP/1.1" 200 16456
192.168.10.54 - - [01/Feb/2017:12:54:00 -0300] "GET /cormun/static/Shared/jqueryui/images/ui-bg_highlight-soft_100_c6c2c8_1x100.png HTTP/1.1" 404 1117
192.168.10.54 - - [01/Feb/2017:12:54:00 -0300] "GET /cormun/static/Shared/jqueryui/images/ui-icons_82798d_256x240.png HTTP/1.1" 404 1089
192.168.10.54 - - [01/Feb/2017:12:54:01 -0300] "GET /cormun/static/Shared/jqueryui/images/ui-bg_flat_55_fafafa_40x100.png HTTP/1.1" 404 1097
192.168.10.54 - - [01/Feb/2017:12:54:01 -0300] "GET /cormun/static/Shared/jqueryui/images/ui-icons_8d78a5_256x240.png HTTP/1.1" 404 1089
192.168.10.54 - - [01/Feb/2017:12:54:01 -0300] "POST /cormun/servlet/trautorizarot?1ffcac9ade904688206758d0bf770f91,gx-no-cache=1485967738370 HTTP/1.1" 200 16383
192.168.10.54 - - [01/Feb/2017:12:54:04 -0300] "POST /cormun/servlet/trautorizarot?1ffcac9ade904688206758d0bf770f91,gx-no-cache=1485967741477 HTTP/1.1" 200 16196
192.168.10.54 - - [01/Feb/2017:12:54:05 -0300] "POST /cormun/servlet/trautorizarot?1ffcac9ade904688206758d0bf770f91,gx-no-cache=1485967742455 HTTP/1.1" 200 16129
192.168.10.54 - - [01/Feb/2017:12:54:07 -0300] "POST /cormun/servlet/trautorizarot?1ffcac9ade904688206758d0bf770f91,gx-no-cache=1485967744730 HTTP/1.1" 200 15888
192.168.10.54 - - [01/Feb/2017:12:54:08 -0300] "POST /cormun/servlet/trautorizarot?1ffcac9ade904688206758d0bf770f91,gx-no-cache=1485967745843 HTTP/1.1" 200 15822
192.168.10.54 - - [01/Feb/2017:12:54:11 -0300] "POST /cormun/servlet/trautorizarot?1ffcac9ade904688206758d0bf770f91,gx-no-cache=1485967747923 HTTP/1.1" 200 15572
192.168.10.54 - - [01/Feb/2017:12:54:12 -0300] "POST /cormun/servlet/trautorizarot?1ffcac9ade904688206758d0bf770f91,gx-no-cache=1485967749228 HTTP/1.1" 200 15505
192.168.10.54 - - [01/Feb/2017:12:54:14 -0300] "POST /cormun/servlet/trautorizarot?1ffcac9ade904688206758d0bf770f91,gx-no-cache=1485967750982 HTTP/1.1" 200 15341
192.168.10.54 - - [01/Feb/2017:12:54:15 -0300] "POST /cormun/servlet/trautorizarot?1ffcac9ade904688206758d0bf770f91,gx-no-cache=1485967752378 HTTP/1.1" 200 15274
192.168.10.54 - - [01/Feb/2017:12:54:17 -0300] "POST /cormun/servlet/trautorizarot?1ffcac9ade904688206758d0bf770f91,gx-no-cache=1485967754686 HTTP/1.1" 200 14994
192.168.10.54 - - [01/Feb/2017:12:54:19 -0300] "POST /cormun/servlet/trautorizarot?1ffcac9ade904688206758d0bf770f91,gx-no-cache=1485967756175 HTTP/1.1" 200 14926
192.168.10.54 - - [01/Feb/2017:12:54:21 -0300] "POST /cormun/servlet/trautorizarot?1ffcac9ade904688206758d0bf770f91,gx-no-cache=1485967758458 HTTP/1.1" 200 14673
192.168.10.54 - - [01/Feb/2017:12:54:23 -0300] "POST /cormun/servlet/trautorizarot?1ffcac9ade904688206758d0bf770f91,gx-no-cache=1485967760043 HTTP/1.1" 200 14607
192.168.10.54 - - [01/Feb/2017:12:54:25 -0300] "POST /cormun/servlet/trautorizarot?1ffcac9ade904688206758d0bf770f91,gx-no-cache=1485967762752 HTTP/1.1" 200 14369
192.168.10.54 - - [01/Feb/2017:12:54:27 -0300] "POST /cormun/servlet/trautorizarot?1ffcac9ade904688206758d0bf770f91,gx-no-cache=1485967764459 HTTP/1.1" 200 14306
192.168.10.54 - - [01/Feb/2017:12:54:29 -0300] "POST /cormun/servlet/trautorizarot?1ffcac9ade904688206758d0bf770f91,gx-no-cache=1485967766682 HTTP/1.1" 200 14011
192.168.10.54 - - [01/Feb/2017:12:54:31 -0300] "POST /cormun/servlet/trautorizarot?1ffcac9ade904688206758d0bf770f91,gx-no-cache=1485967768457 HTTP/1.1" 200 13944
46.42.169.0 - - [01/Feb/2017:12:54:32 -0300] "GET /cormun/servlet/trautorizarsolicitud? HTTP/1.1" 200 5968
46.42.169.0 - - [01/Feb/2017:12:54:33 -0300] "GET /cormun/static/gxui/gxui-all.css?120300 HTTP/1.1" 200 2179
192.168.10.54 - - [01/Feb/2017:12:54:34 -0300] "POST /cormun/servlet/trautorizarot?1ffcac9ade904688206758d0bf770f91,gx-no-cache=1485967770958 HTTP/1.1" 200 13722
46.42.169.0 - - [01/Feb/2017:12:54:34 -0300] "GET /cormun/static/calendar-system.css?85620 HTTP/1.1" 200 5572
192.168.10.54 - - [01/Feb/2017:12:54:35 -0300] "POST /cormun/servlet/trautorizarot?1ffcac9ade904688206758d0bf770f91,gx-no-cache=1485967772806 HTTP/1.1" 200 13654
46.42.169.0 - - [01/Feb/2017:12:54:35 -0300] "GET /cormun/static/Shared/ext/resources/css/ext-all.css?215870 HTTP/1.1" 200 416045
192.168.10.54 - - [01/Feb/2017:12:54:38 -0300] "POST /cormun/servlet/trautorizarot?1ffcac9ade904688206758d0bf770f91,gx-no-cache=1485967774976 HTTP/1.1" 200 13425
46.42.169.0 - - [01/Feb/2017:12:54:38 -0300] "GET /cormun/static/Shared/jqueryui/jquery-ui.min.css?1345370 HTTP/1.1" 200 30288
46.42.169.0 - - [01/Feb/2017:12:54:38 -0300] "GET /cormun/static/Resources/Spanish/PXTools.css?18365030 HTTP/1.1" 200 89042
46.42.169.0 - - [01/Feb/2017:12:54:38 -0300] "GET /cormun/static/SmoothNavMenu/resources/ddsmoothmenu.css?1112540 HTTP/1.1" 200 2223
46.42.169.0 - - [01/Feb/2017:12:54:39 -0300] "GET /cormun/static/SmoothNavMenu/resources/ddsmoothmenu-v.css?1112540 HTTP/1.1" 200 1188
46.42.169.0 - - [01/Feb/2017:12:54:39 -0300] "GET /cormun/static/scaMessage/css/jquery.pnotify.default.css?1816380 HTTP/1.1" 200 1707
46.42.169.0 - - [01/Feb/2017:12:54:39 -0300] "GET /cormun/static/gxtimezone.js?85251 HTTP/1.1" 200 5781
192.168.10.54 - - [01/Feb/2017:12:54:39 -0300] "POST /cormun/servlet/trautorizarot?1ffcac9ade904688206758d0bf770f91,gx-no-cache=1485967776917 HTTP/1.1" 200 13357
46.42.169.0 - - [01/Feb/2017:12:54:41 -0300] "GET /cormun/static/gxcfg.js?20171199522098 HTTP/1.1" 200 953
192.168.10.54 - - [01/Feb/2017:12:54:42 -0300] "POST /cormun/servlet/trautorizarot?1ffcac9ade904688206758d0bf770f91,gx-no-cache=1485967778917 HTTP/1.1" 200 13078
46.42.169.0 - - [01/Feb/2017:12:54:42 -0300] "GET /cormun/static/calendar-setup.js?85251 HTTP/1.1" 200 2588
46.42.169.0 - - [01/Feb/2017:12:54:42 -0300] "GET /cormun/static/gxgral.js?85251 HTTP/1.1" 200 384558
46.42.169.0 - - [01/Feb/2017:12:54:43 -0300] "GET /cormun/static/calendar-es.js?85251 HTTP/1.1" 200 1901
192.168.10.54 - - [01/Feb/2017:12:54:43 -0300] "POST /cormun/servlet/trautorizarot?1ffcac9ade904688206758d0bf770f91,gx-no-cache=1485967780888 HTTP/1.1" 200 13014
46.42.169.0 - - [01/Feb/2017:12:54:44 -0300] "GET /cormun/static/gxui/gxui-all.js HTTP/1.1" 200 107772
46.42.169.0 - - [01/Feb/2017:12:54:45 -0300] "GET /cormun/static/PXToolsJavascripts/pexe_autoreload.js HTTP/1.1" 200 1762
46.42.169.0 - - [01/Feb/2017:12:54:46 -0300] "GET /cormun/static/PXToolsJavascripts/pexe_cookies.js HTTP/1.1" 200 792
192.168.10.54 - - [01/Feb/2017:12:54:46 -0300] "POST /cormun/servlet/trautorizarot?1ffcac9ade904688206758d0bf770f91,gx-no-cache=1485967783246 HTTP/1.1" 200 12798
46.42.169.0 - - [01/Feb/2017:12:54:47 -0300] "GET /cormun/static/PXToolsJavascripts/pexe_windows.js HTTP/1.1" 200 15207
46.42.169.0 - - [01/Feb/2017:12:54:47 -0300] "GET /cormun/static/PXToolsJavascripts/pexe_grid.js HTTP/1.1" 200 7559
192.168.10.54 - - [01/Feb/2017:12:54:48 -0300] "POST /cormun/servlet/trautorizarot?1ffcac9ade904688206758d0bf770f91,gx-no-cache=1485967785239 HTTP/1.1" 200 12732
46.42.169.0 - - [01/Feb/2017:12:54:48 -0300] "GET /cormun/static/PXToolsJavascripts/pexe_griddivfix.js HTTP/1.1" 200 6644
46.42.169.0 - - [01/Feb/2017:12:54:49 -0300] "GET /cormun/static/PXToolsJavascripts/pexe_link.js HTTP/1.1" 200 5671
46.42.169.0 - - [01/Feb/2017:12:54:49 -0300] "GET /cormun/static/PXToolsJavascripts/pexe_menudivfix.js HTTP/1.1" 200 333
46.42.169.0 - - [01/Feb/2017:12:54:50 -0300] "GET /cormun/static/Shared/ext/ext-all.js HTTP/1.1" 200 1289687
46.42.169.0 - - [01/Feb/2017:12:54:50 -0300] "GET /cormun/static/PXToolsJavascripts/pexe_menus.js HTTP/1.1" 200 1286
46.42.169.0 - - [01/Feb/2017:12:54:50 -0300] "GET /cormun/static/PXToolsJavascripts/pexe_layers.js HTTP/1.1" 200 4114
46.42.169.0 - - [01/Feb/2017:12:54:51 -0300] "GET /cormun/static/PXToolsJavascripts/pexe_oav.js HTTP/1.1" 200 645
46.42.169.0 - - [01/Feb/2017:12:54:51 -0300] "GET /cormun/static/PXToolsJavascripts/pexe_oavdivfix.js HTTP/1.1" 200 639
46.42.169.0 - - [01/Feb/2017:12:54:52 -0300] "GET /cormun/static/PXToolsJavascripts/pexe_picture.js HTTP/1.1" 200 689
46.42.169.0 - - [01/Feb/2017:12:54:52 -0300] "GET /cormun/static/PXToolsJavascripts/pexe_popup.js HTTP/1.1" 200 13458
46.42.169.0 - - [01/Feb/2017:12:54:52 -0300] "GET /cormun/static/PXToolsJavascripts/pexe_scrolldiv.js HTTP/1.1" 200 4138
46.42.169.0 - - [01/Feb/2017:12:54:53 -0300] "GET /cormun/static/PXToolsJavascripts/pexe_tabdivfix.js HTTP/1.1" 200 876
46.42.169.0 - - [01/Feb/2017:12:54:53 -0300] "GET /cormun/static/PXToolsJavascripts/pexe_tabs.js HTTP/1.1" 200 3748
46.42.169.0 - - [01/Feb/2017:12:54:54 -0300] "GET /cormun/static/PXToolsJavascripts/pexe_upload.js HTTP/1.1" 200 1423
46.42.169.0 - - [01/Feb/2017:12:54:54 -0300] "GET /cormun/static/PXToolsJavascripts/PXToolsJavascriptsRender.js HTTP/1.1" 200 367
46.42.169.0 - - [01/Feb/2017:12:54:54 -0300] "GET /cormun/static/RunJS/RunJS.js HTTP/1.1" 200 288
46.42.169.0 - - [01/Feb/2017:12:54:54 -0300] "GET /cormun/static/calendar.js?85251 HTTP/1.1" 200 26246
46.42.169.0 - - [01/Feb/2017:12:54:56 -0300] "GET /cormun/static/Shared/ext/locale/ext-lang-en.js HTTP/1.1" 200 10940
46.42.169.0 - - [01/Feb/2017:12:54:56 -0300] "GET /cormun/static/messages.spa.js?85251 HTTP/1.1" 200 30736
46.42.169.0 - - [01/Feb/2017:12:54:57 -0300] "GET /cormun/static/gxdec.js?85251 HTTP/1.1" 200 19579
46.42.169.0 - - [01/Feb/2017:12:54:57 -0300] "GET /cormun/static/trautorizarsolicitud.js?20171199522921 HTTP/1.1" 200 53096
46.42.169.0 - - [01/Feb/2017:12:54:57 -0300] "GET /cormun/static/hwchdr01.js?201612218432057 HTTP/1.1" 200 1183
46.42.169.0 - - [01/Feb/2017:12:54:58 -0300] "GET /cormun/static/hpexe_recentlink.js?201610171694390 HTTP/1.1" 200 2144
46.42.169.0 - - [01/Feb/2017:12:54:58 -0300] "GET /cormun/static/hpexe_scripts.js?201612218432016 HTTP/1.1" 200 1544
46.42.169.0 - - [01/Feb/2017:12:54:58 -0300] "GET /cormun/static/hpexe_messagepopupcomponent.js?20161017169425 HTTP/1.1" 200 605
46.42.169.0 - - [01/Feb/2017:12:54:58 -0300] "GET /cormun/static/hpexe_messagecontroller.js?201610171694323 HTTP/1.1" 200 870
46.42.169.0 - - [01/Feb/2017:12:54:59 -0300] "GET /cormun/static/hpexe_messagegenexuscomponent.js?201612218431816 HTTP/1.1" 200 587
46.42.169.0 - - [01/Feb/2017:12:54:59 -0300] "GET /cormun/static/cmcontrolpreferences.js?201612218431999 HTTP/1.1" 200 1375
46.42.169.0 - - [01/Feb/2017:12:55:00 -0300] "GET /cormun/static/Shared/jquery/jquery-1.4.2.min.js HTTP/1.1" 200 72174
46.42.169.0 - - [01/Feb/2017:12:55:01 -0300] "GET /cormun/static/Shared/jquery/jquery-1.10.2.min.js HTTP/1.1" 200 273199
46.42.169.0 - - [01/Feb/2017:12:55:02 -0300] "GET /cormun/static/SmoothNavMenu/resources/ddsmoothmenu.js HTTP/1.1" 200 12712
46.42.169.0 - - [01/Feb/2017:12:55:02 -0300] "GET /cormun/static/Shared/jqueryui/jquery-ui.min.js HTTP/1.1" 200 240427
46.42.169.0 - - [01/Feb/2017:12:55:03 -0300] "GET /cormun/static/SmoothNavMenu/resources/SmoothNavMenuRender.js HTTP/1.1" 200 5951
46.42.169.0 - - [01/Feb/2017:12:55:03 -0300] "GET /cormun/static/scaMessage/js/jquery.pnotify.min.js HTTP/1.1" 200 13038
46.42.169.0 - - [01/Feb/2017:12:55:04 -0300] "GET /cormun/static/scaMessage/scaMessageRender.js HTTP/1.1" 200 11977
46.42.169.0 - - [01/Feb/2017:12:55:04 -0300] "GET /cormun/static/hmpwkw03.js?20161221852152 HTTP/1.1" 200 3965
46.42.169.0 - - [01/Feb/2017:12:55:05 -0300] "GET /cormun/servlet/trautorizarsolicitud? HTTP/1.1" 200 5968
46.42.169.0 - - [01/Feb/2017:12:55:05 -0300] "GET /cormun/servlet/hlogin HTTP/1.1" 200 1733
46.42.169.0 - - [01/Feb/2017:12:55:05 -0300] "GET /cormun/static/gxtimezone.js?85251 HTTP/1.1" 200 5781
46.42.169.0 - - [01/Feb/2017:12:55:06 -0300] "GET /cormun/static/Resources/Spanish/PXTools.css?167811 HTTP/1.1" 200 89042
46.42.169.0 - - [01/Feb/2017:12:55:07 -0300] "GET /cormun/static/gxcfg.js?201612216162538 HTTP/1.1" 200 953
46.42.169.0 - - [01/Feb/2017:12:55:08 -0300] "GET /cormun/static/messages.spa.js?85251 HTTP/1.1" 200 30736
46.42.169.0 - - [01/Feb/2017:12:55:08 -0300] "GET /cormun/static/gxgral.js?85251 HTTP/1.1" 200 384558
46.42.169.0 - - [01/Feb/2017:12:55:09 -0300] "GET /cormun/static/hlogin.js?201612216162555 HTTP/1.1" 200 2136
192.168.10.54 - - [01/Feb/2017:12:55:10 -0300] "POST /cormun/servlet/trautorizarot?1ffcac9ade904688206758d0bf770f91,gx-no-cache=1485967807381 HTTP/1.1" 200 12490
192.168.10.54 - - [01/Feb/2017:12:55:12 -0300] "POST /cormun/servlet/trautorizarot?1ffcac9ade904688206758d0bf770f91,gx-no-cache=1485967809482 HTTP/1.1" 200 12424
192.168.10.54 - - [01/Feb/2017:12:55:14 -0300] "POST /cormun/servlet/trautorizarot?1ffcac9ade904688206758d0bf770f91,gx-no-cache=1485967811679 HTTP/1.1" 200 12194
192.168.10.54 - - [01/Feb/2017:12:55:16 -0300] "POST /cormun/servlet/trautorizarot?1ffcac9ade904688206758d0bf770f91,gx-no-cache=1485967813715 HTTP/1.1" 200 12127
192.168.10.54 - - [01/Feb/2017:12:55:18 -0300] "POST /cormun/servlet/trautorizarot?1ffcac9ade904688206758d0bf770f91,gx-no-cache=1485967815831 HTTP/1.1" 200 11890
192.168.10.54 - - [01/Feb/2017:12:55:20 -0300] "POST /cormun/servlet/trautorizarot?1ffcac9ade904688206758d0bf770f91,gx-no-cache=1485967817919 HTTP/1.1" 200 11823
192.168.10.54 - - [01/Feb/2017:12:55:23 -0300] "POST /cormun/servlet/trautorizarot?1ffcac9ade904688206758d0bf770f91,gx-no-cache=1485967820145 HTTP/1.1" 200 11611
192.168.10.54 - - [01/Feb/2017:12:55:25 -0300] "POST /cormun/servlet/trautorizarot?1ffcac9ade904688206758d0bf770f91,gx-no-cache=1485967822213 HTTP/1.1" 200 11542
192.168.10.54 - - [01/Feb/2017:12:55:27 -0300] "POST /cormun/servlet/trautorizarot?1ffcac9ade904688206758d0bf770f91,gx-no-cache=1485967824404 HTTP/1.1" 200 11322
192.168.10.54 - - [01/Feb/2017:12:55:29 -0300] "POST /cormun/servlet/trautorizarot?1ffcac9ade904688206758d0bf770f91,gx-no-cache=1485967826464 HTTP/1.1" 200 11257
192.168.10.54 - - [01/Feb/2017:12:55:31 -0300] "POST /cormun/servlet/trautorizarot?1ffcac9ade904688206758d0bf770f91,gx-no-cache=1485967828628 HTTP/1.1" 200 11047
192.168.10.54 - - [01/Feb/2017:12:55:33 -0300] "POST /cormun/servlet/trautorizarot?1ffcac9ade904688206758d0bf770f91,gx-no-cache=1485967830680 HTTP/1.1" 200 10981
192.168.10.54 - - [01/Feb/2017:12:55:36 -0300] "POST /cormun/servlet/trautorizarot?1ffcac9ade904688206758d0bf770f91,gx-no-cache=1485967833421 HTTP/1.1" 200 10730
192.168.10.54 - - [01/Feb/2017:12:55:38 -0300] "POST /cormun/servlet/trautorizarot?1ffcac9ade904688206758d0bf770f91,gx-no-cache=1485967835476 HTTP/1.1" 200 10664
192.168.10.54 - - [01/Feb/2017:12:55:41 -0300] "POST /cormun/servlet/trautorizarot?1ffcac9ade904688206758d0bf770f91,gx-no-cache=1485967838041 HTTP/1.1" 200 10320
192.168.10.54 - - [01/Feb/2017:12:55:43 -0300] "POST /cormun/servlet/trautorizarot?1ffcac9ade904688206758d0bf770f91,gx-no-cache=1485967840017 HTTP/1.1" 200 10254
192.168.10.54 - - [01/Feb/2017:12:55:45 -0300] "POST /cormun/servlet/trautorizarot?1ffcac9ade904688206758d0bf770f91,gx-no-cache=1485967842220 HTTP/1.1" 200 10012
