192.168.10.54 - - [01/Feb/2017:12:55:47 -0300] "POST /cormun/servlet/trautorizarot?1ffcac9ade904688206758d0bf770f91,gx-no-cache=1485967844169 HTTP/1.1" 200 9944
192.168.10.54 - - [01/Feb/2017:12:55:49 -0300] "POST /cormun/servlet/trautorizarot?1ffcac9ade904688206758d0bf770f91,gx-no-cache=1485967846148 HTTP/1.1" 200 9781
192.168.10.54 - - [01/Feb/2017:12:55:51 -0300] "POST /cormun/servlet/trautorizarot?1ffcac9ade904688206758d0bf770f91,gx-no-cache=1485967848027 HTTP/1.1" 200 9718
192.168.10.54 - - [01/Feb/2017:12:55:53 -0300] "POST /cormun/servlet/trautorizarot?1ffcac9ade904688206758d0bf770f91,gx-no-cache=1485967850172 HTTP/1.1" 200 9468
192.168.10.54 - - [01/Feb/2017:12:55:54 -0300] "POST /cormun/servlet/trautorizarot?1ffcac9ade904688206758d0bf770f91,gx-no-cache=1485967851975 HTTP/1.1" 200 9386
192.168.10.54 - - [01/Feb/2017:12:55:57 -0300] "POST /cormun/servlet/trautorizarot?1ffcac9ade904688206758d0bf770f91,gx-no-cache=1485967854099 HTTP/1.1" 200 9116
192.168.10.54 - - [01/Feb/2017:12:55:58 -0300] "POST /cormun/servlet/trautorizarot?1ffcac9ade904688206758d0bf770f91,gx-no-cache=1485967855839 HTTP/1.1" 200 9050
192.168.10.54 - - [01/Feb/2017:12:56:01 -0300] "POST /cormun/servlet/trautorizarot?1ffcac9ade904688206758d0bf770f91,gx-no-cache=1485967858023 HTTP/1.1" 200 8806
192.168.10.54 - - [01/Feb/2017:12:56:02 -0300] "POST /cormun/servlet/trautorizarot?1ffcac9ade904688206758d0bf770f91,gx-no-cache=1485967859722 HTTP/1.1" 200 8741
192.168.10.54 - - [01/Feb/2017:12:56:04 -0300] "POST /cormun/servlet/trautorizarot?1ffcac9ade904688206758d0bf770f91,gx-no-cache=1485967861565 HTTP/1.1" 200 8482
192.168.10.62 - - [01/Feb/2017:12:56:04 -0300] "GET /cormun/servlet/trconsultaeventos? HTTP/1.1" 200 13725
192.168.10.54 - - [01/Feb/2017:12:56:06 -0300] "POST /cormun/servlet/trautorizarot?1ffcac9ade904688206758d0bf770f91,gx-no-cache=1485967863137 HTTP/1.1" 200 8414
192.168.10.62 - - [01/Feb/2017:12:56:07 -0300] "GET /cormun/servlet/trconsultaeventos? HTTP/1.1" 200 13725
192.168.10.62 - - [01/Feb/2017:12:56:12 -0300] "POST /cormun/servlet/trconsultaeventos?2f14e9bb9f485142592cbd2cb88f8204,,gx-no-cache=1485967869511 HTTP/1.1" 200 12721
192.168.10.54 - - [01/Feb/2017:12:56:13 -0300] "POST /cormun/servlet/trautorizarot?1ffcac9ade904688206758d0bf770f91,gx-no-cache=1485967870703 HTTP/1.1" 200 8122
192.168.10.54 - - [01/Feb/2017:12:56:15 -0300] "POST /cormun/servlet/trautorizarot?1ffcac9ade904688206758d0bf770f91,gx-no-cache=1485967872142 HTTP/1.1" 200 8058
192.168.10.54 - - [01/Feb/2017:12:56:16 -0300] "POST /cormun/servlet/trautorizarot?1ffcac9ade904688206758d0bf770f91,gx-no-cache=1485967873830 HTTP/1.1" 200 7821
192.168.10.54 - - [01/Feb/2017:12:56:18 -0300] "POST /cormun/servlet/trautorizarot?1ffcac9ade904688206758d0bf770f91,gx-no-cache=1485967875155 HTTP/1.1" 200 7757
192.168.10.54 - - [01/Feb/2017:12:56:19 -0300] "POST /cormun/servlet/trautorizarot?1ffcac9ade904688206758d0bf770f91,gx-no-cache=1485967876755 HTTP/1.1" 200 7513
192.168.10.54 - - [01/Feb/2017:12:56:20 -0300] "POST /cormun/servlet/trautorizarot?1ffcac9ade904688206758d0bf770f91,gx-no-cache=1485967877936 HTTP/1.1" 200 7449
192.168.10.54 - - [01/Feb/2017:12:56:22 -0300] "POST /cormun/servlet/trautorizarot?1ffcac9ade904688206758d0bf770f91,gx-no-cache=1485967879824 HTTP/1.1" 200 7209
192.168.10.54 - - [01/Feb/2017:12:56:23 -0300] "POST /cormun/servlet/trautorizarot?1ffcac9ade904688206758d0bf770f91,gx-no-cache=1485967880889 HTTP/1.1" 200 7146
192.168.10.54 - - [01/Feb/2017:12:56:25 -0300] "POST /cormun/servlet/trautorizarot?1ffcac9ade904688206758d0bf770f91,gx-no-cache=1485967882308 HTTP/1.1" 200 6896
192.168.10.54 - - [01/Feb/2017:12:56:26 -0300] "POST /cormun/servlet/trautorizarot?1ffcac9ade904688206758d0bf770f91,gx-no-cache=1485967883190 HTTP/1.1" 200 6831
192.168.10.54 - - [01/Feb/2017:12:56:27 -0300] "POST /cormun/servlet/trautorizarot?1ffcac9ade904688206758d0bf770f91,gx-no-cache=1485967884471 HTTP/1.1" 200 6567
192.168.10.62 - - [01/Feb/2017:12:56:27 -0300] "POST /cormun/servlet/trconsultaeventos?2f14e9bb9f485142592cbd2cb88f8204,,gx-no-cache=1485967884529 HTTP/1.1" 200 4643
192.168.10.54 - - [01/Feb/2017:12:56:28 -0300] "POST /cormun/servlet/trautorizarot?1ffcac9ade904688206758d0bf770f91,gx-no-cache=1485967885208 HTTP/1.1" 200 6503
192.168.10.54 - - [01/Feb/2017:12:56:29 -0300] "POST /cormun/servlet/trautorizarot?1ffcac9ade904688206758d0bf770f91,gx-no-cache=1485967886428 HTTP/1.1" 200 6176
192.168.10.54 - - [01/Feb/2017:12:56:29 -0300] "POST /cormun/servlet/trautorizarot?1ffcac9ade904688206758d0bf770f91,gx-no-cache=1485967886993 HTTP/1.1" 200 6114
192.168.10.54 - - [01/Feb/2017:12:56:30 -0300] "POST /cormun/servlet/trautorizarot?1ffcac9ade904688206758d0bf770f91,gx-no-cache=1485967888066 HTTP/1.1" 200 5126
192.168.10.54 - - [01/Feb/2017:12:56:31 -0300] "POST /cormun/servlet/trautorizarot?1ffcac9ade904688206758d0bf770f91,gx-no-cache=1485967888415 HTTP/1.1" 200 4899
192.168.10.62 - - [01/Feb/2017:12:56:53 -0300] "GET /cormun/servlet/trsolicitudgral? HTTP/1.1" 200 7620
192.168.10.62 - - [01/Feb/2017:12:56:53 -0300] "GET /cormun/servlet/trsolicitudgral? HTTP/1.1" 200 7619
192.168.10.62 - - [01/Feb/2017:12:57:02 -0300] "POST /cormun/servlet/trsolicitudgral?2f14e9bb9f485142592cbd2cb88f8204,,gx-no-cache=1485967919263 HTTP/1.1" 200 105
192.168.10.62 - - [01/Feb/2017:12:57:02 -0300] "POST /cormun/servlet/trsolicitudgral?2f14e9bb9f485142592cbd2cb88f8204,,gx-no-cache=1485967919364 HTTP/1.1" 200 4835
192.168.10.62 - - [01/Feb/2017:12:57:02 -0300] "GET /cormun/SolicitudGral-7975.xls HTTP/1.1" 200 4608
192.168.10.54 - - [01/Feb/2017:12:57:05 -0300] "POST /cormun/servlet/trautorizarot?1ffcac9ade904688206758d0bf770f91,gx-no-cache=1485967922070 HTTP/1.1" 200 16488
192.168.10.62 - - [01/Feb/2017:12:57:05 -0300] "POST /cormun/servlet/trsolicitudgral?2f14e9bb9f485142592cbd2cb88f8204,,gx-no-cache=1485967922997 HTTP/1.1" 200 4853
192.168.10.62 - - [01/Feb/2017:12:57:11 -0300] "POST /cormun/servlet/trsolicitudgral?2f14e9bb9f485142592cbd2cb88f8204,,gx-no-cache=1485967928352 HTTP/1.1" 200 4849
192.168.10.54 - - [01/Feb/2017:12:57:19 -0300] "POST /cormun/servlet/trautorizarot?1ffcac9ade904688206758d0bf770f91,gx-no-cache=1485967936687 HTTP/1.1" 200 16244
192.168.10.62 - - [01/Feb/2017:12:57:20 -0300] "POST /cormun/servlet/trsolicitudgral?2f14e9bb9f485142592cbd2cb88f8204,,gx-no-cache=1485967937183 HTTP/1.1" 200 4848
192.168.10.62 - - [01/Feb/2017:12:57:23 -0300] "GET /cormun/servlet/hlogin HTTP/1.1" 200 1734
192.168.10.54 - - [01/Feb/2017:12:57:27 -0300] "POST /cormun/servlet/trautorizarot?1ffcac9ade904688206758d0bf770f91,gx-no-cache=1485967944008 HTTP/1.1" 200 16178
192.168.10.54 - - [01/Feb/2017:12:57:33 -0300] "POST /cormun/servlet/trautorizarot?1ffcac9ade904688206758d0bf770f91,gx-no-cache=1485967950363 HTTP/1.1" 200 15967
192.168.10.62 - - [01/Feb/2017:12:57:35 -0300] "POST /cormun/servlet/hlogin?2f14e9bb9f485142592cbd2cb88f8204,gx-no-cache=1485967952636 HTTP/1.1" 200 90
192.168.10.62 - - [01/Feb/2017:12:57:35 -0300] "GET /cormun/servlet/hpexe_link HTTP/1.1" 200 958
192.168.10.62 - - [01/Feb/2017:12:57:35 -0300] "GET /cormun/servlet/trsolicitudgral? HTTP/1.1" 200 7614
192.168.10.62 - - [01/Feb/2017:12:57:36 -0300] "GET /cormun/servlet/trsolicitudgral? HTTP/1.1" 200 7613
192.168.10.54 - - [01/Feb/2017:12:57:40 -0300] "POST /cormun/servlet/trautorizarot?1ffcac9ade904688206758d0bf770f91,gx-no-cache=1485967957655 HTTP/1.1" 200 15899
192.168.10.54 - - [01/Feb/2017:12:57:45 -0300] "POST /cormun/servlet/trautorizarot?1ffcac9ade904688206758d0bf770f91,gx-no-cache=1485967962534 HTTP/1.1" 200 15690
192.168.10.62 - - [01/Feb/2017:12:57:52 -0300] "POST /cormun/servlet/trsolicitudgral?2f14e9bb9f485142592cbd2cb88f8204,,gx-no-cache=1485967969178 HTTP/1.1" 200 4847
192.168.10.54 - - [01/Feb/2017:12:57:52 -0300] "POST /cormun/servlet/trautorizarot?1ffcac9ade904688206758d0bf770f91,gx-no-cache=1485967969830 HTTP/1.1" 200 15624
192.168.10.54 - - [01/Feb/2017:12:57:57 -0300] "POST /cormun/servlet/trautorizarot?1ffcac9ade904688206758d0bf770f91,gx-no-cache=1485967974722 HTTP/1.1" 200 15445
192.168.10.62 - - [01/Feb/2017:12:58:02 -0300] "GET /cormun/static/menuarrow.gif HTTP/1.1" 404 1015
192.168.10.54 - - [01/Feb/2017:12:58:05 -0300] "POST /cormun/servlet/trautorizarot?1ffcac9ade904688206758d0bf770f91,gx-no-cache=1485967981941 HTTP/1.1" 200 15378
192.168.10.62 - - [01/Feb/2017:12:58:09 -0300] "POST /cormun/servlet/trsolicitudgral?2f14e9bb9f485142592cbd2cb88f8204,,gx-no-cache=1485967986167 HTTP/1.1" 200 4850
192.168.10.54 - - [01/Feb/2017:12:58:10 -0300] "POST /cormun/servlet/trautorizarot?1ffcac9ade904688206758d0bf770f91,gx-no-cache=1485967987400 HTTP/1.1" 200 15147
192.168.10.54 - - [01/Feb/2017:12:58:17 -0300] "POST /cormun/servlet/trautorizarot?1ffcac9ade904688206758d0bf770f91,gx-no-cache=1485967994516 HTTP/1.1" 200 15081
192.168.10.54 - - [01/Feb/2017:12:58:22 -0300] "POST /cormun/servlet/trautorizarot?1ffcac9ade904688206758d0bf770f91,gx-no-cache=1485967999173 HTTP/1.1" 200 14841
192.168.10.54 - - [01/Feb/2017:12:58:29 -0300] "POST /cormun/servlet/trautorizarot?1ffcac9ade904688206758d0bf770f91,gx-no-cache=1485968006232 HTTP/1.1" 200 14775
192.168.10.62 - - [01/Feb/2017:12:59:02 -0300] "POST /cormun/servlet/trsolicitudgral?2f14e9bb9f485142592cbd2cb88f8204,,gx-no-cache=1485968039338 HTTP/1.1" 200 4858
192.168.10.62 - - [01/Feb/2017:12:59:07 -0300] "POST /cormun/servlet/trsolicitudgral?2f14e9bb9f485142592cbd2cb88f8204,,gx-no-cache=1485968044987 HTTP/1.1" 200 4854
192.168.10.62 - - [01/Feb/2017:12:59:19 -0300] "POST /cormun/servlet/trsolicitudgral?2f14e9bb9f485142592cbd2cb88f8204,,gx-no-cache=1485968056585 HTTP/1.1" 200 4854
192.168.10.62 - - [01/Feb/2017:12:59:23 -0300] "POST /cormun/servlet/trsolicitudgral?2f14e9bb9f485142592cbd2cb88f8204,,gx-no-cache=1485968060242 HTTP/1.1" 200 4853
192.168.10.62 - - [01/Feb/2017:12:59:26 -0300] "POST /cormun/servlet/trsolicitudgral?2f14e9bb9f485142592cbd2cb88f8204,,gx-no-cache=1485968063520 HTTP/1.1" 200 4854
192.168.10.62 - - [01/Feb/2017:12:59:29 -0300] "POST /cormun/servlet/trsolicitudgral?2f14e9bb9f485142592cbd2cb88f8204,,gx-no-cache=1485968066286 HTTP/1.1" 200 4855
192.168.10.54 - - [01/Feb/2017:12:59:31 -0300] "POST /cormun/servlet/trautorizarot?1ffcac9ade904688206758d0bf770f91,gx-no-cache=1485968068661 HTTP/1.1" 200 14579
192.168.10.62 - - [01/Feb/2017:12:59:32 -0300] "POST /cormun/servlet/trsolicitudgral?2f14e9bb9f485142592cbd2cb88f8204,,gx-no-cache=1485968069271 HTTP/1.1" 200 4856
192.168.10.62 - - [01/Feb/2017:12:59:35 -0300] "POST /cormun/servlet/trsolicitudgral?2f14e9bb9f485142592cbd2cb88f8204,,gx-no-cache=1485968072313 HTTP/1.1" 200 4857
192.168.10.54 - - [01/Feb/2017:12:59:38 -0300] "POST /cormun/servlet/trautorizarot?1ffcac9ade904688206758d0bf770f91,gx-no-cache=1485968075660 HTTP/1.1" 200 14512
192.168.10.54 - - [01/Feb/2017:12:59:43 -0300] "POST /cormun/servlet/trautorizarot?1ffcac9ade904688206758d0bf770f91,gx-no-cache=1485968080659 HTTP/1.1" 200 14302
192.168.10.62 - - [01/Feb/2017:12:59:48 -0300] "POST /cormun/servlet/trsolicitudgral?2f14e9bb9f485142592cbd2cb88f8204,,gx-no-cache=1485968084772 HTTP/1.1" 200 21326
192.168.10.54 - - [01/Feb/2017:12:59:50 -0300] "POST /cormun/servlet/trautorizarot?1ffcac9ade904688206758d0bf770f91,gx-no-cache=1485968087553 HTTP/1.1" 200 14235
192.168.10.54 - - [01/Feb/2017:12:59:55 -0300] "POST /cormun/servlet/trautorizarot?1ffcac9ade904688206758d0bf770f91,gx-no-cache=1485968092396 HTTP/1.1" 200 13948
192.168.10.54 - - [01/Feb/2017:13:00:02 -0300] "POST /cormun/servlet/trautorizarot?1ffcac9ade904688206758d0bf770f91,gx-no-cache=1485968099210 HTTP/1.1" 200 13880
192.168.10.54 - - [01/Feb/2017:13:00:07 -0300] "POST /cormun/servlet/trautorizarot?1ffcac9ade904688206758d0bf770f91,gx-no-cache=1485968103846 HTTP/1.1" 200 13676
192.168.10.54 - - [01/Feb/2017:13:00:13 -0300] "POST /cormun/servlet/trautorizarot?1ffcac9ade904688206758d0bf770f91,gx-no-cache=1485968110602 HTTP/1.1" 200 13601
192.168.10.54 - - [01/Feb/2017:13:00:18 -0300] "POST /cormun/servlet/trautorizarot?1ffcac9ade904688206758d0bf770f91,gx-no-cache=1485968115402 HTTP/1.1" 200 13402
192.168.10.54 - - [01/Feb/2017:13:00:25 -0300] "POST /cormun/servlet/trautorizarot?1ffcac9ade904688206758d0bf770f91,gx-no-cache=1485968121955 HTTP/1.1" 200 13336
192.168.10.54 - - [01/Feb/2017:13:00:29 -0300] "POST /cormun/servlet/trautorizarot?1ffcac9ade904688206758d0bf770f91,gx-no-cache=1485968126565 HTTP/1.1" 200 13117
192.168.10.54 - - [01/Feb/2017:13:00:36 -0300] "POST /cormun/servlet/trautorizarot?1ffcac9ade904688206758d0bf770f91,gx-no-cache=1485968132958 HTTP/1.1" 200 13052
192.168.10.54 - - [01/Feb/2017:13:00:40 -0300] "POST /cormun/servlet/trautorizarot?1ffcac9ade904688206758d0bf770f91,gx-no-cache=1485968137720 HTTP/1.1" 200 12846
192.168.10.54 - - [01/Feb/2017:13:00:47 -0300] "POST /cormun/servlet/trautorizarot?1ffcac9ade904688206758d0bf770f91,gx-no-cache=1485968144018 HTTP/1.1" 200 12780
192.168.10.62 - - [01/Feb/2017:13:00:47 -0300] "POST /cormun/servlet/trsolicitudgral?2f14e9bb9f485142592cbd2cb88f8204,,gx-no-cache=1485968144402 HTTP/1.1" 200 7158
192.168.10.54 - - [01/Feb/2017:13:00:51 -0300] "POST /cormun/servlet/trautorizarot?1ffcac9ade904688206758d0bf770f91,gx-no-cache=1485968148412 HTTP/1.1" 200 12559
192.168.10.54 - - [01/Feb/2017:13:00:57 -0300] "POST /cormun/servlet/trautorizarot?1ffcac9ade904688206758d0bf770f91,gx-no-cache=1485968154562 HTTP/1.1" 200 12494
192.168.10.54 - - [01/Feb/2017:13:01:02 -0300] "POST /cormun/servlet/trautorizarot?1ffcac9ade904688206758d0bf770f91,gx-no-cache=1485968158991 HTTP/1.1" 200 12294
192.168.10.54 - - [01/Feb/2017:13:01:08 -0300] "POST /cormun/servlet/trautorizarot?1ffcac9ade904688206758d0bf770f91,gx-no-cache=1485968164957 HTTP/1.1" 200 12228
192.168.10.54 - - [01/Feb/2017:13:01:12 -0300] "POST /cormun/servlet/trautorizarot?1ffcac9ade904688206758d0bf770f91,gx-no-cache=1485968169357 HTTP/1.1" 200 11991
192.168.10.54 - - [01/Feb/2017:13:01:18 -0300] "POST /cormun/servlet/trautorizarot?1ffcac9ade904688206758d0bf770f91,gx-no-cache=1485968175125 HTTP/1.1" 200 11925
192.168.10.54 - - [01/Feb/2017:13:01:22 -0300] "POST /cormun/servlet/trautorizarot?1ffcac9ade904688206758d0bf770f91,gx-no-cache=1485968179237 HTTP/1.1" 200 11697
192.168.10.54 - - [01/Feb/2017:13:01:27 -0300] "POST /cormun/servlet/trautorizarot?1ffcac9ade904688206758d0bf770f91,gx-no-cache=1485968184848 HTTP/1.1" 200 11632
192.168.10.54 - - [01/Feb/2017:13:01:31 -0300] "POST /cormun/servlet/trautorizarot?1ffcac9ade904688206758d0bf770f91,gx-no-cache=1485968188852 HTTP/1.1" 200 11396
192.168.10.54 - - [01/Feb/2017:13:01:37 -0300] "POST /cormun/servlet/trautorizarot?1ffcac9ade904688206758d0bf770f91,gx-no-cache=1485968194250 HTTP/1.1" 200 11329
192.168.10.54 - - [01/Feb/2017:13:01:41 -0300] "POST /cormun/servlet/trautorizarot?1ffcac9ade904688206758d0bf770f91,gx-no-cache=1485968198249 HTTP/1.1" 200 11125
192.168.10.54 - - [01/Feb/2017:13:01:46 -0300] "POST /cormun/servlet/trautorizarot?1ffcac9ade904688206758d0bf770f91,gx-no-cache=1485968203467 HTTP/1.1" 200 11059
192.168.10.54 - - [01/Feb/2017:13:01:50 -0300] "POST /cormun/servlet/trautorizarot?1ffcac9ade904688206758d0bf770f91,gx-no-cache=1485968207345 HTTP/1.1" 200 10815
192.168.10.54 - - [01/Feb/2017:13:01:55 -0300] "POST /cormun/servlet/trautorizarot?1ffcac9ade904688206758d0bf770f91,gx-no-cache=1485968212338 HTTP/1.1" 200 10751
192.168.10.54 - - [01/Feb/2017:13:01:58 -0300] "POST /cormun/servlet/trautorizarot?1ffcac9ade904688206758d0bf770f91,gx-no-cache=1485968215952 HTTP/1.1" 200 10438
192.168.10.54 - - [01/Feb/2017:13:02:03 -0300] "POST /cormun/servlet/trautorizarot?1ffcac9ade904688206758d0bf770f91,gx-no-cache=1485968220748 HTTP/1.1" 200 10374
192.168.10.54 - - [01/Feb/2017:13:02:07 -0300] "POST /cormun/servlet/trautorizarot?1ffcac9ade904688206758d0bf770f91,gx-no-cache=1485968224305 HTTP/1.1" 200 10139
192.168.10.54 - - [01/Feb/2017:13:02:11 -0300] "POST /cormun/servlet/trautorizarot?1ffcac9ade904688206758d0bf770f91,gx-no-cache=1485968228832 HTTP/1.1" 200 10075
192.168.10.54 - - [01/Feb/2017:13:02:36 -0300] "POST /cormun/servlet/trautorizarot?1ffcac9ade904688206758d0bf770f91,gx-no-cache=1485968253410 HTTP/1.1" 200 9799
192.168.10.54 - - [01/Feb/2017:13:02:40 -0300] "POST /cormun/servlet/trautorizarot?1ffcac9ade904688206758d0bf770f91,gx-no-cache=1485968257775 HTTP/1.1" 200 9735
192.168.10.54 - - [01/Feb/2017:13:02:44 -0300] "POST /cormun/servlet/trautorizarot?1ffcac9ade904688206758d0bf770f91,gx-no-cache=1485968261235 HTTP/1.1" 200 9557
192.168.10.54 - - [01/Feb/2017:13:02:48 -0300] "POST /cormun/servlet/trautorizarot?1ffcac9ade904688206758d0bf770f91,gx-no-cache=1485968265295 HTTP/1.1" 200 9480
192.168.10.54 - - [01/Feb/2017:13:02:51 -0300] "POST /cormun/servlet/trautorizarot?1ffcac9ade904688206758d0bf770f91,gx-no-cache=1485968268676 HTTP/1.1" 200 9186
192.168.10.54 - - [01/Feb/2017:13:02:55 -0300] "POST /cormun/servlet/trautorizarot?1ffcac9ade904688206758d0bf770f91,gx-no-cache=1485968272474 HTTP/1.1" 200 9119
192.168.10.54 - - [01/Feb/2017:13:03:03 -0300] "POST /cormun/servlet/trautorizarot?1ffcac9ade904688206758d0bf770f91,gx-no-cache=1485968280323 HTTP/1.1" 200 8897
192.168.10.54 - - [01/Feb/2017:13:03:06 -0300] "POST /cormun/servlet/trautorizarot?1ffcac9ade904688206758d0bf770f91,gx-no-cache=1485968283839 HTTP/1.1" 200 8832
192.168.10.54 - - [01/Feb/2017:13:03:09 -0300] "POST /cormun/servlet/trautorizarot?1ffcac9ade904688206758d0bf770f91,gx-no-cache=1485968286666 HTTP/1.1" 200 8522
192.168.10.54 - - [01/Feb/2017:13:03:12 -0300] "POST /cormun/servlet/trautorizarot?1ffcac9ade904688206758d0bf770f91,gx-no-cache=1485968289931 HTTP/1.1" 200 8457
192.168.10.54 - - [01/Feb/2017:13:03:15 -0300] "POST /cormun/servlet/trautorizarot?1ffcac9ade904688206758d0bf770f91,gx-no-cache=1485968292621 HTTP/1.1" 200 8141
192.168.10.54 - - [01/Feb/2017:13:03:18 -0300] "POST /cormun/servlet/trautorizarot?1ffcac9ade904688206758d0bf770f91,gx-no-cache=1485968295554 HTTP/1.1" 200 8077
192.168.10.54 - - [01/Feb/2017:13:03:20 -0300] "POST /cormun/servlet/trautorizarot?1ffcac9ade904688206758d0bf770f91,gx-no-cache=1485968297343 HTTP/1.1" 200 7849
192.168.10.54 - - [01/Feb/2017:13:03:22 -0300] "POST /cormun/servlet/trautorizarot?1ffcac9ade904688206758d0bf770f91,gx-no-cache=1485968299950 HTTP/1.1" 200 7784
192.168.10.54 - - [01/Feb/2017:13:03:26 -0300] "POST /cormun/servlet/trautorizarot?1ffcac9ade904688206758d0bf770f91,gx-no-cache=1485968303594 HTTP/1.1" 200 7531
192.168.10.54 - - [01/Feb/2017:13:03:28 -0300] "POST /cormun/servlet/trautorizarot?1ffcac9ade904688206758d0bf770f91,gx-no-cache=1485968305884 HTTP/1.1" 200 7467
192.168.10.54 - - [01/Feb/2017:13:03:38 -0300] "POST /cormun/servlet/trautorizarot?1ffcac9ade904688206758d0bf770f91,gx-no-cache=1485968315129 HTTP/1.1" 200 7214
192.168.10.54 - - [01/Feb/2017:13:03:40 -0300] "POST /cormun/servlet/trautorizarot?1ffcac9ade904688206758d0bf770f91,gx-no-cache=1485968317144 HTTP/1.1" 200 7151
192.168.10.54 - - [01/Feb/2017:13:03:47 -0300] "POST /cormun/servlet/trautorizarot?1ffcac9ade904688206758d0bf770f91,gx-no-cache=1485968324106 HTTP/1.1" 200 6917
192.168.10.54 - - [01/Feb/2017:13:03:48 -0300] "POST /cormun/servlet/trautorizarot?1ffcac9ade904688206758d0bf770f91,gx-no-cache=1485968325788 HTTP/1.1" 200 6854
192.168.10.54 - - [01/Feb/2017:13:03:51 -0300] "POST /cormun/servlet/trautorizarot?1ffcac9ade904688206758d0bf770f91,gx-no-cache=1485968328506 HTTP/1.1" 200 6594
192.168.10.54 - - [01/Feb/2017:13:03:52 -0300] "POST /cormun/servlet/trautorizarot?1ffcac9ade904688206758d0bf770f91,gx-no-cache=1485968329822 HTTP/1.1" 200 6532
192.168.10.54 - - [01/Feb/2017:13:03:56 -0300] "POST /cormun/servlet/trautorizarot?1ffcac9ade904688206758d0bf770f91,gx-no-cache=1485968334060 HTTP/1.1" 200 6194
192.168.10.54 - - [01/Feb/2017:13:03:57 -0300] "POST /cormun/servlet/trautorizarot?1ffcac9ade904688206758d0bf770f91,gx-no-cache=1485968334990 HTTP/1.1" 200 6134
192.168.10.54 - - [01/Feb/2017:13:03:59 -0300] "POST /cormun/servlet/trautorizarot?1ffcac9ade904688206758d0bf770f91,gx-no-cache=1485968337088 HTTP/1.1" 200 5134
192.168.10.54 - - [01/Feb/2017:13:04:00 -0300] "POST /cormun/servlet/trautorizarot?1ffcac9ade904688206758d0bf770f91,gx-no-cache=1485968337654 HTTP/1.1" 200 4902
192.168.10.54 - - [01/Feb/2017:13:04:26 -0300] "POST /cormun/servlet/trautorizarot?1ffcac9ade904688206758d0bf770f91,gx-no-cache=1485968363882 HTTP/1.1" 200 7768
192.168.10.54 - - [01/Feb/2017:13:04:39 -0300] "POST /cormun/servlet/trautorizarot?1ffcac9ade904688206758d0bf770f91,gx-no-cache=1485968376904 HTTP/1.1" 200 7489
192.168.10.62 - - [01/Feb/2017:13:04:41 -0300] "POST /cormun/servlet/trsolicitudgral?2f14e9bb9f485142592cbd2cb88f8204,,gx-no-cache=1485968378501 HTTP/1.1" 200 20866
192.168.10.54 - - [01/Feb/2017:13:04:42 -0300] "POST /cormun/servlet/trautorizarot?1ffcac9ade904688206758d0bf770f91,gx-no-cache=1485968379474 HTTP/1.1" 200 7426
192.168.10.54 - - [01/Feb/2017:13:04:48 -0300] "POST /cormun/servlet/trautorizarot?1ffcac9ade904688206758d0bf770f91,gx-no-cache=1485968385116 HTTP/1.1" 200 7176
192.168.10.54 - - [01/Feb/2017:13:04:50 -0300] "POST /cormun/servlet/trautorizarot?1ffcac9ade904688206758d0bf770f91,gx-no-cache=1485968387263 HTTP/1.1" 200 7112
192.168.10.54 - - [01/Feb/2017:13:04:52 -0300] "POST /cormun/servlet/trautorizarot?1ffcac9ade904688206758d0bf770f91,gx-no-cache=1485968389455 HTTP/1.1" 200 6868
192.168.10.54 - - [01/Feb/2017:13:04:54 -0300] "POST /cormun/servlet/trautorizarot?1ffcac9ade904688206758d0bf770f91,gx-no-cache=1485968391241 HTTP/1.1" 200 6804
192.168.10.62 - - [01/Feb/2017:13:04:56 -0300] "POST /cormun/servlet/trsolicitudgral?2f14e9bb9f485142592cbd2cb88f8204,,gx-no-cache=1485968392971 HTTP/1.1" 200 20538
192.168.10.62 - - [01/Feb/2017:13:04:56 -0300] "GET /cormun/static/Shared/jqueryui/images/ui-bg_highlight-soft_100_c6c2c8_1x100.png HTTP/1.1" 404 1117
192.168.10.62 - - [01/Feb/2017:13:04:56 -0300] "GET /cormun/static/Shared/jqueryui/images/ui-icons_82798d_256x240.png HTTP/1.1" 404 1089
192.168.10.54 - - [01/Feb/2017:13:04:57 -0300] "POST /cormun/servlet/trautorizarot?1ffcac9ade904688206758d0bf770f91,gx-no-cache=1485968394247 HTTP/1.1" 200 6498
192.168.10.62 - - [01/Feb/2017:13:04:57 -0300] "GET /cormun/static/Shared/jqueryui/images/ui-icons_8d78a5_256x240.png HTTP/1.1" 404 1089
192.168.10.62 - - [01/Feb/2017:13:04:57 -0300] "GET /cormun/static/Shared/jqueryui/images/ui-bg_flat_55_fafafa_40x100.png HTTP/1.1" 404 1097
192.168.10.54 - - [01/Feb/2017:13:04:58 -0300] "POST /cormun/servlet/trautorizarot?1ffcac9ade904688206758d0bf770f91,gx-no-cache=1485968395666 HTTP/1.1" 200 6435
192.168.10.62 - - [01/Feb/2017:13:04:59 -0300] "POST /cormun/servlet/trsolicitudgral?2f14e9bb9f485142592cbd2cb88f8204,,gx-no-cache=1485968395854 HTTP/1.1" 200 20476
192.168.10.54 - - [01/Feb/2017:13:05:01 -0300] "POST /cormun/servlet/trautorizarot?1ffcac9ade904688206758d0bf770f91,gx-no-cache=1485968398591 HTTP/1.1" 200 6186
192.168.10.62 - - [01/Feb/2017:13:05:02 -0300] "POST /cormun/servlet/trsolicitudgral?2f14e9bb9f485142592cbd2cb88f8204,,gx-no-cache=1485968398883 HTTP/1.1" 200 20239
192.168.10.54 - - [01/Feb/2017:13:05:02 -0300] "POST /cormun/servlet/trautorizarot?1ffcac9ade904688206758d0bf770f91,gx-no-cache=1485968399628 HTTP/1.1" 200 6124
192.168.10.54 - - [01/Feb/2017:13:05:05 -0300] "POST /cormun/servlet/trautorizarot?1ffcac9ade904688206758d0bf770f91,gx-no-cache=1485968402142 HTTP/1.1" 200 5130
192.168.10.62 - - [01/Feb/2017:13:05:05 -0300] "POST /cormun/servlet/trsolicitudgral?2f14e9bb9f485142592cbd2cb88f8204,,gx-no-cache=1485968401908 HTTP/1.1" 200 20174
192.168.10.54 - - [01/Feb/2017:13:05:05 -0300] "POST /cormun/servlet/trautorizarot?1ffcac9ade904688206758d0bf770f91,gx-no-cache=1485968402748 HTTP/1.1" 200 4901
192.168.10.62 - - [01/Feb/2017:13:05:08 -0300] "POST /cormun/servlet/trsolicitudgral?2f14e9bb9f485142592cbd2cb88f8204,,gx-no-cache=1485968404837 HTTP/1.1" 200 19959
192.168.10.62 - - [01/Feb/2017:13:05:11 -0300] "POST /cormun/servlet/trsolicitudgral?2f14e9bb9f485142592cbd2cb88f8204,,gx-no-cache=1485968408008 HTTP/1.1" 200 19896
192.168.10.62 - - [01/Feb/2017:13:05:16 -0300] "POST /cormun/servlet/trsolicitudgral?2f14e9bb9f485142592cbd2cb88f8204,,gx-no-cache=1485968413122 HTTP/1.1" 200 19615
192.168.10.62 - - [01/Feb/2017:13:05:19 -0300] "POST /cormun/servlet/trsolicitudgral?2f14e9bb9f485142592cbd2cb88f8204,,gx-no-cache=1485968416466 HTTP/1.1" 200 19551
192.168.10.62 - - [01/Feb/2017:13:05:24 -0300] "POST /cormun/servlet/trsolicitudgral?2f14e9bb9f485142592cbd2cb88f8204,,gx-no-cache=1485968421580 HTTP/1.1" 200 19291
192.168.10.62 - - [01/Feb/2017:13:05:28 -0300] "POST /cormun/servlet/trsolicitudgral?2f14e9bb9f485142592cbd2cb88f8204,,gx-no-cache=1485968425124 HTTP/1.1" 200 19229
192.168.10.54 - - [01/Feb/2017:13:05:31 -0300] "POST /cormun/servlet/trautorizarot?1ffcac9ade904688206758d0bf770f91,gx-no-cache=1485968428520 HTTP/1.1" 200 12070
192.168.10.54 - - [01/Feb/2017:13:05:44 -0300] "POST /cormun/servlet/trautorizarot?1ffcac9ade904688206758d0bf770f91,gx-no-cache=1485968441503 HTTP/1.1" 200 11846
192.168.10.54 - - [01/Feb/2017:13:05:52 -0300] "POST /cormun/servlet/trautorizarot?1ffcac9ade904688206758d0bf770f91,gx-no-cache=1485968449814 HTTP/1.1" 200 11773
192.168.10.62 - - [01/Feb/2017:13:06:06 -0300] "POST /cormun/servlet/trsolicitudgral?2f14e9bb9f485142592cbd2cb88f8204,,gx-no-cache=1485968462881 HTTP/1.1" 200 18915
192.168.10.62 - - [01/Feb/2017:13:06:09 -0300] "POST /cormun/servlet/trsolicitudgral?2f14e9bb9f485142592cbd2cb88f8204,,gx-no-cache=1485968466578 HTTP/1.1" 200 18853
192.168.10.62 - - [01/Feb/2017:13:06:13 -0300] "POST /cormun/servlet/trsolicitudgral?2f14e9bb9f485142592cbd2cb88f8204,,gx-no-cache=1485968469962 HTTP/1.1" 200 18667
192.168.10.62 - - [01/Feb/2017:13:06:17 -0300] "POST /cormun/servlet/trsolicitudgral?2f14e9bb9f485142592cbd2cb88f8204,,gx-no-cache=1485968473785 HTTP/1.1" 200 18604
192.168.10.62 - - [01/Feb/2017:13:06:20 -0300] "POST /cormun/servlet/trsolicitudgral?2f14e9bb9f485142592cbd2cb88f8204,,gx-no-cache=1485968476877 HTTP/1.1" 200 18349
192.168.10.62 - - [01/Feb/2017:13:06:23 -0300] "POST /cormun/servlet/trsolicitudgral?2f14e9bb9f485142592cbd2cb88f8204,,gx-no-cache=1485968480780 HTTP/1.1" 200 18286
192.168.10.62 - - [01/Feb/2017:13:06:27 -0300] "POST /cormun/servlet/trsolicitudgral?2f14e9bb9f485142592cbd2cb88f8204,,gx-no-cache=1485968483910 HTTP/1.1" 200 18036
192.168.10.62 - - [01/Feb/2017:13:06:31 -0300] "POST /cormun/servlet/trsolicitudgral?2f14e9bb9f485142592cbd2cb88f8204,,gx-no-cache=1485968487985 HTTP/1.1" 200 17971
192.168.10.62 - - [01/Feb/2017:13:06:34 -0300] "POST /cormun/servlet/trsolicitudgral?2f14e9bb9f485142592cbd2cb88f8204,,gx-no-cache=1485968491504 HTTP/1.1" 200 17693
192.168.10.62 - - [01/Feb/2017:13:06:38 -0300] "POST /cormun/servlet/trsolicitudgral?2f14e9bb9f485142592cbd2cb88f8204,,gx-no-cache=1485968495695 HTTP/1.1" 200 17630
192.168.10.62 - - [01/Feb/2017:13:06:42 -0300] "POST /cormun/servlet/trsolicitudgral?2f14e9bb9f485142592cbd2cb88f8204,,gx-no-cache=1485968499784 HTTP/1.1" 200 17421
192.168.10.62 - - [01/Feb/2017:13:06:47 -0300] "POST /cormun/servlet/trsolicitudgral?2f14e9bb9f485142592cbd2cb88f8204,,gx-no-cache=1485968504042 HTTP/1.1" 200 17357
192.168.10.62 - - [01/Feb/2017:13:07:04 -0300] "POST /cormun/servlet/trsolicitudgral?2f14e9bb9f485142592cbd2cb88f8204,,gx-no-cache=1485968521105 HTTP/1.1" 200 17117
192.168.10.62 - - [01/Feb/2017:13:07:08 -0300] "POST /cormun/servlet/trsolicitudgral?2f14e9bb9f485142592cbd2cb88f8204,,gx-no-cache=1485968525504 HTTP/1.1" 200 17052
192.168.10.54 - - [01/Feb/2017:13:07:49 -0300] "POST /cormun/servlet/trautorizarot?1ffcac9ade904688206758d0bf770f91,gx-no-cache=1485968566146 HTTP/1.1" 200 11543
192.168.10.54 - - [01/Feb/2017:13:07:57 -0300] "POST /cormun/servlet/trautorizarot?1ffcac9ade904688206758d0bf770f91,gx-no-cache=1485968574048 HTTP/1.1" 200 11477
192.168.10.54 - - [01/Feb/2017:13:08:03 -0300] "POST /cormun/servlet/trautorizarot?1ffcac9ade904688206758d0bf770f91,gx-no-cache=1485968580027 HTTP/1.1" 200 11306
192.168.10.54 - - [01/Feb/2017:13:08:10 -0300] "POST /cormun/servlet/trautorizarot?1ffcac9ade904688206758d0bf770f91,gx-no-cache=1485968587561 HTTP/1.1" 200 11241
192.168.10.54 - - [01/Feb/2017:13:08:15 -0300] "POST /cormun/servlet/trautorizarot?1ffcac9ade904688206758d0bf770f91,gx-no-cache=1485968592568 HTTP/1.1" 200 10973
192.168.10.54 - - [01/Feb/2017:13:08:22 -0300] "POST /cormun/servlet/trautorizarot?1ffcac9ade904688206758d0bf770f91,gx-no-cache=1485968599767 HTTP/1.1" 200 10908
192.168.10.54 - - [01/Feb/2017:13:08:27 -0300] "POST /cormun/servlet/trautorizarot?1ffcac9ade904688206758d0bf770f91,gx-no-cache=1485968604394 HTTP/1.1" 200 10592
192.168.10.54 - - [01/Feb/2017:13:08:34 -0300] "POST /cormun/servlet/trautorizarot?1ffcac9ade904688206758d0bf770f91,gx-no-cache=1485968611301 HTTP/1.1" 200 10525
192.168.10.54 - - [01/Feb/2017:13:08:39 -0300] "POST /cormun/servlet/trautorizarot?1ffcac9ade904688206758d0bf770f91,gx-no-cache=1485968616823 HTTP/1.1" 200 10303
192.168.10.54 - - [01/Feb/2017:13:08:46 -0300] "POST /cormun/servlet/trautorizarot?1ffcac9ade904688206758d0bf770f91,gx-no-cache=1485968623350 HTTP/1.1" 200 10237
192.168.10.54 - - [01/Feb/2017:13:08:51 -0300] "POST /cormun/servlet/trautorizarot?1ffcac9ade904688206758d0bf770f91,gx-no-cache=1485968628844 HTTP/1.1" 200 9933
192.168.10.54 - - [01/Feb/2017:13:08:57 -0300] "POST /cormun/servlet/trautorizarot?1ffcac9ade904688206758d0bf770f91,gx-no-cache=1485968634944 HTTP/1.1" 200 9869
192.168.10.54 - - [01/Feb/2017:13:09:02 -0300] "POST /cormun/servlet/trautorizarot?1ffcac9ade904688206758d0bf770f91,gx-no-cache=1485968639340 HTTP/1.1" 200 9640
192.168.10.54 - - [01/Feb/2017:13:09:08 -0300] "POST /cormun/servlet/trautorizarot?1ffcac9ade904688206758d0bf770f91,gx-no-cache=1485968645047 HTTP/1.1" 200 9574
192.168.10.54 - - [01/Feb/2017:13:09:13 -0300] "POST /cormun/servlet/trautorizarot?1ffcac9ade904688206758d0bf770f91,gx-no-cache=1485968650373 HTTP/1.1" 200 9178
192.168.10.54 - - [01/Feb/2017:13:09:18 -0300] "POST /cormun/servlet/trautorizarot?1ffcac9ade904688206758d0bf770f91,gx-no-cache=1485968655655 HTTP/1.1" 200 9111
192.168.10.62 - - [01/Feb/2017:13:09:18 -0300] "POST /cormun/servlet/trsolicitudgral?2f14e9bb9f485142592cbd2cb88f8204,,gx-no-cache=1485968655524 HTTP/1.1" 200 16822
192.168.10.62 - - [01/Feb/2017:13:09:23 -0300] "POST /cormun/servlet/trsolicitudgral?2f14e9bb9f485142592cbd2cb88f8204,,gx-no-cache=1485968660035 HTTP/1.1" 200 16759
192.168.10.62 - - [01/Feb/2017:13:09:26 -0300] "POST /cormun/servlet/trsolicitudgral?2f14e9bb9f485142592cbd2cb88f8204,,gx-no-cache=1485968663476 HTTP/1.1" 200 16545
192.168.10.54 - - [01/Feb/2017:13:09:27 -0300] "POST /cormun/servlet/trautorizarot?1ffcac9ade904688206758d0bf770f91,gx-no-cache=1485968664952 HTTP/1.1" 200 8886
192.168.10.62 - - [01/Feb/2017:13:09:31 -0300] "POST /cormun/servlet/trsolicitudgral?2f14e9bb9f485142592cbd2cb88f8204,,gx-no-cache=1485968668008 HTTP/1.1" 200 16485
192.168.10.54 - - [01/Feb/2017:13:09:32 -0300] "POST /cormun/servlet/trautorizarot?1ffcac9ade904688206758d0bf770f91,gx-no-cache=1485968669852 HTTP/1.1" 200 8825
192.168.10.62 - - [01/Feb/2017:13:09:34 -0300] "POST /cormun/servlet/trsolicitudgral?2f14e9bb9f485142592cbd2cb88f8204,,gx-no-cache=1485968670770 HTTP/1.1" 200 16240
192.168.10.54 - - [01/Feb/2017:13:09:35 -0300] "POST /cormun/servlet/trautorizarot?1ffcac9ade904688206758d0bf770f91,gx-no-cache=1485968672754 HTTP/1.1" 200 8520
192.168.10.62 - - [01/Feb/2017:13:09:38 -0300] "POST /cormun/servlet/trsolicitudgral?2f14e9bb9f485142592cbd2cb88f8204,,gx-no-cache=1485968675387 HTTP/1.1" 200 16177
192.168.10.54 - - [01/Feb/2017:13:09:40 -0300] "POST /cormun/servlet/trautorizarot?1ffcac9ade904688206758d0bf770f91,gx-no-cache=1485968677195 HTTP/1.1" 200 8456
192.168.10.62 - - [01/Feb/2017:13:09:41 -0300] "POST /cormun/servlet/trsolicitudgral?2f14e9bb9f485142592cbd2cb88f8204,,gx-no-cache=1485968678184 HTTP/1.1" 200 15981
192.168.10.54 - - [01/Feb/2017:13:09:44 -0300] "POST /cormun/servlet/trautorizarot?1ffcac9ade904688206758d0bf770f91,gx-no-cache=1485968681829 HTTP/1.1" 200 8149
192.168.10.62 - - [01/Feb/2017:13:09:45 -0300] "POST /cormun/servlet/trsolicitudgral?2f14e9bb9f485142592cbd2cb88f8204,,gx-no-cache=1485968682821 HTTP/1.1" 200 15918
192.168.10.62 - - [01/Feb/2017:13:09:48 -0300] "POST /cormun/servlet/trsolicitudgral?2f14e9bb9f485142592cbd2cb88f8204,,gx-no-cache=1485968685598 HTTP/1.1" 200 15723
192.168.10.54 - - [01/Feb/2017:13:09:48 -0300] "POST /cormun/servlet/trautorizarot?1ffcac9ade904688206758d0bf770f91,gx-no-cache=1485968685917 HTTP/1.1" 200 8083
192.168.10.54 - - [01/Feb/2017:13:09:52 -0300] "POST /cormun/servlet/trautorizarot?1ffcac9ade904688206758d0bf770f91,gx-no-cache=1485968689723 HTTP/1.1" 200 7850
192.168.10.62 - - [01/Feb/2017:13:09:53 -0300] "POST /cormun/servlet/trsolicitudgral?2f14e9bb9f485142592cbd2cb88f8204,,gx-no-cache=1485968690266 HTTP/1.1" 200 15662
192.168.10.54 - - [01/Feb/2017:13:09:56 -0300] "POST /cormun/servlet/trautorizarot?1ffcac9ade904688206758d0bf770f91,gx-no-cache=1485968693319 HTTP/1.1" 200 7785
192.168.10.62 - - [01/Feb/2017:13:09:58 -0300] "POST /cormun/servlet/trsolicitudgral?2f14e9bb9f485142592cbd2cb88f8204,,gx-no-cache=1485968694997 HTTP/1.1" 200 15443
192.168.10.54 - - [01/Feb/2017:13:09:58 -0300] "POST /cormun/servlet/trautorizarot?1ffcac9ade904688206758d0bf770f91,gx-no-cache=1485968695915 HTTP/1.1" 200 7523
192.168.10.54 - - [01/Feb/2017:13:10:02 -0300] "POST /cormun/servlet/trautorizarot?1ffcac9ade904688206758d0bf770f91,gx-no-cache=1485968699076 HTTP/1.1" 200 7461
192.168.10.62 - - [01/Feb/2017:13:10:02 -0300] "POST /cormun/servlet/trsolicitudgral?2f14e9bb9f485142592cbd2cb88f8204,,gx-no-cache=1485968699735 HTTP/1.1" 200 15380
192.168.10.54 - - [01/Feb/2017:13:10:04 -0300] "POST /cormun/servlet/trautorizarot?1ffcac9ade904688206758d0bf770f91,gx-no-cache=1485968701924 HTTP/1.1" 200 7207
192.168.10.62 - - [01/Feb/2017:13:10:06 -0300] "POST /cormun/servlet/trsolicitudgral?2f14e9bb9f485142592cbd2cb88f8204,,gx-no-cache=1485968703342 HTTP/1.1" 200 15190
192.168.10.54 - - [01/Feb/2017:13:10:07 -0300] "POST /cormun/servlet/trautorizarot?1ffcac9ade904688206758d0bf770f91,gx-no-cache=1485968704647 HTTP/1.1" 200 7143
192.168.10.54 - - [01/Feb/2017:13:10:10 -0300] "POST /cormun/servlet/trautorizarot?1ffcac9ade904688206758d0bf770f91,gx-no-cache=1485968707285 HTTP/1.1" 200 6891
192.168.10.62 - - [01/Feb/2017:13:10:11 -0300] "POST /cormun/servlet/trsolicitudgral?2f14e9bb9f485142592cbd2cb88f8204,,gx-no-cache=1485968708085 HTTP/1.1" 200 15128
192.168.10.54 - - [01/Feb/2017:13:10:12 -0300] "POST /cormun/servlet/trautorizarot?1ffcac9ade904688206758d0bf770f91,gx-no-cache=1485968709495 HTTP/1.1" 200 6828
192.168.10.54 - - [01/Feb/2017:13:10:14 -0300] "POST /cormun/servlet/trautorizarot?1ffcac9ade904688206758d0bf770f91,gx-no-cache=1485968711885 HTTP/1.1" 200 6566
192.168.10.54 - - [01/Feb/2017:13:10:16 -0300] "POST /cormun/servlet/trautorizarot?1ffcac9ade904688206758d0bf770f91,gx-no-cache=1485968713608 HTTP/1.1" 200 6502
192.168.10.54 - - [01/Feb/2017:13:10:18 -0300] "POST /cormun/servlet/trautorizarot?1ffcac9ade904688206758d0bf770f91,gx-no-cache=1485968715894 HTTP/1.1" 200 6203
192.168.10.54 - - [01/Feb/2017:13:10:20 -0300] "POST /cormun/servlet/trautorizarot?1ffcac9ade904688206758d0bf770f91,gx-no-cache=1485968717126 HTTP/1.1" 200 6141
192.168.10.54 - - [01/Feb/2017:13:10:21 -0300] "POST /cormun/servlet/trautorizarot?1ffcac9ade904688206758d0bf770f91,gx-no-cache=1485968718963 HTTP/1.1" 200 5141
192.168.10.54 - - [01/Feb/2017:13:10:22 -0300] "POST /cormun/servlet/trautorizarot?1ffcac9ade904688206758d0bf770f91,gx-no-cache=1485968719663 HTTP/1.1" 200 4903
192.168.10.54 - - [01/Feb/2017:13:10:37 -0300] "POST /cormun/servlet/trautorizarot?1ffcac9ade904688206758d0bf770f91,gx-no-cache=1485968733950 HTTP/1.1" 200 14736
192.168.10.54 - - [01/Feb/2017:13:10:58 -0300] "POST /cormun/servlet/trautorizarot?1ffcac9ade904688206758d0bf770f91,gx-no-cache=1485968754857 HTTP/1.1" 200 14473
192.168.10.62 - - [01/Feb/2017:13:11:03 -0300] "POST /cormun/servlet/trsolicitudgral?2f14e9bb9f485142592cbd2cb88f8204,,gx-no-cache=1485968760759 HTTP/1.1" 200 14886
192.168.10.62 - - [01/Feb/2017:13:11:08 -0300] "POST /cormun/servlet/trsolicitudgral?2f14e9bb9f485142592cbd2cb88f8204,,gx-no-cache=1485968765512 HTTP/1.1" 200 14822
192.168.10.54 - - [01/Feb/2017:13:11:12 -0300] "POST /cormun/servlet/trautorizarot?1ffcac9ade904688206758d0bf770f91,gx-no-cache=1485968769883 HTTP/1.1" 200 14409
192.168.10.62 - - [01/Feb/2017:13:11:13 -0300] "POST /cormun/servlet/trsolicitudgral?2f14e9bb9f485142592cbd2cb88f8204,,gx-no-cache=1485968770048 HTTP/1.1" 200 14608
192.168.10.62 - - [01/Feb/2017:13:11:18 -0300] "POST /cormun/servlet/trsolicitudgral?2f14e9bb9f485142592cbd2cb88f8204,,gx-no-cache=1485968774836 HTTP/1.1" 200 14544
192.168.10.62 - - [01/Feb/2017:13:11:22 -0300] "POST /cormun/servlet/trsolicitudgral?2f14e9bb9f485142592cbd2cb88f8204,,gx-no-cache=1485968778843 HTTP/1.1" 200 14327
192.168.10.62 - - [01/Feb/2017:13:11:26 -0300] "POST /cormun/servlet/trsolicitudgral?2f14e9bb9f485142592cbd2cb88f8204,,gx-no-cache=1485968783766 HTTP/1.1" 200 14239
192.168.10.54 - - [01/Feb/2017:13:11:51 -0300] "POST /cormun/servlet/trautorizarot?1ffcac9ade904688206758d0bf770f91,gx-no-cache=1485968808654 HTTP/1.1" 200 14145
192.168.10.54 - - [01/Feb/2017:13:12:06 -0300] "POST /cormun/servlet/trautorizarot?1ffcac9ade904688206758d0bf770f91,gx-no-cache=1485968823151 HTTP/1.1" 200 14078
192.168.10.62 - - [01/Feb/2017:13:12:07 -0300] "POST /cormun/servlet/trsolicitudgral?2f14e9bb9f485142592cbd2cb88f8204,,gx-no-cache=1485968824679 HTTP/1.1" 200 13972
192.168.10.62 - - [01/Feb/2017:13:12:12 -0300] "POST /cormun/servlet/trsolicitudgral?2f14e9bb9f485142592cbd2cb88f8204,,gx-no-cache=1485968829442 HTTP/1.1" 200 13910
192.168.10.54 - - [01/Feb/2017:13:12:15 -0300] "POST /cormun/servlet/trautorizarot?1ffcac9ade904688206758d0bf770f91,gx-no-cache=1485968832489 HTTP/1.1" 200 13900
192.168.10.54 - - [01/Feb/2017:13:12:29 -0300] "POST /cormun/servlet/trautorizarot?1ffcac9ade904688206758d0bf770f91,gx-no-cache=1485968846651 HTTP/1.1" 200 13834
192.168.10.62 - - [01/Feb/2017:13:12:39 -0300] "GET /cormun/servlet/hlogin HTTP/1.1" 200 1734
192.168.10.54 - - [01/Feb/2017:13:12:40 -0300] "POST /cormun/servlet/trautorizarot?1ffcac9ade904688206758d0bf770f91,gx-no-cache=1485968857886 HTTP/1.1" 200 13572
192.168.10.54 - - [01/Feb/2017:13:12:54 -0300] "POST /cormun/servlet/trautorizarot?1ffcac9ade904688206758d0bf770f91,gx-no-cache=1485968871605 HTTP/1.1" 200 13506
192.168.10.54 - - [01/Feb/2017:13:13:25 -0300] "POST /cormun/servlet/trautorizarot?1ffcac9ade904688206758d0bf770f91,gx-no-cache=1485968902573 HTTP/1.1" 200 13285
192.168.10.54 - - [01/Feb/2017:13:13:39 -0300] "POST /cormun/servlet/trautorizarot?1ffcac9ade904688206758d0bf770f91,gx-no-cache=1485968915996 HTTP/1.1" 200 13221
192.168.10.54 - - [01/Feb/2017:13:13:47 -0300] "POST /cormun/servlet/trautorizarot?1ffcac9ade904688206758d0bf770f91,gx-no-cache=1485968924353 HTTP/1.1" 200 12987
192.168.10.54 - - [01/Feb/2017:13:14:00 -0300] "POST /cormun/servlet/trautorizarot?1ffcac9ade904688206758d0bf770f91,gx-no-cache=1485968937198 HTTP/1.1" 200 12922
192.168.10.54 - - [01/Feb/2017:13:14:07 -0300] "POST /cormun/servlet/trautorizarot?1ffcac9ade904688206758d0bf770f91,gx-no-cache=1485968944203 HTTP/1.1" 200 12699
192.168.10.54 - - [01/Feb/2017:13:14:19 -0300] "POST /cormun/servlet/trautorizarot?1ffcac9ade904688206758d0bf770f91,gx-no-cache=1485968956712 HTTP/1.1" 200 12633
192.168.10.54 - - [01/Feb/2017:13:14:52 -0300] "POST /cormun/servlet/trautorizarot?1ffcac9ade904688206758d0bf770f91,gx-no-cache=1485968989567 HTTP/1.1" 200 12389
192.168.10.54 - - [01/Feb/2017:13:15:04 -0300] "POST /cormun/servlet/trautorizarot?1ffcac9ade904688206758d0bf770f91,gx-no-cache=1485969001609 HTTP/1.1" 200 12323
192.168.10.54 - - [01/Feb/2017:13:15:12 -0300] "POST /cormun/servlet/trautorizarot?1ffcac9ade904688206758d0bf770f91,gx-no-cache=1485969009430 HTTP/1.1" 200 12038
192.168.10.54 - - [01/Feb/2017:13:15:23 -0300] "POST /cormun/servlet/trautorizarot?1ffcac9ade904688206758d0bf770f91,gx-no-cache=1485969020931 HTTP/1.1" 200 11975
192.168.10.54 - - [01/Feb/2017:13:16:02 -0300] "POST /cormun/servlet/trautorizarot?1ffcac9ade904688206758d0bf770f91,gx-no-cache=1485969059384 HTTP/1.1" 200 11763
192.168.10.54 - - [01/Feb/2017:13:16:13 -0300] "POST /cormun/servlet/trautorizarot?1ffcac9ade904688206758d0bf770f91,gx-no-cache=1485969070466 HTTP/1.1" 200 11697
192.168.10.54 - - [01/Feb/2017:13:16:21 -0300] "POST /cormun/servlet/trautorizarot?1ffcac9ade904688206758d0bf770f91,gx-no-cache=1485969078165 HTTP/1.1" 200 11465
192.168.10.54 - - [01/Feb/2017:13:16:31 -0300] "POST /cormun/servlet/trautorizarot?1ffcac9ade904688206758d0bf770f91,gx-no-cache=1485969088765 HTTP/1.1" 200 11401
192.168.10.54 - - [01/Feb/2017:13:16:51 -0300] "POST /cormun/servlet/trautorizarot?1ffcac9ade904688206758d0bf770f91,gx-no-cache=1485969108406 HTTP/1.1" 200 11046
192.168.10.54 - - [01/Feb/2017:13:17:01 -0300] "POST /cormun/servlet/trautorizarot?1ffcac9ade904688206758d0bf770f91,gx-no-cache=1485969118487 HTTP/1.1" 200 10981
192.168.10.54 - - [01/Feb/2017:13:17:10 -0300] "POST /cormun/servlet/trautorizarot?1ffcac9ade904688206758d0bf770f91,gx-no-cache=1485969127359 HTTP/1.1" 200 10765
192.168.10.54 - - [01/Feb/2017:13:17:19 -0300] "POST /cormun/servlet/trautorizarot?1ffcac9ade904688206758d0bf770f91,gx-no-cache=1485969136923 HTTP/1.1" 200 10700
192.168.10.54 - - [01/Feb/2017:13:17:39 -0300] "POST /cormun/servlet/trautorizarot?1ffcac9ade904688206758d0bf770f91,gx-no-cache=1485969156707 HTTP/1.1" 200 10388
192.168.10.54 - - [01/Feb/2017:13:17:48 -0300] "POST /cormun/servlet/trautorizarot?1ffcac9ade904688206758d0bf770f91,gx-no-cache=1485969165795 HTTP/1.1" 200 10324
192.168.10.54 - - [01/Feb/2017:13:18:11 -0300] "POST /cormun/servlet/trautorizarot?1ffcac9ade904688206758d0bf770f91,gx-no-cache=1485969188596 HTTP/1.1" 200 10114
192.168.10.54 - - [01/Feb/2017:13:18:20 -0300] "POST /cormun/servlet/trautorizarot?1ffcac9ade904688206758d0bf770f91,gx-no-cache=1485969197134 HTTP/1.1" 200 10049
192.168.10.54 - - [01/Feb/2017:13:18:32 -0300] "POST /cormun/servlet/trautorizarot?1ffcac9ade904688206758d0bf770f91,gx-no-cache=1485969209841 HTTP/1.1" 200 9803
192.168.10.54 - - [01/Feb/2017:13:18:40 -0300] "POST /cormun/servlet/trautorizarot?1ffcac9ade904688206758d0bf770f91,gx-no-cache=1485969217907 HTTP/1.1" 200 9739
192.168.10.54 - - [01/Feb/2017:13:18:51 -0300] "POST /cormun/servlet/trautorizarot?1ffcac9ade904688206758d0bf770f91,gx-no-cache=1485969228987 HTTP/1.1" 200 9524
192.168.10.54 - - [01/Feb/2017:13:18:59 -0300] "POST /cormun/servlet/trautorizarot?1ffcac9ade904688206758d0bf770f91,gx-no-cache=1485969236509 HTTP/1.1" 200 9444
192.168.10.54 - - [01/Feb/2017:13:19:06 -0300] "POST /cormun/servlet/trautorizarot?1ffcac9ade904688206758d0bf770f91,gx-no-cache=1485969243427 HTTP/1.1" 200 9125
192.168.10.54 - - [01/Feb/2017:13:19:13 -0300] "POST /cormun/servlet/trautorizarot?1ffcac9ade904688206758d0bf770f91,gx-no-cache=1485969250378 HTTP/1.1" 200 9061
192.168.10.54 - - [01/Feb/2017:13:19:18 -0300] "POST /cormun/servlet/trautorizarot?1ffcac9ade904688206758d0bf770f91,gx-no-cache=1485969255690 HTTP/1.1" 200 8827
192.168.10.54 - - [01/Feb/2017:13:19:25 -0300] "POST /cormun/servlet/trautorizarot?1ffcac9ade904688206758d0bf770f91,gx-no-cache=1485969262095 HTTP/1.1" 200 8761
192.168.10.54 - - [01/Feb/2017:13:19:29 -0300] "POST /cormun/servlet/trautorizarot?1ffcac9ade904688206758d0bf770f91,gx-no-cache=1485969266798 HTTP/1.1" 200 8522
192.168.10.54 - - [01/Feb/2017:13:19:35 -0300] "POST /cormun/servlet/trautorizarot?1ffcac9ade904688206758d0bf770f91,gx-no-cache=1485969272643 HTTP/1.1" 200 8455
192.168.10.54 - - [01/Feb/2017:13:19:40 -0300] "POST /cormun/servlet/trautorizarot?1ffcac9ade904688206758d0bf770f91,gx-no-cache=1485969277914 HTTP/1.1" 200 8139
192.168.10.54 - - [01/Feb/2017:13:19:46 -0300] "POST /cormun/servlet/trautorizarot?1ffcac9ade904688206758d0bf770f91,gx-no-cache=1485969283168 HTTP/1.1" 200 8075
192.168.10.54 - - [01/Feb/2017:13:19:50 -0300] "POST /cormun/servlet/trautorizarot?1ffcac9ade904688206758d0bf770f91,gx-no-cache=1485969287485 HTTP/1.1" 200 7836
192.168.10.54 - - [01/Feb/2017:13:19:55 -0300] "POST /cormun/servlet/trautorizarot?1ffcac9ade904688206758d0bf770f91,gx-no-cache=1485969292136 HTTP/1.1" 200 7773
192.168.10.54 - - [01/Feb/2017:13:22:18 -0300] "POST /cormun/servlet/trautorizarot?1ffcac9ade904688206758d0bf770f91,gx-no-cache=1485969435194 HTTP/1.1" 200 7512
192.168.10.54 - - [01/Feb/2017:13:22:22 -0300] "POST /cormun/servlet/trautorizarot?1ffcac9ade904688206758d0bf770f91,gx-no-cache=1485969439258 HTTP/1.1" 200 7450
192.168.10.54 - - [01/Feb/2017:13:22:27 -0300] "POST /cormun/servlet/trautorizarot?1ffcac9ade904688206758d0bf770f91,gx-no-cache=1485969444396 HTTP/1.1" 200 7194
192.168.10.54 - - [01/Feb/2017:13:22:30 -0300] "POST /cormun/servlet/trautorizarot?1ffcac9ade904688206758d0bf770f91,gx-no-cache=1485969447840 HTTP/1.1" 200 7130
192.168.10.54 - - [01/Feb/2017:13:22:33 -0300] "POST /cormun/servlet/trautorizarot?1ffcac9ade904688206758d0bf770f91,gx-no-cache=1485969450803 HTTP/1.1" 200 6874
192.168.10.54 - - [01/Feb/2017:13:22:36 -0300] "POST /cormun/servlet/trautorizarot?1ffcac9ade904688206758d0bf770f91,gx-no-cache=1485969453635 HTTP/1.1" 200 6810
192.168.10.54 - - [01/Feb/2017:13:22:39 -0300] "POST /cormun/servlet/trautorizarot?1ffcac9ade904688206758d0bf770f91,gx-no-cache=1485969456290 HTTP/1.1" 200 6564
192.168.10.54 - - [01/Feb/2017:13:22:41 -0300] "POST /cormun/servlet/trautorizarot?1ffcac9ade904688206758d0bf770f91,gx-no-cache=1485969458492 HTTP/1.1" 200 6500
192.168.10.54 - - [01/Feb/2017:13:22:44 -0300] "POST /cormun/servlet/trautorizarot?1ffcac9ade904688206758d0bf770f91,gx-no-cache=1485969461105 HTTP/1.1" 200 6184
192.168.10.54 - - [01/Feb/2017:13:22:45 -0300] "POST /cormun/servlet/trautorizarot?1ffcac9ade904688206758d0bf770f91,gx-no-cache=1485969462668 HTTP/1.1" 200 6125
192.168.10.54 - - [01/Feb/2017:13:22:47 -0300] "POST /cormun/servlet/trautorizarot?1ffcac9ade904688206758d0bf770f91,gx-no-cache=1485969464883 HTTP/1.1" 200 5131
192.168.10.54 - - [01/Feb/2017:13:22:48 -0300] "POST /cormun/servlet/trautorizarot?1ffcac9ade904688206758d0bf770f91,gx-no-cache=1485969465777 HTTP/1.1" 200 4901
192.168.10.99 - - [01/Feb/2017:13:42:59 -0300] "GET /cormun/servlet/hlogin HTTP/1.1" 200 1722
192.168.10.99 - - [01/Feb/2017:13:42:59 -0300] "GET /cormun/static/gxtimezone.js?85251 HTTP/1.1" 304 -
192.168.10.99 - - [01/Feb/2017:13:42:59 -0300] "GET /cormun/static/gxcfg.js?201612216162538 HTTP/1.1" 304 -
192.168.10.99 - - [01/Feb/2017:13:42:59 -0300] "GET /cormun/static/messages.spa.js?85251 HTTP/1.1" 304 -
192.168.10.99 - - [01/Feb/2017:13:43:03 -0300] "GET /cormun/servlet/hlogin HTTP/1.1" 200 1722
46.174.191.30 - - [01/Feb/2017:13:58:59 -0300] "GET / HTTP/1.0" 200 11197
192.168.10.62 - - [01/Feb/2017:15:11:30 -0300] "GET /cormun/servlet/hlogin HTTP/1.1" 200 1721
192.168.10.62 - - [01/Feb/2017:15:11:30 -0300] "GET /cormun/static/gxcfg.js?201612216162538 HTTP/1.1" 304 -
192.168.10.62 - - [01/Feb/2017:15:11:38 -0300] "POST /cormun/servlet/hlogin?67b347945302b34999a46c475a457d05,gx-no-cache=1485975995975 HTTP/1.1" 200 90
192.168.10.62 - - [01/Feb/2017:15:11:38 -0300] "GET /cormun/servlet/hpexe_link HTTP/1.1" 200 956
192.168.10.62 - - [01/Feb/2017:15:11:38 -0300] "GET /cormun/static/gxcfg.js?201612218515529 HTTP/1.1" 304 -
192.168.10.62 - - [01/Feb/2017:15:11:38 -0300] "GET /cormun/servlet/hhome HTTP/1.1" 200 3738
192.168.10.62 - - [01/Feb/2017:15:11:38 -0300] "GET /cormun/static/gxcfg.js?201612218515568 HTTP/1.1" 304 -
192.168.10.62 - - [01/Feb/2017:15:11:39 -0300] "GET /cormun/servlet/hhome HTTP/1.1" 200 3737
192.168.10.62 - - [01/Feb/2017:15:12:01 -0300] "GET /cormun/servlet/trsolicitudgral? HTTP/1.1" 200 23554
192.168.10.62 - - [01/Feb/2017:15:12:01 -0300] "GET /cormun/static/gxcfg.js?20171219254720 HTTP/1.1" 304 -
192.168.10.62 - - [01/Feb/2017:15:12:04 -0300] "GET /cormun/servlet/trsolicitudgral? HTTP/1.1" 200 23551
192.168.10.62 - - [01/Feb/2017:15:12:15 -0300] "POST /cormun/servlet/trsolicitudgral?67b347945302b34999a46c475a457d05,,gx-no-cache=1485976032025 HTTP/1.1" 200 13933
192.168.10.62 - - [01/Feb/2017:15:12:17 -0300] "POST /cormun/servlet/trsolicitudgral?67b347945302b34999a46c475a457d05,,gx-no-cache=1485976034803 HTTP/1.1" 200 13702
192.168.10.62 - - [01/Feb/2017:15:12:17 -0300] "GET /cormun/static/Shared/jqueryui/images/ui-bg_highlight-soft_100_c6c2c8_1x100.png HTTP/1.1" 404 1117
192.168.10.62 - - [01/Feb/2017:15:12:17 -0300] "GET /cormun/static/Shared/jqueryui/images/ui-icons_82798d_256x240.png HTTP/1.1" 404 1089
192.168.10.62 - - [01/Feb/2017:15:12:18 -0300] "GET /cormun/static/Shared/jqueryui/images/ui-bg_flat_55_fafafa_40x100.png HTTP/1.1" 404 1097
192.168.10.62 - - [01/Feb/2017:15:12:18 -0300] "GET /cormun/static/Shared/jqueryui/images/ui-icons_8d78a5_256x240.png HTTP/1.1" 404 1089
192.168.10.62 - - [01/Feb/2017:15:12:18 -0300] "POST /cormun/servlet/trsolicitudgral?67b347945302b34999a46c475a457d05,,gx-no-cache=1485976035537 HTTP/1.1" 200 13640
192.168.10.62 - - [01/Feb/2017:15:12:20 -0300] "POST /cormun/servlet/trsolicitudgral?67b347945302b34999a46c475a457d05,,gx-no-cache=1485976037303 HTTP/1.1" 200 13425
192.168.10.62 - - [01/Feb/2017:15:12:21 -0300] "POST /cormun/servlet/trsolicitudgral?67b347945302b34999a46c475a457d05,,gx-no-cache=1485976038117 HTTP/1.1" 200 13363
192.168.10.62 - - [01/Feb/2017:15:12:23 -0300] "POST /cormun/servlet/trsolicitudgral?67b347945302b34999a46c475a457d05,,gx-no-cache=1485976040087 HTTP/1.1" 200 13109
192.168.10.62 - - [01/Feb/2017:15:12:23 -0300] "POST /cormun/servlet/trsolicitudgral?67b347945302b34999a46c475a457d05,,gx-no-cache=1485976040972 HTTP/1.1" 200 13049
192.168.10.62 - - [01/Feb/2017:15:12:25 -0300] "POST /cormun/servlet/trsolicitudgral?67b347945302b34999a46c475a457d05,,gx-no-cache=1485976042243 HTTP/1.1" 200 12815
192.168.10.62 - - [01/Feb/2017:15:12:26 -0300] "POST /cormun/servlet/trsolicitudgral?67b347945302b34999a46c475a457d05,,gx-no-cache=1485976043245 HTTP/1.1" 200 12751
