186.103.159.44 - - [31/Jan/2017:10:45:05 -0300] "GET /cormun/servlet/trsolicitudot HTTP/1.1" 200 10674
192.168.10.62 - - [31/Jan/2017:10:45:08 -0300] "POST /cormun/servlet/trsolicitudgral?ce1b22c9f24ea5501a94b4d75ad0a611,gx-no-cache=1485873605876 HTTP/1.1" 200 13629
192.168.10.62 - - [31/Jan/2017:10:45:11 -0300] "POST /cormun/servlet/trsolicitudgral?ce1b22c9f24ea5501a94b4d75ad0a611,gx-no-cache=1485873608937 HTTP/1.1" 200 13397
186.103.159.44 - - [31/Jan/2017:10:45:11 -0300] "POST /cormun/servlet/trsolicitudot?b575b15b89c62bd5d11e502759eb7555,gx-no-cache=1485870384967 HTTP/1.1" 200 106
186.103.159.44 - - [31/Jan/2017:10:45:12 -0300] "GET /cormun/servlet/trsolicitudadjuntos?2017,4726, HTTP/1.1" 200 5881
186.103.159.44 - - [31/Jan/2017:10:45:12 -0300] "GET /cormun/static/gxcfg.js?201612218531388 HTTP/1.1" 304 -
192.168.10.62 - - [31/Jan/2017:10:45:15 -0300] "POST /cormun/servlet/trsolicitudgral?ce1b22c9f24ea5501a94b4d75ad0a611,gx-no-cache=1485873612643 HTTP/1.1" 200 13337
192.168.10.62 - - [31/Jan/2017:10:45:18 -0300] "POST /cormun/servlet/trsolicitudgral?ce1b22c9f24ea5501a94b4d75ad0a611,gx-no-cache=1485873615500 HTTP/1.1" 200 13151
192.168.10.62 - - [31/Jan/2017:10:45:21 -0300] "POST /cormun/servlet/trsolicitudgral?ce1b22c9f24ea5501a94b4d75ad0a611,gx-no-cache=1485873619183 HTTP/1.1" 200 13087
186.103.159.44 - - [31/Jan/2017:10:45:22 -0300] "GET /cormun/servlet/solicitudotadjuntos?INS,2017,4726,,1, HTTP/1.1" 200 5813
186.103.159.44 - - [31/Jan/2017:10:45:22 -0300] "GET /cormun/static/gxcfg.js?201612218465951 HTTP/1.1" 304 -
186.103.159.44 - - [31/Jan/2017:10:45:22 -0300] "HEAD /cormun/static/about:blank HTTP/1.1" 404 -
186.103.159.44 - - [31/Jan/2017:10:45:23 -0300] "GET /cormun/servlet/solicitudotadjuntos?91b371d8b1ce6a3065410e7490d9a2430fbd4898e151733fdfeff3f52cd977adc260277d4d199d973ffdd19cf4b8292c,gx-no-cache=1485870397029 HTTP/1.1" 200 30
186.103.159.44 - - [31/Jan/2017:10:45:24 -0300] "POST /cormun/servlet/solicitudotadjuntos?b575b15b89c62bd5d11e502759eb7555,INS,2017,4726,,1,,gx-no-cache=1485870397168 HTTP/1.1" 200 3646
192.168.10.62 - - [31/Jan/2017:10:45:25 -0300] "POST /cormun/servlet/trsolicitudgral?ce1b22c9f24ea5501a94b4d75ad0a611,gx-no-cache=1485873622777 HTTP/1.1" 200 12875
192.168.10.62 - - [31/Jan/2017:10:45:29 -0300] "POST /cormun/servlet/trsolicitudgral?ce1b22c9f24ea5501a94b4d75ad0a611,gx-no-cache=1485873626412 HTTP/1.1" 200 12815
186.103.159.44 - - [31/Jan/2017:10:45:39 -0300] "POST /cormun/servlet/solicitudotadjuntos?gx-no-cache=1485870412358 HTTP/1.1" 200 26
192.168.10.62 - - [31/Jan/2017:10:45:44 -0300] "POST /cormun/servlet/trsolicitudgral?ce1b22c9f24ea5501a94b4d75ad0a611,gx-no-cache=1485873641938 HTTP/1.1" 200 12567
192.168.10.62 - - [31/Jan/2017:10:45:48 -0300] "POST /cormun/servlet/trsolicitudgral?ce1b22c9f24ea5501a94b4d75ad0a611,gx-no-cache=1485873645545 HTTP/1.1" 200 12507
192.168.10.62 - - [31/Jan/2017:10:45:50 -0300] "POST /cormun/servlet/trsolicitudgral?ce1b22c9f24ea5501a94b4d75ad0a611,gx-no-cache=1485873648317 HTTP/1.1" 200 12280
192.168.10.62 - - [31/Jan/2017:10:45:54 -0300] "POST /cormun/servlet/trsolicitudgral?ce1b22c9f24ea5501a94b4d75ad0a611,gx-no-cache=1485873651892 HTTP/1.1" 200 12219
192.168.10.62 - - [31/Jan/2017:10:45:57 -0300] "POST /cormun/servlet/trsolicitudgral?ce1b22c9f24ea5501a94b4d75ad0a611,gx-no-cache=1485873654883 HTTP/1.1" 200 11987
192.168.10.62 - - [31/Jan/2017:10:46:01 -0300] "POST /cormun/servlet/trsolicitudgral?ce1b22c9f24ea5501a94b4d75ad0a611,gx-no-cache=1485873658434 HTTP/1.1" 200 11927
192.168.10.62 - - [31/Jan/2017:10:46:04 -0300] "POST /cormun/servlet/trsolicitudgral?ce1b22c9f24ea5501a94b4d75ad0a611,gx-no-cache=1485873661435 HTTP/1.1" 200 11717
186.103.159.44 - - [31/Jan/2017:10:46:07 -0300] "GET /cormun/servlet/solicitudotadjuntos?91b371d8b1ce6a3065410e7490d9a2434a99918cdd20496a9d5926bc7cf4a120,gx-no-cache=1485870440392 HTTP/1.1" 200 30
186.103.159.44 - - [31/Jan/2017:10:46:07 -0300] "GET /cormun/servlet/solicitudotadjuntos?91b371d8b1ce6a3065410e7490d9a2434a99918cdd20496a9d5926bc7cf4a120,gx-no-cache=1485870440435 HTTP/1.1" 200 30
192.168.10.62 - - [31/Jan/2017:10:46:07 -0300] "POST /cormun/servlet/trsolicitudgral?ce1b22c9f24ea5501a94b4d75ad0a611,gx-no-cache=1485873664920 HTTP/1.1" 200 11657
186.103.159.44 - - [31/Jan/2017:10:46:07 -0300] "POST /cormun/servlet/solicitudotadjuntos?b575b15b89c62bd5d11e502759eb7555,INS,2017,4726,,1, HTTP/1.1" 200 116
186.103.159.44 - - [31/Jan/2017:10:46:07 -0300] "GET /cormun/servlet/hpexe_return? HTTP/1.1" 200 1030
186.103.159.44 - - [31/Jan/2017:10:46:08 -0300] "GET /cormun/servlet/trsolicitudadjuntos?2017,4726, HTTP/1.1" 200 7938
192.168.10.62 - - [31/Jan/2017:10:46:10 -0300] "POST /cormun/servlet/trsolicitudgral?ce1b22c9f24ea5501a94b4d75ad0a611,gx-no-cache=1485873667921 HTTP/1.1" 200 11400
186.103.159.44 - - [31/Jan/2017:10:46:12 -0300] "GET /cormun/servlet/solicitudotadjuntos?INS,2017,4726,,1, HTTP/1.1" 200 5811
186.103.159.44 - - [31/Jan/2017:10:46:12 -0300] "HEAD /cormun/static/about:blank HTTP/1.1" 404 -
186.103.159.44 - - [31/Jan/2017:10:46:13 -0300] "GET /cormun/servlet/solicitudotadjuntos?91b371d8b1ce6a3065410e7490d9a2430fbd4898e151733fdfeff3f52cd977adc260277d4d199d973ffdd19cf4b8292c,gx-no-cache=1485870447054 HTTP/1.1" 200 30
192.168.10.62 - - [31/Jan/2017:10:46:13 -0300] "POST /cormun/servlet/trsolicitudgral?ce1b22c9f24ea5501a94b4d75ad0a611,gx-no-cache=1485873671373 HTTP/1.1" 200 11340
186.103.159.44 - - [31/Jan/2017:10:46:14 -0300] "POST /cormun/servlet/solicitudotadjuntos?b575b15b89c62bd5d11e502759eb7555,INS,2017,4726,,1,,gx-no-cache=1485870447181 HTTP/1.1" 200 3645
192.168.10.62 - - [31/Jan/2017:10:46:16 -0300] "POST /cormun/servlet/trsolicitudgral?ce1b22c9f24ea5501a94b4d75ad0a611,gx-no-cache=1485873674069 HTTP/1.1" 200 11090
192.168.10.62 - - [31/Jan/2017:10:46:20 -0300] "POST /cormun/servlet/trsolicitudgral?ce1b22c9f24ea5501a94b4d75ad0a611,gx-no-cache=1485873677412 HTTP/1.1" 200 11029
192.168.10.62 - - [31/Jan/2017:10:46:34 -0300] "POST /cormun/servlet/trsolicitudgral?ce1b22c9f24ea5501a94b4d75ad0a611,gx-no-cache=1485873692223 HTTP/1.1" 200 10799
186.103.159.44 - - [31/Jan/2017:10:46:36 -0300] "POST /cormun/servlet/solicitudotadjuntos?gx-no-cache=1485870470018 HTTP/1.1" 200 26
192.168.10.62 - - [31/Jan/2017:10:46:38 -0300] "POST /cormun/servlet/trsolicitudgral?ce1b22c9f24ea5501a94b4d75ad0a611,gx-no-cache=1485873695465 HTTP/1.1" 200 10738
192.168.10.62 - - [31/Jan/2017:10:46:41 -0300] "POST /cormun/servlet/trsolicitudgral?ce1b22c9f24ea5501a94b4d75ad0a611,gx-no-cache=1485873698464 HTTP/1.1" 200 10380
192.168.10.62 - - [31/Jan/2017:10:46:44 -0300] "POST /cormun/servlet/trsolicitudgral?ce1b22c9f24ea5501a94b4d75ad0a611,gx-no-cache=1485873701594 HTTP/1.1" 200 10320
186.103.159.44 - - [31/Jan/2017:10:46:46 -0300] "GET /cormun/servlet/solicitudotadjuntos?91b371d8b1ce6a3065410e7490d9a2434a99918cdd20496a9d5926bc7cf4a120,gx-no-cache=1485870479586 HTTP/1.1" 200 30
186.103.159.44 - - [31/Jan/2017:10:46:46 -0300] "GET /cormun/servlet/solicitudotadjuntos?91b371d8b1ce6a3065410e7490d9a2434a99918cdd20496a9d5926bc7cf4a120,gx-no-cache=1485870479661 HTTP/1.1" 200 30
192.168.10.62 - - [31/Jan/2017:10:46:46 -0300] "POST /cormun/servlet/trsolicitudgral?ce1b22c9f24ea5501a94b4d75ad0a611,gx-no-cache=1485873704366 HTTP/1.1" 200 10137
186.103.159.44 - - [31/Jan/2017:10:46:49 -0300] "POST /cormun/servlet/solicitudotadjuntos?b575b15b89c62bd5d11e502759eb7555,INS,2017,4726,,1, HTTP/1.1" 200 116
186.103.159.44 - - [31/Jan/2017:10:46:49 -0300] "GET /cormun/servlet/hpexe_return? HTTP/1.1" 200 1030
192.168.10.62 - - [31/Jan/2017:10:46:49 -0300] "POST /cormun/servlet/trsolicitudgral?ce1b22c9f24ea5501a94b4d75ad0a611,gx-no-cache=1485873707365 HTTP/1.1" 200 10075
186.103.159.44 - - [31/Jan/2017:10:46:50 -0300] "GET /cormun/servlet/trsolicitudadjuntos?2017,4726, HTTP/1.1" 200 8161
186.103.159.44 - - [31/Jan/2017:10:46:53 -0300] "GET /cormun/servlet/solicitudotadjuntos?INS,2017,4726,,1, HTTP/1.1" 200 5811
186.103.159.44 - - [31/Jan/2017:10:46:54 -0300] "HEAD /cormun/static/about:blank HTTP/1.1" 404 -
186.103.159.44 - - [31/Jan/2017:10:46:55 -0300] "GET /cormun/servlet/solicitudotadjuntos?91b371d8b1ce6a3065410e7490d9a2430fbd4898e151733fdfeff3f52cd977adc260277d4d199d973ffdd19cf4b8292c,gx-no-cache=1485870488296 HTTP/1.1" 200 30
186.103.159.44 - - [31/Jan/2017:10:46:55 -0300] "POST /cormun/servlet/solicitudotadjuntos?b575b15b89c62bd5d11e502759eb7555,INS,2017,4726,,1,,gx-no-cache=1485870488427 HTTP/1.1" 200 3645
186.103.159.44 - - [31/Jan/2017:10:46:58 -0300] "POST /cormun/servlet/solicitudotadjuntos?gx-no-cache=1485870491501 HTTP/1.1" 200 26
186.103.159.44 - - [31/Jan/2017:10:47:08 -0300] "GET /cormun/servlet/solicitudotadjuntos?91b371d8b1ce6a3065410e7490d9a2434a99918cdd20496a9d5926bc7cf4a120,gx-no-cache=1485870501357 HTTP/1.1" 200 30
186.103.159.44 - - [31/Jan/2017:10:47:08 -0300] "GET /cormun/servlet/solicitudotadjuntos?91b371d8b1ce6a3065410e7490d9a2434a99918cdd20496a9d5926bc7cf4a120,gx-no-cache=1485870501434 HTTP/1.1" 200 30
186.103.159.44 - - [31/Jan/2017:10:47:10 -0300] "POST /cormun/servlet/solicitudotadjuntos?b575b15b89c62bd5d11e502759eb7555,INS,2017,4726,,1, HTTP/1.1" 200 116
186.103.159.44 - - [31/Jan/2017:10:47:10 -0300] "GET /cormun/servlet/hpexe_return? HTTP/1.1" 200 1030
186.103.159.44 - - [31/Jan/2017:10:47:11 -0300] "GET /cormun/servlet/trsolicitudadjuntos?2017,4726, HTTP/1.1" 200 8315
186.103.159.44 - - [31/Jan/2017:10:47:14 -0300] "GET /cormun/servlet/solicitudotadjuntos?INS,2017,4726,,1, HTTP/1.1" 200 5812
186.103.159.44 - - [31/Jan/2017:10:47:15 -0300] "HEAD /cormun/static/about:blank HTTP/1.1" 404 -
186.103.159.44 - - [31/Jan/2017:10:47:16 -0300] "GET /cormun/servlet/solicitudotadjuntos?91b371d8b1ce6a3065410e7490d9a2430fbd4898e151733fdfeff3f52cd977adc260277d4d199d973ffdd19cf4b8292c,gx-no-cache=1485870509633 HTTP/1.1" 200 30
186.103.159.44 - - [31/Jan/2017:10:47:16 -0300] "POST /cormun/servlet/solicitudotadjuntos?b575b15b89c62bd5d11e502759eb7555,INS,2017,4726,,1,,gx-no-cache=1485870509709 HTTP/1.1" 200 3646
186.103.159.44 - - [31/Jan/2017:10:47:20 -0300] "POST /cormun/servlet/solicitudotadjuntos?gx-no-cache=1485870513162 HTTP/1.1" 200 26
186.103.159.44 - - [31/Jan/2017:10:47:29 -0300] "GET /cormun/servlet/solicitudotadjuntos?91b371d8b1ce6a3065410e7490d9a2434a99918cdd20496a9d5926bc7cf4a120,gx-no-cache=1485870522154 HTTP/1.1" 200 30
186.103.159.44 - - [31/Jan/2017:10:47:29 -0300] "GET /cormun/servlet/solicitudotadjuntos?91b371d8b1ce6a3065410e7490d9a2434a99918cdd20496a9d5926bc7cf4a120,gx-no-cache=1485870522219 HTTP/1.1" 200 30
186.103.159.44 - - [31/Jan/2017:10:47:31 -0300] "POST /cormun/servlet/solicitudotadjuntos?b575b15b89c62bd5d11e502759eb7555,INS,2017,4726,,1, HTTP/1.1" 200 116
186.103.159.44 - - [31/Jan/2017:10:47:31 -0300] "GET /cormun/servlet/hpexe_return? HTTP/1.1" 200 1030
186.103.159.44 - - [31/Jan/2017:10:47:31 -0300] "GET /cormun/servlet/trsolicitudadjuntos?2017,4726, HTTP/1.1" 200 8456
186.103.159.44 - - [31/Jan/2017:10:47:35 -0300] "GET /cormun/servlet/solicitudotadjuntos?INS,2017,4726,,1, HTTP/1.1" 200 5812
186.103.159.44 - - [31/Jan/2017:10:47:35 -0300] "HEAD /cormun/static/about:blank HTTP/1.1" 404 -
186.103.159.44 - - [31/Jan/2017:10:47:36 -0300] "GET /cormun/servlet/solicitudotadjuntos?91b371d8b1ce6a3065410e7490d9a2430fbd4898e151733fdfeff3f52cd977adc260277d4d199d973ffdd19cf4b8292c,gx-no-cache=1485870530059 HTTP/1.1" 200 30
186.103.159.44 - - [31/Jan/2017:10:47:37 -0300] "POST /cormun/servlet/solicitudotadjuntos?b575b15b89c62bd5d11e502759eb7555,INS,2017,4726,,1,,gx-no-cache=1485870530181 HTTP/1.1" 200 3646
186.103.159.44 - - [31/Jan/2017:10:47:39 -0300] "POST /cormun/servlet/solicitudotadjuntos?gx-no-cache=1485870533067 HTTP/1.1" 200 26
186.103.159.44 - - [31/Jan/2017:10:47:46 -0300] "GET /cormun/servlet/solicitudotadjuntos?91b371d8b1ce6a3065410e7490d9a2434a99918cdd20496a9d5926bc7cf4a120,gx-no-cache=1485870539842 HTTP/1.1" 200 30
186.103.159.44 - - [31/Jan/2017:10:47:46 -0300] "GET /cormun/servlet/solicitudotadjuntos?91b371d8b1ce6a3065410e7490d9a2434a99918cdd20496a9d5926bc7cf4a120,gx-no-cache=1485870539916 HTTP/1.1" 200 30
192.168.10.62 - - [31/Jan/2017:10:47:47 -0300] "POST /cormun/servlet/trsolicitudgral?ce1b22c9f24ea5501a94b4d75ad0a611,gx-no-cache=1485873765214 HTTP/1.1" 200 9840
192.168.10.62 - - [31/Jan/2017:10:47:50 -0300] "POST /cormun/servlet/trsolicitudgral?ce1b22c9f24ea5501a94b4d75ad0a611,gx-no-cache=1485873768118 HTTP/1.1" 200 9776
186.103.159.44 - - [31/Jan/2017:10:47:51 -0300] "POST /cormun/servlet/solicitudotadjuntos?b575b15b89c62bd5d11e502759eb7555,INS,2017,4726,,1, HTTP/1.1" 200 116
186.103.159.44 - - [31/Jan/2017:10:47:51 -0300] "GET /cormun/servlet/hpexe_return? HTTP/1.1" 200 1030
186.103.159.44 - - [31/Jan/2017:10:47:52 -0300] "GET /cormun/servlet/trsolicitudadjuntos?2017,4726, HTTP/1.1" 200 8597
192.168.10.62 - - [31/Jan/2017:10:47:53 -0300] "POST /cormun/servlet/trsolicitudgral?ce1b22c9f24ea5501a94b4d75ad0a611,gx-no-cache=1485873770471 HTTP/1.1" 200 9514
192.168.10.62 - - [31/Jan/2017:10:47:55 -0300] "POST /cormun/servlet/trsolicitudgral?ce1b22c9f24ea5501a94b4d75ad0a611,gx-no-cache=1485873773289 HTTP/1.1" 200 9452
186.103.159.44 - - [31/Jan/2017:10:47:57 -0300] "GET /cormun/servlet/solicitudotadjuntos?INS,2017,4726,,1, HTTP/1.1" 200 5812
186.103.159.44 - - [31/Jan/2017:10:47:57 -0300] "HEAD /cormun/static/about:blank HTTP/1.1" 404 -
192.168.10.62 - - [31/Jan/2017:10:47:58 -0300] "POST /cormun/servlet/trsolicitudgral?ce1b22c9f24ea5501a94b4d75ad0a611,gx-no-cache=1485873775558 HTTP/1.1" 200 9182
186.103.159.44 - - [31/Jan/2017:10:47:58 -0300] "GET /cormun/servlet/solicitudotadjuntos?91b371d8b1ce6a3065410e7490d9a2430fbd4898e151733fdfeff3f52cd977adc260277d4d199d973ffdd19cf4b8292c,gx-no-cache=1485870551968 HTTP/1.1" 200 30
186.103.159.44 - - [31/Jan/2017:10:47:59 -0300] "POST /cormun/servlet/solicitudotadjuntos?b575b15b89c62bd5d11e502759eb7555,INS,2017,4726,,1,,gx-no-cache=1485870552088 HTTP/1.1" 200 3646
192.168.10.62 - - [31/Jan/2017:10:48:00 -0300] "POST /cormun/servlet/trsolicitudgral?ce1b22c9f24ea5501a94b4d75ad0a611,gx-no-cache=1485873778206 HTTP/1.1" 200 9109
186.103.159.44 - - [31/Jan/2017:10:48:01 -0300] "POST /cormun/servlet/solicitudotadjuntos?gx-no-cache=1485870555024 HTTP/1.1" 200 26
192.168.10.62 - - [31/Jan/2017:10:48:02 -0300] "POST /cormun/servlet/trsolicitudgral?ce1b22c9f24ea5501a94b4d75ad0a611,gx-no-cache=1485873779846 HTTP/1.1" 200 8871
192.168.10.62 - - [31/Jan/2017:10:48:04 -0300] "POST /cormun/servlet/trsolicitudgral?ce1b22c9f24ea5501a94b4d75ad0a611,gx-no-cache=1485873782331 HTTP/1.1" 200 8809
192.168.10.62 - - [31/Jan/2017:10:48:06 -0300] "POST /cormun/servlet/trsolicitudgral?ce1b22c9f24ea5501a94b4d75ad0a611,gx-no-cache=1485873783845 HTTP/1.1" 200 8528
186.103.159.44 - - [31/Jan/2017:10:48:08 -0300] "GET /cormun/servlet/solicitudotadjuntos?91b371d8b1ce6a3065410e7490d9a2434a99918cdd20496a9d5926bc7cf4a120,gx-no-cache=1485870561734 HTTP/1.1" 200 30
186.103.159.44 - - [31/Jan/2017:10:48:08 -0300] "GET /cormun/servlet/solicitudotadjuntos?91b371d8b1ce6a3065410e7490d9a2434a99918cdd20496a9d5926bc7cf4a120,gx-no-cache=1485870561776 HTTP/1.1" 200 30
192.168.10.62 - - [31/Jan/2017:10:48:08 -0300] "POST /cormun/servlet/trsolicitudgral?ce1b22c9f24ea5501a94b4d75ad0a611,gx-no-cache=1485873786164 HTTP/1.1" 200 8471
192.168.10.62 - - [31/Jan/2017:10:48:10 -0300] "POST /cormun/servlet/trsolicitudgral?ce1b22c9f24ea5501a94b4d75ad0a611,gx-no-cache=1485873787549 HTTP/1.1" 200 8188
186.103.159.44 - - [31/Jan/2017:10:48:11 -0300] "POST /cormun/servlet/solicitudotadjuntos?b575b15b89c62bd5d11e502759eb7555,INS,2017,4726,,1, HTTP/1.1" 200 116
186.103.159.44 - - [31/Jan/2017:10:48:11 -0300] "GET /cormun/servlet/hpexe_return? HTTP/1.1" 200 1030
192.168.10.62 - - [31/Jan/2017:10:48:12 -0300] "POST /cormun/servlet/trsolicitudgral?ce1b22c9f24ea5501a94b4d75ad0a611,gx-no-cache=1485873789694 HTTP/1.1" 200 8129
186.103.159.44 - - [31/Jan/2017:10:48:13 -0300] "GET /cormun/servlet/trsolicitudadjuntos?2017,4726, HTTP/1.1" 200 8832
192.168.10.62 - - [31/Jan/2017:10:48:13 -0300] "POST /cormun/servlet/trsolicitudgral?ce1b22c9f24ea5501a94b4d75ad0a611,gx-no-cache=1485873791032 HTTP/1.1" 200 7868
192.168.10.62 - - [31/Jan/2017:10:48:15 -0300] "POST /cormun/servlet/trsolicitudgral?ce1b22c9f24ea5501a94b4d75ad0a611,gx-no-cache=1485873793040 HTTP/1.1" 200 7809
192.168.10.62 - - [31/Jan/2017:10:48:16 -0300] "POST /cormun/servlet/trsolicitudgral?ce1b22c9f24ea5501a94b4d75ad0a611,gx-no-cache=1485873794264 HTTP/1.1" 200 7508
186.103.159.44 - - [31/Jan/2017:10:48:16 -0300] "GET /cormun/servlet/solicitudotadjuntos?INS,2017,4726,,2, HTTP/1.1" 200 5811
186.103.159.44 - - [31/Jan/2017:10:48:17 -0300] "HEAD /cormun/static/about:blank HTTP/1.1" 404 -
186.103.159.44 - - [31/Jan/2017:10:48:18 -0300] "GET /cormun/servlet/solicitudotadjuntos?91b371d8b1ce6a3065410e7490d9a2430fbd4898e151733fdfeff3f52cd977adc260277d4d199d973ffdd19cf4b8292c,gx-no-cache=1485870571537 HTTP/1.1" 200 30
192.168.10.62 - - [31/Jan/2017:10:48:18 -0300] "POST /cormun/servlet/trsolicitudgral?ce1b22c9f24ea5501a94b4d75ad0a611,gx-no-cache=1485873796039 HTTP/1.1" 200 7448
186.103.159.44 - - [31/Jan/2017:10:48:18 -0300] "POST /cormun/servlet/solicitudotadjuntos?b575b15b89c62bd5d11e502759eb7555,INS,2017,4726,,2,,gx-no-cache=1485870571638 HTTP/1.1" 200 3858
192.168.10.62 - - [31/Jan/2017:10:48:19 -0300] "POST /cormun/servlet/trsolicitudgral?ce1b22c9f24ea5501a94b4d75ad0a611,gx-no-cache=1485873797183 HTTP/1.1" 200 7224
192.168.10.62 - - [31/Jan/2017:10:48:21 -0300] "POST /cormun/servlet/trsolicitudgral?ce1b22c9f24ea5501a94b4d75ad0a611,gx-no-cache=1485873798752 HTTP/1.1" 200 7166
192.168.10.62 - - [31/Jan/2017:10:48:22 -0300] "POST /cormun/servlet/trsolicitudgral?ce1b22c9f24ea5501a94b4d75ad0a611,gx-no-cache=1485873799734 HTTP/1.1" 200 6944
186.103.159.44 - - [31/Jan/2017:10:48:22 -0300] "POST /cormun/servlet/solicitudotadjuntos?gx-no-cache=1485870575948 HTTP/1.1" 200 26
192.168.10.62 - - [31/Jan/2017:10:48:23 -0300] "POST /cormun/servlet/trsolicitudgral?ce1b22c9f24ea5501a94b4d75ad0a611,gx-no-cache=1485873801089 HTTP/1.1" 200 6884
192.168.10.62 - - [31/Jan/2017:10:48:24 -0300] "POST /cormun/servlet/trsolicitudgral?ce1b22c9f24ea5501a94b4d75ad0a611,gx-no-cache=1485873801964 HTTP/1.1" 200 6647
192.168.10.62 - - [31/Jan/2017:10:48:25 -0300] "POST /cormun/servlet/trsolicitudgral?ce1b22c9f24ea5501a94b4d75ad0a611,gx-no-cache=1485873803102 HTTP/1.1" 200 6586
192.168.10.62 - - [31/Jan/2017:10:48:26 -0300] "POST /cormun/servlet/trsolicitudgral?ce1b22c9f24ea5501a94b4d75ad0a611,gx-no-cache=1485873803864 HTTP/1.1" 200 6306
192.168.10.62 - - [31/Jan/2017:10:48:27 -0300] "POST /cormun/servlet/trsolicitudgral?ce1b22c9f24ea5501a94b4d75ad0a611,gx-no-cache=1485873804772 HTTP/1.1" 200 6247
192.168.10.62 - - [31/Jan/2017:10:48:27 -0300] "POST /cormun/servlet/trsolicitudgral?ce1b22c9f24ea5501a94b4d75ad0a611,gx-no-cache=1485873805400 HTTP/1.1" 200 5899
186.103.159.44 - - [31/Jan/2017:10:48:27 -0300] "GET /cormun/servlet/solicitudotadjuntos?91b371d8b1ce6a3065410e7490d9a2434a99918cdd20496a9d5926bc7cf4a120,gx-no-cache=1485870581035 HTTP/1.1" 200 30
186.103.159.44 - - [31/Jan/2017:10:48:27 -0300] "GET /cormun/servlet/solicitudotadjuntos?91b371d8b1ce6a3065410e7490d9a2434a99918cdd20496a9d5926bc7cf4a120,gx-no-cache=1485870581071 HTTP/1.1" 200 30
186.103.159.44 - - [31/Jan/2017:10:48:28 -0300] "POST /cormun/servlet/solicitudotadjuntos?b575b15b89c62bd5d11e502759eb7555,INS,2017,4726,,2, HTTP/1.1" 200 116
186.103.159.44 - - [31/Jan/2017:10:48:28 -0300] "GET /cormun/servlet/hpexe_return? HTTP/1.1" 200 1030
192.168.10.62 - - [31/Jan/2017:10:48:28 -0300] "POST /cormun/servlet/trsolicitudgral?ce1b22c9f24ea5501a94b4d75ad0a611,gx-no-cache=1485873806043 HTTP/1.1" 200 5838
192.168.10.62 - - [31/Jan/2017:10:48:29 -0300] "POST /cormun/servlet/trsolicitudgral?ce1b22c9f24ea5501a94b4d75ad0a611,gx-no-cache=1485873806539 HTTP/1.1" 200 4785
186.103.159.44 - - [31/Jan/2017:10:48:29 -0300] "GET /cormun/servlet/trsolicitudadjuntos?2017,4726, HTTP/1.1" 200 9033
192.168.10.62 - - [31/Jan/2017:10:48:29 -0300] "POST /cormun/servlet/trsolicitudgral?ce1b22c9f24ea5501a94b4d75ad0a611,gx-no-cache=1485873807323 HTTP/1.1" 200 4556
192.168.10.62 - - [31/Jan/2017:10:48:34 -0300] "POST /cormun/servlet/trsolicitudgral?ce1b22c9f24ea5501a94b4d75ad0a611,gx-no-cache=1485873811959 HTTP/1.1" 200 7207
186.103.159.44 - - [31/Jan/2017:10:48:36 -0300] "GET /cormun/servlet/trsolicitudot? HTTP/1.1" 200 10675
192.168.10.62 - - [31/Jan/2017:10:48:37 -0300] "POST /cormun/servlet/trsolicitudgral?ce1b22c9f24ea5501a94b4d75ad0a611,gx-no-cache=1485873814554 HTTP/1.1" 200 6954
192.168.10.62 - - [31/Jan/2017:10:48:38 -0300] "POST /cormun/servlet/trsolicitudgral?ce1b22c9f24ea5501a94b4d75ad0a611,gx-no-cache=1485873816047 HTTP/1.1" 200 6893
192.168.10.62 - - [31/Jan/2017:10:48:39 -0300] "POST /cormun/servlet/trsolicitudgral?ce1b22c9f24ea5501a94b4d75ad0a611,gx-no-cache=1485873817150 HTTP/1.1" 200 6585
192.168.10.62 - - [31/Jan/2017:10:48:40 -0300] "POST /cormun/servlet/trsolicitudgral?ce1b22c9f24ea5501a94b4d75ad0a611,gx-no-cache=1485873818438 HTTP/1.1" 200 6527
192.168.10.62 - - [31/Jan/2017:10:48:42 -0300] "POST /cormun/servlet/trsolicitudgral?ce1b22c9f24ea5501a94b4d75ad0a611,gx-no-cache=1485873819838 HTTP/1.1" 200 6275
192.168.10.62 - - [31/Jan/2017:10:48:43 -0300] "POST /cormun/servlet/trsolicitudgral?ce1b22c9f24ea5501a94b4d75ad0a611,gx-no-cache=1485873820850 HTTP/1.1" 200 6215
192.168.10.62 - - [31/Jan/2017:10:48:44 -0300] "POST /cormun/servlet/trsolicitudgral?ce1b22c9f24ea5501a94b4d75ad0a611,gx-no-cache=1485873822061 HTTP/1.1" 200 5874
192.168.10.62 - - [31/Jan/2017:10:48:45 -0300] "POST /cormun/servlet/trsolicitudgral?ce1b22c9f24ea5501a94b4d75ad0a611,gx-no-cache=1485873822805 HTTP/1.1" 200 5816
192.168.10.62 - - [31/Jan/2017:10:48:46 -0300] "POST /cormun/servlet/trsolicitudgral?ce1b22c9f24ea5501a94b4d75ad0a611,gx-no-cache=1485873823877 HTTP/1.1" 200 4762
192.168.10.62 - - [31/Jan/2017:10:48:46 -0300] "POST /cormun/servlet/trsolicitudgral?ce1b22c9f24ea5501a94b4d75ad0a611,gx-no-cache=1485873824318 HTTP/1.1" 200 4556
192.168.10.62 - - [31/Jan/2017:10:48:50 -0300] "POST /cormun/servlet/trsolicitudgral?ce1b22c9f24ea5501a94b4d75ad0a611,gx-no-cache=1485873828210 HTTP/1.1" 200 8615
192.168.10.62 - - [31/Jan/2017:10:48:53 -0300] "POST /cormun/servlet/trsolicitudgral?ce1b22c9f24ea5501a94b4d75ad0a611,gx-no-cache=1485873831215 HTTP/1.1" 200 8231
192.168.10.62 - - [31/Jan/2017:10:48:56 -0300] "POST /cormun/servlet/trsolicitudgral?ce1b22c9f24ea5501a94b4d75ad0a611,gx-no-cache=1485873834080 HTTP/1.1" 200 8155
192.168.10.62 - - [31/Jan/2017:10:48:58 -0300] "POST /cormun/servlet/trsolicitudgral?ce1b22c9f24ea5501a94b4d75ad0a611,gx-no-cache=1485873835801 HTTP/1.1" 200 7894
192.168.10.62 - - [31/Jan/2017:10:49:00 -0300] "POST /cormun/servlet/trsolicitudgral?ce1b22c9f24ea5501a94b4d75ad0a611,gx-no-cache=1485873838439 HTTP/1.1" 200 7836
192.168.10.62 - - [31/Jan/2017:10:49:02 -0300] "POST /cormun/servlet/trsolicitudgral?ce1b22c9f24ea5501a94b4d75ad0a611,gx-no-cache=1485873840030 HTTP/1.1" 200 7613
192.168.10.62 - - [31/Jan/2017:10:49:04 -0300] "POST /cormun/servlet/trsolicitudgral?ce1b22c9f24ea5501a94b4d75ad0a611,gx-no-cache=1485873842389 HTTP/1.1" 200 7554
192.168.10.62 - - [31/Jan/2017:10:49:06 -0300] "POST /cormun/servlet/trsolicitudgral?ce1b22c9f24ea5501a94b4d75ad0a611,gx-no-cache=1485873843792 HTTP/1.1" 200 7307
192.168.10.62 - - [31/Jan/2017:10:49:08 -0300] "POST /cormun/servlet/trsolicitudgral?ce1b22c9f24ea5501a94b4d75ad0a611,gx-no-cache=1485873845821 HTTP/1.1" 200 7249
192.168.10.62 - - [31/Jan/2017:10:49:09 -0300] "POST /cormun/servlet/trsolicitudgral?ce1b22c9f24ea5501a94b4d75ad0a611,gx-no-cache=1485873847078 HTTP/1.1" 200 6983
192.168.10.62 - - [31/Jan/2017:10:49:11 -0300] "POST /cormun/servlet/trsolicitudgral?ce1b22c9f24ea5501a94b4d75ad0a611,gx-no-cache=1485873848853 HTTP/1.1" 200 6924
192.168.10.62 - - [31/Jan/2017:10:49:12 -0300] "POST /cormun/servlet/trsolicitudgral?ce1b22c9f24ea5501a94b4d75ad0a611,gx-no-cache=1485873850017 HTTP/1.1" 200 6643
192.168.10.62 - - [31/Jan/2017:10:49:13 -0300] "POST /cormun/servlet/trsolicitudgral?ce1b22c9f24ea5501a94b4d75ad0a611,gx-no-cache=1485873851492 HTTP/1.1" 200 6585
192.168.10.62 - - [31/Jan/2017:10:49:14 -0300] "POST /cormun/servlet/trsolicitudgral?ce1b22c9f24ea5501a94b4d75ad0a611,gx-no-cache=1485873852422 HTTP/1.1" 200 6270
192.168.10.62 - - [31/Jan/2017:10:49:16 -0300] "POST /cormun/servlet/trsolicitudgral?ce1b22c9f24ea5501a94b4d75ad0a611,gx-no-cache=1485873853566 HTTP/1.1" 200 6210
192.168.10.62 - - [31/Jan/2017:10:49:16 -0300] "POST /cormun/servlet/trsolicitudgral?ce1b22c9f24ea5501a94b4d75ad0a611,gx-no-cache=1485873854337 HTTP/1.1" 200 5893
192.168.10.62 - - [31/Jan/2017:10:49:17 -0300] "POST /cormun/servlet/trsolicitudgral?ce1b22c9f24ea5501a94b4d75ad0a611,gx-no-cache=1485873855150 HTTP/1.1" 200 5834
192.168.10.62 - - [31/Jan/2017:10:49:18 -0300] "POST /cormun/servlet/trsolicitudgral?ce1b22c9f24ea5501a94b4d75ad0a611,gx-no-cache=1485873856235 HTTP/1.1" 200 4766
192.168.10.62 - - [31/Jan/2017:10:49:19 -0300] "POST /cormun/servlet/trsolicitudgral?ce1b22c9f24ea5501a94b4d75ad0a611,gx-no-cache=1485873856742 HTTP/1.1" 200 4556
192.168.10.62 - - [31/Jan/2017:10:49:25 -0300] "POST /cormun/servlet/trsolicitudgral?ce1b22c9f24ea5501a94b4d75ad0a611,gx-no-cache=1485873862438 HTTP/1.1" 200 11001
192.168.10.62 - - [31/Jan/2017:10:49:29 -0300] "POST /cormun/servlet/trsolicitudgral?ce1b22c9f24ea5501a94b4d75ad0a611,gx-no-cache=1485873867306 HTTP/1.1" 200 10653
192.168.10.62 - - [31/Jan/2017:10:49:35 -0300] "POST /cormun/servlet/trsolicitudgral?ce1b22c9f24ea5501a94b4d75ad0a611,gx-no-cache=1485873873163 HTTP/1.1" 200 10592
192.168.10.62 - - [31/Jan/2017:10:49:41 -0300] "POST /cormun/servlet/trsolicitudgral?ce1b22c9f24ea5501a94b4d75ad0a611,gx-no-cache=1485873878517 HTTP/1.1" 200 10358
192.168.10.62 - - [31/Jan/2017:10:49:46 -0300] "POST /cormun/servlet/trsolicitudgral?ce1b22c9f24ea5501a94b4d75ad0a611,gx-no-cache=1485873883998 HTTP/1.1" 200 10298
192.168.10.62 - - [31/Jan/2017:10:49:51 -0300] "POST /cormun/servlet/trsolicitudgral?ce1b22c9f24ea5501a94b4d75ad0a611,gx-no-cache=1485873888853 HTTP/1.1" 200 10015
192.168.10.62 - - [31/Jan/2017:10:49:56 -0300] "POST /cormun/servlet/trsolicitudgral?ce1b22c9f24ea5501a94b4d75ad0a611,gx-no-cache=1485873894056 HTTP/1.1" 200 9951
192.168.10.62 - - [31/Jan/2017:10:50:00 -0300] "POST /cormun/servlet/trsolicitudgral?ce1b22c9f24ea5501a94b4d75ad0a611,gx-no-cache=1485873897640 HTTP/1.1" 200 9709
192.168.10.62 - - [31/Jan/2017:10:50:05 -0300] "POST /cormun/servlet/trsolicitudgral?ce1b22c9f24ea5501a94b4d75ad0a611,gx-no-cache=1485873902576 HTTP/1.1" 200 9649
192.168.10.62 - - [31/Jan/2017:10:50:08 -0300] "POST /cormun/servlet/trsolicitudgral?ce1b22c9f24ea5501a94b4d75ad0a611,gx-no-cache=1485873905426 HTTP/1.1" 200 9341
192.168.10.62 - - [31/Jan/2017:10:50:12 -0300] "POST /cormun/servlet/trsolicitudgral?ce1b22c9f24ea5501a94b4d75ad0a611,gx-no-cache=1485873910040 HTTP/1.1" 200 9265
192.168.10.62 - - [31/Jan/2017:10:50:15 -0300] "POST /cormun/servlet/trsolicitudgral?ce1b22c9f24ea5501a94b4d75ad0a611,gx-no-cache=1485873912687 HTTP/1.1" 200 9007
192.168.10.62 - - [31/Jan/2017:10:50:19 -0300] "POST /cormun/servlet/trsolicitudgral?ce1b22c9f24ea5501a94b4d75ad0a611,gx-no-cache=1485873916995 HTTP/1.1" 200 8948
192.168.10.62 - - [31/Jan/2017:10:50:32 -0300] "POST /cormun/servlet/trsolicitudgral?ce1b22c9f24ea5501a94b4d75ad0a611,gx-no-cache=1485873929610 HTTP/1.1" 200 8604
192.168.10.62 - - [31/Jan/2017:10:50:36 -0300] "POST /cormun/servlet/trsolicitudgral?ce1b22c9f24ea5501a94b4d75ad0a611,gx-no-cache=1485873933609 HTTP/1.1" 200 8548
192.168.10.62 - - [31/Jan/2017:10:50:39 -0300] "POST /cormun/servlet/trsolicitudgral?ce1b22c9f24ea5501a94b4d75ad0a611,gx-no-cache=1485873937362 HTTP/1.1" 200 8218
192.168.10.62 - - [31/Jan/2017:10:50:43 -0300] "POST /cormun/servlet/trsolicitudgral?ce1b22c9f24ea5501a94b4d75ad0a611,gx-no-cache=1485873941032 HTTP/1.1" 200 8141
192.168.10.62 - - [31/Jan/2017:10:50:45 -0300] "POST /cormun/servlet/trsolicitudgral?ce1b22c9f24ea5501a94b4d75ad0a611,gx-no-cache=1485873943162 HTTP/1.1" 200 7888
192.168.10.62 - - [31/Jan/2017:10:50:48 -0300] "POST /cormun/servlet/trsolicitudgral?ce1b22c9f24ea5501a94b4d75ad0a611,gx-no-cache=1485873946455 HTTP/1.1" 200 7830
192.168.10.62 - - [31/Jan/2017:10:50:50 -0300] "POST /cormun/servlet/trsolicitudgral?ce1b22c9f24ea5501a94b4d75ad0a611,gx-no-cache=1485873948424 HTTP/1.1" 200 7572
192.168.10.62 - - [31/Jan/2017:10:50:53 -0300] "POST /cormun/servlet/trsolicitudgral?ce1b22c9f24ea5501a94b4d75ad0a611,gx-no-cache=1485873951376 HTTP/1.1" 200 7512
192.168.10.62 - - [31/Jan/2017:10:50:55 -0300] "POST /cormun/servlet/trsolicitudgral?ce1b22c9f24ea5501a94b4d75ad0a611,gx-no-cache=1485873953183 HTTP/1.1" 200 7253
192.168.10.62 - - [31/Jan/2017:10:50:58 -0300] "POST /cormun/servlet/trsolicitudgral?ce1b22c9f24ea5501a94b4d75ad0a611,gx-no-cache=1485873955770 HTTP/1.1" 200 7195
192.168.10.62 - - [31/Jan/2017:10:50:59 -0300] "POST /cormun/servlet/trsolicitudgral?ce1b22c9f24ea5501a94b4d75ad0a611,gx-no-cache=1485873957309 HTTP/1.1" 200 6930
192.168.10.62 - - [31/Jan/2017:10:51:02 -0300] "POST /cormun/servlet/trsolicitudgral?ce1b22c9f24ea5501a94b4d75ad0a611,gx-no-cache=1485873959546 HTTP/1.1" 200 6871
192.168.10.62 - - [31/Jan/2017:10:51:03 -0300] "POST /cormun/servlet/trsolicitudgral?ce1b22c9f24ea5501a94b4d75ad0a611,gx-no-cache=1485873960967 HTTP/1.1" 200 6593
192.168.10.62 - - [31/Jan/2017:10:51:05 -0300] "POST /cormun/servlet/trsolicitudgral?ce1b22c9f24ea5501a94b4d75ad0a611,gx-no-cache=1485873962783 HTTP/1.1" 200 6533
192.168.10.62 - - [31/Jan/2017:10:51:06 -0300] "POST /cormun/servlet/trsolicitudgral?ce1b22c9f24ea5501a94b4d75ad0a611,gx-no-cache=1485873963918 HTTP/1.1" 200 6230
192.168.10.62 - - [31/Jan/2017:10:51:07 -0300] "POST /cormun/servlet/trsolicitudgral?ce1b22c9f24ea5501a94b4d75ad0a611,gx-no-cache=1485873965334 HTTP/1.1" 200 6171
192.168.10.62 - - [31/Jan/2017:10:51:08 -0300] "POST /cormun/servlet/trsolicitudgral?ce1b22c9f24ea5501a94b4d75ad0a611,gx-no-cache=1485873966278 HTTP/1.1" 200 5882
192.168.10.62 - - [31/Jan/2017:10:51:09 -0300] "POST /cormun/servlet/trsolicitudgral?ce1b22c9f24ea5501a94b4d75ad0a611,gx-no-cache=1485873967266 HTTP/1.1" 200 5824
192.168.10.62 - - [31/Jan/2017:10:51:10 -0300] "POST /cormun/servlet/trsolicitudgral?ce1b22c9f24ea5501a94b4d75ad0a611,gx-no-cache=1485873968028 HTTP/1.1" 200 4769
192.168.10.62 - - [31/Jan/2017:10:51:11 -0300] "POST /cormun/servlet/trsolicitudgral?ce1b22c9f24ea5501a94b4d75ad0a611,gx-no-cache=1485873968633 HTTP/1.1" 200 4557
192.168.10.62 - - [31/Jan/2017:10:51:16 -0300] "POST /cormun/servlet/trsolicitudgral?ce1b22c9f24ea5501a94b4d75ad0a611,gx-no-cache=1485873974390 HTTP/1.1" 200 8579
192.168.10.62 - - [31/Jan/2017:10:51:21 -0300] "POST /cormun/servlet/trsolicitudgral?ce1b22c9f24ea5501a94b4d75ad0a611,gx-no-cache=1485873979362 HTTP/1.1" 200 8239
192.168.10.62 - - [31/Jan/2017:10:51:26 -0300] "POST /cormun/servlet/trsolicitudgral?ce1b22c9f24ea5501a94b4d75ad0a611,gx-no-cache=1485873983473 HTTP/1.1" 200 8160
192.168.10.62 - - [31/Jan/2017:10:51:28 -0300] "POST /cormun/servlet/trsolicitudgral?ce1b22c9f24ea5501a94b4d75ad0a611,gx-no-cache=1485873985883 HTTP/1.1" 200 7874
192.168.10.62 - - [31/Jan/2017:10:51:32 -0300] "POST /cormun/servlet/trsolicitudgral?ce1b22c9f24ea5501a94b4d75ad0a611,gx-no-cache=1485873989611 HTTP/1.1" 200 7816
186.103.159.44 - - [31/Jan/2017:10:51:34 -0300] "POST /cormun/servlet/trsolicitudot?b575b15b89c62bd5d11e502759eb7555,,gx-no-cache=1485870767049 HTTP/1.1" 200 7550
192.168.10.62 - - [31/Jan/2017:10:51:34 -0300] "POST /cormun/servlet/trsolicitudgral?ce1b22c9f24ea5501a94b4d75ad0a611,gx-no-cache=1485873991818 HTTP/1.1" 200 7565
186.103.159.44 - - [31/Jan/2017:10:51:35 -0300] "POST /cormun/servlet/trsolicitudot?b575b15b89c62bd5d11e502759eb7555,,gx-no-cache=1485870768150 HTTP/1.1" 200 7491
186.103.159.44 - - [31/Jan/2017:10:51:36 -0300] "GET /cormun/static/Shared/jqueryui/images/ui-icons_82798d_256x240.png HTTP/1.1" 404 1089
186.103.159.44 - - [31/Jan/2017:10:51:36 -0300] "GET /cormun/static/Shared/jqueryui/images/ui-icons_8d78a5_256x240.png HTTP/1.1" 404 1089
186.103.159.44 - - [31/Jan/2017:10:51:36 -0300] "GET /cormun/static/Shared/jqueryui/images/ui-bg_highlight-soft_100_c6c2c8_1x100.png HTTP/1.1" 404 1117
186.103.159.44 - - [31/Jan/2017:10:51:36 -0300] "GET /cormun/static/Shared/jqueryui/images/ui-bg_flat_55_fafafa_40x100.png HTTP/1.1" 404 1097
192.168.10.62 - - [31/Jan/2017:10:51:37 -0300] "POST /cormun/servlet/trsolicitudgral?ce1b22c9f24ea5501a94b4d75ad0a611,gx-no-cache=1485873995111 HTTP/1.1" 200 7507
186.103.159.44 - - [31/Jan/2017:10:51:39 -0300] "POST /cormun/servlet/trsolicitudot?b575b15b89c62bd5d11e502759eb7555,,gx-no-cache=1485870772050 HTTP/1.1" 200 7193
192.168.10.62 - - [31/Jan/2017:10:51:39 -0300] "POST /cormun/servlet/trsolicitudgral?ce1b22c9f24ea5501a94b4d75ad0a611,gx-no-cache=1485873997039 HTTP/1.1" 200 7205
186.103.159.44 - - [31/Jan/2017:10:51:40 -0300] "POST /cormun/servlet/trsolicitudot?b575b15b89c62bd5d11e502759eb7555,,gx-no-cache=1485870773601 HTTP/1.1" 200 7135
192.168.10.62 - - [31/Jan/2017:10:51:42 -0300] "POST /cormun/servlet/trsolicitudgral?ce1b22c9f24ea5501a94b4d75ad0a611,gx-no-cache=1485873999890 HTTP/1.1" 200 7147
192.168.10.62 - - [31/Jan/2017:10:51:44 -0300] "POST /cormun/servlet/trsolicitudgral?ce1b22c9f24ea5501a94b4d75ad0a611,gx-no-cache=1485874001606 HTTP/1.1" 200 6953
186.103.159.44 - - [31/Jan/2017:10:51:44 -0300] "POST /cormun/servlet/trsolicitudot?b575b15b89c62bd5d11e502759eb7555,,gx-no-cache=1485870777735 HTTP/1.1" 200 6786
192.168.10.62 - - [31/Jan/2017:10:51:46 -0300] "POST /cormun/servlet/trsolicitudgral?ce1b22c9f24ea5501a94b4d75ad0a611,gx-no-cache=1485874004068 HTTP/1.1" 200 6895
186.103.159.44 - - [31/Jan/2017:10:51:46 -0300] "POST /cormun/servlet/trsolicitudot?b575b15b89c62bd5d11e502759eb7555,,gx-no-cache=1485870779598 HTTP/1.1" 200 6730
192.168.10.62 - - [31/Jan/2017:10:51:48 -0300] "POST /cormun/servlet/trsolicitudgral?ce1b22c9f24ea5501a94b4d75ad0a611,gx-no-cache=1485874005650 HTTP/1.1" 200 6611
192.168.10.62 - - [31/Jan/2017:10:51:50 -0300] "POST /cormun/servlet/trsolicitudgral?ce1b22c9f24ea5501a94b4d75ad0a611,gx-no-cache=1485874007637 HTTP/1.1" 200 6552
192.168.10.62 - - [31/Jan/2017:10:51:51 -0300] "POST /cormun/servlet/trsolicitudgral?ce1b22c9f24ea5501a94b4d75ad0a611,gx-no-cache=1485874008997 HTTP/1.1" 200 6306
186.103.159.44 - - [31/Jan/2017:10:51:52 -0300] "POST /cormun/servlet/trsolicitudot?b575b15b89c62bd5d11e502759eb7555,,gx-no-cache=1485870785072 HTTP/1.1" 200 6536
192.168.10.62 - - [31/Jan/2017:10:51:53 -0300] "POST /cormun/servlet/trsolicitudgral?ce1b22c9f24ea5501a94b4d75ad0a611,gx-no-cache=1485874010548 HTTP/1.1" 200 6246
192.168.10.62 - - [31/Jan/2017:10:51:54 -0300] "POST /cormun/servlet/trsolicitudgral?ce1b22c9f24ea5501a94b4d75ad0a611,gx-no-cache=1485874011639 HTTP/1.1" 200 5907
186.103.159.44 - - [31/Jan/2017:10:51:54 -0300] "POST /cormun/servlet/trsolicitudot?b575b15b89c62bd5d11e502759eb7555,,gx-no-cache=1485870787255 HTTP/1.1" 200 6478
192.168.10.62 - - [31/Jan/2017:10:51:55 -0300] "POST /cormun/servlet/trsolicitudgral?ce1b22c9f24ea5501a94b4d75ad0a611,gx-no-cache=1485874012731 HTTP/1.1" 200 5849
192.168.10.62 - - [31/Jan/2017:10:51:56 -0300] "POST /cormun/servlet/trsolicitudgral?ce1b22c9f24ea5501a94b4d75ad0a611,gx-no-cache=1485874013610 HTTP/1.1" 200 4790
192.168.10.62 - - [31/Jan/2017:10:51:56 -0300] "POST /cormun/servlet/trsolicitudgral?ce1b22c9f24ea5501a94b4d75ad0a611,gx-no-cache=1485874014280 HTTP/1.1" 200 4555
192.168.10.62 - - [31/Jan/2017:10:52:00 -0300] "POST /cormun/servlet/trsolicitudgral?ce1b22c9f24ea5501a94b4d75ad0a611,gx-no-cache=1485874018471 HTTP/1.1" 200 4575
186.103.159.44 - - [31/Jan/2017:10:52:02 -0300] "POST /cormun/servlet/trsolicitudot?b575b15b89c62bd5d11e502759eb7555,,gx-no-cache=1485870794972 HTTP/1.1" 200 6243
186.103.159.44 - - [31/Jan/2017:10:52:04 -0300] "POST /cormun/servlet/trsolicitudot?b575b15b89c62bd5d11e502759eb7555,,gx-no-cache=1485870797241 HTTP/1.1" 200 6185
186.103.159.44 - - [31/Jan/2017:10:52:10 -0300] "POST /cormun/servlet/trsolicitudot?b575b15b89c62bd5d11e502759eb7555,,gx-no-cache=1485870802929 HTTP/1.1" 200 5908
186.103.159.44 - - [31/Jan/2017:10:52:12 -0300] "POST /cormun/servlet/trsolicitudot?b575b15b89c62bd5d11e502759eb7555,,gx-no-cache=1485870805366 HTTP/1.1" 200 5850
186.103.159.44 - - [31/Jan/2017:10:52:22 -0300] "POST /cormun/servlet/trsolicitudot?b575b15b89c62bd5d11e502759eb7555,,gx-no-cache=1485870815188 HTTP/1.1" 200 5623
186.103.159.44 - - [31/Jan/2017:10:52:24 -0300] "POST /cormun/servlet/trsolicitudot?b575b15b89c62bd5d11e502759eb7555,,gx-no-cache=1485870817586 HTTP/1.1" 200 5563
186.103.159.44 - - [31/Jan/2017:10:52:31 -0300] "POST /cormun/servlet/trsolicitudot?b575b15b89c62bd5d11e502759eb7555,,gx-no-cache=1485870824920 HTTP/1.1" 200 5296
186.103.159.44 - - [31/Jan/2017:10:52:34 -0300] "POST /cormun/servlet/trsolicitudot?b575b15b89c62bd5d11e502759eb7555,,gx-no-cache=1485870827073 HTTP/1.1" 200 5237
186.103.159.44 - - [31/Jan/2017:10:52:40 -0300] "POST /cormun/servlet/trsolicitudot?b575b15b89c62bd5d11e502759eb7555,,gx-no-cache=1485870833760 HTTP/1.1" 200 4172
186.103.159.44 - - [31/Jan/2017:10:52:42 -0300] "POST /cormun/servlet/trsolicitudot?b575b15b89c62bd5d11e502759eb7555,,gx-no-cache=1485870835765 HTTP/1.1" 200 3946
192.168.10.62 - - [31/Jan/2017:11:07:40 -0300] "POST /cormun/servlet/trsolicitudgral?ce1b22c9f24ea5501a94b4d75ad0a611,gx-no-cache=1485874958083 HTTP/1.1" 200 12675
192.168.10.62 - - [31/Jan/2017:11:07:55 -0300] "GET /cormun/servlet/hlogin HTTP/1.1" 200 1731
192.168.10.62 - - [31/Jan/2017:11:07:55 -0300] "GET /cormun/static/gxcfg.js?201612216162538 HTTP/1.1" 304 -
186.79.39.55 - - [31/Jan/2017:11:11:00 -0300] "GET /cormun/servlet/hhome HTTP/1.1" 200 3276
186.79.39.55 - - [31/Jan/2017:11:11:00 -0300] "GET /cormun/static/Resources/Spanish/PXTools.css?18365030 HTTP/1.1" 304 -
186.79.39.55 - - [31/Jan/2017:11:11:00 -0300] "GET /cormun/static/Shared/jqueryui/jquery-ui.min.css?1345370 HTTP/1.1" 304 -
186.79.39.55 - - [31/Jan/2017:11:11:00 -0300] "GET /cormun/static/gxtimezone.js?85251 HTTP/1.1" 200 5781
186.79.39.55 - - [31/Jan/2017:11:11:01 -0300] "GET /cormun/static/gxcfg.js?201612218515568 HTTP/1.1" 200 953
186.79.39.55 - - [31/Jan/2017:11:11:01 -0300] "GET /cormun/static/messages.spa.js?85251 HTTP/1.1" 200 30736
186.79.39.55 - - [31/Jan/2017:11:11:01 -0300] "GET /cormun/static/hhome.js?201612218515573 HTTP/1.1" 304 -
186.79.39.55 - - [31/Jan/2017:11:11:01 -0300] "GET /cormun/static/hwchdr01.js?201612218432057 HTTP/1.1" 304 -
186.79.39.55 - - [31/Jan/2017:11:11:01 -0300] "GET /cormun/static/hpexe_recentlink.js?201610171694390 HTTP/1.1" 304 -
186.79.39.55 - - [31/Jan/2017:11:11:01 -0300] "GET /cormun/static/hpexe_scripts.js?201612218432016 HTTP/1.1" 304 -
186.79.39.55 - - [31/Jan/2017:11:11:01 -0300] "GET /cormun/static/hpexe_messagecontroller.js?201610171694323 HTTP/1.1" 304 -
186.79.39.55 - - [31/Jan/2017:11:11:01 -0300] "GET /cormun/static/hpexe_messagepopupcomponent.js?20161017169425 HTTP/1.1" 304 -
186.79.39.55 - - [31/Jan/2017:11:11:01 -0300] "GET /cormun/static/hpexe_messagegenexuscomponent.js?201612218431816 HTTP/1.1" 304 -
186.79.39.55 - - [31/Jan/2017:11:11:01 -0300] "GET /cormun/static/cmcontrolpreferences.js?201612218431999 HTTP/1.1" 304 -
186.79.39.55 - - [31/Jan/2017:11:11:01 -0300] "GET /cormun/static/hmpwkw03.js?20161221852152 HTTP/1.1" 304 -
186.79.39.55 - - [31/Jan/2017:11:11:01 -0300] "GET /cormun/static/Resources/logo4.png HTTP/1.1" 304 -
186.79.39.55 - - [31/Jan/2017:11:11:01 -0300] "GET /cormun/static/Resources/PXToolsFooterBackground2.png HTTP/1.1" 304 -
186.79.39.55 - - [31/Jan/2017:11:11:01 -0300] "GET /cormun/static/Resources/PXToolsHeaderBackground2.png HTTP/1.1" 304 -
186.79.39.55 - - [31/Jan/2017:11:11:02 -0300] "GET /cormun/servlet/hlogin HTTP/1.1" 200 1733
186.79.39.55 - - [31/Jan/2017:11:11:02 -0300] "GET /cormun/static/Resources/Spanish/PXTools.css?167811 HTTP/1.1" 304 -
186.79.39.55 - - [31/Jan/2017:11:11:02 -0300] "GET /cormun/static/gxcfg.js?201612216162538 HTTP/1.1" 200 953
186.79.39.55 - - [31/Jan/2017:11:11:02 -0300] "GET /cormun/static/hlogin.js?201612216162555 HTTP/1.1" 304 -
186.79.39.55 - - [31/Jan/2017:11:11:02 -0300] "GET /cormun/static/Resources/PXToolsButtonLeft21.png HTTP/1.1" 304 -
186.79.39.55 - - [31/Jan/2017:11:11:02 -0300] "GET /cormun/static/Resources/PXToolsButtonRight21.png HTTP/1.1" 304 -
186.79.39.55 - - [31/Jan/2017:11:11:02 -0300] "GET /cormun/static/Resources/PXToolsButtonBackground2.png HTTP/1.1" 304 -
186.79.39.55 - - [31/Jan/2017:11:11:02 -0300] "GET /cormun/servlet/hhome HTTP/1.1" 200 3286
186.79.39.55 - - [31/Jan/2017:11:11:03 -0300] "GET /favicon.ico HTTP/1.1" 200 21630
186.79.39.55 - - [31/Jan/2017:11:11:04 -0300] "POST /cormun/servlet/hlogin?d408ce2fa932de27f0a48d9e26df3d9f,gx-no-cache=1485871938928 HTTP/1.1" 200 90
186.79.39.55 - - [31/Jan/2017:11:11:04 -0300] "GET /cormun/servlet/hpexe_link HTTP/1.1" 200 955
186.79.39.55 - - [31/Jan/2017:11:11:04 -0300] "GET /cormun/static/gxcfg.js?201612218515529 HTTP/1.1" 200 953
186.79.39.55 - - [31/Jan/2017:11:11:04 -0300] "GET /cormun/static/hpexe_link.js?201612218515532 HTTP/1.1" 304 -
186.79.39.55 - - [31/Jan/2017:11:11:04 -0300] "GET /cormun/servlet/hhome HTTP/1.1" 200 3699
186.79.39.55 - - [31/Jan/2017:11:11:05 -0300] "GET /cormun/servlet/hhome HTTP/1.1" 200 3696
186.79.39.55 - - [31/Jan/2017:11:11:08 -0300] "GET /cormun/servlet/trlicencias? HTTP/1.1" 200 6531
186.79.39.55 - - [31/Jan/2017:11:11:08 -0300] "GET /cormun/static/gxcfg.js?2016122619301429 HTTP/1.1" 200 953
186.79.39.55 - - [31/Jan/2017:11:11:08 -0300] "GET /cormun/static/calendar-setup.js?85251 HTTP/1.1" 200 2588
186.79.39.55 - - [31/Jan/2017:11:11:08 -0300] "GET /cormun/static/calendar-es.js?85251 HTTP/1.1" 200 1901
186.79.39.55 - - [31/Jan/2017:11:11:08 -0300] "GET /cormun/static/calendar.js?85251 HTTP/1.1" 200 26246
186.79.39.55 - - [31/Jan/2017:11:11:09 -0300] "GET /cormun/static/trlicencias.js?2016122619301919 HTTP/1.1" 200 37916
186.79.39.55 - - [31/Jan/2017:11:11:09 -0300] "GET /cormun/static/Resources/PXTools/calendar.png HTTP/1.1" 304 -
186.79.39.55 - - [31/Jan/2017:11:11:09 -0300] "GET /cormun/static/gxdec.js?85251 HTTP/1.1" 200 19579
186.79.39.55 - - [31/Jan/2017:11:11:09 -0300] "GET /cormun/servlet/trlicencias? HTTP/1.1" 200 6530
186.79.39.55 - - [31/Jan/2017:11:12:18 -0300] "GET /cormun/static/menuarrow.gif HTTP/1.1" 404 1015
186.79.39.55 - - [31/Jan/2017:11:12:56 -0300] "POST /cormun/servlet/trlicencias?d408ce2fa932de27f0a48d9e26df3d9f,,gx-no-cache=1485872050470 HTTP/1.1" 200 3938
186.79.39.55 - - [31/Jan/2017:11:12:59 -0300] "POST /cormun/servlet/trlicencias?d408ce2fa932de27f0a48d9e26df3d9f,,gx-no-cache=1485872054138 HTTP/1.1" 200 3938
186.79.39.55 - - [31/Jan/2017:11:13:03 -0300] "GET /cormun/servlet/licenciaspermisos?INS,0,,, HTTP/1.1" 200 7064
186.79.39.55 - - [31/Jan/2017:11:13:03 -0300] "GET /cormun/static/gxcfg.js?2016122619301043 HTTP/1.1" 200 953
186.79.39.55 - - [31/Jan/2017:11:13:03 -0300] "GET /cormun/static/licenciaspermisos.js?2016122619301096 HTTP/1.1" 200 33213
186.79.39.55 - - [31/Jan/2017:11:13:04 -0300] "GET /cormun/servlet/licenciaspermisos?INS,0,,, HTTP/1.1" 200 7064
186.79.39.55 - - [31/Jan/2017:11:13:15 -0300] "GET /cormun/servlet/prfichaempleado?,MD,,gxPopupLevel%3D0%3B HTTP/1.1" 200 8733
186.79.39.55 - - [31/Jan/2017:11:13:15 -0300] "GET /cormun/static/gxcfg.js?2016102420561687 HTTP/1.1" 200 953
186.79.39.55 - - [31/Jan/2017:11:13:15 -0300] "GET /cormun/static/menusearch.js?201610171694467 HTTP/1.1" 304 -
186.79.39.55 - - [31/Jan/2017:11:13:15 -0300] "GET /cormun/static/prfichaempleado.js?201610242056198 HTTP/1.1" 304 -
186.79.39.55 - - [31/Jan/2017:11:13:15 -0300] "GET /cormun/static/hmpwkw011.js?201612218515582 HTTP/1.1" 304 -
186.79.39.55 - - [31/Jan/2017:11:13:30 -0300] "POST /cormun/servlet/prfichaempleado?d408ce2fa932de27f0a48d9e26df3d9f,,MD,,gxPopupLevel%3D0%3B,gx-no-cache=1485872085029 HTTP/1.1" 200 5395
186.79.39.55 - - [31/Jan/2017:11:13:52 -0300] "GET /cormun/servlet/licenciaspermisos?b886adf19fb77f7ca0b2a2239d4dc69098bdf0ca09a4d749b0ff7f51567e5723bc4f3845b8d70b67c0336b412dc557ef,gx-no-cache=1485872106705 HTTP/1.1" 200 65
186.79.39.55 - - [31/Jan/2017:11:13:52 -0300] "POST /cormun/servlet/licenciaspermisos?d408ce2fa932de27f0a48d9e26df3d9f,INS,0,,,,gx-no-cache=1485872106878 HTTP/1.1" 200 4430
186.79.39.55 - - [31/Jan/2017:11:14:40 -0300] "GET /cormun/static/menuarrow.gif HTTP/1.1" 404 1015
186.67.172.234 - - [31/Jan/2017:11:14:49 -0300] "GET /cormun/servlet/hlogin HTTP/1.1" 200 1728
186.67.172.234 - - [31/Jan/2017:11:14:49 -0300] "GET /cormun/static/gxtimezone.js?85251 HTTP/1.1" 304 -
186.67.172.234 - - [31/Jan/2017:11:14:49 -0300] "GET /cormun/static/gxcfg.js?201612216162538 HTTP/1.1" 200 953
186.67.172.234 - - [31/Jan/2017:11:14:49 -0300] "GET /cormun/static/messages.spa.js?85251 HTTP/1.1" 304 -
186.67.172.234 - - [31/Jan/2017:11:15:10 -0300] "POST /cormun/servlet/hlogin?f1f0b18e1a377bbedac8ad12262f30a1,gx-no-cache=1485872185814 HTTP/1.1" 200 90
186.67.172.234 - - [31/Jan/2017:11:15:10 -0300] "GET /cormun/servlet/hpexe_link HTTP/1.1" 200 958
186.67.172.234 - - [31/Jan/2017:11:15:10 -0300] "GET /cormun/static/gxcfg.js?201612218515529 HTTP/1.1" 200 953
186.67.172.234 - - [31/Jan/2017:11:15:10 -0300] "GET /cormun/servlet/hhome HTTP/1.1" 200 4028
186.67.172.234 - - [31/Jan/2017:11:15:10 -0300] "GET /cormun/static/Shared/jqueryui/jquery-ui.min.css?1345370 HTTP/1.1" 304 -
186.67.172.234 - - [31/Jan/2017:11:15:10 -0300] "GET /cormun/static/gxcfg.js?201612218515568 HTTP/1.1" 200 953
186.67.172.234 - - [31/Jan/2017:11:15:11 -0300] "GET /cormun/servlet/hhome HTTP/1.1" 200 4024
186.79.39.55 - - [31/Jan/2017:11:17:08 -0300] "GET /cormun/servlet/licenciaspermisos?b886adf19fb77f7ca0b2a2239d4dc690eeb0ea23dc681a4c44d0f7d9b0095c0f09c12120f2e016e7316912ab967a5b0feb69c3c718323b51fe7befcd7ec82aeccfdc6dcbd8605cd8b3f0f802fa37223f6114a059fe108b9ce7d819fd95af4b96c12cd97d735df0a42e120691928400cbbf2a374fd18d90d4fb47d7897c220797404cc50778edac87c02c67f7e577420caecff8f76f64351379860f7091832c289de28377660696a5910c7e23386863d68dfe0f27bb2f91c32115e79f3512ba2c658e90e58efc8ed9eed0d22d4606470c5ba6f468f0d90668bcb75b62d6b51256,gx-no-cache=1485872303451 HTTP/1.1" 200 30
186.79.39.55 - - [31/Jan/2017:11:17:08 -0300] "GET /cormun/servlet/licenciaspermisos?b886adf19fb77f7ca0b2a2239d4dc690f7b690428ce8a83a83b5c241d3ba5e7cc0db093a9248b69e2172fcf6ca136f02397a5b9c1a22a0144696bae8b0ef5493a0bd5bb8cc2189c09b2dc5dbe42650c67dc0ba1796b7b8931d553f6e1065bb91e5cc68155ada205e479b5e1720330f0a1cb84158151be94a563401f09b00fe1499ea0f5e27331141339282c737200bf1b21ba9763f615f83d4880de47059dd09a016bb90c6ee6c73a04895c1c8df5a0e342585425c1de608d76fbce1c66533aa155b16a70e38d326a49418c963a741a5bdc5725fd93d4cde8d27a107e63c18c0,gx-no-cache=1485872303587 HTTP/1.1" 200 29
186.79.39.55 - - [31/Jan/2017:11:17:09 -0300] "POST /cormun/servlet/licenciaspermisos?d408ce2fa932de27f0a48d9e26df3d9f,INS,0,,,,gx-no-cache=1485872303700 HTTP/1.1" 200 93
186.79.39.55 - - [31/Jan/2017:11:17:09 -0300] "GET /cormun/servlet/hpexe_return? HTTP/1.1" 200 1015
186.79.39.55 - - [31/Jan/2017:11:17:09 -0300] "GET /cormun/static/gxcfg.js?2016101716175148 HTTP/1.1" 200 953
186.79.39.55 - - [31/Jan/2017:11:17:09 -0300] "GET /cormun/static/hpexe_return.js?2016101716175153 HTTP/1.1" 304 -
186.79.39.55 - - [31/Jan/2017:11:17:09 -0300] "GET /cormun/servlet/trlicencias? HTTP/1.1" 200 6567
186.79.39.55 - - [31/Jan/2017:11:17:10 -0300] "GET /cormun/servlet/trlicencias? HTTP/1.1" 200 6562
186.79.39.55 - - [31/Jan/2017:11:17:14 -0300] "POST /cormun/servlet/trlicencias?d408ce2fa932de27f0a48d9e26df3d9f,,gx-no-cache=1485872309275 HTTP/1.1" 200 3942
186.79.39.55 - - [31/Jan/2017:11:17:22 -0300] "GET /cormun/servlet/hlogin HTTP/1.1" 200 1737
186.79.39.55 - - [31/Jan/2017:11:19:09 -0300] "GET /cormun/servlet/hhome HTTP/1.1" 200 3274
186.79.39.55 - - [31/Jan/2017:11:19:13 -0300] "GET /cormun/servlet/hhome HTTP/1.1" 200 3283
186.79.39.55 - - [31/Jan/2017:11:19:13 -0300] "GET /cormun/servlet/hlogin HTTP/1.1" 200 1734
186.79.39.55 - - [31/Jan/2017:11:19:17 -0300] "POST /cormun/servlet/hlogin?1f9967ff4a0743a4bec5e0a5658d6ba9,gx-no-cache=1485872431970 HTTP/1.1" 200 90
186.79.39.55 - - [31/Jan/2017:11:19:17 -0300] "GET /cormun/servlet/hpexe_link HTTP/1.1" 200 957
186.79.39.55 - - [31/Jan/2017:11:19:17 -0300] "GET /cormun/servlet/hhome HTTP/1.1" 200 3699
186.79.39.55 - - [31/Jan/2017:11:19:18 -0300] "GET /cormun/servlet/hhome HTTP/1.1" 200 3696
186.79.39.55 - - [31/Jan/2017:11:19:22 -0300] "GET /cormun/servlet/trlicencias? HTTP/1.1" 200 7686
186.79.39.55 - - [31/Jan/2017:11:19:23 -0300] "GET /cormun/servlet/trlicencias? HTTP/1.1" 200 7685
186.79.39.55 - - [31/Jan/2017:11:19:34 -0300] "GET /cormun/servlet/licenciaspermisos?DSP,7543560,L,20170131000000, HTTP/1.1" 200 6620
186.79.39.55 - - [31/Jan/2017:11:19:35 -0300] "GET /cormun/servlet/licenciaspermisos?DSP,7543560,L,20170131000000, HTTP/1.1" 200 6621
186.79.39.55 - - [31/Jan/2017:11:19:42 -0300] "POST /cormun/servlet/licenciaspermisos?1f9967ff4a0743a4bec5e0a5658d6ba9,DSP,7543560,L,20170131000000,,gx-no-cache=1485872456606 HTTP/1.1" 200 93
186.79.39.55 - - [31/Jan/2017:11:19:42 -0300] "GET /cormun/servlet/hpexe_return? HTTP/1.1" 200 1029
186.79.39.55 - - [31/Jan/2017:11:19:43 -0300] "GET /cormun/servlet/trlicencias HTTP/1.1" 200 7690
186.79.39.55 - - [31/Jan/2017:11:19:44 -0300] "GET /cormun/servlet/trlicencias HTTP/1.1" 200 7685
186.79.39.55 - - [31/Jan/2017:11:22:08 -0300] "GET /cormun/servlet/trlicenciaspermisosadjuntos?7543560,20170131000000,L, HTTP/1.1" 200 6054
186.79.39.55 - - [31/Jan/2017:11:22:09 -0300] "GET /cormun/static/gxcfg.js?2016122813131454 HTTP/1.1" 200 953
186.79.39.55 - - [31/Jan/2017:11:22:09 -0300] "GET /cormun/static/trlicenciaspermisosadjuntos.js?2016122813131728 HTTP/1.1" 200 21008
186.79.39.55 - - [31/Jan/2017:11:22:10 -0300] "GET /cormun/servlet/trlicenciaspermisosadjuntos?7543560,20170131000000,L, HTTP/1.1" 200 6054
186.79.39.55 - - [31/Jan/2017:11:22:13 -0300] "GET /cormun/servlet/licenciaspermisosadjuntos?INS,7543560,L,20170131000000,, HTTP/1.1" 200 5351
