192.168.10.54 - - [30/Jan/2017:12:35:51 -0300] "GET /cormun/servlet/veautorizarot?2017,4252,, HTTP/1.1" 200 8220
192.168.10.54 - - [30/Jan/2017:12:36:14 -0300] "GET /cormun/servlet/trautorizarot HTTP/1.1" 200 14293
192.168.10.54 - - [30/Jan/2017:12:36:15 -0300] "GET /cormun/servlet/trautorizarot HTTP/1.1" 200 14289
192.168.10.54 - - [30/Jan/2017:12:36:37 -0300] "GET /cormun/servlet/veautorizarot?2017,3097,, HTTP/1.1" 200 8247
192.168.10.54 - - [30/Jan/2017:12:36:37 -0300] "GET /cormun/pexe_scrolldiv.js HTTP/1.1" 404 1009
192.168.10.54 - - [30/Jan/2017:12:36:37 -0300] "GET /cormun/pexe_scrolldiv.js HTTP/1.1" 404 1009
192.168.10.54 - - [30/Jan/2017:12:36:38 -0300] "GET /cormun/servlet/veautorizarot?2017,3097,, HTTP/1.1" 200 8245
192.168.10.54 - - [30/Jan/2017:12:36:51 -0300] "GET /cormun/servlet/trautorizarot HTTP/1.1" 200 14293
192.168.10.54 - - [30/Jan/2017:12:36:52 -0300] "GET /cormun/servlet/trautorizarot HTTP/1.1" 200 14289
192.168.10.54 - - [30/Jan/2017:12:36:59 -0300] "GET /cormun/servlet/veautorizarot?2017,3096,, HTTP/1.1" 200 8228
192.168.10.54 - - [30/Jan/2017:12:36:59 -0300] "GET /cormun/pexe_scrolldiv.js HTTP/1.1" 404 1009
192.168.10.54 - - [30/Jan/2017:12:36:59 -0300] "GET /cormun/pexe_scrolldiv.js HTTP/1.1" 404 1009
192.168.10.54 - - [30/Jan/2017:12:37:00 -0300] "GET /cormun/servlet/veautorizarot?2017,3096,, HTTP/1.1" 200 8228
192.168.10.54 - - [30/Jan/2017:12:37:11 -0300] "GET /cormun/servlet/trautorizarot HTTP/1.1" 200 14293
192.168.10.54 - - [30/Jan/2017:12:37:12 -0300] "GET /cormun/servlet/trautorizarot HTTP/1.1" 200 14289
192.168.10.54 - - [30/Jan/2017:12:37:16 -0300] "GET /cormun/servlet/veautorizarot?2017,3095,, HTTP/1.1" 200 8185
192.168.10.54 - - [30/Jan/2017:12:37:16 -0300] "GET /cormun/pexe_scrolldiv.js HTTP/1.1" 404 1009
192.168.10.54 - - [30/Jan/2017:12:37:16 -0300] "GET /cormun/pexe_scrolldiv.js HTTP/1.1" 404 1009
192.168.10.54 - - [30/Jan/2017:12:37:16 -0300] "GET /cormun/servlet/veautorizarot?2017,3095,, HTTP/1.1" 200 8185
192.168.10.54 - - [30/Jan/2017:12:37:32 -0300] "GET /cormun/servlet/trautorizarot HTTP/1.1" 200 14293
192.168.10.54 - - [30/Jan/2017:12:37:33 -0300] "GET /cormun/servlet/trautorizarot HTTP/1.1" 200 14289
192.168.10.54 - - [30/Jan/2017:12:37:38 -0300] "GET /cormun/servlet/veautorizarot?2017,3093,, HTTP/1.1" 200 8229
192.168.10.54 - - [30/Jan/2017:12:37:38 -0300] "GET /cormun/pexe_scrolldiv.js HTTP/1.1" 404 1009
192.168.10.54 - - [30/Jan/2017:12:37:38 -0300] "GET /cormun/pexe_scrolldiv.js HTTP/1.1" 404 1009
192.168.10.54 - - [30/Jan/2017:12:37:39 -0300] "GET /cormun/servlet/veautorizarot?2017,3093,, HTTP/1.1" 200 8229
192.168.10.54 - - [30/Jan/2017:12:37:53 -0300] "GET /cormun/servlet/trautorizarot HTTP/1.1" 200 14293
192.168.10.54 - - [30/Jan/2017:12:37:54 -0300] "GET /cormun/servlet/trautorizarot HTTP/1.1" 200 14289
192.168.10.54 - - [30/Jan/2017:12:38:23 -0300] "GET /cormun/servlet/veautorizarot?2017,3093,, HTTP/1.1" 200 8229
192.168.10.54 - - [30/Jan/2017:12:38:23 -0300] "GET /cormun/pexe_scrolldiv.js HTTP/1.1" 404 1009
192.168.10.54 - - [30/Jan/2017:12:38:23 -0300] "GET /cormun/pexe_scrolldiv.js HTTP/1.1" 404 1009
192.168.10.54 - - [30/Jan/2017:12:38:24 -0300] "GET /cormun/servlet/veautorizarot?2017,3093,, HTTP/1.1" 200 8229
192.168.10.54 - - [30/Jan/2017:12:38:45 -0300] "GET /cormun/servlet/trautorizarot HTTP/1.1" 200 14293
192.168.10.54 - - [30/Jan/2017:12:38:46 -0300] "GET /cormun/servlet/trautorizarot HTTP/1.1" 200 14289
192.168.10.54 - - [30/Jan/2017:12:39:01 -0300] "POST /cormun/servlet/trautorizarot?350216cbb167e3c25486608ff7d695cb,gx-no-cache=1485794039358 HTTP/1.1" 200 103
192.168.10.54 - - [30/Jan/2017:12:39:01 -0300] "GET /cormun/AutorizarOT-2468.xls HTTP/1.1" 200 12288
192.168.10.54 - - [30/Jan/2017:12:46:11 -0300] "GET /cormun/servlet/veautorizarot?2017,3091,, HTTP/1.1" 200 8255
192.168.10.54 - - [30/Jan/2017:12:46:11 -0300] "GET /cormun/pexe_scrolldiv.js HTTP/1.1" 404 1009
192.168.10.54 - - [30/Jan/2017:12:46:11 -0300] "GET /cormun/pexe_scrolldiv.js HTTP/1.1" 404 1009
192.168.10.54 - - [30/Jan/2017:12:46:12 -0300] "GET /cormun/servlet/veautorizarot?2017,3091,, HTTP/1.1" 200 8253
192.168.10.98 - - [30/Jan/2017:12:46:15 -0300] "GET /cormunbeta/servlet/hlogin HTTP/1.1" 200 1716
192.168.10.98 - - [30/Jan/2017:12:46:15 -0300] "GET /cormunbeta/static/gxtimezone.js?85251 HTTP/1.1" 200 5781
192.168.10.98 - - [30/Jan/2017:12:46:15 -0300] "GET /cormunbeta/static/gxcfg.js?201612216162538 HTTP/1.1" 200 953
192.168.10.98 - - [30/Jan/2017:12:46:15 -0300] "GET /cormunbeta/static/hlogin.js?201612216162555 HTTP/1.1" 200 2136
192.168.10.98 - - [30/Jan/2017:12:46:15 -0300] "GET /cormunbeta/static/messages.spa.js?85251 HTTP/1.1" 200 30736
192.168.10.98 - - [30/Jan/2017:12:46:15 -0300] "GET /cormunbeta/static/Resources/Spanish/PXTools.css?167811 HTTP/1.1" 200 89042
192.168.10.98 - - [30/Jan/2017:12:46:16 -0300] "GET /cormunbeta/static/gxgral.js?85251 HTTP/1.1" 200 384558
192.168.10.98 - - [30/Jan/2017:12:46:17 -0300] "GET /cormunbeta/static/Resources/ComunLogin.png HTTP/1.1" 200 17326
192.168.10.98 - - [30/Jan/2017:12:46:17 -0300] "GET /cormunbeta/static/Resources/PXToolsLoginTop.png HTTP/1.1" 200 1337
192.168.10.98 - - [30/Jan/2017:12:46:17 -0300] "GET /cormunbeta/static/Resources/PXToolsLoginBackground.png HTTP/1.1" 200 1164
192.168.10.98 - - [30/Jan/2017:12:46:17 -0300] "GET /cormunbeta/static/Resources/PXToolsButtonLeft21.png HTTP/1.1" 200 1287
192.168.10.98 - - [30/Jan/2017:12:46:17 -0300] "GET /cormunbeta/static/Resources/indicator.gif HTTP/1.1" 200 1553
192.168.10.98 - - [30/Jan/2017:12:46:17 -0300] "GET /cormunbeta/static/Resources/PXToolsButtonRight21.png HTTP/1.1" 200 1283
192.168.10.98 - - [30/Jan/2017:12:46:17 -0300] "GET /cormunbeta/static/Resources/PXToolsButtonBackground2.png HTTP/1.1" 200 1181
192.168.10.98 - - [30/Jan/2017:12:46:17 -0300] "GET /cormunbeta/static/Resources/PXToolsLoginBottom.png HTTP/1.1" 200 1389
192.168.10.54 - - [30/Jan/2017:12:46:23 -0300] "GET /cormun/servlet/trautorizarot HTTP/1.1" 200 14293
192.168.10.54 - - [30/Jan/2017:12:46:24 -0300] "GET /cormun/servlet/trautorizarot HTTP/1.1" 200 14289
192.168.10.54 - - [30/Jan/2017:12:46:34 -0300] "GET /cormun/servlet/veautorizarot?2017,3089,, HTTP/1.1" 200 8228
192.168.10.54 - - [30/Jan/2017:12:46:34 -0300] "GET /cormun/pexe_scrolldiv.js HTTP/1.1" 404 1009
192.168.10.54 - - [30/Jan/2017:12:46:34 -0300] "GET /cormun/pexe_scrolldiv.js HTTP/1.1" 404 1009
192.168.10.54 - - [30/Jan/2017:12:46:34 -0300] "GET /cormun/servlet/veautorizarot?2017,3089,, HTTP/1.1" 200 8228
192.168.10.54 - - [30/Jan/2017:12:46:43 -0300] "GET /cormun/servlet/trautorizarot HTTP/1.1" 200 14293
192.168.10.54 - - [30/Jan/2017:12:46:44 -0300] "GET /cormun/servlet/trautorizarot HTTP/1.1" 200 14289
192.168.10.54 - - [30/Jan/2017:12:46:49 -0300] "GET /cormun/servlet/veautorizarot?2017,3088,, HTTP/1.1" 200 8232
192.168.10.54 - - [30/Jan/2017:12:46:49 -0300] "GET /cormun/pexe_scrolldiv.js HTTP/1.1" 404 1009
192.168.10.54 - - [30/Jan/2017:12:46:50 -0300] "GET /cormun/servlet/veautorizarot?2017,3088,, HTTP/1.1" 200 8232
192.168.10.54 - - [30/Jan/2017:12:46:57 -0300] "GET /cormun/servlet/trautorizarot HTTP/1.1" 200 14293
192.168.10.54 - - [30/Jan/2017:12:46:58 -0300] "GET /cormun/servlet/trautorizarot HTTP/1.1" 200 14289
192.168.10.54 - - [30/Jan/2017:12:47:05 -0300] "GET /cormun/servlet/veautorizarot?2017,3085,, HTTP/1.1" 200 8245
192.168.10.54 - - [30/Jan/2017:12:47:05 -0300] "GET /cormun/pexe_scrolldiv.js HTTP/1.1" 404 1009
192.168.10.54 - - [30/Jan/2017:12:47:06 -0300] "GET /cormun/servlet/veautorizarot?2017,3085,, HTTP/1.1" 200 8244
192.168.10.54 - - [30/Jan/2017:12:47:12 -0300] "GET /cormun/servlet/trautorizarot HTTP/1.1" 200 14293
192.168.10.54 - - [30/Jan/2017:12:47:13 -0300] "GET /cormun/servlet/trautorizarot HTTP/1.1" 200 14289
192.168.10.54 - - [30/Jan/2017:12:47:17 -0300] "GET /cormun/servlet/veautorizarot?2017,3093,, HTTP/1.1" 200 8229
192.168.10.54 - - [30/Jan/2017:12:47:17 -0300] "GET /cormun/pexe_scrolldiv.js HTTP/1.1" 404 1009
192.168.10.54 - - [30/Jan/2017:12:47:17 -0300] "GET /cormun/pexe_scrolldiv.js HTTP/1.1" 404 1009
192.168.10.54 - - [30/Jan/2017:12:47:17 -0300] "GET /cormun/servlet/veautorizarot?2017,3093,, HTTP/1.1" 200 8229
192.168.10.54 - - [30/Jan/2017:12:47:27 -0300] "GET /cormun/servlet/trautorizarot HTTP/1.1" 200 14293
192.168.10.54 - - [30/Jan/2017:12:47:27 -0300] "GET /cormun/servlet/trautorizarot HTTP/1.1" 200 14289
192.168.10.54 - - [30/Jan/2017:12:47:35 -0300] "GET /cormun/servlet/veautorizarot?2017,3078,, HTTP/1.1" 200 8223
192.168.10.54 - - [30/Jan/2017:12:47:35 -0300] "GET /cormun/pexe_scrolldiv.js HTTP/1.1" 404 1009
192.168.10.54 - - [30/Jan/2017:12:47:35 -0300] "GET /cormun/pexe_scrolldiv.js HTTP/1.1" 404 1009
192.168.10.54 - - [30/Jan/2017:12:47:35 -0300] "GET /cormun/servlet/veautorizarot?2017,3078,, HTTP/1.1" 200 8222
192.168.10.54 - - [30/Jan/2017:12:47:46 -0300] "GET /cormun/servlet/trautorizarot HTTP/1.1" 200 14293
192.168.10.54 - - [30/Jan/2017:12:47:47 -0300] "GET /cormun/servlet/trautorizarot HTTP/1.1" 200 14289
192.168.10.54 - - [30/Jan/2017:12:47:52 -0300] "GET /cormun/servlet/veautorizarot?2017,3071,, HTTP/1.1" 200 8231
192.168.10.54 - - [30/Jan/2017:12:47:52 -0300] "GET /cormun/pexe_scrolldiv.js HTTP/1.1" 404 1009
192.168.10.54 - - [30/Jan/2017:12:47:52 -0300] "GET /cormun/pexe_scrolldiv.js HTTP/1.1" 404 1009
192.168.10.54 - - [30/Jan/2017:12:47:52 -0300] "GET /cormun/servlet/veautorizarot?2017,3071,, HTTP/1.1" 200 8230
192.168.10.54 - - [30/Jan/2017:12:48:00 -0300] "GET /cormun/servlet/trautorizarot HTTP/1.1" 200 14293
192.168.10.54 - - [30/Jan/2017:12:48:00 -0300] "GET /cormun/servlet/trautorizarot HTTP/1.1" 200 14289
192.168.10.54 - - [30/Jan/2017:12:48:05 -0300] "GET /cormun/servlet/veautorizarot?2017,3061,, HTTP/1.1" 200 8245
192.168.10.54 - - [30/Jan/2017:12:48:06 -0300] "GET /cormun/pexe_scrolldiv.js HTTP/1.1" 404 1009
192.168.10.54 - - [30/Jan/2017:12:48:06 -0300] "GET /cormun/pexe_scrolldiv.js HTTP/1.1" 404 1009
192.168.10.54 - - [30/Jan/2017:12:48:06 -0300] "GET /cormun/servlet/veautorizarot?2017,3061,, HTTP/1.1" 200 8245
192.168.10.54 - - [30/Jan/2017:12:48:11 -0300] "GET /cormun/servlet/trautorizarot HTTP/1.1" 200 14293
192.168.10.54 - - [30/Jan/2017:12:48:12 -0300] "GET /cormun/servlet/trautorizarot HTTP/1.1" 200 14289
192.168.10.54 - - [30/Jan/2017:12:48:15 -0300] "GET /cormun/servlet/veautorizarot?2017,3054,, HTTP/1.1" 200 8224
192.168.10.54 - - [30/Jan/2017:12:48:15 -0300] "GET /cormun/pexe_scrolldiv.js HTTP/1.1" 404 1009
192.168.10.54 - - [30/Jan/2017:12:48:15 -0300] "GET /cormun/pexe_scrolldiv.js HTTP/1.1" 404 1009
192.168.10.54 - - [30/Jan/2017:12:48:16 -0300] "GET /cormun/servlet/veautorizarot?2017,3054,, HTTP/1.1" 200 8224
192.168.10.54 - - [30/Jan/2017:12:48:23 -0300] "GET /cormun/servlet/trautorizarot HTTP/1.1" 200 14293
192.168.10.54 - - [30/Jan/2017:12:48:23 -0300] "GET /cormun/servlet/trautorizarot HTTP/1.1" 200 14289
192.168.10.54 - - [30/Jan/2017:12:55:32 -0300] "POST /cormun/servlet/trautorizarot?350216cbb167e3c25486608ff7d695cb,gx-no-cache=1485795030761 HTTP/1.1" 200 11145
192.168.10.54 - - [30/Jan/2017:12:55:33 -0300] "GET /cormun/static/Shared/jqueryui/images/ui-bg_highlight-soft_100_c6c2c8_1x100.png HTTP/1.1" 404 1117
192.168.10.54 - - [30/Jan/2017:12:55:33 -0300] "GET /cormun/static/Shared/jqueryui/images/ui-icons_82798d_256x240.png HTTP/1.1" 404 1089
192.168.10.54 - - [30/Jan/2017:12:55:33 -0300] "GET /cormun/static/Shared/jqueryui/images/ui-bg_flat_55_fafafa_40x100.png HTTP/1.1" 404 1097
192.168.10.54 - - [30/Jan/2017:12:55:33 -0300] "GET /cormun/static/Shared/jqueryui/images/ui-icons_8d78a5_256x240.png HTTP/1.1" 404 1089
192.168.10.54 - - [30/Jan/2017:12:55:33 -0300] "POST /cormun/servlet/trautorizarot?350216cbb167e3c25486608ff7d695cb,gx-no-cache=1485795031245 HTTP/1.1" 200 11080
192.168.10.54 - - [30/Jan/2017:12:55:44 -0300] "POST /cormun/servlet/trautorizarot?350216cbb167e3c25486608ff7d695cb,gx-no-cache=1485795042642 HTTP/1.1" 200 10736
192.168.10.54 - - [30/Jan/2017:12:55:45 -0300] "POST /cormun/servlet/trautorizarot?350216cbb167e3c25486608ff7d695cb,gx-no-cache=1485795043156 HTTP/1.1" 200 10671
192.168.10.54 - - [30/Jan/2017:12:55:59 -0300] "POST /cormun/servlet/trautorizarot?350216cbb167e3c25486608ff7d695cb,gx-no-cache=1485795057435 HTTP/1.1" 200 10425
192.168.10.54 - - [30/Jan/2017:12:56:00 -0300] "POST /cormun/servlet/trautorizarot?350216cbb167e3c25486608ff7d695cb,gx-no-cache=1485795057978 HTTP/1.1" 200 10356
192.168.10.54 - - [30/Jan/2017:12:56:09 -0300] "POST /cormun/servlet/trautorizarot?350216cbb167e3c25486608ff7d695cb,gx-no-cache=1485795067510 HTTP/1.1" 200 10066
192.168.10.54 - - [30/Jan/2017:12:56:10 -0300] "POST /cormun/servlet/trautorizarot?350216cbb167e3c25486608ff7d695cb,gx-no-cache=1485795068124 HTTP/1.1" 200 10000
192.168.10.54 - - [30/Jan/2017:12:56:18 -0300] "POST /cormun/servlet/trautorizarot?350216cbb167e3c25486608ff7d695cb,gx-no-cache=1485795076770 HTTP/1.1" 200 9758
192.168.10.54 - - [30/Jan/2017:12:56:19 -0300] "POST /cormun/servlet/trautorizarot?350216cbb167e3c25486608ff7d695cb,gx-no-cache=1485795077395 HTTP/1.1" 200 9686
192.168.10.54 - - [30/Jan/2017:12:56:28 -0300] "POST /cormun/servlet/trautorizarot?350216cbb167e3c25486608ff7d695cb,gx-no-cache=1485795086632 HTTP/1.1" 200 9366
192.168.10.54 - - [30/Jan/2017:12:56:29 -0300] "POST /cormun/servlet/trautorizarot?350216cbb167e3c25486608ff7d695cb,gx-no-cache=1485795087309 HTTP/1.1" 200 9300
192.168.10.54 - - [30/Jan/2017:12:56:37 -0300] "POST /cormun/servlet/trautorizarot?350216cbb167e3c25486608ff7d695cb,gx-no-cache=1485795094983 HTTP/1.1" 200 9051
192.168.10.54 - - [30/Jan/2017:12:56:37 -0300] "POST /cormun/servlet/trautorizarot?350216cbb167e3c25486608ff7d695cb,gx-no-cache=1485795095654 HTTP/1.1" 200 8988
192.168.10.54 - - [30/Jan/2017:12:56:47 -0300] "POST /cormun/servlet/trautorizarot?350216cbb167e3c25486608ff7d695cb,gx-no-cache=1485795105400 HTTP/1.1" 200 8688
192.168.10.54 - - [30/Jan/2017:12:56:48 -0300] "POST /cormun/servlet/trautorizarot?350216cbb167e3c25486608ff7d695cb,gx-no-cache=1485795106045 HTTP/1.1" 200 8625
192.168.10.54 - - [30/Jan/2017:12:56:54 -0300] "POST /cormun/servlet/trautorizarot?350216cbb167e3c25486608ff7d695cb,gx-no-cache=1485795111919 HTTP/1.1" 200 8327
192.168.10.54 - - [30/Jan/2017:12:56:54 -0300] "POST /cormun/servlet/trautorizarot?350216cbb167e3c25486608ff7d695cb,gx-no-cache=1485795112575 HTTP/1.1" 200 8260
192.168.10.54 - - [30/Jan/2017:12:57:24 -0300] "POST /cormun/servlet/trautorizarot?350216cbb167e3c25486608ff7d695cb,gx-no-cache=1485795141927 HTTP/1.1" 200 7968
192.168.10.54 - - [30/Jan/2017:12:57:24 -0300] "POST /cormun/servlet/trautorizarot?350216cbb167e3c25486608ff7d695cb,gx-no-cache=1485795142562 HTTP/1.1" 200 7904
192.168.10.54 - - [30/Jan/2017:12:57:34 -0300] "POST /cormun/servlet/trautorizarot?350216cbb167e3c25486608ff7d695cb,gx-no-cache=1485795151933 HTTP/1.1" 200 7625
192.168.10.54 - - [30/Jan/2017:12:57:34 -0300] "POST /cormun/servlet/trautorizarot?350216cbb167e3c25486608ff7d695cb,gx-no-cache=1485795152523 HTTP/1.1" 200 7562
192.168.10.54 - - [30/Jan/2017:12:57:54 -0300] "POST /cormun/servlet/trautorizarot?350216cbb167e3c25486608ff7d695cb,gx-no-cache=1485795172070 HTTP/1.1" 200 7288
192.168.10.54 - - [30/Jan/2017:12:57:54 -0300] "POST /cormun/servlet/trautorizarot?350216cbb167e3c25486608ff7d695cb,gx-no-cache=1485795172618 HTTP/1.1" 200 7224
192.168.10.54 - - [30/Jan/2017:12:58:04 -0300] "POST /cormun/servlet/trautorizarot?350216cbb167e3c25486608ff7d695cb,gx-no-cache=1485795182461 HTTP/1.1" 200 6927
192.168.10.54 - - [30/Jan/2017:12:58:05 -0300] "POST /cormun/servlet/trautorizarot?350216cbb167e3c25486608ff7d695cb,gx-no-cache=1485795182980 HTTP/1.1" 200 6864
192.168.10.54 - - [30/Jan/2017:12:58:14 -0300] "POST /cormun/servlet/trautorizarot?350216cbb167e3c25486608ff7d695cb,gx-no-cache=1485795192209 HTTP/1.1" 200 6568
192.168.10.54 - - [30/Jan/2017:12:58:14 -0300] "POST /cormun/servlet/trautorizarot?350216cbb167e3c25486608ff7d695cb,gx-no-cache=1485795192644 HTTP/1.1" 200 6505
192.168.10.54 - - [30/Jan/2017:12:58:23 -0300] "POST /cormun/servlet/trautorizarot?350216cbb167e3c25486608ff7d695cb,gx-no-cache=1485795201755 HTTP/1.1" 200 6170
192.168.10.54 - - [30/Jan/2017:12:58:24 -0300] "POST /cormun/servlet/trautorizarot?350216cbb167e3c25486608ff7d695cb,gx-no-cache=1485795202143 HTTP/1.1" 200 6111
192.168.10.54 - - [30/Jan/2017:12:58:52 -0300] "POST /cormun/servlet/trautorizarot?350216cbb167e3c25486608ff7d695cb,gx-no-cache=1485795230130 HTTP/1.1" 200 16749
192.168.10.54 - - [30/Jan/2017:12:58:56 -0300] "POST /cormun/servlet/trautorizarot?350216cbb167e3c25486608ff7d695cb,gx-no-cache=1485795233715 HTTP/1.1" 200 103
192.168.10.54 - - [30/Jan/2017:12:58:56 -0300] "GET /cormun/AutorizarOT-3116.xls HTTP/1.1" 200 20992
186.67.172.234 - - [30/Jan/2017:13:08:01 -0300] "POST /cormun/servlet/trsolicitudadjuntos?86b91d9ac72493b8aa0a6e45b856f297,2017,4627,,gx-no-cache=1485792556922 HTTP/1.1" 440 972
186.67.172.234 - - [30/Jan/2017:13:08:08 -0300] "GET /cormun/servlet/trsolicitudadjuntos?2017,4627, HTTP/1.1" 200 7958
186.67.172.234 - - [30/Jan/2017:13:08:09 -0300] "GET /cormun/servlet/hlogin HTTP/1.1" 200 1745
186.67.172.234 - - [30/Jan/2017:13:08:09 -0300] "GET /cormun/servlet/trsolicitudadjuntos?2017,4627, HTTP/1.1" 200 7958
186.67.172.234 - - [30/Jan/2017:13:08:20 -0300] "POST /cormun/servlet/hlogin?372c8d631490dbed2ee02688cdf32824,gx-no-cache=1485792575590 HTTP/1.1" 200 90
186.67.172.234 - - [30/Jan/2017:13:08:20 -0300] "GET /cormun/servlet/hpexe_link HTTP/1.1" 200 971
186.67.172.234 - - [30/Jan/2017:13:08:20 -0300] "GET /cormun/servlet/trsolicitudadjuntos?2017,4627, HTTP/1.1" 200 8788
186.67.172.234 - - [30/Jan/2017:13:08:21 -0300] "GET /cormun/servlet/trsolicitudadjuntos?2017,4627, HTTP/1.1" 200 8787
186.67.172.234 - - [30/Jan/2017:13:08:26 -0300] "GET /cormun/servlet/solicitudotadjuntos?INS,2017,4627,,1, HTTP/1.1" 200 6050
186.67.172.234 - - [30/Jan/2017:13:08:26 -0300] "GET /cormun/static/gxcfg.js?201612218465951 HTTP/1.1" 200 953
186.67.172.234 - - [30/Jan/2017:13:08:26 -0300] "GET /cormun/static/solicitudotadjuntos.js?201612218465969 HTTP/1.1" 304 -
186.67.172.234 - - [30/Jan/2017:13:08:26 -0300] "GET /cormun/static/about:blank HTTP/1.1" 404 1011
186.67.172.234 - - [30/Jan/2017:13:08:26 -0300] "GET /cormun/servlet/solicitudotadjuntos?INS,2017,4627,,1, HTTP/1.1" 200 6044
186.67.172.234 - - [30/Jan/2017:13:08:27 -0300] "GET /cormun/servlet/solicitudotadjuntos?63b15998d7eb30d03af0d6e60ce1ddfa2a702e35b493fa77cc15e1d1143727001400d9482dc07251eb48b4e7872db467,gx-no-cache=1485792582766 HTTP/1.1" 200 30
186.67.172.234 - - [30/Jan/2017:13:08:27 -0300] "POST /cormun/servlet/solicitudotadjuntos?372c8d631490dbed2ee02688cdf32824,INS,2017,4627,,1,,gx-no-cache=1485792582801 HTTP/1.1" 200 3860
186.67.172.234 - - [30/Jan/2017:13:08:33 -0300] "POST /cormun/servlet/solicitudotadjuntos?gx-no-cache=1485792589188 HTTP/1.1" 200 26
186.67.172.234 - - [30/Jan/2017:13:08:45 -0300] "GET /cormun/servlet/solicitudotadjuntos?63b15998d7eb30d03af0d6e60ce1ddfaab9a6d0c409f4cbb11dd86676e1e8859,gx-no-cache=1485792600748 HTTP/1.1" 200 30
186.67.172.234 - - [30/Jan/2017:13:08:45 -0300] "GET /cormun/servlet/solicitudotadjuntos?63b15998d7eb30d03af0d6e60ce1ddfaab9a6d0c409f4cbb11dd86676e1e8859,gx-no-cache=1485792600817 HTTP/1.1" 200 30
186.67.172.234 - - [30/Jan/2017:13:08:45 -0300] "POST /cormun/servlet/solicitudotadjuntos?372c8d631490dbed2ee02688cdf32824,INS,2017,4627,,1,,gx-no-cache=1485792600865 HTTP/1.1" 200 93
186.67.172.234 - - [30/Jan/2017:13:08:45 -0300] "GET /cormun/servlet/hpexe_return? HTTP/1.1" 200 1023
186.67.172.234 - - [30/Jan/2017:13:08:45 -0300] "GET /cormun/static/gxcfg.js?2016101716175148 HTTP/1.1" 200 953
186.67.172.234 - - [30/Jan/2017:13:08:45 -0300] "GET /cormun/static/hpexe_return.js?2016101716175153 HTTP/1.1" 304 -
186.67.172.234 - - [30/Jan/2017:13:08:46 -0300] "GET /cormun/servlet/trsolicitudadjuntos?2017,4627, HTTP/1.1" 200 8949
186.67.172.234 - - [30/Jan/2017:13:08:46 -0300] "GET /cormun/servlet/trsolicitudadjuntos?2017,4627, HTTP/1.1" 200 8946
186.67.172.234 - - [30/Jan/2017:13:09:01 -0300] "GET /cormun/servlet/solicitudotadjuntos?DLT,2017,4627,TITULO,0, HTTP/1.1" 200 5943
186.67.172.234 - - [30/Jan/2017:13:09:01 -0300] "GET /cormun/static/about:blank HTTP/1.1" 404 1011
186.67.172.234 - - [30/Jan/2017:13:09:01 -0300] "GET /cormun/static/Shared/jqueryui/images/ui-bg_highlight-soft_100_c6c2c8_1x100.png HTTP/1.1" 404 1117
186.67.172.234 - - [30/Jan/2017:13:09:01 -0300] "GET /cormun/static/Shared/jqueryui/images/ui-icons_82798d_256x240.png HTTP/1.1" 404 1089
186.67.172.234 - - [30/Jan/2017:13:09:01 -0300] "GET /cormun/static/Shared/jqueryui/images/ui-icons_8d78a5_256x240.png HTTP/1.1" 404 1089
186.67.172.234 - - [30/Jan/2017:13:09:01 -0300] "GET /cormun/static/Shared/jqueryui/images/ui-bg_flat_55_fafafa_40x100.png HTTP/1.1" 404 1097
186.67.172.234 - - [30/Jan/2017:13:09:01 -0300] "GET /cormun/servlet/solicitudotadjuntos?DLT,2017,4627,TITULO,0, HTTP/1.1" 200 5937
186.67.172.234 - - [30/Jan/2017:13:09:06 -0300] "GET /cormun/servlet/trsolicitudot? HTTP/1.1" 200 8306
186.67.172.234 - - [30/Jan/2017:13:09:06 -0300] "GET /cormun/servlet/trsolicitudot? HTTP/1.1" 200 8287
186.67.172.234 - - [30/Jan/2017:13:09:10 -0300] "POST /cormun/servlet/trsolicitudot?372c8d631490dbed2ee02688cdf32824,,gx-no-cache=1485792626058 HTTP/1.1" 200 106
186.67.172.234 - - [30/Jan/2017:13:09:12 -0300] "GET /cormun/servlet/trsolicitudadjuntos?2017,4627, HTTP/1.1" 200 8946
186.67.172.234 - - [30/Jan/2017:13:09:12 -0300] "GET /cormun/servlet/trsolicitudadjuntos?2017,4627, HTTP/1.1" 200 8948
186.67.172.234 - - [30/Jan/2017:13:09:16 -0300] "GET /cormun/servlet/solicitudotadjuntos?INS,2017,4627,,2, HTTP/1.1" 200 6048
186.67.172.234 - - [30/Jan/2017:13:09:17 -0300] "GET /cormun/static/about:blank HTTP/1.1" 404 1011
186.67.172.234 - - [30/Jan/2017:13:09:17 -0300] "GET /cormun/servlet/solicitudotadjuntos?INS,2017,4627,,2, HTTP/1.1" 200 6042
186.67.172.234 - - [30/Jan/2017:13:09:17 -0300] "GET /cormun/servlet/solicitudotadjuntos?63b15998d7eb30d03af0d6e60ce1ddfa2a702e35b493fa77cc15e1d1143727001400d9482dc07251eb48b4e7872db467,gx-no-cache=1485792633063 HTTP/1.1" 200 30
186.67.172.234 - - [30/Jan/2017:13:09:17 -0300] "POST /cormun/servlet/solicitudotadjuntos?372c8d631490dbed2ee02688cdf32824,INS,2017,4627,,2,,gx-no-cache=1485792633100 HTTP/1.1" 200 4004
186.67.172.234 - - [30/Jan/2017:13:09:23 -0300] "POST /cormun/servlet/solicitudotadjuntos?gx-no-cache=1485792639060 HTTP/1.1" 200 26
192.168.10.54 - - [30/Jan/2017:13:10:03 -0300] "POST /cormun/servlet/trautorizarot?350216cbb167e3c25486608ff7d695cb,gx-no-cache=1485795901365 HTTP/1.1" 200 16537
192.168.10.54 - - [30/Jan/2017:13:10:07 -0300] "POST /cormun/servlet/trautorizarot?350216cbb167e3c25486608ff7d695cb,gx-no-cache=1485795905227 HTTP/1.1" 200 16472
192.168.10.54 - - [30/Jan/2017:13:10:19 -0300] "POST /cormun/servlet/trautorizarot?350216cbb167e3c25486608ff7d695cb,gx-no-cache=1485795916933 HTTP/1.1" 200 16248
186.67.172.234 - - [30/Jan/2017:13:10:19 -0300] "GET /cormun/servlet/solicitudotadjuntos?63b15998d7eb30d03af0d6e60ce1ddfaab9a6d0c409f4cbb11dd86676e1e8859,gx-no-cache=1485792694636 HTTP/1.1" 200 30
186.67.172.234 - - [30/Jan/2017:13:10:19 -0300] "GET /cormun/servlet/solicitudotadjuntos?63b15998d7eb30d03af0d6e60ce1ddfaab9a6d0c409f4cbb11dd86676e1e8859,gx-no-cache=1485792694675 HTTP/1.1" 200 30
186.67.172.234 - - [30/Jan/2017:13:10:20 -0300] "POST /cormun/servlet/solicitudotadjuntos?372c8d631490dbed2ee02688cdf32824,INS,2017,4627,,2, HTTP/1.1" 200 116
186.67.172.234 - - [30/Jan/2017:13:10:20 -0300] "GET /cormun/servlet/hpexe_return? HTTP/1.1" 200 1023
186.67.172.234 - - [30/Jan/2017:13:10:20 -0300] "GET /cormun/servlet/trsolicitudadjuntos?2017,4627, HTTP/1.1" 200 9191
186.67.172.234 - - [30/Jan/2017:13:10:21 -0300] "GET /cormun/servlet/trsolicitudadjuntos?2017,4627, HTTP/1.1" 200 9186
192.168.10.54 - - [30/Jan/2017:13:10:23 -0300] "POST /cormun/servlet/trautorizarot?350216cbb167e3c25486608ff7d695cb,gx-no-cache=1485795920808 HTTP/1.1" 200 16182
192.168.10.54 - - [30/Jan/2017:13:10:26 -0300] "POST /cormun/servlet/trautorizarot?350216cbb167e3c25486608ff7d695cb,gx-no-cache=1485795924478 HTTP/1.1" 200 15991
192.168.10.54 - - [30/Jan/2017:13:10:30 -0300] "POST /cormun/servlet/trautorizarot?350216cbb167e3c25486608ff7d695cb,gx-no-cache=1485795928431 HTTP/1.1" 200 15925
186.67.172.234 - - [30/Jan/2017:13:10:35 -0300] "GET /cormun/servlet/solicitudotadjuntos?DLT,2017,4627,CERTIF1,0, HTTP/1.1" 200 6063
186.67.172.234 - - [30/Jan/2017:13:10:36 -0300] "GET /cormun/static/Shared/jqueryui/images/ui-bg_highlight-soft_100_c6c2c8_1x100.png HTTP/1.1" 404 1117
186.67.172.234 - - [30/Jan/2017:13:10:36 -0300] "GET /cormun/static/Shared/jqueryui/images/ui-icons_82798d_256x240.png HTTP/1.1" 404 1089
186.67.172.234 - - [30/Jan/2017:13:10:36 -0300] "GET /cormun/static/Shared/jqueryui/images/ui-bg_flat_55_fafafa_40x100.png HTTP/1.1" 404 1097
186.67.172.234 - - [30/Jan/2017:13:10:36 -0300] "GET /cormun/static/Shared/jqueryui/images/ui-icons_8d78a5_256x240.png HTTP/1.1" 404 1089
186.67.172.234 - - [30/Jan/2017:13:10:36 -0300] "GET /cormun/PublicTempStorage/certificado_de_titulo_s.caceres3817043.pdf HTTP/1.1" 200 352256
186.67.172.234 - - [30/Jan/2017:13:10:36 -0300] "GET /cormun/servlet/solicitudotadjuntos?DLT,2017,4627,CERTIF1,0, HTTP/1.1" 200 6056
186.67.172.234 - - [30/Jan/2017:13:10:37 -0300] "GET /cormun/PublicTempStorage/certificado_de_titulo_s.caceres3817043.pdf HTTP/1.1" 206 259446
192.168.10.54 - - [30/Jan/2017:13:10:42 -0300] "POST /cormun/servlet/trautorizarot?350216cbb167e3c25486608ff7d695cb,gx-no-cache=1485795939814 HTTP/1.1" 200 15621
186.67.172.234 - - [30/Jan/2017:13:10:46 -0300] "GET /cormun/servlet/trsolicitudot? HTTP/1.1" 200 8306
192.168.10.54 - - [30/Jan/2017:13:10:46 -0300] "POST /cormun/servlet/trautorizarot?350216cbb167e3c25486608ff7d695cb,gx-no-cache=1485795943862 HTTP/1.1" 200 15556
186.67.172.234 - - [30/Jan/2017:13:10:46 -0300] "GET /cormun/servlet/trsolicitudot? HTTP/1.1" 200 8287
186.67.172.234 - - [30/Jan/2017:13:10:49 -0300] "POST /cormun/servlet/trsolicitudot?372c8d631490dbed2ee02688cdf32824,,gx-no-cache=1485792725153 HTTP/1.1" 200 106
186.67.172.234 - - [30/Jan/2017:13:10:50 -0300] "GET /cormun/servlet/trsolicitudadjuntos?2017,4627, HTTP/1.1" 200 9180
186.67.172.234 - - [30/Jan/2017:13:10:51 -0300] "GET /cormun/servlet/trsolicitudadjuntos?2017,4627, HTTP/1.1" 200 9188
192.168.10.54 - - [30/Jan/2017:13:10:55 -0300] "POST /cormun/servlet/trautorizarot?350216cbb167e3c25486608ff7d695cb,gx-no-cache=1485795953078 HTTP/1.1" 200 15352
192.168.10.54 - - [30/Jan/2017:13:10:59 -0300] "POST /cormun/servlet/trautorizarot?350216cbb167e3c25486608ff7d695cb,gx-no-cache=1485795957150 HTTP/1.1" 200 15285
192.168.10.54 - - [30/Jan/2017:13:11:05 -0300] "POST /cormun/servlet/trautorizarot?350216cbb167e3c25486608ff7d695cb,gx-no-cache=1485795962831 HTTP/1.1" 200 15113
192.168.10.54 - - [30/Jan/2017:13:11:09 -0300] "POST /cormun/servlet/trautorizarot?350216cbb167e3c25486608ff7d695cb,gx-no-cache=1485795966922 HTTP/1.1" 200 15048
192.168.10.54 - - [30/Jan/2017:13:11:22 -0300] "POST /cormun/servlet/trautorizarot?350216cbb167e3c25486608ff7d695cb,gx-no-cache=1485795979703 HTTP/1.1" 200 14849
192.168.10.54 - - [30/Jan/2017:13:11:26 -0300] "POST /cormun/servlet/trautorizarot?350216cbb167e3c25486608ff7d695cb,gx-no-cache=1485795983874 HTTP/1.1" 200 14783
192.168.10.54 - - [30/Jan/2017:13:11:30 -0300] "POST /cormun/servlet/trautorizarot?350216cbb167e3c25486608ff7d695cb,gx-no-cache=1485795987493 HTTP/1.1" 200 14523
192.168.10.54 - - [30/Jan/2017:13:11:34 -0300] "POST /cormun/servlet/trautorizarot?350216cbb167e3c25486608ff7d695cb,gx-no-cache=1485795991904 HTTP/1.1" 200 14454
192.168.10.54 - - [30/Jan/2017:13:11:37 -0300] "POST /cormun/servlet/trautorizarot?350216cbb167e3c25486608ff7d695cb,gx-no-cache=1485795995591 HTTP/1.1" 200 14304
192.168.10.54 - - [30/Jan/2017:13:11:42 -0300] "POST /cormun/servlet/trautorizarot?350216cbb167e3c25486608ff7d695cb,gx-no-cache=1485795999804 HTTP/1.1" 200 14237
192.168.10.54 - - [30/Jan/2017:13:11:45 -0300] "POST /cormun/servlet/trautorizarot?350216cbb167e3c25486608ff7d695cb,gx-no-cache=1485796003370 HTTP/1.1" 200 13996
186.67.172.234 - - [30/Jan/2017:13:11:46 -0300] "GET /cormun/servlet/solicitudotadjuntos?DLT,2017,4627,CERTIF1,0, HTTP/1.1" 200 6064
186.67.172.234 - - [30/Jan/2017:13:11:46 -0300] "GET /cormun/static/Shared/jqueryui/images/ui-bg_highlight-soft_100_c6c2c8_1x100.png HTTP/1.1" 404 1117
186.67.172.234 - - [30/Jan/2017:13:11:46 -0300] "GET /cormun/static/Shared/jqueryui/images/ui-icons_82798d_256x240.png HTTP/1.1" 404 1089
186.67.172.234 - - [30/Jan/2017:13:11:46 -0300] "GET /cormun/static/Shared/jqueryui/images/ui-icons_8d78a5_256x240.png HTTP/1.1" 404 1089
186.67.172.234 - - [30/Jan/2017:13:11:46 -0300] "GET /cormun/static/Shared/jqueryui/images/ui-bg_flat_55_fafafa_40x100.png HTTP/1.1" 404 1097
186.67.172.234 - - [30/Jan/2017:13:11:46 -0300] "GET /cormun/servlet/solicitudotadjuntos?DLT,2017,4627,CERTIF1,0, HTTP/1.1" 200 6058
186.67.172.234 - - [30/Jan/2017:13:11:46 -0300] "GET /cormun/PublicTempStorage/certificado_de_titulo_s.caceres7453462.pdf HTTP/1.1" 200 502008
186.67.172.234 - - [30/Jan/2017:13:11:48 -0300] "POST /cormun/servlet/solicitudotadjuntos?372c8d631490dbed2ee02688cdf32824,DLT,2017,4627,CERTIF1,0,,gx-no-cache=1485792783849 HTTP/1.1" 200 93
186.67.172.234 - - [30/Jan/2017:13:11:48 -0300] "GET /cormun/servlet/hpexe_return? HTTP/1.1" 200 1029
186.67.172.234 - - [30/Jan/2017:13:11:49 -0300] "GET /cormun/servlet/trsolicitudadjuntos?2017,4627, HTTP/1.1" 200 8948
186.67.172.234 - - [30/Jan/2017:13:11:49 -0300] "GET /cormun/servlet/trsolicitudadjuntos?2017,4627, HTTP/1.1" 200 8947
192.168.10.54 - - [30/Jan/2017:13:11:49 -0300] "POST /cormun/servlet/trautorizarot?350216cbb167e3c25486608ff7d695cb,gx-no-cache=1485796007515 HTTP/1.1" 200 13929
192.168.10.54 - - [30/Jan/2017:13:11:53 -0300] "POST /cormun/servlet/trautorizarot?350216cbb167e3c25486608ff7d695cb,gx-no-cache=1485796011199 HTTP/1.1" 200 13711
192.168.10.54 - - [30/Jan/2017:13:11:57 -0300] "POST /cormun/servlet/trautorizarot?350216cbb167e3c25486608ff7d695cb,gx-no-cache=1485796015333 HTTP/1.1" 200 13642
186.67.172.234 - - [30/Jan/2017:13:12:02 -0300] "GET /cormun/PublicTempStorage/ci.-salvio_caceres7667163.docx HTTP/1.1" 200 389495
192.168.10.54 - - [30/Jan/2017:13:12:02 -0300] "POST /cormun/servlet/trautorizarot?350216cbb167e3c25486608ff7d695cb,gx-no-cache=1485796020629 HTTP/1.1" 200 13376
192.168.10.54 - - [30/Jan/2017:13:12:07 -0300] "POST /cormun/servlet/trautorizarot?350216cbb167e3c25486608ff7d695cb,gx-no-cache=1485796024713 HTTP/1.1" 200 13308
192.168.10.54 - - [30/Jan/2017:13:12:11 -0300] "POST /cormun/servlet/trautorizarot?350216cbb167e3c25486608ff7d695cb,gx-no-cache=1485796029388 HTTP/1.1" 200 13051
192.168.10.54 - - [30/Jan/2017:13:12:15 -0300] "POST /cormun/servlet/trautorizarot?350216cbb167e3c25486608ff7d695cb,gx-no-cache=1485796033488 HTTP/1.1" 200 12985
192.168.10.54 - - [30/Jan/2017:13:12:19 -0300] "POST /cormun/servlet/trautorizarot?350216cbb167e3c25486608ff7d695cb,gx-no-cache=1485796036972 HTTP/1.1" 200 12800
192.168.10.54 - - [30/Jan/2017:13:12:23 -0300] "POST /cormun/servlet/trautorizarot?350216cbb167e3c25486608ff7d695cb,gx-no-cache=1485796041037 HTTP/1.1" 200 12735
192.168.10.54 - - [30/Jan/2017:13:12:30 -0300] "POST /cormun/servlet/trautorizarot?350216cbb167e3c25486608ff7d695cb,gx-no-cache=1485796048303 HTTP/1.1" 200 12508
192.168.10.54 - - [30/Jan/2017:13:12:34 -0300] "POST /cormun/servlet/trautorizarot?350216cbb167e3c25486608ff7d695cb,gx-no-cache=1485796052346 HTTP/1.1" 200 12437
186.67.172.234 - - [30/Jan/2017:13:12:40 -0300] "GET /cormun/servlet/solicitudotadjuntos?INS,2017,4627,,1, HTTP/1.1" 200 6050
186.67.172.234 - - [30/Jan/2017:13:12:40 -0300] "GET /cormun/static/about:blank HTTP/1.1" 404 1011
186.67.172.234 - - [30/Jan/2017:13:12:40 -0300] "GET /cormun/servlet/solicitudotadjuntos?INS,2017,4627,,1, HTTP/1.1" 200 6043
186.67.172.234 - - [30/Jan/2017:13:12:41 -0300] "GET /cormun/servlet/solicitudotadjuntos?63b15998d7eb30d03af0d6e60ce1ddfa2a702e35b493fa77cc15e1d1143727001400d9482dc07251eb48b4e7872db467,gx-no-cache=1485792836728 HTTP/1.1" 200 30
186.67.172.234 - - [30/Jan/2017:13:12:41 -0300] "POST /cormun/servlet/solicitudotadjuntos?372c8d631490dbed2ee02688cdf32824,INS,2017,4627,,1,,gx-no-cache=1485792836777 HTTP/1.1" 200 3858
186.67.172.234 - - [30/Jan/2017:13:12:47 -0300] "POST /cormun/servlet/solicitudotadjuntos?gx-no-cache=1485792843091 HTTP/1.1" 200 26
192.168.10.54 - - [30/Jan/2017:13:13:03 -0300] "POST /cormun/servlet/trautorizarot?350216cbb167e3c25486608ff7d695cb,gx-no-cache=1485796080838 HTTP/1.1" 200 12229
192.168.10.54 - - [30/Jan/2017:13:13:07 -0300] "POST /cormun/servlet/trautorizarot?350216cbb167e3c25486608ff7d695cb,gx-no-cache=1485796084784 HTTP/1.1" 200 12161
192.168.10.54 - - [30/Jan/2017:13:13:11 -0300] "POST /cormun/servlet/trautorizarot?350216cbb167e3c25486608ff7d695cb,gx-no-cache=1485796089525 HTTP/1.1" 200 11885
192.168.10.54 - - [30/Jan/2017:13:13:15 -0300] "POST /cormun/servlet/trautorizarot?350216cbb167e3c25486608ff7d695cb,gx-no-cache=1485796093374 HTTP/1.1" 200 11818
186.67.172.234 - - [30/Jan/2017:13:13:21 -0300] "GET /cormun/servlet/solicitudotadjuntos?63b15998d7eb30d03af0d6e60ce1ddfaab9a6d0c409f4cbb11dd86676e1e8859,gx-no-cache=1485792876514 HTTP/1.1" 200 30
186.67.172.234 - - [30/Jan/2017:13:13:21 -0300] "GET /cormun/servlet/solicitudotadjuntos?63b15998d7eb30d03af0d6e60ce1ddfaab9a6d0c409f4cbb11dd86676e1e8859,gx-no-cache=1485792876529 HTTP/1.1" 200 30
186.67.172.234 - - [30/Jan/2017:13:13:22 -0300] "POST /cormun/servlet/solicitudotadjuntos?372c8d631490dbed2ee02688cdf32824,INS,2017,4627,,1, HTTP/1.1" 200 6078
186.67.172.234 - - [30/Jan/2017:13:13:22 -0300] "GET /home/sistema/apache-tomcat-7.0.65/webapps/cormun/PrivateTempStorage/upload_00000019.pdf HTTP/1.1" 404 1135
186.67.172.234 - - [30/Jan/2017:13:13:22 -0300] "GET /home/sistema/apache-tomcat-7.0.65/webapps/cormun/PrivateTempStorage/upload_00000019.pdf HTTP/1.1" 404 1135
186.67.172.234 - - [30/Jan/2017:13:13:22 -0300] "GET /cormun/static/Shared/jqueryui/images/ui-bg_highlight-soft_100_c6c2c8_1x100.png HTTP/1.1" 404 1117
186.67.172.234 - - [30/Jan/2017:13:13:22 -0300] "GET /cormun/static/Shared/jqueryui/images/ui-bg_flat_55_994d53_40x100.png HTTP/1.1" 404 1097
186.67.172.234 - - [30/Jan/2017:13:13:22 -0300] "GET /cormun/static/Shared/jqueryui/images/ui-icons_82798d_256x240.png HTTP/1.1" 404 1089
186.67.172.234 - - [30/Jan/2017:13:13:22 -0300] "GET /cormun/static/Shared/jqueryui/images/ui-icons_ebccce_256x240.png HTTP/1.1" 404 1089
186.67.172.234 - - [30/Jan/2017:13:13:22 -0300] "GET /cormun/PrivateTempStorage/upload_00000019.pdf HTTP/1.1" 200 502008
186.67.172.234 - - [30/Jan/2017:13:13:22 -0300] "GET /cormun/PrivateTempStorage/upload_00000019.pdf HTTP/1.1" 304 -
192.168.10.54 - - [30/Jan/2017:13:13:23 -0300] "POST /cormun/servlet/trautorizarot?350216cbb167e3c25486608ff7d695cb,gx-no-cache=1485796100709 HTTP/1.1" 200 11679
192.168.10.54 - - [30/Jan/2017:13:13:26 -0300] "POST /cormun/servlet/trautorizarot?350216cbb167e3c25486608ff7d695cb,gx-no-cache=1485796104701 HTTP/1.1" 200 11613
186.67.172.234 - - [30/Jan/2017:13:13:27 -0300] "GET /cormun/servlet/solicitudotadjuntos?63b15998d7eb30d03af0d6e60ce1ddfacaefd630dc6a1bb7941eccba6815500e28fb31b76799f00e230b4013c0cd265d,gx-no-cache=1485792883042 HTTP/1.1" 200 30
186.67.172.234 - - [30/Jan/2017:13:13:28 -0300] "POST /cormun/servlet/solicitudotadjuntos?372c8d631490dbed2ee02688cdf32824,INS,2017,4627,,1, HTTP/1.1" 200 6079
186.67.172.234 - - [30/Jan/2017:13:13:28 -0300] "GET /home/sistema/apache-tomcat-7.0.65/webapps/cormun/PrivateTempStorage/upload_00000031.pdf HTTP/1.1" 404 1135
186.67.172.234 - - [30/Jan/2017:13:13:28 -0300] "GET /home/sistema/apache-tomcat-7.0.65/webapps/cormun/PrivateTempStorage/upload_00000031.pdf HTTP/1.1" 404 1135
186.67.172.234 - - [30/Jan/2017:13:13:28 -0300] "GET /cormun/PrivateTempStorage/upload_00000031.pdf HTTP/1.1" 200 16384
186.67.172.234 - - [30/Jan/2017:13:13:28 -0300] "GET /cormun/PrivateTempStorage/upload_00000031.pdf HTTP/1.1" 200 502008
192.168.10.54 - - [30/Jan/2017:13:13:30 -0300] "POST /cormun/servlet/trautorizarot?350216cbb167e3c25486608ff7d695cb,gx-no-cache=1485796108126 HTTP/1.1" 200 11452
192.168.10.54 - - [30/Jan/2017:13:13:34 -0300] "POST /cormun/servlet/trautorizarot?350216cbb167e3c25486608ff7d695cb,gx-no-cache=1485796111897 HTTP/1.1" 200 11388
192.168.10.54 - - [30/Jan/2017:13:13:37 -0300] "POST /cormun/servlet/trautorizarot?350216cbb167e3c25486608ff7d695cb,gx-no-cache=1485796115233 HTTP/1.1" 200 11153
186.67.172.234 - - [30/Jan/2017:13:13:39 -0300] "POST /cormun/servlet/solicitudotadjuntos?372c8d631490dbed2ee02688cdf32824,INS,2017,4627,,1,,gx-no-cache=1485792894291 HTTP/1.1" 200 93
186.67.172.234 - - [30/Jan/2017:13:13:39 -0300] "GET /cormun/servlet/hpexe_return? HTTP/1.1" 200 1023
186.67.172.234 - - [30/Jan/2017:13:13:39 -0300] "GET /cormun/servlet/trsolicitudadjuntos?2017,4627, HTTP/1.1" 200 8949
186.67.172.234 - - [30/Jan/2017:13:13:40 -0300] "GET /cormun/servlet/trsolicitudadjuntos?2017,4627, HTTP/1.1" 200 8946
192.168.10.54 - - [30/Jan/2017:13:13:40 -0300] "POST /cormun/servlet/trautorizarot?350216cbb167e3c25486608ff7d695cb,gx-no-cache=1485796118779 HTTP/1.1" 200 11089
192.168.10.54 - - [30/Jan/2017:13:13:43 -0300] "POST /cormun/servlet/trautorizarot?350216cbb167e3c25486608ff7d695cb,gx-no-cache=1485796121732 HTTP/1.1" 200 10863
192.168.10.54 - - [30/Jan/2017:13:13:47 -0300] "POST /cormun/servlet/trautorizarot?350216cbb167e3c25486608ff7d695cb,gx-no-cache=1485796125225 HTTP/1.1" 200 10796
192.168.10.54 - - [30/Jan/2017:13:13:50 -0300] "POST /cormun/servlet/trautorizarot?350216cbb167e3c25486608ff7d695cb,gx-no-cache=1485796128194 HTTP/1.1" 200 10522
192.168.10.54 - - [30/Jan/2017:13:13:53 -0300] "POST /cormun/servlet/trautorizarot?350216cbb167e3c25486608ff7d695cb,gx-no-cache=1485796131529 HTTP/1.1" 200 10458
192.168.10.54 - - [30/Jan/2017:13:13:56 -0300] "POST /cormun/servlet/trautorizarot?350216cbb167e3c25486608ff7d695cb,gx-no-cache=1485796134681 HTTP/1.1" 200 10207
186.67.172.234 - - [30/Jan/2017:13:13:58 -0300] "GET /cormun/servlet/solicitudotadjuntos?INS,2017,4627,,1, HTTP/1.1" 200 6051
186.67.172.234 - - [30/Jan/2017:13:13:58 -0300] "GET /cormun/static/about:blank HTTP/1.1" 404 1011
186.67.172.234 - - [30/Jan/2017:13:13:58 -0300] "GET /cormun/servlet/solicitudotadjuntos?INS,2017,4627,,1, HTTP/1.1" 200 6044
186.67.172.234 - - [30/Jan/2017:13:13:59 -0300] "GET /cormun/servlet/solicitudotadjuntos?63b15998d7eb30d03af0d6e60ce1ddfa2a702e35b493fa77cc15e1d1143727001400d9482dc07251eb48b4e7872db467,gx-no-cache=1485792914795 HTTP/1.1" 200 30
186.67.172.234 - - [30/Jan/2017:13:13:59 -0300] "POST /cormun/servlet/solicitudotadjuntos?372c8d631490dbed2ee02688cdf32824,INS,2017,4627,,1,,gx-no-cache=1485792914822 HTTP/1.1" 200 3859
192.168.10.54 - - [30/Jan/2017:13:14:00 -0300] "POST /cormun/servlet/trautorizarot?350216cbb167e3c25486608ff7d695cb,gx-no-cache=1485796137868 HTTP/1.1" 200 10138
192.168.10.54 - - [30/Jan/2017:13:14:03 -0300] "POST /cormun/servlet/trautorizarot?350216cbb167e3c25486608ff7d695cb,gx-no-cache=1485796141183 HTTP/1.1" 200 9884
192.168.10.54 - - [30/Jan/2017:13:14:06 -0300] "POST /cormun/servlet/trautorizarot?350216cbb167e3c25486608ff7d695cb,gx-no-cache=1485796144227 HTTP/1.1" 200 9818
186.67.172.234 - - [30/Jan/2017:13:14:07 -0300] "POST /cormun/servlet/solicitudotadjuntos?gx-no-cache=1485792922771 HTTP/1.1" 200 26
192.168.10.54 - - [30/Jan/2017:13:14:09 -0300] "POST /cormun/servlet/trautorizarot?350216cbb167e3c25486608ff7d695cb,gx-no-cache=1485796147644 HTTP/1.1" 200 9629
192.168.10.54 - - [30/Jan/2017:13:14:12 -0300] "POST /cormun/servlet/trautorizarot?350216cbb167e3c25486608ff7d695cb,gx-no-cache=1485796150519 HTTP/1.1" 200 9561
192.168.10.54 - - [30/Jan/2017:13:14:17 -0300] "POST /cormun/servlet/trautorizarot?350216cbb167e3c25486608ff7d695cb,gx-no-cache=1485796154829 HTTP/1.1" 200 9248
192.168.10.54 - - [30/Jan/2017:13:14:19 -0300] "POST /cormun/servlet/trautorizarot?350216cbb167e3c25486608ff7d695cb,gx-no-cache=1485796157551 HTTP/1.1" 200 9184
192.168.10.54 - - [30/Jan/2017:13:14:22 -0300] "POST /cormun/servlet/trautorizarot?350216cbb167e3c25486608ff7d695cb,gx-no-cache=1485796160760 HTTP/1.1" 200 8879
186.67.172.234 - - [30/Jan/2017:13:14:23 -0300] "GET /cormun/servlet/solicitudotadjuntos?63b15998d7eb30d03af0d6e60ce1ddfaab9a6d0c409f4cbb11dd86676e1e8859,gx-no-cache=1485792938915 HTTP/1.1" 200 30
186.67.172.234 - - [30/Jan/2017:13:14:23 -0300] "GET /cormun/servlet/solicitudotadjuntos?63b15998d7eb30d03af0d6e60ce1ddfaab9a6d0c409f4cbb11dd86676e1e8859,gx-no-cache=1485792938953 HTTP/1.1" 200 30
186.67.172.234 - - [30/Jan/2017:13:14:24 -0300] "POST /cormun/servlet/solicitudotadjuntos?372c8d631490dbed2ee02688cdf32824,INS,2017,4627,,1, HTTP/1.1" 200 6080
186.67.172.234 - - [30/Jan/2017:13:14:24 -0300] "GET /home/sistema/apache-tomcat-7.0.65/webapps/cormun/PrivateTempStorage/upload_00000043.pdf HTTP/1.1" 404 1135
186.67.172.234 - - [30/Jan/2017:13:14:24 -0300] "GET /home/sistema/apache-tomcat-7.0.65/webapps/cormun/PrivateTempStorage/upload_00000043.pdf HTTP/1.1" 404 1135
186.67.172.234 - - [30/Jan/2017:13:14:24 -0300] "GET /cormun/static/Shared/jqueryui/images/ui-bg_highlight-soft_100_c6c2c8_1x100.png HTTP/1.1" 404 1117
186.67.172.234 - - [30/Jan/2017:13:14:24 -0300] "GET /cormun/static/Shared/jqueryui/images/ui-icons_ebccce_256x240.png HTTP/1.1" 404 1089
186.67.172.234 - - [30/Jan/2017:13:14:24 -0300] "GET /cormun/PrivateTempStorage/upload_00000043.pdf HTTP/1.1" 200 16384
186.67.172.234 - - [30/Jan/2017:13:14:24 -0300] "GET /cormun/static/Shared/jqueryui/images/ui-bg_flat_55_994d53_40x100.png HTTP/1.1" 404 1097
186.67.172.234 - - [30/Jan/2017:13:14:24 -0300] "GET /cormun/static/Shared/jqueryui/images/ui-icons_82798d_256x240.png HTTP/1.1" 404 1089
186.67.172.234 - - [30/Jan/2017:13:14:25 -0300] "GET /cormun/PrivateTempStorage/upload_00000043.pdf HTTP/1.1" 200 502008
192.168.10.54 - - [30/Jan/2017:13:14:25 -0300] "POST /cormun/servlet/trautorizarot?350216cbb167e3c25486608ff7d695cb,gx-no-cache=1485796163320 HTTP/1.1" 200 8815
192.168.10.54 - - [30/Jan/2017:13:14:30 -0300] "POST /cormun/servlet/trautorizarot?350216cbb167e3c25486608ff7d695cb,gx-no-cache=1485796168593 HTTP/1.1" 200 8629
192.168.10.54 - - [30/Jan/2017:13:14:33 -0300] "POST /cormun/servlet/trautorizarot?350216cbb167e3c25486608ff7d695cb,gx-no-cache=1485796170976 HTTP/1.1" 200 8565
186.67.172.234 - - [30/Jan/2017:13:14:35 -0300] "GET /cormun/servlet/solicitudotadjuntos?63b15998d7eb30d03af0d6e60ce1ddfacaefd630dc6a1bb7941eccba6815500e28fb31b76799f00e230b4013c0cd265d,gx-no-cache=1485792951123 HTTP/1.1" 200 30
186.67.172.234 - - [30/Jan/2017:13:14:35 -0300] "GET /cormun/servlet/solicitudotadjuntos?63b15998d7eb30d03af0d6e60ce1ddfa8841e5af103d84427259abac20fd77a128fb31b76799f00e230b4013c0cd265d,gx-no-cache=1485792951185 HTTP/1.1" 200 30
186.67.172.234 - - [30/Jan/2017:13:14:36 -0300] "POST /cormun/servlet/solicitudotadjuntos?372c8d631490dbed2ee02688cdf32824,INS,2017,4627,,1,,gx-no-cache=1485792951238 HTTP/1.1" 200 3700
192.168.10.54 - - [30/Jan/2017:13:14:36 -0300] "POST /cormun/servlet/trautorizarot?350216cbb167e3c25486608ff7d695cb,gx-no-cache=1485796173824 HTTP/1.1" 200 8250
192.168.10.54 - - [30/Jan/2017:13:14:38 -0300] "POST /cormun/servlet/trautorizarot?350216cbb167e3c25486608ff7d695cb,gx-no-cache=1485796176160 HTTP/1.1" 200 8164
192.168.10.54 - - [30/Jan/2017:13:14:41 -0300] "POST /cormun/servlet/trautorizarot?350216cbb167e3c25486608ff7d695cb,gx-no-cache=1485796179193 HTTP/1.1" 200 7931
186.67.172.234 - - [30/Jan/2017:13:14:43 -0300] "GET /cormun/servlet/trsolicitudot? HTTP/1.1" 200 8299
192.168.10.54 - - [30/Jan/2017:13:14:43 -0300] "POST /cormun/servlet/trautorizarot?350216cbb167e3c25486608ff7d695cb,gx-no-cache=1485796181298 HTTP/1.1" 200 7868
186.67.172.234 - - [30/Jan/2017:13:14:43 -0300] "GET /cormun/servlet/trsolicitudot? HTTP/1.1" 200 8287
192.168.10.54 - - [30/Jan/2017:13:14:46 -0300] "POST /cormun/servlet/trautorizarot?350216cbb167e3c25486608ff7d695cb,gx-no-cache=1485796184018 HTTP/1.1" 200 7624
186.67.172.234 - - [30/Jan/2017:13:14:46 -0300] "POST /cormun/servlet/trsolicitudot?372c8d631490dbed2ee02688cdf32824,,gx-no-cache=1485792962026 HTTP/1.1" 200 106
186.67.172.234 - - [30/Jan/2017:13:14:47 -0300] "GET /cormun/servlet/trsolicitudadjuntos?2017,4627, HTTP/1.1" 200 8945
186.67.172.234 - - [30/Jan/2017:13:14:47 -0300] "GET /cormun/servlet/trsolicitudadjuntos?2017,4627, HTTP/1.1" 200 8947
192.168.10.54 - - [30/Jan/2017:13:14:47 -0300] "POST /cormun/servlet/trautorizarot?350216cbb167e3c25486608ff7d695cb,gx-no-cache=1485796185778 HTTP/1.1" 200 7560
192.168.10.54 - - [30/Jan/2017:13:14:51 -0300] "POST /cormun/servlet/trautorizarot?350216cbb167e3c25486608ff7d695cb,gx-no-cache=1485796189043 HTTP/1.1" 200 7298
192.168.10.54 - - [30/Jan/2017:13:14:52 -0300] "POST /cormun/servlet/trautorizarot?350216cbb167e3c25486608ff7d695cb,gx-no-cache=1485796190551 HTTP/1.1" 200 7233
192.168.10.54 - - [30/Jan/2017:13:15:02 -0300] "POST /cormun/servlet/trautorizarot?350216cbb167e3c25486608ff7d695cb,gx-no-cache=1485796200007 HTTP/1.1" 200 6969
192.168.10.54 - - [30/Jan/2017:13:15:03 -0300] "POST /cormun/servlet/trautorizarot?350216cbb167e3c25486608ff7d695cb,gx-no-cache=1485796201275 HTTP/1.1" 200 6905
186.67.172.234 - - [30/Jan/2017:13:15:08 -0300] "GET /cormun/servlet/solicitudotadjuntos?DLT,2017,4627,TITULO,0, HTTP/1.1" 200 5944
186.67.172.234 - - [30/Jan/2017:13:15:08 -0300] "GET /cormun/static/about:blank HTTP/1.1" 404 1011
186.67.172.234 - - [30/Jan/2017:13:15:08 -0300] "GET /cormun/static/Shared/jqueryui/images/ui-bg_highlight-soft_100_c6c2c8_1x100.png HTTP/1.1" 404 1117
186.67.172.234 - - [30/Jan/2017:13:15:08 -0300] "GET /cormun/static/Shared/jqueryui/images/ui-icons_82798d_256x240.png HTTP/1.1" 404 1089
186.67.172.234 - - [30/Jan/2017:13:15:08 -0300] "GET /cormun/static/Shared/jqueryui/images/ui-icons_8d78a5_256x240.png HTTP/1.1" 404 1089
186.67.172.234 - - [30/Jan/2017:13:15:08 -0300] "GET /cormun/static/Shared/jqueryui/images/ui-bg_flat_55_fafafa_40x100.png HTTP/1.1" 404 1097
186.67.172.234 - - [30/Jan/2017:13:15:08 -0300] "GET /cormun/servlet/solicitudotadjuntos?DLT,2017,4627,TITULO,0, HTTP/1.1" 200 5938
186.67.172.234 - - [30/Jan/2017:13:15:10 -0300] "POST /cormun/servlet/solicitudotadjuntos?372c8d631490dbed2ee02688cdf32824,DLT,2017,4627,TITULO,0,,gx-no-cache=1485792985414 HTTP/1.1" 200 93
186.67.172.234 - - [30/Jan/2017:13:15:10 -0300] "GET /cormun/servlet/hpexe_return? HTTP/1.1" 200 1029
186.67.172.234 - - [30/Jan/2017:13:15:10 -0300] "GET /cormun/servlet/trsolicitudadjuntos?2017,4627, HTTP/1.1" 200 8791
186.67.172.234 - - [30/Jan/2017:13:15:11 -0300] "GET /cormun/servlet/trsolicitudadjuntos?2017,4627, HTTP/1.1" 200 8788
192.168.10.54 - - [30/Jan/2017:13:15:12 -0300] "POST /cormun/servlet/trautorizarot?350216cbb167e3c25486608ff7d695cb,gx-no-cache=1485796209891 HTTP/1.1" 200 6570
192.168.10.54 - - [30/Jan/2017:13:15:13 -0300] "POST /cormun/servlet/trautorizarot?350216cbb167e3c25486608ff7d695cb,gx-no-cache=1485796210933 HTTP/1.1" 200 6507
186.67.172.234 - - [30/Jan/2017:13:15:18 -0300] "GET /cormun/servlet/solicitudotadjuntos?INS,2017,4627,,1, HTTP/1.1" 200 6050
186.67.172.234 - - [30/Jan/2017:13:15:19 -0300] "GET /cormun/static/about:blank HTTP/1.1" 404 1011
186.67.172.234 - - [30/Jan/2017:13:15:19 -0300] "GET /cormun/servlet/solicitudotadjuntos?INS,2017,4627,,1, HTTP/1.1" 200 6044
186.67.172.234 - - [30/Jan/2017:13:15:19 -0300] "GET /cormun/servlet/solicitudotadjuntos?63b15998d7eb30d03af0d6e60ce1ddfa2a702e35b493fa77cc15e1d1143727001400d9482dc07251eb48b4e7872db467,gx-no-cache=1485792995034 HTTP/1.1" 200 30
186.67.172.234 - - [30/Jan/2017:13:15:19 -0300] "POST /cormun/servlet/solicitudotadjuntos?372c8d631490dbed2ee02688cdf32824,INS,2017,4627,,1,,gx-no-cache=1485792995098 HTTP/1.1" 200 3859
186.67.172.234 - - [30/Jan/2017:13:15:23 -0300] "POST /cormun/servlet/solicitudotadjuntos?gx-no-cache=1485792998788 HTTP/1.1" 200 26
192.168.10.54 - - [30/Jan/2017:13:15:24 -0300] "POST /cormun/servlet/trautorizarot?350216cbb167e3c25486608ff7d695cb,gx-no-cache=1485796222789 HTTP/1.1" 200 6170
192.168.10.54 - - [30/Jan/2017:13:15:25 -0300] "POST /cormun/servlet/trautorizarot?350216cbb167e3c25486608ff7d695cb,gx-no-cache=1485796223521 HTTP/1.1" 200 6107
192.168.10.54 - - [30/Jan/2017:13:15:34 -0300] "POST /cormun/servlet/trautorizarot?350216cbb167e3c25486608ff7d695cb,gx-no-cache=1485796232499 HTTP/1.1" 200 5122
192.168.10.54 - - [30/Jan/2017:13:15:35 -0300] "POST /cormun/servlet/trautorizarot?350216cbb167e3c25486608ff7d695cb,gx-no-cache=1485796233037 HTTP/1.1" 200 4892
186.67.172.234 - - [30/Jan/2017:13:15:49 -0300] "GET /cormun/servlet/solicitudotadjuntos?63b15998d7eb30d03af0d6e60ce1ddfaab9a6d0c409f4cbb11dd86676e1e8859,gx-no-cache=1485793025204 HTTP/1.1" 200 30
186.67.172.234 - - [30/Jan/2017:13:15:49 -0300] "GET /cormun/servlet/solicitudotadjuntos?63b15998d7eb30d03af0d6e60ce1ddfaab9a6d0c409f4cbb11dd86676e1e8859,gx-no-cache=1485793025224 HTTP/1.1" 200 30
186.67.172.234 - - [30/Jan/2017:13:15:50 -0300] "POST /cormun/servlet/solicitudotadjuntos?372c8d631490dbed2ee02688cdf32824,INS,2017,4627,,1, HTTP/1.1" 200 116
186.67.172.234 - - [30/Jan/2017:13:15:50 -0300] "GET /cormun/servlet/hpexe_return? HTTP/1.1" 200 1023
186.67.172.234 - - [30/Jan/2017:13:15:51 -0300] "GET /cormun/servlet/trsolicitudadjuntos?2017,4627, HTTP/1.1" 200 9023
186.67.172.234 - - [30/Jan/2017:13:15:51 -0300] "GET /cormun/servlet/trsolicitudadjuntos?2017,4627, HTTP/1.1" 200 9017
186.67.172.234 - - [30/Jan/2017:13:16:19 -0300] "GET /cormun/servlet/trautorizarsolicitud? HTTP/1.1" 200 9666
186.67.172.234 - - [30/Jan/2017:13:16:19 -0300] "GET /cormun/static/gxcfg.js?20171199522098 HTTP/1.1" 200 953
186.67.172.234 - - [30/Jan/2017:13:16:19 -0300] "GET /cormun/static/trautorizarsolicitud.js?20171199522921 HTTP/1.1" 200 53096
186.67.172.234 - - [30/Jan/2017:13:16:19 -0300] "GET /cormun/servlet/trautorizarsolicitud? HTTP/1.1" 200 9658
