192.168.10.62 - - [25/Jan/2017:17:24:15 -0300] "GET /cormun/servlet/trsolicitudgral? HTTP/1.1" 200 19645
192.168.10.17 - - [25/Jan/2017:17:24:17 -0300] "POST /cormun/servlet/trinasistenciacormun?92b1d7eecca256bc5788867a8385938c,,gx-no-cache=1485379651812 HTTP/1.1" 200 5620
192.168.10.17 - - [25/Jan/2017:17:24:21 -0300] "POST /cormun/servlet/trinasistenciacormun?92b1d7eecca256bc5788867a8385938c,,gx-no-cache=1485379655400 HTTP/1.1" 200 5618
192.168.10.62 - - [25/Jan/2017:17:24:23 -0300] "GET /cormun/servlet/vesolicitudgral?2017,3855,, HTTP/1.1" 200 8131
192.168.10.62 - - [25/Jan/2017:17:24:24 -0300] "GET /cormun/pexe_scrolldiv.js HTTP/1.1" 404 1009
192.168.10.62 - - [25/Jan/2017:17:24:24 -0300] "GET /cormun/pexe_scrolldiv.js HTTP/1.1" 404 1009
192.168.10.62 - - [25/Jan/2017:17:24:24 -0300] "GET /cormun/servlet/vesolicitudgral?2017,3855,, HTTP/1.1" 200 8130
192.168.10.17 - - [25/Jan/2017:17:24:24 -0300] "POST /cormun/servlet/trinasistenciacormun?92b1d7eecca256bc5788867a8385938c,,gx-no-cache=1485379659064 HTTP/1.1" 200 5619
192.168.10.62 - - [25/Jan/2017:17:24:26 -0300] "POST /cormun/servlet/vesolicitudgral?db324ce0a440a3938ad29440e548a51d,2017,3855,,,gx-no-cache=1485379166251 HTTP/1.1" 200 10523
192.168.10.62 - - [25/Jan/2017:17:24:26 -0300] "GET /cormun/static/Shared/jqueryui/images/ui-icons_82798d_256x240.png HTTP/1.1" 404 1089
192.168.10.62 - - [25/Jan/2017:17:24:26 -0300] "GET /cormun/static/Shared/jqueryui/images/ui-bg_highlight-soft_100_c6c2c8_1x100.png HTTP/1.1" 404 1117
192.168.10.62 - - [25/Jan/2017:17:24:26 -0300] "GET /cormun/static/Shared/jqueryui/images/ui-bg_flat_55_fafafa_40x100.png HTTP/1.1" 404 1097
192.168.10.62 - - [25/Jan/2017:17:24:26 -0300] "GET /cormun/static/Shared/jqueryui/images/ui-icons_8d78a5_256x240.png HTTP/1.1" 404 1089
192.168.10.62 - - [25/Jan/2017:17:24:26 -0300] "POST /cormun/servlet/vesolicitudgral?db324ce0a440a3938ad29440e548a51d,2017,3855,,,gx-no-cache=1485379166520 HTTP/1.1" 200 10458
192.168.10.17 - - [25/Jan/2017:17:24:27 -0300] "POST /cormun/servlet/trinasistenciacormun?92b1d7eecca256bc5788867a8385938c,,gx-no-cache=1485379661730 HTTP/1.1" 200 5616
192.168.10.62 - - [25/Jan/2017:17:24:35 -0300] "POST /cormun/servlet/vesolicitudgral?db324ce0a440a3938ad29440e548a51d,2017,3855,,,gx-no-cache=1485379175623 HTTP/1.1" 200 93
192.168.10.62 - - [25/Jan/2017:17:24:35 -0300] "GET /cormun/servlet/hpexe_return? HTTP/1.1" 200 1010
192.168.10.62 - - [25/Jan/2017:17:24:35 -0300] "GET /cormun/static/gxcfg.js?2016101716175148 HTTP/1.1" 200 953
192.168.10.62 - - [25/Jan/2017:17:24:35 -0300] "GET /cormun/static/hpexe_return.js?2016101716175153 HTTP/1.1" 200 1633
192.168.10.62 - - [25/Jan/2017:17:24:36 -0300] "GET /cormun/servlet/trsolicitudgral HTTP/1.1" 200 19385
192.168.10.62 - - [25/Jan/2017:17:24:37 -0300] "GET /cormun/servlet/trsolicitudgral HTTP/1.1" 200 19380
192.168.10.17 - - [25/Jan/2017:17:24:37 -0300] "GET /cormun/servlet/trpermisosingocecormun? HTTP/1.1" 200 9607
192.168.10.17 - - [25/Jan/2017:17:24:38 -0300] "GET /cormun/servlet/trpermisosingocecormun? HTTP/1.1" 200 9607
192.168.10.17 - - [25/Jan/2017:17:24:43 -0300] "POST /cormun/servlet/trpermisosingocecormun?92b1d7eecca256bc5788867a8385938c,,gx-no-cache=1485379677935 HTTP/1.1" 200 5637
192.168.10.17 - - [25/Jan/2017:17:24:46 -0300] "POST /cormun/servlet/trpermisosingocecormun?92b1d7eecca256bc5788867a8385938c,,gx-no-cache=1485379680855 HTTP/1.1" 200 5638
192.168.10.17 - - [25/Jan/2017:17:24:50 -0300] "POST /cormun/servlet/trpermisosingocecormun?92b1d7eecca256bc5788867a8385938c,,gx-no-cache=1485379684611 HTTP/1.1" 200 6348
192.168.10.62 - - [25/Jan/2017:17:25:07 -0300] "POST /cormun/servlet/trsolicitudgral?db324ce0a440a3938ad29440e548a51d,gx-no-cache=1485379207100 HTTP/1.1" 200 16648
192.168.10.62 - - [25/Jan/2017:17:25:07 -0300] "GET /cormun/static/Shared/jqueryui/images/ui-icons_82798d_256x240.png HTTP/1.1" 404 1089
192.168.10.62 - - [25/Jan/2017:17:25:07 -0300] "GET /cormun/static/Shared/jqueryui/images/ui-bg_highlight-soft_100_c6c2c8_1x100.png HTTP/1.1" 404 1117
192.168.10.62 - - [25/Jan/2017:17:25:07 -0300] "GET /cormun/static/Shared/jqueryui/images/ui-bg_flat_55_fafafa_40x100.png HTTP/1.1" 404 1097
192.168.10.62 - - [25/Jan/2017:17:25:07 -0300] "GET /cormun/static/Shared/jqueryui/images/ui-icons_8d78a5_256x240.png HTTP/1.1" 404 1089
192.168.10.62 - - [25/Jan/2017:17:25:08 -0300] "POST /cormun/servlet/trsolicitudgral?db324ce0a440a3938ad29440e548a51d,gx-no-cache=1485379208013 HTTP/1.1" 200 16584
192.168.10.62 - - [25/Jan/2017:17:25:13 -0300] "POST /cormun/servlet/trsolicitudgral?db324ce0a440a3938ad29440e548a51d,gx-no-cache=1485379212617 HTTP/1.1" 200 16361
192.168.10.62 - - [25/Jan/2017:17:25:14 -0300] "POST /cormun/servlet/trsolicitudgral?db324ce0a440a3938ad29440e548a51d,gx-no-cache=1485379213711 HTTP/1.1" 200 16302
192.168.10.62 - - [25/Jan/2017:17:25:16 -0300] "POST /cormun/servlet/trsolicitudgral?db324ce0a440a3938ad29440e548a51d,gx-no-cache=1485379216302 HTTP/1.1" 200 16041
192.168.10.62 - - [25/Jan/2017:17:25:17 -0300] "POST /cormun/servlet/trsolicitudgral?db324ce0a440a3938ad29440e548a51d,gx-no-cache=1485379217497 HTTP/1.1" 200 15978
192.168.10.62 - - [25/Jan/2017:17:25:21 -0300] "POST /cormun/servlet/trsolicitudgral?db324ce0a440a3938ad29440e548a51d,gx-no-cache=1485379220804 HTTP/1.1" 200 15768
192.168.10.62 - - [25/Jan/2017:17:25:22 -0300] "POST /cormun/servlet/trsolicitudgral?db324ce0a440a3938ad29440e548a51d,gx-no-cache=1485379222131 HTTP/1.1" 200 15706
192.168.10.17 - - [25/Jan/2017:17:25:25 -0300] "GET /cormun/servlet/trpermisosingocelog?23,13300331, HTTP/1.1" 200 6740
192.168.10.17 - - [25/Jan/2017:17:25:25 -0300] "GET /cormun/static/gxcfg.js?20161221856137 HTTP/1.1" 200 953
192.168.10.17 - - [25/Jan/2017:17:25:25 -0300] "GET /cormun/static/trpermisosingocelog.js?201612218561528 HTTP/1.1" 200 16686
192.168.10.17 - - [25/Jan/2017:17:25:26 -0300] "GET /cormun/servlet/trpermisosingocelog?23,13300331, HTTP/1.1" 200 6740
192.168.10.62 - - [25/Jan/2017:17:25:26 -0300] "POST /cormun/servlet/trsolicitudgral?db324ce0a440a3938ad29440e548a51d,gx-no-cache=1485379226236 HTTP/1.1" 200 15484
192.168.10.17 - - [25/Jan/2017:17:25:27 -0300] "POST /cormun/servlet/acontrolpreferencessavestate?None,CDROGUETT,true HTTP/1.1" 200 35
192.168.10.62 - - [25/Jan/2017:17:25:28 -0300] "POST /cormun/servlet/trsolicitudgral?db324ce0a440a3938ad29440e548a51d,gx-no-cache=1485379227701 HTTP/1.1" 200 15421
192.168.10.62 - - [25/Jan/2017:17:25:32 -0300] "POST /cormun/servlet/trsolicitudgral?db324ce0a440a3938ad29440e548a51d,gx-no-cache=1485379231846 HTTP/1.1" 200 15207
192.168.10.62 - - [25/Jan/2017:17:25:34 -0300] "POST /cormun/servlet/trsolicitudgral?db324ce0a440a3938ad29440e548a51d,gx-no-cache=1485379233796 HTTP/1.1" 200 15144
192.168.10.17 - - [25/Jan/2017:17:25:37 -0300] "POST /cormun/servlet/trpermisosingocelog?92b1d7eecca256bc5788867a8385938c,23,13300331,,gx-no-cache=1485379732344 HTTP/1.1" 200 90
192.168.10.17 - - [25/Jan/2017:17:25:37 -0300] "GET /cormun/servlet/hpexe_link HTTP/1.1" 200 976
192.168.10.17 - - [25/Jan/2017:17:25:38 -0300] "GET /cormun/servlet/trpermisosingocecormun? HTTP/1.1" 200 9323
192.168.10.17 - - [25/Jan/2017:17:25:38 -0300] "GET /cormun/servlet/trpermisosingocecormun? HTTP/1.1" 200 9322
192.168.10.62 - - [25/Jan/2017:17:25:41 -0300] "POST /cormun/servlet/trsolicitudgral?db324ce0a440a3938ad29440e548a51d,gx-no-cache=1485379240592 HTTP/1.1" 200 14892
192.168.10.62 - - [25/Jan/2017:17:25:42 -0300] "POST /cormun/servlet/trsolicitudgral?db324ce0a440a3938ad29440e548a51d,gx-no-cache=1485379242292 HTTP/1.1" 200 14830
192.168.10.62 - - [25/Jan/2017:17:25:44 -0300] "POST /cormun/servlet/trsolicitudgral?db324ce0a440a3938ad29440e548a51d,gx-no-cache=1485379244452 HTTP/1.1" 200 14586
192.168.10.62 - - [25/Jan/2017:17:25:46 -0300] "POST /cormun/servlet/trsolicitudgral?db324ce0a440a3938ad29440e548a51d,gx-no-cache=1485379246211 HTTP/1.1" 200 14523
192.168.10.17 - - [25/Jan/2017:17:25:47 -0300] "GET /cormun/servlet/trpermisosingoceadjunto?23,13300331, HTTP/1.1" 200 6880
192.168.10.17 - - [25/Jan/2017:17:25:47 -0300] "GET /cormun/static/gxcfg.js?2016101716221623 HTTP/1.1" 200 953
192.168.10.17 - - [25/Jan/2017:17:25:47 -0300] "GET /cormun/static/Resources/PXToolsGridNew.png HTTP/1.1" 200 2949
192.168.10.17 - - [25/Jan/2017:17:25:47 -0300] "GET /cormun/static/trpermisosingoceadjunto.js?2016101716221846 HTTP/1.1" 200 16824
192.168.10.17 - - [25/Jan/2017:17:25:47 -0300] "GET /cormun/servlet/trpermisosingoceadjunto?23,13300331, HTTP/1.1" 200 6887
192.168.10.17 - - [25/Jan/2017:17:25:49 -0300] "GET /cormun/PublicTempStorage/permiso_hector_saldias20170123123919_0015620143.pdf HTTP/1.1" 200 1086824
192.168.10.62 - - [25/Jan/2017:17:25:52 -0300] "POST /cormun/servlet/trsolicitudgral?db324ce0a440a3938ad29440e548a51d,gx-no-cache=1485379252109 HTTP/1.1" 200 14302
192.168.10.62 - - [25/Jan/2017:17:25:54 -0300] "POST /cormun/servlet/trsolicitudgral?db324ce0a440a3938ad29440e548a51d,gx-no-cache=1485379254025 HTTP/1.1" 200 14240
192.168.10.62 - - [25/Jan/2017:17:25:58 -0300] "POST /cormun/servlet/trsolicitudgral?db324ce0a440a3938ad29440e548a51d,gx-no-cache=1485379258092 HTTP/1.1" 200 13996
192.168.10.62 - - [25/Jan/2017:17:26:00 -0300] "POST /cormun/servlet/trsolicitudgral?db324ce0a440a3938ad29440e548a51d,gx-no-cache=1485379260076 HTTP/1.1" 200 13932
192.168.10.62 - - [25/Jan/2017:17:26:03 -0300] "POST /cormun/servlet/trsolicitudgral?db324ce0a440a3938ad29440e548a51d,gx-no-cache=1485379263170 HTTP/1.1" 200 13710
192.168.10.62 - - [25/Jan/2017:17:26:05 -0300] "POST /cormun/servlet/trsolicitudgral?db324ce0a440a3938ad29440e548a51d,gx-no-cache=1485379265156 HTTP/1.1" 200 13647
192.168.10.62 - - [25/Jan/2017:17:26:08 -0300] "POST /cormun/servlet/trsolicitudgral?db324ce0a440a3938ad29440e548a51d,gx-no-cache=1485379267872 HTTP/1.1" 200 13410
192.168.10.62 - - [25/Jan/2017:17:26:10 -0300] "POST /cormun/servlet/trsolicitudgral?db324ce0a440a3938ad29440e548a51d,gx-no-cache=1485379269932 HTTP/1.1" 200 13348
192.168.10.62 - - [25/Jan/2017:17:26:12 -0300] "POST /cormun/servlet/trsolicitudgral?db324ce0a440a3938ad29440e548a51d,gx-no-cache=1485379271942 HTTP/1.1" 200 13095
192.168.10.62 - - [25/Jan/2017:17:26:14 -0300] "POST /cormun/servlet/trsolicitudgral?db324ce0a440a3938ad29440e548a51d,gx-no-cache=1485379274117 HTTP/1.1" 200 13032
192.168.10.62 - - [25/Jan/2017:17:26:17 -0300] "POST /cormun/servlet/trsolicitudgral?db324ce0a440a3938ad29440e548a51d,gx-no-cache=1485379276941 HTTP/1.1" 200 12819
192.168.10.17 - - [25/Jan/2017:17:26:19 -0300] "GET /cormun/servlet/trpermisosingoceadjunto?23,13300331, HTTP/1.1" 200 6881
192.168.10.62 - - [25/Jan/2017:17:26:19 -0300] "POST /cormun/servlet/trsolicitudgral?db324ce0a440a3938ad29440e548a51d,gx-no-cache=1485379279097 HTTP/1.1" 200 12760
192.168.10.17 - - [25/Jan/2017:17:26:20 -0300] "GET /cormun/servlet/trpermisosingoceadjunto?23,13300331, HTTP/1.1" 200 6887
192.168.10.17 - - [25/Jan/2017:17:26:23 -0300] "POST /cormun/servlet/trpermisosingoceadjunto?92b1d7eecca256bc5788867a8385938c,23,13300331,,gx-no-cache=1485379777537 HTTP/1.1" 200 90
192.168.10.17 - - [25/Jan/2017:17:26:23 -0300] "GET /cormun/servlet/hpexe_link HTTP/1.1" 200 977
192.168.10.17 - - [25/Jan/2017:17:26:23 -0300] "GET /cormun/servlet/trpermisosingocecormun HTTP/1.1" 200 9323
192.168.10.17 - - [25/Jan/2017:17:26:24 -0300] "GET /cormun/servlet/trpermisosingocecormun HTTP/1.1" 200 9322
192.168.10.17 - - [25/Jan/2017:17:27:14 -0300] "GET /cormun/servlet/trpermisosgeneralesgoce? HTTP/1.1" 200 10745
192.168.10.17 - - [25/Jan/2017:17:27:14 -0300] "GET /cormun/static/gxcfg.js?201612262051892 HTTP/1.1" 200 953
192.168.10.17 - - [25/Jan/2017:17:27:14 -0300] "GET /cormun/static/trpermisosgeneralesgoce.js?201612262052293 HTTP/1.1" 200 27491
192.168.10.17 - - [25/Jan/2017:17:27:15 -0300] "GET /cormun/servlet/trpermisosgeneralesgoce? HTTP/1.1" 200 10744
192.168.10.62 - - [25/Jan/2017:17:28:20 -0300] "POST /cormun/servlet/trsolicitudgral?db324ce0a440a3938ad29440e548a51d,gx-no-cache=1485379400453 HTTP/1.1" 200 12524
192.168.10.62 - - [25/Jan/2017:17:28:23 -0300] "POST /cormun/servlet/trsolicitudgral?db324ce0a440a3938ad29440e548a51d,gx-no-cache=1485379402698 HTTP/1.1" 200 12462
192.168.10.62 - - [25/Jan/2017:17:28:29 -0300] "POST /cormun/servlet/trsolicitudgral?db324ce0a440a3938ad29440e548a51d,gx-no-cache=1485379408874 HTTP/1.1" 200 12205
192.168.10.62 - - [25/Jan/2017:17:28:31 -0300] "POST /cormun/servlet/trsolicitudgral?db324ce0a440a3938ad29440e548a51d,gx-no-cache=1485379411151 HTTP/1.1" 200 12145
192.168.10.62 - - [25/Jan/2017:17:28:34 -0300] "POST /cormun/servlet/trsolicitudgral?db324ce0a440a3938ad29440e548a51d,gx-no-cache=1485379414533 HTTP/1.1" 200 11899
192.168.10.62 - - [25/Jan/2017:17:28:37 -0300] "POST /cormun/servlet/trsolicitudgral?db324ce0a440a3938ad29440e548a51d,gx-no-cache=1485379416736 HTTP/1.1" 200 11839
192.168.10.62 - - [25/Jan/2017:17:28:39 -0300] "POST /cormun/servlet/trsolicitudgral?db324ce0a440a3938ad29440e548a51d,gx-no-cache=1485379419235 HTTP/1.1" 200 11615
192.168.10.62 - - [25/Jan/2017:17:28:41 -0300] "POST /cormun/servlet/trsolicitudgral?db324ce0a440a3938ad29440e548a51d,gx-no-cache=1485379421446 HTTP/1.1" 200 11553
192.168.10.17 - - [25/Jan/2017:17:29:26 -0300] "GET /cormun/servlet/trpermisosingocecormun? HTTP/1.1" 200 9322
192.168.10.17 - - [25/Jan/2017:17:29:27 -0300] "GET /cormun/servlet/trpermisosingocecormun? HTTP/1.1" 200 9322
192.168.10.17 - - [25/Jan/2017:17:29:36 -0300] "POST /cormun/servlet/trpermisosingocecormun?92b1d7eecca256bc5788867a8385938c,,gx-no-cache=1485379971232 HTTP/1.1" 200 5635
192.168.10.17 - - [25/Jan/2017:17:30:25 -0300] "GET /cormun/servlet/trinasistenciacormun? HTTP/1.1" 200 8647
192.168.10.17 - - [25/Jan/2017:17:30:25 -0300] "GET /cormun/servlet/trinasistenciacormun? HTTP/1.1" 200 8647
192.168.10.17 - - [25/Jan/2017:17:30:27 -0300] "GET /cormun/servlet/trrenunciasgenerales? HTTP/1.1" 200 8602
192.168.10.17 - - [25/Jan/2017:17:30:27 -0300] "GET /cormun/static/gxcfg.js?201612218574581 HTTP/1.1" 200 953
192.168.10.17 - - [25/Jan/2017:17:30:28 -0300] "GET /cormun/static/trrenunciasgenerales.js?201612218574912 HTTP/1.1" 200 25842
192.168.10.17 - - [25/Jan/2017:17:30:28 -0300] "GET /cormun/servlet/trrenunciasgenerales? HTTP/1.1" 200 8602
192.168.10.17 - - [25/Jan/2017:17:30:31 -0300] "POST /cormun/servlet/trrenunciasgenerales?92b1d7eecca256bc5788867a8385938c,,gx-no-cache=1485380025752 HTTP/1.1" 200 5587
192.168.10.17 - - [25/Jan/2017:17:30:34 -0300] "POST /cormun/servlet/trrenunciasgenerales?92b1d7eecca256bc5788867a8385938c,,gx-no-cache=1485380029084 HTTP/1.1" 200 6063
192.168.10.17 - - [25/Jan/2017:17:37:06 -0300] "POST /cormun/servlet/trrenunciasgenerales?92b1d7eecca256bc5788867a8385938c,,gx-no-cache=1485380420550 HTTP/1.1" 200 6225
66.249.66.194 - - [25/Jan/2017:18:52:26 -0300] "GET /robots.txt HTTP/1.1" 404 981
66.249.66.199 - - [25/Jan/2017:18:52:26 -0300] "GET /cormun/static/Resources/Spanish/PXTools.css?167811 HTTP/1.1" 200 89042
46.174.191.30 - - [25/Jan/2017:21:10:16 -0300] "GET / HTTP/1.0" 200 11197