186.103.158.250 - - [18/Jan/2017:16:32:09 -0300] "GET /cormun/static/hhome.js?201612218515573 HTTP/1.1" 200 777
186.103.158.250 - - [18/Jan/2017:16:32:09 -0300] "GET /cormun/static/hwchdr01.js?201612218432057 HTTP/1.1" 200 1183
186.103.158.250 - - [18/Jan/2017:16:32:09 -0300] "GET /cormun/static/hpexe_recentlink.js?201610171694390 HTTP/1.1" 200 2144
186.103.158.250 - - [18/Jan/2017:16:32:09 -0300] "GET /cormun/static/gxui/gxui-all.js HTTP/1.1" 200 107772
186.103.158.250 - - [18/Jan/2017:16:32:09 -0300] "GET /cormun/static/hpexe_messagecontroller.js?201610171694323 HTTP/1.1" 200 870
186.103.158.250 - - [18/Jan/2017:16:32:09 -0300] "GET /cormun/static/hpexe_scripts.js?201612218432016 HTTP/1.1" 200 1544
186.103.158.250 - - [18/Jan/2017:16:32:09 -0300] "GET /cormun/static/hpexe_messagepopupcomponent.js?20161017169425 HTTP/1.1" 200 605
186.103.158.250 - - [18/Jan/2017:16:32:09 -0300] "GET /cormun/static/hpexe_messagegenexuscomponent.js?201612218431816 HTTP/1.1" 200 587
186.103.158.250 - - [18/Jan/2017:16:32:09 -0300] "GET /cormun/static/cmcontrolpreferences.js?201612218431999 HTTP/1.1" 200 1375
186.103.158.250 - - [18/Jan/2017:16:32:09 -0300] "GET /cormun/static/Shared/jquery/jquery-1.4.2.min.js HTTP/1.1" 200 72174
186.103.158.250 - - [18/Jan/2017:16:32:09 -0300] "GET /cormun/static/SmoothNavMenu/resources/ddsmoothmenu.js HTTP/1.1" 200 12712
186.103.158.250 - - [18/Jan/2017:16:32:09 -0300] "GET /cormun/static/SmoothNavMenu/resources/SmoothNavMenuRender.js HTTP/1.1" 200 5951
186.103.158.250 - - [18/Jan/2017:16:32:10 -0300] "GET /cormun/static/scaMessage/js/jquery.pnotify.min.js HTTP/1.1" 200 13038
186.103.158.250 - - [18/Jan/2017:16:32:10 -0300] "GET /cormun/static/scaMessage/scaMessageRender.js HTTP/1.1" 200 11977
186.103.158.250 - - [18/Jan/2017:16:32:10 -0300] "GET /cormun/static/hmpwkw03.js?20161221852152 HTTP/1.1" 200 3965
186.103.158.250 - - [18/Jan/2017:16:32:10 -0300] "GET /cormun/static/Resources/PXToolsDataTitle.png HTTP/1.1" 200 1173
186.103.158.250 - - [18/Jan/2017:16:32:10 -0300] "GET /cormun/static/Resources/PXToolsHeaderActionsBackground.png HTTP/1.1" 200 484
186.103.158.250 - - [18/Jan/2017:16:32:10 -0300] "GET /cormun/static/Resources/PXToolsHeaderBackground2.png HTTP/1.1" 200 1174
186.103.158.250 - - [18/Jan/2017:16:32:10 -0300] "GET /cormun/static/Resources/PXToolsFooterBackground2.png HTTP/1.1" 200 1172
186.103.158.250 - - [18/Jan/2017:16:32:10 -0300] "GET /cormun/static/Shared/jqueryui/jquery-ui.min.js HTTP/1.1" 200 240427
186.103.158.250 - - [18/Jan/2017:16:32:11 -0300] "GET /cormun/static/Shared/jquery/jquery-1.10.2.min.js HTTP/1.1" 200 273199
186.103.158.250 - - [18/Jan/2017:16:32:12 -0300] "GET /cormun/static/Shared/ext/ext-all.js HTTP/1.1" 200 1289687
186.103.158.250 - - [18/Jan/2017:16:32:14 -0300] "GET /cormun/static/SmoothNavMenu/resources/images/down.gif HTTP/1.1" 200 854
186.103.158.250 - - [18/Jan/2017:16:32:14 -0300] "GET /cormun/static/SmoothNavMenu/resources/images/right.gif HTTP/1.1" 200 860
186.103.158.250 - - [18/Jan/2017:16:32:32 -0300] "GET /cormun/servlet/trautorizarsolicitud? HTTP/1.1" 200 8538
186.103.158.250 - - [18/Jan/2017:16:32:32 -0300] "GET /cormun/static/gxui/gxui-all.css?120300 HTTP/1.1" 200 2179
186.103.158.250 - - [18/Jan/2017:16:32:32 -0300] "GET /cormun/static/calendar-system.css?85620 HTTP/1.1" 200 5572
186.103.158.250 - - [18/Jan/2017:16:32:32 -0300] "GET /cormun/static/gxcfg.js?20171111229471 HTTP/1.1" 200 953
186.103.158.250 - - [18/Jan/2017:16:32:32 -0300] "GET /cormun/static/calendar-es.js?85251 HTTP/1.1" 200 1901
186.103.158.250 - - [18/Jan/2017:16:32:32 -0300] "GET /cormun/static/calendar-setup.js?85251 HTTP/1.1" 200 2588
186.103.158.250 - - [18/Jan/2017:16:32:32 -0300] "GET /cormun/static/Resources/PXTools/calendar.png HTTP/1.1" 200 1306
186.103.158.250 - - [18/Jan/2017:16:32:32 -0300] "GET /cormun/static/calendar.js?85251 HTTP/1.1" 200 26246
186.103.158.250 - - [18/Jan/2017:16:32:33 -0300] "GET /cormun/static/Resources/PXToolsDataSearch.png HTTP/1.1" 200 419
186.103.158.250 - - [18/Jan/2017:16:32:33 -0300] "GET /cormun/static/Resources/PXToolsGridPreviousDisabled.gif HTTP/1.1" 200 90
186.103.158.250 - - [18/Jan/2017:16:32:33 -0300] "GET /cormun/static/Resources/PXToolsGridNextDisabled.gif HTTP/1.1" 200 90
186.103.158.250 - - [18/Jan/2017:16:32:33 -0300] "GET /cormun/static/Resources/PXToolsGridFirstDisabled.gif HTTP/1.1" 200 100
186.103.158.250 - - [18/Jan/2017:16:32:33 -0300] "GET /cormun/static/Resources/PXToolsGridLastDisabled.gif HTTP/1.1" 200 98
186.103.158.250 - - [18/Jan/2017:16:32:33 -0300] "GET /cormun/static/Resources/PXToolsGridPage.gif HTTP/1.1" 200 725
186.103.158.250 - - [18/Jan/2017:16:32:33 -0300] "GET /cormun/static/Resources/PXToolsActionExcel.png HTTP/1.1" 200 3187
186.103.158.250 - - [18/Jan/2017:16:32:33 -0300] "GET /cormun/static/gxdec.js?85251 HTTP/1.1" 200 19579
186.103.158.250 - - [18/Jan/2017:16:32:33 -0300] "GET /cormun/static/Shared/ext/resources/css/ext-all.css?215870 HTTP/1.1" 200 416045
186.103.158.250 - - [18/Jan/2017:16:32:33 -0300] "GET /cormun/static/trautorizarsolicitud.js?201711112291232 HTTP/1.1" 200 53096
186.103.158.250 - - [18/Jan/2017:16:32:34 -0300] "GET /cormun/static/Resources/asc.gif HTTP/1.1" 200 67
186.103.158.250 - - [18/Jan/2017:16:32:34 -0300] "GET /cormun/static/Resources/desc.gif HTTP/1.1" 200 65
186.103.158.250 - - [18/Jan/2017:16:32:34 -0300] "GET /cormun//static/Resources/PXToolsRemoveAllAction.png HTTP/1.1" 200 3558
186.103.158.250 - - [18/Jan/2017:16:32:34 -0300] "GET /cormun//static/Resources/PXToolsGridUpdate.png HTTP/1.1" 200 2984
186.103.158.250 - - [18/Jan/2017:16:32:35 -0300] "GET /cormun//static/Resources/PXTools/ActionInsert.png HTTP/1.1" 200 1482
186.103.158.250 - - [18/Jan/2017:16:32:35 -0300] "GET /cormun//static/Resources/PXToolsActionView.png HTTP/1.1" 200 2995
186.103.158.250 - - [18/Jan/2017:16:32:35 -0300] "GET /cormun//static/Resources/PXToolsGridDelete.png HTTP/1.1" 200 357
186.103.158.250 - - [18/Jan/2017:16:32:36 -0300] "GET /cormun/static/Shared/ext/resources/themes/images/default/tools/tool-sprites.gif HTTP/1.1" 200 5434
186.103.158.250 - - [18/Jan/2017:16:32:36 -0300] "GET /cormun/static/Shared/ext/resources/themes/images/default/panel/bg-headersPanel.png HTTP/1.1" 200 255
186.103.158.250 - - [18/Jan/2017:16:32:55 -0300] "GET /cormun/servlet/trvisualizadoreventos? HTTP/1.1" 200 6621
186.103.158.250 - - [18/Jan/2017:16:32:55 -0300] "GET /cormun/static/gxcfg.js?2016101716203350 HTTP/1.1" 200 953
186.103.158.250 - - [18/Jan/2017:16:32:55 -0300] "GET /cormun/static/Resources/PXToolsActionPrint.png HTTP/1.1" 200 3317
186.103.158.250 - - [18/Jan/2017:16:32:55 -0300] "GET /cormun/static/trvisualizadoreventos.js?2016101716203614 HTTP/1.1" 200 19309
186.103.158.250 - - [18/Jan/2017:16:33:02 -0300] "POST /cormun/servlet/trvisualizadoreventos?6617972087c81b9864a62f0d35a33d3d,,gx-no-cache=1484767992497 HTTP/1.1" 200 3930
186.103.158.250 - - [18/Jan/2017:16:33:09 -0300] "GET /cormun/servlet/trautorizarsolicitud? HTTP/1.1" 200 8537
186.103.158.250 - - [18/Jan/2017:16:33:20 -0300] "POST /cormun/servlet/trautorizarsolicitud?6617972087c81b9864a62f0d35a33d3d,,gx-no-cache=1484768011317 HTTP/1.1" 200 5407
186.103.158.250 - - [18/Jan/2017:16:33:21 -0300] "POST /cormun/servlet/trautorizarsolicitud?6617972087c81b9864a62f0d35a33d3d,,gx-no-cache=1484768012105 HTTP/1.1" 200 5352
186.103.158.250 - - [18/Jan/2017:16:33:22 -0300] "GET /cormun/static/Shared/jqueryui/images/ui-icons_82798d_256x240.png HTTP/1.1" 404 1089
186.103.158.250 - - [18/Jan/2017:16:33:22 -0300] "GET /cormun/static/Shared/jqueryui/images/ui-bg_flat_55_fafafa_40x100.png HTTP/1.1" 404 1097
186.103.158.250 - - [18/Jan/2017:16:33:22 -0300] "GET /cormun/static/Shared/jqueryui/images/ui-bg_highlight-soft_100_c6c2c8_1x100.png HTTP/1.1" 404 1117
186.103.158.250 - - [18/Jan/2017:16:33:22 -0300] "GET /cormun/static/Shared/jqueryui/images/ui-icons_8d78a5_256x240.png HTTP/1.1" 404 1089
186.103.158.250 - - [18/Jan/2017:16:33:31 -0300] "POST /cormun/servlet/trautorizarsolicitud?6617972087c81b9864a62f0d35a33d3d,,gx-no-cache=1484768021300 HTTP/1.1" 200 4287
186.103.158.250 - - [18/Jan/2017:16:33:31 -0300] "POST /cormun/servlet/trautorizarsolicitud?6617972087c81b9864a62f0d35a33d3d,,gx-no-cache=1484768022433 HTTP/1.1" 200 4065
186.103.158.250 - - [18/Jan/2017:16:34:27 -0300] "GET /cormun/servlet/hlogin HTTP/1.1" 200 1725
186.103.158.250 - - [18/Jan/2017:16:34:27 -0300] "GET /cormun/static/gxtimezone.js?85251 HTTP/1.1" 200 5781
186.103.158.250 - - [18/Jan/2017:16:34:27 -0300] "GET /cormun/static/gxcfg.js?201612216162538 HTTP/1.1" 200 953
186.103.158.250 - - [18/Jan/2017:16:34:27 -0300] "GET /cormun/static/hlogin.js?201612216162555 HTTP/1.1" 200 2136
186.103.158.250 - - [18/Jan/2017:16:34:27 -0300] "GET /cormun/static/messages.spa.js?85251 HTTP/1.1" 200 30736
186.103.158.250 - - [18/Jan/2017:16:34:27 -0300] "GET /cormun/static/Resources/ComunLogin.png HTTP/1.1" 200 17326
186.103.158.250 - - [18/Jan/2017:16:34:27 -0300] "GET /cormun/static/Resources/Spanish/PXTools.css?167811 HTTP/1.1" 200 89042
186.103.158.250 - - [18/Jan/2017:16:34:27 -0300] "GET /cormun/static/gxgral.js?85251 HTTP/1.1" 200 384558
186.103.158.250 - - [18/Jan/2017:16:34:28 -0300] "GET /cormun/static/Resources/indicator.gif HTTP/1.1" 200 1553
186.103.158.250 - - [18/Jan/2017:16:34:28 -0300] "GET /cormun/servlet/hlogin HTTP/1.1" 200 1734
186.103.158.250 - - [18/Jan/2017:16:34:28 -0300] "GET /cormun/static/Resources/PXToolsLoginBackground.png HTTP/1.1" 200 1164
186.103.158.250 - - [18/Jan/2017:16:34:28 -0300] "GET /cormun/static/Resources/PXToolsLoginTop.png HTTP/1.1" 200 1337
186.103.158.250 - - [18/Jan/2017:16:34:28 -0300] "GET /cormun/static/Resources/PXToolsButtonLeft21.png HTTP/1.1" 200 1287
186.103.158.250 - - [18/Jan/2017:16:34:28 -0300] "GET /cormun/static/Resources/PXToolsButtonBackground2.png HTTP/1.1" 200 1181
186.103.158.250 - - [18/Jan/2017:16:34:28 -0300] "GET /cormun/static/Resources/PXToolsLoginBottom.png HTTP/1.1" 200 1389
186.103.158.250 - - [18/Jan/2017:16:34:28 -0300] "GET /cormun/static/Resources/PXToolsButtonRight21.png HTTP/1.1" 200 1283
186.103.158.250 - - [18/Jan/2017:16:34:28 -0300] "GET /favicon.ico HTTP/1.1" 200 21630
186.103.158.250 - - [18/Jan/2017:16:34:43 -0300] "POST /cormun/servlet/hlogin?f3d98b0717f3005c5d1957f3c551195d,gx-no-cache=1484768093599 HTTP/1.1" 200 90
186.103.158.250 - - [18/Jan/2017:16:34:43 -0300] "GET /cormun/servlet/hpexe_link HTTP/1.1" 200 957
186.103.158.250 - - [18/Jan/2017:16:34:43 -0300] "GET /cormun/static/gxcfg.js?201612218515529 HTTP/1.1" 200 953
186.103.158.250 - - [18/Jan/2017:16:34:43 -0300] "GET /cormun/static/hpexe_link.js?201612218515532 HTTP/1.1" 200 625
186.103.158.250 - - [18/Jan/2017:16:34:43 -0300] "GET /cormun/static/Resources/Spanish/PXTools.css?18365030 HTTP/1.1" 200 89042
186.103.158.250 - - [18/Jan/2017:16:34:43 -0300] "GET /cormun/servlet/hhome HTTP/1.1" 200 3722
186.103.158.250 - - [18/Jan/2017:16:34:43 -0300] "GET /cormun/static/SmoothNavMenu/resources/ddsmoothmenu.css?1112540 HTTP/1.1" 200 2223
186.103.158.250 - - [18/Jan/2017:16:34:43 -0300] "GET /cormun/static/Shared/jqueryui/jquery-ui.min.css?1345370 HTTP/1.1" 200 30288
186.103.158.250 - - [18/Jan/2017:16:34:43 -0300] "GET /cormun/static/SmoothNavMenu/resources/ddsmoothmenu-v.css?1112540 HTTP/1.1" 200 1188
186.103.158.250 - - [18/Jan/2017:16:34:43 -0300] "GET /cormun/static/scaMessage/css/jquery.pnotify.default.css?1816380 HTTP/1.1" 200 1707
186.103.158.250 - - [18/Jan/2017:16:34:43 -0300] "GET /cormun/static/gxcfg.js?201612218515568 HTTP/1.1" 200 953
186.103.158.250 - - [18/Jan/2017:16:34:43 -0300] "GET /cormun/static/PXToolsJavascripts/pexe_autoreload.js HTTP/1.1" 200 1762
186.103.158.250 - - [18/Jan/2017:16:34:43 -0300] "GET /cormun/static/PXToolsJavascripts/pexe_cookies.js HTTP/1.1" 200 792
186.103.158.250 - - [18/Jan/2017:16:34:43 -0300] "GET /cormun/static/PXToolsJavascripts/pexe_windows.js HTTP/1.1" 200 15207
186.103.158.250 - - [18/Jan/2017:16:34:43 -0300] "GET /cormun/static/PXToolsJavascripts/pexe_grid.js HTTP/1.1" 200 7559
186.103.158.250 - - [18/Jan/2017:16:34:43 -0300] "GET /cormun/static/PXToolsJavascripts/pexe_griddivfix.js HTTP/1.1" 200 6644
186.103.158.250 - - [18/Jan/2017:16:34:43 -0300] "GET /cormun/static/PXToolsJavascripts/pexe_menudivfix.js HTTP/1.1" 200 333
186.103.158.250 - - [18/Jan/2017:16:34:43 -0300] "GET /cormun/static/PXToolsJavascripts/pexe_link.js HTTP/1.1" 200 5671
186.103.158.250 - - [18/Jan/2017:16:34:43 -0300] "GET /cormun/static/PXToolsJavascripts/pexe_menus.js HTTP/1.1" 200 1286
186.103.158.250 - - [18/Jan/2017:16:34:43 -0300] "GET /cormun/static/PXToolsJavascripts/pexe_layers.js HTTP/1.1" 200 4114
186.103.158.250 - - [18/Jan/2017:16:34:43 -0300] "GET /cormun/static/PXToolsJavascripts/pexe_oavdivfix.js HTTP/1.1" 200 639
186.103.158.250 - - [18/Jan/2017:16:34:43 -0300] "GET /cormun/static/PXToolsJavascripts/pexe_oav.js HTTP/1.1" 200 645
186.103.158.250 - - [18/Jan/2017:16:34:43 -0300] "GET /cormun/static/PXToolsJavascripts/pexe_picture.js HTTP/1.1" 200 689
186.103.158.250 - - [18/Jan/2017:16:34:43 -0300] "GET /cormun/static/PXToolsJavascripts/pexe_popup.js HTTP/1.1" 200 13458
186.103.158.250 - - [18/Jan/2017:16:34:43 -0300] "GET /cormun/static/PXToolsJavascripts/pexe_scrolldiv.js HTTP/1.1" 200 4138
186.103.158.250 - - [18/Jan/2017:16:34:43 -0300] "GET /cormun/static/PXToolsJavascripts/pexe_tabs.js HTTP/1.1" 200 3748
186.103.158.250 - - [18/Jan/2017:16:34:43 -0300] "GET /cormun/static/PXToolsJavascripts/pexe_upload.js HTTP/1.1" 200 1423
186.103.158.250 - - [18/Jan/2017:16:34:43 -0300] "GET /cormun/static/PXToolsJavascripts/pexe_tabdivfix.js HTTP/1.1" 200 876
186.103.158.250 - - [18/Jan/2017:16:34:43 -0300] "GET /cormun/static/Resources/logo4.png HTTP/1.1" 200 6582
186.103.158.250 - - [18/Jan/2017:16:34:43 -0300] "GET /cormun/static/Resources/PXToolsHeaderActionsLeft.png HTTP/1.1" 200 1118
186.103.158.250 - - [18/Jan/2017:16:34:43 -0300] "GET /cormun/static/PXToolsJavascripts/PXToolsJavascriptsRender.js HTTP/1.1" 200 367
186.103.158.250 - - [18/Jan/2017:16:34:43 -0300] "GET /cormun/static/Resources/PXToolsHeaderHome.png HTTP/1.1" 200 4147
186.103.158.250 - - [18/Jan/2017:16:34:43 -0300] "GET /cormun/static/Resources/PXToolsHeaderLogin.png HTTP/1.1" 200 4279
186.103.158.250 - - [18/Jan/2017:16:34:43 -0300] "GET /cormun/static/Resources/PXToolsHeaderPreferences.png HTTP/1.1" 200 4189
186.103.158.250 - - [18/Jan/2017:16:34:43 -0300] "GET /cormun/static/Resources/PXToolsHeaderSecurity.png HTTP/1.1" 200 4166
186.103.158.250 - - [18/Jan/2017:16:34:43 -0300] "GET /cormun/static/Resources/PXToolsHeaderActionsRight.png HTTP/1.1" 200 1201
186.103.158.250 - - [18/Jan/2017:16:34:43 -0300] "GET /cormun/static/RunJS/RunJS.js HTTP/1.1" 200 288
186.103.158.250 - - [18/Jan/2017:16:34:43 -0300] "GET /cormun/static/Shared/ext/locale/ext-lang-en.js HTTP/1.1" 200 10940
186.103.158.250 - - [18/Jan/2017:16:34:43 -0300] "GET /cormun/static/hhome.js?201612218515573 HTTP/1.1" 200 777
186.103.158.250 - - [18/Jan/2017:16:34:43 -0300] "GET /cormun/static/hwchdr01.js?201612218432057 HTTP/1.1" 200 1183
186.103.158.250 - - [18/Jan/2017:16:34:43 -0300] "GET /cormun/static/hpexe_recentlink.js?201610171694390 HTTP/1.1" 200 2144
186.103.158.250 - - [18/Jan/2017:16:34:43 -0300] "GET /cormun/static/hpexe_scripts.js?201612218432016 HTTP/1.1" 200 1544
186.103.158.250 - - [18/Jan/2017:16:34:43 -0300] "GET /cormun/static/hpexe_messagecontroller.js?201610171694323 HTTP/1.1" 200 870
186.103.158.250 - - [18/Jan/2017:16:34:43 -0300] "GET /cormun/static/hpexe_messagegenexuscomponent.js?201612218431816 HTTP/1.1" 200 587
186.103.158.250 - - [18/Jan/2017:16:34:43 -0300] "GET /cormun/static/hpexe_messagepopupcomponent.js?20161017169425 HTTP/1.1" 200 605
186.103.158.250 - - [18/Jan/2017:16:34:43 -0300] "GET /cormun/static/gxui/gxui-all.js HTTP/1.1" 200 107772
186.103.158.250 - - [18/Jan/2017:16:34:43 -0300] "GET /cormun/static/cmcontrolpreferences.js?201612218431999 HTTP/1.1" 200 1375
186.103.158.250 - - [18/Jan/2017:16:34:44 -0300] "GET /cormun/static/SmoothNavMenu/resources/ddsmoothmenu.js HTTP/1.1" 200 12712
186.103.158.250 - - [18/Jan/2017:16:34:44 -0300] "GET /cormun/static/scaMessage/js/jquery.pnotify.min.js HTTP/1.1" 200 13038
186.103.158.250 - - [18/Jan/2017:16:34:44 -0300] "GET /cormun/static/scaMessage/scaMessageRender.js HTTP/1.1" 200 11977
186.103.158.250 - - [18/Jan/2017:16:34:44 -0300] "GET /cormun/static/Shared/jquery/jquery-1.4.2.min.js HTTP/1.1" 200 72174
186.103.158.250 - - [18/Jan/2017:16:34:44 -0300] "GET /cormun/static/hmpwkw03.js?20161221852152 HTTP/1.1" 200 3965
186.103.158.250 - - [18/Jan/2017:16:34:44 -0300] "GET /cormun/static/SmoothNavMenu/resources/SmoothNavMenuRender.js HTTP/1.1" 200 5951
186.103.158.250 - - [18/Jan/2017:16:34:44 -0300] "GET /cormun/static/Resources/PXToolsHeaderActionsBackground.png HTTP/1.1" 200 484
186.103.158.250 - - [18/Jan/2017:16:34:44 -0300] "GET /cormun/static/Resources/PXToolsDataTitle.png HTTP/1.1" 200 1173
186.103.158.250 - - [18/Jan/2017:16:34:44 -0300] "GET /cormun/static/Resources/PXToolsHeaderBackground2.png HTTP/1.1" 200 1174
186.103.158.250 - - [18/Jan/2017:16:34:44 -0300] "GET /cormun/static/Resources/PXToolsFooterBackground2.png HTTP/1.1" 200 1172
186.103.158.250 - - [18/Jan/2017:16:34:44 -0300] "GET /cormun/static/Shared/jquery/jquery-1.10.2.min.js HTTP/1.1" 200 273199
186.103.158.250 - - [18/Jan/2017:16:34:45 -0300] "GET /cormun/static/Shared/jqueryui/jquery-ui.min.js HTTP/1.1" 200 240427
186.103.158.250 - - [18/Jan/2017:16:34:46 -0300] "GET /cormun/static/Shared/ext/ext-all.js HTTP/1.1" 200 1289687
186.103.158.250 - - [18/Jan/2017:16:34:48 -0300] "GET /cormun/static/SmoothNavMenu/resources/images/down.gif HTTP/1.1" 200 854
186.103.158.250 - - [18/Jan/2017:16:34:59 -0300] "GET /cormun/servlet/trsolicitudot? HTTP/1.1" 200 6656
186.103.158.250 - - [18/Jan/2017:16:34:59 -0300] "GET /cormun/static/gxui/gxui-all.css?120300 HTTP/1.1" 200 2179
186.103.158.250 - - [18/Jan/2017:16:34:59 -0300] "GET /cormun/static/calendar-system.css?85620 HTTP/1.1" 200 5572
186.103.158.250 - - [18/Jan/2017:16:34:59 -0300] "GET /cormun/static/gxcfg.js?201711111592844 HTTP/1.1" 200 953
186.103.158.250 - - [18/Jan/2017:16:34:59 -0300] "GET /cormun/static/calendar.js?85251 HTTP/1.1" 200 26246
186.103.158.250 - - [18/Jan/2017:16:34:59 -0300] "GET /cormun/static/calendar-setup.js?85251 HTTP/1.1" 200 2588
186.103.158.250 - - [18/Jan/2017:16:34:59 -0300] "GET /cormun/static/calendar-es.js?85251 HTTP/1.1" 200 1901
186.103.158.250 - - [18/Jan/2017:16:34:59 -0300] "GET /cormun/static/Resources/PXToolsDataSearch.png HTTP/1.1" 200 419
186.103.158.250 - - [18/Jan/2017:16:34:59 -0300] "GET /cormun/static/Resources/PXToolsGridNextDisabled.gif HTTP/1.1" 200 90
186.103.158.250 - - [18/Jan/2017:16:34:59 -0300] "GET /cormun/static/Resources/PXTools/calendar.png HTTP/1.1" 200 1306
186.103.158.250 - - [18/Jan/2017:16:34:59 -0300] "GET /cormun/static/Resources/PXToolsGridFirstDisabled.gif HTTP/1.1" 200 100
186.103.158.250 - - [18/Jan/2017:16:35:00 -0300] "GET /cormun/static/Resources/PXToolsGridPreviousDisabled.gif HTTP/1.1" 200 90
186.103.158.250 - - [18/Jan/2017:16:35:00 -0300] "GET /cormun/static/Resources/PXToolsGridNew.png HTTP/1.1" 200 2949
186.103.158.250 - - [18/Jan/2017:16:35:00 -0300] "GET /cormun/static/Resources/PXToolsGridPage.gif HTTP/1.1" 200 725
186.103.158.250 - - [18/Jan/2017:16:35:00 -0300] "GET /cormun/static/Resources/PXToolsGridLastDisabled.gif HTTP/1.1" 200 98
186.103.158.250 - - [18/Jan/2017:16:35:00 -0300] "GET /cormun/static/Resources/PXToolsActionExcel.png HTTP/1.1" 200 3187
186.103.158.250 - - [18/Jan/2017:16:35:00 -0300] "GET /cormun/static/gxdec.js?85251 HTTP/1.1" 200 19579
186.103.158.250 - - [18/Jan/2017:16:35:00 -0300] "GET /cormun/static/trsolicitudot.js?201711111593735 HTTP/1.1" 200 53117
186.103.158.250 - - [18/Jan/2017:16:35:00 -0300] "GET /cormun/static/Shared/ext/resources/css/ext-all.css?215870 HTTP/1.1" 200 416045
186.103.158.250 - - [18/Jan/2017:16:35:01 -0300] "GET /cormun/static/Resources/asc.gif HTTP/1.1" 200 67
186.103.158.250 - - [18/Jan/2017:16:35:01 -0300] "GET /cormun/static/Resources/desc.gif HTTP/1.1" 200 65
186.103.158.250 - - [18/Jan/2017:16:35:02 -0300] "GET /cormun/static/Shared/ext/resources/themes/images/default/panel/bg-headersPanel.png HTTP/1.1" 200 255
186.103.158.250 - - [18/Jan/2017:16:35:02 -0300] "GET /cormun/static/Shared/ext/resources/themes/images/default/tools/tool-sprites.gif HTTP/1.1" 200 5434
186.103.158.250 - - [18/Jan/2017:16:35:06 -0300] "GET /cormun/servlet/solicitudot?INS,0,0, HTTP/1.1" 200 12526
186.103.158.250 - - [18/Jan/2017:16:35:07 -0300] "GET /cormun/static/gxcfg.js?201711112293351 HTTP/1.1" 200 953
186.103.158.250 - - [18/Jan/2017:16:35:07 -0300] "GET /cormun/static/Resources/prompt.gif HTTP/1.1" 200 902
186.103.158.250 - - [18/Jan/2017:16:35:07 -0300] "GET /cormun/static/solicitudot.js?201711112293529 HTTP/1.1" 200 63948
186.103.158.250 - - [18/Jan/2017:16:35:24 -0300] "POST /cormun/servlet/solicitudot?gx-no-cache=1484768135296 HTTP/1.1" 200 3081
186.103.158.250 - - [18/Jan/2017:16:35:25 -0300] "POST /cormun/servlet/solicitudot?f3d98b0717f3005c5d1957f3c551195d,INS,0,0,,gx-no-cache=1484768136062 HTTP/1.1" 200 9645
186.103.158.250 - - [18/Jan/2017:16:35:29 -0300] "GET /cormun/servlet/solicitudot?dac8c1b3c9f568bd504a8f495f5b3e86d292df0be87395eae124c7aa94664d001dfeedcdbc8f0ddc1c88eca31d94f026,gx-no-cache=1484768140301 HTTP/1.1" 200 30
192.168.10.89 - - [18/Jan/2017:16:36:46 -0300] "GET /cormun/servlet/hlogin HTTP/1.1" 200 1745
192.168.10.89 - - [18/Jan/2017:16:37:45 -0300] "POST /cormun/servlet/hlogin?ead6cbe6a32145542f7fc5bf6108a02f,gx-no-cache=1484771568092 HTTP/1.1" 200 90
192.168.10.89 - - [18/Jan/2017:16:37:45 -0300] "GET /cormun/servlet/hpexe_link HTTP/1.1" 200 967
192.168.10.89 - - [18/Jan/2017:16:37:45 -0300] "GET /cormun/servlet/trsolicitudgral? HTTP/1.1" 200 8363
192.168.10.89 - - [18/Jan/2017:16:38:03 -0300] "POST /cormun/servlet/trsolicitudgral?ead6cbe6a32145542f7fc5bf6108a02f,,gx-no-cache=1484771586016 HTTP/1.1" 200 19971
186.103.158.250 - - [18/Jan/2017:16:38:09 -0300] "POST /cormun/servlet/solicitudot?gx-no-cache=1484768300323 HTTP/1.1" 200 255
186.103.158.250 - - [18/Jan/2017:16:38:15 -0300] "GET /cormun/servlet/solicitudot?dac8c1b3c9f568bd504a8f495f5b3e869a55fef58a183f827734457179848815190da4ee3c716d3ae45b13fb4a161f09b5917a227df4dbf193a96da757a855d9ec9f82dd602325fd973d716902a6c8f3516047e9e5b67127e93338b808678c411d51821abb45db5570e0b3401ca738cf150addc36b4f9786465c6dc34080c8d0c4ebae90fd977cdb2c150101cc949badf5099948ce01ef84641e3a626b4a16e406596bd82c89f9b51420ee9e708ff7e06d9835304aa1adad58fa13b421d77473e3daa29be16697a8d575b42761dfe14f4d5411cfac7b11919f130a4c57cb9e63286204f7d1f14c5737f37ddca5a1eef712d392d76c2ae2a1475a2f594f3fa03ed05e57b1e389695499799b15f9d6fd575b0f399c569f515449d7f184bf1b5af004104be07e0fb0a155961b6b9a4150e23a809856905ef89b709618c19c25acfce15a349f603f41c7c06410ddf23b1ad1c5cee5d61b5d10c24b59fb1fbee40bf76ef1157ac85c44b15334ee7294332fddc7e54866f87f976946900f6975acef95,gx-no-cache=1484768306489 HTTP/1.1" 200 30
186.103.158.250 - - [18/Jan/2017:16:38:47 -0300] "POST /cormun/servlet/solicitudot?gx-no-cache=1484768337706 HTTP/1.1" 200 30
186.103.158.250 - - [18/Jan/2017:16:39:05 -0300] "POST /cormun/servlet/solicitudot?gx-no-cache=1484768355825 HTTP/1.1" 200 30
186.103.158.250 - - [18/Jan/2017:16:39:16 -0300] "POST /cormun/servlet/solicitudot?gx-no-cache=1484768367358 HTTP/1.1" 200 235
186.103.158.250 - - [18/Jan/2017:16:39:16 -0300] "POST /cormun/servlet/solicitudot?gx-no-cache=1484768367587 HTTP/1.1" 200 38
186.103.158.250 - - [18/Jan/2017:16:40:16 -0300] "GET /cormun/servlet/solicitudot?dac8c1b3c9f568bd504a8f495f5b3e86d170fe0c9a215d47ce87cc4ea5e9776d027c007123e5f85f740f11de1be0841e4c55a94093f479d44ac947203c8491990a9af08ca48aef0ea07a41e4a3b4319ba3ce8a0e1d5d7ab34c70c2343a3282dd0f9274f817b4fd4fa64defd03056a96a,gx-no-cache=1484768427187 HTTP/1.1" 200 29
186.103.158.250 - - [18/Jan/2017:16:40:16 -0300] "POST /cormun/servlet/solicitudot?gx-no-cache=1484768427238 HTTP/1.1" 200 604
186.103.158.250 - - [18/Jan/2017:16:40:16 -0300] "POST /cormun/servlet/solicitudot?gx-no-cache=1484768427437 HTTP/1.1" 200 480
186.103.158.250 - - [18/Jan/2017:16:40:17 -0300] "GET /cormun/static/menuarrow.gif HTTP/1.1" 404 1015
186.103.158.250 - - [18/Jan/2017:16:40:20 -0300] "POST /cormun/servlet/solicitudot?gx-no-cache=1484768430679 HTTP/1.1" 200 604
186.103.158.250 - - [18/Jan/2017:16:40:20 -0300] "POST /cormun/servlet/solicitudot?gx-no-cache=1484768430792 HTTP/1.1" 200 480
192.168.10.89 - - [18/Jan/2017:16:40:22 -0300] "POST /cormun/servlet/trsolicitudgral?ead6cbe6a32145542f7fc5bf6108a02f,,gx-no-cache=1484771725765 HTTP/1.1" 200 6472
192.168.10.89 - - [18/Jan/2017:16:40:25 -0300] "POST /cormun/servlet/trsolicitudgral?ead6cbe6a32145542f7fc5bf6108a02f,,gx-no-cache=1484771728320 HTTP/1.1" 200 5451
192.168.10.89 - - [18/Jan/2017:16:40:25 -0300] "POST /cormun/servlet/trsolicitudgral?ead6cbe6a32145542f7fc5bf6108a02f,,gx-no-cache=1484771728731 HTTP/1.1" 200 5232
192.168.10.89 - - [18/Jan/2017:16:40:26 -0300] "GET /cormun/static/Shared/jqueryui/images/ui-bg_flat_55_fafafa_40x100.png HTTP/1.1" 404 1097
192.168.10.89 - - [18/Jan/2017:16:40:26 -0300] "GET /cormun/static/Shared/jqueryui/images/ui-icons_82798d_256x240.png HTTP/1.1" 404 1089
192.168.10.89 - - [18/Jan/2017:16:40:26 -0300] "GET /cormun/static/Shared/jqueryui/images/ui-icons_8d78a5_256x240.png HTTP/1.1" 404 1089
192.168.10.89 - - [18/Jan/2017:16:40:26 -0300] "GET /cormun/static/Shared/jqueryui/images/ui-bg_highlight-soft_100_c6c2c8_1x100.png HTTP/1.1" 404 1117
192.168.10.89 - - [18/Jan/2017:16:41:08 -0300] "POST /cormun/servlet/trsolicitudgral?ead6cbe6a32145542f7fc5bf6108a02f,,gx-no-cache=1484771771093 HTTP/1.1" 200 6470
192.168.10.89 - - [18/Jan/2017:16:41:10 -0300] "GET /cormun/servlet/solicitudgral?UPD,2017,3318, HTTP/1.1" 200 12111
192.168.10.89 - - [18/Jan/2017:16:41:11 -0300] "POST /cormun/servlet/solicitudgral?gx-no-cache=1484771774451 HTTP/1.1" 200 3175
192.168.10.89 - - [18/Jan/2017:16:41:11 -0300] "GET /cormun/servlet/solicitudgral?d4facef13a2d381200630d63948d5ceddd0736fe88fd009d3822d6d91131ced287abc5b0ae4119699ca31edba207a6683d4e2c091ed52ba06e35975693eb63143307484ffff75a05dc2acdea180b2216694afb9284d2fb6d400e3c219bde3a0edd6457fee00ff65049c9ac0cf2447c1e8ac4f4b6f9bf5b28ba104853c72020609b7472816d8b0b5a9fae65891c8fab6a570d5151ec7dd0a74e4f26b078b5b776e7f3fa7a29cd2f34384c615db96712d1abdfee00ffd1692234020352ffdfc46be647156a2ca427e1e0c535ef6f98e4f25a4037935a91c78e9725d36131b1ced9539e032565f470de228f061037a82c9fe0d1ed1c9d6b6a3aed550044b419380484a4cc11ad70aa41e28cfddf3f7c3bdab91e58f22d1c578354d76f07e8d97bb1b724b8275909a4989952491d6e3ad4ad8ae112541ceca1d3c101bbbc824d5d8610b1cca810a3743d296632fcf3a76f62,gx-no-cache=1484771774672 HTTP/1.1" 200 257
192.168.10.89 - - [18/Jan/2017:16:41:13 -0300] "GET /cormun/servlet/solicitudgral?d4facef13a2d381200630d63948d5ced3d82e84e99002bc6a3719260bc7fd6c71412b4a9b7c478263cc94220b8f6d1d603015abf509aaf7a3d07376247e9f15c0bcfbe7e60aa1ab7354814bbdbb5abc4249147a512cc7475d364ab5756a222ea872aa080f6f8774d10aab615c70b93c33250577f0d462869169fe8bbd0b91cc27c34e489a5db75798b56904588d4b3b32a0a21fa4545d05c09765fc1bfff6f9acc911aa7b048656c662c79bcbd0a4b553d046cf564047aa2e63f2ea8ff052cbcb72ceac072c4b93290db78a407de7960dae0ecbb2f66023f401c1081bcfe8f4aeee691d0ecea490e2f1d22e5d418463153fa7a467a7813e10c69682e8a96c497d463df4cc65898f690ec06d31ebd140dd46a275eab86c52e2d0c7c952395a0d8b456fd4f508169d06e94639543acd826f399ff8b5105a624fbc2c5144c0ce28537228b0a4ef91c287eb3ee351c5e0700ee48f286b6bd7b3827b3cd8f1fd38f614a56738dd5af579a6c5f820fcfee193b70cbe7a1342ae5c40f042dd8462515be1ebf73d519da83270e3cf0aae660edf324933cb0e0210369fb1e4cbdc7f1ca42c865c89825b9ac4f1a9940aae5990f1c84ca8786e994759ee98293b47a775c0384d8e52fa60d946befb7348e06abdb0b0b38333ba62cfb043fc00c71b5f8b0c9593e476087e3536be09f8c71d28f5a86d05b3933f526e6b678715970d4f79960848191c68e5ba7338f4ba56064e6c9d862dc49a1a216c29a77e2bab89daa22b479dcea270edea14afbf81ac576900ee4,gx-no-cache=1484771776408 HTTP/1.1" 200 48
192.168.10.89 - - [18/Jan/2017:16:41:13 -0300] "POST /cormun/servlet/solicitudgral?ead6cbe6a32145542f7fc5bf6108a02f,UPD,2017,3318,,gx-no-cache=1484771776712 HTTP/1.1" 200 10509
192.168.10.89 - - [18/Jan/2017:16:41:14 -0300] "GET /cormun/servlet/solicitudgral?d4facef13a2d381200630d63948d5ced758c9dfb99c891cc46c4675ecc0e2560e2b5032c80c592e0c79f2f0d67780e48a420a063140145ea4b18b03f69a7471998b4235c32855780230cff9fe2363356a4c04f3e3836a0e4594771e20626ee543553ee37c28b77f91d89ff7c85a8232a785c10af0658dcba22801f5cb69ed7f75affded8a0b92e0f220f46d1451d6d7381c9e9c7bee5bfc087a4c396562a1780,gx-no-cache=1484771777328 HTTP/1.1" 200 29
192.168.10.89 - - [18/Jan/2017:16:41:14 -0300] "POST /cormun/servlet/solicitudgral?gx-no-cache=1484771777357 HTTP/1.1" 200 1235
192.168.10.89 - - [18/Jan/2017:16:41:14 -0300] "POST /cormun/servlet/solicitudgral?gx-no-cache=1484771777402 HTTP/1.1" 200 1140
192.168.10.89 - - [18/Jan/2017:16:41:27 -0300] "POST /cormun/servlet/solicitudgral?ead6cbe6a32145542f7fc5bf6108a02f,UPD,2017,3318,,gx-no-cache=1484771790055 HTTP/1.1" 200 93
192.168.10.89 - - [18/Jan/2017:16:41:27 -0300] "GET /cormun/servlet/hpexe_return? HTTP/1.1" 200 1018
192.168.10.89 - - [18/Jan/2017:16:41:27 -0300] "GET /cormun/servlet/trsolicitudgral? HTTP/1.1" 200 9581
192.168.10.89 - - [18/Jan/2017:16:41:31 -0300] "POST /cormun/servlet/trsolicitudgral?ead6cbe6a32145542f7fc5bf6108a02f,,gx-no-cache=1484771794199 HTTP/1.1" 200 5450
192.168.10.89 - - [18/Jan/2017:16:41:31 -0300] "POST /cormun/servlet/trsolicitudgral?ead6cbe6a32145542f7fc5bf6108a02f,,gx-no-cache=1484771794561 HTTP/1.1" 200 5228
192.168.10.89 - - [18/Jan/2017:16:41:31 -0300] "GET /cormun/static/Shared/jqueryui/images/ui-icons_8d78a5_256x240.png HTTP/1.1" 404 1089
192.168.10.89 - - [18/Jan/2017:16:41:31 -0300] "GET /cormun/static/Shared/jqueryui/images/ui-bg_flat_55_fafafa_40x100.png HTTP/1.1" 404 1097
192.168.10.89 - - [18/Jan/2017:16:41:31 -0300] "GET /cormun/static/Shared/jqueryui/images/ui-icons_82798d_256x240.png HTTP/1.1" 404 1089
192.168.10.89 - - [18/Jan/2017:16:41:31 -0300] "GET /cormun/static/Shared/jqueryui/images/ui-bg_highlight-soft_100_c6c2c8_1x100.png HTTP/1.1" 404 1117
192.168.10.89 - - [18/Jan/2017:16:41:44 -0300] "POST /cormun/servlet/trsolicitudgral?ead6cbe6a32145542f7fc5bf6108a02f,,gx-no-cache=1484771807181 HTTP/1.1" 200 6473
186.103.158.250 - - [18/Jan/2017:16:41:45 -0300] "GET /cormun/servlet/solicitudot?dac8c1b3c9f568bd504a8f495f5b3e86c5be564241b82501848c5e38e8192e81af68e70874254c20abee1bedf8c77b0a6809f3d2717a082c177883520fd30d3a5a2ebc30d4eadaae300dc7f4116034190e0cbc32343c3b1d679402f9fd62cedc71cfd1f1ebdcca2c0e68c463cb12b64a7e3bf9361f25216e2e00b309673b7360846003f3b7a1156e03d2116e3c176090f4359e2e320a0d3767d0a1dbcbaa4e18e37ab5fec496c29b8c97c620491c43cd,gx-no-cache=1484768515791 HTTP/1.1" 200 30
192.168.10.89 - - [18/Jan/2017:16:41:46 -0300] "POST /cormun/servlet/trsolicitudgral?ead6cbe6a32145542f7fc5bf6108a02f,,gx-no-cache=1484771809320 HTTP/1.1" 200 5454
192.168.10.89 - - [18/Jan/2017:16:41:46 -0300] "POST /cormun/servlet/trsolicitudgral?ead6cbe6a32145542f7fc5bf6108a02f,,gx-no-cache=1484771809770 HTTP/1.1" 200 5229
192.168.10.89 - - [18/Jan/2017:16:42:04 -0300] "POST /cormun/servlet/trsolicitudgral?ead6cbe6a32145542f7fc5bf6108a02f,,gx-no-cache=1484771827796 HTTP/1.1" 200 6492
192.168.10.89 - - [18/Jan/2017:16:42:08 -0300] "POST /cormun/servlet/trsolicitudgral?ead6cbe6a32145542f7fc5bf6108a02f,,gx-no-cache=1484771831577 HTTP/1.1" 200 5467
192.168.10.89 - - [18/Jan/2017:16:42:09 -0300] "POST /cormun/servlet/trsolicitudgral?ead6cbe6a32145542f7fc5bf6108a02f,,gx-no-cache=1484771832179 HTTP/1.1" 200 5229
186.103.158.250 - - [18/Jan/2017:16:42:13 -0300] "POST /cormun/servlet/solicitudot?f3d98b0717f3005c5d1957f3c551195d,INS,0,0,,gx-no-cache=1484768543873 HTTP/1.1" 200 93
186.103.158.250 - - [18/Jan/2017:16:42:13 -0300] "GET /cormun/servlet/hpexe_return? HTTP/1.1" 200 1010
186.103.158.250 - - [18/Jan/2017:16:42:13 -0300] "GET /cormun/static/gxcfg.js?2016101716175148 HTTP/1.1" 200 953
186.103.158.250 - - [18/Jan/2017:16:42:13 -0300] "GET /cormun/static/hpexe_return.js?2016101716175153 HTTP/1.1" 200 1633
186.103.158.250 - - [18/Jan/2017:16:42:14 -0300] "GET /cormun/servlet/trsolicitudot HTTP/1.1" 200 7973
186.103.158.250 - - [18/Jan/2017:16:42:16 -0300] "GET /cormun//static/Resources/PXToolsGridUpdate.png HTTP/1.1" 200 2984
186.103.158.250 - - [18/Jan/2017:16:42:16 -0300] "GET /cormun//static/Resources/PXToolsGridDelete.png HTTP/1.1" 200 357
186.103.158.250 - - [18/Jan/2017:16:42:16 -0300] "GET /cormun//static/Resources/PXToolsActionView.png HTTP/1.1" 200 2995
186.103.158.250 - - [18/Jan/2017:16:42:16 -0300] "GET /cormun//static/Resources/PXTools/ActionInsert.png HTTP/1.1" 200 1482
186.103.158.250 - - [18/Jan/2017:16:42:16 -0300] "GET /cormun//static/Resources/PXToolsRemoveAllAction.png HTTP/1.1" 200 3558
192.168.10.89 - - [18/Jan/2017:16:42:30 -0300] "POST /cormun/servlet/trsolicitudgral?ead6cbe6a32145542f7fc5bf6108a02f,,gx-no-cache=1484771852964 HTTP/1.1" 200 6456
186.103.158.250 - - [18/Jan/2017:16:42:35 -0300] "POST /cormun/servlet/trsolicitudot?f3d98b0717f3005c5d1957f3c551195d,gx-no-cache=1484768565644 HTTP/1.1" 200 106
186.103.158.250 - - [18/Jan/2017:16:42:35 -0300] "GET /cormun/servlet/trsolicitudadjuntos?2017,4709, HTTP/1.1" 200 5820
186.103.158.250 - - [18/Jan/2017:16:42:35 -0300] "GET /cormun/static/gxcfg.js?201612218531388 HTTP/1.1" 200 953
186.103.158.250 - - [18/Jan/2017:16:42:35 -0300] "GET /cormun/static/trsolicitudadjuntos.js?201612218531657 HTTP/1.1" 200 17913
186.103.158.250 - - [18/Jan/2017:16:42:46 -0300] "GET /cormun/servlet/solicitudotadjuntos?INS,2017,4709,,1, HTTP/1.1" 200 5754
186.103.158.250 - - [18/Jan/2017:16:42:47 -0300] "GET /cormun/static/gxcfg.js?201612218465951 HTTP/1.1" 200 953
186.103.158.250 - - [18/Jan/2017:16:42:47 -0300] "GET /cormun/static/solicitudotadjuntos.js?201612218465969 HTTP/1.1" 200 11762
186.103.158.250 - - [18/Jan/2017:16:42:47 -0300] "HEAD /cormun/static/about:blank HTTP/1.1" 404 -
186.103.158.250 - - [18/Jan/2017:16:42:48 -0300] "GET /cormun/servlet/solicitudotadjuntos?dac8c1b3c9f568bd504a8f495f5b3e86fe57fa986af4daabff17c148642aecaa161f93d6b5c4ac24dfdfa4ce3d01f0e2,gx-no-cache=1484768579412 HTTP/1.1" 200 30
186.103.158.250 - - [18/Jan/2017:16:42:48 -0300] "POST /cormun/servlet/solicitudotadjuntos?f3d98b0717f3005c5d1957f3c551195d,INS,2017,4709,,1,,gx-no-cache=1484768579466 HTTP/1.1" 200 3638
186.103.158.250 - - [18/Jan/2017:16:42:51 -0300] "POST /cormun/servlet/solicitudotadjuntos?f3d98b0717f3005c5d1957f3c551195d,INS,2017,4709,,1,,gx-no-cache=1484768581670 HTTP/1.1" 200 93
186.103.158.250 - - [18/Jan/2017:16:42:51 -0300] "GET /cormun/servlet/hpexe_return? HTTP/1.1" 200 1029
186.103.158.250 - - [18/Jan/2017:16:42:51 -0300] "GET /cormun/servlet/trsolicitudadjuntos?2017,4709, HTTP/1.1" 200 5823
192.168.10.89 - - [18/Jan/2017:16:42:56 -0300] "POST /cormun/servlet/trsolicitudgral?ead6cbe6a32145542f7fc5bf6108a02f,,gx-no-cache=1484771879883 HTTP/1.1" 200 5437
192.168.10.89 - - [18/Jan/2017:16:42:57 -0300] "POST /cormun/servlet/trsolicitudgral?ead6cbe6a32145542f7fc5bf6108a02f,,gx-no-cache=1484771880638 HTTP/1.1" 200 5228
186.103.158.250 - - [18/Jan/2017:16:42:58 -0300] "GET /cormun/servlet/hpexe_return? HTTP/1.1" 200 1024
186.103.158.250 - - [18/Jan/2017:16:42:59 -0300] "GET /cormun/servlet/trsolicitudot HTTP/1.1" 200 7973
192.168.10.89 - - [18/Jan/2017:16:43:07 -0300] "POST /cormun/servlet/trsolicitudgral?ead6cbe6a32145542f7fc5bf6108a02f,,gx-no-cache=1484771890497 HTTP/1.1" 200 6469
186.103.158.250 - - [18/Jan/2017:16:43:09 -0300] "POST /cormun/servlet/trsolicitudot?f3d98b0717f3005c5d1957f3c551195d,gx-no-cache=1484768600140 HTTP/1.1" 200 5469
192.168.10.89 - - [18/Jan/2017:16:43:10 -0300] "POST /cormun/servlet/trsolicitudgral?ead6cbe6a32145542f7fc5bf6108a02f,,gx-no-cache=1484771892930 HTTP/1.1" 200 5450
186.103.158.250 - - [18/Jan/2017:16:43:10 -0300] "GET /cormun/static/Shared/jqueryui/images/ui-icons_82798d_256x240.png HTTP/1.1" 404 1089
186.103.158.250 - - [18/Jan/2017:16:43:10 -0300] "GET /cormun/static/Shared/jqueryui/images/ui-bg_highlight-soft_100_c6c2c8_1x100.png HTTP/1.1" 404 1117
186.103.158.250 - - [18/Jan/2017:16:43:10 -0300] "GET /cormun/static/Shared/jqueryui/images/ui-bg_flat_55_fafafa_40x100.png HTTP/1.1" 404 1097
186.103.158.250 - - [18/Jan/2017:16:43:10 -0300] "GET /cormun/static/Shared/jqueryui/images/ui-icons_8d78a5_256x240.png HTTP/1.1" 404 1089
192.168.10.89 - - [18/Jan/2017:16:43:10 -0300] "POST /cormun/servlet/trsolicitudgral?ead6cbe6a32145542f7fc5bf6108a02f,,gx-no-cache=1484771893826 HTTP/1.1" 200 5229
186.103.158.250 - - [18/Jan/2017:16:43:14 -0300] "POST /cormun/servlet/trsolicitudot?f3d98b0717f3005c5d1957f3c551195d,gx-no-cache=1484768605377 HTTP/1.1" 200 106
186.103.158.250 - - [18/Jan/2017:16:43:14 -0300] "GET /cormun/servlet/trsolicitudadjuntos?2017,4709, HTTP/1.1" 200 5820
192.168.10.89 - - [18/Jan/2017:16:43:20 -0300] "POST /cormun/servlet/trsolicitudgral?ead6cbe6a32145542f7fc5bf6108a02f,,gx-no-cache=1484771903838 HTTP/1.1" 200 7462
186.103.158.250 - - [18/Jan/2017:16:43:26 -0300] "GET /cormun/servlet/solicitudotadjuntos?INS,2017,4709,,1, HTTP/1.1" 200 5753
186.103.158.250 - - [18/Jan/2017:16:43:26 -0300] "HEAD /cormun/static/about:blank HTTP/1.1" 404 -
186.103.158.250 - - [18/Jan/2017:16:43:28 -0300] "GET /cormun/servlet/solicitudotadjuntos?dac8c1b3c9f568bd504a8f495f5b3e86fe57fa986af4daabff17c148642aecaa161f93d6b5c4ac24dfdfa4ce3d01f0e2,gx-no-cache=1484768618783 HTTP/1.1" 200 30
186.103.158.250 - - [18/Jan/2017:16:43:28 -0300] "POST /cormun/servlet/solicitudotadjuntos?f3d98b0717f3005c5d1957f3c551195d,INS,2017,4709,,1,,gx-no-cache=1484768618863 HTTP/1.1" 200 3639
192.168.10.89 - - [18/Jan/2017:16:43:30 -0300] "POST /cormun/servlet/trsolicitudgral?ead6cbe6a32145542f7fc5bf6108a02f,,gx-no-cache=1484771913121 HTTP/1.1" 200 6479
186.103.158.250 - - [18/Jan/2017:16:43:31 -0300] "POST /cormun/servlet/solicitudotadjuntos?gx-no-cache=1484768621723 HTTP/1.1" 200 26
192.168.10.89 - - [18/Jan/2017:16:43:33 -0300] "POST /cormun/servlet/trsolicitudgral?ead6cbe6a32145542f7fc5bf6108a02f,,gx-no-cache=1484771915966 HTTP/1.1" 200 5460
192.168.10.89 - - [18/Jan/2017:16:43:34 -0300] "POST /cormun/servlet/trsolicitudgral?ead6cbe6a32145542f7fc5bf6108a02f,,gx-no-cache=1484771917069 HTTP/1.1" 200 5231
192.168.10.89 - - [18/Jan/2017:16:43:42 -0300] "POST /cormun/servlet/trsolicitudgral?ead6cbe6a32145542f7fc5bf6108a02f,,gx-no-cache=1484771924991 HTTP/1.1" 200 6762
192.168.10.89 - - [18/Jan/2017:16:43:56 -0300] "POST /cormun/servlet/trsolicitudgral?ead6cbe6a32145542f7fc5bf6108a02f,,gx-no-cache=1484771939259 HTTP/1.1" 200 115
192.168.10.89 - - [18/Jan/2017:16:43:56 -0300] "GET /cormun/servlet/solicitudotlog?INS,2017,3340,0,REC, HTTP/1.1" 200 6123
192.168.10.89 - - [18/Jan/2017:16:43:57 -0300] "GET /cormun/servlet/solicitudotlog?d4facef13a2d381200630d63948d5cedc4b452408d195be2724b39461f828d98ccc0c799486ba461abf72f15fc18405ae5ecb54ddbf33281edbf644ced212a27a0835ac6bb3a85eda7c55f8706e85bc558ac5ec8506ed976954c17c5382b8204a13e2b67b847936b5c52454265c8bbc6a04ddf7bc9346d0ee1de3c7f0576ff07892eb7262cce35f34dab6667c5e092b13859b7d6c680490140bf724f2192a2fb,gx-no-cache=1484771940650 HTTP/1.1" 200 94
192.168.10.89 - - [18/Jan/2017:16:44:10 -0300] "POST /cormun/servlet/solicitudotlog?ead6cbe6a32145542f7fc5bf6108a02f,INS,2017,3340,0,REC,,gx-no-cache=1484771953349 HTTP/1.1" 200 93
192.168.10.89 - - [18/Jan/2017:16:44:10 -0300] "GET /cormun/servlet/hpexe_return? HTTP/1.1" 200 1027
192.168.10.89 - - [18/Jan/2017:16:44:10 -0300] "GET /cormun/servlet/trsolicitudgral? HTTP/1.1" 200 9607
192.168.10.89 - - [18/Jan/2017:16:44:13 -0300] "POST /cormun/servlet/trsolicitudgral?ead6cbe6a32145542f7fc5bf6108a02f,,gx-no-cache=1484771956377 HTTP/1.1" 200 5472
192.168.10.89 - - [18/Jan/2017:16:44:13 -0300] "POST /cormun/servlet/trsolicitudgral?ead6cbe6a32145542f7fc5bf6108a02f,,gx-no-cache=1484771956745 HTTP/1.1" 200 5231
192.168.10.89 - - [18/Jan/2017:16:44:14 -0300] "GET /cormun/static/Shared/jqueryui/images/ui-icons_8d78a5_256x240.png HTTP/1.1" 404 1089
192.168.10.89 - - [18/Jan/2017:16:44:14 -0300] "GET /cormun/static/Shared/jqueryui/images/ui-bg_flat_55_fafafa_40x100.png HTTP/1.1" 404 1097
192.168.10.89 - - [18/Jan/2017:16:44:14 -0300] "GET /cormun/static/Shared/jqueryui/images/ui-bg_highlight-soft_100_c6c2c8_1x100.png HTTP/1.1" 404 1117
192.168.10.89 - - [18/Jan/2017:16:44:14 -0300] "GET /cormun/static/Shared/jqueryui/images/ui-icons_82798d_256x240.png HTTP/1.1" 404 1089
192.168.10.89 - - [18/Jan/2017:16:44:23 -0300] "POST /cormun/servlet/trsolicitudgral?ead6cbe6a32145542f7fc5bf6108a02f,,gx-no-cache=1484771966321 HTTP/1.1" 200 6506
192.168.10.89 - - [18/Jan/2017:16:44:25 -0300] "POST /cormun/servlet/trsolicitudgral?ead6cbe6a32145542f7fc5bf6108a02f,,gx-no-cache=1484771968521 HTTP/1.1" 200 5481
192.168.10.89 - - [18/Jan/2017:16:44:26 -0300] "POST /cormun/servlet/trsolicitudgral?ead6cbe6a32145542f7fc5bf6108a02f,,gx-no-cache=1484771968969 HTTP/1.1" 200 5233
186.103.158.250 - - [18/Jan/2017:16:45:09 -0300] "GET /cormun/servlet/solicitudotadjuntos?dac8c1b3c9f568bd504a8f495f5b3e862a44d1584ad259e3b6a529eb7f43e3b2,gx-no-cache=1484768720197 HTTP/1.1" 200 30
186.103.158.250 - - [18/Jan/2017:16:45:09 -0300] "GET /cormun/servlet/solicitudotadjuntos?dac8c1b3c9f568bd504a8f495f5b3e862a44d1584ad259e3b6a529eb7f43e3b2,gx-no-cache=1484768720287 HTTP/1.1" 200 30
186.103.158.250 - - [18/Jan/2017:16:45:11 -0300] "POST /cormun/servlet/solicitudotadjuntos?f3d98b0717f3005c5d1957f3c551195d,INS,2017,4709,,1, HTTP/1.1" 200 116
186.103.158.250 - - [18/Jan/2017:16:45:11 -0300] "GET /cormun/servlet/hpexe_return? HTTP/1.1" 200 1029
186.103.158.250 - - [18/Jan/2017:16:45:11 -0300] "GET /cormun/servlet/trsolicitudadjuntos?2017,4709, HTTP/1.1" 200 7822
192.168.10.89 - - [18/Jan/2017:16:45:13 -0300] "POST /cormun/servlet/trsolicitudgral?ead6cbe6a32145542f7fc5bf6108a02f,,gx-no-cache=1484772016064 HTTP/1.1" 200 6503
186.103.158.250 - - [18/Jan/2017:16:45:16 -0300] "GET /cormun/servlet/solicitudotadjuntos?INS,2017,4709,,1, HTTP/1.1" 200 5754
186.103.158.250 - - [18/Jan/2017:16:45:17 -0300] "HEAD /cormun/static/about:blank HTTP/1.1" 404 -
186.103.158.250 - - [18/Jan/2017:16:45:18 -0300] "GET /cormun/servlet/solicitudotadjuntos?dac8c1b3c9f568bd504a8f495f5b3e86fe57fa986af4daabff17c148642aecaa161f93d6b5c4ac24dfdfa4ce3d01f0e2,gx-no-cache=1484768729023 HTTP/1.1" 200 30
186.103.158.250 - - [18/Jan/2017:16:45:18 -0300] "POST /cormun/servlet/solicitudotadjuntos?f3d98b0717f3005c5d1957f3c551195d,INS,2017,4709,,1,,gx-no-cache=1484768729074 HTTP/1.1" 200 3638
186.103.158.250 - - [18/Jan/2017:16:45:23 -0300] "POST /cormun/servlet/solicitudotadjuntos?gx-no-cache=1484768733883 HTTP/1.1" 200 26
192.168.10.89 - - [18/Jan/2017:16:45:24 -0300] "POST /cormun/servlet/trsolicitudgral?ead6cbe6a32145542f7fc5bf6108a02f,,gx-no-cache=1484772027330 HTTP/1.1" 200 5474
192.168.10.89 - - [18/Jan/2017:16:45:25 -0300] "POST /cormun/servlet/trsolicitudgral?ead6cbe6a32145542f7fc5bf6108a02f,,gx-no-cache=1484772027949 HTTP/1.1" 200 5236
192.168.10.89 - - [18/Jan/2017:16:45:37 -0300] "POST /cormun/servlet/trsolicitudgral?ead6cbe6a32145542f7fc5bf6108a02f,,gx-no-cache=1484772040548 HTTP/1.1" 200 6498
192.168.10.89 - - [18/Jan/2017:16:45:41 -0300] "POST /cormun/servlet/trsolicitudgral?ead6cbe6a32145542f7fc5bf6108a02f,,gx-no-cache=1484772044486 HTTP/1.1" 200 5474
192.168.10.89 - - [18/Jan/2017:16:45:42 -0300] "POST /cormun/servlet/trsolicitudgral?ead6cbe6a32145542f7fc5bf6108a02f,,gx-no-cache=1484772045263 HTTP/1.1" 200 5236
186.103.158.250 - - [18/Jan/2017:16:45:43 -0300] "GET /cormun/servlet/solicitudotadjuntos?dac8c1b3c9f568bd504a8f495f5b3e862a44d1584ad259e3b6a529eb7f43e3b2,gx-no-cache=1484768754147 HTTP/1.1" 200 30
186.103.158.250 - - [18/Jan/2017:16:45:43 -0300] "GET /cormun/servlet/solicitudotadjuntos?dac8c1b3c9f568bd504a8f495f5b3e862a44d1584ad259e3b6a529eb7f43e3b2,gx-no-cache=1484768754208 HTTP/1.1" 200 30
186.103.158.250 - - [18/Jan/2017:16:45:44 -0300] "POST /cormun/servlet/solicitudotadjuntos?f3d98b0717f3005c5d1957f3c551195d,INS,2017,4709,,1, HTTP/1.1" 200 116
186.103.158.250 - - [18/Jan/2017:16:45:44 -0300] "GET /cormun/servlet/hpexe_return? HTTP/1.1" 200 1029
186.103.158.250 - - [18/Jan/2017:16:45:45 -0300] "GET /cormun/servlet/trsolicitudadjuntos?2017,4709, HTTP/1.1" 200 8020
186.103.158.250 - - [18/Jan/2017:16:45:49 -0300] "GET /cormun/servlet/solicitudotadjuntos?INS,2017,4709,,1, HTTP/1.1" 200 5754
186.103.158.250 - - [18/Jan/2017:16:45:50 -0300] "HEAD /cormun/static/about:blank HTTP/1.1" 404 -
186.103.158.250 - - [18/Jan/2017:16:45:51 -0300] "GET /cormun/servlet/solicitudotadjuntos?dac8c1b3c9f568bd504a8f495f5b3e86fe57fa986af4daabff17c148642aecaa161f93d6b5c4ac24dfdfa4ce3d01f0e2,gx-no-cache=1484768762331 HTTP/1.1" 200 30
186.103.158.250 - - [18/Jan/2017:16:45:51 -0300] "POST /cormun/servlet/solicitudotadjuntos?f3d98b0717f3005c5d1957f3c551195d,INS,2017,4709,,1,,gx-no-cache=1484768762430 HTTP/1.1" 200 3638
192.168.10.89 - - [18/Jan/2017:16:45:53 -0300] "POST /cormun/servlet/trsolicitudgral?ead6cbe6a32145542f7fc5bf6108a02f,,gx-no-cache=1484772056814 HTTP/1.1" 200 6479
186.103.158.250 - - [18/Jan/2017:16:45:56 -0300] "POST /cormun/servlet/solicitudotadjuntos?gx-no-cache=1484768766761 HTTP/1.1" 200 26
192.168.10.89 - - [18/Jan/2017:16:45:57 -0300] "POST /cormun/servlet/trsolicitudgral?ead6cbe6a32145542f7fc5bf6108a02f,,gx-no-cache=1484772060077 HTTP/1.1" 200 5464
192.168.10.89 - - [18/Jan/2017:16:45:58 -0300] "POST /cormun/servlet/trsolicitudgral?ead6cbe6a32145542f7fc5bf6108a02f,,gx-no-cache=1484772060969 HTTP/1.1" 200 5227
186.103.158.250 - - [18/Jan/2017:16:46:02 -0300] "GET /cormun/servlet/solicitudotadjuntos?dac8c1b3c9f568bd504a8f495f5b3e862a44d1584ad259e3b6a529eb7f43e3b2,gx-no-cache=1484768772760 HTTP/1.1" 200 30
186.103.158.250 - - [18/Jan/2017:16:46:02 -0300] "GET /cormun/servlet/solicitudotadjuntos?dac8c1b3c9f568bd504a8f495f5b3e862a44d1584ad259e3b6a529eb7f43e3b2,gx-no-cache=1484768772791 HTTP/1.1" 200 30
186.103.158.250 - - [18/Jan/2017:16:46:03 -0300] "POST /cormun/servlet/solicitudotadjuntos?f3d98b0717f3005c5d1957f3c551195d,INS,2017,4709,,1, HTTP/1.1" 200 116
186.103.158.250 - - [18/Jan/2017:16:46:03 -0300] "GET /cormun/servlet/hpexe_return? HTTP/1.1" 200 1029
186.103.158.250 - - [18/Jan/2017:16:46:04 -0300] "GET /cormun/servlet/trsolicitudadjuntos?2017,4709, HTTP/1.1" 200 8161
192.168.10.89 - - [18/Jan/2017:16:46:06 -0300] "POST /cormun/servlet/trsolicitudgral?ead6cbe6a32145542f7fc5bf6108a02f,,gx-no-cache=1484772069243 HTTP/1.1" 200 6480
186.103.158.250 - - [18/Jan/2017:16:46:11 -0300] "GET /cormun/servlet/solicitudotadjuntos?INS,2017,4709,,1, HTTP/1.1" 200 5754
186.103.158.250 - - [18/Jan/2017:16:46:12 -0300] "HEAD /cormun/static/about:blank HTTP/1.1" 404 -
186.103.158.250 - - [18/Jan/2017:16:46:14 -0300] "GET /cormun/servlet/solicitudotadjuntos?dac8c1b3c9f568bd504a8f495f5b3e86fe57fa986af4daabff17c148642aecaa161f93d6b5c4ac24dfdfa4ce3d01f0e2,gx-no-cache=1484768784731 HTTP/1.1" 200 30
192.168.10.89 - - [18/Jan/2017:16:46:14 -0300] "POST /cormun/servlet/trsolicitudgral?ead6cbe6a32145542f7fc5bf6108a02f,,gx-no-cache=1484772077239 HTTP/1.1" 200 5455
186.103.158.250 - - [18/Jan/2017:16:46:14 -0300] "POST /cormun/servlet/solicitudotadjuntos?f3d98b0717f3005c5d1957f3c551195d,INS,2017,4709,,1,,gx-no-cache=1484768784817 HTTP/1.1" 200 3639
192.168.10.89 - - [18/Jan/2017:16:46:15 -0300] "POST /cormun/servlet/trsolicitudgral?ead6cbe6a32145542f7fc5bf6108a02f,,gx-no-cache=1484772078280 HTTP/1.1" 200 5232
186.103.158.250 - - [18/Jan/2017:16:46:27 -0300] "POST /cormun/servlet/solicitudotadjuntos?gx-no-cache=1484768798440 HTTP/1.1" 200 26
186.103.158.250 - - [18/Jan/2017:16:46:41 -0300] "GET /cormun/servlet/solicitudotadjuntos?dac8c1b3c9f568bd504a8f495f5b3e862a44d1584ad259e3b6a529eb7f43e3b2,gx-no-cache=1484768812120 HTTP/1.1" 200 30
186.103.158.250 - - [18/Jan/2017:16:46:41 -0300] "GET /cormun/servlet/solicitudotadjuntos?dac8c1b3c9f568bd504a8f495f5b3e862a44d1584ad259e3b6a529eb7f43e3b2,gx-no-cache=1484768812166 HTTP/1.1" 200 30
186.103.158.250 - - [18/Jan/2017:16:46:43 -0300] "POST /cormun/servlet/solicitudotadjuntos?f3d98b0717f3005c5d1957f3c551195d,INS,2017,4709,,1, HTTP/1.1" 200 5642
186.103.158.250 - - [18/Jan/2017:16:46:43 -0300] "GET /cormun/home/sistema/apache-tomcat-7.0.65/webapps/cormun/PrivateTempStorage/upload_00001197.jpg HTTP/1.1" 404 1149
186.103.158.250 - - [18/Jan/2017:16:46:43 -0300] "GET /cormun/static/Shared/jqueryui/images/ui-bg_flat_55_994d53_40x100.png HTTP/1.1" 404 1097
186.103.158.250 - - [18/Jan/2017:16:46:43 -0300] "GET /cormun/static/Shared/jqueryui/images/ui-icons_82798d_256x240.png HTTP/1.1" 404 1089
186.103.158.250 - - [18/Jan/2017:16:46:43 -0300] "GET /cormun/static/Shared/jqueryui/images/ui-bg_highlight-soft_100_c6c2c8_1x100.png HTTP/1.1" 404 1117
186.103.158.250 - - [18/Jan/2017:16:46:43 -0300] "GET /cormun/static/Shared/jqueryui/images/ui-icons_ebccce_256x240.png HTTP/1.1" 404 1089
186.103.158.250 - - [18/Jan/2017:16:46:43 -0300] "GET /cormun/PrivateTempStorage/upload_00001197.jpg HTTP/1.1" 200 424680
186.103.158.250 - - [18/Jan/2017:16:46:56 -0300] "GET /cormun/servlet/trsolicitudadjuntos?2017,4709, HTTP/1.1" 200 8158
192.168.10.89 - - [18/Jan/2017:16:47:06 -0300] "POST /cormun/servlet/trsolicitudgral?ead6cbe6a32145542f7fc5bf6108a02f,,gx-no-cache=1484772129860 HTTP/1.1" 200 6496
186.103.158.250 - - [18/Jan/2017:16:47:07 -0300] "GET /cormun/servlet/solicitudotadjuntos?INS,2017,4709,,1, HTTP/1.1" 200 5753
186.103.158.250 - - [18/Jan/2017:16:47:07 -0300] "HEAD /cormun/static/about:blank HTTP/1.1" 404 -
186.103.158.250 - - [18/Jan/2017:16:47:09 -0300] "GET /cormun/servlet/solicitudotadjuntos?dac8c1b3c9f568bd504a8f495f5b3e86fe57fa986af4daabff17c148642aecaa161f93d6b5c4ac24dfdfa4ce3d01f0e2,gx-no-cache=1484768839731 HTTP/1.1" 200 30
186.103.158.250 - - [18/Jan/2017:16:47:09 -0300] "POST /cormun/servlet/solicitudotadjuntos?f3d98b0717f3005c5d1957f3c551195d,INS,2017,4709,,1,,gx-no-cache=1484768839787 HTTP/1.1" 200 3639
