186.103.158.250 - - [18/Jan/2017:15:39:40 -0300] "GET /cormun/pexe_scrolldiv.js HTTP/1.1" 404 1009
186.103.156.211 - - [18/Jan/2017:15:39:42 -0300] "GET /cormun/servlet/trvacaciones? HTTP/1.1" 200 5850
186.103.158.250 - - [18/Jan/2017:15:39:43 -0300] "POST /cormun/servlet/acontrolpreferencessavestate?None,CE-4,true HTTP/1.1" 200 35
186.103.156.211 - - [18/Jan/2017:15:39:44 -0300] "GET /cormun/servlet/trvacaciones? HTTP/1.1" 200 5861
186.103.156.211 - - [18/Jan/2017:15:39:44 -0300] "GET /cormun/servlet/hlogin HTTP/1.1" 200 1730
186.103.158.250 - - [18/Jan/2017:15:39:46 -0300] "GET /cormun/servlet/solicitudotadjuntos?INS,2017,4703,,1, HTTP/1.1" 200 5756
186.103.158.250 - - [18/Jan/2017:15:39:47 -0300] "HEAD /cormun/static/about:blank HTTP/1.1" 404 -
186.103.158.250 - - [18/Jan/2017:15:39:48 -0300] "GET /cormun/servlet/solicitudotadjuntos?119537b345e476519378219adcfca7364556021f96ab263c360ba1041b53dae070c8f6e40f98c8f2abb63691bd2725bd,gx-no-cache=1484764799363 HTTP/1.1" 200 30
186.103.158.250 - - [18/Jan/2017:15:39:48 -0300] "POST /cormun/servlet/solicitudotadjuntos?79a024db217f3485e12af8f95e2b79e5,INS,2017,4703,,1,,gx-no-cache=1484764799409 HTTP/1.1" 200 3637
186.103.158.250 - - [18/Jan/2017:15:39:52 -0300] "POST /cormun/servlet/solicitudotadjuntos?gx-no-cache=1484764803472 HTTP/1.1" 200 26
186.103.156.211 - - [18/Jan/2017:15:40:00 -0300] "POST /cormun/servlet/hlogin?09fae0e9959b4bb12299f231ecbfb68c,gx-no-cache=1484764874814 HTTP/1.1" 200 90
186.103.156.211 - - [18/Jan/2017:15:40:00 -0300] "GET /cormun/servlet/hpexe_link HTTP/1.1" 200 952
186.103.156.211 - - [18/Jan/2017:15:40:01 -0300] "GET /cormun/servlet/trvacaciones HTTP/1.1" 200 6210
186.103.156.211 - - [18/Jan/2017:15:40:01 -0300] "GET /cormun/servlet/trvacaciones HTTP/1.1" 200 6208
186.103.158.250 - - [18/Jan/2017:15:40:03 -0300] "GET /cormun/servlet/solicitudotadjuntos?119537b345e476519378219adcfca736e301658695714519a2943aebcd5daed4,gx-no-cache=1484764814296 HTTP/1.1" 200 30
186.103.158.250 - - [18/Jan/2017:15:40:03 -0300] "GET /cormun/servlet/solicitudotadjuntos?119537b345e476519378219adcfca736e301658695714519a2943aebcd5daed4,gx-no-cache=1484764814327 HTTP/1.1" 200 30
186.103.158.250 - - [18/Jan/2017:15:40:05 -0300] "POST /cormun/servlet/solicitudotadjuntos?79a024db217f3485e12af8f95e2b79e5,INS,2017,4703,,1, HTTP/1.1" 200 116
186.103.158.250 - - [18/Jan/2017:15:40:06 -0300] "GET /cormun/servlet/hpexe_return? HTTP/1.1" 200 1026
186.103.158.250 - - [18/Jan/2017:15:40:06 -0300] "GET /cormun/servlet/vesolicitudot?2017,4703,,SolicitudOTAdjuntos HTTP/1.1" 200 10242
186.103.158.250 - - [18/Jan/2017:15:40:07 -0300] "GET /cormun/pexe_scrolldiv.js HTTP/1.1" 404 1009
186.103.156.211 - - [18/Jan/2017:15:40:07 -0300] "GET /cormun/servlet/trvacaciones? HTTP/1.1" 200 6208
186.103.156.211 - - [18/Jan/2017:15:40:07 -0300] "GET /cormun/servlet/trvacaciones? HTTP/1.1" 200 6208
186.103.158.250 - - [18/Jan/2017:15:40:10 -0300] "POST /cormun/servlet/acontrolpreferencessavestate?None,CE-4,true HTTP/1.1" 200 35
186.103.156.211 - - [18/Jan/2017:15:40:19 -0300] "GET /cormun/servlet/vacaciones?INS,0, HTTP/1.1" 200 6093
186.103.156.211 - - [18/Jan/2017:15:40:20 -0300] "GET /cormun/servlet/vacaciones?INS,0, HTTP/1.1" 200 6094
186.103.158.250 - - [18/Jan/2017:15:40:23 -0300] "GET /cormun/servlet/trsolicitudot? HTTP/1.1" 200 7953
200.83.119.233 - - [18/Jan/2017:15:40:31 -0300] "POST /cormun/servlet/solicitudotadjuntos?gx-no-cache=1484764914264 HTTP/1.1" 200 26
186.103.156.211 - - [18/Jan/2017:15:40:35 -0300] "GET /cormun/servlet/vacaciones?67fa8b03b32007106ea10f9c2c388eeebd9f561b5108b5a48b746cf00e9460f2c96723a25cffe9ad88c5429dc5049d97,gx-no-cache=1484764909674 HTTP/1.1" 200 68
186.103.158.250 - - [18/Jan/2017:15:40:43 -0300] "POST /cormun/servlet/trsolicitudot?79a024db217f3485e12af8f95e2b79e5,,gx-no-cache=1484764853925 HTTP/1.1" 200 4127
186.103.158.250 - - [18/Jan/2017:15:40:44 -0300] "POST /cormun/servlet/trsolicitudot?79a024db217f3485e12af8f95e2b79e5,,gx-no-cache=1484764854580 HTTP/1.1" 200 3907
186.103.158.250 - - [18/Jan/2017:15:40:44 -0300] "GET /cormun/static/Shared/jqueryui/images/ui-bg_flat_55_fafafa_40x100.png HTTP/1.1" 404 1097
186.103.158.250 - - [18/Jan/2017:15:40:44 -0300] "GET /cormun/static/Shared/jqueryui/images/ui-icons_8d78a5_256x240.png HTTP/1.1" 404 1089
186.103.158.250 - - [18/Jan/2017:15:40:44 -0300] "GET /cormun/static/Shared/jqueryui/images/ui-bg_highlight-soft_100_c6c2c8_1x100.png HTTP/1.1" 404 1117
186.103.158.250 - - [18/Jan/2017:15:40:44 -0300] "GET /cormun/static/Shared/jqueryui/images/ui-icons_82798d_256x240.png HTTP/1.1" 404 1089
200.83.119.233 - - [18/Jan/2017:15:40:49 -0300] "GET /cormun/servlet/solicitudotadjuntos?3d14d9f3d3c32815ed328d48bb3ae952cfd9338744058062f3f154fc93df89c0,gx-no-cache=1484764932144 HTTP/1.1" 200 30
200.83.119.233 - - [18/Jan/2017:15:40:49 -0300] "GET /cormun/servlet/solicitudotadjuntos?3d14d9f3d3c32815ed328d48bb3ae952cfd9338744058062f3f154fc93df89c0,gx-no-cache=1484764932176 HTTP/1.1" 200 30
186.103.156.211 - - [18/Jan/2017:15:40:49 -0300] "GET /cormun/servlet/vacaciones?67fa8b03b32007106ea10f9c2c388eee7c37c70750738470df190650e4599b90e3c84b4a23568f99abb7e527d71cd273103d49c5a9bbaac77fce5c6cc986aaba,gx-no-cache=1484764923913 HTTP/1.1" 200 133
186.103.156.211 - - [18/Jan/2017:15:40:49 -0300] "GET /cormun/static/Shared/jqueryui/images/ui-bg_highlight-soft_100_c6c2c8_1x100.png HTTP/1.1" 404 1117
186.103.156.211 - - [18/Jan/2017:15:40:49 -0300] "GET /cormun/static/Shared/jqueryui/images/ui-icons_82798d_256x240.png HTTP/1.1" 404 1089
186.103.156.211 - - [18/Jan/2017:15:40:49 -0300] "GET /cormun/static/Shared/jqueryui/images/ui-bg_flat_55_994d53_40x100.png HTTP/1.1" 404 1097
186.103.156.211 - - [18/Jan/2017:15:40:50 -0300] "GET /cormun/static/Shared/jqueryui/images/ui-icons_ebccce_256x240.png HTTP/1.1" 404 1089
186.103.156.211 - - [18/Jan/2017:15:40:50 -0300] "POST /cormun/servlet/vacaciones?09fae0e9959b4bb12299f231ecbfb68c,INS,0,,gx-no-cache=1484764924186 HTTP/1.1" 200 3827
200.83.119.233 - - [18/Jan/2017:15:40:55 -0300] "POST /cormun/servlet/solicitudotadjuntos?524a721dc42d21a12dae0f07231f5bb6,INS,2017,4705,,1, HTTP/1.1" 200 116
200.83.119.233 - - [18/Jan/2017:15:40:55 -0300] "GET /cormun/servlet/hpexe_return? HTTP/1.1" 200 1028
200.83.119.233 - - [18/Jan/2017:15:40:55 -0300] "GET /cormun/servlet/trsolicitudadjuntos?2017,4705, HTTP/1.1" 200 7871
200.83.119.233 - - [18/Jan/2017:15:40:56 -0300] "GET /cormun/servlet/trsolicitudadjuntos?2017,4705, HTTP/1.1" 200 7867
200.83.119.233 - - [18/Jan/2017:15:41:00 -0300] "GET /cormun/servlet/solicitudotadjuntos?INS,2017,4705,,1, HTTP/1.1" 200 5791
200.83.119.233 - - [18/Jan/2017:15:41:01 -0300] "GET /cormun/static/about:blank HTTP/1.1" 404 1011
200.83.119.233 - - [18/Jan/2017:15:41:01 -0300] "GET /cormun/servlet/solicitudotadjuntos?INS,2017,4705,,1, HTTP/1.1" 200 5785
200.83.119.233 - - [18/Jan/2017:15:41:01 -0300] "GET /cormun/servlet/solicitudotadjuntos?3d14d9f3d3c32815ed328d48bb3ae952926b6470d2b289b46371f37a0c07c5e2487102dde43aa58adbf55f0750dcc781,gx-no-cache=1484764944939 HTTP/1.1" 200 30
200.83.119.233 - - [18/Jan/2017:15:41:02 -0300] "POST /cormun/servlet/solicitudotadjuntos?524a721dc42d21a12dae0f07231f5bb6,INS,2017,4705,,1,,gx-no-cache=1484764944987 HTTP/1.1" 200 3604
200.83.119.233 - - [18/Jan/2017:15:41:09 -0300] "POST /cormun/servlet/solicitudotadjuntos?gx-no-cache=1484764952620 HTTP/1.1" 200 26
200.83.119.233 - - [18/Jan/2017:15:41:11 -0300] "GET /cormun/servlet/solicitudotadjuntos?3d14d9f3d3c32815ed328d48bb3ae952cfd9338744058062f3f154fc93df89c0,gx-no-cache=1484764954709 HTTP/1.1" 200 30
200.83.119.233 - - [18/Jan/2017:15:41:11 -0300] "GET /cormun/servlet/solicitudotadjuntos?3d14d9f3d3c32815ed328d48bb3ae952cfd9338744058062f3f154fc93df89c0,gx-no-cache=1484764954773 HTTP/1.1" 200 30
200.83.119.233 - - [18/Jan/2017:15:41:11 -0300] "POST /cormun/servlet/solicitudotadjuntos?524a721dc42d21a12dae0f07231f5bb6,INS,2017,4705,,1,,gx-no-cache=1484764954823 HTTP/1.1" 200 93
200.83.119.233 - - [18/Jan/2017:15:41:11 -0300] "GET /cormun/servlet/hpexe_return? HTTP/1.1" 200 1028
200.83.119.233 - - [18/Jan/2017:15:41:12 -0300] "GET /cormun/servlet/trsolicitudadjuntos?2017,4705, HTTP/1.1" 200 8029
200.83.119.233 - - [18/Jan/2017:15:41:12 -0300] "GET /cormun/servlet/trsolicitudadjuntos?2017,4705, HTTP/1.1" 200 8023
186.103.158.250 - - [18/Jan/2017:15:41:18 -0300] "GET /cormun/servlet/trsolicitudot? HTTP/1.1" 200 6645
200.83.119.233 - - [18/Jan/2017:15:41:24 -0300] "GET /cormun/servlet/solicitudotadjuntos?DLT,2017,4705,CERTIF5,0, HTTP/1.1" 200 5686
200.83.119.233 - - [18/Jan/2017:15:41:24 -0300] "GET /cormun/static/about:blank HTTP/1.1" 404 1011
200.83.119.233 - - [18/Jan/2017:15:41:24 -0300] "GET /cormun/static/Shared/jqueryui/images/ui-bg_highlight-soft_100_c6c2c8_1x100.png HTTP/1.1" 404 1117
200.83.119.233 - - [18/Jan/2017:15:41:24 -0300] "GET /cormun/static/Shared/jqueryui/images/ui-icons_82798d_256x240.png HTTP/1.1" 404 1089
200.83.119.233 - - [18/Jan/2017:15:41:24 -0300] "GET /cormun/static/Shared/jqueryui/images/ui-bg_flat_55_fafafa_40x100.png HTTP/1.1" 404 1097
200.83.119.233 - - [18/Jan/2017:15:41:24 -0300] "GET /cormun/static/Shared/jqueryui/images/ui-icons_8d78a5_256x240.png HTTP/1.1" 404 1089
200.83.119.233 - - [18/Jan/2017:15:41:25 -0300] "GET /cormun/servlet/solicitudotadjuntos?DLT,2017,4705,CERTIF5,0, HTTP/1.1" 200 5680
200.83.119.233 - - [18/Jan/2017:15:41:29 -0300] "POST /cormun/servlet/solicitudotadjuntos?524a721dc42d21a12dae0f07231f5bb6,DLT,2017,4705,CERTIF5,0,,gx-no-cache=1484764972656 HTTP/1.1" 200 93
200.83.119.233 - - [18/Jan/2017:15:41:29 -0300] "GET /cormun/servlet/hpexe_return? HTTP/1.1" 200 1034
200.83.119.233 - - [18/Jan/2017:15:41:30 -0300] "GET /cormun/servlet/trsolicitudadjuntos?2017,4705, HTTP/1.1" 200 7872
200.83.119.233 - - [18/Jan/2017:15:41:30 -0300] "GET /cormun/servlet/trsolicitudadjuntos?2017,4705, HTTP/1.1" 200 7868
200.83.119.233 - - [18/Jan/2017:15:41:34 -0300] "GET /cormun/servlet/solicitudotadjuntos?INS,2017,4705,,1, HTTP/1.1" 200 5791
200.83.119.233 - - [18/Jan/2017:15:41:34 -0300] "GET /cormun/static/about:blank HTTP/1.1" 404 1011
200.83.119.233 - - [18/Jan/2017:15:41:35 -0300] "GET /cormun/servlet/solicitudotadjuntos?INS,2017,4705,,1, HTTP/1.1" 200 5785
200.83.119.233 - - [18/Jan/2017:15:41:35 -0300] "GET /cormun/servlet/solicitudotadjuntos?3d14d9f3d3c32815ed328d48bb3ae952926b6470d2b289b46371f37a0c07c5e2487102dde43aa58adbf55f0750dcc781,gx-no-cache=1484764978829 HTTP/1.1" 200 30
200.83.119.233 - - [18/Jan/2017:15:41:35 -0300] "POST /cormun/servlet/solicitudotadjuntos?524a721dc42d21a12dae0f07231f5bb6,INS,2017,4705,,1,,gx-no-cache=1484764978881 HTTP/1.1" 200 3604
200.83.119.233 - - [18/Jan/2017:15:41:40 -0300] "POST /cormun/servlet/solicitudotadjuntos?gx-no-cache=1484764983603 HTTP/1.1" 200 26
200.83.119.233 - - [18/Jan/2017:15:41:53 -0300] "GET /cormun/servlet/solicitudotadjuntos?3d14d9f3d3c32815ed328d48bb3ae952cfd9338744058062f3f154fc93df89c0,gx-no-cache=1484764996463 HTTP/1.1" 200 30
200.83.119.233 - - [18/Jan/2017:15:41:53 -0300] "GET /cormun/servlet/solicitudotadjuntos?3d14d9f3d3c32815ed328d48bb3ae952cfd9338744058062f3f154fc93df89c0,gx-no-cache=1484764996493 HTTP/1.1" 200 30
186.103.156.211 - - [18/Jan/2017:15:41:55 -0300] "GET /cormun/static/Shared/jqueryui/images/ui-bg_highlight-soft_100_eae6ea_1x100.png HTTP/1.1" 404 1117
200.83.119.233 - - [18/Jan/2017:15:42:00 -0300] "POST /cormun/servlet/solicitudotadjuntos?524a721dc42d21a12dae0f07231f5bb6,INS,2017,4705,,1, HTTP/1.1" 200 116
200.83.119.233 - - [18/Jan/2017:15:42:00 -0300] "GET /cormun/servlet/hpexe_return? HTTP/1.1" 200 1028
200.83.119.233 - - [18/Jan/2017:15:42:00 -0300] "GET /cormun/servlet/trsolicitudadjuntos?2017,4705, HTTP/1.1" 200 8078
200.83.119.233 - - [18/Jan/2017:15:42:01 -0300] "GET /cormun/servlet/trsolicitudadjuntos?2017,4705, HTTP/1.1" 200 8071
186.103.158.250 - - [18/Jan/2017:15:42:08 -0300] "GET /cormun/servlet/solicitudot?INS,0,0, HTTP/1.1" 200 12516
186.103.158.250 - - [18/Jan/2017:15:42:23 -0300] "POST /cormun/servlet/solicitudot?gx-no-cache=1484764953728 HTTP/1.1" 200 3081
186.103.158.250 - - [18/Jan/2017:15:42:23 -0300] "POST /cormun/servlet/solicitudot?79a024db217f3485e12af8f95e2b79e5,INS,0,0,,gx-no-cache=1484764954311 HTTP/1.1" 200 9635
186.103.158.250 - - [18/Jan/2017:15:42:27 -0300] "GET /cormun/servlet/solicitudot?119537b345e476519378219adcfca736c2414b0140d32e3fe570e65f5838b441398f78c05be40b260982fd8152c130c0,gx-no-cache=1484764958480 HTTP/1.1" 200 30
192.168.10.89 - - [18/Jan/2017:15:44:32 -0300] "GET /cormunbeta/servlet/hlogin HTTP/1.1" 200 1725
192.168.10.89 - - [18/Jan/2017:15:44:36 -0300] "GET /cormun/servlet/hlogin HTTP/1.1" 200 1724
192.168.10.89 - - [18/Jan/2017:15:44:43 -0300] "POST /cormun/servlet/hlogin?ead6cbe6a32145542f7fc5bf6108a02f,gx-no-cache=1484768386758 HTTP/1.1" 200 90
192.168.10.89 - - [18/Jan/2017:15:44:44 -0300] "GET /cormun/servlet/hpexe_link HTTP/1.1" 200 960
192.168.10.89 - - [18/Jan/2017:15:44:44 -0300] "GET /cormun/servlet/hhome HTTP/1.1" 200 4346
192.168.10.89 - - [18/Jan/2017:15:44:49 -0300] "GET /cormun/servlet/trsolicitudgral? HTTP/1.1" 200 11508
192.168.10.89 - - [18/Jan/2017:15:44:55 -0300] "GET /cormun/static/menuarrow.gif HTTP/1.1" 404 1015
192.168.10.89 - - [18/Jan/2017:15:45:07 -0300] "POST /cormun/servlet/trsolicitudgral?ead6cbe6a32145542f7fc5bf6108a02f,,gx-no-cache=1484768410325 HTTP/1.1" 200 10682
192.168.10.89 - - [18/Jan/2017:15:45:16 -0300] "POST /cormun/servlet/trsolicitudgral?ead6cbe6a32145542f7fc5bf6108a02f,,gx-no-cache=1484768418940 HTTP/1.1" 200 5244
200.83.119.233 - - [18/Jan/2017:15:45:16 -0300] "GET /cormun/servlet/solicitudotadjuntos?INS,2017,4705,,1, HTTP/1.1" 200 5792
200.83.119.233 - - [18/Jan/2017:15:45:16 -0300] "GET /cormun/static/about:blank HTTP/1.1" 404 1011
200.83.119.233 - - [18/Jan/2017:15:45:17 -0300] "GET /cormun/servlet/solicitudotadjuntos?INS,2017,4705,,1, HTTP/1.1" 200 5786
200.83.119.233 - - [18/Jan/2017:15:45:17 -0300] "GET /cormun/servlet/solicitudotadjuntos?3d14d9f3d3c32815ed328d48bb3ae952926b6470d2b289b46371f37a0c07c5e2487102dde43aa58adbf55f0750dcc781,gx-no-cache=1484765200593 HTTP/1.1" 200 30
200.83.119.233 - - [18/Jan/2017:15:45:17 -0300] "POST /cormun/servlet/solicitudotadjuntos?524a721dc42d21a12dae0f07231f5bb6,INS,2017,4705,,1,,gx-no-cache=1484765200657 HTTP/1.1" 200 3604
192.168.10.89 - - [18/Jan/2017:15:45:23 -0300] "POST /cormun/servlet/trsolicitudgral?ead6cbe6a32145542f7fc5bf6108a02f,,gx-no-cache=1484768426305 HTTP/1.1" 200 6779
192.168.10.89 - - [18/Jan/2017:15:45:31 -0300] "POST /cormun/servlet/trsolicitudgral?ead6cbe6a32145542f7fc5bf6108a02f,,gx-no-cache=1484768433781 HTTP/1.1" 200 6517
192.168.10.89 - - [18/Jan/2017:15:45:31 -0300] "POST /cormun/servlet/trsolicitudgral?ead6cbe6a32145542f7fc5bf6108a02f,,gx-no-cache=1484768434337 HTTP/1.1" 200 6458
192.168.10.89 - - [18/Jan/2017:15:45:32 -0300] "GET /cormun/static/Shared/jqueryui/images/ui-bg_highlight-soft_100_c6c2c8_1x100.png HTTP/1.1" 404 1117
192.168.10.89 - - [18/Jan/2017:15:45:32 -0300] "GET /cormun/static/Shared/jqueryui/images/ui-icons_82798d_256x240.png HTTP/1.1" 404 1089
192.168.10.89 - - [18/Jan/2017:15:45:32 -0300] "GET /cormun/static/Shared/jqueryui/images/ui-bg_flat_55_fafafa_40x100.png HTTP/1.1" 404 1097
192.168.10.89 - - [18/Jan/2017:15:45:32 -0300] "GET /cormun/static/Shared/jqueryui/images/ui-icons_8d78a5_256x240.png HTTP/1.1" 404 1089
200.83.119.233 - - [18/Jan/2017:15:45:32 -0300] "POST /cormun/servlet/solicitudotadjuntos?gx-no-cache=1484765215214 HTTP/1.1" 200 26
192.168.10.89 - - [18/Jan/2017:15:45:32 -0300] "POST /cormun/servlet/trsolicitudgral?ead6cbe6a32145542f7fc5bf6108a02f,,gx-no-cache=1484768435718 HTTP/1.1" 200 5449
192.168.10.89 - - [18/Jan/2017:15:45:33 -0300] "POST /cormun/servlet/trsolicitudgral?ead6cbe6a32145542f7fc5bf6108a02f,,gx-no-cache=1484768436270 HTTP/1.1" 200 5224
192.168.10.89 - - [18/Jan/2017:15:45:40 -0300] "POST /cormun/servlet/trsolicitudgral?ead6cbe6a32145542f7fc5bf6108a02f,,gx-no-cache=1484768443398 HTTP/1.1" 200 6491
200.83.119.233 - - [18/Jan/2017:15:45:45 -0300] "GET /cormun/servlet/solicitudotadjuntos?3d14d9f3d3c32815ed328d48bb3ae952cfd9338744058062f3f154fc93df89c0,gx-no-cache=1484765228250 HTTP/1.1" 200 30
200.83.119.233 - - [18/Jan/2017:15:45:45 -0300] "GET /cormun/servlet/solicitudotadjuntos?3d14d9f3d3c32815ed328d48bb3ae952cfd9338744058062f3f154fc93df89c0,gx-no-cache=1484765228279 HTTP/1.1" 200 30
192.168.10.89 - - [18/Jan/2017:15:45:46 -0300] "POST /cormun/servlet/trsolicitudgral?ead6cbe6a32145542f7fc5bf6108a02f,,gx-no-cache=1484768449249 HTTP/1.1" 200 5467
192.168.10.89 - - [18/Jan/2017:15:45:47 -0300] "POST /cormun/servlet/trsolicitudgral?ead6cbe6a32145542f7fc5bf6108a02f,,gx-no-cache=1484768449957 HTTP/1.1" 200 5224
200.83.119.233 - - [18/Jan/2017:15:45:49 -0300] "POST /cormun/servlet/solicitudotadjuntos?524a721dc42d21a12dae0f07231f5bb6,INS,2017,4705,,1, HTTP/1.1" 200 116
200.83.119.233 - - [18/Jan/2017:15:45:49 -0300] "GET /cormun/servlet/hpexe_return? HTTP/1.1" 200 1028
200.83.119.233 - - [18/Jan/2017:15:45:50 -0300] "GET /cormun/servlet/trsolicitudadjuntos?2017,4705, HTTP/1.1" 200 8233
200.83.119.233 - - [18/Jan/2017:15:45:51 -0300] "GET /cormun/servlet/trsolicitudadjuntos?2017,4705, HTTP/1.1" 200 8232
192.168.10.89 - - [18/Jan/2017:15:45:52 -0300] "POST /cormun/servlet/trsolicitudgral?ead6cbe6a32145542f7fc5bf6108a02f,,gx-no-cache=1484768455531 HTTP/1.1" 200 6788
192.168.10.89 - - [18/Jan/2017:15:46:00 -0300] "POST /cormun/servlet/trsolicitudgral?ead6cbe6a32145542f7fc5bf6108a02f,,gx-no-cache=1484768463621 HTTP/1.1" 200 6518
186.103.158.250 - - [18/Jan/2017:15:46:01 -0300] "POST /cormun/servlet/solicitudot?gx-no-cache=1484765168918 HTTP/1.1" 200 297
186.103.158.250 - - [18/Jan/2017:15:46:01 -0300] "GET /cormun/servlet/solicitudot?119537b345e476519378219adcfca7360cefa7058afdcd5e6c8d30c5b6c565b4758578cb88724313a00895a3992496ab0fd4c4cdcb51ceaf98168a5dc801ef0e6db2fad304e7211205e11d12a69e8153120d3002031b87f9ae3d8ab7881b5a393aab872c3bf44e5839913e84bc6bf4f538a3586bf09f794cea4510dce794b1b1d56fadf3dc86f291730fc9ec8720c8756d80aa75b42e16047939081b8ad4dada34fc5fe89af7c2b60695804623e7b1812ed09df588e9b7a5709a8d38532f219b3baa994c281e4d8de5bb54809bc2da5739969e52febc45948fc072dc4d0efb95df348d2eda45b26094448643a013d5ea7a2311a92febe94ddd7bc4b80456f24a51b7f27df4d08b4831f5ea8fd2dfe7cb6b9f9f4fc51b3efd08d359dc6e4ff03abb8de1f7ccc9497ac3c659136d7c167b338c528d43b7766360b5c88a0e30f921a9ba43eb893ac27fb76c205483c886223e820d08177952f19216546a643564f86b69a56ea03dae63ef5ba7f4cd38f813f785b8d4be4656b9f6d40268c8011b39d7a36e0feaac38757aac86741283acd2,gx-no-cache=1484765172002 HTTP/1.1" 200 30
192.168.10.89 - - [18/Jan/2017:15:46:01 -0300] "POST /cormun/servlet/trsolicitudgral?ead6cbe6a32145542f7fc5bf6108a02f,,gx-no-cache=1484768464738 HTTP/1.1" 200 6461
192.168.10.89 - - [18/Jan/2017:15:46:04 -0300] "POST /cormun/servlet/trsolicitudgral?ead6cbe6a32145542f7fc5bf6108a02f,,gx-no-cache=1484768467585 HTTP/1.1" 200 5454
192.168.10.89 - - [18/Jan/2017:15:46:05 -0300] "POST /cormun/servlet/trsolicitudgral?ead6cbe6a32145542f7fc5bf6108a02f,,gx-no-cache=1484768468557 HTTP/1.1" 200 5225
200.83.119.233 - - [18/Jan/2017:15:46:11 -0300] "POST /cormun/servlet/acontrolpreferencessavestate?None,CF-19,true HTTP/1.1" 200 35
192.168.10.89 - - [18/Jan/2017:15:46:12 -0300] "POST /cormun/servlet/trsolicitudgral?ead6cbe6a32145542f7fc5bf6108a02f,,gx-no-cache=1484768475223 HTTP/1.1" 200 6795
200.83.119.233 - - [18/Jan/2017:15:46:14 -0300] "POST /cormun/servlet/acontrolpreferencessavestate?None,CF-19,true HTTP/1.1" 200 35
192.168.10.89 - - [18/Jan/2017:15:46:23 -0300] "POST /cormun/servlet/trsolicitudgral?ead6cbe6a32145542f7fc5bf6108a02f,,gx-no-cache=1484768486662 HTTP/1.1" 200 6514
192.168.10.89 - - [18/Jan/2017:15:46:25 -0300] "POST /cormun/servlet/trsolicitudgral?ead6cbe6a32145542f7fc5bf6108a02f,,gx-no-cache=1484768488040 HTTP/1.1" 200 6455
186.103.158.250 - - [18/Jan/2017:15:46:27 -0300] "POST /cormun/servlet/solicitudot?gx-no-cache=1484765197874 HTTP/1.1" 200 30
200.83.119.233 - - [18/Jan/2017:15:46:29 -0300] "GET /cormun/servlet/trvisualizadoreventos? HTTP/1.1" 200 6517
200.83.119.233 - - [18/Jan/2017:15:46:29 -0300] "GET /cormun/static/gxcfg.js?2016101716203350 HTTP/1.1" 200 953
200.83.119.233 - - [18/Jan/2017:15:46:30 -0300] "GET /cormun/static/Resources/PXToolsActionPrint.png HTTP/1.1" 200 3317
200.83.119.233 - - [18/Jan/2017:15:46:30 -0300] "GET /cormun/static/trvisualizadoreventos.js?2016101716203614 HTTP/1.1" 200 19309
200.83.119.233 - - [18/Jan/2017:15:46:30 -0300] "GET /cormun/servlet/trvisualizadoreventos? HTTP/1.1" 200 6505
186.103.158.250 - - [18/Jan/2017:15:46:32 -0300] "POST /cormun/servlet/solicitudot?gx-no-cache=1484765203559 HTTP/1.1" 200 235
186.103.158.250 - - [18/Jan/2017:15:46:33 -0300] "POST /cormun/servlet/solicitudot?gx-no-cache=1484765203776 HTTP/1.1" 200 38
200.83.119.233 - - [18/Jan/2017:15:46:39 -0300] "GET /cormun/servlet/trsolicitudot? HTTP/1.1" 200 7994
192.168.10.89 - - [18/Jan/2017:15:46:40 -0300] "POST /cormun/servlet/trsolicitudgral?ead6cbe6a32145542f7fc5bf6108a02f,,gx-no-cache=1484768503124 HTTP/1.1" 200 5449
200.83.119.233 - - [18/Jan/2017:15:46:40 -0300] "GET /cormun/servlet/trsolicitudot? HTTP/1.1" 200 7993
192.168.10.89 - - [18/Jan/2017:15:46:41 -0300] "POST /cormun/servlet/trsolicitudgral?ead6cbe6a32145542f7fc5bf6108a02f,,gx-no-cache=1484768504350 HTTP/1.1" 200 5226
192.168.10.89 - - [18/Jan/2017:15:46:52 -0300] "GET /cormun/servlet/hlogin HTTP/1.1" 200 1745
200.83.119.233 - - [18/Jan/2017:15:46:56 -0300] "POST /cormun/servlet/trsolicitudot?524a721dc42d21a12dae0f07231f5bb6,,gx-no-cache=1484765299845 HTTP/1.1" 200 4131
200.83.119.233 - - [18/Jan/2017:15:46:57 -0300] "POST /cormun/servlet/trsolicitudot?524a721dc42d21a12dae0f07231f5bb6,,gx-no-cache=1484765300148 HTTP/1.1" 200 3903
192.168.10.89 - - [18/Jan/2017:15:47:01 -0300] "POST /cormun/servlet/hlogin?ead6cbe6a32145542f7fc5bf6108a02f,gx-no-cache=1484768524436 HTTP/1.1" 200 90
192.168.10.89 - - [18/Jan/2017:15:47:01 -0300] "GET /cormun/servlet/hpexe_link HTTP/1.1" 200 960
192.168.10.89 - - [18/Jan/2017:15:47:01 -0300] "GET /cormun/servlet/hhome HTTP/1.1" 200 3896
200.83.119.233 - - [18/Jan/2017:15:47:03 -0300] "GET /cormun/servlet/trsolicitudot? HTTP/1.1" 200 6720
200.83.119.233 - - [18/Jan/2017:15:47:03 -0300] "GET /cormun/servlet/trsolicitudot? HTTP/1.1" 200 6720
192.168.10.89 - - [18/Jan/2017:15:47:04 -0300] "GET /cormun/servlet/trsolicitudot? HTTP/1.1" 200 6859
200.83.119.233 - - [18/Jan/2017:15:47:06 -0300] "GET /cormun/servlet/solicitudot?INS,0,0, HTTP/1.1" 200 12573
192.168.10.89 - - [18/Jan/2017:15:47:06 -0300] "GET /cormun/servlet/solicitudot?INS,0,0, HTTP/1.1" 200 12685
200.83.119.233 - - [18/Jan/2017:15:47:07 -0300] "GET /cormun/servlet/solicitudot?INS,0,0, HTTP/1.1" 200 12578
192.168.10.89 - - [18/Jan/2017:15:47:16 -0300] "GET /cormun/servlet/prfichaempleado?,MD,,gxPopupLevel%3D0%3B HTTP/1.1" 200 8781
192.168.10.89 - - [18/Jan/2017:15:47:25 -0300] "POST /cormun/servlet/prfichaempleado?ead6cbe6a32145542f7fc5bf6108a02f,,MD,,gxPopupLevel%3D0%3B,gx-no-cache=1484768548528 HTTP/1.1" 200 3415
192.168.10.89 - - [18/Jan/2017:15:47:28 -0300] "POST /cormun/servlet/solicitudot?gx-no-cache=1484768550965 HTTP/1.1" 200 3178
192.168.10.89 - - [18/Jan/2017:15:47:28 -0300] "POST /cormun/servlet/solicitudot?ead6cbe6a32145542f7fc5bf6108a02f,INS,0,0,,gx-no-cache=1484768551217 HTTP/1.1" 200 9938
192.168.10.89 - - [18/Jan/2017:15:47:29 -0300] "GET /cormun/servlet/solicitudot?d4facef13a2d381200630d63948d5ced753d296f2e94e980af24052a3c154acabe1f3d8e602f00c658f87469361cc1b5,gx-no-cache=1484768552251 HTTP/1.1" 200 30
192.168.10.89 - - [18/Jan/2017:15:47:29 -0300] "POST /cormun/servlet/solicitudot?gx-no-cache=1484768552307 HTTP/1.1" 200 255
192.168.10.89 - - [18/Jan/2017:15:47:29 -0300] "GET /cormun/servlet/solicitudot?d4facef13a2d381200630d63948d5ced7c2f274a1b4a632261700b9c760819351070a249807f1bab83a6baeffd51f19305e3f8ec10ec6617441c0a08ec3e18850df1e08d8ae280526444bdcedf34c1c0eb96dd4f15065917d68535479014285f100e781c00ce882cf72e33034d34fedbe60b0be72828ed8839d7c004214d78e01c07725500d34eced92d30c3af1f3993bc2fe7a490000bdbfcf944eccc743aecaef80476a1d5d330578cdc1a4a0bf11ff402f155d7186f9dd4598aa9769a357192c29b044f1bd45475c478c65487c302099c894d24d7e9eb285f08dd511ad1de69c49a4ba7c129071cf6d0db11de9eb577bdf61cd07ad7aff1e9d6e3c0ba0934e14d7aff491756429d29fc00c46d77415c4c68d57f08d8a5dafb879cd93881ff42b96f5c50d929dd377ff2913369414942c5f9425570ec09835419a513ad181813fe351c4a6116c3e281451f462c6cb5bbefb531b68e5c2ae2b0e6185f34250580e66243b6a0159aa9a0cba5c3fb201d4b77921591adf89c0590c1f18706b4df,gx-no-cache=1484768552338 HTTP/1.1" 200 30
192.168.10.89 - - [18/Jan/2017:15:47:30 -0300] "POST /cormun/servlet/solicitudot?gx-no-cache=1484768553638 HTTP/1.1" 200 30
192.168.10.89 - - [18/Jan/2017:15:47:32 -0300] "GET /cormun/servlet/prsolicitudot?17196507,,,,,MD,,gxPopupLevel%3D0%3B HTTP/1.1" 200 6116
192.168.10.89 - - [18/Jan/2017:15:47:45 -0300] "POST /cormun/servlet/solicitudot?gx-no-cache=1484768568159 HTTP/1.1" 200 1278
192.168.10.89 - - [18/Jan/2017:15:47:45 -0300] "POST /cormun/servlet/solicitudot?gx-no-cache=1484768568319 HTTP/1.1" 200 38
192.168.10.89 - - [18/Jan/2017:15:47:45 -0300] "GET /cormun/servlet/solicitudot?d4facef13a2d381200630d63948d5ced1c324ae21f7a2115d4da7e9fe901b4f0ccc0c799486ba461abf72f15fc18405ab62ec4079d2315445f8614a7ee63fb971b1c8d51fbf4fd162abcfc4075c85af0447e6b9d6ec2c0d72610176d33ad1952477a60e0425713db1e54f4eda4beccdb5ea2e25f6ba035e56001c101dda4449805ed13daef7fbfbd6ea5b8c0b282bfc04e6882470d799ed0e8040bcde676bd760716672c83518225001b964b7a39b4c22aa028bd05479543e47bd3b6bffb9474ac1230dfa41cfcd43cf2a91c4545f557,gx-no-cache=1484768568353 HTTP/1.1" 200 29
192.168.10.89 - - [18/Jan/2017:15:47:45 -0300] "POST /cormun/servlet/solicitudot?gx-no-cache=1484768568379 HTTP/1.1" 200 1261
192.168.10.89 - - [18/Jan/2017:15:47:45 -0300] "POST /cormun/servlet/solicitudot?gx-no-cache=1484768568420 HTTP/1.1" 200 1144
192.168.10.89 - - [18/Jan/2017:15:47:46 -0300] "GET /cormun/servlet/hlogin HTTP/1.1" 200 1748
200.83.119.233 - - [18/Jan/2017:15:50:48 -0300] "POST /cormun/servlet/solicitudot?gx-no-cache=1484765531160 HTTP/1.1" 200 3169
200.83.119.233 - - [18/Jan/2017:15:50:48 -0300] "POST /cormun/servlet/solicitudot?524a721dc42d21a12dae0f07231f5bb6,INS,0,0,,gx-no-cache=1484765531585 HTTP/1.1" 200 9737
200.83.119.233 - - [18/Jan/2017:15:50:53 -0300] "GET /cormun/servlet/solicitudot?3d14d9f3d3c32815ed328d48bb3ae9529fa0e50bf0e46a36e4362eeaea929e20962c656d89b5f80f3ca6da50ac0acbc1,gx-no-cache=1484765536214 HTTP/1.1" 200 30
200.83.119.233 - - [18/Jan/2017:15:50:53 -0300] "POST /cormun/servlet/solicitudot?gx-no-cache=1484765536330 HTTP/1.1" 200 297
200.83.119.233 - - [18/Jan/2017:15:50:53 -0300] "GET /cormun/servlet/solicitudot?3d14d9f3d3c32815ed328d48bb3ae95297db15c189b4f9599eb0cabfcb903dbd0de0ab3688c74d6c7b391b312ea25837f3db74c7a45ba061f5b26237bbb46f026be74f37428ddae41d1db8542500438a5dfc8dfb3e3dd529ae9f2b6f1a5a1a9ea498044a903b69cbc62dfa6e99d28318cc7bc115b8bb0b142b04bef2715cf006ceed9581effcd1cbd39c7f51a1fa94ca027a25cc420e3b953fd09abb2d7fa8a58fe3f125bef3e5075de3aba1a38da14492b62e6d60e2ab76fb9cfb04846f73c0d06c476524987c51af5b44f5feb5d66b13572ebd83473d2d2e804f9946d2ec11136dbcd462a061318843904d04067276d92d117c0ab45c48daad6f1080933a1191c1da20faedb6b98e4fbca00a8b1f59fb99fc3317711f501fd8cefb97402f68277f7b8b663b80dfef1cd4b9efce5fec05c1a20b05090104f024e711aa4425de582ca25be1eb7319956f20f6783450d7f47dbd509ea42f8217fbdaf99ad6fe6c9226b2185bbf8ad92c9c027a5e4aaa5826758de3dcdb5dde36cb111a09c8b95959ea53b1e64b594b69533077d7c596bf,gx-no-cache=1484765536528 HTTP/1.1" 200 30
200.83.119.233 - - [18/Jan/2017:15:50:53 -0300] "POST /cormun/servlet/solicitudot?gx-no-cache=1484765536646 HTTP/1.1" 200 30
200.83.119.233 - - [18/Jan/2017:15:50:53 -0300] "POST /cormun/servlet/solicitudot?gx-no-cache=1484765536819 HTTP/1.1" 200 235
200.83.119.233 - - [18/Jan/2017:15:50:54 -0300] "POST /cormun/servlet/solicitudot?gx-no-cache=1484765536946 HTTP/1.1" 200 38
200.83.119.233 - - [18/Jan/2017:15:51:06 -0300] "POST /cormun/servlet/solicitudot?gx-no-cache=1484765549920 HTTP/1.1" 200 30
200.83.119.233 - - [18/Jan/2017:15:51:15 -0300] "POST /cormun/servlet/solicitudot?gx-no-cache=1484765557779 HTTP/1.1" 200 618
200.83.119.233 - - [18/Jan/2017:15:51:15 -0300] "POST /cormun/servlet/solicitudot?gx-no-cache=1484765558341 HTTP/1.1" 200 38
200.83.119.233 - - [18/Jan/2017:15:51:15 -0300] "GET /cormun/servlet/solicitudot?3d14d9f3d3c32815ed328d48bb3ae952b8d63bd5c6735a829cab6868ea347106a3cf0e1dc021b4ca746e07edb937c0ab9d4fdeb44d06668e79e40666f0a29925a642a94fbb0bc06de24d2551d0df1e02aec5ed7a431053697669a30629e8241604f80a77c74faa5850ad67284eab904d,gx-no-cache=1484765558399 HTTP/1.1" 200 29
200.83.119.233 - - [18/Jan/2017:15:51:16 -0300] "POST /cormun/servlet/solicitudot?gx-no-cache=1484765558523 HTTP/1.1" 200 605
200.83.119.233 - - [18/Jan/2017:15:51:19 -0300] "POST /cormun/servlet/solicitudot?gx-no-cache=1484765562592 HTTP/1.1" 200 1144
200.83.119.233 - - [18/Jan/2017:15:51:53 -0300] "GET /cormun/servlet/solicitudot?3d14d9f3d3c32815ed328d48bb3ae952caeabf7331755a1ba7a971f5ce61f11b0990189583ab8db5b6c99ccb53d865458d57ad2b724cdd4b2e2be1599e060be0276b5b5a0b955c5b6cf379a1e386963667ad39e6619078fdfa8065d28bdef3f576e06ce72527441e7b1beb790bddfc753326f49397be00d3cebb4342e65445054aa4c0be84b519e34b840f4f6fc4e6555f098c0784319d35fe02e647c28093aae4c4e569fda70dd8f1c24056adcff773,gx-no-cache=1484765596927 HTTP/1.1" 200 30
200.83.119.233 - - [18/Jan/2017:15:51:54 -0300] "POST /cormun/servlet/solicitudot?524a721dc42d21a12dae0f07231f5bb6,INS,0,0,,gx-no-cache=1484765597030 HTTP/1.1" 200 93
200.83.119.233 - - [18/Jan/2017:15:51:54 -0300] "GET /cormun/servlet/hpexe_return? HTTP/1.1" 200 1009
200.83.119.233 - - [18/Jan/2017:15:51:54 -0300] "GET /cormun/servlet/trsolicitudot HTTP/1.1" 200 7975
200.83.119.233 - - [18/Jan/2017:15:51:55 -0300] "GET /cormun/servlet/trsolicitudot HTTP/1.1" 200 7971
200.83.119.233 - - [18/Jan/2017:15:52:02 -0300] "POST /cormun/servlet/trsolicitudot?524a721dc42d21a12dae0f07231f5bb6,gx-no-cache=1484765605041 HTTP/1.1" 200 106
200.83.119.233 - - [18/Jan/2017:15:52:02 -0300] "GET /cormun/servlet/trsolicitudadjuntos?2017,4706, HTTP/1.1" 200 5864
200.83.119.233 - - [18/Jan/2017:15:52:02 -0300] "GET /cormun/servlet/trsolicitudadjuntos?2017,4706, HTTP/1.1" 200 5863
192.168.10.89 - - [18/Jan/2017:15:52:03 -0300] "POST /cormun/servlet/hlogin?ead6cbe6a32145542f7fc5bf6108a02f,gx-no-cache=1484768825797 HTTP/1.1" 200 90
192.168.10.89 - - [18/Jan/2017:15:52:03 -0300] "GET /cormun/servlet/hpexe_link HTTP/1.1" 200 960
192.168.10.89 - - [18/Jan/2017:15:52:03 -0300] "GET /cormun/servlet/hhome HTTP/1.1" 200 4346
200.83.119.233 - - [18/Jan/2017:15:52:05 -0300] "GET /cormun/servlet/solicitudotadjuntos?INS,2017,4706,,1, HTTP/1.1" 200 5795
192.168.10.89 - - [18/Jan/2017:15:52:05 -0300] "GET /cormun/servlet/trsolicitudgral? HTTP/1.1" 200 8361
200.83.119.233 - - [18/Jan/2017:15:52:06 -0300] "GET /cormun/static/about:blank HTTP/1.1" 404 1011
200.83.119.233 - - [18/Jan/2017:15:52:06 -0300] "GET /cormun/servlet/solicitudotadjuntos?INS,2017,4706,,1, HTTP/1.1" 200 5789
200.83.119.233 - - [18/Jan/2017:15:52:06 -0300] "GET /cormun/servlet/solicitudotadjuntos?3d14d9f3d3c32815ed328d48bb3ae95222990584fd59b663a39a44f6b1ab4f77487102dde43aa58adbf55f0750dcc781,gx-no-cache=1484765609763 HTTP/1.1" 200 30
200.83.119.233 - - [18/Jan/2017:15:52:06 -0300] "POST /cormun/servlet/solicitudotadjuntos?524a721dc42d21a12dae0f07231f5bb6,INS,2017,4706,,1,,gx-no-cache=1484765609823 HTTP/1.1" 200 3603
200.83.119.233 - - [18/Jan/2017:15:52:09 -0300] "POST /cormun/servlet/solicitudotadjuntos?gx-no-cache=1484765612289 HTTP/1.1" 200 26
192.168.10.89 - - [18/Jan/2017:15:52:12 -0300] "POST /cormun/servlet/trsolicitudgral?ead6cbe6a32145542f7fc5bf6108a02f,,gx-no-cache=1484768835491 HTTP/1.1" 200 6487
200.83.119.233 - - [18/Jan/2017:15:52:13 -0300] "GET /cormun/servlet/solicitudotadjuntos?3d14d9f3d3c32815ed328d48bb3ae952cfd9338744058062f3f154fc93df89c0,gx-no-cache=1484765616790 HTTP/1.1" 200 30
200.83.119.233 - - [18/Jan/2017:15:52:13 -0300] "GET /cormun/servlet/solicitudotadjuntos?3d14d9f3d3c32815ed328d48bb3ae952cfd9338744058062f3f154fc93df89c0,gx-no-cache=1484765616856 HTTP/1.1" 200 30
192.168.10.89 - - [18/Jan/2017:15:52:14 -0300] "POST /cormun/servlet/trsolicitudgral?ead6cbe6a32145542f7fc5bf6108a02f,,gx-no-cache=1484768837195 HTTP/1.1" 200 5458
192.168.10.89 - - [18/Jan/2017:15:52:14 -0300] "POST /cormun/servlet/trsolicitudgral?ead6cbe6a32145542f7fc5bf6108a02f,,gx-no-cache=1484768837589 HTTP/1.1" 200 5223
192.168.10.89 - - [18/Jan/2017:15:52:15 -0300] "GET /cormun/static/Shared/jqueryui/images/ui-bg_highlight-soft_100_c6c2c8_1x100.png HTTP/1.1" 404 1117
192.168.10.89 - - [18/Jan/2017:15:52:15 -0300] "GET /cormun/static/Shared/jqueryui/images/ui-icons_82798d_256x240.png HTTP/1.1" 404 1089
192.168.10.89 - - [18/Jan/2017:15:52:15 -0300] "GET /cormun/static/Shared/jqueryui/images/ui-bg_flat_55_fafafa_40x100.png HTTP/1.1" 404 1097
192.168.10.89 - - [18/Jan/2017:15:52:15 -0300] "GET /cormun/static/Shared/jqueryui/images/ui-icons_8d78a5_256x240.png HTTP/1.1" 404 1089
200.83.119.233 - - [18/Jan/2017:15:52:18 -0300] "POST /cormun/servlet/solicitudotadjuntos?524a721dc42d21a12dae0f07231f5bb6,INS,2017,4706,,1, HTTP/1.1" 200 116
200.83.119.233 - - [18/Jan/2017:15:52:18 -0300] "GET /cormun/servlet/hpexe_return? HTTP/1.1" 200 1028
200.83.119.233 - - [18/Jan/2017:15:52:18 -0300] "GET /cormun/servlet/trsolicitudadjuntos?2017,4706, HTTP/1.1" 200 7865
200.83.119.233 - - [18/Jan/2017:15:52:19 -0300] "GET /cormun/servlet/trsolicitudadjuntos?2017,4706, HTTP/1.1" 200 7860
200.83.119.233 - - [18/Jan/2017:15:52:22 -0300] "GET /cormun/servlet/solicitudotadjuntos?INS,2017,4706,,1, HTTP/1.1" 200 5795
200.83.119.233 - - [18/Jan/2017:15:52:23 -0300] "GET /cormun/static/about:blank HTTP/1.1" 404 1011
200.83.119.233 - - [18/Jan/2017:15:52:23 -0300] "GET /cormun/servlet/solicitudotadjuntos?INS,2017,4706,,1, HTTP/1.1" 200 5789
200.83.119.233 - - [18/Jan/2017:15:52:23 -0300] "GET /cormun/servlet/solicitudotadjuntos?3d14d9f3d3c32815ed328d48bb3ae95222990584fd59b663a39a44f6b1ab4f77487102dde43aa58adbf55f0750dcc781,gx-no-cache=1484765626790 HTTP/1.1" 200 30
200.83.119.233 - - [18/Jan/2017:15:52:23 -0300] "POST /cormun/servlet/solicitudotadjuntos?524a721dc42d21a12dae0f07231f5bb6,INS,2017,4706,,1,,gx-no-cache=1484765626867 HTTP/1.1" 200 3603
200.83.119.233 - - [18/Jan/2017:15:52:27 -0300] "POST /cormun/servlet/solicitudotadjuntos?gx-no-cache=1484765630048 HTTP/1.1" 200 26
200.83.119.233 - - [18/Jan/2017:15:52:38 -0300] "GET /cormun/servlet/solicitudotadjuntos?3d14d9f3d3c32815ed328d48bb3ae952cfd9338744058062f3f154fc93df89c0,gx-no-cache=1484765641622 HTTP/1.1" 200 30
200.83.119.233 - - [18/Jan/2017:15:52:38 -0300] "GET /cormun/servlet/solicitudotadjuntos?3d14d9f3d3c32815ed328d48bb3ae952cfd9338744058062f3f154fc93df89c0,gx-no-cache=1484765641723 HTTP/1.1" 200 30
192.168.10.89 - - [18/Jan/2017:15:52:41 -0300] "POST /cormun/servlet/trsolicitudgral?ead6cbe6a32145542f7fc5bf6108a02f,,gx-no-cache=1484768864542 HTTP/1.1" 200 6478
192.168.10.89 - - [18/Jan/2017:15:52:43 -0300] "POST /cormun/servlet/trsolicitudgral?ead6cbe6a32145542f7fc5bf6108a02f,,gx-no-cache=1484768866623 HTTP/1.1" 200 5451
192.168.10.89 - - [18/Jan/2017:15:52:44 -0300] "POST /cormun/servlet/trsolicitudgral?ead6cbe6a32145542f7fc5bf6108a02f,,gx-no-cache=1484768867133 HTTP/1.1" 200 5223
200.83.119.233 - - [18/Jan/2017:15:52:44 -0300] "POST /cormun/servlet/solicitudotadjuntos?524a721dc42d21a12dae0f07231f5bb6,INS,2017,4706,,1, HTTP/1.1" 200 116
200.83.119.233 - - [18/Jan/2017:15:52:44 -0300] "GET /cormun/servlet/hpexe_return? HTTP/1.1" 200 1028
200.83.119.233 - - [18/Jan/2017:15:52:45 -0300] "GET /cormun/servlet/trsolicitudadjuntos?2017,4706, HTTP/1.1" 200 8075
200.83.119.233 - - [18/Jan/2017:15:52:46 -0300] "GET /cormun/servlet/trsolicitudadjuntos?2017,4706, HTTP/1.1" 200 8068
200.83.119.233 - - [18/Jan/2017:15:52:51 -0300] "GET /cormun/servlet/solicitudotadjuntos?INS,2017,4706,,1, HTTP/1.1" 200 5795
200.83.119.233 - - [18/Jan/2017:15:52:52 -0300] "GET /cormun/static/about:blank HTTP/1.1" 404 1011
200.83.119.233 - - [18/Jan/2017:15:52:52 -0300] "GET /cormun/servlet/solicitudotadjuntos?INS,2017,4706,,1, HTTP/1.1" 200 5789
200.83.119.233 - - [18/Jan/2017:15:52:52 -0300] "GET /cormun/servlet/solicitudotadjuntos?3d14d9f3d3c32815ed328d48bb3ae95222990584fd59b663a39a44f6b1ab4f77487102dde43aa58adbf55f0750dcc781,gx-no-cache=1484765655605 HTTP/1.1" 200 30
200.83.119.233 - - [18/Jan/2017:15:52:52 -0300] "POST /cormun/servlet/solicitudotadjuntos?524a721dc42d21a12dae0f07231f5bb6,INS,2017,4706,,1,,gx-no-cache=1484765655728 HTTP/1.1" 200 3603
200.83.119.233 - - [18/Jan/2017:15:52:59 -0300] "POST /cormun/servlet/solicitudotadjuntos?gx-no-cache=1484765662529 HTTP/1.1" 200 26
200.83.119.233 - - [18/Jan/2017:15:53:08 -0300] "GET /cormun/servlet/solicitudotadjuntos?3d14d9f3d3c32815ed328d48bb3ae952cfd9338744058062f3f154fc93df89c0,gx-no-cache=1484765671259 HTTP/1.1" 200 30
200.83.119.233 - - [18/Jan/2017:15:53:08 -0300] "GET /cormun/servlet/solicitudotadjuntos?3d14d9f3d3c32815ed328d48bb3ae952cfd9338744058062f3f154fc93df89c0,gx-no-cache=1484765671381 HTTP/1.1" 200 30
200.83.119.233 - - [18/Jan/2017:15:53:15 -0300] "POST /cormun/servlet/solicitudotadjuntos?524a721dc42d21a12dae0f07231f5bb6,INS,2017,4706,,1, HTTP/1.1" 200 116
200.83.119.233 - - [18/Jan/2017:15:53:15 -0300] "GET /cormun/servlet/hpexe_return? HTTP/1.1" 200 1028
200.83.119.233 - - [18/Jan/2017:15:53:16 -0300] "GET /cormun/servlet/trsolicitudadjuntos?2017,4706, HTTP/1.1" 200 8230
200.83.119.233 - - [18/Jan/2017:15:53:16 -0300] "GET /cormun/servlet/trsolicitudadjuntos?2017,4706, HTTP/1.1" 200 8228
200.83.119.233 - - [18/Jan/2017:15:53:21 -0300] "GET /cormun/servlet/solicitudotadjuntos?INS,2017,4706,,1, HTTP/1.1" 200 5795
200.83.119.233 - - [18/Jan/2017:15:53:21 -0300] "GET /cormun/static/about:blank HTTP/1.1" 404 1011
200.83.119.233 - - [18/Jan/2017:15:53:21 -0300] "GET /cormun/servlet/solicitudotadjuntos?INS,2017,4706,,1, HTTP/1.1" 200 5789
200.83.119.233 - - [18/Jan/2017:15:53:22 -0300] "GET /cormun/servlet/solicitudotadjuntos?3d14d9f3d3c32815ed328d48bb3ae95222990584fd59b663a39a44f6b1ab4f77487102dde43aa58adbf55f0750dcc781,gx-no-cache=1484765685455 HTTP/1.1" 200 30
200.83.119.233 - - [18/Jan/2017:15:53:22 -0300] "POST /cormun/servlet/solicitudotadjuntos?524a721dc42d21a12dae0f07231f5bb6,INS,2017,4706,,1,,gx-no-cache=1484765685538 HTTP/1.1" 200 3604
200.83.119.233 - - [18/Jan/2017:15:53:27 -0300] "POST /cormun/servlet/solicitudotadjuntos?gx-no-cache=1484765690201 HTTP/1.1" 200 26
192.168.10.89 - - [18/Jan/2017:15:53:32 -0300] "POST /cormun/servlet/trsolicitudgral?ead6cbe6a32145542f7fc5bf6108a02f,,gx-no-cache=1484768915029 HTTP/1.1" 200 6488
192.168.10.89 - - [18/Jan/2017:15:53:34 -0300] "POST /cormun/servlet/trsolicitudgral?ead6cbe6a32145542f7fc5bf6108a02f,,gx-no-cache=1484768917144 HTTP/1.1" 200 5457
192.168.10.89 - - [18/Jan/2017:15:53:34 -0300] "POST /cormun/servlet/trsolicitudgral?ead6cbe6a32145542f7fc5bf6108a02f,,gx-no-cache=1484768917768 HTTP/1.1" 200 5224
192.168.10.89 - - [18/Jan/2017:15:53:42 -0300] "POST /cormun/servlet/trsolicitudgral?ead6cbe6a32145542f7fc5bf6108a02f,,gx-no-cache=1484768925294 HTTP/1.1" 200 6483
200.83.119.233 - - [18/Jan/2017:15:53:43 -0300] "GET /cormun/servlet/solicitudotadjuntos?3d14d9f3d3c32815ed328d48bb3ae952cfd9338744058062f3f154fc93df89c0,gx-no-cache=1484765706633 HTTP/1.1" 200 30
200.83.119.233 - - [18/Jan/2017:15:53:43 -0300] "GET /cormun/servlet/solicitudotadjuntos?3d14d9f3d3c32815ed328d48bb3ae952cfd9338744058062f3f154fc93df89c0,gx-no-cache=1484765706780 HTTP/1.1" 200 30
192.168.10.89 - - [18/Jan/2017:15:53:45 -0300] "POST /cormun/servlet/trsolicitudgral?ead6cbe6a32145542f7fc5bf6108a02f,,gx-no-cache=1484768927846 HTTP/1.1" 200 5449
192.168.10.89 - - [18/Jan/2017:15:53:45 -0300] "POST /cormun/servlet/trsolicitudgral?ead6cbe6a32145542f7fc5bf6108a02f,,gx-no-cache=1484768928659 HTTP/1.1" 200 5225
200.83.119.233 - - [18/Jan/2017:15:53:48 -0300] "POST /cormun/servlet/solicitudotadjuntos?524a721dc42d21a12dae0f07231f5bb6,INS,2017,4706,,1, HTTP/1.1" 200 116
200.83.119.233 - - [18/Jan/2017:15:53:48 -0300] "GET /cormun/servlet/hpexe_return? HTTP/1.1" 200 1028
200.83.119.233 - - [18/Jan/2017:15:53:49 -0300] "GET /cormun/servlet/trsolicitudadjuntos?2017,4706, HTTP/1.1" 200 8372
200.83.119.233 - - [18/Jan/2017:15:53:50 -0300] "GET /cormun/servlet/trsolicitudadjuntos?2017,4706, HTTP/1.1" 200 8368
200.83.119.233 - - [18/Jan/2017:15:54:04 -0300] "GET /cormun/servlet/trsolicitudot? HTTP/1.1" 200 7977
200.83.119.233 - - [18/Jan/2017:15:54:05 -0300] "GET /cormun/servlet/trsolicitudot? HTTP/1.1" 200 7971
200.83.119.233 - - [18/Jan/2017:15:54:20 -0300] "POST /cormun/servlet/trsolicitudot?524a721dc42d21a12dae0f07231f5bb6,,gx-no-cache=1484765742741 HTTP/1.1" 200 3936
200.83.119.233 - - [18/Jan/2017:15:54:28 -0300] "POST /cormun/servlet/trsolicitudot?524a721dc42d21a12dae0f07231f5bb6,,gx-no-cache=1484765750908 HTTP/1.1" 200 5211
200.83.119.233 - - [18/Jan/2017:15:54:39 -0300] "POST /cormun/servlet/trsolicitudot?524a721dc42d21a12dae0f07231f5bb6,,gx-no-cache=1484765761990 HTTP/1.1" 200 5187
192.168.10.89 - - [18/Jan/2017:15:54:40 -0300] "POST /cormun/servlet/trsolicitudgral?ead6cbe6a32145542f7fc5bf6108a02f,,gx-no-cache=1484768983251 HTTP/1.1" 200 5242
200.83.119.233 - - [18/Jan/2017:15:54:43 -0300] "POST /cormun/servlet/trsolicitudot?524a721dc42d21a12dae0f07231f5bb6,,gx-no-cache=1484765766377 HTTP/1.1" 200 5187
200.83.119.233 - - [18/Jan/2017:15:55:03 -0300] "GET /cormun/servlet/hhome HTTP/1.1" 200 3762
200.83.119.233 - - [18/Jan/2017:15:55:04 -0300] "GET /cormun/servlet/hhome HTTP/1.1" 200 3760
200.83.119.233 - - [18/Jan/2017:15:55:14 -0300] "GET /cormun/servlet/trsolicitudot? HTTP/1.1" 200 8008
200.83.119.233 - - [18/Jan/2017:15:55:14 -0300] "GET /cormun/servlet/trsolicitudadjuntos?2017,4706, HTTP/1.1" 200 8373
200.83.119.233 - - [18/Jan/2017:15:55:15 -0300] "GET /cormun/servlet/trsolicitudadjuntos?2017,4706, HTTP/1.1" 200 8371
200.83.119.233 - - [18/Jan/2017:15:55:15 -0300] "GET /cormun/servlet/trsolicitudadjuntos?2017,4706, HTTP/1.1" 200 8369
200.83.119.233 - - [18/Jan/2017:15:55:18 -0300] "GET /cormun/servlet/solicitudotadjuntos?INS,2017,4706,,1, HTTP/1.1" 200 5795
200.83.119.233 - - [18/Jan/2017:15:55:19 -0300] "GET /cormun/servlet/solicitudotadjuntos?INS,2017,4706,,1, HTTP/1.1" 200 5789
200.83.119.233 - - [18/Jan/2017:15:55:19 -0300] "GET /cormun/servlet/solicitudotadjuntos?3d14d9f3d3c32815ed328d48bb3ae95222990584fd59b663a39a44f6b1ab4f77487102dde43aa58adbf55f0750dcc781,gx-no-cache=1484765802940 HTTP/1.1" 200 30
200.83.119.233 - - [18/Jan/2017:15:55:20 -0300] "POST /cormun/servlet/solicitudotadjuntos?524a721dc42d21a12dae0f07231f5bb6,INS,2017,4706,,1,,gx-no-cache=1484765803029 HTTP/1.1" 200 3603
200.83.119.233 - - [18/Jan/2017:15:55:20 -0300] "GET /cormun/servlet/solicitudotadjuntos?INS,2017,4706,,1, HTTP/1.1" 200 5872
200.83.119.233 - - [18/Jan/2017:15:55:20 -0300] "GET /cormun/servlet/trsolicitudadjuntos?2017,4706, HTTP/1.1" 200 8372
200.83.119.233 - - [18/Jan/2017:15:55:21 -0300] "GET /cormun/servlet/trsolicitudadjuntos?2017,4706, HTTP/1.1" 200 8369
200.83.119.233 - - [18/Jan/2017:15:55:24 -0300] "GET /cormun/servlet/solicitudotadjuntos?INS,2017,4706,,1, HTTP/1.1" 200 5795
200.83.119.233 - - [18/Jan/2017:15:55:25 -0300] "GET /cormun/servlet/trsolicitudadjuntos?2017,4706, HTTP/1.1" 200 8369
200.83.119.233 - - [18/Jan/2017:15:55:26 -0300] "GET /cormun/servlet/trsolicitudadjuntos?2017,4706, HTTP/1.1" 200 8367
200.83.119.233 - - [18/Jan/2017:15:55:28 -0300] "GET /cormun/servlet/solicitudotadjuntos?INS,2017,4706,,1, HTTP/1.1" 200 5795
200.83.119.233 - - [18/Jan/2017:15:55:29 -0300] "GET /cormun/servlet/trsolicitudadjuntos?2017,4706, HTTP/1.1" 200 8371
200.83.119.233 - - [18/Jan/2017:15:55:29 -0300] "GET /cormun/servlet/trsolicitudadjuntos?2017,4706, HTTP/1.1" 200 8366
200.83.119.233 - - [18/Jan/2017:15:55:31 -0300] "GET /cormun/servlet/solicitudotadjuntos?INS,2017,4706,,1, HTTP/1.1" 200 5795
200.83.119.233 - - [18/Jan/2017:15:55:31 -0300] "GET /cormun/servlet/solicitudotadjuntos?INS,2017,4706,,1, HTTP/1.1" 200 5789
200.83.119.233 - - [18/Jan/2017:15:55:31 -0300] "GET /cormun/servlet/solicitudotadjuntos?3d14d9f3d3c32815ed328d48bb3ae95222990584fd59b663a39a44f6b1ab4f77487102dde43aa58adbf55f0750dcc781,gx-no-cache=1484765814954 HTTP/1.1" 200 30
200.83.119.233 - - [18/Jan/2017:15:55:32 -0300] "POST /cormun/servlet/solicitudotadjuntos?524a721dc42d21a12dae0f07231f5bb6,INS,2017,4706,,1,,gx-no-cache=1484765815015 HTTP/1.1" 200 3603
200.83.119.233 - - [18/Jan/2017:15:55:32 -0300] "GET /cormun/servlet/trsolicitudadjuntos?2017,4706, HTTP/1.1" 200 8368
200.83.119.233 - - [18/Jan/2017:15:55:33 -0300] "GET /cormun/servlet/trsolicitudot HTTP/1.1" 200 8005
200.83.119.233 - - [18/Jan/2017:15:55:33 -0300] "GET /cormun/servlet/trsolicitudadjuntos?2017,4706, HTTP/1.1" 200 8369
200.83.119.233 - - [18/Jan/2017:15:55:34 -0300] "GET /cormun/servlet/solicitudot?INS,0,0, HTTP/1.1" 200 12427
200.83.119.233 - - [18/Jan/2017:15:55:34 -0300] "GET /cormun/servlet/trsolicitudot? HTTP/1.1" 200 8001
200.83.119.233 - - [18/Jan/2017:15:55:34 -0300] "GET /cormun/servlet/trvisualizadoreventos? HTTP/1.1" 200 6519
200.83.119.233 - - [18/Jan/2017:15:55:34 -0300] "GET /cormun/servlet/trvisualizadoreventos? HTTP/1.1" 200 6507
200.83.119.233 - - [18/Jan/2017:15:55:35 -0300] "GET /cormun/servlet/trsolicitudadjuntos?2017,4705, HTTP/1.1" 200 8117
200.83.119.233 - - [18/Jan/2017:15:55:36 -0300] "GET /cormun/servlet/solicitudotadjuntos?INS,2017,4705,,1, HTTP/1.1" 200 5795
200.83.119.233 - - [18/Jan/2017:15:55:36 -0300] "GET /cormun/servlet/trsolicitudadjuntos?2017,4705, HTTP/1.1" 200 8057
200.83.119.233 - - [18/Jan/2017:15:55:36 -0300] "GET /cormun/servlet/solicitudotadjuntos?INS,2017,4705,,1, HTTP/1.1" 200 5789
200.83.119.233 - - [18/Jan/2017:15:55:37 -0300] "GET /cormun/servlet/solicitudotadjuntos?3d14d9f3d3c32815ed328d48bb3ae952926b6470d2b289b46371f37a0c07c5e2487102dde43aa58adbf55f0750dcc781,gx-no-cache=1484765819994 HTTP/1.1" 200 30
200.83.119.233 - - [18/Jan/2017:15:55:37 -0300] "POST /cormun/servlet/solicitudotadjuntos?524a721dc42d21a12dae0f07231f5bb6,INS,2017,4705,,1,,gx-no-cache=1484765820119 HTTP/1.1" 200 3604
200.83.119.233 - - [18/Jan/2017:15:55:37 -0300] "GET /cormun/servlet/solicitudotadjuntos?INS,2017,4705,,1, HTTP/1.1" 200 5795
200.83.119.233 - - [18/Jan/2017:15:55:37 -0300] "GET /cormun/servlet/trsolicitudadjuntos?2017,4705, HTTP/1.1" 200 8057
200.83.119.233 - - [18/Jan/2017:15:55:38 -0300] "GET /cormun/servlet/trsolicitudadjuntos?2017,4705, HTTP/1.1" 200 8118
200.83.119.233 - - [18/Jan/2017:15:55:38 -0300] "GET /cormun/servlet/trsolicitudadjuntos?2017,4705, HTTP/1.1" 200 8112
200.83.119.233 - - [18/Jan/2017:15:55:38 -0300] "GET /cormun//static/Resources/PXToolsActionDisabled.gif HTTP/1.1" 200 53
200.83.119.233 - - [18/Jan/2017:15:55:39 -0300] "GET /cormun/servlet/trsolicitudadjuntos?2017,4705, HTTP/1.1" 200 8122
200.83.119.233 - - [18/Jan/2017:15:55:40 -0300] "GET /cormun/servlet/solicitudotadjuntos?DLT,2017,4705,CERTIF5,0, HTTP/1.1" 200 5753
200.83.119.233 - - [18/Jan/2017:15:55:40 -0300] "GET /cormun/servlet/solicitudotadjuntos?INS,2017,4705,,1, HTTP/1.1" 200 5795
200.83.119.233 - - [18/Jan/2017:15:55:40 -0300] "GET /cormun/servlet/trsolicitudadjuntos?2017,4705, HTTP/1.1" 200 8056
200.83.119.233 - - [18/Jan/2017:15:55:40 -0300] "GET /cormun/servlet/solicitudotadjuntos?INS,2017,4705,,1, HTTP/1.1" 200 5866
200.83.119.233 - - [18/Jan/2017:15:55:41 -0300] "GET /cormun/servlet/trsolicitudadjuntos?2017,4705, HTTP/1.1" 200 8118
200.83.119.233 - - [18/Jan/2017:15:55:41 -0300] "GET /cormun/servlet/trsolicitudadjuntos?2017,4705, HTTP/1.1" 200 8121
200.83.119.233 - - [18/Jan/2017:15:55:42 -0300] "GET /cormun/servlet/solicitudotadjuntos?INS,2017,4705,,1, HTTP/1.1" 200 5795
200.83.119.233 - - [18/Jan/2017:15:55:43 -0300] "GET /cormun/servlet/trsolicitudot HTTP/1.1" 200 8005
200.83.119.233 - - [18/Jan/2017:15:55:43 -0300] "GET /cormun/servlet/trsolicitudadjuntos?2017,4705, HTTP/1.1" 200 8116
200.83.119.233 - - [18/Jan/2017:15:55:43 -0300] "GET /cormun/servlet/trsolicitudot HTTP/1.1" 200 8001
200.83.119.233 - - [18/Jan/2017:15:56:03 -0300] "GET /cormun/servlet/hlogin HTTP/1.1" 200 1729
200.83.119.233 - - [18/Jan/2017:15:56:35 -0300] "POST /cormun/servlet/hlogin?524a721dc42d21a12dae0f07231f5bb6,gx-no-cache=1484765878450 HTTP/1.1" 200 90
200.83.119.233 - - [18/Jan/2017:15:56:35 -0300] "GET /cormun/servlet/hpexe_link HTTP/1.1" 200 956
200.83.119.233 - - [18/Jan/2017:15:56:35 -0300] "GET /cormun/servlet/hhome HTTP/1.1" 200 3904
200.83.119.233 - - [18/Jan/2017:15:56:36 -0300] "GET /cormun/servlet/hhome HTTP/1.1" 200 3900
200.83.119.233 - - [18/Jan/2017:15:56:36 -0300] "GET /cormun/static/SmoothNavMenu/resources/images/right.gif HTTP/1.1" 200 860
200.83.119.233 - - [18/Jan/2017:15:56:43 -0300] "GET /cormun/servlet/trautorizarsolicitud? HTTP/1.1" 200 8072
200.83.119.233 - - [18/Jan/2017:15:56:43 -0300] "GET /cormun/static/gxcfg.js?20171111229471 HTTP/1.1" 200 953
200.83.119.233 - - [18/Jan/2017:15:56:43 -0300] "GET /cormun/static/trautorizarsolicitud.js?201711112291232 HTTP/1.1" 200 53096
200.83.119.233 - - [18/Jan/2017:15:56:44 -0300] "GET /cormun/servlet/trautorizarsolicitud? HTTP/1.1" 200 8069
186.103.158.250 - - [18/Jan/2017:15:57:00 -0300] "GET /cormun/servlet/solicitudot?119537b345e476519378219adcfca736bd1c0fd38a60ef39b5a68e489a50af6dc4b95ef5fcc6b50656009db810c5d93ebfe38cca54ffcccf68108ebe7c9ec024a93eb8689ca235fe52941b4c18003f9b0886c07e5bd4027314d91df16a8a5ba8091a8b860afa646b306f2c41ee7be3b3,gx-no-cache=1484765831428 HTTP/1.1" 200 29
186.103.158.250 - - [18/Jan/2017:15:57:00 -0300] "POST /cormun/servlet/solicitudot?gx-no-cache=1484765831495 HTTP/1.1" 200 604
186.103.158.250 - - [18/Jan/2017:15:57:01 -0300] "POST /cormun/servlet/solicitudot?gx-no-cache=1484765831716 HTTP/1.1" 200 480
186.103.158.250 - - [18/Jan/2017:15:57:01 -0300] "GET /cormun/static/menuarrow.gif HTTP/1.1" 404 1015
