157.55.39.225 - - [18/Jan/2017:15:22:57 -0300] "GET /cormun/static/PXToolsJavascripts/pexe_tabdivfix.js HTTP/1.1" 200 876
157.55.39.225 - - [18/Jan/2017:15:22:57 -0300] "GET /cormun/static/Shared/jqueryui/jquery-ui.min.css?1345370 HTTP/1.1" 200 30288
157.55.39.225 - - [18/Jan/2017:15:22:58 -0300] "GET /cormun/static/SmoothNavMenu/resources/SmoothNavMenuRender.js HTTP/1.1" 200 5951
157.55.39.225 - - [18/Jan/2017:15:22:58 -0300] "GET /cormun/static/SmoothNavMenu/resources/ddsmoothmenu-v.css?1112540 HTTP/1.1" 200 1188
157.55.39.225 - - [18/Jan/2017:15:22:58 -0300] "GET /cormun/static/SmoothNavMenu/resources/ddsmoothmenu.css?1112540 HTTP/1.1" 200 2223
157.55.39.225 - - [18/Jan/2017:15:22:59 -0300] "GET /cormun/static/calendar-setup.js?85251 HTTP/1.1" 200 2588
157.55.39.225 - - [18/Jan/2017:15:22:59 -0300] "GET /cormun/static/gxcfg.js?201711112293351 HTTP/1.1" 200 953
157.55.39.225 - - [18/Jan/2017:15:22:59 -0300] "GET /cormun/static/gxdec.js?85251 HTTP/1.1" 200 19579
157.55.39.225 - - [18/Jan/2017:15:22:59 -0300] "GET /cormun/static/hpexe_messagegenexuscomponent.js?201612218431816 HTTP/1.1" 200 587
157.55.39.225 - - [18/Jan/2017:15:23:00 -0300] "GET /cormun/static/solicitudot.js?201711112293529 HTTP/1.1" 200 63948
207.46.13.119 - - [18/Jan/2017:15:23:11 -0300] "GET /cormun/static/gxgral.js?85251 HTTP/1.1" 200 384558
192.168.10.89 - - [18/Jan/2017:15:23:12 -0300] "POST /cormun/servlet/trsolicitudgral?9b04cde96a3c343b681602cd6d012810,,gx-no-cache=1484767094868 HTTP/1.1" 200 5439
207.46.13.119 - - [18/Jan/2017:15:23:12 -0300] "GET /cormun/static/gxtimezone.js?85251 HTTP/1.1" 200 5781
207.46.13.119 - - [18/Jan/2017:15:23:13 -0300] "GET /cormun/static/hpexe_messagecontroller.js?201610171694323 HTTP/1.1" 200 870
207.46.13.119 - - [18/Jan/2017:15:23:13 -0300] "GET /cormun/static/hpexe_recentlink.js?201610171694390 HTTP/1.1" 200 2144
192.168.10.89 - - [18/Jan/2017:15:23:13 -0300] "POST /cormun/servlet/trsolicitudgral?9b04cde96a3c343b681602cd6d012810,,gx-no-cache=1484767096770 HTTP/1.1" 200 5226
157.55.39.236 - - [18/Jan/2017:15:23:21 -0300] "GET /cormun/static/PXToolsJavascripts/PXToolsJavascriptsRender.js HTTP/1.1" 200 367
157.55.39.236 - - [18/Jan/2017:15:23:21 -0300] "GET /cormun/static/PXToolsJavascripts/pexe_menus.js HTTP/1.1" 200 1286
157.55.39.236 - - [18/Jan/2017:15:23:22 -0300] "GET /cormun/static/PXToolsJavascripts/pexe_oavdivfix.js HTTP/1.1" 200 639
157.55.39.236 - - [18/Jan/2017:15:23:23 -0300] "GET /cormun/static/Resources/Spanish/PXTools.css?18365030 HTTP/1.1" 200 89042
157.55.39.236 - - [18/Jan/2017:15:23:28 -0300] "GET /cormun/static/Shared/jqueryui/jquery-ui.min.js HTTP/1.1" 200 240427
207.46.13.13 - - [18/Jan/2017:15:23:29 -0300] "GET /cormun/static/PXToolsJavascripts/pexe_cookies.js HTTP/1.1" 200 792
157.55.39.236 - - [18/Jan/2017:15:23:29 -0300] "GET /cormun/static/SmoothNavMenu/resources/ddsmoothmenu.js HTTP/1.1" 200 12712
157.55.39.236 - - [18/Jan/2017:15:23:29 -0300] "GET /cormun/static/calendar-es.js?85251 HTTP/1.1" 200 1901
157.55.39.236 - - [18/Jan/2017:15:23:29 -0300] "GET /cormun/static/scaMessage/scaMessageRender.js HTTP/1.1" 200 11977
207.46.13.13 - - [18/Jan/2017:15:23:30 -0300] "GET /cormun/static/PXToolsJavascripts/pexe_griddivfix.js HTTP/1.1" 200 6644
207.46.13.13 - - [18/Jan/2017:15:23:30 -0300] "GET /cormun/static/PXToolsJavascripts/pexe_layers.js HTTP/1.1" 200 4114
207.46.13.13 - - [18/Jan/2017:15:23:30 -0300] "GET /cormun/static/PXToolsJavascripts/pexe_picture.js HTTP/1.1" 200 689
207.46.13.13 - - [18/Jan/2017:15:23:31 -0300] "GET /cormun/static/PXToolsJavascripts/pexe_scrolldiv.js HTTP/1.1" 200 4138
207.46.13.13 - - [18/Jan/2017:15:23:31 -0300] "GET /cormun/static/PXToolsJavascripts/pexe_upload.js HTTP/1.1" 200 1423
207.46.13.13 - - [18/Jan/2017:15:23:39 -0300] "GET /cormun/static/Shared/ext/ext-all.js HTTP/1.1" 200 1289687
207.46.13.13 - - [18/Jan/2017:15:23:43 -0300] "GET /cormun/static/Shared/jquery/jquery-1.10.2.min.js HTTP/1.1" 200 273199
207.46.13.13 - - [18/Jan/2017:15:23:45 -0300] "GET /cormun/static/Shared/jquery/jquery-1.4.2.min.js HTTP/1.1" 200 72174
207.46.13.13 - - [18/Jan/2017:15:23:45 -0300] "GET /cormun/static/calendar-system.css?85620 HTTP/1.1" 200 5572
207.46.13.13 - - [18/Jan/2017:15:23:46 -0300] "GET /cormun/static/gxui/gxui-all.js HTTP/1.1" 200 107772
207.46.13.13 - - [18/Jan/2017:15:23:48 -0300] "GET /cormun/static/hmpwkw03.js?20161221852152 HTTP/1.1" 200 3965
207.46.13.13 - - [18/Jan/2017:15:23:48 -0300] "GET /cormun/static/hpexe_scripts.js?201612218432016 HTTP/1.1" 200 1544
207.46.13.13 - - [18/Jan/2017:15:23:48 -0300] "GET /cormun/static/hwchdr01.js?201612218432057 HTTP/1.1" 200 1183
207.46.13.13 - - [18/Jan/2017:15:23:48 -0300] "GET /cormun/static/messages.spa.js?85251 HTTP/1.1" 200 30736
207.46.13.13 - - [18/Jan/2017:15:23:49 -0300] "GET /cormun/static/scaMessage/css/jquery.pnotify.default.css?1816380 HTTP/1.1" 200 1707
207.46.13.13 - - [18/Jan/2017:15:23:49 -0300] "GET /cormun/static/scaMessage/js/jquery.pnotify.min.js HTTP/1.1" 200 13038
192.168.10.89 - - [18/Jan/2017:15:26:18 -0300] "POST /cormun/servlet/trsolicitudgral?9b04cde96a3c343b681602cd6d012810,,gx-no-cache=1484767281469 HTTP/1.1" 200 6794
192.168.10.89 - - [18/Jan/2017:15:26:27 -0300] "POST /cormun/servlet/trsolicitudgral?9b04cde96a3c343b681602cd6d012810,,gx-no-cache=1484767290396 HTTP/1.1" 200 6514
192.168.10.89 - - [18/Jan/2017:15:26:30 -0300] "POST /cormun/servlet/trsolicitudgral?9b04cde96a3c343b681602cd6d012810,,gx-no-cache=1484767292982 HTTP/1.1" 200 6456
192.168.10.89 - - [18/Jan/2017:15:26:38 -0300] "POST /cormun/servlet/trsolicitudgral?9b04cde96a3c343b681602cd6d012810,,gx-no-cache=1484767300781 HTTP/1.1" 200 5460
192.168.10.89 - - [18/Jan/2017:15:26:40 -0300] "POST /cormun/servlet/trsolicitudgral?9b04cde96a3c343b681602cd6d012810,,gx-no-cache=1484767302947 HTTP/1.1" 200 5224
192.168.10.89 - - [18/Jan/2017:15:26:52 -0300] "POST /cormun/servlet/trsolicitudgral?9b04cde96a3c343b681602cd6d012810,,gx-no-cache=1484767315497 HTTP/1.1" 200 6485
192.168.10.89 - - [18/Jan/2017:15:26:59 -0300] "POST /cormun/servlet/trsolicitudgral?9b04cde96a3c343b681602cd6d012810,,gx-no-cache=1484767321832 HTTP/1.1" 200 5465
192.168.10.89 - - [18/Jan/2017:15:27:01 -0300] "POST /cormun/servlet/trsolicitudgral?9b04cde96a3c343b681602cd6d012810,,gx-no-cache=1484767324137 HTTP/1.1" 200 5229
186.103.158.250 - - [18/Jan/2017:15:27:03 -0300] "POST /cormun/servlet/solicitudotadjuntos?gx-no-cache=1484764033883 HTTP/1.1" 440 972
186.103.158.250 - - [18/Jan/2017:15:27:06 -0300] "GET /cormun/servlet/solicitudotadjuntos?INS,2017,4703,,1, HTTP/1.1" 200 5140
186.103.158.250 - - [18/Jan/2017:15:27:08 -0300] "HEAD /cormun/static/about:blank HTTP/1.1" 404 -
186.103.158.250 - - [18/Jan/2017:15:27:09 -0300] "GET /cormun/servlet/hlogin HTTP/1.1" 200 1752
192.168.10.89 - - [18/Jan/2017:15:27:14 -0300] "POST /cormun/servlet/trsolicitudgral?9b04cde96a3c343b681602cd6d012810,,gx-no-cache=1484767337161 HTTP/1.1" 200 6476
186.103.158.250 - - [18/Jan/2017:15:27:22 -0300] "POST /cormun/servlet/hlogin?79a024db217f3485e12af8f95e2b79e5,gx-no-cache=1484764052546 HTTP/1.1" 200 90
186.103.158.250 - - [18/Jan/2017:15:27:22 -0300] "GET /cormun/servlet/hpexe_link HTTP/1.1" 200 975
186.103.158.250 - - [18/Jan/2017:15:27:22 -0300] "GET /cormun/servlet/solicitudotadjuntos?INS,2017,4703,,1, HTTP/1.1" 200 5573
186.103.158.250 - - [18/Jan/2017:15:27:23 -0300] "HEAD /cormun/static/about:blank HTTP/1.1" 404 -
186.103.158.250 - - [18/Jan/2017:15:27:24 -0300] "GET /cormun/servlet/solicitudotadjuntos?119537b345e476519378219adcfca7364556021f96ab263c360ba1041b53dae070c8f6e40f98c8f2abb63691bd2725bd,gx-no-cache=1484764054973 HTTP/1.1" 200 30
186.103.158.250 - - [18/Jan/2017:15:27:24 -0300] "POST /cormun/servlet/solicitudotadjuntos?79a024db217f3485e12af8f95e2b79e5,INS,2017,4703,,1,,gx-no-cache=1484764055107 HTTP/1.1" 200 3360
192.168.10.89 - - [18/Jan/2017:15:27:27 -0300] "POST /cormun/servlet/trsolicitudgral?9b04cde96a3c343b681602cd6d012810,,gx-no-cache=1484767350026 HTTP/1.1" 200 5461
192.168.10.89 - - [18/Jan/2017:15:27:29 -0300] "POST /cormun/servlet/trsolicitudgral?9b04cde96a3c343b681602cd6d012810,,gx-no-cache=1484767352467 HTTP/1.1" 200 5231
186.103.158.250 - - [18/Jan/2017:15:27:41 -0300] "POST /cormun/servlet/solicitudotadjuntos?gx-no-cache=1484764072320 HTTP/1.1" 200 26
192.168.10.89 - - [18/Jan/2017:15:27:45 -0300] "POST /cormun/servlet/trsolicitudgral?9b04cde96a3c343b681602cd6d012810,,gx-no-cache=1484767367919 HTTP/1.1" 200 7024
186.103.158.250 - - [18/Jan/2017:15:27:50 -0300] "POST /cormun/servlet/solicitudotadjuntos?gx-no-cache=1484764080682 HTTP/1.1" 200 26
192.168.10.89 - - [18/Jan/2017:15:27:55 -0300] "POST /cormun/servlet/trsolicitudgral?9b04cde96a3c343b681602cd6d012810,,gx-no-cache=1484767377767 HTTP/1.1" 200 6812
192.168.10.89 - - [18/Jan/2017:15:27:59 -0300] "POST /cormun/servlet/trsolicitudgral?9b04cde96a3c343b681602cd6d012810,,gx-no-cache=1484767381873 HTTP/1.1" 200 6753
186.103.158.250 - - [18/Jan/2017:15:28:06 -0300] "POST /cormun/servlet/solicitudotadjuntos?gx-no-cache=1484764096980 HTTP/1.1" 200 26
192.168.10.89 - - [18/Jan/2017:15:28:11 -0300] "POST /cormun/servlet/trsolicitudgral?9b04cde96a3c343b681602cd6d012810,,gx-no-cache=1484767393789 HTTP/1.1" 200 6522
192.168.10.89 - - [18/Jan/2017:15:28:14 -0300] "POST /cormun/servlet/trsolicitudgral?9b04cde96a3c343b681602cd6d012810,,gx-no-cache=1484767397243 HTTP/1.1" 200 6463
186.103.158.250 - - [18/Jan/2017:15:28:17 -0300] "POST /cormun/servlet/solicitudotadjuntos?gx-no-cache=1484764107972 HTTP/1.1" 200 26
186.103.158.250 - - [18/Jan/2017:15:28:29 -0300] "POST /cormun/servlet/solicitudotadjuntos?gx-no-cache=1484764119980 HTTP/1.1" 200 26
192.168.10.89 - - [18/Jan/2017:15:28:40 -0300] "POST /cormun/servlet/trsolicitudgral?9b04cde96a3c343b681602cd6d012810,,gx-no-cache=1484767422827 HTTP/1.1" 200 5458
192.168.10.89 - - [18/Jan/2017:15:28:42 -0300] "POST /cormun/servlet/trsolicitudgral?9b04cde96a3c343b681602cd6d012810,,gx-no-cache=1484767425656 HTTP/1.1" 200 5232
186.103.158.250 - - [18/Jan/2017:15:28:43 -0300] "POST /cormun/servlet/solicitudotadjuntos?gx-no-cache=1484764134188 HTTP/1.1" 200 26
192.168.10.89 - - [18/Jan/2017:15:28:57 -0300] "POST /cormun/servlet/trsolicitudgral?9b04cde96a3c343b681602cd6d012810,,gx-no-cache=1484767440292 HTTP/1.1" 200 6472
186.103.158.250 - - [18/Jan/2017:15:28:58 -0300] "POST /cormun/servlet/solicitudotadjuntos?79a024db217f3485e12af8f95e2b79e5,INS,2017,4703,,1, HTTP/1.1" 200 116
186.103.158.250 - - [18/Jan/2017:15:28:58 -0300] "GET /cormun/servlet/hpexe_return? HTTP/1.1" 200 1015
186.103.158.250 - - [18/Jan/2017:15:28:58 -0300] "GET /cormun/servlet/hhome HTTP/1.1" 200 3714
186.103.158.250 - - [18/Jan/2017:15:29:10 -0300] "GET /cormun/servlet/trvisualizadoreventos? HTTP/1.1" 200 6450
186.103.158.250 - - [18/Jan/2017:15:29:10 -0300] "GET /cormun/static/gxcfg.js?2016101716203350 HTTP/1.1" 200 953
186.103.158.250 - - [18/Jan/2017:15:29:10 -0300] "GET /cormun/static/Resources/PXToolsActionPrint.png HTTP/1.1" 200 3317
186.103.158.250 - - [18/Jan/2017:15:29:10 -0300] "GET /cormun/static/trvisualizadoreventos.js?2016101716203614 HTTP/1.1" 200 19309
186.103.158.250 - - [18/Jan/2017:15:29:16 -0300] "GET /cormun/static/menuarrow.gif HTTP/1.1" 404 1015
186.103.158.250 - - [18/Jan/2017:15:29:20 -0300] "POST /cormun/servlet/trvisualizadoreventos?79a024db217f3485e12af8f95e2b79e5,,gx-no-cache=1484764171167 HTTP/1.1" 200 3726
186.103.158.250 - - [18/Jan/2017:15:29:38 -0300] "GET /cormun/servlet/hhome HTTP/1.1" 200 3714
186.103.158.250 - - [18/Jan/2017:15:29:46 -0300] "GET /cormun/servlet/hpexe_return? HTTP/1.1" 200 1015
186.103.158.250 - - [18/Jan/2017:15:29:47 -0300] "GET /cormun/servlet/hhome HTTP/1.1" 200 3714
192.168.10.89 - - [18/Jan/2017:15:29:49 -0300] "POST /cormun/servlet/trsolicitudgral?9b04cde96a3c343b681602cd6d012810,,gx-no-cache=1484767492601 HTTP/1.1" 200 5451
186.103.158.250 - - [18/Jan/2017:15:29:51 -0300] "GET /cormun/servlet/hpexe_return? HTTP/1.1" 200 1015
186.103.158.250 - - [18/Jan/2017:15:29:51 -0300] "GET /cormun/servlet/hhome HTTP/1.1" 200 3714
192.168.10.89 - - [18/Jan/2017:15:29:52 -0300] "POST /cormun/servlet/trsolicitudgral?9b04cde96a3c343b681602cd6d012810,,gx-no-cache=1484767495644 HTTP/1.1" 200 5226
186.103.158.250 - - [18/Jan/2017:15:29:54 -0300] "GET /cormun/servlet/hpexe_return? HTTP/1.1" 200 1015
186.103.158.250 - - [18/Jan/2017:15:29:54 -0300] "GET /cormun/servlet/hhome HTTP/1.1" 200 3714
186.103.158.250 - - [18/Jan/2017:15:30:13 -0300] "GET /cormun/servlet/trsolicitudot? HTTP/1.1" 200 7949
186.103.158.250 - - [18/Jan/2017:15:30:25 -0300] "POST /cormun/servlet/trsolicitudot?79a024db217f3485e12af8f95e2b79e5,,gx-no-cache=1484764235774 HTTP/1.1" 200 106
186.103.158.250 - - [18/Jan/2017:15:30:25 -0300] "GET /cormun/servlet/trsolicitudadjuntos?2017,4703, HTTP/1.1" 200 7809
186.103.158.250 - - [18/Jan/2017:15:30:31 -0300] "GET /cormun/servlet/solicitudotadjuntos?INS,2017,4703,,2, HTTP/1.1" 200 5741
186.103.158.250 - - [18/Jan/2017:15:30:32 -0300] "HEAD /cormun/static/about:blank HTTP/1.1" 404 -
186.103.158.250 - - [18/Jan/2017:15:30:33 -0300] "GET /cormun/servlet/solicitudotadjuntos?119537b345e476519378219adcfca7364556021f96ab263c360ba1041b53dae070c8f6e40f98c8f2abb63691bd2725bd,gx-no-cache=1484764244010 HTTP/1.1" 200 30
186.103.158.250 - - [18/Jan/2017:15:30:34 -0300] "POST /cormun/servlet/solicitudotadjuntos?79a024db217f3485e12af8f95e2b79e5,INS,2017,4703,,2,,gx-no-cache=1484764244459 HTTP/1.1" 200 3772
192.168.10.89 - - [18/Jan/2017:15:30:35 -0300] "POST /cormun/servlet/trsolicitudgral?9b04cde96a3c343b681602cd6d012810,,gx-no-cache=1484767538440 HTTP/1.1" 200 6465
186.103.158.250 - - [18/Jan/2017:15:30:51 -0300] "POST /cormun/servlet/solicitudotadjuntos?gx-no-cache=1484764261681 HTTP/1.1" 200 26
192.168.10.89 - - [18/Jan/2017:15:30:55 -0300] "POST /cormun/servlet/trsolicitudgral?9b04cde96a3c343b681602cd6d012810,,gx-no-cache=1484767558031 HTTP/1.1" 200 5442
192.168.10.89 - - [18/Jan/2017:15:30:58 -0300] "POST /cormun/servlet/trsolicitudgral?9b04cde96a3c343b681602cd6d012810,,gx-no-cache=1484767561228 HTTP/1.1" 200 5226
186.103.158.250 - - [18/Jan/2017:15:30:58 -0300] "GET /cormun/servlet/solicitudotadjuntos?119537b345e476519378219adcfca736e301658695714519a2943aebcd5daed4,gx-no-cache=1484764269600 HTTP/1.1" 200 30
186.103.158.250 - - [18/Jan/2017:15:30:59 -0300] "GET /cormun/servlet/solicitudotadjuntos?119537b345e476519378219adcfca736e301658695714519a2943aebcd5daed4,gx-no-cache=1484764269642 HTTP/1.1" 200 30
186.103.158.250 - - [18/Jan/2017:15:31:00 -0300] "POST /cormun/servlet/solicitudotadjuntos?79a024db217f3485e12af8f95e2b79e5,INS,2017,4703,,2, HTTP/1.1" 200 116
186.103.158.250 - - [18/Jan/2017:15:31:00 -0300] "GET /cormun/servlet/hpexe_return? HTTP/1.1" 200 1019
186.103.158.250 - - [18/Jan/2017:15:31:01 -0300] "GET /cormun/servlet/trsolicitudadjuntos?2017,4703, HTTP/1.1" 200 8030
192.168.10.89 - - [18/Jan/2017:15:31:14 -0300] "POST /cormun/servlet/trsolicitudgral?9b04cde96a3c343b681602cd6d012810,,gx-no-cache=1484767577133 HTTP/1.1" 200 6471
192.168.10.89 - - [18/Jan/2017:15:31:24 -0300] "POST /cormun/servlet/trsolicitudgral?9b04cde96a3c343b681602cd6d012810,,gx-no-cache=1484767587586 HTTP/1.1" 200 5452
192.168.10.89 - - [18/Jan/2017:15:31:28 -0300] "POST /cormun/servlet/trsolicitudgral?9b04cde96a3c343b681602cd6d012810,,gx-no-cache=1484767590983 HTTP/1.1" 200 5228
192.168.10.89 - - [18/Jan/2017:15:31:49 -0300] "POST /cormun/servlet/trsolicitudgral?9b04cde96a3c343b681602cd6d012810,,gx-no-cache=1484767612257 HTTP/1.1" 200 6457
186.103.158.250 - - [18/Jan/2017:15:32:39 -0300] "GET /cormun/servlet/trsolicitudot? HTTP/1.1" 200 7953
192.168.10.89 - - [18/Jan/2017:15:32:47 -0300] "POST /cormun/servlet/trsolicitudgral?9b04cde96a3c343b681602cd6d012810,,gx-no-cache=1484767670630 HTTP/1.1" 200 5439
192.168.10.89 - - [18/Jan/2017:15:32:51 -0300] "POST /cormun/servlet/trsolicitudgral?9b04cde96a3c343b681602cd6d012810,,gx-no-cache=1484767674229 HTTP/1.1" 200 5229
186.103.158.250 - - [18/Jan/2017:15:33:04 -0300] "POST /cormun/servlet/trsolicitudot?79a024db217f3485e12af8f95e2b79e5,,gx-no-cache=1484764395269 HTTP/1.1" 200 5431
186.103.158.250 - - [18/Jan/2017:15:33:05 -0300] "GET /cormun/static/Shared/jqueryui/images/ui-bg_highlight-soft_100_c6c2c8_1x100.png HTTP/1.1" 404 1117
186.103.158.250 - - [18/Jan/2017:15:33:05 -0300] "GET /cormun/static/Shared/jqueryui/images/ui-icons_82798d_256x240.png HTTP/1.1" 404 1089
186.103.158.250 - - [18/Jan/2017:15:33:05 -0300] "GET /cormun/static/Shared/jqueryui/images/ui-icons_8d78a5_256x240.png HTTP/1.1" 404 1089
186.103.158.250 - - [18/Jan/2017:15:33:05 -0300] "GET /cormun/static/Shared/jqueryui/images/ui-bg_flat_55_fafafa_40x100.png HTTP/1.1" 404 1097
192.168.10.89 - - [18/Jan/2017:15:33:09 -0300] "POST /cormun/servlet/trsolicitudgral?9b04cde96a3c343b681602cd6d012810,,gx-no-cache=1484767692508 HTTP/1.1" 200 6475
192.168.10.89 - - [18/Jan/2017:15:33:18 -0300] "POST /cormun/servlet/trsolicitudgral?9b04cde96a3c343b681602cd6d012810,,gx-no-cache=1484767701659 HTTP/1.1" 200 5450
186.103.158.250 - - [18/Jan/2017:15:33:19 -0300] "GET /cormun/servlet/vesolicitudot?2017,4703,, HTTP/1.1" 200 7889
186.103.158.250 - - [18/Jan/2017:15:33:19 -0300] "GET /cormun/static/gxcfg.js?20161221854299 HTTP/1.1" 200 953
186.103.158.250 - - [18/Jan/2017:15:33:19 -0300] "GET /cormun/static/Resources/PXToolsTabFirstSelected.png HTTP/1.1" 200 1259
186.103.158.250 - - [18/Jan/2017:15:33:19 -0300] "GET /cormun/pexe_scrolldiv.js HTTP/1.1" 404 1009
186.103.158.250 - - [18/Jan/2017:15:33:19 -0300] "GET /cormun/static/Resources/PXToolsTabLastUnselected.png HTTP/1.1" 200 1291
186.103.158.250 - - [18/Jan/2017:15:33:19 -0300] "GET /cormun/static/Resources/PXToolsTabPrevious.gif HTTP/1.1" 200 172
186.103.158.250 - - [18/Jan/2017:15:33:19 -0300] "GET /cormun/static/Resources/PXToolsTabNext.gif HTTP/1.1" 200 168
186.103.158.250 - - [18/Jan/2017:15:33:19 -0300] "GET /cormun/static/hpexe_tabsview.js?201610171694228 HTTP/1.1" 200 1661
186.103.158.250 - - [18/Jan/2017:15:33:19 -0300] "GET /cormun/static/vesolicitudot.js?20161221854352 HTTP/1.1" 200 6091
186.103.158.250 - - [18/Jan/2017:15:33:19 -0300] "GET /cormun/static/hwcviewtabs.js?201612218431866 HTTP/1.1" 200 1074
186.103.158.250 - - [18/Jan/2017:15:33:19 -0300] "GET /cormun/static/tbsolicitudot01.js?20171111228337 HTTP/1.1" 200 28340
186.103.158.250 - - [18/Jan/2017:15:33:21 -0300] "GET /cormun/static/calendar-system.css HTTP/1.1" 200 5572
186.103.158.250 - - [18/Jan/2017:15:33:21 -0300] "GET /cormun/static/Resources/PXToolsTabSelectedUnselected.png HTTP/1.1" 200 1428
186.103.158.250 - - [18/Jan/2017:15:33:21 -0300] "GET /cormun/static/Resources/PXToolsTabUnselectedUnselected.png HTTP/1.1" 200 1459
186.103.158.250 - - [18/Jan/2017:15:33:21 -0300] "GET /cormun/static/Resources/PXToolsTabBackSelected.png HTTP/1.1" 200 1157
186.103.158.250 - - [18/Jan/2017:15:33:21 -0300] "GET /cormun/static/Resources/PXToolsTabBackUnselected.png HTTP/1.1" 200 1175
192.168.10.89 - - [18/Jan/2017:15:33:22 -0300] "POST /cormun/servlet/trsolicitudgral?9b04cde96a3c343b681602cd6d012810,,gx-no-cache=1484767705469 HTTP/1.1" 200 5227
186.103.158.250 - - [18/Jan/2017:15:33:25 -0300] "GET /cormun/servlet/vesolicitudot?2017,4703,,SolicitudOTAdjuntos HTTP/1.1" 200 9307
186.103.158.250 - - [18/Jan/2017:15:33:25 -0300] "GET /cormun/pexe_scrolldiv.js HTTP/1.1" 404 1009
186.103.158.250 - - [18/Jan/2017:15:33:26 -0300] "GET /cormun/static/tbsolicitudot02.js?20161221847758 HTTP/1.1" 200 15617
186.103.158.250 - - [18/Jan/2017:15:33:27 -0300] "GET /cormun/static/gxui/gxui-all.css HTTP/1.1" 200 2179
186.103.158.250 - - [18/Jan/2017:15:33:27 -0300] "GET /cormun/static/Resources/PXToolsTabFirstUnselected.png HTTP/1.1" 200 1264
186.103.158.250 - - [18/Jan/2017:15:33:27 -0300] "GET /cormun/static/Resources/PXToolsTabUnselectedSelected.png HTTP/1.1" 200 1444
186.103.158.250 - - [18/Jan/2017:15:33:27 -0300] "GET /cormun/static/Shared/ext/resources/css/ext-all.css HTTP/1.1" 200 416045
186.103.158.250 - - [18/Jan/2017:15:33:29 -0300] "POST /cormun/servlet/acontrolpreferencessavestate?None,CE-4,true HTTP/1.1" 200 35
186.103.158.250 - - [18/Jan/2017:15:33:37 -0300] "GET /cormun/servlet/solicitudotadjuntos?INS,2017,4703,,1, HTTP/1.1" 200 5756
186.103.158.250 - - [18/Jan/2017:15:33:37 -0300] "HEAD /cormun/static/about:blank HTTP/1.1" 404 -
186.103.158.250 - - [18/Jan/2017:15:33:39 -0300] "GET /cormun/servlet/solicitudotadjuntos?119537b345e476519378219adcfca7364556021f96ab263c360ba1041b53dae070c8f6e40f98c8f2abb63691bd2725bd,gx-no-cache=1484764429823 HTTP/1.1" 200 30
186.103.158.250 - - [18/Jan/2017:15:33:39 -0300] "POST /cormun/servlet/solicitudotadjuntos?79a024db217f3485e12af8f95e2b79e5,INS,2017,4703,,1,,gx-no-cache=1484764429870 HTTP/1.1" 200 3637
192.168.10.89 - - [18/Jan/2017:15:33:45 -0300] "POST /cormun/servlet/trsolicitudgral?9b04cde96a3c343b681602cd6d012810,,gx-no-cache=1484767728201 HTTP/1.1" 200 6492
200.83.119.233 - - [18/Jan/2017:15:33:48 -0300] "GET /cormun/servlet/hlogin HTTP/1.1" 200 1729
200.83.119.233 - - [18/Jan/2017:15:33:49 -0300] "GET /cormun/static/gxcfg.js?201612216162538 HTTP/1.1" 200 953
200.83.119.233 - - [18/Jan/2017:15:33:49 -0300] "GET /cormun/static/gxtimezone.js?85251 HTTP/1.1" 200 5781
200.83.119.233 - - [18/Jan/2017:15:33:49 -0300] "GET /cormun/static/gxgral.js?85251 HTTP/1.1" 200 40960
200.83.119.233 - - [18/Jan/2017:15:33:49 -0300] "GET /cormun/static/Resources/Spanish/PXTools.css?167811 HTTP/1.1" 200 89042
200.83.119.233 - - [18/Jan/2017:15:33:49 -0300] "GET /cormun/static/messages.spa.js?85251 HTTP/1.1" 200 30736
186.103.158.250 - - [18/Jan/2017:15:33:49 -0300] "GET /cormun/servlet/vesolicitudot?2017,4703,,SolicitudOTAdjuntos HTTP/1.1" 200 9311
200.83.119.233 - - [18/Jan/2017:15:33:49 -0300] "GET /cormun/static/hlogin.js?201612216162555 HTTP/1.1" 200 2136
186.103.158.250 - - [18/Jan/2017:15:33:49 -0300] "GET /cormun/pexe_scrolldiv.js HTTP/1.1" 404 1009
200.83.119.233 - - [18/Jan/2017:15:33:49 -0300] "GET /cormun/static/Resources/ComunLogin.png HTTP/1.1" 200 17326
200.83.119.233 - - [18/Jan/2017:15:33:49 -0300] "GET /cormun/static/Resources/PXToolsLoginBackground.png HTTP/1.1" 200 1164
200.83.119.233 - - [18/Jan/2017:15:33:49 -0300] "GET /cormun/static/Resources/PXToolsLoginTop.png HTTP/1.1" 200 1337
200.83.119.233 - - [18/Jan/2017:15:33:50 -0300] "GET /cormun/static/Resources/PXToolsButtonLeft21.png HTTP/1.1" 200 1287
200.83.119.233 - - [18/Jan/2017:15:33:50 -0300] "GET /cormun/static/Resources/PXToolsButtonBackground2.png HTTP/1.1" 200 1181
200.83.119.233 - - [18/Jan/2017:15:33:50 -0300] "GET /cormun/static/Resources/PXToolsButtonRight21.png HTTP/1.1" 200 1283
200.83.119.233 - - [18/Jan/2017:15:33:50 -0300] "GET /cormun/static/Resources/PXToolsLoginBottom.png HTTP/1.1" 200 1389
200.83.119.233 - - [18/Jan/2017:15:33:51 -0300] "GET /cormun/static/Resources/indicator.gif HTTP/1.1" 200 1553
200.83.119.233 - - [18/Jan/2017:15:33:51 -0300] "GET /cormun/servlet/hlogin HTTP/1.1" 200 1732
186.103.158.250 - - [18/Jan/2017:15:33:52 -0300] "POST /cormun/servlet/acontrolpreferencessavestate?None,CE-4,true HTTP/1.1" 200 35
200.83.119.233 - - [18/Jan/2017:15:33:52 -0300] "GET /cormun/static/Resources/indicator.gif HTTP/1.1" 200 1553
200.83.119.233 - - [18/Jan/2017:15:33:52 -0300] "GET /favicon.ico HTTP/1.1" 200 21630
186.103.158.250 - - [18/Jan/2017:15:33:56 -0300] "GET /cormun/servlet/solicitudotadjuntos?INS,2017,4703,,1, HTTP/1.1" 200 5756
186.103.158.250 - - [18/Jan/2017:15:33:57 -0300] "HEAD /cormun/static/about:blank HTTP/1.1" 404 -
186.103.158.250 - - [18/Jan/2017:15:33:58 -0300] "GET /cormun/servlet/solicitudotadjuntos?119537b345e476519378219adcfca7364556021f96ab263c360ba1041b53dae070c8f6e40f98c8f2abb63691bd2725bd,gx-no-cache=1484764449281 HTTP/1.1" 200 30
186.103.158.250 - - [18/Jan/2017:15:33:58 -0300] "POST /cormun/servlet/solicitudotadjuntos?79a024db217f3485e12af8f95e2b79e5,INS,2017,4703,,1,,gx-no-cache=1484764449325 HTTP/1.1" 200 3637
192.168.10.89 - - [18/Jan/2017:15:34:00 -0300] "POST /cormun/servlet/trsolicitudgral?9b04cde96a3c343b681602cd6d012810,,gx-no-cache=1484767743516 HTTP/1.1" 200 5475
186.103.158.250 - - [18/Jan/2017:15:34:02 -0300] "POST /cormun/servlet/solicitudotadjuntos?gx-no-cache=1484764453512 HTTP/1.1" 200 26
192.168.10.89 - - [18/Jan/2017:15:34:04 -0300] "POST /cormun/servlet/trsolicitudgral?9b04cde96a3c343b681602cd6d012810,,gx-no-cache=1484767747572 HTTP/1.1" 200 5231
186.103.158.250 - - [18/Jan/2017:15:34:13 -0300] "GET /cormun/servlet/solicitudotadjuntos?119537b345e476519378219adcfca736e301658695714519a2943aebcd5daed4,gx-no-cache=1484764464264 HTTP/1.1" 200 30
186.103.158.250 - - [18/Jan/2017:15:34:13 -0300] "GET /cormun/servlet/solicitudotadjuntos?119537b345e476519378219adcfca736e301658695714519a2943aebcd5daed4,gx-no-cache=1484764464295 HTTP/1.1" 200 30
186.103.158.250 - - [18/Jan/2017:15:34:14 -0300] "POST /cormun/servlet/solicitudotadjuntos?79a024db217f3485e12af8f95e2b79e5,INS,2017,4703,,1, HTTP/1.1" 200 116
186.103.158.250 - - [18/Jan/2017:15:34:15 -0300] "GET /cormun/servlet/hpexe_return? HTTP/1.1" 200 1026
186.103.158.250 - - [18/Jan/2017:15:34:15 -0300] "GET /cormun/servlet/vesolicitudot?2017,4703,,SolicitudOTAdjuntos HTTP/1.1" 200 9471
186.103.158.250 - - [18/Jan/2017:15:34:15 -0300] "GET /cormun/pexe_scrolldiv.js HTTP/1.1" 404 1009
186.103.158.250 - - [18/Jan/2017:15:34:18 -0300] "POST /cormun/servlet/acontrolpreferencessavestate?None,CE-4,true HTTP/1.1" 200 35
186.103.158.250 - - [18/Jan/2017:15:34:21 -0300] "GET /cormun/servlet/solicitudotadjuntos?INS,2017,4703,,1, HTTP/1.1" 200 5755
186.103.158.250 - - [18/Jan/2017:15:34:22 -0300] "HEAD /cormun/static/about:blank HTTP/1.1" 404 -
186.103.158.250 - - [18/Jan/2017:15:34:23 -0300] "GET /cormun/servlet/solicitudotadjuntos?119537b345e476519378219adcfca7364556021f96ab263c360ba1041b53dae070c8f6e40f98c8f2abb63691bd2725bd,gx-no-cache=1484764474088 HTTP/1.1" 200 30
186.103.158.250 - - [18/Jan/2017:15:34:23 -0300] "POST /cormun/servlet/solicitudotadjuntos?79a024db217f3485e12af8f95e2b79e5,INS,2017,4703,,1,,gx-no-cache=1484764474134 HTTP/1.1" 200 3637
192.168.10.89 - - [18/Jan/2017:15:34:30 -0300] "POST /cormun/servlet/trsolicitudgral?9b04cde96a3c343b681602cd6d012810,,gx-no-cache=1484767772781 HTTP/1.1" 200 6485
186.103.158.250 - - [18/Jan/2017:15:34:32 -0300] "POST /cormun/servlet/solicitudotadjuntos?gx-no-cache=1484764483327 HTTP/1.1" 200 26
186.103.158.250 - - [18/Jan/2017:15:34:41 -0300] "GET /cormun/servlet/solicitudotadjuntos?119537b345e476519378219adcfca736e301658695714519a2943aebcd5daed4,gx-no-cache=1484764492249 HTTP/1.1" 200 30
186.103.158.250 - - [18/Jan/2017:15:34:41 -0300] "GET /cormun/servlet/solicitudotadjuntos?119537b345e476519378219adcfca736e301658695714519a2943aebcd5daed4,gx-no-cache=1484764492273 HTTP/1.1" 200 30
186.103.158.250 - - [18/Jan/2017:15:34:43 -0300] "POST /cormun/servlet/solicitudotadjuntos?79a024db217f3485e12af8f95e2b79e5,INS,2017,4703,,1, HTTP/1.1" 200 116
186.103.158.250 - - [18/Jan/2017:15:34:43 -0300] "GET /cormun/servlet/hpexe_return? HTTP/1.1" 200 1026
186.103.158.250 - - [18/Jan/2017:15:34:43 -0300] "GET /cormun/servlet/vesolicitudot?2017,4703,,SolicitudOTAdjuntos HTTP/1.1" 200 9607
186.103.158.250 - - [18/Jan/2017:15:34:43 -0300] "GET /cormun/pexe_scrolldiv.js HTTP/1.1" 404 1009
200.83.119.233 - - [18/Jan/2017:15:34:46 -0300] "POST /cormun/servlet/hlogin?524a721dc42d21a12dae0f07231f5bb6,gx-no-cache=1484764569144 HTTP/1.1" 200 90
200.83.119.233 - - [18/Jan/2017:15:34:46 -0300] "GET /cormun/servlet/hpexe_link HTTP/1.1" 200 956
200.83.119.233 - - [18/Jan/2017:15:34:46 -0300] "GET /cormun/static/hpexe_link.js?201612218515532 HTTP/1.1" 200 625
200.83.119.233 - - [18/Jan/2017:15:34:46 -0300] "GET /cormun/static/gxcfg.js?201612218515529 HTTP/1.1" 200 953
200.83.119.233 - - [18/Jan/2017:15:34:46 -0300] "GET /cormun/static/Resources/Spanish/PXTools.css?18365030 HTTP/1.1" 200 89042
186.103.158.250 - - [18/Jan/2017:15:34:46 -0300] "POST /cormun/servlet/acontrolpreferencessavestate?None,CE-4,true HTTP/1.1" 200 35
200.83.119.233 - - [18/Jan/2017:15:34:47 -0300] "GET /cormun/servlet/hhome HTTP/1.1" 200 3760
200.83.119.233 - - [18/Jan/2017:15:34:47 -0300] "GET /cormun/static/SmoothNavMenu/resources/ddsmoothmenu.css?1112540 HTTP/1.1" 200 2223
200.83.119.233 - - [18/Jan/2017:15:34:47 -0300] "GET /cormun/static/PXToolsJavascripts/pexe_autoreload.js HTTP/1.1" 200 1762
200.83.119.233 - - [18/Jan/2017:15:34:47 -0300] "GET /cormun/static/gxcfg.js?201612218515568 HTTP/1.1" 200 953
200.83.119.233 - - [18/Jan/2017:15:34:47 -0300] "GET /cormun/static/scaMessage/css/jquery.pnotify.default.css?1816380 HTTP/1.1" 200 1707
200.83.119.233 - - [18/Jan/2017:15:34:47 -0300] "GET /cormun/static/PXToolsJavascripts/pexe_cookies.js HTTP/1.1" 200 792
200.83.119.233 - - [18/Jan/2017:15:34:47 -0300] "GET /cormun/static/SmoothNavMenu/resources/ddsmoothmenu-v.css?1112540 HTTP/1.1" 200 1188
200.83.119.233 - - [18/Jan/2017:15:34:47 -0300] "GET /cormun/static/Shared/jqueryui/jquery-ui.min.css?1345370 HTTP/1.1" 200 30288
200.83.119.233 - - [18/Jan/2017:15:34:47 -0300] "GET /cormun/static/PXToolsJavascripts/pexe_griddivfix.js HTTP/1.1" 200 6644
200.83.119.233 - - [18/Jan/2017:15:34:47 -0300] "GET /cormun/static/PXToolsJavascripts/pexe_menus.js HTTP/1.1" 200 1286
200.83.119.233 - - [18/Jan/2017:15:34:48 -0300] "GET /cormun/static/PXToolsJavascripts/pexe_grid.js HTTP/1.1" 200 7559
200.83.119.233 - - [18/Jan/2017:15:34:48 -0300] "GET /cormun/static/PXToolsJavascripts/pexe_layers.js HTTP/1.1" 200 4114
200.83.119.233 - - [18/Jan/2017:15:34:48 -0300] "GET /cormun/static/PXToolsJavascripts/pexe_menudivfix.js HTTP/1.1" 200 333
200.83.119.233 - - [18/Jan/2017:15:34:48 -0300] "GET /cormun/static/PXToolsJavascripts/pexe_oav.js HTTP/1.1" 200 645
200.83.119.233 - - [18/Jan/2017:15:34:48 -0300] "GET /cormun/static/PXToolsJavascripts/pexe_link.js HTTP/1.1" 200 5671
200.83.119.233 - - [18/Jan/2017:15:34:48 -0300] "GET /cormun/static/PXToolsJavascripts/pexe_oavdivfix.js HTTP/1.1" 200 639
200.83.119.233 - - [18/Jan/2017:15:34:48 -0300] "GET /cormun/static/PXToolsJavascripts/pexe_picture.js HTTP/1.1" 200 689
200.83.119.233 - - [18/Jan/2017:15:34:48 -0300] "GET /cormun/static/PXToolsJavascripts/pexe_popup.js HTTP/1.1" 200 13458
200.83.119.233 - - [18/Jan/2017:15:34:48 -0300] "GET /cormun/static/PXToolsJavascripts/pexe_scrolldiv.js HTTP/1.1" 200 4138
200.83.119.233 - - [18/Jan/2017:15:34:48 -0300] "GET /cormun/static/PXToolsJavascripts/pexe_windows.js HTTP/1.1" 200 15207
200.83.119.233 - - [18/Jan/2017:15:34:48 -0300] "GET /cormun/static/PXToolsJavascripts/pexe_tabdivfix.js HTTP/1.1" 200 876
200.83.119.233 - - [18/Jan/2017:15:34:48 -0300] "GET /cormun/static/PXToolsJavascripts/pexe_tabs.js HTTP/1.1" 200 3748
200.83.119.233 - - [18/Jan/2017:15:34:48 -0300] "GET /cormun/static/PXToolsJavascripts/PXToolsJavascriptsRender.js HTTP/1.1" 200 367
200.83.119.233 - - [18/Jan/2017:15:34:48 -0300] "GET /cormun/static/PXToolsJavascripts/pexe_upload.js HTTP/1.1" 200 1423
192.168.10.89 - - [18/Jan/2017:15:34:48 -0300] "POST /cormun/servlet/trsolicitudgral?9b04cde96a3c343b681602cd6d012810,,gx-no-cache=1484767791508 HTTP/1.1" 200 5466
200.83.119.233 - - [18/Jan/2017:15:34:50 -0300] "GET /cormun/static/RunJS/RunJS.js HTTP/1.1" 200 288
200.83.119.233 - - [18/Jan/2017:15:34:50 -0300] "GET /cormun/static/Shared/ext/locale/ext-lang-en.js HTTP/1.1" 200 10940
200.83.119.233 - - [18/Jan/2017:15:34:50 -0300] "GET /cormun/static/hhome.js?201612218515573 HTTP/1.1" 200 777
200.83.119.233 - - [18/Jan/2017:15:34:50 -0300] "GET /cormun/static/hwchdr01.js?201612218432057 HTTP/1.1" 200 1183
200.83.119.233 - - [18/Jan/2017:15:34:50 -0300] "GET /cormun/static/Resources/PXToolsHeaderPreferences.png HTTP/1.1" 200 4189
200.83.119.233 - - [18/Jan/2017:15:34:50 -0300] "GET /cormun/static/gxui/gxui-all.js HTTP/1.1" 200 107772
200.83.119.233 - - [18/Jan/2017:15:34:50 -0300] "GET /cormun/static/Resources/PXToolsHeaderActionsLeft.png HTTP/1.1" 200 1118
200.83.119.233 - - [18/Jan/2017:15:34:50 -0300] "GET /cormun/static/Resources/PXToolsFooterBackground2.png HTTP/1.1" 200 1172
200.83.119.233 - - [18/Jan/2017:15:34:50 -0300] "GET /cormun/static/Resources/logo4.png HTTP/1.1" 200 6582
200.83.119.233 - - [18/Jan/2017:15:34:50 -0300] "GET /cormun/static/Resources/PXToolsHeaderLogin.png HTTP/1.1" 200 4279
200.83.119.233 - - [18/Jan/2017:15:34:50 -0300] "GET /cormun/static/Resources/PXToolsDataTitle.png HTTP/1.1" 200 1173
200.83.119.233 - - [18/Jan/2017:15:34:50 -0300] "GET /cormun/static/Resources/PXToolsHeaderActionsBackground.png HTTP/1.1" 200 484
200.83.119.233 - - [18/Jan/2017:15:34:51 -0300] "GET /cormun/static/Resources/PXToolsHeaderSecurity.png HTTP/1.1" 200 4166
200.83.119.233 - - [18/Jan/2017:15:34:51 -0300] "GET /cormun/static/Resources/PXToolsHeaderBackground2.png HTTP/1.1" 200 1174
200.83.119.233 - - [18/Jan/2017:15:34:51 -0300] "GET /cormun/static/Resources/PXToolsHeaderActionsRight.png HTTP/1.1" 200 1201
200.83.119.233 - - [18/Jan/2017:15:34:51 -0300] "GET /cormun/static/Resources/PXToolsHeaderHome.png HTTP/1.1" 200 4147
200.83.119.233 - - [18/Jan/2017:15:34:52 -0300] "GET /cormun/static/hpexe_recentlink.js?201610171694390 HTTP/1.1" 200 2144
200.83.119.233 - - [18/Jan/2017:15:34:52 -0300] "GET /cormun/static/hpexe_scripts.js?201612218432016 HTTP/1.1" 200 1544
200.83.119.233 - - [18/Jan/2017:15:34:52 -0300] "GET /cormun/static/hpexe_messagecontroller.js?201610171694323 HTTP/1.1" 200 870
200.83.119.233 - - [18/Jan/2017:15:34:52 -0300] "GET /cormun/static/hpexe_messagepopupcomponent.js?20161017169425 HTTP/1.1" 200 605
200.83.119.233 - - [18/Jan/2017:15:34:52 -0300] "GET /cormun/static/hpexe_messagegenexuscomponent.js?201612218431816 HTTP/1.1" 200 587
200.83.119.233 - - [18/Jan/2017:15:34:52 -0300] "GET /cormun/static/cmcontrolpreferences.js?201612218431999 HTTP/1.1" 200 1375
200.83.119.233 - - [18/Jan/2017:15:34:52 -0300] "GET /cormun/static/Shared/jquery/jquery-1.4.2.min.js HTTP/1.1" 200 72174
200.83.119.233 - - [18/Jan/2017:15:34:52 -0300] "GET /cormun/static/Shared/ext/ext-all.js HTTP/1.1" 200 1289687
192.168.10.89 - - [18/Jan/2017:15:34:52 -0300] "POST /cormun/servlet/trsolicitudgral?9b04cde96a3c343b681602cd6d012810,,gx-no-cache=1484767795789 HTTP/1.1" 200 5227
186.103.158.250 - - [18/Jan/2017:15:34:53 -0300] "GET /cormun/servlet/solicitudotadjuntos?INS,2017,4703,,1, HTTP/1.1" 200 5755
200.83.119.233 - - [18/Jan/2017:15:34:53 -0300] "GET /cormun/static/SmoothNavMenu/resources/ddsmoothmenu.js HTTP/1.1" 200 12712
200.83.119.233 - - [18/Jan/2017:15:34:53 -0300] "GET /cormun/static/SmoothNavMenu/resources/SmoothNavMenuRender.js HTTP/1.1" 200 5951
200.83.119.233 - - [18/Jan/2017:15:34:53 -0300] "GET /cormun/static/Shared/jquery/jquery-1.10.2.min.js HTTP/1.1" 200 273199
200.83.119.233 - - [18/Jan/2017:15:34:53 -0300] "GET /cormun/static/scaMessage/js/jquery.pnotify.min.js HTTP/1.1" 200 13038
200.83.119.233 - - [18/Jan/2017:15:34:53 -0300] "GET /cormun/static/Shared/jqueryui/jquery-ui.min.js HTTP/1.1" 200 240427
200.83.119.233 - - [18/Jan/2017:15:34:53 -0300] "GET /cormun/static/scaMessage/scaMessageRender.js HTTP/1.1" 200 11977
200.83.119.233 - - [18/Jan/2017:15:34:53 -0300] "GET /cormun/static/hmpwkw03.js?20161221852152 HTTP/1.1" 200 3965
186.103.158.250 - - [18/Jan/2017:15:34:53 -0300] "HEAD /cormun/static/about:blank HTTP/1.1" 404 -
200.83.119.233 - - [18/Jan/2017:15:34:53 -0300] "GET /cormun/servlet/hhome HTTP/1.1" 200 3757
200.83.119.233 - - [18/Jan/2017:15:34:54 -0300] "GET /cormun/static/SmoothNavMenu/resources/images/down.gif HTTP/1.1" 200 854
186.103.158.250 - - [18/Jan/2017:15:34:55 -0300] "GET /cormun/servlet/solicitudotadjuntos?119537b345e476519378219adcfca7364556021f96ab263c360ba1041b53dae070c8f6e40f98c8f2abb63691bd2725bd,gx-no-cache=1484764505621 HTTP/1.1" 200 30
186.103.158.250 - - [18/Jan/2017:15:34:55 -0300] "POST /cormun/servlet/solicitudotadjuntos?79a024db217f3485e12af8f95e2b79e5,INS,2017,4703,,1,,gx-no-cache=1484764505735 HTTP/1.1" 200 3637
186.103.158.250 - - [18/Jan/2017:15:35:00 -0300] "POST /cormun/servlet/solicitudotadjuntos?gx-no-cache=1484764511200 HTTP/1.1" 200 26
200.83.119.233 - - [18/Jan/2017:15:35:08 -0300] "GET /cormun/servlet/trcontratoobservacion? HTTP/1.1" 200 6709
200.83.119.233 - - [18/Jan/2017:15:35:08 -0300] "GET /cormun/static/gxui/gxui-all.css?120300 HTTP/1.1" 200 2179
200.83.119.233 - - [18/Jan/2017:15:35:08 -0300] "GET /cormun/static/calendar-system.css?85620 HTTP/1.1" 200 5572
200.83.119.233 - - [18/Jan/2017:15:35:08 -0300] "GET /cormun/static/gxcfg.js?20161221855213 HTTP/1.1" 200 953
200.83.119.233 - - [18/Jan/2017:15:35:08 -0300] "GET /cormun/static/calendar.js?85251 HTTP/1.1" 200 26246
200.83.119.233 - - [18/Jan/2017:15:35:08 -0300] "GET /cormun/static/calendar-setup.js?85251 HTTP/1.1" 200 2588
200.83.119.233 - - [18/Jan/2017:15:35:08 -0300] "GET /cormun/static/calendar-es.js?85251 HTTP/1.1" 200 1901
186.103.158.250 - - [18/Jan/2017:15:35:08 -0300] "GET /cormun/servlet/solicitudotadjuntos?119537b345e476519378219adcfca736e301658695714519a2943aebcd5daed4,gx-no-cache=1484764519472 HTTP/1.1" 200 30
186.103.158.250 - - [18/Jan/2017:15:35:08 -0300] "GET /cormun/servlet/solicitudotadjuntos?119537b345e476519378219adcfca736e301658695714519a2943aebcd5daed4,gx-no-cache=1484764519510 HTTP/1.1" 200 30
200.83.119.233 - - [18/Jan/2017:15:35:08 -0300] "GET /cormun/static/Shared/ext/resources/css/ext-all.css?215870 HTTP/1.1" 200 416045
200.83.119.233 - - [18/Jan/2017:15:35:09 -0300] "GET /cormun/static/gxdec.js?85251 HTTP/1.1" 200 19579
200.83.119.233 - - [18/Jan/2017:15:35:09 -0300] "GET /cormun/static/trcontratoobservacion.js?20161221855487 HTTP/1.1" 200 25085
200.83.119.233 - - [18/Jan/2017:15:35:09 -0300] "GET /cormun/static/Resources/PXToolsDataSearch.png HTTP/1.1" 200 419
200.83.119.233 - - [18/Jan/2017:15:35:09 -0300] "GET /cormun/static/Resources/PXToolsGridFirstDisabled.gif HTTP/1.1" 200 100
200.83.119.233 - - [18/Jan/2017:15:35:09 -0300] "GET /cormun/static/Resources/PXToolsGridPreviousDisabled.gif HTTP/1.1" 200 90
200.83.119.233 - - [18/Jan/2017:15:35:09 -0300] "GET /cormun/static/Resources/PXToolsGridNextDisabled.gif HTTP/1.1" 200 90
200.83.119.233 - - [18/Jan/2017:15:35:09 -0300] "GET /cormun/static/Resources/PXToolsGridLastDisabled.gif HTTP/1.1" 200 98
200.83.119.233 - - [18/Jan/2017:15:35:09 -0300] "GET /cormun/static/Resources/PXToolsGridPage.gif HTTP/1.1" 200 725
200.83.119.233 - - [18/Jan/2017:15:35:09 -0300] "GET /cormun/static/Resources/PXToolsActionExcel.png HTTP/1.1" 200 3187
200.83.119.233 - - [18/Jan/2017:15:35:10 -0300] "GET /cormun/static/Resources/desc.gif HTTP/1.1" 200 65
200.83.119.233 - - [18/Jan/2017:15:35:10 -0300] "GET /cormun/static/Resources/asc.gif HTTP/1.1" 200 67
200.83.119.233 - - [18/Jan/2017:15:35:10 -0300] "GET /cormun/servlet/trcontratoobservacion? HTTP/1.1" 200 6708
200.83.119.233 - - [18/Jan/2017:15:35:10 -0300] "GET /cormun/static/Shared/ext/resources/themes/images/default/tools/tool-sprites.gif HTTP/1.1" 200 5434
200.83.119.233 - - [18/Jan/2017:15:35:10 -0300] "GET /cormun/static/Shared/ext/resources/themes/images/default/panel/bg-headersPanel.png HTTP/1.1" 200 255
186.103.158.250 - - [18/Jan/2017:15:35:10 -0300] "POST /cormun/servlet/solicitudotadjuntos?79a024db217f3485e12af8f95e2b79e5,INS,2017,4703,,1, HTTP/1.1" 200 116
186.103.158.250 - - [18/Jan/2017:15:35:10 -0300] "GET /cormun/servlet/hpexe_return? HTTP/1.1" 200 1026
186.103.158.250 - - [18/Jan/2017:15:35:11 -0300] "GET /cormun/servlet/vesolicitudot?2017,4703,,SolicitudOTAdjuntos HTTP/1.1" 200 9836
186.103.158.250 - - [18/Jan/2017:15:35:11 -0300] "GET /cormun/pexe_scrolldiv.js HTTP/1.1" 404 1009
186.103.158.250 - - [18/Jan/2017:15:35:14 -0300] "POST /cormun/servlet/acontrolpreferencessavestate?None,CE-4,true HTTP/1.1" 200 35
186.103.158.250 - - [18/Jan/2017:15:35:17 -0300] "GET /cormun/servlet/solicitudotadjuntos?INS,2017,4703,,1, HTTP/1.1" 200 5756
186.103.158.250 - - [18/Jan/2017:15:35:17 -0300] "HEAD /cormun/static/about:blank HTTP/1.1" 404 -
200.83.119.233 - - [18/Jan/2017:15:35:18 -0300] "GET /cormun/servlet/trsolicitudot? HTTP/1.1" 200 6717
200.83.119.233 - - [18/Jan/2017:15:35:18 -0300] "GET /cormun/static/gxcfg.js?201711111592844 HTTP/1.1" 200 953
200.83.119.233 - - [18/Jan/2017:15:35:18 -0300] "GET /cormun/static/Resources/PXTools/calendar.png HTTP/1.1" 200 1306
200.83.119.233 - - [18/Jan/2017:15:35:18 -0300] "GET /cormun/static/trsolicitudot.js?201711111593735 HTTP/1.1" 200 53117
200.83.119.233 - - [18/Jan/2017:15:35:18 -0300] "GET /cormun/static/Resources/PXToolsGridNew.png HTTP/1.1" 200 2949
186.103.158.250 - - [18/Jan/2017:15:35:19 -0300] "GET /cormun/servlet/solicitudotadjuntos?119537b345e476519378219adcfca7364556021f96ab263c360ba1041b53dae070c8f6e40f98c8f2abb63691bd2725bd,gx-no-cache=1484764529669 HTTP/1.1" 200 30
200.83.119.233 - - [18/Jan/2017:15:35:19 -0300] "GET /cormun/servlet/trsolicitudot? HTTP/1.1" 200 6715
186.103.158.250 - - [18/Jan/2017:15:35:19 -0300] "POST /cormun/servlet/solicitudotadjuntos?79a024db217f3485e12af8f95e2b79e5,INS,2017,4703,,1,,gx-no-cache=1484764529733 HTTP/1.1" 200 3636
186.103.158.250 - - [18/Jan/2017:15:35:24 -0300] "POST /cormun/servlet/solicitudotadjuntos?gx-no-cache=1484764535408 HTTP/1.1" 200 26
200.83.119.233 - - [18/Jan/2017:15:35:29 -0300] "GET /cormun/servlet/solicitudot?INS,0,0, HTTP/1.1" 200 12568
200.83.119.233 - - [18/Jan/2017:15:35:29 -0300] "GET /cormun/static/gxcfg.js?201711112293351 HTTP/1.1" 200 953
200.83.119.233 - - [18/Jan/2017:15:35:30 -0300] "GET /cormun/static/Resources/prompt.gif HTTP/1.1" 200 902
200.83.119.233 - - [18/Jan/2017:15:35:30 -0300] "GET /cormun/static/solicitudot.js?201711112293529 HTTP/1.1" 200 63948
200.83.119.233 - - [18/Jan/2017:15:35:31 -0300] "GET /cormun/servlet/solicitudot?INS,0,0, HTTP/1.1" 200 12573
192.168.10.89 - - [18/Jan/2017:15:35:49 -0300] "POST /cormun/servlet/trsolicitudgral?9b04cde96a3c343b681602cd6d012810,,gx-no-cache=1484767852362 HTTP/1.1" 200 6776
200.83.119.233 - - [18/Jan/2017:15:37:03 -0300] "POST /cormun/servlet/solicitudot?gx-no-cache=1484764706082 HTTP/1.1" 200 3176
200.83.119.233 - - [18/Jan/2017:15:37:03 -0300] "POST /cormun/servlet/solicitudot?524a721dc42d21a12dae0f07231f5bb6,INS,0,0,,gx-no-cache=1484764706361 HTTP/1.1" 200 9699
200.83.119.233 - - [18/Jan/2017:15:37:10 -0300] "GET /cormun/servlet/solicitudot?3d14d9f3d3c32815ed328d48bb3ae9529eee6efbe8c2d904e998db5eeed9eee5962c656d89b5f80f3ca6da50ac0acbc1,gx-no-cache=1484764713334 HTTP/1.1" 200 30
200.83.119.233 - - [18/Jan/2017:15:37:10 -0300] "POST /cormun/servlet/solicitudot?gx-no-cache=1484764713451 HTTP/1.1" 200 240
200.83.119.233 - - [18/Jan/2017:15:37:11 -0300] "GET /cormun/servlet/solicitudot?3d14d9f3d3c32815ed328d48bb3ae95297db15c189b4f9599eb0cabfcb903dbdac1b92e8dc87e8cd0fe131a2dfe2246af3db74c7a45ba061f5b26237bbb46f026be74f37428ddae41d1db8542500438a5dfc8dfb3e3dd529ae9f2b6f1a5a1a9ea498044a903b69cbc62dfa6e99d28318cc7bc115b8bb0b142b04bef2715cf006ceed9581effcd1cbd39c7f51a1fa94ca027a25cc420e3b953fd09abb2d7fa8a58fe3f125bef3e5075de3aba1a38da14492b62e6d60e2ab76fb9cfb04846f73c0d06c476524987c51af5b44f5feb5d66b13572ebd83473d2d2e804f9946d2ec11136dbcd462a061318843904d04067276d92d117c0ab45c48daad6f1080933a1191c1da20faedb6b98e4fbca00a8b1f59fb99fc3317711f501fd8cefb97402f68277f7b8b663b80dfef1cd4b9efce5fec05c1a20b05090104f024e711aa4425de8f88edcfc690f908e384f099e1eab07b5cab43e8e5679308b648991b538873c11454ec4acf8d22f2e3e82c6f80d2f445f8d1fe03f85113832a2a85170de911b4,gx-no-cache=1484764714245 HTTP/1.1" 200 30
200.83.119.233 - - [18/Jan/2017:15:37:21 -0300] "POST /cormun/servlet/solicitudot?gx-no-cache=1484764724320 HTTP/1.1" 200 30
200.83.119.233 - - [18/Jan/2017:15:37:24 -0300] "POST /cormun/servlet/solicitudot?gx-no-cache=1484764727584 HTTP/1.1" 200 235
200.83.119.233 - - [18/Jan/2017:15:37:24 -0300] "POST /cormun/servlet/solicitudot?gx-no-cache=1484764727834 HTTP/1.1" 200 38
200.83.119.233 - - [18/Jan/2017:15:37:34 -0300] "GET /cormun/servlet/solicitudot?3d14d9f3d3c32815ed328d48bb3ae952b8d63bd5c6735a829cab6868ea347106a3cf0e1dc021b4ca746e07edb937c0ab9d4fdeb44d06668e79e40666f0a29925a642a94fbb0bc06de24d2551d0df1e02aec5ed7a431053697669a30629e8241604f80a77c74faa5850ad67284eab904d,gx-no-cache=1484764737749 HTTP/1.1" 200 29
200.83.119.233 - - [18/Jan/2017:15:37:35 -0300] "POST /cormun/servlet/solicitudot?gx-no-cache=1484764737907 HTTP/1.1" 200 605
200.83.119.233 - - [18/Jan/2017:15:37:35 -0300] "POST /cormun/servlet/solicitudot?gx-no-cache=1484764738152 HTTP/1.1" 200 480
200.83.119.233 - - [18/Jan/2017:15:37:35 -0300] "GET /cormun/static/menuarrow.gif HTTP/1.1" 404 1015
200.83.119.233 - - [18/Jan/2017:15:37:38 -0300] "POST /cormun/servlet/solicitudot?gx-no-cache=1484764741447 HTTP/1.1" 200 605
200.83.119.233 - - [18/Jan/2017:15:37:38 -0300] "POST /cormun/servlet/solicitudot?gx-no-cache=1484764741574 HTTP/1.1" 200 480
200.83.119.233 - - [18/Jan/2017:15:38:18 -0300] "GET /cormun/servlet/solicitudot?3d14d9f3d3c32815ed328d48bb3ae952cbe4f77660a9b8189e98d8210206ec67997618b2470b45f13012c487723a1da48d57ad2b724cdd4b2e2be1599e060be0276b5b5a0b955c5b6cf379a1e386963667ad39e6619078fdfa8065d28bdef3f576e06ce72527441e7b1beb790bddfc753326f49397be00d3cebb4342e65445054aa4c0be84b519e34b840f4f6fc4e6555f098c0784319d35fe02e647c28093aae4c4e569fda70dd8f1c24056adcff773,gx-no-cache=1484764781126 HTTP/1.1" 200 30
200.83.119.233 - - [18/Jan/2017:15:38:59 -0300] "POST /cormun/servlet/solicitudot?gx-no-cache=1484764822359 HTTP/1.1" 200 30
200.83.119.233 - - [18/Jan/2017:15:38:59 -0300] "POST /cormun/servlet/solicitudot?gx-no-cache=1484764822456 HTTP/1.1" 200 618
200.83.119.233 - - [18/Jan/2017:15:38:59 -0300] "POST /cormun/servlet/solicitudot?gx-no-cache=1484764822596 HTTP/1.1" 200 41
200.83.119.233 - - [18/Jan/2017:15:38:59 -0300] "POST /cormun/servlet/solicitudot?gx-no-cache=1484764822718 HTTP/1.1" 200 605
200.83.119.233 - - [18/Jan/2017:15:38:59 -0300] "POST /cormun/servlet/solicitudot?gx-no-cache=1484764822790 HTTP/1.1" 200 480
200.83.119.233 - - [18/Jan/2017:15:38:59 -0300] "GET /cormun/servlet/solicitudot?3d14d9f3d3c32815ed328d48bb3ae952cbe4f77660a9b8189e98d8210206ec67997618b2470b45f13012c487723a1da48d57ad2b724cdd4b2e2be1599e060be0276b5b5a0b955c5b6cf379a1e386963667ad39e6619078fdfa8065d28bdef3f576e06ce72527441e7b1beb790bddfc753326f49397be00d3cebb4342e65445054aa4c0be84b519e34b840f4f6fc4e6555f098c0784319d35fe02e647c28093aae4c4e569fda70dd8f1c24056adcff773,gx-no-cache=1484764822846 HTTP/1.1" 200 30
200.83.119.233 - - [18/Jan/2017:15:39:00 -0300] "POST /cormun/servlet/solicitudot?524a721dc42d21a12dae0f07231f5bb6,INS,0,0,,gx-no-cache=1484764822907 HTTP/1.1" 200 93
200.83.119.233 - - [18/Jan/2017:15:39:00 -0300] "GET /cormun/servlet/hpexe_return? HTTP/1.1" 200 1009
200.83.119.233 - - [18/Jan/2017:15:39:00 -0300] "GET /cormun/static/gxcfg.js?2016101716175148 HTTP/1.1" 200 953
200.83.119.233 - - [18/Jan/2017:15:39:00 -0300] "GET /cormun/static/hpexe_return.js?2016101716175153 HTTP/1.1" 200 1633
200.83.119.233 - - [18/Jan/2017:15:39:00 -0300] "GET /cormun/servlet/trsolicitudot HTTP/1.1" 200 7994
200.83.119.233 - - [18/Jan/2017:15:39:01 -0300] "GET /cormun//static/Resources/PXToolsActionView.png HTTP/1.1" 200 2995
200.83.119.233 - - [18/Jan/2017:15:39:01 -0300] "GET /cormun//static/Resources/PXToolsRemoveAllAction.png HTTP/1.1" 200 3558
200.83.119.233 - - [18/Jan/2017:15:39:01 -0300] "GET /cormun//static/Resources/PXToolsGridUpdate.png HTTP/1.1" 200 2984
200.83.119.233 - - [18/Jan/2017:15:39:01 -0300] "GET /cormun//static/Resources/PXToolsGridDelete.png HTTP/1.1" 200 357
200.83.119.233 - - [18/Jan/2017:15:39:01 -0300] "GET /cormun//static/Resources/PXTools/ActionInsert.png HTTP/1.1" 200 1482
200.83.119.233 - - [18/Jan/2017:15:39:01 -0300] "GET /cormun/servlet/trsolicitudot HTTP/1.1" 200 7990
200.83.119.233 - - [18/Jan/2017:15:39:09 -0300] "POST /cormun/servlet/trsolicitudot?524a721dc42d21a12dae0f07231f5bb6,gx-no-cache=1484764832718 HTTP/1.1" 200 106
200.83.119.233 - - [18/Jan/2017:15:39:10 -0300] "GET /cormun/servlet/trsolicitudadjuntos?2017,4705, HTTP/1.1" 200 5862
200.83.119.233 - - [18/Jan/2017:15:39:10 -0300] "GET /cormun/static/gxcfg.js?201612218531388 HTTP/1.1" 200 953
200.83.119.233 - - [18/Jan/2017:15:39:10 -0300] "GET /cormun/static/trsolicitudadjuntos.js?201612218531657 HTTP/1.1" 200 17913
200.83.119.233 - - [18/Jan/2017:15:39:10 -0300] "GET /cormun/servlet/trsolicitudadjuntos?2017,4705, HTTP/1.1" 200 5862
200.83.119.233 - - [18/Jan/2017:15:39:19 -0300] "GET /cormun/servlet/solicitudotadjuntos?INS,2017,4705,,1, HTTP/1.1" 200 5791
200.83.119.233 - - [18/Jan/2017:15:39:19 -0300] "GET /cormun/static/gxcfg.js?201612218465951 HTTP/1.1" 200 953
200.83.119.233 - - [18/Jan/2017:15:39:19 -0300] "GET /cormun/static/solicitudotadjuntos.js?201612218465969 HTTP/1.1" 200 11762
200.83.119.233 - - [18/Jan/2017:15:39:19 -0300] "GET /cormun/static/about:blank HTTP/1.1" 404 1011
200.83.119.233 - - [18/Jan/2017:15:39:19 -0300] "GET /cormun/servlet/solicitudotadjuntos?INS,2017,4705,,1, HTTP/1.1" 200 5785
200.83.119.233 - - [18/Jan/2017:15:39:20 -0300] "GET /cormun/servlet/solicitudotadjuntos?3d14d9f3d3c32815ed328d48bb3ae952926b6470d2b289b46371f37a0c07c5e2487102dde43aa58adbf55f0750dcc781,gx-no-cache=1484764842980 HTTP/1.1" 200 30
200.83.119.233 - - [18/Jan/2017:15:39:20 -0300] "POST /cormun/servlet/solicitudotadjuntos?524a721dc42d21a12dae0f07231f5bb6,INS,2017,4705,,1,,gx-no-cache=1484764843105 HTTP/1.1" 200 3604
186.103.158.250 - - [18/Jan/2017:15:39:39 -0300] "GET /cormun/servlet/solicitudotadjuntos?119537b345e476519378219adcfca736e301658695714519a2943aebcd5daed4,gx-no-cache=1484764789630 HTTP/1.1" 200 30
186.103.158.250 - - [18/Jan/2017:15:39:39 -0300] "GET /cormun/servlet/solicitudotadjuntos?119537b345e476519378219adcfca736e301658695714519a2943aebcd5daed4,gx-no-cache=1484764789663 HTTP/1.1" 200 30
186.103.158.250 - - [18/Jan/2017:15:39:39 -0300] "POST /cormun/servlet/solicitudotadjuntos?79a024db217f3485e12af8f95e2b79e5,INS,2017,4703,,1, HTTP/1.1" 200 116
186.103.158.250 - - [18/Jan/2017:15:39:39 -0300] "GET /cormun/servlet/hpexe_return? HTTP/1.1" 200 1026
186.103.158.250 - - [18/Jan/2017:15:39:40 -0300] "GET /cormun/servlet/vesolicitudot?2017,4703,,SolicitudOTAdjuntos HTTP/1.1" 200 10038
