192.168.10.17 - - [18/Jan/2017:08:25:12 -0300] "GET /cormun/servlet/solicitudgral?9c1112761f4476498ee3f8cb33fda535a08163b1c85c13a56008865d6199b8abe6438e7af4c433a7d64e99ca1596c8de73c881b749326dcbad434c55ccc9e5a416f029dd66c8e679c4ca9ae77772b6cc12855bc5654f17f1f960321629c573002a4095cb04abaf914b1c85dbbb8ea054fb3a688c975184875e4f374da00387912ea7a344309602f3f8f2d5dae2b2697551f951fec18134a5013581f99949dda4ca0751e8c3d24279885e15238087ca89c8fdf7c79e51de42879afb5c9c3587c0ecdddd4206bac00c7a3237c1db11894fa91b7af22490321333af0baf4aa91e5fbac716329e6f993d329940c1b6c9b1d5ecdb37638b4736c3c42da53b54e0f8e655a4786add5f4b18c3843abbd7ed687453a4333eaf7367a6b3ebd5673717ea8a0a69841296281dab8df8cb3703c9bc6498f9546cc589e84ee7d5b0f630281288a838cbe104b8e62c1cf6969eda572fb02624b2ebc6620935b9c2010bec6c0f1f03b645b86e98441f40bc5d8d2dc54f6d94c5f08d0cf009e96db137694c794f211460a897898c0057ba168a65f9e0c0284a971ac5ac60fd6fcc23653c15b52469537dd84eca7d901bbcd315ae99840ae110bac4b3ed6ba2c6d4ec8657326b4323c0e533c555f2e2b2384f7f013e11a78cb0af7d6d56d7272a4d23bb0f22ed8abb2e608ca538ef0f5461733b61576d3c9ce6ea25266a91e14e33215c82bed366265c48e8030b70f00e307742afab4a3fc48b035589f3ae862ecc591439fbc9774e4495dc38178d2a8f490a280af516e3ce,gx-no-cache=1484742493729 HTTP/1.1" 200 48
192.168.10.17 - - [18/Jan/2017:08:25:14 -0300] "POST /cormun/servlet/solicitudgral?59c8ca4351429fa6a01cc30e14779248,UPD,2017,3711,,gx-no-cache=1484742495156 HTTP/1.1" 200 10558
192.168.10.89 - - [18/Jan/2017:08:25:14 -0300] "POST /cormun/servlet/hlogin?4baac542b0b21db5b603c7809c2d428a,gx-no-cache=1484742017659 HTTP/1.1" 200 90
192.168.10.89 - - [18/Jan/2017:08:25:14 -0300] "GET /cormun/servlet/hpexe_link HTTP/1.1" 200 952
192.168.10.89 - - [18/Jan/2017:08:25:14 -0300] "GET /cormun/servlet/hhome HTTP/1.1" 200 3799
192.168.10.17 - - [18/Jan/2017:08:25:17 -0300] "GET /cormun/servlet/solicitudgral?9c1112761f4476498ee3f8cb33fda535cdce42140b1341c373015bdb65ddf955f557e5a80b5a8229f417de39803913f586063c260e1e83abdb8f6bc8ad8fcd905590bd03e9cf911a2327fcc4d36815dfeab45fe52f6cfd1bdbffcecdd86cdee2817078f4a98b7e45e967ca681a6108671dc43d5a89a2902b6599446841948de2ed02413e29f110e77edaea6ed58780ba1ff433388466c1cb73206340690b4f93954f21d50f12ba6bf65f1fd08380119ab52bd1a8ddc16f1e34e72946ed83b8d83e0b631dc56e78d158fe042c8ad690ec,gx-no-cache=1484742497826 HTTP/1.1" 200 29
192.168.10.17 - - [18/Jan/2017:08:25:17 -0300] "POST /cormun/servlet/solicitudgral?gx-no-cache=1484742497851 HTTP/1.1" 200 1235
192.168.10.17 - - [18/Jan/2017:08:25:17 -0300] "POST /cormun/servlet/solicitudgral?gx-no-cache=1484742497899 HTTP/1.1" 200 1141
192.168.10.17 - - [18/Jan/2017:08:25:17 -0300] "POST /cormun/servlet/solicitudgral?59c8ca4351429fa6a01cc30e14779248,UPD,2017,3711,,gx-no-cache=1484742497949 HTTP/1.1" 200 93
192.168.10.17 - - [18/Jan/2017:08:25:17 -0300] "GET /cormun/servlet/hpexe_return? HTTP/1.1" 200 1033
192.168.10.17 - - [18/Jan/2017:08:25:17 -0300] "GET /cormun/servlet/trsolicitudgral?gx-no-cache=1484742246843 HTTP/1.1" 200 10173
192.168.10.17 - - [18/Jan/2017:08:25:18 -0300] "GET /cormun/servlet/trsolicitudgral?gx-no-cache=1484742246843 HTTP/1.1" 200 10191
192.168.10.89 - - [18/Jan/2017:08:25:18 -0300] "GET /cormun/servlet/trautorizarot? HTTP/1.1" 200 7747
192.168.10.89 - - [18/Jan/2017:08:25:18 -0300] "GET /cormun/static/gxcfg.js?201711112285127 HTTP/1.1" 304 -
192.168.10.89 - - [18/Jan/2017:08:25:18 -0300] "GET /cormun/static/trautorizarot.js?201711112285948 HTTP/1.1" 304 -
192.168.10.89 - - [18/Jan/2017:08:25:21 -0300] "GET /cormun/static/menuarrow.gif HTTP/1.1" 404 1015
192.168.10.89 - - [18/Jan/2017:08:25:29 -0300] "POST /cormun/servlet/trautorizarot?4baac542b0b21db5b603c7809c2d428a,,gx-no-cache=1484742029197 HTTP/1.1" 200 21502
192.168.10.89 - - [18/Jan/2017:08:25:37 -0300] "POST /cormun/servlet/trautorizarot?4baac542b0b21db5b603c7809c2d428a,,gx-no-cache=1484742040818 HTTP/1.1" 200 4887
192.168.10.17 - - [18/Jan/2017:08:25:42 -0300] "POST /cormun/servlet/trsolicitudgral?59c8ca4351429fa6a01cc30e14779248,gx-no-cache=1484742246843,gx-no-cache=1484742523059 HTTP/1.1" 200 7011
192.168.10.89 - - [18/Jan/2017:08:25:47 -0300] "POST /cormun/servlet/trautorizarot?4baac542b0b21db5b603c7809c2d428a,,gx-no-cache=1484742047179 HTTP/1.1" 200 21502
192.168.10.89 - - [18/Jan/2017:08:26:10 -0300] "POST /cormun/servlet/trautorizarot?4baac542b0b21db5b603c7809c2d428a,,gx-no-cache=1484742065997 HTTP/1.1" 200 103
192.168.10.89 - - [18/Jan/2017:08:26:12 -0300] "GET /cormun/AutorizarOT-4423.xls HTTP/1.1" 200 233472
192.168.10.89 - - [18/Jan/2017:08:26:13 -0300] "OPTIONS /cormun/ HTTP/1.1" 200 -
192.168.10.89 - - [18/Jan/2017:08:26:13 -0300] "HEAD /cormun/AutorizarOT-4423.xls HTTP/1.1" 200 -
192.168.10.89 - - [18/Jan/2017:08:26:28 -0300] "OPTIONS / HTTP/1.1" 200 11217
192.168.10.17 - - [18/Jan/2017:08:26:29 -0300] "POST /cormun/servlet/trsolicitudgral?59c8ca4351429fa6a01cc30e14779248,gx-no-cache=1484742246843,gx-no-cache=1484742570392 HTTP/1.1" 200 115
192.168.10.17 - - [18/Jan/2017:08:26:29 -0300] "GET /cormun/servlet/solicitudotlog?INS,2017,3733,0,REC, HTTP/1.1" 200 6141
192.168.10.17 - - [18/Jan/2017:08:26:29 -0300] "GET /cormun/static/gxcfg.js?201612218471193 HTTP/1.1" 304 -
192.168.10.17 - - [18/Jan/2017:08:26:29 -0300] "GET /cormun/static/solicitudotlog.js?20161221847122 HTTP/1.1" 304 -
192.168.10.17 - - [18/Jan/2017:08:26:30 -0300] "GET /cormun/servlet/solicitudotlog?INS,2017,3733,0,REC, HTTP/1.1" 200 6119
192.168.10.17 - - [18/Jan/2017:08:26:31 -0300] "GET /cormun/servlet/solicitudotlog?9c1112761f4476498ee3f8cb33fda535992908f61a9b51bcfd83249c94113b3e6d7143e7c1e70f86fdf769c747fd966e9e30e55ac76bed1df62a84270017ea6879d5838459f90d9f1f0750fe22884490514a171a2c5bea4c4b3dea56b069f96321645a0548138677015923b44eacd802ce4cb921def3f8b2b5c46de9ba077853381476c4b5187b87bdcb11e1c8fd0d4991ac3269c543736244e84d12cc6c2273,gx-no-cache=1484742571778 HTTP/1.1" 200 94
192.168.10.17 - - [18/Jan/2017:08:26:38 -0300] "POST /cormun/servlet/solicitudotlog?59c8ca4351429fa6a01cc30e14779248,INS,2017,3733,0,REC,,gx-no-cache=1484742578765 HTTP/1.1" 200 93
192.168.10.17 - - [18/Jan/2017:08:26:38 -0300] "GET /cormun/servlet/hpexe_return? HTTP/1.1" 200 1042
192.168.10.17 - - [18/Jan/2017:08:26:38 -0300] "GET /cormun/servlet/trsolicitudgral?gx-no-cache=1484742246843 HTTP/1.1" 200 9871
192.168.10.17 - - [18/Jan/2017:08:26:38 -0300] "GET /cormun/servlet/trsolicitudgral?gx-no-cache=1484742246843 HTTP/1.1" 200 9889
192.168.10.17 - - [18/Jan/2017:08:26:41 -0300] "POST /cormun/servlet/trsolicitudgral?59c8ca4351429fa6a01cc30e14779248,gx-no-cache=1484742246843,gx-no-cache=1484742581865 HTTP/1.1" 200 115
192.168.10.17 - - [18/Jan/2017:08:26:41 -0300] "GET /cormun/servlet/solicitudotlog?INS,2017,3732,0,REC, HTTP/1.1" 200 6141
192.168.10.17 - - [18/Jan/2017:08:26:41 -0300] "GET /cormun/servlet/solicitudotlog?INS,2017,3732,0,REC, HTTP/1.1" 200 6119
192.168.10.17 - - [18/Jan/2017:08:26:42 -0300] "GET /cormun/servlet/solicitudotlog?9c1112761f4476498ee3f8cb33fda535202a849cba148437b4a54611b035f0c66d7143e7c1e70f86fdf769c747fd966e9e30e55ac76bed1df62a84270017ea6879d5838459f90d9f1f0750fe22884490514a171a2c5bea4c4b3dea56b069f96321645a0548138677015923b44eacd802ce4cb921def3f8b2b5c46de9ba077853381476c4b5187b87bdcb11e1c8fd0d4991ac3269c543736244e84d12cc6c2273,gx-no-cache=1484742582981 HTTP/1.1" 200 94
192.168.10.89 - - [18/Jan/2017:08:26:43 -0300] "OPTIONS / HTTP/1.1" 200 11217
192.168.10.17 - - [18/Jan/2017:08:26:45 -0300] "POST /cormun/servlet/solicitudotlog?59c8ca4351429fa6a01cc30e14779248,INS,2017,3732,0,REC,,gx-no-cache=1484742585793 HTTP/1.1" 200 93
192.168.10.17 - - [18/Jan/2017:08:26:45 -0300] "GET /cormun/servlet/hpexe_return? HTTP/1.1" 200 1042
192.168.10.17 - - [18/Jan/2017:08:26:45 -0300] "GET /cormun/servlet/trsolicitudgral?gx-no-cache=1484742246843 HTTP/1.1" 200 9583
192.168.10.17 - - [18/Jan/2017:08:26:45 -0300] "GET /cormun/servlet/trsolicitudgral?gx-no-cache=1484742246843 HTTP/1.1" 200 9600
192.168.10.17 - - [18/Jan/2017:08:26:47 -0300] "POST /cormun/servlet/trsolicitudgral?59c8ca4351429fa6a01cc30e14779248,gx-no-cache=1484742246843,gx-no-cache=1484742588415 HTTP/1.1" 200 115
192.168.10.17 - - [18/Jan/2017:08:26:47 -0300] "GET /cormun/servlet/solicitudotlog?INS,2017,3731,0,REC, HTTP/1.1" 200 6140
192.168.10.17 - - [18/Jan/2017:08:26:48 -0300] "GET /cormun/servlet/solicitudotlog?INS,2017,3731,0,REC, HTTP/1.1" 200 6119
192.168.10.17 - - [18/Jan/2017:08:26:48 -0300] "GET /cormun/servlet/solicitudotlog?9c1112761f4476498ee3f8cb33fda535d0f24cbb088873ba25407b064aafa00d6d7143e7c1e70f86fdf769c747fd966e9e30e55ac76bed1df62a84270017ea6879d5838459f90d9f1f0750fe22884490514a171a2c5bea4c4b3dea56b069f96321645a0548138677015923b44eacd802ce4cb921def3f8b2b5c46de9ba077853381476c4b5187b87bdcb11e1c8fd0d4991ac3269c543736244e84d12cc6c2273,gx-no-cache=1484742589472 HTTP/1.1" 200 94
192.168.10.17 - - [18/Jan/2017:08:26:51 -0300] "POST /cormun/servlet/solicitudotlog?59c8ca4351429fa6a01cc30e14779248,INS,2017,3731,0,REC,,gx-no-cache=1484742592256 HTTP/1.1" 200 93
192.168.10.17 - - [18/Jan/2017:08:26:51 -0300] "GET /cormun/servlet/hpexe_return? HTTP/1.1" 200 1042
192.168.10.17 - - [18/Jan/2017:08:26:51 -0300] "GET /cormun/servlet/trsolicitudgral?gx-no-cache=1484742246843 HTTP/1.1" 200 8358
192.168.10.17 - - [18/Jan/2017:08:26:52 -0300] "GET /cormun/servlet/trsolicitudgral?gx-no-cache=1484742246843 HTTP/1.1" 200 8375
192.168.10.89 - - [18/Jan/2017:08:26:56 -0300] "OPTIONS /cormun HTTP/1.1" 302 -
192.168.10.89 - - [18/Jan/2017:08:26:56 -0300] "OPTIONS /cormun/ HTTP/1.1" 200 -
192.168.10.89 - - [18/Jan/2017:08:26:56 -0300] "PROPFIND /cormun HTTP/1.1" 302 -
192.168.10.89 - - [18/Jan/2017:08:26:56 -0300] "PROPFIND /cormun/ HTTP/1.1" 501 1141
192.168.10.89 - - [18/Jan/2017:08:26:56 -0300] "HEAD /cormun/AutorizarOT-4423.xls HTTP/1.1" 200 -
192.168.10.89 - - [18/Jan/2017:08:26:56 -0300] "PROPFIND / HTTP/1.1" 200 11217
192.168.10.89 - - [18/Jan/2017:08:26:56 -0300] "PROPFIND / HTTP/1.1" 200 11217
192.168.10.89 - - [18/Jan/2017:08:27:04 -0300] "PROPFIND /cormun HTTP/1.1" 302 -
192.168.10.89 - - [18/Jan/2017:08:27:04 -0300] "PROPFIND /cormun/ HTTP/1.1" 501 1141
192.168.10.89 - - [18/Jan/2017:08:27:04 -0300] "PROPFIND /cormun HTTP/1.1" 302 -
192.168.10.89 - - [18/Jan/2017:08:27:04 -0300] "PROPFIND /cormun/ HTTP/1.1" 501 1141
192.168.10.89 - - [18/Jan/2017:08:27:04 -0300] "GET /cormun/AutorizarOT-4423.xls HTTP/1.1" 200 233472
192.168.10.89 - - [18/Jan/2017:08:27:04 -0300] "HEAD /cormun/AutorizarOT-4423.xls HTTP/1.1" 200 -
192.168.10.17 - - [18/Jan/2017:08:27:08 -0300] "POST /cormun/servlet/trsolicitudgral?59c8ca4351429fa6a01cc30e14779248,gx-no-cache=1484742246843,gx-no-cache=1484742608667 HTTP/1.1" 200 7533
192.168.10.89 - - [18/Jan/2017:08:27:31 -0300] "GET /cormun/servlet/hlogin HTTP/1.1" 200 1736
192.168.10.17 - - [18/Jan/2017:08:27:38 -0300] "POST /cormun/servlet/trsolicitudgral?59c8ca4351429fa6a01cc30e14779248,gx-no-cache=1484742246843,gx-no-cache=1484742639591 HTTP/1.1" 200 115
192.168.10.17 - - [18/Jan/2017:08:27:38 -0300] "GET /cormun/servlet/solicitudotlog?INS,2017,3726,0,REC, HTTP/1.1" 200 6140
192.168.10.17 - - [18/Jan/2017:08:27:39 -0300] "GET /cormun/servlet/solicitudotlog?INS,2017,3726,0,REC, HTTP/1.1" 200 6118
192.168.10.17 - - [18/Jan/2017:08:27:39 -0300] "GET /cormun/servlet/solicitudotlog?9c1112761f4476498ee3f8cb33fda535b6b175b2c64498788b44f0460de8fb4f6d7143e7c1e70f86fdf769c747fd966e9e30e55ac76bed1df62a84270017ea6879d5838459f90d9f1f0750fe22884490514a171a2c5bea4c4b3dea56b069f96321645a0548138677015923b44eacd802ce4cb921def3f8b2b5c46de9ba077853381476c4b5187b87bdcb11e1c8fd0d4991ac3269c543736244e84d12cc6c2273,gx-no-cache=1484742640756 HTTP/1.1" 200 94
192.168.10.89 - - [18/Jan/2017:08:27:40 -0300] "POST /cormun/servlet/hlogin?4baac542b0b21db5b603c7809c2d428a,gx-no-cache=1484742162970 HTTP/1.1" 200 90
192.168.10.89 - - [18/Jan/2017:08:27:40 -0300] "GET /cormun/servlet/hpexe_link HTTP/1.1" 200 952
192.168.10.89 - - [18/Jan/2017:08:27:40 -0300] "GET /cormun/servlet/hhome HTTP/1.1" 200 4058
192.168.10.89 - - [18/Jan/2017:08:27:42 -0300] "GET /cormun/servlet/trsolicitudot? HTTP/1.1" 200 7030
192.168.10.89 - - [18/Jan/2017:08:27:42 -0300] "GET /cormun/static/gxcfg.js?201711111592844 HTTP/1.1" 304 -
192.168.10.89 - - [18/Jan/2017:08:27:42 -0300] "GET /cormun/static/trsolicitudot.js?201711111593735 HTTP/1.1" 304 -
192.168.10.17 - - [18/Jan/2017:08:27:43 -0300] "POST /cormun/servlet/solicitudotlog?59c8ca4351429fa6a01cc30e14779248,INS,2017,3726,0,REC,,gx-no-cache=1484742643850 HTTP/1.1" 200 93
192.168.10.17 - - [18/Jan/2017:08:27:43 -0300] "GET /cormun/servlet/hpexe_return? HTTP/1.1" 200 1042
192.168.10.17 - - [18/Jan/2017:08:27:43 -0300] "GET /cormun/servlet/trsolicitudgral?gx-no-cache=1484742246843 HTTP/1.1" 200 10396
192.168.10.17 - - [18/Jan/2017:08:27:44 -0300] "GET /cormun/servlet/trsolicitudgral?gx-no-cache=1484742246843 HTTP/1.1" 200 10413
192.168.10.89 - - [18/Jan/2017:08:27:45 -0300] "GET /cormun/servlet/solicitudot?INS,0,0, HTTP/1.1" 200 12868
192.168.10.89 - - [18/Jan/2017:08:27:45 -0300] "GET /cormun/static/gxcfg.js?201711112293351 HTTP/1.1" 304 -
192.168.10.89 - - [18/Jan/2017:08:27:45 -0300] "GET /cormun/static/solicitudot.js?201711112293529 HTTP/1.1" 304 -
192.168.10.89 - - [18/Jan/2017:08:27:58 -0300] "GET /cormun/servlet/prfichaempleado?,MD,,gxPopupLevel%3D0%3B HTTP/1.1" 200 8980
192.168.10.89 - - [18/Jan/2017:08:27:58 -0300] "GET /cormun/static/gxcfg.js?2016102420561687 HTTP/1.1" 304 -
192.168.10.17 - - [18/Jan/2017:08:28:08 -0300] "GET /cormun/servlet/solicitudgral?UPD,2017,3721, HTTP/1.1" 200 12166
192.168.10.89 - - [18/Jan/2017:08:28:09 -0300] "POST /cormun/servlet/prfichaempleado?4baac542b0b21db5b603c7809c2d428a,,MD,,gxPopupLevel%3D0%3B,gx-no-cache=1484742191977 HTTP/1.1" 200 3394
192.168.10.17 - - [18/Jan/2017:08:28:09 -0300] "GET /cormun/servlet/solicitudgral?UPD,2017,3721, HTTP/1.1" 200 12154
192.168.10.17 - - [18/Jan/2017:08:28:10 -0300] "POST /cormun/servlet/solicitudgral?gx-no-cache=1484742670776 HTTP/1.1" 200 3190
192.168.10.17 - - [18/Jan/2017:08:28:10 -0300] "GET /cormun/servlet/solicitudgral?9c1112761f4476498ee3f8cb33fda535fdbbd13c7db34dbace87ad97737d15e3df58b112250379e198fdbc17baef5affcfd1f28a67a8943d5a75f31254e5abe06833d79f5af25438e6c346b70ecbf1b3b90c3e7ffef4999d1c56dfb9915722c8805c4f8c786fcb8675fa3678d21bb2cfba261f8297dda8ea2001acc6553fe334d271d5318fe542c60c3ca07b639819a52f204aeebfabc9dbf8a4c7e0f311d06c4401fedaa6ff0079d15d6680f59a45ecf345ff133258f4434c4aefa1328af4d780591b95e034f9c8b41e2b5398b7998286197587d9a53c0644a52dcdac7e1c6cf462508efc4c653194edb72218bafead03d2491e4549ae1e03975fb2b98b2f0ab9523b343b94001e6842ff7946adcde75a0fc83f5bc49bcc58f52d3031ea1046a9e2c547361760d991fddd7b9dd91e6a5f67ec7a875c837121a919eaef7a9aeb52756919c9271d1300dd02c1c4f6d67a,gx-no-cache=1484742670900 HTTP/1.1" 200 257
192.168.10.17 - - [18/Jan/2017:08:28:10 -0300] "GET /cormun/servlet/solicitudgral?9c1112761f4476498ee3f8cb33fda535a08163b1c85c13a56008865d6199b8abe6438e7af4c433a7d64e99ca1596c8de73c881b749326dcbad434c55ccc9e5a416f029dd66c8e679c4ca9ae77772b6cc12855bc5654f17f1f960321629c573002a4095cb04abaf914b1c85dbbb8ea054fb3a688c975184875e4f374da00387912ea7a344309602f3f8f2d5dae2b2697551f951fec18134a5013581f99949dda4ca0751e8c3d24279885e15238087ca89c8fdf7c79e51de42879afb5c9c3587c0ecdddd4206bac00c7a3237c1db11894fa91b7af22490321333af0baf4aa91e5fbac716329e6f993d329940c1b6c9b1d5ecdb37638b4736c3c42da53b54e0f8e655a4786add5f4b18c3843abbd7ed687453a4333eaf7367a6b3ebd5673717ea8a0a69841296281dab8df8cb3703c9bc6498f9546cc589e84ee7d5b0f630281288a838cbe104b8e62c1cf6969eda572fb02624b2ebc6620935b9c2010bec6c0f1f03b645b86e98441f40bc5d8d2dc54f6d94c5f08d0cf009e96db137694c794f211460a897898c0057ba168a65f9e0c0284a971ac5ac60fd6fcc23653c15b52469537dd84eca7d901bbcd315ae99840ae110bac4b3ed6ba2c6d4ec8657326b4323c0e533c555f2e2b2384f7f013e11a78cb0af7d6d56d7272a4d23bb0f22ed8abb2e608ca538ef0f5461733b61576d3c9ce6ea25266a91e14e33215c82bed366265c48e8030b70f00e307742afab4a3fc48b035589f3ae862ecc591439fbc9774e4495dc38178d2a8f490a280af516e3ce,gx-no-cache=1484742671398 HTTP/1.1" 200 48
192.168.10.89 - - [18/Jan/2017:08:28:11 -0300] "POST /cormun/servlet/solicitudot?gx-no-cache=1484742194697 HTTP/1.1" 200 3158
192.168.10.17 - - [18/Jan/2017:08:28:12 -0300] "POST /cormun/servlet/solicitudgral?59c8ca4351429fa6a01cc30e14779248,UPD,2017,3721,,gx-no-cache=1484742672696 HTTP/1.1" 200 10557
192.168.10.89 - - [18/Jan/2017:08:28:12 -0300] "POST /cormun/servlet/solicitudot?4baac542b0b21db5b603c7809c2d428a,INS,0,0,,gx-no-cache=1484742194980 HTTP/1.1" 200 9912
192.168.10.17 - - [18/Jan/2017:08:28:14 -0300] "GET /cormun/servlet/solicitudgral?9c1112761f4476498ee3f8cb33fda535584a483e043fba953fcfba1f77476d02f557e5a80b5a8229f417de39803913f5c6a06758c5194f5f599766beff0070cc5590bd03e9cf911a2327fcc4d36815dfeab45fe52f6cfd1bdbffcecdd86cdee2817078f4a98b7e45e967ca681a6108671dc43d5a89a2902b6599446841948de2ed02413e29f110e77edaea6ed58780ba1ff433388466c1cb73206340690b4f93954f21d50f12ba6bf65f1fd08380119ab52bd1a8ddc16f1e34e72946ed83b8d83e0b631dc56e78d158fe042c8ad690ec,gx-no-cache=1484742675244 HTTP/1.1" 200 29
192.168.10.17 - - [18/Jan/2017:08:28:14 -0300] "POST /cormun/servlet/solicitudgral?gx-no-cache=1484742675270 HTTP/1.1" 200 1236
192.168.10.17 - - [18/Jan/2017:08:28:14 -0300] "POST /cormun/servlet/solicitudgral?gx-no-cache=1484742675318 HTTP/1.1" 200 1141
192.168.10.17 - - [18/Jan/2017:08:28:14 -0300] "POST /cormun/servlet/solicitudgral?59c8ca4351429fa6a01cc30e14779248,UPD,2017,3721,,gx-no-cache=1484742675367 HTTP/1.1" 200 93
192.168.10.17 - - [18/Jan/2017:08:28:14 -0300] "GET /cormun/servlet/hpexe_return? HTTP/1.1" 200 1033
192.168.10.17 - - [18/Jan/2017:08:28:14 -0300] "GET /cormun/servlet/trsolicitudgral?gx-no-cache=1484742246843 HTTP/1.1" 200 10396
192.168.10.17 - - [18/Jan/2017:08:28:15 -0300] "GET /cormun/servlet/trsolicitudgral?gx-no-cache=1484742246843 HTTP/1.1" 200 10413
192.168.10.89 - - [18/Jan/2017:08:28:19 -0300] "GET /cormun/servlet/solicitudot?90e3a2cdcfc942c2ea25d7b604f7305dda8e9a29d46535d6ad6470b5b5fe1d29cad778bd3fa5b0e85ed5cf92b53a0daf,gx-no-cache=1484742202289 HTTP/1.1" 200 30
192.168.10.89 - - [18/Jan/2017:08:28:21 -0300] "POST /cormun/servlet/solicitudot?gx-no-cache=1484742204329 HTTP/1.1" 200 255
192.168.10.89 - - [18/Jan/2017:08:28:21 -0300] "GET /cormun/servlet/solicitudot?90e3a2cdcfc942c2ea25d7b604f7305d059d13b04d3dcb1582e178611e2c626cddd9e128bbfbc4464f6cd830b68a6560ec267c7e0c0a25dcfbdb19c447917ca75470315e95d879dbe815943b50c67f7794ebd33fad59f0398e69c37dddcc7720578bd0a03858163549c6de5bd3bf7437ba9e6f8dbc314134990a15e6241b61623bd4ca3a752c4475a54d54dd3b31e3e30e9136b27e4e29c2d5160821183894f0ae4e3215f2a03b73285ea6263d58d6df54fee8e5c9fed62d97d1846745e39ac921679865da9845fe633bf7a27c33779429309f3333bade4931817460eb9af69efb44c17fa3bf8ca16c1430da87cb4c3f355435e495c8eee3745172f4be4f9e3cb2c1b88b6a98e9b8e76cc067fe3859a87e6be5278ba12461bd463ac634fafebc7c67a4797198287d248b731c914e273f336ed8c1bc3d2fcdade31e5c77915510acfd651f75ad0fa225193fc5b73b5a049346f5b416e1b3674909452e80b7b30f1b3108f973c3e89c05c3d8fd3527c4bdc00fe5dd166f96e3f142ad0fc7088e28,gx-no-cache=1484742204375 HTTP/1.1" 200 30
192.168.10.89 - - [18/Jan/2017:08:28:22 -0300] "POST /cormun/servlet/solicitudot?gx-no-cache=1484742205437 HTTP/1.1" 200 30
192.168.10.89 - - [18/Jan/2017:08:28:23 -0300] "POST /cormun/servlet/solicitudot?gx-no-cache=1484742206098 HTTP/1.1" 200 1278
192.168.10.89 - - [18/Jan/2017:08:28:23 -0300] "POST /cormun/servlet/solicitudot?gx-no-cache=1484742206238 HTTP/1.1" 200 38
192.168.10.89 - - [18/Jan/2017:08:28:25 -0300] "GET /cormun/servlet/solicitudot?90e3a2cdcfc942c2ea25d7b604f7305dec260a8e2863dbf6afcf19fd3db6c4b50cad49b18da8c7b059030f26885a42baf332abc23f117831ea323fd5a05f4c61d013f6915c2790c3a74ae65c01ae3b8387c47ddcab64494707a9a818dcd41a2db6d9fcb8e33804e4710af22f79eef2a0b5a355eaf8dfcb9b0db90b344559d614d307ad1bd5e9390be4ded299dca380acda47df50d430b4c89c2cfe4761fbff86,gx-no-cache=1484742208981 HTTP/1.1" 200 29
192.168.10.89 - - [18/Jan/2017:08:28:26 -0300] "POST /cormun/servlet/solicitudot?gx-no-cache=1484742209048 HTTP/1.1" 200 1261
192.168.10.89 - - [18/Jan/2017:08:28:26 -0300] "POST /cormun/servlet/solicitudot?gx-no-cache=1484742209418 HTTP/1.1" 200 1143
192.168.10.89 - - [18/Jan/2017:08:28:30 -0300] "GET /cormun/servlet/solicitudot?90e3a2cdcfc942c2ea25d7b604f7305dcf6c207b566a748abe976407f1f9965b2e0cddab6a39ab39cdd1ff25b17fbd4b8fb509d056d45caaaa5a24514c2e6bf67aed41512c6a16f149a0ecf4e457dfc0c0bcfede7a9847c04182be0c4f54e4fd45b20f3dea5c02d2b1d5cab98d44bf90dab1ece8001db37b047e66a62d00af307c30e46a91b15f489b89318a65535b50b7ff47c8949752f76c6bbaa1c65fe9ac31ce8f96524f6d8ab4a98ce9afca8309,gx-no-cache=1484742213688 HTTP/1.1" 200 30
192.168.10.89 - - [18/Jan/2017:08:28:34 -0300] "POST /cormun/servlet/solicitudot?4baac542b0b21db5b603c7809c2d428a,INS,0,0,,gx-no-cache=1484742217198 HTTP/1.1" 200 93
192.168.10.89 - - [18/Jan/2017:08:28:34 -0300] "GET /cormun/servlet/hpexe_return? HTTP/1.1" 200 1005
192.168.10.89 - - [18/Jan/2017:08:28:34 -0300] "GET /cormun/static/gxcfg.js?2016101716175148 HTTP/1.1" 304 -
192.168.10.89 - - [18/Jan/2017:08:28:34 -0300] "GET /cormun/servlet/trsolicitudot HTTP/1.1" 200 8288
192.168.10.17 - - [18/Jan/2017:08:28:37 -0300] "GET /cormun/servlet/solicitudgral2?UPD,2017,3724, HTTP/1.1" 200 12318
192.168.10.89 - - [18/Jan/2017:08:28:37 -0300] "POST /cormun/servlet/trsolicitudot?4baac542b0b21db5b603c7809c2d428a,gx-no-cache=1484742220375 HTTP/1.1" 200 4286
192.168.10.89 - - [18/Jan/2017:08:28:37 -0300] "POST /cormun/servlet/trsolicitudot?4baac542b0b21db5b603c7809c2d428a,gx-no-cache=1484742220709 HTTP/1.1" 200 4093
192.168.10.89 - - [18/Jan/2017:08:28:37 -0300] "GET /cormun/static/Shared/jqueryui/images/ui-bg_highlight-soft_100_c6c2c8_1x100.png HTTP/1.1" 404 1117
192.168.10.89 - - [18/Jan/2017:08:28:37 -0300] "GET /cormun/static/Shared/jqueryui/images/ui-icons_82798d_256x240.png HTTP/1.1" 404 1089
192.168.10.89 - - [18/Jan/2017:08:28:37 -0300] "GET /cormun/static/Shared/jqueryui/images/ui-icons_8d78a5_256x240.png HTTP/1.1" 404 1089
192.168.10.89 - - [18/Jan/2017:08:28:38 -0300] "GET /cormun/static/Shared/jqueryui/images/ui-bg_flat_55_fafafa_40x100.png HTTP/1.1" 404 1097
192.168.10.17 - - [18/Jan/2017:08:28:38 -0300] "GET /cormun/servlet/solicitudgral2?UPD,2017,3724, HTTP/1.1" 200 12306
192.168.10.17 - - [18/Jan/2017:08:28:38 -0300] "POST /cormun/servlet/solicitudgral2?gx-no-cache=1484742699260 HTTP/1.1" 200 3190
192.168.10.17 - - [18/Jan/2017:08:28:38 -0300] "GET /cormun/servlet/solicitudgral2?9c1112761f4476498ee3f8cb33fda535fdbbd13c7db34dbace87ad97737d15e3df58b112250379e198fdbc17baef5affcfd1f28a67a8943d5a75f31254e5abe06833d79f5af25438e6c346b70ecbf1b3b90c3e7ffef4999d1c56dfb9915722c8805c4f8c786fcb8675fa3678d21bb2cfba261f8297dda8ea2001acc6553fe334d271d5318fe542c60c3ca07b639819a52f204aeebfabc9dbf8a4c7e0f311d06c4401fedaa6ff0079d15d6680f59a45ecf345ff133258f4434c4aefa1328af4d780591b95e034f9c8b41e2b5398b7998286197587d9a53c0644a52dcdac7e1c6cf462508efc4c653194edb72218bafead03d2491e4549ae1e03975fb2b98b2f0ab9523b343b94001e6842ff7946adcde75a0fc83f5bc49bcc58f52d3031ea1046a9e2c547361760d991fddd7b9dd91e6a5f67ec7a875c837121a919eaef7a9aeb52756919c9271d1300dd02c1c4f6d67a,gx-no-cache=1484742699393 HTTP/1.1" 200 257
192.168.10.17 - - [18/Jan/2017:08:28:38 -0300] "POST /cormun/servlet/solicitudgral2?gx-no-cache=1484742699422 HTTP/1.1" 200 1340
192.168.10.17 - - [18/Jan/2017:08:28:38 -0300] "GET /cormun/servlet/solicitudgral2?9c1112761f4476498ee3f8cb33fda535c7556fa3d7f31f332f72aa068f8559169e607e2f18d057063c41761e8f531deccfd1f28a67a8943d5a75f31254e5abe056d5dbd6ee5485348e9c89e96eade27aa4087db6cea0a55a929c1626d6d46080efc72f198ce95b6283211447144da926,gx-no-cache=1484742699466 HTTP/1.1" 200 41
192.168.10.89 - - [18/Jan/2017:08:28:39 -0300] "GET /cormun/servlet/trautorizarsolicitud? HTTP/1.1" 200 8230
192.168.10.89 - - [18/Jan/2017:08:28:39 -0300] "GET /cormun/static/gxcfg.js?20171111229471 HTTP/1.1" 304 -
192.168.10.89 - - [18/Jan/2017:08:28:40 -0300] "GET /cormun/static/trautorizarsolicitud.js?201711112291232 HTTP/1.1" 304 -
192.168.10.17 - - [18/Jan/2017:08:28:40 -0300] "POST /cormun/servlet/solicitudgral2?59c8ca4351429fa6a01cc30e14779248,UPD,2017,3724,,gx-no-cache=1484742701085 HTTP/1.1" 200 10595
192.168.10.17 - - [18/Jan/2017:08:28:41 -0300] "GET /cormun/servlet/solicitudgral2?9c1112761f4476498ee3f8cb33fda535cdce42140b1341c373015bdb65ddf955f557e5a80b5a8229f417de39803913f586063c260e1e83abdb8f6bc8ad8fcd905590bd03e9cf911a2327fcc4d36815dfeab45fe52f6cfd1bdbffcecdd86cdee2817078f4a98b7e45e967ca681a6108671dc43d5a89a2902b6599446841948de2ed02413e29f110e77edaea6ed58780ba1ff433388466c1cb73206340690b4f93954f21d50f12ba6bf65f1fd08380119ab52bd1a8ddc16f1e34e72946ed83b8d83e0b631dc56e78d158fe042c8ad690ec,gx-no-cache=1484742702781 HTTP/1.1" 200 29
192.168.10.17 - - [18/Jan/2017:08:28:42 -0300] "POST /cormun/servlet/solicitudgral2?gx-no-cache=1484742702805 HTTP/1.1" 200 1236
192.168.10.17 - - [18/Jan/2017:08:28:42 -0300] "POST /cormun/servlet/solicitudgral2?gx-no-cache=1484742702854 HTTP/1.1" 200 1141
192.168.10.17 - - [18/Jan/2017:08:28:42 -0300] "GET /cormun/servlet/solicitudgral2?9c1112761f4476498ee3f8cb33fda535f1d26787af0404b53af61d1bcdc2aa90eee0e69f6617a32fb8c6ea0247bb7f190dada92a3f69e6d3d942612624e304d131e8eca16fd03af921f76ed30b220c879d9331cb08071e265448fb2f62cf0914cfc6d49af992eee3dee6bd2a3ec27a2ae1d3122ecd154b7c35d5177fd02680bc,gx-no-cache=1484742702890 HTTP/1.1" 200 30
192.168.10.17 - - [18/Jan/2017:08:28:42 -0300] "POST /cormun/servlet/solicitudgral2?59c8ca4351429fa6a01cc30e14779248,UPD,2017,3724,,gx-no-cache=1484742702913 HTTP/1.1" 200 93
192.168.10.17 - - [18/Jan/2017:08:28:42 -0300] "GET /cormun/servlet/hpexe_return? HTTP/1.1" 200 1035
192.168.10.17 - - [18/Jan/2017:08:28:42 -0300] "GET /cormun/servlet/trsolicitudgral?gx-no-cache=1484742246843 HTTP/1.1" 200 10396
192.168.10.89 - - [18/Jan/2017:08:28:43 -0300] "GET /cormun/static/menuarrow.gif HTTP/1.1" 404 1015
192.168.10.17 - - [18/Jan/2017:08:28:43 -0300] "GET /cormun/servlet/trsolicitudgral?gx-no-cache=1484742246843 HTTP/1.1" 200 10412
192.168.10.89 - - [18/Jan/2017:08:28:46 -0300] "POST /cormun/servlet/trautorizarsolicitud?4baac542b0b21db5b603c7809c2d428a,,gx-no-cache=1484742229364 HTTP/1.1" 200 5349
192.168.10.89 - - [18/Jan/2017:08:28:48 -0300] "POST /cormun/servlet/trautorizarsolicitud?4baac542b0b21db5b603c7809c2d428a,,gx-no-cache=1484742231123 HTTP/1.1" 200 4270
192.168.10.89 - - [18/Jan/2017:08:28:48 -0300] "POST /cormun/servlet/trautorizarsolicitud?4baac542b0b21db5b603c7809c2d428a,,gx-no-cache=1484742231450 HTTP/1.1" 200 4079
192.168.10.89 - - [18/Jan/2017:08:28:48 -0300] "GET /cormun/static/Shared/jqueryui/images/ui-bg_highlight-soft_100_c6c2c8_1x100.png HTTP/1.1" 404 1117
192.168.10.89 - - [18/Jan/2017:08:28:48 -0300] "GET /cormun/static/Shared/jqueryui/images/ui-icons_82798d_256x240.png HTTP/1.1" 404 1089
192.168.10.89 - - [18/Jan/2017:08:28:48 -0300] "GET /cormun/static/Shared/jqueryui/images/ui-bg_flat_55_fafafa_40x100.png HTTP/1.1" 404 1097
192.168.10.89 - - [18/Jan/2017:08:28:48 -0300] "GET /cormun/static/Shared/jqueryui/images/ui-icons_8d78a5_256x240.png HTTP/1.1" 404 1089
192.168.10.17 - - [18/Jan/2017:08:29:01 -0300] "GET /cormun/servlet/solicitudgral2?UPD,2017,3718, HTTP/1.1" 200 12312
192.168.10.17 - - [18/Jan/2017:08:29:02 -0300] "GET /cormun/servlet/solicitudgral2?UPD,2017,3718, HTTP/1.1" 200 12298
192.168.10.17 - - [18/Jan/2017:08:29:03 -0300] "POST /cormun/servlet/solicitudgral2?gx-no-cache=1484742723766 HTTP/1.1" 200 3190
192.168.10.17 - - [18/Jan/2017:08:29:03 -0300] "GET /cormun/servlet/solicitudgral2?9c1112761f4476498ee3f8cb33fda535fdbbd13c7db34dbace87ad97737d15e3df58b112250379e198fdbc17baef5affcfd1f28a67a8943d5a75f31254e5abe06833d79f5af25438e6c346b70ecbf1b3b90c3e7ffef4999d1c56dfb9915722c8805c4f8c786fcb8675fa3678d21bb2cfba261f8297dda8ea2001acc6553fe334d271d5318fe542c60c3ca07b639819a52f204aeebfabc9dbf8a4c7e0f311d06c4401fedaa6ff0079d15d6680f59a45ecf345ff133258f4434c4aefa1328af4d780591b95e034f9c8b41e2b5398b7998286197587d9a53c0644a52dcdac7e1c6cf462508efc4c653194edb72218bafead03d2491e4549ae1e03975fb2b98b2f0ab9523b343b94001e6842ff7946adcde75a0fc83f5bc49bcc58f52d3031ea1046a9e2c547361760d991fddd7b9dd91e6a5f67ec7a875c837121a919eaef7a9aeb52756919c9271d1300dd02c1c4f6d67a,gx-no-cache=1484742723880 HTTP/1.1" 200 257
192.168.10.17 - - [18/Jan/2017:08:29:03 -0300] "POST /cormun/servlet/solicitudgral2?gx-no-cache=1484742723908 HTTP/1.1" 200 1340
192.168.10.17 - - [18/Jan/2017:08:29:03 -0300] "GET /cormun/servlet/solicitudgral2?9c1112761f4476498ee3f8cb33fda535c7556fa3d7f31f332f72aa068f8559169e607e2f18d057063c41761e8f531deccfd1f28a67a8943d5a75f31254e5abe056d5dbd6ee5485348e9c89e96eade27aa4087db6cea0a55a929c1626d6d46080efc72f198ce95b6283211447144da926,gx-no-cache=1484742723952 HTTP/1.1" 200 41
192.168.10.17 - - [18/Jan/2017:08:29:04 -0300] "POST /cormun/servlet/solicitudgral2?59c8ca4351429fa6a01cc30e14779248,UPD,2017,3718,,gx-no-cache=1484742725634 HTTP/1.1" 200 10594
192.168.10.17 - - [18/Jan/2017:08:29:06 -0300] "GET /cormun/servlet/solicitudgral2?9c1112761f4476498ee3f8cb33fda535584a483e043fba953fcfba1f77476d02f557e5a80b5a8229f417de39803913f5c6a06758c5194f5f599766beff0070cc5590bd03e9cf911a2327fcc4d36815dfeab45fe52f6cfd1bdbffcecdd86cdee2817078f4a98b7e45e967ca681a6108671dc43d5a89a2902b6599446841948de2ed02413e29f110e77edaea6ed58780ba1ff433388466c1cb73206340690b4f93954f21d50f12ba6bf65f1fd08380119ab52bd1a8ddc16f1e34e72946ed83b8d83e0b631dc56e78d158fe042c8ad690ec,gx-no-cache=1484742727437 HTTP/1.1" 200 29
192.168.10.17 - - [18/Jan/2017:08:29:06 -0300] "POST /cormun/servlet/solicitudgral2?gx-no-cache=1484742727458 HTTP/1.1" 200 1236
192.168.10.17 - - [18/Jan/2017:08:29:06 -0300] "POST /cormun/servlet/solicitudgral2?gx-no-cache=1484742727495 HTTP/1.1" 200 1141
192.168.10.17 - - [18/Jan/2017:08:29:06 -0300] "GET /cormun/servlet/solicitudgral2?9c1112761f4476498ee3f8cb33fda535f1d26787af0404b53af61d1bcdc2aa90eee0e69f6617a32fb8c6ea0247bb7f190dada92a3f69e6d3d942612624e304d131e8eca16fd03af921f76ed30b220c879d9331cb08071e265448fb2f62cf0914cfc6d49af992eee3dee6bd2a3ec27a2ae1d3122ecd154b7c35d5177fd02680bc,gx-no-cache=1484742727529 HTTP/1.1" 200 30
192.168.10.17 - - [18/Jan/2017:08:29:06 -0300] "POST /cormun/servlet/solicitudgral2?59c8ca4351429fa6a01cc30e14779248,UPD,2017,3718,,gx-no-cache=1484742727551 HTTP/1.1" 200 93
192.168.10.17 - - [18/Jan/2017:08:29:06 -0300] "GET /cormun/servlet/hpexe_return? HTTP/1.1" 200 1035
192.168.10.17 - - [18/Jan/2017:08:29:07 -0300] "GET /cormun/servlet/trsolicitudgral?gx-no-cache=1484742246843 HTTP/1.1" 200 10396
192.168.10.17 - - [18/Jan/2017:08:29:07 -0300] "GET /cormun/servlet/trsolicitudgral?gx-no-cache=1484742246843 HTTP/1.1" 200 10412
192.168.10.17 - - [18/Jan/2017:08:29:15 -0300] "GET /cormun/servlet/solicitudgral2?UPD,2017,3716, HTTP/1.1" 200 12314
192.168.10.17 - - [18/Jan/2017:08:29:15 -0300] "GET /cormun/servlet/solicitudgral2?UPD,2017,3716, HTTP/1.1" 200 12303
192.168.10.17 - - [18/Jan/2017:08:29:16 -0300] "POST /cormun/servlet/solicitudgral2?gx-no-cache=1484742737018 HTTP/1.1" 200 3190
192.168.10.17 - - [18/Jan/2017:08:29:16 -0300] "GET /cormun/servlet/solicitudgral2?9c1112761f4476498ee3f8cb33fda535fdbbd13c7db34dbace87ad97737d15e3df58b112250379e198fdbc17baef5affcfd1f28a67a8943d5a75f31254e5abe06833d79f5af25438e6c346b70ecbf1b3b90c3e7ffef4999d1c56dfb9915722c8805c4f8c786fcb8675fa3678d21bb2cfba261f8297dda8ea2001acc6553fe334d271d5318fe542c60c3ca07b639819a52f204aeebfabc9dbf8a4c7e0f311d06c4401fedaa6ff0079d15d6680f59a45ecf345ff133258f4434c4aefa1328af4d780591b95e034f9c8b41e2b5398b7998286197587d9a53c0644a52dcdac7e1c6cf462508efc4c653194edb72218bafead03d2491e4549ae1e03975fb2b98b2f0ab9523b343b94001e6842ff7946adcde75a0fc83f5bc49bcc58f52d3031ea1046a9e2c547361760d991fddd7b9dd91e6a5f67ec7a875c837121a919eaef7a9aeb52756919c9271d1300dd02c1c4f6d67a,gx-no-cache=1484742737139 HTTP/1.1" 200 257
192.168.10.17 - - [18/Jan/2017:08:29:16 -0300] "POST /cormun/servlet/solicitudgral2?gx-no-cache=1484742737168 HTTP/1.1" 200 1340
192.168.10.17 - - [18/Jan/2017:08:29:16 -0300] "GET /cormun/servlet/solicitudgral2?9c1112761f4476498ee3f8cb33fda535c7556fa3d7f31f332f72aa068f8559169e607e2f18d057063c41761e8f531deccfd1f28a67a8943d5a75f31254e5abe056d5dbd6ee5485348e9c89e96eade27aa4087db6cea0a55a929c1626d6d46080efc72f198ce95b6283211447144da926,gx-no-cache=1484742737211 HTTP/1.1" 200 41
192.168.10.17 - - [18/Jan/2017:08:29:18 -0300] "POST /cormun/servlet/solicitudgral2?59c8ca4351429fa6a01cc30e14779248,UPD,2017,3716,,gx-no-cache=1484742738824 HTTP/1.1" 200 10589
192.168.10.17 - - [18/Jan/2017:08:29:19 -0300] "GET /cormun/servlet/solicitudgral2?9c1112761f4476498ee3f8cb33fda535cdce42140b1341c373015bdb65ddf955f557e5a80b5a8229f417de39803913f586063c260e1e83abdb8f6bc8ad8fcd905590bd03e9cf911a2327fcc4d36815dfeab45fe52f6cfd1bdbffcecdd86cdee2817078f4a98b7e45e967ca681a6108671dc43d5a89a2902b6599446841948de2ed02413e29f110e77edaea6ed58780ba1ff433388466c1cb73206340690b4f93954f21d50f12ba6bf65f1fd08380119ab52bd1a8ddc16f1e34e72946ed83b8d83e0b631dc56e78d158fe042c8ad690ec,gx-no-cache=1484742740612 HTTP/1.1" 200 29
192.168.10.17 - - [18/Jan/2017:08:29:19 -0300] "POST /cormun/servlet/solicitudgral2?gx-no-cache=1484742740636 HTTP/1.1" 200 1236
192.168.10.17 - - [18/Jan/2017:08:29:19 -0300] "POST /cormun/servlet/solicitudgral2?gx-no-cache=1484742740686 HTTP/1.1" 200 1141
192.168.10.17 - - [18/Jan/2017:08:29:19 -0300] "GET /cormun/servlet/solicitudgral2?9c1112761f4476498ee3f8cb33fda535f1d26787af0404b53af61d1bcdc2aa90eee0e69f6617a32fb8c6ea0247bb7f190dada92a3f69e6d3d942612624e304d131e8eca16fd03af921f76ed30b220c879d9331cb08071e265448fb2f62cf0914cfc6d49af992eee3dee6bd2a3ec27a2ae1d3122ecd154b7c35d5177fd02680bc,gx-no-cache=1484742740721 HTTP/1.1" 200 30
192.168.10.17 - - [18/Jan/2017:08:29:20 -0300] "POST /cormun/servlet/solicitudgral2?59c8ca4351429fa6a01cc30e14779248,UPD,2017,3716,,gx-no-cache=1484742740742 HTTP/1.1" 200 93
192.168.10.17 - - [18/Jan/2017:08:29:20 -0300] "GET /cormun/servlet/hpexe_return? HTTP/1.1" 200 1034
192.168.10.17 - - [18/Jan/2017:08:29:20 -0300] "GET /cormun/servlet/trsolicitudgral?gx-no-cache=1484742246843 HTTP/1.1" 200 10399
192.168.10.17 - - [18/Jan/2017:08:29:20 -0300] "GET /cormun/servlet/trsolicitudgral?gx-no-cache=1484742246843 HTTP/1.1" 200 10415
192.168.10.17 - - [18/Jan/2017:08:30:14 -0300] "POST /cormun/servlet/trsolicitudgral?59c8ca4351429fa6a01cc30e14779248,gx-no-cache=1484742246843,gx-no-cache=1484742795075 HTTP/1.1" 200 6477
192.168.10.17 - - [18/Jan/2017:08:30:35 -0300] "POST /cormun/servlet/trsolicitudgral?59c8ca4351429fa6a01cc30e14779248,gx-no-cache=1484742246843,gx-no-cache=1484742815975 HTTP/1.1" 200 6464
192.168.10.17 - - [18/Jan/2017:08:30:41 -0300] "GET /cormun/servlet/solicitudgral?UPD,2017,3734, HTTP/1.1" 200 12113
192.168.10.17 - - [18/Jan/2017:08:30:42 -0300] "GET /cormun/servlet/solicitudgral?UPD,2017,3734, HTTP/1.1" 200 12101
192.168.10.17 - - [18/Jan/2017:08:30:43 -0300] "POST /cormun/servlet/solicitudgral?gx-no-cache=1484742823765 HTTP/1.1" 200 3155
192.168.10.17 - - [18/Jan/2017:08:30:43 -0300] "GET /cormun/servlet/solicitudgral?9c1112761f4476498ee3f8cb33fda535fdbbd13c7db34dbace87ad97737d15e3df58b112250379e198fdbc17baef5affcfd1f28a67a8943d5a75f31254e5abe06833d79f5af25438e6c346b70ecbf1b3b45f5b31516d85b20ffc62e8cedca9ee805c4f8c786fcb8675fa3678d21bb2cfba261f8297dda8ea2001acc6553fe334d271d5318fe542c60c3ca07b639819a52f204aeebfabc9dbf8a4c7e0f311d06c4401fedaa6ff0079d15d6680f59a45ecf345ff133258f4434c4aefa1328af4d780591b95e034f9c8b41e2b5398b7998286197587d9a53c0644a52dcdac7e1c6cf462508efc4c653194edb72218bafead03d2491e4549ae1e03975fb2b98b2f0ab9523b343b94001e6842ff7946adcde75a0fc83f5bc49bcc58f52d3031ea1046a9e2c547361760d991fddd7b9dd91e6a5f67ec7a875c837121a919eaef7a9aeb52756919c9271d1300dd02c1c4f6d67a,gx-no-cache=1484742823888 HTTP/1.1" 200 258
192.168.10.17 - - [18/Jan/2017:08:30:43 -0300] "GET /cormun/servlet/solicitudgral?9c1112761f4476498ee3f8cb33fda535a08163b1c85c13a56008865d6199b8ab033ec6e093d1408b9b2a982be4000eedca5cac7df774171a6fb3f3e422c1d60b6e5e1c46942270a669d3675dd73626955eecf4aeeb4e6ebe9e4b8ca43ab81d3cd8be215e126e12458c60d494714610132ac0ccd00be017366ecf638a7a9a5c4dbbebaf7ea81f3b7e78cc261deab87c3578579c9db8f664e89e8b902349cc26efe9d2ac022808e3616ed32a6f1bcac69480591b95e034f9c8b41e2b5398b799825e6e4fdbbe7329713ab9f59af179708abbc165427e52a31f363bdac263cc8765d333dc1a7ffdd85e6e44cf55ab0f1ecc0ac96a387978421c60587a685da237439e7d98d35dddd27f78c0cb6c5d452354064d9102959e71e17c92f4dd58c281dffece5d364f4806126c98c9b2b27a6ceab4717eb3f07772d5dc7b5369dcf7c2b8c5c766256cb11226ff6cc091df8ff93951cb311db2d8f9dae2cd8b8f8177ca2337726b0704011b1c113d9c2404dad8a93dcba68823ffc59cc91eec9d96fb7e61485210333647505d29f02c6bfb3dcb544c8530f5e011602a6f425e81e36134adbe9108a4e0af3fcd4d21e5f134d4d9a09f87a4151754f9480a07daa96f8402292bf81313d6f45713b5dd359dcefc9766a375d9dc3d8bf8d2e524ed08f8681e8780f3267256d7856748e1bd2b5449dc264c8530f5e011602a6f425e81e36134adaf0294c55c46384c2a1f0e11a984cfe21b13144cdd9417b02ef04d2021a8c919c102f945ca7448c05c650d2d9ea93d62,gx-no-cache=1484742824321 HTTP/1.1" 200 48
192.168.10.17 - - [18/Jan/2017:08:30:44 -0300] "POST /cormun/servlet/solicitudgral?59c8ca4351429fa6a01cc30e14779248,UPD,2017,3734,,gx-no-cache=1484742825366 HTTP/1.1" 200 10506
192.168.10.17 - - [18/Jan/2017:08:30:47 -0300] "GET /cormun/servlet/solicitudgral?9c1112761f4476498ee3f8cb33fda535a80e97d730fa5f03cdbe9ede0fb1e14cf557e5a80b5a8229f417de39803913f583adc51fab5df8a90619520e8d5d97f92a768492a8e6923af159bbefbd75680eeeb660e1f0c6f3c2bdce7bd45cd4051a682413cc3de840f1147d4aa62b788c57,gx-no-cache=1484742828759 HTTP/1.1" 200 29
192.168.10.17 - - [18/Jan/2017:08:30:47 -0300] "POST /cormun/servlet/solicitudgral?gx-no-cache=1484742828783 HTTP/1.1" 200 1236
192.168.10.17 - - [18/Jan/2017:08:30:48 -0300] "POST /cormun/servlet/solicitudgral?gx-no-cache=1484742828831 HTTP/1.1" 200 1139
192.168.10.17 - - [18/Jan/2017:08:30:49 -0300] "POST /cormun/servlet/solicitudgral?59c8ca4351429fa6a01cc30e14779248,UPD,2017,3734,,gx-no-cache=1484742829714 HTTP/1.1" 200 93
192.168.10.17 - - [18/Jan/2017:08:30:49 -0300] "GET /cormun/servlet/hpexe_return? HTTP/1.1" 200 1033
192.168.10.17 - - [18/Jan/2017:08:30:49 -0300] "GET /cormun/servlet/trsolicitudgral?gx-no-cache=1484742246843 HTTP/1.1" 200 9583
192.168.10.17 - - [18/Jan/2017:08:30:50 -0300] "GET /cormun/servlet/trsolicitudgral?gx-no-cache=1484742246843 HTTP/1.1" 200 9599
192.168.10.89 - - [18/Jan/2017:08:32:51 -0300] "GET /cormun/servlet/hlogin HTTP/1.1" 200 1740
192.168.10.89 - - [18/Jan/2017:08:32:59 -0300] "POST /cormun/servlet/hlogin?4baac542b0b21db5b603c7809c2d428a,gx-no-cache=1484742482498 HTTP/1.1" 200 90
192.168.10.89 - - [18/Jan/2017:08:32:59 -0300] "GET /cormun/servlet/hpexe_link HTTP/1.1" 200 952
192.168.10.89 - - [18/Jan/2017:08:32:59 -0300] "GET /cormun/servlet/hhome HTTP/1.1" 200 4344
192.168.10.89 - - [18/Jan/2017:08:33:02 -0300] "GET /cormun/servlet/trsolicitudgral? HTTP/1.1" 200 10526
192.168.10.89 - - [18/Jan/2017:08:33:02 -0300] "GET /cormun/static/gxcfg.js?201711112283756 HTTP/1.1" 304 -
192.168.10.89 - - [18/Jan/2017:08:33:02 -0300] "GET /cormun/static/trsolicitudgral.js?201711112284670 HTTP/1.1" 304 -
192.168.10.17 - - [18/Jan/2017:08:33:16 -0300] "POST /cormun/servlet/trsolicitudgral?59c8ca4351429fa6a01cc30e14779248,gx-no-cache=1484742246843,gx-no-cache=1484742977490 HTTP/1.1" 200 6470
192.168.10.89 - - [18/Jan/2017:08:33:27 -0300] "GET /cormun/static/menuarrow.gif HTTP/1.1" 404 1015
192.168.10.89 - - [18/Jan/2017:08:33:37 -0300] "POST /cormun/servlet/trsolicitudgral?4baac542b0b21db5b603c7809c2d428a,,gx-no-cache=1484742519644 HTTP/1.1" 200 20886
192.168.10.17 - - [18/Jan/2017:08:33:54 -0300] "POST /cormun/servlet/trsolicitudgral?59c8ca4351429fa6a01cc30e14779248,gx-no-cache=1484742246843,gx-no-cache=1484743014899 HTTP/1.1" 200 6459
192.168.10.89 - - [18/Jan/2017:08:33:55 -0300] "POST /cormun/servlet/trsolicitudgral?4baac542b0b21db5b603c7809c2d428a,,gx-no-cache=1484742538658 HTTP/1.1" 200 6455
192.168.10.89 - - [18/Jan/2017:08:34:12 -0300] "POST /cormun/servlet/trsolicitudgral?4baac542b0b21db5b603c7809c2d428a,,gx-no-cache=1484742555309 HTTP/1.1" 200 6482
192.168.10.17 - - [18/Jan/2017:08:34:19 -0300] "GET /cormun/servlet/solicitudgral?UPD,2017,3739, HTTP/1.1" 200 12143
192.168.10.17 - - [18/Jan/2017:08:34:20 -0300] "GET /cormun/servlet/solicitudgral?UPD,2017,3739, HTTP/1.1" 200 12130
192.168.10.17 - - [18/Jan/2017:08:34:21 -0300] "POST /cormun/servlet/solicitudgral?gx-no-cache=1484743041861 HTTP/1.1" 200 3170
192.168.10.17 - - [18/Jan/2017:08:34:21 -0300] "GET /cormun/servlet/solicitudgral?9c1112761f4476498ee3f8cb33fda535fdbbd13c7db34dbace87ad97737d15e3df58b112250379e198fdbc17baef5affcfd1f28a67a8943d5a75f31254e5abe06833d79f5af25438e6c346b70ecbf1b3b45f5b31516d85b20ffc62e8cedca9ee805c4f8c786fcb8675fa3678d21bb2cfba261f8297dda8ea2001acc6553fe334d271d5318fe542c60c3ca07b639819a52f204aeebfabc9dbf8a4c7e0f311d06c4401fedaa6ff0079d15d6680f59a45ecf345ff133258f4434c4aefa1328af4d780591b95e034f9c8b41e2b5398b7998286197587d9a53c0644a52dcdac7e1c6cf462508efc4c653194edb72218bafead03d2491e4549ae1e03975fb2b98b2f0ab9523b343b94001e6842ff7946adcde75a0fc83f5bc49bcc58f52d3031ea1046a9e2c547361760d991fddd7b9dd91e6a5f67ec7a875c837121a919eaef7a9aeb52756919c9271d1300dd02c1c4f6d67a,gx-no-cache=1484743041992 HTTP/1.1" 200 258
192.168.10.17 - - [18/Jan/2017:08:34:21 -0300] "GET /cormun/servlet/solicitudgral?9c1112761f4476498ee3f8cb33fda535a08163b1c85c13a56008865d6199b8ab033ec6e093d1408b9b2a982be4000eedca5cac7df774171a6fb3f3e422c1d60b6e5e1c46942270a669d3675dd73626955eecf4aeeb4e6ebe9e4b8ca43ab81d3cd8be215e126e12458c60d494714610132ac0ccd00be017366ecf638a7a9a5c4dbbebaf7ea81f3b7e78cc261deab87c3578579c9db8f664e89e8b902349cc26efe9d2ac022808e3616ed32a6f1bcac69480591b95e034f9c8b41e2b5398b799825e6e4fdbbe7329713ab9f59af179708abbc165427e52a31f363bdac263cc8765d333dc1a7ffdd85e6e44cf55ab0f1ecc0ac96a387978421c60587a685da237439e7d98d35dddd27f78c0cb6c5d452354064d9102959e71e17c92f4dd58c281dffece5d364f4806126c98c9b2b27a6ceab4717eb3f07772d5dc7b5369dcf7c2b8c5c766256cb11226ff6cc091df8ff93951cb311db2d8f9dae2cd8b8f8177ca2337726b0704011b1c113d9c2404dad8a93dcba68823ffc59cc91eec9d96fb7e61485210333647505d29f02c6bfb3dcb544c8530f5e011602a6f425e81e36134adbe9108a4e0af3fcd4d21e5f134d4d9a09f87a4151754f9480a07daa96f8402292bf81313d6f45713b5dd359dcefc9766a375d9dc3d8bf8d2e524ed08f8681e8780f3267256d7856748e1bd2b5449dc264c8530f5e011602a6f425e81e36134adaf0294c55c46384c2a1f0e11a984cfe21b13144cdd9417b02ef04d2021a8c919c102f945ca7448c05c650d2d9ea93d62,gx-no-cache=1484743042488 HTTP/1.1" 200 48
192.168.10.17 - - [18/Jan/2017:08:34:22 -0300] "POST /cormun/servlet/solicitudgral?59c8ca4351429fa6a01cc30e14779248,UPD,2017,3739,,gx-no-cache=1484743043006 HTTP/1.1" 200 10547
192.168.10.17 - - [18/Jan/2017:08:34:25 -0300] "POST /cormun/servlet/solicitudgral?59c8ca4351429fa6a01cc30e14779248,UPD,2017,3739,,gx-no-cache=1484743046467 HTTP/1.1" 200 10546
192.168.10.17 - - [18/Jan/2017:08:34:27 -0300] "GET /cormun/servlet/solicitudgral?9c1112761f4476498ee3f8cb33fda535584a483e043fba953fcfba1f77476d02f557e5a80b5a8229f417de39803913f5c6a06758c5194f5f599766beff0070cc5590bd03e9cf911a2327fcc4d36815dfeab45fe52f6cfd1bdbffcecdd86cdee2817078f4a98b7e45e967ca681a6108671dc43d5a89a2902b6599446841948de2ed02413e29f110e77edaea6ed58780ba1ff433388466c1cb73206340690b4f93954f21d50f12ba6bf65f1fd08380119ab52bd1a8ddc16f1e34e72946ed83b8d83e0b631dc56e78d158fe042c8ad690ec,gx-no-cache=1484743048412 HTTP/1.1" 200 29
192.168.10.17 - - [18/Jan/2017:08:34:27 -0300] "POST /cormun/servlet/solicitudgral?gx-no-cache=1484743048436 HTTP/1.1" 200 1237
192.168.10.17 - - [18/Jan/2017:08:34:27 -0300] "POST /cormun/servlet/solicitudgral?gx-no-cache=1484743048483 HTTP/1.1" 200 1141
192.168.10.17 - - [18/Jan/2017:08:34:27 -0300] "POST /cormun/servlet/solicitudgral?59c8ca4351429fa6a01cc30e14779248,UPD,2017,3739,,gx-no-cache=1484743048523 HTTP/1.1" 200 93
192.168.10.17 - - [18/Jan/2017:08:34:27 -0300] "GET /cormun/servlet/hpexe_return? HTTP/1.1" 200 1033
192.168.10.17 - - [18/Jan/2017:08:34:28 -0300] "GET /cormun/servlet/trsolicitudgral?gx-no-cache=1484742246843 HTTP/1.1" 200 9583
192.168.10.17 - - [18/Jan/2017:08:34:28 -0300] "GET /cormun/servlet/trsolicitudgral?gx-no-cache=1484742246843 HTTP/1.1" 200 9601
192.168.10.89 - - [18/Jan/2017:08:34:30 -0300] "POST /cormun/servlet/trsolicitudgral?4baac542b0b21db5b603c7809c2d428a,,gx-no-cache=1484742573559 HTTP/1.1" 200 7120
192.168.10.17 - - [18/Jan/2017:08:34:45 -0300] "POST /cormun/servlet/trsolicitudgral?59c8ca4351429fa6a01cc30e14779248,gx-no-cache=1484742246843,gx-no-cache=1484743066588 HTTP/1.1" 200 7044
192.168.10.17 - - [18/Jan/2017:08:34:57 -0300] "GET /cormun/servlet/solicitudgral?UPD,2017,3748, HTTP/1.1" 200 12138
192.168.10.17 - - [18/Jan/2017:08:34:58 -0300] "GET /cormun/servlet/solicitudgral?UPD,2017,3748, HTTP/1.1" 200 12126
192.168.10.17 - - [18/Jan/2017:08:34:58 -0300] "POST /cormun/servlet/solicitudgral?gx-no-cache=1484743079689 HTTP/1.1" 200 3183
192.168.10.17 - - [18/Jan/2017:08:34:59 -0300] "GET /cormun/servlet/solicitudgral?9c1112761f4476498ee3f8cb33fda535fdbbd13c7db34dbace87ad97737d15e3df58b112250379e198fdbc17baef5affcfd1f28a67a8943d5a75f31254e5abe06833d79f5af25438e6c346b70ecbf1b3b90c3e7ffef4999d1c56dfb9915722c8805c4f8c786fcb8675fa3678d21bb2cfba261f8297dda8ea2001acc6553fe334d271d5318fe542c60c3ca07b639819a52f204aeebfabc9dbf8a4c7e0f311d06c4401fedaa6ff0079d15d6680f59a45ecf345ff133258f4434c4aefa1328af4d780591b95e034f9c8b41e2b5398b7998286197587d9a53c0644a52dcdac7e1c6cf462508efc4c653194edb72218bafead03d2491e4549ae1e03975fb2b98b2f0ab9523b343b94001e6842ff7946adcde75a0fc83f5bc49bcc58f52d3031ea1046a9e2c547361760d991fddd7b9dd91e6a5f67ec7a875c837121a919eaef7a9aeb52756919c9271d1300dd02c1c4f6d67a,gx-no-cache=1484743079820 HTTP/1.1" 200 257
192.168.10.17 - - [18/Jan/2017:08:34:59 -0300] "GET /cormun/servlet/solicitudgral?9c1112761f4476498ee3f8cb33fda535a08163b1c85c13a56008865d6199b8abe6438e7af4c433a7d64e99ca1596c8de73c881b749326dcbad434c55ccc9e5a416f029dd66c8e679c4ca9ae77772b6cc12855bc5654f17f1f960321629c573002a4095cb04abaf914b1c85dbbb8ea054fb3a688c975184875e4f374da00387912ea7a344309602f3f8f2d5dae2b2697551f951fec18134a5013581f99949dda4ca0751e8c3d24279885e15238087ca89c8fdf7c79e51de42879afb5c9c3587c0ecdddd4206bac00c7a3237c1db11894fa91b7af22490321333af0baf4aa91e5fbac716329e6f993d329940c1b6c9b1d5ecdb37638b4736c3c42da53b54e0f8e655a4786add5f4b18c3843abbd7ed687453a4333eaf7367a6b3ebd5673717ea8a0a69841296281dab8df8cb3703c9bc6498f9546cc589e84ee7d5b0f630281288a838cbe104b8e62c1cf6969eda572fb02624b2ebc6620935b9c2010bec6c0f1f03b645b86e98441f40bc5d8d2dc54f6d94c5f08d0cf009e96db137694c794f211460a897898c0057ba168a65f9e0c0284a971ac5ac60fd6fcc23653c15b52469537dd84eca7d901bbcd315ae99840ae110bac4b3ed6ba2c6d4ec8657326b4323c0e533c555f2e2b2384f7f013e11a78cb0af7d6d56d7272a4d23bb0f22ed8abb2e608ca538ef0f5461733b61576d3c9ce6ea25266a91e14e33215c82bed366265c48e8030b70f00e307742afab4a3fc48b035589f3ae862ecc591439fbc9774e4495dc38178d2a8f490a280af516e3ce,gx-no-cache=1484743079977 HTTP/1.1" 200 48
192.168.10.17 - - [18/Jan/2017:08:35:02 -0300] "POST /cormun/servlet/solicitudgral?59c8ca4351429fa6a01cc30e14779248,UPD,2017,3748,,gx-no-cache=1484743083349 HTTP/1.1" 200 10548
192.168.10.17 - - [18/Jan/2017:08:35:04 -0300] "GET /cormun/servlet/solicitudgral?9c1112761f4476498ee3f8cb33fda535584a483e043fba953fcfba1f77476d02f557e5a80b5a8229f417de39803913f5c6a06758c5194f5f599766beff0070cc5590bd03e9cf911a2327fcc4d36815dfeab45fe52f6cfd1bdbffcecdd86cdee2817078f4a98b7e45e967ca681a6108671dc43d5a89a2902b6599446841948de2ed02413e29f110e77edaea6ed58780ba1ff433388466c1cb73206340690b4f93954f21d50f12ba6bf65f1fd08380119ab52bd1a8ddc16f1e34e72946ed83b8d83e0b631dc56e78d158fe042c8ad690ec,gx-no-cache=1484743085235 HTTP/1.1" 200 29
192.168.10.17 - - [18/Jan/2017:08:35:04 -0300] "POST /cormun/servlet/solicitudgral?gx-no-cache=1484743085260 HTTP/1.1" 200 1235
192.168.10.17 - - [18/Jan/2017:08:35:04 -0300] "POST /cormun/servlet/solicitudgral?gx-no-cache=1484743085320 HTTP/1.1" 200 1140
192.168.10.17 - - [18/Jan/2017:08:35:04 -0300] "POST /cormun/servlet/solicitudgral?59c8ca4351429fa6a01cc30e14779248,UPD,2017,3748,,gx-no-cache=1484743085384 HTTP/1.1" 200 93
192.168.10.17 - - [18/Jan/2017:08:35:04 -0300] "GET /cormun/servlet/hpexe_return? HTTP/1.1" 200 1033
192.168.10.17 - - [18/Jan/2017:08:35:04 -0300] "GET /cormun/servlet/trsolicitudgral?gx-no-cache=1484742246843 HTTP/1.1" 200 10163
192.168.10.17 - - [18/Jan/2017:08:35:05 -0300] "GET /cormun/servlet/trsolicitudgral?gx-no-cache=1484742246843 HTTP/1.1" 200 10180
192.168.10.17 - - [18/Jan/2017:08:35:10 -0300] "GET /cormun/servlet/solicitudgral?UPD,2017,3748, HTTP/1.1" 200 12138
192.168.10.17 - - [18/Jan/2017:08:35:11 -0300] "GET /cormun/servlet/solicitudgral?UPD,2017,3748, HTTP/1.1" 200 12126
192.168.10.17 - - [18/Jan/2017:08:35:11 -0300] "POST /cormun/servlet/solicitudgral?gx-no-cache=1484743092461 HTTP/1.1" 200 3183
192.168.10.17 - - [18/Jan/2017:08:35:11 -0300] "GET /cormun/servlet/solicitudgral?9c1112761f4476498ee3f8cb33fda535fdbbd13c7db34dbace87ad97737d15e3df58b112250379e198fdbc17baef5affcfd1f28a67a8943d5a75f31254e5abe06833d79f5af25438e6c346b70ecbf1b3b90c3e7ffef4999d1c56dfb9915722c8805c4f8c786fcb8675fa3678d21bb2cfba261f8297dda8ea2001acc6553fe334d271d5318fe542c60c3ca07b639819a52f204aeebfabc9dbf8a4c7e0f311d06c4401fedaa6ff0079d15d6680f59a45ecf345ff133258f4434c4aefa1328af4d780591b95e034f9c8b41e2b5398b7998286197587d9a53c0644a52dcdac7e1c6cf462508efc4c653194edb72218bafead03d2491e4549ae1e03975fb2b98b2f0ab9523b343b94001e6842ff7946adcde75a0fc83f5bc49bcc58f52d3031ea1046a9e2c547361760d991fddd7b9dd91e6a5f67ec7a875c837121a919eaef7a9aeb52756919c9271d1300dd02c1c4f6d67a,gx-no-cache=1484743092578 HTTP/1.1" 200 257
