186.103.158.250 - - [18/Jan/2017:16:47:16 -0300] "POST /cormun/servlet/solicitudotadjuntos?gx-no-cache=1484768846665 HTTP/1.1" 200 26
192.168.10.89 - - [18/Jan/2017:16:47:33 -0300] "POST /cormun/servlet/trsolicitudgral?ead6cbe6a32145542f7fc5bf6108a02f,,gx-no-cache=1484772156594 HTTP/1.1" 200 5466
192.168.10.89 - - [18/Jan/2017:16:47:34 -0300] "POST /cormun/servlet/trsolicitudgral?ead6cbe6a32145542f7fc5bf6108a02f,,gx-no-cache=1484772157899 HTTP/1.1" 200 5228
192.168.10.89 - - [18/Jan/2017:16:47:43 -0300] "POST /cormun/servlet/trsolicitudgral?ead6cbe6a32145542f7fc5bf6108a02f,,gx-no-cache=1484772166208 HTTP/1.1" 200 6465
192.168.10.89 - - [18/Jan/2017:16:47:45 -0300] "POST /cormun/servlet/trsolicitudgral?ead6cbe6a32145542f7fc5bf6108a02f,,gx-no-cache=1484772168855 HTTP/1.1" 200 5445
192.168.10.89 - - [18/Jan/2017:16:47:47 -0300] "POST /cormun/servlet/trsolicitudgral?ead6cbe6a32145542f7fc5bf6108a02f,,gx-no-cache=1484772170198 HTTP/1.1" 200 5230
186.103.158.250 - - [18/Jan/2017:16:47:52 -0300] "GET /cormun/servlet/solicitudotadjuntos?dac8c1b3c9f568bd504a8f495f5b3e862a44d1584ad259e3b6a529eb7f43e3b2,gx-no-cache=1484768883114 HTTP/1.1" 200 30
186.103.158.250 - - [18/Jan/2017:16:47:52 -0300] "GET /cormun/servlet/solicitudotadjuntos?dac8c1b3c9f568bd504a8f495f5b3e862a44d1584ad259e3b6a529eb7f43e3b2,gx-no-cache=1484768883215 HTTP/1.1" 200 30
186.103.158.250 - - [18/Jan/2017:16:47:56 -0300] "POST /cormun/servlet/solicitudotadjuntos?f3d98b0717f3005c5d1957f3c551195d,INS,2017,4709,,1, HTTP/1.1" 200 116
192.168.10.89 - - [18/Jan/2017:16:47:56 -0300] "POST /cormun/servlet/trsolicitudgral?ead6cbe6a32145542f7fc5bf6108a02f,,gx-no-cache=1484772178946 HTTP/1.1" 200 6784
186.103.158.250 - - [18/Jan/2017:16:47:56 -0300] "GET /cormun/servlet/hpexe_return? HTTP/1.1" 200 1029
186.103.158.250 - - [18/Jan/2017:16:47:56 -0300] "GET /cormun/servlet/trsolicitudadjuntos?2017,4709, HTTP/1.1" 200 8313
186.103.158.250 - - [18/Jan/2017:16:48:02 -0300] "GET /cormun/servlet/solicitudotadjuntos?INS,2017,4709,,1, HTTP/1.1" 200 5753
186.103.158.250 - - [18/Jan/2017:16:48:03 -0300] "HEAD /cormun/static/about:blank HTTP/1.1" 404 -
186.103.158.250 - - [18/Jan/2017:16:48:04 -0300] "GET /cormun/servlet/solicitudotadjuntos?dac8c1b3c9f568bd504a8f495f5b3e86fe57fa986af4daabff17c148642aecaa161f93d6b5c4ac24dfdfa4ce3d01f0e2,gx-no-cache=1484768895182 HTTP/1.1" 200 30
186.103.158.250 - - [18/Jan/2017:16:48:04 -0300] "POST /cormun/servlet/solicitudotadjuntos?f3d98b0717f3005c5d1957f3c551195d,INS,2017,4709,,1,,gx-no-cache=1484768895267 HTTP/1.1" 200 3638
186.103.158.250 - - [18/Jan/2017:16:48:11 -0300] "POST /cormun/servlet/solicitudotadjuntos?gx-no-cache=1484768902292 HTTP/1.1" 200 26
186.103.158.250 - - [18/Jan/2017:16:48:21 -0300] "GET /cormun/servlet/solicitudotadjuntos?dac8c1b3c9f568bd504a8f495f5b3e862a44d1584ad259e3b6a529eb7f43e3b2,gx-no-cache=1484768911777 HTTP/1.1" 200 30
186.103.158.250 - - [18/Jan/2017:16:48:21 -0300] "GET /cormun/servlet/solicitudotadjuntos?dac8c1b3c9f568bd504a8f495f5b3e862a44d1584ad259e3b6a529eb7f43e3b2,gx-no-cache=1484768911816 HTTP/1.1" 200 30
186.103.158.250 - - [18/Jan/2017:16:48:21 -0300] "POST /cormun/servlet/solicitudotadjuntos?f3d98b0717f3005c5d1957f3c551195d,INS,2017,4709,,1, HTTP/1.1" 200 116
186.103.158.250 - - [18/Jan/2017:16:48:21 -0300] "GET /cormun/servlet/hpexe_return? HTTP/1.1" 200 1029
186.103.158.250 - - [18/Jan/2017:16:48:22 -0300] "GET /cormun/servlet/trsolicitudadjuntos?2017,4709, HTTP/1.1" 200 8440
186.103.158.250 - - [18/Jan/2017:16:48:28 -0300] "GET /cormun/servlet/solicitudotadjuntos?INS,2017,4709,,1, HTTP/1.1" 200 5753
186.103.158.250 - - [18/Jan/2017:16:48:28 -0300] "HEAD /cormun/static/about:blank HTTP/1.1" 404 -
186.103.158.250 - - [18/Jan/2017:16:48:30 -0300] "GET /cormun/servlet/solicitudotadjuntos?dac8c1b3c9f568bd504a8f495f5b3e86fe57fa986af4daabff17c148642aecaa161f93d6b5c4ac24dfdfa4ce3d01f0e2,gx-no-cache=1484768920859 HTTP/1.1" 200 30
186.103.158.250 - - [18/Jan/2017:16:48:30 -0300] "POST /cormun/servlet/solicitudotadjuntos?f3d98b0717f3005c5d1957f3c551195d,INS,2017,4709,,1,,gx-no-cache=1484768920903 HTTP/1.1" 200 3638
186.103.158.250 - - [18/Jan/2017:16:48:34 -0300] "POST /cormun/servlet/solicitudotadjuntos?gx-no-cache=1484768925345 HTTP/1.1" 200 26
192.168.10.89 - - [18/Jan/2017:16:48:42 -0300] "POST /cormun/servlet/trsolicitudgral?ead6cbe6a32145542f7fc5bf6108a02f,,gx-no-cache=1484772225278 HTTP/1.1" 200 6523
186.103.158.250 - - [18/Jan/2017:16:48:43 -0300] "GET /cormun/servlet/solicitudotadjuntos?dac8c1b3c9f568bd504a8f495f5b3e862a44d1584ad259e3b6a529eb7f43e3b2,gx-no-cache=1484768934409 HTTP/1.1" 200 30
186.103.158.250 - - [18/Jan/2017:16:48:43 -0300] "GET /cormun/servlet/solicitudotadjuntos?dac8c1b3c9f568bd504a8f495f5b3e862a44d1584ad259e3b6a529eb7f43e3b2,gx-no-cache=1484768934440 HTTP/1.1" 200 30
192.168.10.89 - - [18/Jan/2017:16:48:44 -0300] "POST /cormun/servlet/trsolicitudgral?ead6cbe6a32145542f7fc5bf6108a02f,,gx-no-cache=1484772227178 HTTP/1.1" 200 6464
186.103.158.250 - - [18/Jan/2017:16:48:45 -0300] "POST /cormun/servlet/solicitudotadjuntos?f3d98b0717f3005c5d1957f3c551195d,INS,2017,4709,,1, HTTP/1.1" 200 116
186.103.158.250 - - [18/Jan/2017:16:48:45 -0300] "GET /cormun/servlet/hpexe_return? HTTP/1.1" 200 1029
186.103.158.250 - - [18/Jan/2017:16:48:45 -0300] "GET /cormun/servlet/trsolicitudadjuntos?2017,4709, HTTP/1.1" 200 8681
192.168.10.89 - - [18/Jan/2017:16:48:50 -0300] "POST /cormun/servlet/trsolicitudgral?ead6cbe6a32145542f7fc5bf6108a02f,,gx-no-cache=1484772233289 HTTP/1.1" 200 5458
192.168.10.89 - - [18/Jan/2017:16:48:51 -0300] "POST /cormun/servlet/trsolicitudgral?ead6cbe6a32145542f7fc5bf6108a02f,,gx-no-cache=1484772234892 HTTP/1.1" 200 5227
186.103.158.250 - - [18/Jan/2017:16:48:51 -0300] "GET /cormun/servlet/solicitudotadjuntos?INS,2017,4709,,1, HTTP/1.1" 200 5753
186.103.158.250 - - [18/Jan/2017:16:48:52 -0300] "HEAD /cormun/static/about:blank HTTP/1.1" 404 -
186.103.158.250 - - [18/Jan/2017:16:48:54 -0300] "GET /cormun/servlet/solicitudotadjuntos?dac8c1b3c9f568bd504a8f495f5b3e86fe57fa986af4daabff17c148642aecaa161f93d6b5c4ac24dfdfa4ce3d01f0e2,gx-no-cache=1484768944625 HTTP/1.1" 200 30
186.103.158.250 - - [18/Jan/2017:16:48:54 -0300] "POST /cormun/servlet/solicitudotadjuntos?f3d98b0717f3005c5d1957f3c551195d,INS,2017,4709,,1,,gx-no-cache=1484768944693 HTTP/1.1" 200 3638
192.168.10.89 - - [18/Jan/2017:16:49:03 -0300] "POST /cormun/servlet/trsolicitudgral?ead6cbe6a32145542f7fc5bf6108a02f,,gx-no-cache=1484772246346 HTTP/1.1" 200 6472
186.103.158.250 - - [18/Jan/2017:16:49:04 -0300] "POST /cormun/servlet/solicitudotadjuntos?gx-no-cache=1484768955354 HTTP/1.1" 200 26
186.103.158.250 - - [18/Jan/2017:16:49:04 -0300] "GET /cormun/servlet/solicitudotadjuntos?dac8c1b3c9f568bd504a8f495f5b3e862a44d1584ad259e3b6a529eb7f43e3b2,gx-no-cache=1484768955412 HTTP/1.1" 200 30
186.103.158.250 - - [18/Jan/2017:16:49:04 -0300] "GET /cormun/servlet/solicitudotadjuntos?dac8c1b3c9f568bd504a8f495f5b3e862a44d1584ad259e3b6a529eb7f43e3b2,gx-no-cache=1484768955457 HTTP/1.1" 200 30
186.103.158.250 - - [18/Jan/2017:16:49:05 -0300] "POST /cormun/servlet/solicitudotadjuntos?f3d98b0717f3005c5d1957f3c551195d,INS,2017,4709,,1,,gx-no-cache=1484768955504 HTTP/1.1" 200 3448
186.103.158.250 - - [18/Jan/2017:16:49:05 -0300] "GET /cormun/static/Shared/jqueryui/images/ui-icons_ebccce_256x240.png HTTP/1.1" 404 1089
186.103.158.250 - - [18/Jan/2017:16:49:05 -0300] "GET /cormun/static/Shared/jqueryui/images/ui-bg_flat_55_994d53_40x100.png HTTP/1.1" 404 1097
186.103.158.250 - - [18/Jan/2017:16:49:05 -0300] "GET /cormun/static/Shared/jqueryui/images/ui-icons_82798d_256x240.png HTTP/1.1" 404 1089
186.103.158.250 - - [18/Jan/2017:16:49:05 -0300] "GET /cormun/static/Shared/jqueryui/images/ui-bg_highlight-soft_100_c6c2c8_1x100.png HTTP/1.1" 404 1117
192.168.10.89 - - [18/Jan/2017:16:49:06 -0300] "POST /cormun/servlet/trsolicitudgral?ead6cbe6a32145542f7fc5bf6108a02f,,gx-no-cache=1484772249843 HTTP/1.1" 200 5453
192.168.10.89 - - [18/Jan/2017:16:49:08 -0300] "POST /cormun/servlet/trsolicitudgral?ead6cbe6a32145542f7fc5bf6108a02f,,gx-no-cache=1484772251593 HTTP/1.1" 200 5228
186.103.158.250 - - [18/Jan/2017:16:49:10 -0300] "POST /cormun/servlet/solicitudotadjuntos?f3d98b0717f3005c5d1957f3c551195d,INS,2017,4709,,1,,gx-no-cache=1484768960842 HTTP/1.1" 200 93
186.103.158.250 - - [18/Jan/2017:16:49:10 -0300] "GET /cormun/servlet/hpexe_return? HTTP/1.1" 200 1029
186.103.158.250 - - [18/Jan/2017:16:49:11 -0300] "GET /cormun/servlet/trsolicitudadjuntos?2017,4709, HTTP/1.1" 200 8682
192.168.10.89 - - [18/Jan/2017:16:49:18 -0300] "POST /cormun/servlet/trsolicitudgral?ead6cbe6a32145542f7fc5bf6108a02f,,gx-no-cache=1484772261284 HTTP/1.1" 200 6488
192.168.10.89 - - [18/Jan/2017:16:49:22 -0300] "POST /cormun/servlet/trsolicitudgral?ead6cbe6a32145542f7fc5bf6108a02f,,gx-no-cache=1484772265341 HTTP/1.1" 200 5463
186.103.158.250 - - [18/Jan/2017:16:49:23 -0300] "GET /cormun/servlet/hpexe_return? HTTP/1.1" 200 1046
186.103.158.250 - - [18/Jan/2017:16:49:24 -0300] "GET /cormun/servlet/trsolicitudot?gx-no-cache=1484768600140 HTTP/1.1" 200 7973
192.168.10.89 - - [18/Jan/2017:16:49:24 -0300] "POST /cormun/servlet/trsolicitudgral?ead6cbe6a32145542f7fc5bf6108a02f,,gx-no-cache=1484772267248 HTTP/1.1" 200 5228
192.168.10.89 - - [18/Jan/2017:16:49:33 -0300] "POST /cormun/servlet/trsolicitudgral?ead6cbe6a32145542f7fc5bf6108a02f,,gx-no-cache=1484772276497 HTTP/1.1" 200 6768
186.103.158.250 - - [18/Jan/2017:16:49:35 -0300] "POST /cormun/servlet/trsolicitudot?f3d98b0717f3005c5d1957f3c551195d,gx-no-cache=1484768600140,gx-no-cache=1484768985229 HTTP/1.1" 200 4134
186.103.158.250 - - [18/Jan/2017:16:49:35 -0300] "POST /cormun/servlet/trsolicitudot?f3d98b0717f3005c5d1957f3c551195d,gx-no-cache=1484768600140,gx-no-cache=1484768986266 HTTP/1.1" 200 3901
186.103.158.250 - - [18/Jan/2017:16:49:36 -0300] "GET /cormun/static/Shared/jqueryui/images/ui-icons_8d78a5_256x240.png HTTP/1.1" 404 1089
186.103.158.250 - - [18/Jan/2017:16:49:36 -0300] "GET /cormun/static/Shared/jqueryui/images/ui-bg_flat_55_fafafa_40x100.png HTTP/1.1" 404 1097
186.103.158.250 - - [18/Jan/2017:16:49:36 -0300] "GET /cormun/static/Shared/jqueryui/images/ui-icons_82798d_256x240.png HTTP/1.1" 404 1089
186.103.158.250 - - [18/Jan/2017:16:49:36 -0300] "GET /cormun/static/Shared/jqueryui/images/ui-bg_highlight-soft_100_c6c2c8_1x100.png HTTP/1.1" 404 1117
192.168.10.89 - - [18/Jan/2017:16:49:44 -0300] "POST /cormun/servlet/trsolicitudgral?ead6cbe6a32145542f7fc5bf6108a02f,,gx-no-cache=1484772287055 HTTP/1.1" 200 6526
186.103.158.250 - - [18/Jan/2017:16:49:46 -0300] "GET /cormun/servlet/trsolicitudot? HTTP/1.1" 200 6677
192.168.10.89 - - [18/Jan/2017:16:49:46 -0300] "POST /cormun/servlet/trsolicitudgral?ead6cbe6a32145542f7fc5bf6108a02f,,gx-no-cache=1484772289784 HTTP/1.1" 200 6466
192.168.10.89 - - [18/Jan/2017:16:49:54 -0300] "POST /cormun/servlet/trsolicitudgral?ead6cbe6a32145542f7fc5bf6108a02f,,gx-no-cache=1484772297677 HTTP/1.1" 200 5459
192.168.10.89 - - [18/Jan/2017:16:49:56 -0300] "POST /cormun/servlet/trsolicitudgral?ead6cbe6a32145542f7fc5bf6108a02f,,gx-no-cache=1484772299848 HTTP/1.1" 200 5229
192.168.10.89 - - [18/Jan/2017:16:50:08 -0300] "POST /cormun/servlet/trsolicitudgral?ead6cbe6a32145542f7fc5bf6108a02f,,gx-no-cache=1484772311175 HTTP/1.1" 200 6487
192.168.10.89 - - [18/Jan/2017:16:50:18 -0300] "POST /cormun/servlet/trsolicitudgral?ead6cbe6a32145542f7fc5bf6108a02f,,gx-no-cache=1484772321794 HTTP/1.1" 200 5462
192.168.10.89 - - [18/Jan/2017:16:50:21 -0300] "POST /cormun/servlet/trsolicitudgral?ead6cbe6a32145542f7fc5bf6108a02f,,gx-no-cache=1484772324122 HTTP/1.1" 200 5230
192.168.10.89 - - [18/Jan/2017:16:50:33 -0300] "POST /cormun/servlet/trsolicitudgral?ead6cbe6a32145542f7fc5bf6108a02f,,gx-no-cache=1484772336017 HTTP/1.1" 200 6484
192.168.10.89 - - [18/Jan/2017:16:50:39 -0300] "POST /cormun/servlet/trsolicitudgral?ead6cbe6a32145542f7fc5bf6108a02f,,gx-no-cache=1484772341918 HTTP/1.1" 200 5468
192.168.10.89 - - [18/Jan/2017:16:50:41 -0300] "POST /cormun/servlet/trsolicitudgral?ead6cbe6a32145542f7fc5bf6108a02f,,gx-no-cache=1484772344417 HTTP/1.1" 200 5228
192.168.10.89 - - [18/Jan/2017:16:50:56 -0300] "POST /cormun/servlet/trsolicitudgral?ead6cbe6a32145542f7fc5bf6108a02f,,gx-no-cache=1484772359417 HTTP/1.1" 200 6480
192.168.10.89 - - [18/Jan/2017:16:51:05 -0300] "POST /cormun/servlet/trsolicitudgral?ead6cbe6a32145542f7fc5bf6108a02f,,gx-no-cache=1484772368538 HTTP/1.1" 200 5459
192.168.10.89 - - [18/Jan/2017:16:51:08 -0300] "POST /cormun/servlet/trsolicitudgral?ead6cbe6a32145542f7fc5bf6108a02f,,gx-no-cache=1484772371177 HTTP/1.1" 200 5229
192.168.10.89 - - [18/Jan/2017:16:51:22 -0300] "POST /cormun/servlet/trsolicitudgral?ead6cbe6a32145542f7fc5bf6108a02f,,gx-no-cache=1484772385420 HTTP/1.1" 200 6461
192.168.10.89 - - [18/Jan/2017:16:51:33 -0300] "POST /cormun/servlet/trsolicitudgral?ead6cbe6a32145542f7fc5bf6108a02f,,gx-no-cache=1484772396092 HTTP/1.1" 200 5440
192.168.10.89 - - [18/Jan/2017:16:51:35 -0300] "POST /cormun/servlet/trsolicitudgral?ead6cbe6a32145542f7fc5bf6108a02f,,gx-no-cache=1484772398918 HTTP/1.1" 200 5228
192.168.10.89 - - [18/Jan/2017:16:51:48 -0300] "POST /cormun/servlet/trsolicitudgral?ead6cbe6a32145542f7fc5bf6108a02f,,gx-no-cache=1484772411115 HTTP/1.1" 200 6475
192.168.10.89 - - [18/Jan/2017:16:51:56 -0300] "POST /cormun/servlet/trsolicitudgral?ead6cbe6a32145542f7fc5bf6108a02f,,gx-no-cache=1484772418968 HTTP/1.1" 200 5464
192.168.10.89 - - [18/Jan/2017:16:51:59 -0300] "POST /cormun/servlet/trsolicitudgral?ead6cbe6a32145542f7fc5bf6108a02f,,gx-no-cache=1484772421968 HTTP/1.1" 200 5227
192.168.10.89 - - [18/Jan/2017:16:52:19 -0300] "POST /cormun/servlet/trsolicitudgral?ead6cbe6a32145542f7fc5bf6108a02f,,gx-no-cache=1484772442512 HTTP/1.1" 200 6479
192.168.10.89 - - [18/Jan/2017:16:52:51 -0300] "POST /cormun/servlet/trsolicitudgral?ead6cbe6a32145542f7fc5bf6108a02f,,gx-no-cache=1484772473977 HTTP/1.1" 200 5455
192.168.10.89 - - [18/Jan/2017:16:52:54 -0300] "POST /cormun/servlet/trsolicitudgral?ead6cbe6a32145542f7fc5bf6108a02f,,gx-no-cache=1484772477277 HTTP/1.1" 200 5226
192.168.10.89 - - [18/Jan/2017:16:53:21 -0300] "POST /cormun/servlet/trsolicitudgral?ead6cbe6a32145542f7fc5bf6108a02f,,gx-no-cache=1484772504574 HTTP/1.1" 200 6480
192.168.10.89 - - [18/Jan/2017:16:53:32 -0300] "POST /cormun/servlet/trsolicitudgral?ead6cbe6a32145542f7fc5bf6108a02f,,gx-no-cache=1484772515592 HTTP/1.1" 200 5451
192.168.10.89 - - [18/Jan/2017:16:53:36 -0300] "POST /cormun/servlet/trsolicitudgral?ead6cbe6a32145542f7fc5bf6108a02f,,gx-no-cache=1484772518972 HTTP/1.1" 200 5227
192.168.10.89 - - [18/Jan/2017:16:53:55 -0300] "POST /cormun/servlet/trsolicitudgral?ead6cbe6a32145542f7fc5bf6108a02f,,gx-no-cache=1484772538540 HTTP/1.1" 200 6494
192.168.10.89 - - [18/Jan/2017:16:54:12 -0300] "GET /cormun/servlet/solicitudgral?UPD,2017,3366, HTTP/1.1" 200 12160
192.168.10.89 - - [18/Jan/2017:16:54:13 -0300] "POST /cormun/servlet/solicitudgral?gx-no-cache=1484772556497 HTTP/1.1" 200 3195
192.168.10.89 - - [18/Jan/2017:16:54:13 -0300] "GET /cormun/servlet/solicitudgral?d4facef13a2d381200630d63948d5ceddd0736fe88fd009d3822d6d91131ced287abc5b0ae4119699ca31edba207a6683d4e2c091ed52ba06e35975693eb63143307484ffff75a05dc2acdea180b2216694afb9284d2fb6d400e3c219bde3a0edd6457fee00ff65049c9ac0cf2447c1e8ac4f4b6f9bf5b28ba104853c72020609b7472816d8b0b5a9fae65891c8fab6a570d5151ec7dd0a74e4f26b078b5b776e7f3fa7a29cd2f34384c615db96712d1abdfee00ffd1692234020352ffdfc46be647156a2ca427e1e0c535ef6f98e4f25a4037935a91c78e9725d36131b1ced9539e032565f470de228f061037a82c9fe0d1ed1c9d6b6a3aed550044b419380484a4cc11ad70aa41e28cfddf3f7c3bdab91e58f22d1c578354d76f07e8d97bb1b724b8275909a4989952491d6e3ad4ad8ae112541ceca1d3c101bbbc824d5d8610b1cca810a3743d296632fcf3a76f62,gx-no-cache=1484772556711 HTTP/1.1" 200 257
192.168.10.89 - - [18/Jan/2017:16:54:15 -0300] "GET /cormun/servlet/solicitudgral?d4facef13a2d381200630d63948d5ced3d82e84e99002bc6a3719260bc7fd6c71412b4a9b7c478263cc94220b8f6d1d603015abf509aaf7a3d07376247e9f15c0bcfbe7e60aa1ab7354814bbdbb5abc4249147a512cc7475d364ab5756a222ea872aa080f6f8774d10aab615c70b93c33250577f0d462869169fe8bbd0b91cc27c34e489a5db75798b56904588d4b3b32a0a21fa4545d05c09765fc1bfff6f9acc911aa7b048656c662c79bcbd0a4b553d046cf564047aa2e63f2ea8ff052cbcb72ceac072c4b93290db78a407de7960dae0ecbb2f66023f401c1081bcfe8f4aeee691d0ecea490e2f1d22e5d418463153fa7a467a7813e10c69682e8a96c497d463df4cc65898f690ec06d31ebd140dd46a275eab86c52e2d0c7c952395a0d8b456fd4f508169d06e94639543acd826f399ff8b5105a624fbc2c5144c0ce28537228b0a4ef91c287eb3ee351c5e0700ee48f286b6bd7b3827b3cd8f1fd38f614a56738dd5af579a6c5f820fcfee193b70cbe7a1342ae5c40f042dd8462515be1ebf73d519da83270e3cf0aae660edf324933cb0e0210369fb1e4cbdc7f1ca42c865c89825b9ac4f1a9940aae5990f1c84ca8786e994759ee98293b47a775c0384d8e52fa60d946befb7348e06abdb0b0b38333ba62cfb043fc00c71b5f8b0c9593e476087e3536be09f8c71d28f5a86d05b3933f526e6b678715970d4f79960848191c68e5ba7338f4ba56064e6c9d862dc49a1a216c29a77e2bab89daa22b479dcea270edea14afbf81ac576900ee4,gx-no-cache=1484772558892 HTTP/1.1" 200 48
192.168.10.89 - - [18/Jan/2017:16:54:16 -0300] "POST /cormun/servlet/solicitudgral?ead6cbe6a32145542f7fc5bf6108a02f,UPD,2017,3366,,gx-no-cache=1484772558928 HTTP/1.1" 200 10532
192.168.10.89 - - [18/Jan/2017:16:54:16 -0300] "GET /cormun/servlet/solicitudgral?d4facef13a2d381200630d63948d5ced758c9dfb99c891cc46c4675ecc0e2560e2b5032c80c592e0c79f2f0d67780e48a420a063140145ea4b18b03f69a7471998b4235c32855780230cff9fe2363356a4c04f3e3836a0e4594771e20626ee543553ee37c28b77f91d89ff7c85a8232a785c10af0658dcba22801f5cb69ed7f75affded8a0b92e0f220f46d1451d6d7381c9e9c7bee5bfc087a4c396562a1780,gx-no-cache=1484772559170 HTTP/1.1" 200 29
192.168.10.89 - - [18/Jan/2017:16:54:16 -0300] "POST /cormun/servlet/solicitudgral?gx-no-cache=1484772559193 HTTP/1.1" 200 1236
192.168.10.89 - - [18/Jan/2017:16:54:16 -0300] "POST /cormun/servlet/solicitudgral?gx-no-cache=1484772559251 HTTP/1.1" 200 1140
192.168.10.89 - - [18/Jan/2017:16:54:19 -0300] "POST /cormun/servlet/solicitudgral?ead6cbe6a32145542f7fc5bf6108a02f,UPD,2017,3366,,gx-no-cache=1484772562879 HTTP/1.1" 200 93
192.168.10.89 - - [18/Jan/2017:16:54:20 -0300] "GET /cormun/servlet/hpexe_return? HTTP/1.1" 200 1018
192.168.10.89 - - [18/Jan/2017:16:54:20 -0300] "GET /cormun/servlet/trsolicitudgral? HTTP/1.1" 200 9603
192.168.10.89 - - [18/Jan/2017:16:54:23 -0300] "POST /cormun/servlet/trsolicitudgral?ead6cbe6a32145542f7fc5bf6108a02f,,gx-no-cache=1484772566328 HTTP/1.1" 200 5466
192.168.10.89 - - [18/Jan/2017:16:54:23 -0300] "POST /cormun/servlet/trsolicitudgral?ead6cbe6a32145542f7fc5bf6108a02f,,gx-no-cache=1484772566683 HTTP/1.1" 200 5228
192.168.10.89 - - [18/Jan/2017:16:54:24 -0300] "GET /cormun/static/Shared/jqueryui/images/ui-icons_8d78a5_256x240.png HTTP/1.1" 404 1089
192.168.10.89 - - [18/Jan/2017:16:54:24 -0300] "GET /cormun/static/Shared/jqueryui/images/ui-bg_flat_55_fafafa_40x100.png HTTP/1.1" 404 1097
192.168.10.89 - - [18/Jan/2017:16:54:24 -0300] "GET /cormun/static/Shared/jqueryui/images/ui-bg_highlight-soft_100_c6c2c8_1x100.png HTTP/1.1" 404 1117
192.168.10.89 - - [18/Jan/2017:16:54:24 -0300] "GET /cormun/static/Shared/jqueryui/images/ui-icons_82798d_256x240.png HTTP/1.1" 404 1089
192.168.10.89 - - [18/Jan/2017:16:54:46 -0300] "POST /cormun/servlet/trsolicitudgral?ead6cbe6a32145542f7fc5bf6108a02f,,gx-no-cache=1484772589860 HTTP/1.1" 200 6494
192.168.10.89 - - [18/Jan/2017:16:55:03 -0300] "POST /cormun/servlet/trsolicitudgral?ead6cbe6a32145542f7fc5bf6108a02f,,gx-no-cache=1484772606004 HTTP/1.1" 200 5477
192.168.10.89 - - [18/Jan/2017:16:55:03 -0300] "POST /cormun/servlet/trsolicitudgral?ead6cbe6a32145542f7fc5bf6108a02f,,gx-no-cache=1484772606443 HTTP/1.1" 200 5229
192.168.10.89 - - [18/Jan/2017:16:55:11 -0300] "POST /cormun/servlet/trsolicitudgral?ead6cbe6a32145542f7fc5bf6108a02f,,gx-no-cache=1484772614485 HTTP/1.1" 200 6484
192.168.10.89 - - [18/Jan/2017:16:55:13 -0300] "POST /cormun/servlet/trsolicitudgral?ead6cbe6a32145542f7fc5bf6108a02f,,gx-no-cache=1484772616641 HTTP/1.1" 200 5460
192.168.10.89 - - [18/Jan/2017:16:55:14 -0300] "POST /cormun/servlet/trsolicitudgral?ead6cbe6a32145542f7fc5bf6108a02f,,gx-no-cache=1484772617247 HTTP/1.1" 200 5229
192.168.10.89 - - [18/Jan/2017:16:55:22 -0300] "POST /cormun/servlet/trsolicitudgral?ead6cbe6a32145542f7fc5bf6108a02f,,gx-no-cache=1484772625639 HTTP/1.1" 200 6854
192.168.10.89 - - [18/Jan/2017:16:55:42 -0300] "POST /cormun/servlet/trsolicitudgral?ead6cbe6a32145542f7fc5bf6108a02f,,gx-no-cache=1484772645202 HTTP/1.1" 200 6499
192.168.10.89 - - [18/Jan/2017:16:55:44 -0300] "POST /cormun/servlet/trsolicitudgral?ead6cbe6a32145542f7fc5bf6108a02f,,gx-no-cache=1484772647816 HTTP/1.1" 200 5477
192.168.10.89 - - [18/Jan/2017:16:55:45 -0300] "POST /cormun/servlet/trsolicitudgral?ead6cbe6a32145542f7fc5bf6108a02f,,gx-no-cache=1484772648645 HTTP/1.1" 200 5234
192.168.10.89 - - [18/Jan/2017:16:55:56 -0300] "POST /cormun/servlet/trsolicitudgral?ead6cbe6a32145542f7fc5bf6108a02f,,gx-no-cache=1484772658993 HTTP/1.1" 200 6483
192.168.10.89 - - [18/Jan/2017:16:55:58 -0300] "POST /cormun/servlet/trsolicitudgral?ead6cbe6a32145542f7fc5bf6108a02f,,gx-no-cache=1484772661909 HTTP/1.1" 200 5460
192.168.10.89 - - [18/Jan/2017:16:55:59 -0300] "POST /cormun/servlet/trsolicitudgral?ead6cbe6a32145542f7fc5bf6108a02f,,gx-no-cache=1484772662854 HTTP/1.1" 200 5227
192.168.10.89 - - [18/Jan/2017:16:56:11 -0300] "POST /cormun/servlet/trsolicitudgral?ead6cbe6a32145542f7fc5bf6108a02f,,gx-no-cache=1484772674054 HTTP/1.1" 200 6498
186.103.158.250 - - [18/Jan/2017:16:56:16 -0300] "GET /cormun/servlet/trsolicitudot? HTTP/1.1" 200 6655
192.168.10.89 - - [18/Jan/2017:16:56:17 -0300] "POST /cormun/servlet/trsolicitudgral?ead6cbe6a32145542f7fc5bf6108a02f,,gx-no-cache=1484772680562 HTTP/1.1" 200 5476
192.168.10.89 - - [18/Jan/2017:16:56:18 -0300] "POST /cormun/servlet/trsolicitudgral?ead6cbe6a32145542f7fc5bf6108a02f,,gx-no-cache=1484772681672 HTTP/1.1" 200 5234
186.103.158.250 - - [18/Jan/2017:16:56:23 -0300] "GET /cormun/servlet/solicitudot?INS,0,0, HTTP/1.1" 200 12527
192.168.10.89 - - [18/Jan/2017:16:56:29 -0300] "POST /cormun/servlet/trsolicitudgral?ead6cbe6a32145542f7fc5bf6108a02f,,gx-no-cache=1484772692126 HTTP/1.1" 200 6492
192.168.10.89 - - [18/Jan/2017:16:56:33 -0300] "POST /cormun/servlet/trsolicitudgral?ead6cbe6a32145542f7fc5bf6108a02f,,gx-no-cache=1484772696381 HTTP/1.1" 200 5466
192.168.10.89 - - [18/Jan/2017:16:56:34 -0300] "POST /cormun/servlet/trsolicitudgral?ead6cbe6a32145542f7fc5bf6108a02f,,gx-no-cache=1484772697641 HTTP/1.1" 200 5233
192.168.10.89 - - [18/Jan/2017:16:56:43 -0300] "POST /cormun/servlet/trsolicitudgral?ead6cbe6a32145542f7fc5bf6108a02f,,gx-no-cache=1484772706669 HTTP/1.1" 200 6480
192.168.10.89 - - [18/Jan/2017:16:56:46 -0300] "POST /cormun/servlet/trsolicitudgral?ead6cbe6a32145542f7fc5bf6108a02f,,gx-no-cache=1484772709651 HTTP/1.1" 200 5460
192.168.10.89 - - [18/Jan/2017:16:56:48 -0300] "POST /cormun/servlet/trsolicitudgral?ead6cbe6a32145542f7fc5bf6108a02f,,gx-no-cache=1484772711177 HTTP/1.1" 200 5229
192.168.10.89 - - [18/Jan/2017:16:56:56 -0300] "POST /cormun/servlet/trsolicitudgral?ead6cbe6a32145542f7fc5bf6108a02f,,gx-no-cache=1484772719512 HTTP/1.1" 200 6485
186.103.158.250 - - [18/Jan/2017:16:57:02 -0300] "POST /cormun/servlet/solicitudot?gx-no-cache=1484769432861 HTTP/1.1" 200 3081
192.168.10.89 - - [18/Jan/2017:16:57:03 -0300] "POST /cormun/servlet/trsolicitudgral?ead6cbe6a32145542f7fc5bf6108a02f,,gx-no-cache=1484772726297 HTTP/1.1" 200 5465
186.103.158.250 - - [18/Jan/2017:16:57:03 -0300] "POST /cormun/servlet/solicitudot?f3d98b0717f3005c5d1957f3c551195d,INS,0,0,,gx-no-cache=1484769433651 HTTP/1.1" 200 9645
192.168.10.89 - - [18/Jan/2017:16:57:04 -0300] "POST /cormun/servlet/trsolicitudgral?ead6cbe6a32145542f7fc5bf6108a02f,,gx-no-cache=1484772727842 HTTP/1.1" 200 5226
186.103.158.250 - - [18/Jan/2017:16:57:08 -0300] "GET /cormun/servlet/solicitudot?dac8c1b3c9f568bd504a8f495f5b3e86d292df0be87395eae124c7aa94664d001dfeedcdbc8f0ddc1c88eca31d94f026,gx-no-cache=1484769439362 HTTP/1.1" 200 30
192.168.10.89 - - [18/Jan/2017:16:57:37 -0300] "POST /cormun/servlet/trsolicitudgral?ead6cbe6a32145542f7fc5bf6108a02f,,gx-no-cache=1484772760345 HTTP/1.1" 200 5247
192.168.10.17 - - [18/Jan/2017:16:57:39 -0300] "GET /cormun/servlet/hlogin HTTP/1.1" 200 1733
192.168.10.17 - - [18/Jan/2017:16:57:39 -0300] "GET /cormun/servlet/hlogin HTTP/1.1" 200 1724
192.168.10.17 - - [18/Jan/2017:16:57:48 -0300] "POST /cormun/servlet/hlogin?7ecc9c42f6e72e031157ed4967f8cbbd,gx-no-cache=1484773250239 HTTP/1.1" 200 444
192.168.10.17 - - [18/Jan/2017:16:57:52 -0300] "POST /cormun/servlet/hlogin?7ecc9c42f6e72e031157ed4967f8cbbd,gx-no-cache=1484773254606 HTTP/1.1" 200 444
192.168.10.89 - - [18/Jan/2017:16:57:56 -0300] "POST /cormun/servlet/trsolicitudgral?ead6cbe6a32145542f7fc5bf6108a02f,,gx-no-cache=1484772778991 HTTP/1.1" 200 6477
192.168.10.17 - - [18/Jan/2017:16:57:56 -0300] "POST /cormun/servlet/hlogin?7ecc9c42f6e72e031157ed4967f8cbbd,gx-no-cache=1484773258197 HTTP/1.1" 200 90
192.168.10.17 - - [18/Jan/2017:16:57:56 -0300] "GET /cormun/servlet/hpexe_link HTTP/1.1" 200 947
192.168.10.17 - - [18/Jan/2017:16:57:56 -0300] "GET /cormun/servlet/hhome HTTP/1.1" 200 3895
192.168.10.17 - - [18/Jan/2017:16:57:57 -0300] "GET /cormun/servlet/hhome HTTP/1.1" 200 3892
192.168.10.17 - - [18/Jan/2017:16:58:06 -0300] "GET /cormun/servlet/hlogin HTTP/1.1" 200 1724
192.168.10.89 - - [18/Jan/2017:16:58:26 -0300] "POST /cormun/servlet/trsolicitudgral?ead6cbe6a32145542f7fc5bf6108a02f,,gx-no-cache=1484772809007 HTTP/1.1" 200 115
192.168.10.89 - - [18/Jan/2017:16:58:26 -0300] "GET /cormun/servlet/solicitudotlog?INS,2017,3335,0,REC, HTTP/1.1" 200 6122
192.168.10.89 - - [18/Jan/2017:16:58:27 -0300] "GET /cormun/servlet/solicitudotlog?d4facef13a2d381200630d63948d5ced7643a5cfc27fdf5988736487e731227accc0c799486ba461abf72f15fc18405ae5ecb54ddbf33281edbf644ced212a27a0835ac6bb3a85eda7c55f8706e85bc558ac5ec8506ed976954c17c5382b8204a13e2b67b847936b5c52454265c8bbc6a04ddf7bc9346d0ee1de3c7f0576ff07892eb7262cce35f34dab6667c5e092b13859b7d6c680490140bf724f2192a2fb,gx-no-cache=1484772810473 HTTP/1.1" 200 94
192.168.10.89 - - [18/Jan/2017:16:58:30 -0300] "POST /cormun/servlet/solicitudotlog?ead6cbe6a32145542f7fc5bf6108a02f,INS,2017,3335,0,REC,,gx-no-cache=1484772813916 HTTP/1.1" 200 93
192.168.10.89 - - [18/Jan/2017:16:58:30 -0300] "GET /cormun/servlet/hpexe_return? HTTP/1.1" 200 1028
192.168.10.89 - - [18/Jan/2017:16:58:31 -0300] "GET /cormun/servlet/trsolicitudgral? HTTP/1.1" 200 8363
192.168.10.89 - - [18/Jan/2017:16:58:37 -0300] "POST /cormun/servlet/trsolicitudgral?ead6cbe6a32145542f7fc5bf6108a02f,,gx-no-cache=1484772820024 HTTP/1.1" 200 6470
192.168.10.89 - - [18/Jan/2017:16:58:38 -0300] "POST /cormun/servlet/trsolicitudgral?ead6cbe6a32145542f7fc5bf6108a02f,,gx-no-cache=1484772821860 HTTP/1.1" 200 115
192.168.10.89 - - [18/Jan/2017:16:58:38 -0300] "GET /cormun/servlet/solicitudotlog?INS,2017,3371,0,REC, HTTP/1.1" 200 6124
192.168.10.89 - - [18/Jan/2017:16:58:40 -0300] "GET /cormun/servlet/solicitudotlog?d4facef13a2d381200630d63948d5ced2618f7b71fc28b7eaa7aefb9bdd14d9accc0c799486ba461abf72f15fc18405ae5ecb54ddbf33281edbf644ced212a27a0835ac6bb3a85eda7c55f8706e85bc558ac5ec8506ed976954c17c5382b8204a13e2b67b847936b5c52454265c8bbc6a04ddf7bc9346d0ee1de3c7f0576ff07892eb7262cce35f34dab6667c5e092b13859b7d6c680490140bf724f2192a2fb,gx-no-cache=1484772823292 HTTP/1.1" 200 94
192.168.10.89 - - [18/Jan/2017:16:58:43 -0300] "POST /cormun/servlet/solicitudotlog?ead6cbe6a32145542f7fc5bf6108a02f,INS,2017,3371,0,REC,,gx-no-cache=1484772826205 HTTP/1.1" 200 93
192.168.10.89 - - [18/Jan/2017:16:58:43 -0300] "GET /cormun/servlet/hpexe_return? HTTP/1.1" 200 1028
192.168.10.89 - - [18/Jan/2017:16:58:43 -0300] "GET /cormun/servlet/trsolicitudgral? HTTP/1.1" 200 8364
186.103.158.250 - - [18/Jan/2017:16:59:22 -0300] "POST /cormun/servlet/solicitudot?gx-no-cache=1484769573251 HTTP/1.1" 200 255
186.103.158.250 - - [18/Jan/2017:16:59:26 -0300] "GET /cormun/servlet/solicitudot?dac8c1b3c9f568bd504a8f495f5b3e869a55fef58a183f827734457179848815190da4ee3c716d3ae45b13fb4a161f09b5917a227df4dbf193a96da757a855d9ec9f82dd602325fd973d716902a6c8f3516047e9e5b67127e93338b808678c411d51821abb45db5570e0b3401ca738cf150addc36b4f9786465c6dc34080c8d0c4ebae90fd977cdb2c150101cc949badf5099948ce01ef84641e3a626b4a16e406596bd82c89f9b51420ee9e708ff7e06d9835304aa1adad58fa13b421d77473e3daa29be16697a8d575b42761dfe14f4d5411cfac7b11919f130a4c57cb9e63286204f7d1f14c5737f37ddca5a1eef712d392d76c2ae2a1475a2f594f3fa03ed05e57b1e389695499799b15f9d6fd575b0f399c569f515449d7f184bf1b5af004104be07e0fb0a155961b6b9a4150e23a809856905ef89b709618c19c25acfce15a349f603f41c7c06410ddf23b1ad1c5cee5d61b5d10c24b59fb1fbee40bf76ef1157ac85c44b15334ee7294332fddc7e54866f87f976946900f6975acef95,gx-no-cache=1484769577347 HTTP/1.1" 200 30
192.168.10.89 - - [18/Jan/2017:16:59:33 -0300] "POST /cormun/servlet/trsolicitudgral?ead6cbe6a32145542f7fc5bf6108a02f,,gx-no-cache=1484772876895 HTTP/1.1" 200 6469
186.103.158.250 - - [18/Jan/2017:16:59:40 -0300] "POST /cormun/servlet/solicitudot?gx-no-cache=1484769590698 HTTP/1.1" 200 30
192.168.10.89 - - [18/Jan/2017:16:59:42 -0300] "GET /cormun/servlet/solicitudgral?UPD,2017,3635, HTTP/1.1" 200 12100
192.168.10.89 - - [18/Jan/2017:16:59:43 -0300] "POST /cormun/servlet/solicitudgral?gx-no-cache=1484772886616 HTTP/1.1" 200 3148
192.168.10.89 - - [18/Jan/2017:16:59:43 -0300] "GET /cormun/servlet/solicitudgral?d4facef13a2d381200630d63948d5ceddd0736fe88fd009d3822d6d91131ced287abc5b0ae4119699ca31edba207a6683d4e2c091ed52ba06e35975693eb63143307484ffff75a05dc2acdea180b2216694afb9284d2fb6d400e3c219bde3a0edd6457fee00ff65049c9ac0cf2447c1e8ac4f4b6f9bf5b28ba104853c72020609b7472816d8b0b5a9fae65891c8fab6a570d5151ec7dd0a74e4f26b078b5b776e7f3fa7a29cd2f34384c615db96712d1abdfee00ffd1692234020352ffdfc46be647156a2ca427e1e0c535ef6f98e4f25a4037935a91c78e9725d36131b1ced9539e032565f470de228f061037a82c9fe0d1ed1c9d6b6a3aed550044b419380484a4cc11ad70aa41e28cfddf3f7c3bdab91e58f22d1c578354d76f07e8d97bb1b724b8275909a4989952491d6e3ad4ad8ae112541ceca1d3c101bbbc824d5d8610b1cca810a3743d296632fcf3a76f62,gx-no-cache=1484772886833 HTTP/1.1" 200 257
186.103.158.250 - - [18/Jan/2017:16:59:47 -0300] "POST /cormun/servlet/solicitudot?gx-no-cache=1484769597793 HTTP/1.1" 200 30
192.168.10.89 - - [18/Jan/2017:16:59:49 -0300] "GET /cormun/servlet/solicitudgral?d4facef13a2d381200630d63948d5ced3d82e84e99002bc6a3719260bc7fd6c71412b4a9b7c478263cc94220b8f6d1d603015abf509aaf7a3d07376247e9f15c0bcfbe7e60aa1ab7354814bbdbb5abc4249147a512cc7475d364ab5756a222ea872aa080f6f8774d10aab615c70b93c33250577f0d462869169fe8bbd0b91cc27c34e489a5db75798b56904588d4b3b32a0a21fa4545d05c09765fc1bfff6f9acc911aa7b048656c662c79bcbd0a4b553d046cf564047aa2e63f2ea8ff052cbcb72ceac072c4b93290db78a407de7960dae0ecbb2f66023f401c1081bcfe8f4aeee691d0ecea490e2f1d22e5d418463153fa7a467a7813e10c69682e8a96c497d463df4cc65898f690ec06d31ebd140dd46a275eab86c52e2d0c7c952395a0d8b456fd4f508169d06e94639543acd826f399ff8b5105a624fbc2c5144c0ce28537228b0a4ef91c287eb3ee351c5e0700ee48f286b6bd7b3827b3cd8f1fd38f614a56738dd5af579a6c5f820fcfee193b70cbe7a1342ae5c40f042dd8462515be1ebf73d519da83270e3cf0aae660edf324933cb0e0210369fb1e4cbdc7f1ca42c865c89825b9ac4f1a9940aae5990f1c84ca8786e994759ee98293b47a775c0384d8e52fa60d946befb7348e06abdb0b0b38333ba62cfb043fc00c71b5f8b0c9593e476087e3536be09f8c71d28f5a86d05b3933f526e6b678715970d4f79960848191c68e5ba7338f4ba56064e6c9d862dc49a1a216c29a77e2bab89daa22b479dcea270edea14afbf81ac576900ee4,gx-no-cache=1484772892681 HTTP/1.1" 200 48
192.168.10.89 - - [18/Jan/2017:16:59:50 -0300] "POST /cormun/servlet/solicitudgral?ead6cbe6a32145542f7fc5bf6108a02f,UPD,2017,3635,,gx-no-cache=1484772893103 HTTP/1.1" 200 10509
192.168.10.89 - - [18/Jan/2017:16:59:50 -0300] "GET /cormun/servlet/solicitudgral?d4facef13a2d381200630d63948d5cedd77f81334103962d463664ca19204d74e2b5032c80c592e0c79f2f0d67780e488f357bb0458f16f038dbb987b58e07fa98b4235c32855780230cff9fe2363356a4c04f3e3836a0e4594771e20626ee543553ee37c28b77f91d89ff7c85a8232a785c10af0658dcba22801f5cb69ed7f75affded8a0b92e0f220f46d1451d6d7381c9e9c7bee5bfc087a4c396562a1780,gx-no-cache=1484772893709 HTTP/1.1" 200 29
192.168.10.89 - - [18/Jan/2017:16:59:50 -0300] "POST /cormun/servlet/solicitudgral?gx-no-cache=1484772893744 HTTP/1.1" 200 1235
192.168.10.89 - - [18/Jan/2017:16:59:50 -0300] "POST /cormun/servlet/solicitudgral?gx-no-cache=1484772893788 HTTP/1.1" 200 1140
186.103.158.250 - - [18/Jan/2017:16:59:51 -0300] "POST /cormun/servlet/solicitudot?gx-no-cache=1484769601998 HTTP/1.1" 200 235
186.103.158.250 - - [18/Jan/2017:16:59:51 -0300] "POST /cormun/servlet/solicitudot?gx-no-cache=1484769602200 HTTP/1.1" 200 38
192.168.10.89 - - [18/Jan/2017:16:59:55 -0300] "POST /cormun/servlet/solicitudgral?ead6cbe6a32145542f7fc5bf6108a02f,UPD,2017,3635,,gx-no-cache=1484772898908 HTTP/1.1" 200 93
192.168.10.89 - - [18/Jan/2017:16:59:55 -0300] "GET /cormun/servlet/hpexe_return? HTTP/1.1" 200 1018
192.168.10.89 - - [18/Jan/2017:16:59:56 -0300] "GET /cormun/servlet/trsolicitudgral? HTTP/1.1" 200 9586
186.103.158.250 - - [18/Jan/2017:17:00:43 -0300] "GET /cormun/servlet/solicitudot?dac8c1b3c9f568bd504a8f495f5b3e86d170fe0c9a215d47ce87cc4ea5e9776d027c007123e5f85f740f11de1be0841e4c55a94093f479d44ac947203c8491990a9af08ca48aef0ea07a41e4a3b4319ba3ce8a0e1d5d7ab34c70c2343a3282dd0f9274f817b4fd4fa64defd03056a96a,gx-no-cache=1484769653862 HTTP/1.1" 200 29
186.103.158.250 - - [18/Jan/2017:17:00:43 -0300] "POST /cormun/servlet/solicitudot?gx-no-cache=1484769653932 HTTP/1.1" 200 605
186.103.158.250 - - [18/Jan/2017:17:00:43 -0300] "POST /cormun/servlet/solicitudot?gx-no-cache=1484769654146 HTTP/1.1" 200 480
186.103.158.250 - - [18/Jan/2017:17:00:43 -0300] "GET /cormun/static/menuarrow.gif HTTP/1.1" 404 1015
186.103.158.250 - - [18/Jan/2017:17:00:45 -0300] "POST /cormun/servlet/solicitudot?gx-no-cache=1484769656521 HTTP/1.1" 200 605
186.103.158.250 - - [18/Jan/2017:17:00:46 -0300] "POST /cormun/servlet/solicitudot?gx-no-cache=1484769656611 HTTP/1.1" 200 480
186.103.158.250 - - [18/Jan/2017:17:01:11 -0300] "GET /cormun/servlet/solicitudot?dac8c1b3c9f568bd504a8f495f5b3e86c5be564241b82501848c5e38e8192e81af68e70874254c20abee1bedf8c77b0a6809f3d2717a082c177883520fd30d3a5a2ebc30d4eadaae300dc7f4116034190e0cbc32343c3b1d679402f9fd62cedc71cfd1f1ebdcca2c0e68c463cb12b64a7e3bf9361f25216e2e00b309673b7360846003f3b7a1156e03d2116e3c176090f4359e2e320a0d3767d0a1dbcbaa4e18e37ab5fec496c29b8c97c620491c43cd,gx-no-cache=1484769682130 HTTP/1.1" 200 30
192.168.10.89 - - [18/Jan/2017:17:01:26 -0300] "POST /cormun/servlet/trsolicitudgral?ead6cbe6a32145542f7fc5bf6108a02f,,gx-no-cache=1484772989021 HTTP/1.1" 200 6493
192.168.10.89 - - [18/Jan/2017:17:01:28 -0300] "POST /cormun/servlet/trsolicitudgral?ead6cbe6a32145542f7fc5bf6108a02f,,gx-no-cache=1484772991918 HTTP/1.1" 200 5459
192.168.10.89 - - [18/Jan/2017:17:01:29 -0300] "POST /cormun/servlet/trsolicitudgral?ead6cbe6a32145542f7fc5bf6108a02f,,gx-no-cache=1484772992284 HTTP/1.1" 200 5226
192.168.10.89 - - [18/Jan/2017:17:01:29 -0300] "GET /cormun/static/Shared/jqueryui/images/ui-bg_flat_55_fafafa_40x100.png HTTP/1.1" 404 1097
192.168.10.89 - - [18/Jan/2017:17:01:29 -0300] "GET /cormun/static/Shared/jqueryui/images/ui-icons_8d78a5_256x240.png HTTP/1.1" 404 1089
192.168.10.89 - - [18/Jan/2017:17:01:29 -0300] "GET /cormun/static/Shared/jqueryui/images/ui-icons_82798d_256x240.png HTTP/1.1" 404 1089
192.168.10.89 - - [18/Jan/2017:17:01:29 -0300] "GET /cormun/static/Shared/jqueryui/images/ui-bg_highlight-soft_100_c6c2c8_1x100.png HTTP/1.1" 404 1117
192.168.10.89 - - [18/Jan/2017:17:01:41 -0300] "POST /cormun/servlet/trsolicitudgral?ead6cbe6a32145542f7fc5bf6108a02f,,gx-no-cache=1484773004365 HTTP/1.1" 200 6502
192.168.10.89 - - [18/Jan/2017:17:01:43 -0300] "POST /cormun/servlet/trsolicitudgral?ead6cbe6a32145542f7fc5bf6108a02f,,gx-no-cache=1484773006439 HTTP/1.1" 200 5472
186.103.158.250 - - [18/Jan/2017:17:01:43 -0300] "POST /cormun/servlet/solicitudot?f3d98b0717f3005c5d1957f3c551195d,INS,0,0,,gx-no-cache=1484769714105 HTTP/1.1" 200 10421
192.168.10.89 - - [18/Jan/2017:17:01:44 -0300] "POST /cormun/servlet/trsolicitudgral?ead6cbe6a32145542f7fc5bf6108a02f,,gx-no-cache=1484773007055 HTTP/1.1" 200 5227
186.103.158.250 - - [18/Jan/2017:17:01:44 -0300] "GET /cormun/static/Shared/jqueryui/images/ui-bg_flat_55_994d53_40x100.png HTTP/1.1" 404 1097
186.103.158.250 - - [18/Jan/2017:17:01:44 -0300] "GET /cormun/static/Shared/jqueryui/images/ui-icons_ebccce_256x240.png HTTP/1.1" 404 1089
186.103.158.250 - - [18/Jan/2017:17:01:44 -0300] "GET /cormun/static/Shared/jqueryui/images/ui-icons_82798d_256x240.png HTTP/1.1" 404 1089
186.103.158.250 - - [18/Jan/2017:17:01:44 -0300] "GET /cormun/static/Shared/jqueryui/images/ui-bg_highlight-soft_100_c6c2c8_1x100.png HTTP/1.1" 404 1117
192.168.10.89 - - [18/Jan/2017:17:01:59 -0300] "POST /cormun/servlet/trsolicitudgral?ead6cbe6a32145542f7fc5bf6108a02f,,gx-no-cache=1484773021948 HTTP/1.1" 200 6495
192.168.10.89 - - [18/Jan/2017:17:02:00 -0300] "POST /cormun/servlet/trsolicitudgral?ead6cbe6a32145542f7fc5bf6108a02f,,gx-no-cache=1484773023848 HTTP/1.1" 200 5463
192.168.10.89 - - [18/Jan/2017:17:02:01 -0300] "POST /cormun/servlet/trsolicitudgral?ead6cbe6a32145542f7fc5bf6108a02f,,gx-no-cache=1484773024514 HTTP/1.1" 200 5230
192.168.10.89 - - [18/Jan/2017:17:02:10 -0300] "POST /cormun/servlet/trsolicitudgral?ead6cbe6a32145542f7fc5bf6108a02f,,gx-no-cache=1484773033327 HTTP/1.1" 200 6459
192.168.10.89 - - [18/Jan/2017:17:02:13 -0300] "GET /cormun/servlet/hlogin HTTP/1.1" 200 1745
186.103.158.250 - - [18/Jan/2017:17:02:42 -0300] "GET /cormun/servlet/solicitudot?dac8c1b3c9f568bd504a8f495f5b3e869a55fef58a183f827734457179848815190da4ee3c716d3ae45b13fb4a161f09b5917a227df4dbf193a96da757a855d9ec9f82dd602325fd973d716902a6c8f3516047e9e5b67127e93338b808678c411d51821abb45db5570e0b3401ca738cf150addc36b4f9786465c6dc34080c8d0c4ebae90fd977cdb2c150101cc949badf5099948ce01ef84641e3a626b4a16e406596bd82c89f9b51420ee9e708ff7e06d9835304aa1adad58fa13b421d77473e3daa29be16697a8d575b42761dfe14f4d5411cfac7b11919f130a4c57cb9e63286204f7d1f14c5737f37ddca5a1eef712d392d76c2ae2a1475a2f594f3fa03ed05e57b1e389695499799b15f9d6fd575b0f399c569f515449d7f184bf1b5af004104be07e0fb0a155961b6b9a4150e23a809856905ef89b709618c19c25acfce15a349f603f41c7c06410ddf23b1ad1c5cee5d61b5d10c24b59fb1fbee40bf76ef1157ac85c44b15334ee7294332fddb920bc76ebb1ad7de2e4bcf6e57413a9,gx-no-cache=1484769773355 HTTP/1.1" 200 30
186.103.158.250 - - [18/Jan/2017:17:02:42 -0300] "POST /cormun/servlet/solicitudot?gx-no-cache=1484769773532 HTTP/1.1" 200 30
186.103.158.250 - - [18/Jan/2017:17:02:43 -0300] "POST /cormun/servlet/solicitudot?gx-no-cache=1484769773640 HTTP/1.1" 200 618
186.103.158.250 - - [18/Jan/2017:17:02:43 -0300] "POST /cormun/servlet/solicitudot?gx-no-cache=1484769773753 HTTP/1.1" 200 41
186.103.158.250 - - [18/Jan/2017:17:02:43 -0300] "POST /cormun/servlet/solicitudot?gx-no-cache=1484769773848 HTTP/1.1" 200 605
186.103.158.250 - - [18/Jan/2017:17:02:43 -0300] "POST /cormun/servlet/solicitudot?gx-no-cache=1484769773902 HTTP/1.1" 200 480
186.103.158.250 - - [18/Jan/2017:17:02:43 -0300] "GET /cormun/servlet/solicitudot?dac8c1b3c9f568bd504a8f495f5b3e86c5be564241b82501848c5e38e8192e81af68e70874254c20abee1bedf8c77b0a6809f3d2717a082c177883520fd30d3a5a2ebc30d4eadaae300dc7f4116034190e0cbc32343c3b1d679402f9fd62cedc71cfd1f1ebdcca2c0e68c463cb12b64a7e3bf9361f25216e2e00b309673b7360846003f3b7a1156e03d2116e3c176090f4359e2e320a0d3767d0a1dbcbaa4e18e37ab5fec496c29b8c97c620491c43cd,gx-no-cache=1484769773990 HTTP/1.1" 200 30
186.103.158.250 - - [18/Jan/2017:17:02:43 -0300] "POST /cormun/servlet/solicitudot?f3d98b0717f3005c5d1957f3c551195d,INS,0,0,,gx-no-cache=1484769774055 HTTP/1.1" 200 93
186.103.158.250 - - [18/Jan/2017:17:02:43 -0300] "GET /cormun/servlet/hpexe_return? HTTP/1.1" 200 1010
186.103.158.250 - - [18/Jan/2017:17:02:44 -0300] "GET /cormun/servlet/trsolicitudot HTTP/1.1" 200 7967
186.103.158.250 - - [18/Jan/2017:17:03:04 -0300] "POST /cormun/servlet/trsolicitudot?f3d98b0717f3005c5d1957f3c551195d,gx-no-cache=1484769795495 HTTP/1.1" 200 106
186.103.158.250 - - [18/Jan/2017:17:03:05 -0300] "GET /cormun/servlet/trsolicitudadjuntos?2017,4710, HTTP/1.1" 200 5818
186.103.158.250 - - [18/Jan/2017:17:03:12 -0300] "GET /cormun/servlet/solicitudotadjuntos?INS,2017,4710,,1, HTTP/1.1" 200 5751
186.103.158.250 - - [18/Jan/2017:17:03:13 -0300] "HEAD /cormun/static/about:blank HTTP/1.1" 404 -
186.103.158.250 - - [18/Jan/2017:17:03:14 -0300] "GET /cormun/servlet/solicitudotadjuntos?dac8c1b3c9f568bd504a8f495f5b3e86a752cf312c8f17107305853db55cdb15161f93d6b5c4ac24dfdfa4ce3d01f0e2,gx-no-cache=1484769805560 HTTP/1.1" 200 30
186.103.158.250 - - [18/Jan/2017:17:03:15 -0300] "POST /cormun/servlet/solicitudotadjuntos?f3d98b0717f3005c5d1957f3c551195d,INS,2017,4710,,1,,gx-no-cache=1484769805606 HTTP/1.1" 200 3638
186.103.158.250 - - [18/Jan/2017:17:03:17 -0300] "POST /cormun/servlet/solicitudotadjuntos?gx-no-cache=1484769808477 HTTP/1.1" 200 26
186.103.158.250 - - [18/Jan/2017:17:03:35 -0300] "GET /cormun/servlet/solicitudotadjuntos?dac8c1b3c9f568bd504a8f495f5b3e862a44d1584ad259e3b6a529eb7f43e3b2,gx-no-cache=1484769825890 HTTP/1.1" 200 30
186.103.158.250 - - [18/Jan/2017:17:03:35 -0300] "GET /cormun/servlet/solicitudotadjuntos?dac8c1b3c9f568bd504a8f495f5b3e862a44d1584ad259e3b6a529eb7f43e3b2,gx-no-cache=1484769825922 HTTP/1.1" 200 30
186.103.158.250 - - [18/Jan/2017:17:03:37 -0300] "POST /cormun/servlet/solicitudotadjuntos?f3d98b0717f3005c5d1957f3c551195d,INS,2017,4710,,1, HTTP/1.1" 200 116
186.103.158.250 - - [18/Jan/2017:17:03:37 -0300] "GET /cormun/servlet/hpexe_return? HTTP/1.1" 200 1028
186.103.158.250 - - [18/Jan/2017:17:03:37 -0300] "GET /cormun/servlet/trsolicitudadjuntos?2017,4710, HTTP/1.1" 200 7819
186.103.158.250 - - [18/Jan/2017:17:03:42 -0300] "GET /cormun/servlet/solicitudotadjuntos?INS,2017,4710,,1, HTTP/1.1" 200 5751
186.103.158.250 - - [18/Jan/2017:17:03:43 -0300] "HEAD /cormun/static/about:blank HTTP/1.1" 404 -
186.103.158.250 - - [18/Jan/2017:17:03:44 -0300] "GET /cormun/servlet/solicitudotadjuntos?dac8c1b3c9f568bd504a8f495f5b3e86a752cf312c8f17107305853db55cdb15161f93d6b5c4ac24dfdfa4ce3d01f0e2,gx-no-cache=1484769834839 HTTP/1.1" 200 30
186.103.158.250 - - [18/Jan/2017:17:03:44 -0300] "POST /cormun/servlet/solicitudotadjuntos?f3d98b0717f3005c5d1957f3c551195d,INS,2017,4710,,1,,gx-no-cache=1484769834889 HTTP/1.1" 200 3638
186.103.158.250 - - [18/Jan/2017:17:03:49 -0300] "POST /cormun/servlet/solicitudotadjuntos?gx-no-cache=1484769839931 HTTP/1.1" 200 26
186.103.158.250 - - [18/Jan/2017:17:04:07 -0300] "GET /cormun/servlet/solicitudotadjuntos?dac8c1b3c9f568bd504a8f495f5b3e862a44d1584ad259e3b6a529eb7f43e3b2,gx-no-cache=1484769857958 HTTP/1.1" 200 30
186.103.158.250 - - [18/Jan/2017:17:04:07 -0300] "GET /cormun/servlet/solicitudotadjuntos?dac8c1b3c9f568bd504a8f495f5b3e862a44d1584ad259e3b6a529eb7f43e3b2,gx-no-cache=1484769857988 HTTP/1.1" 200 30
186.103.158.250 - - [18/Jan/2017:17:04:08 -0300] "POST /cormun/servlet/solicitudotadjuntos?f3d98b0717f3005c5d1957f3c551195d,INS,2017,4710,,1, HTTP/1.1" 200 116
186.103.158.250 - - [18/Jan/2017:17:04:08 -0300] "GET /cormun/servlet/hpexe_return? HTTP/1.1" 200 1028
186.103.158.250 - - [18/Jan/2017:17:04:09 -0300] "GET /cormun/servlet/trsolicitudadjuntos?2017,4710, HTTP/1.1" 200 8024
186.103.158.250 - - [18/Jan/2017:17:04:14 -0300] "GET /cormun/servlet/solicitudotadjuntos?INS,2017,4710,,1, HTTP/1.1" 200 5752
186.103.158.250 - - [18/Jan/2017:17:04:15 -0300] "HEAD /cormun/static/about:blank HTTP/1.1" 404 -
186.103.158.250 - - [18/Jan/2017:17:04:17 -0300] "GET /cormun/servlet/solicitudotadjuntos?dac8c1b3c9f568bd504a8f495f5b3e86a752cf312c8f17107305853db55cdb15161f93d6b5c4ac24dfdfa4ce3d01f0e2,gx-no-cache=1484769867773 HTTP/1.1" 200 30
186.103.158.250 - - [18/Jan/2017:17:04:17 -0300] "POST /cormun/servlet/solicitudotadjuntos?f3d98b0717f3005c5d1957f3c551195d,INS,2017,4710,,1,,gx-no-cache=1484769867831 HTTP/1.1" 200 3638
186.103.158.250 - - [18/Jan/2017:17:04:23 -0300] "POST /cormun/servlet/solicitudotadjuntos?gx-no-cache=1484769874354 HTTP/1.1" 200 26
186.103.158.250 - - [18/Jan/2017:17:04:31 -0300] "GET /cormun/servlet/solicitudotadjuntos?dac8c1b3c9f568bd504a8f495f5b3e862a44d1584ad259e3b6a529eb7f43e3b2,gx-no-cache=1484769881857 HTTP/1.1" 200 30
186.103.158.250 - - [18/Jan/2017:17:04:31 -0300] "GET /cormun/servlet/solicitudotadjuntos?dac8c1b3c9f568bd504a8f495f5b3e862a44d1584ad259e3b6a529eb7f43e3b2,gx-no-cache=1484769881889 HTTP/1.1" 200 30
186.103.158.250 - - [18/Jan/2017:17:04:32 -0300] "POST /cormun/servlet/solicitudotadjuntos?f3d98b0717f3005c5d1957f3c551195d,INS,2017,4710,,1, HTTP/1.1" 200 116
186.103.158.250 - - [18/Jan/2017:17:04:32 -0300] "GET /cormun/servlet/hpexe_return? HTTP/1.1" 200 1028
186.103.158.250 - - [18/Jan/2017:17:04:33 -0300] "GET /cormun/servlet/trsolicitudadjuntos?2017,4710, HTTP/1.1" 200 8158
186.103.158.250 - - [18/Jan/2017:17:04:37 -0300] "GET /cormun/servlet/solicitudotadjuntos?INS,2017,4710,,1, HTTP/1.1" 200 5752
186.103.158.250 - - [18/Jan/2017:17:04:38 -0300] "HEAD /cormun/static/about:blank HTTP/1.1" 404 -
186.103.158.250 - - [18/Jan/2017:17:04:39 -0300] "GET /cormun/servlet/solicitudotadjuntos?dac8c1b3c9f568bd504a8f495f5b3e86a752cf312c8f17107305853db55cdb15161f93d6b5c4ac24dfdfa4ce3d01f0e2,gx-no-cache=1484769890118 HTTP/1.1" 200 30
186.103.158.250 - - [18/Jan/2017:17:04:39 -0300] "POST /cormun/servlet/solicitudotadjuntos?f3d98b0717f3005c5d1957f3c551195d,INS,2017,4710,,1,,gx-no-cache=1484769890198 HTTP/1.1" 200 3638
186.103.158.250 - - [18/Jan/2017:17:04:45 -0300] "POST /cormun/servlet/solicitudotadjuntos?gx-no-cache=1484769896019 HTTP/1.1" 200 26
186.103.158.250 - - [18/Jan/2017:17:04:54 -0300] "GET /cormun/servlet/solicitudotadjuntos?dac8c1b3c9f568bd504a8f495f5b3e862a44d1584ad259e3b6a529eb7f43e3b2,gx-no-cache=1484769905305 HTTP/1.1" 200 30
186.103.158.250 - - [18/Jan/2017:17:04:54 -0300] "GET /cormun/servlet/solicitudotadjuntos?dac8c1b3c9f568bd504a8f495f5b3e862a44d1584ad259e3b6a529eb7f43e3b2,gx-no-cache=1484769905337 HTTP/1.1" 200 30
186.103.158.250 - - [18/Jan/2017:17:04:56 -0300] "POST /cormun/servlet/solicitudotadjuntos?f3d98b0717f3005c5d1957f3c551195d,INS,2017,4710,,1, HTTP/1.1" 200 116
186.103.158.250 - - [18/Jan/2017:17:04:56 -0300] "GET /cormun/servlet/hpexe_return? HTTP/1.1" 200 1028
186.103.158.250 - - [18/Jan/2017:17:04:57 -0300] "GET /cormun/servlet/trsolicitudadjuntos?2017,4710, HTTP/1.1" 200 8309
186.103.158.250 - - [18/Jan/2017:17:05:03 -0300] "GET /cormun/servlet/solicitudotadjuntos?INS,2017,4710,,1, HTTP/1.1" 200 5751
186.103.158.250 - - [18/Jan/2017:17:05:03 -0300] "HEAD /cormun/static/about:blank HTTP/1.1" 404 -
186.103.158.250 - - [18/Jan/2017:17:05:05 -0300] "GET /cormun/servlet/solicitudotadjuntos?dac8c1b3c9f568bd504a8f495f5b3e86a752cf312c8f17107305853db55cdb15161f93d6b5c4ac24dfdfa4ce3d01f0e2,gx-no-cache=1484769915723 HTTP/1.1" 200 30
186.103.158.250 - - [18/Jan/2017:17:05:05 -0300] "POST /cormun/servlet/solicitudotadjuntos?f3d98b0717f3005c5d1957f3c551195d,INS,2017,4710,,1,,gx-no-cache=1484769915808 HTTP/1.1" 200 3637
186.103.158.250 - - [18/Jan/2017:17:05:10 -0300] "POST /cormun/servlet/solicitudotadjuntos?gx-no-cache=1484769921482 HTTP/1.1" 200 26
186.103.158.250 - - [18/Jan/2017:17:05:19 -0300] "GET /cormun/servlet/solicitudotadjuntos?dac8c1b3c9f568bd504a8f495f5b3e862a44d1584ad259e3b6a529eb7f43e3b2,gx-no-cache=1484769929890 HTTP/1.1" 200 30
186.103.158.250 - - [18/Jan/2017:17:05:19 -0300] "GET /cormun/servlet/solicitudotadjuntos?dac8c1b3c9f568bd504a8f495f5b3e862a44d1584ad259e3b6a529eb7f43e3b2,gx-no-cache=1484769929924 HTTP/1.1" 200 30
186.103.158.250 - - [18/Jan/2017:17:05:19 -0300] "POST /cormun/servlet/solicitudotadjuntos?f3d98b0717f3005c5d1957f3c551195d,INS,2017,4710,,1, HTTP/1.1" 200 116
186.103.158.250 - - [18/Jan/2017:17:05:19 -0300] "GET /cormun/servlet/hpexe_return? HTTP/1.1" 200 1028
186.103.158.250 - - [18/Jan/2017:17:05:20 -0300] "GET /cormun/servlet/trsolicitudadjuntos?2017,4710, HTTP/1.1" 200 8436
186.103.158.250 - - [18/Jan/2017:17:05:25 -0300] "GET /cormun/servlet/solicitudotadjuntos?INS,2017,4710,,1, HTTP/1.1" 200 5751
186.103.158.250 - - [18/Jan/2017:17:05:26 -0300] "HEAD /cormun/static/about:blank HTTP/1.1" 404 -
186.103.158.250 - - [18/Jan/2017:17:05:27 -0300] "GET /cormun/servlet/solicitudotadjuntos?dac8c1b3c9f568bd504a8f495f5b3e86a752cf312c8f17107305853db55cdb15161f93d6b5c4ac24dfdfa4ce3d01f0e2,gx-no-cache=1484769938161 HTTP/1.1" 200 30
186.103.158.250 - - [18/Jan/2017:17:05:27 -0300] "POST /cormun/servlet/solicitudotadjuntos?f3d98b0717f3005c5d1957f3c551195d,INS,2017,4710,,1,,gx-no-cache=1484769938274 HTTP/1.1" 200 3637
186.103.158.250 - - [18/Jan/2017:17:05:34 -0300] "POST /cormun/servlet/solicitudotadjuntos?gx-no-cache=1484769944763 HTTP/1.1" 200 26
186.103.158.250 - - [18/Jan/2017:17:05:44 -0300] "GET /cormun/servlet/solicitudotadjuntos?dac8c1b3c9f568bd504a8f495f5b3e862a44d1584ad259e3b6a529eb7f43e3b2,gx-no-cache=1484769955100 HTTP/1.1" 200 30
186.103.158.250 - - [18/Jan/2017:17:05:44 -0300] "GET /cormun/servlet/solicitudotadjuntos?dac8c1b3c9f568bd504a8f495f5b3e862a44d1584ad259e3b6a529eb7f43e3b2,gx-no-cache=1484769955124 HTTP/1.1" 200 30
186.103.158.250 - - [18/Jan/2017:17:05:46 -0300] "POST /cormun/servlet/solicitudotadjuntos?f3d98b0717f3005c5d1957f3c551195d,INS,2017,4710,,1, HTTP/1.1" 200 116
186.103.158.250 - - [18/Jan/2017:17:05:46 -0300] "GET /cormun/servlet/hpexe_return? HTTP/1.1" 200 1028
186.103.158.250 - - [18/Jan/2017:17:05:46 -0300] "GET /cormun/servlet/trsolicitudadjuntos?2017,4710, HTTP/1.1" 200 8677
186.103.158.250 - - [18/Jan/2017:17:05:54 -0300] "GET /cormun/servlet/hpexe_return? HTTP/1.1" 200 1023
186.103.158.250 - - [18/Jan/2017:17:05:55 -0300] "GET /cormun/servlet/trsolicitudot HTTP/1.1" 200 7967
186.103.158.250 - - [18/Jan/2017:17:06:03 -0300] "POST /cormun/servlet/trsolicitudot?f3d98b0717f3005c5d1957f3c551195d,gx-no-cache=1484769974480 HTTP/1.1" 200 4129
186.103.158.250 - - [18/Jan/2017:17:06:04 -0300] "POST /cormun/servlet/trsolicitudot?f3d98b0717f3005c5d1957f3c551195d,gx-no-cache=1484769975103 HTTP/1.1" 200 3902
