186.103.158.250 - - [17/Jan/2017:15:23:02 -0300] "GET /cormun/servlet/solicitudot?22cfec83a9f3753c1c9015d205625a9b114c24406ff0436d04c1885e70e6625c222a90c421f04bbc89308dbc2a5ed7f8ca2914eb58ecf71a55845033b90056f284e1d790b41b3eeb752039eeea2f113811fe1c0afd252ba96ed46ceaf257556af97fc13740112d5fde02ed7361fda56e1fbc38b3188d83ae000060ac92815d186213b4184613edbca252bc3c014f1f58790d63a1f12ffdbb33fe8fe33719b3cb2d8f5ce63d5cfebe5d0ea5333ad1025528ccfd9b1e198a9636d9fa592433fadf7371cd2fc3cb3597f612858de919173284fb0e78c3b8c061a60773dbb2c36d32f7491cf2293eccbde43dc10eaf4cd39c6e042393920911f18632944659611f01bf257e01908b57a940130a577b6ab4071e2da9cf5a5faf290d9613449a4c5bf443c743102d9e14722cdc27170ea284fbe3fec6927252096be6ce3db2e4dfccc9403a32d79afaded39b669970adde2dbb08deca080912c34ed48dbb158dfb26246fba057a556a231a2343bf6147aa208627ad38c9431fe87fcc22d0048bf2af35,gx-no-cache=1484677394556 HTTP/1.1" 200 30
186.103.158.250 - - [17/Jan/2017:15:23:04 -0300] "POST /cormun/servlet/solicitudot?gx-no-cache=1484677396822 HTTP/1.1" 200 30
192.168.10.89 - - [17/Jan/2017:15:23:04 -0300] "POST /cormun/servlet/trsolicitudgral?7517e36276d3540c434a73f48b239610,,gx-no-cache=1484680688092 HTTP/1.1" 200 5457
186.103.158.250 - - [17/Jan/2017:15:23:09 -0300] "POST /cormun/servlet/solicitudot?gx-no-cache=1484677401207 HTTP/1.1" 200 235
186.103.158.250 - - [17/Jan/2017:15:23:09 -0300] "POST /cormun/servlet/solicitudot?gx-no-cache=1484677401315 HTTP/1.1" 200 38
192.168.10.89 - - [17/Jan/2017:15:23:09 -0300] "POST /cormun/servlet/trsolicitudgral?7517e36276d3540c434a73f48b239610,,gx-no-cache=1484680692497 HTTP/1.1" 200 5226
186.103.158.250 - - [17/Jan/2017:15:23:21 -0300] "GET /cormun/servlet/solicitudot?22cfec83a9f3753c1c9015d205625a9b4ea7d08bb54f73a6d8d88ed79dcac78799ad20b637c13cf12a6d0824de945fd0e371f7ba53b92bac00c7d47a45a7c4654b0d9c0042d325ea67eca9aa9d2091fa4ca17d55cb4c9377b28f52b2da9e84bfc7ee19c01b75cef89a96e76e73b9d33007e56d497f1039d2e3fa92a3187a2fc0c893daaebf33bf1e8264b46550ca75962405856c4316cebce621658cbc867eca,gx-no-cache=1484677413868 HTTP/1.1" 200 29
186.103.158.250 - - [17/Jan/2017:15:23:21 -0300] "POST /cormun/servlet/solicitudot?gx-no-cache=1484677413908 HTTP/1.1" 200 605
186.103.158.250 - - [17/Jan/2017:15:23:21 -0300] "POST /cormun/servlet/solicitudot?gx-no-cache=1484677413964 HTTP/1.1" 200 480
186.103.158.250 - - [17/Jan/2017:15:23:21 -0300] "GET /cormun/static/menuarrow.gif HTTP/1.1" 404 1015
186.103.158.250 - - [17/Jan/2017:15:23:24 -0300] "POST /cormun/servlet/solicitudot?gx-no-cache=1484677416928 HTTP/1.1" 200 605
186.103.158.250 - - [17/Jan/2017:15:23:24 -0300] "POST /cormun/servlet/solicitudot?gx-no-cache=1484677416987 HTTP/1.1" 200 480
192.168.10.89 - - [17/Jan/2017:15:23:35 -0300] "POST /cormun/servlet/trsolicitudgral?7517e36276d3540c434a73f48b239610,,gx-no-cache=1484680718701 HTTP/1.1" 200 6471
192.168.10.89 - - [17/Jan/2017:15:23:46 -0300] "POST /cormun/servlet/trsolicitudgral?7517e36276d3540c434a73f48b239610,,gx-no-cache=1484680729892 HTTP/1.1" 200 5456
192.168.10.89 - - [17/Jan/2017:15:23:51 -0300] "POST /cormun/servlet/trsolicitudgral?7517e36276d3540c434a73f48b239610,,gx-no-cache=1484680734647 HTTP/1.1" 200 5223
186.103.158.250 - - [17/Jan/2017:15:24:01 -0300] "GET /cormun/servlet/solicitudot?22cfec83a9f3753c1c9015d205625a9b5cb72c5262701333c58c727d1514948c73c5d4980fbdd9c5cf9cecee373da392ae89c27aa9e53c2b7e5c5e6fff06779d8cb10ac810a8906d44d0be3aed0999067cd93ae576cd8f9a462e850a4f2581b7a0702f69f5087a953830da489220e5c00a94fe1c195b998dc12f8bd38b87093aceb26ea9208e62c450ade18a195780c02c80a4dbf743789fa27ce0e722481bb67bf31c617e11ede9e5c2d5ae973a33f6,gx-no-cache=1484677453587 HTTP/1.1" 200 30
192.168.10.89 - - [17/Jan/2017:15:24:10 -0300] "POST /cormun/servlet/trsolicitudgral?7517e36276d3540c434a73f48b239610,,gx-no-cache=1484680753462 HTTP/1.1" 200 6481
192.168.10.89 - - [17/Jan/2017:15:24:22 -0300] "POST /cormun/servlet/trsolicitudgral?7517e36276d3540c434a73f48b239610,,gx-no-cache=1484680765587 HTTP/1.1" 200 5452
192.168.10.89 - - [17/Jan/2017:15:24:27 -0300] "POST /cormun/servlet/trsolicitudgral?7517e36276d3540c434a73f48b239610,,gx-no-cache=1484680770438 HTTP/1.1" 200 5224
192.168.10.89 - - [17/Jan/2017:15:25:03 -0300] "POST /cormun/servlet/trsolicitudgral?7517e36276d3540c434a73f48b239610,,gx-no-cache=1484680807074 HTTP/1.1" 200 6460
186.67.172.234 - - [17/Jan/2017:15:25:09 -0300] "GET /cormun/servlet/solicitudotadjuntos?INS,2017,4625,,1, HTTP/1.1" 200 6005
186.67.172.234 - - [17/Jan/2017:15:25:10 -0300] "GET /cormun/servlet/solicitudotadjuntos?INS,2017,4625,,1, HTTP/1.1" 200 5998
186.67.172.234 - - [17/Jan/2017:15:25:10 -0300] "GET /cormun/servlet/solicitudotadjuntos?54828e1892a930c40f805d70d6acd9877541d4a38a8803d1817b22004b85f420c681570e75ee2c998ae3082ee369bf76,gx-no-cache=1484677584483 HTTP/1.1" 200 30
186.67.172.234 - - [17/Jan/2017:15:25:10 -0300] "POST /cormun/servlet/solicitudotadjuntos?1384f09b0de9c024e09355fea9c33e28,INS,2017,4625,,1,,gx-no-cache=1484677584567 HTTP/1.1" 200 3816
192.168.10.89 - - [17/Jan/2017:15:25:17 -0300] "POST /cormun/servlet/trsolicitudgral?7517e36276d3540c434a73f48b239610,,gx-no-cache=1484680819730 HTTP/1.1" 200 5445
186.67.172.234 - - [17/Jan/2017:15:25:17 -0300] "GET /cormun/servlet/trsolicitudadjuntos?2017,4625, HTTP/1.1" 200 8996
186.67.172.234 - - [17/Jan/2017:15:25:18 -0300] "GET /cormun/servlet/trsolicitudadjuntos?2017,4625, HTTP/1.1" 200 8992
192.168.10.89 - - [17/Jan/2017:15:25:22 -0300] "POST /cormun/servlet/trsolicitudgral?7517e36276d3540c434a73f48b239610,,gx-no-cache=1484680825470 HTTP/1.1" 200 5227
186.103.158.250 - - [17/Jan/2017:15:25:23 -0300] "POST /cormun/servlet/solicitudot?104728c4801c32cae09374468b2db456,INS,0,0,,gx-no-cache=1484677535720 HTTP/1.1" 200 93
186.103.158.250 - - [17/Jan/2017:15:25:23 -0300] "GET /cormun/servlet/hpexe_return? HTTP/1.1" 200 1007
186.103.158.250 - - [17/Jan/2017:15:25:24 -0300] "GET /cormun/static/hpexe_return.js?2016101716175153 HTTP/1.1" 200 1633
186.103.158.250 - - [17/Jan/2017:15:25:24 -0300] "GET /cormun/static/gxcfg.js?2016101716175148 HTTP/1.1" 200 953
186.103.158.250 - - [17/Jan/2017:15:25:24 -0300] "GET /cormun/servlet/hhome HTTP/1.1" 200 3719
186.67.172.234 - - [17/Jan/2017:15:25:25 -0300] "GET /cormun/servlet/solicitudotadjuntos?DLT,2017,4625,CV,0, HTTP/1.1" 200 5987
186.103.158.250 - - [17/Jan/2017:15:25:25 -0300] "GET /cormun/servlet/hhome HTTP/1.1" 200 3713
186.67.172.234 - - [17/Jan/2017:15:25:25 -0300] "GET /cormun/servlet/solicitudotadjuntos?DLT,2017,4625,CV,0, HTTP/1.1" 200 5980
186.67.172.234 - - [17/Jan/2017:15:25:26 -0300] "GET /cormun/PublicTempStorage/cv.-daniela_gaete842443.pdf HTTP/1.1" 206 897328
186.67.172.234 - - [17/Jan/2017:15:25:27 -0300] "GET /cormun/servlet/trsolicitudadjuntos?2017,4625, HTTP/1.1" 200 8991
186.67.172.234 - - [17/Jan/2017:15:25:29 -0300] "GET /cormun/servlet/trsolicitudadjuntos?2017,4625, HTTP/1.1" 200 8991
186.67.172.234 - - [17/Jan/2017:15:25:34 -0300] "GET /cormun/servlet/trsolicitudot? HTTP/1.1" 200 9652
186.67.172.234 - - [17/Jan/2017:15:25:34 -0300] "GET /cormun/servlet/trsolicitudot? HTTP/1.1" 200 9646
186.103.158.250 - - [17/Jan/2017:15:25:39 -0300] "GET /cormun/servlet/trvisualizadoreventos? HTTP/1.1" 200 6456
186.103.158.250 - - [17/Jan/2017:15:25:40 -0300] "GET /cormun/servlet/trvisualizadoreventos? HTTP/1.1" 200 6455
186.103.158.250 - - [17/Jan/2017:15:25:45 -0300] "POST /cormun/servlet/trvisualizadoreventos?104728c4801c32cae09374468b2db456,,gx-no-cache=1484677557514 HTTP/1.1" 200 3726
192.168.10.89 - - [17/Jan/2017:15:25:48 -0300] "POST /cormun/servlet/trsolicitudgral?7517e36276d3540c434a73f48b239610,,gx-no-cache=1484680851308 HTTP/1.1" 200 6477
186.103.158.250 - - [17/Jan/2017:15:25:49 -0300] "POST /cormun/servlet/trvisualizadoreventos?104728c4801c32cae09374468b2db456,,gx-no-cache=1484677561141 HTTP/1.1" 200 3726
186.67.172.234 - - [17/Jan/2017:15:25:50 -0300] "POST /cormun/servlet/trsolicitudot?1384f09b0de9c024e09355fea9c33e28,,gx-no-cache=1484677624646 HTTP/1.1" 200 6549
186.67.172.234 - - [17/Jan/2017:15:25:50 -0300] "GET /cormun/static/Shared/jqueryui/images/ui-bg_highlight-soft_100_c6c2c8_1x100.png HTTP/1.1" 404 1117
186.67.172.234 - - [17/Jan/2017:15:25:51 -0300] "GET /cormun/static/Shared/jqueryui/images/ui-icons_82798d_256x240.png HTTP/1.1" 404 1089
186.67.172.234 - - [17/Jan/2017:15:25:51 -0300] "GET /cormun/static/Shared/jqueryui/images/ui-bg_flat_55_fafafa_40x100.png HTTP/1.1" 404 1097
186.67.172.234 - - [17/Jan/2017:15:25:51 -0300] "GET /cormun/static/Shared/jqueryui/images/ui-icons_8d78a5_256x240.png HTTP/1.1" 404 1089
186.67.172.234 - - [17/Jan/2017:15:25:51 -0300] "POST /cormun/servlet/trsolicitudot?1384f09b0de9c024e09355fea9c33e28,,gx-no-cache=1484677624967 HTTP/1.1" 200 6494
186.103.158.250 - - [17/Jan/2017:15:26:07 -0300] "GET /cormun/servlet/trsolicitudot? HTTP/1.1" 200 7967
186.103.158.250 - - [17/Jan/2017:15:26:09 -0300] "GET /cormun/servlet/trsolicitudot? HTTP/1.1" 200 7966
186.103.158.250 - - [17/Jan/2017:15:26:09 -0300] "GET /cormun//static/Resources/PXToolsRemoveAllAction.png HTTP/1.1" 200 3558
186.103.158.250 - - [17/Jan/2017:15:26:09 -0300] "GET /cormun//static/Resources/PXToolsGridDelete.png HTTP/1.1" 200 357
186.103.158.250 - - [17/Jan/2017:15:26:09 -0300] "GET /cormun//static/Resources/PXTools/ActionInsert.png HTTP/1.1" 200 1482
186.103.158.250 - - [17/Jan/2017:15:26:09 -0300] "GET /cormun//static/Resources/PXToolsActionView.png HTTP/1.1" 200 2995
186.103.158.250 - - [17/Jan/2017:15:26:09 -0300] "GET /cormun//static/Resources/PXToolsGridUpdate.png HTTP/1.1" 200 2984
186.103.158.250 - - [17/Jan/2017:15:26:27 -0300] "POST /cormun/servlet/trsolicitudot?104728c4801c32cae09374468b2db456,,gx-no-cache=1484677599969 HTTP/1.1" 200 106
186.103.158.250 - - [17/Jan/2017:15:26:28 -0300] "GET /cormun/servlet/trsolicitudadjuntos?2017,4674, HTTP/1.1" 200 5815
186.103.158.250 - - [17/Jan/2017:15:26:28 -0300] "GET /cormun/static/gxcfg.js?201612218531388 HTTP/1.1" 200 953
186.103.158.250 - - [17/Jan/2017:15:26:28 -0300] "GET /cormun/static/trsolicitudadjuntos.js?201612218531657 HTTP/1.1" 200 17913
186.103.158.250 - - [17/Jan/2017:15:26:29 -0300] "GET /cormun/servlet/trsolicitudadjuntos?2017,4674, HTTP/1.1" 200 5815
186.103.158.250 - - [17/Jan/2017:15:26:33 -0300] "GET /cormun/servlet/solicitudotadjuntos?INS,2017,4674,,1, HTTP/1.1" 200 5749
186.103.158.250 - - [17/Jan/2017:15:26:34 -0300] "GET /cormun/static/gxcfg.js?201612218465951 HTTP/1.1" 200 953
186.103.158.250 - - [17/Jan/2017:15:26:34 -0300] "GET /cormun/static/solicitudotadjuntos.js?201612218465969 HTTP/1.1" 200 11762
186.103.158.250 - - [17/Jan/2017:15:26:34 -0300] "GET /cormun/static/about:blank HTTP/1.1" 404 1011
186.103.158.250 - - [17/Jan/2017:15:26:35 -0300] "GET /cormun/servlet/solicitudotadjuntos?INS,2017,4674,,1, HTTP/1.1" 200 5743
186.103.158.250 - - [17/Jan/2017:15:26:35 -0300] "GET /cormun/servlet/solicitudotadjuntos?22cfec83a9f3753c1c9015d205625a9bed1e75d5d093b992ecc6c2ba9f160c794402e6c5366f39929728d8150cf75a5f,gx-no-cache=1484677607623 HTTP/1.1" 200 30
186.103.158.250 - - [17/Jan/2017:15:26:35 -0300] "POST /cormun/servlet/solicitudotadjuntos?104728c4801c32cae09374468b2db456,INS,2017,4674,,1,,gx-no-cache=1484677607667 HTTP/1.1" 200 3635
186.103.158.250 - - [17/Jan/2017:15:26:41 -0300] "POST /cormun/servlet/solicitudotadjuntos?gx-no-cache=1484677614051 HTTP/1.1" 200 26
192.168.10.89 - - [17/Jan/2017:15:27:25 -0300] "POST /cormun/servlet/trsolicitudgral?7517e36276d3540c434a73f48b239610,,gx-no-cache=1484680949092 HTTP/1.1" 200 5454
192.168.10.89 - - [17/Jan/2017:15:27:31 -0300] "POST /cormun/servlet/trsolicitudgral?7517e36276d3540c434a73f48b239610,,gx-no-cache=1484680954480 HTTP/1.1" 200 5227
186.103.158.250 - - [17/Jan/2017:15:27:37 -0300] "GET /cormun/servlet/solicitudotadjuntos?22cfec83a9f3753c1c9015d205625a9b06edb6cc7c36251abe7f7fe1215a5637,gx-no-cache=1484677668948 HTTP/1.1" 200 30
186.103.158.250 - - [17/Jan/2017:15:27:37 -0300] "GET /cormun/servlet/solicitudotadjuntos?22cfec83a9f3753c1c9015d205625a9b06edb6cc7c36251abe7f7fe1215a5637,gx-no-cache=1484677669143 HTTP/1.1" 200 30
186.103.158.250 - - [17/Jan/2017:15:27:38 -0300] "POST /cormun/servlet/solicitudotadjuntos?104728c4801c32cae09374468b2db456,INS,2017,4674,,1, HTTP/1.1" 200 116
186.103.158.250 - - [17/Jan/2017:15:27:38 -0300] "GET /cormun/servlet/hpexe_return? HTTP/1.1" 200 1024
186.103.158.250 - - [17/Jan/2017:15:27:38 -0300] "GET /cormun/servlet/trsolicitudadjuntos?2017,4674, HTTP/1.1" 200 7815
186.103.158.250 - - [17/Jan/2017:15:27:40 -0300] "GET /cormun/servlet/trsolicitudadjuntos?2017,4674, HTTP/1.1" 200 7812
186.103.158.250 - - [17/Jan/2017:15:27:43 -0300] "GET /cormun/servlet/solicitudotadjuntos?INS,2017,4674,,1, HTTP/1.1" 200 5750
186.103.158.250 - - [17/Jan/2017:15:27:43 -0300] "GET /cormun/static/about:blank HTTP/1.1" 404 1011
186.103.158.250 - - [17/Jan/2017:15:27:44 -0300] "GET /cormun/servlet/solicitudotadjuntos?INS,2017,4674,,1, HTTP/1.1" 200 5744
186.103.158.250 - - [17/Jan/2017:15:27:45 -0300] "GET /cormun/servlet/solicitudotadjuntos?22cfec83a9f3753c1c9015d205625a9bed1e75d5d093b992ecc6c2ba9f160c794402e6c5366f39929728d8150cf75a5f,gx-no-cache=1484677677144 HTTP/1.1" 200 30
186.103.158.250 - - [17/Jan/2017:15:27:45 -0300] "POST /cormun/servlet/solicitudotadjuntos?104728c4801c32cae09374468b2db456,INS,2017,4674,,1,,gx-no-cache=1484677677194 HTTP/1.1" 200 3635
186.103.158.250 - - [17/Jan/2017:15:27:53 -0300] "POST /cormun/servlet/solicitudotadjuntos?gx-no-cache=1484677685064 HTTP/1.1" 200 26
192.168.10.89 - - [17/Jan/2017:15:27:59 -0300] "POST /cormun/servlet/trsolicitudgral?7517e36276d3540c434a73f48b239610,,gx-no-cache=1484680982473 HTTP/1.1" 200 5244
186.103.158.250 - - [17/Jan/2017:15:28:22 -0300] "GET /cormun/servlet/solicitudotadjuntos?22cfec83a9f3753c1c9015d205625a9b06edb6cc7c36251abe7f7fe1215a5637,gx-no-cache=1484677714522 HTTP/1.1" 200 30
186.103.158.250 - - [17/Jan/2017:15:28:22 -0300] "GET /cormun/servlet/solicitudotadjuntos?22cfec83a9f3753c1c9015d205625a9b06edb6cc7c36251abe7f7fe1215a5637,gx-no-cache=1484677714577 HTTP/1.1" 200 30
186.103.158.250 - - [17/Jan/2017:15:28:23 -0300] "POST /cormun/servlet/solicitudotadjuntos?104728c4801c32cae09374468b2db456,INS,2017,4674,,1, HTTP/1.1" 200 116
186.103.158.250 - - [17/Jan/2017:15:28:23 -0300] "GET /cormun/servlet/hpexe_return? HTTP/1.1" 200 1024
186.103.158.250 - - [17/Jan/2017:15:28:24 -0300] "GET /cormun/servlet/trsolicitudadjuntos?2017,4674, HTTP/1.1" 200 8019
186.103.158.250 - - [17/Jan/2017:15:28:25 -0300] "GET /cormun/servlet/trsolicitudadjuntos?2017,4674, HTTP/1.1" 200 8014
192.168.10.89 - - [17/Jan/2017:15:28:29 -0300] "POST /cormun/servlet/trsolicitudgral?7517e36276d3540c434a73f48b239610,,gx-no-cache=1484681012424 HTTP/1.1" 200 6462
186.103.158.250 - - [17/Jan/2017:15:28:29 -0300] "GET /cormun/servlet/solicitudotadjuntos?INS,2017,4674,,1, HTTP/1.1" 200 5749
186.103.158.250 - - [17/Jan/2017:15:28:29 -0300] "GET /cormun/static/about:blank HTTP/1.1" 404 1011
186.103.158.250 - - [17/Jan/2017:15:28:30 -0300] "GET /cormun/servlet/solicitudotadjuntos?INS,2017,4674,,1, HTTP/1.1" 200 5743
186.103.158.250 - - [17/Jan/2017:15:28:30 -0300] "GET /cormun/servlet/solicitudotadjuntos?22cfec83a9f3753c1c9015d205625a9bed1e75d5d093b992ecc6c2ba9f160c794402e6c5366f39929728d8150cf75a5f,gx-no-cache=1484677722931 HTTP/1.1" 200 30
186.103.158.250 - - [17/Jan/2017:15:28:31 -0300] "POST /cormun/servlet/solicitudotadjuntos?104728c4801c32cae09374468b2db456,INS,2017,4674,,1,,gx-no-cache=1484677723025 HTTP/1.1" 200 3634
186.103.158.250 - - [17/Jan/2017:15:28:36 -0300] "POST /cormun/servlet/solicitudotadjuntos?gx-no-cache=1484677728177 HTTP/1.1" 200 26
192.168.10.89 - - [17/Jan/2017:15:28:42 -0300] "POST /cormun/servlet/trsolicitudgral?7517e36276d3540c434a73f48b239610,,gx-no-cache=1484681025819 HTTP/1.1" 200 5448
186.103.158.250 - - [17/Jan/2017:15:28:45 -0300] "GET /cormun/servlet/solicitudotadjuntos?22cfec83a9f3753c1c9015d205625a9b06edb6cc7c36251abe7f7fe1215a5637,gx-no-cache=1484677737818 HTTP/1.1" 200 30
186.103.158.250 - - [17/Jan/2017:15:28:45 -0300] "GET /cormun/servlet/solicitudotadjuntos?22cfec83a9f3753c1c9015d205625a9b06edb6cc7c36251abe7f7fe1215a5637,gx-no-cache=1484677737877 HTTP/1.1" 200 30
192.168.10.89 - - [17/Jan/2017:15:28:48 -0300] "POST /cormun/servlet/trsolicitudgral?7517e36276d3540c434a73f48b239610,,gx-no-cache=1484681031585 HTTP/1.1" 200 5223
186.103.158.250 - - [17/Jan/2017:15:28:49 -0300] "POST /cormun/servlet/solicitudotadjuntos?104728c4801c32cae09374468b2db456,INS,2017,4674,,1, HTTP/1.1" 200 116
186.103.158.250 - - [17/Jan/2017:15:28:49 -0300] "GET /cormun/servlet/hpexe_return? HTTP/1.1" 200 1024
186.103.158.250 - - [17/Jan/2017:15:28:50 -0300] "GET /cormun/servlet/trsolicitudadjuntos?2017,4674, HTTP/1.1" 200 8154
186.103.158.250 - - [17/Jan/2017:15:28:51 -0300] "GET /cormun/servlet/trsolicitudadjuntos?2017,4674, HTTP/1.1" 200 8152
186.103.158.250 - - [17/Jan/2017:15:29:02 -0300] "GET /cormun/servlet/solicitudotadjuntos?INS,2017,4674,,1, HTTP/1.1" 200 5749
186.103.158.250 - - [17/Jan/2017:15:29:02 -0300] "GET /cormun/static/about:blank HTTP/1.1" 404 1011
186.103.158.250 - - [17/Jan/2017:15:29:03 -0300] "GET /cormun/servlet/solicitudotadjuntos?INS,2017,4674,,1, HTTP/1.1" 200 5743
186.103.158.250 - - [17/Jan/2017:15:29:03 -0300] "GET /cormun/servlet/solicitudotadjuntos?22cfec83a9f3753c1c9015d205625a9bed1e75d5d093b992ecc6c2ba9f160c794402e6c5366f39929728d8150cf75a5f,gx-no-cache=1484677755677 HTTP/1.1" 200 30
186.103.158.250 - - [17/Jan/2017:15:29:03 -0300] "POST /cormun/servlet/solicitudotadjuntos?104728c4801c32cae09374468b2db456,INS,2017,4674,,1,,gx-no-cache=1484677755719 HTTP/1.1" 200 3634
192.168.10.89 - - [17/Jan/2017:15:29:10 -0300] "POST /cormun/servlet/trsolicitudgral?7517e36276d3540c434a73f48b239610,,gx-no-cache=1484681053693 HTTP/1.1" 200 6470
186.103.158.250 - - [17/Jan/2017:15:29:11 -0300] "POST /cormun/servlet/solicitudotadjuntos?gx-no-cache=1484677763703 HTTP/1.1" 200 26
186.103.158.250 - - [17/Jan/2017:15:29:23 -0300] "GET /cormun/servlet/solicitudotadjuntos?22cfec83a9f3753c1c9015d205625a9b06edb6cc7c36251abe7f7fe1215a5637,gx-no-cache=1484677775714 HTTP/1.1" 200 30
186.103.158.250 - - [17/Jan/2017:15:29:24 -0300] "GET /cormun/servlet/solicitudotadjuntos?22cfec83a9f3753c1c9015d205625a9b06edb6cc7c36251abe7f7fe1215a5637,gx-no-cache=1484677776069 HTTP/1.1" 200 30
192.168.10.89 - - [17/Jan/2017:15:29:24 -0300] "POST /cormun/servlet/trsolicitudgral?7517e36276d3540c434a73f48b239610,,gx-no-cache=1484681067976 HTTP/1.1" 200 5452
186.103.158.250 - - [17/Jan/2017:15:29:27 -0300] "POST /cormun/servlet/solicitudotadjuntos?104728c4801c32cae09374468b2db456,INS,2017,4674,,1, HTTP/1.1" 200 116
186.103.158.250 - - [17/Jan/2017:15:29:27 -0300] "GET /cormun/servlet/hpexe_return? HTTP/1.1" 200 1024
186.103.158.250 - - [17/Jan/2017:15:29:27 -0300] "GET /cormun/servlet/trsolicitudadjuntos?2017,4674, HTTP/1.1" 200 8310
186.103.158.250 - - [17/Jan/2017:15:29:29 -0300] "GET /cormun/servlet/trsolicitudadjuntos?2017,4674, HTTP/1.1" 200 8304
192.168.10.89 - - [17/Jan/2017:15:29:30 -0300] "POST /cormun/servlet/trsolicitudgral?7517e36276d3540c434a73f48b239610,,gx-no-cache=1484681073956 HTTP/1.1" 200 5225
186.103.158.250 - - [17/Jan/2017:15:29:34 -0300] "GET /cormun/servlet/solicitudotadjuntos?INS,2017,4674,,1, HTTP/1.1" 200 5749
186.103.158.250 - - [17/Jan/2017:15:29:36 -0300] "GET /cormun/static/about:blank HTTP/1.1" 404 1011
186.103.158.250 - - [17/Jan/2017:15:29:36 -0300] "GET /cormun/servlet/solicitudotadjuntos?INS,2017,4674,,1, HTTP/1.1" 200 5743
186.103.158.250 - - [17/Jan/2017:15:29:36 -0300] "GET /cormun/servlet/solicitudotadjuntos?22cfec83a9f3753c1c9015d205625a9bed1e75d5d093b992ecc6c2ba9f160c794402e6c5366f39929728d8150cf75a5f,gx-no-cache=1484677788611 HTTP/1.1" 200 30
186.103.158.250 - - [17/Jan/2017:15:29:36 -0300] "POST /cormun/servlet/solicitudotadjuntos?104728c4801c32cae09374468b2db456,INS,2017,4674,,1,,gx-no-cache=1484677788695 HTTP/1.1" 200 3634
186.103.158.250 - - [17/Jan/2017:15:29:42 -0300] "POST /cormun/servlet/solicitudotadjuntos?gx-no-cache=1484677794127 HTTP/1.1" 200 26
186.103.158.250 - - [17/Jan/2017:15:29:55 -0300] "GET /cormun/servlet/solicitudotadjuntos?22cfec83a9f3753c1c9015d205625a9b06edb6cc7c36251abe7f7fe1215a5637,gx-no-cache=1484677807672 HTTP/1.1" 200 30
186.103.158.250 - - [17/Jan/2017:15:29:55 -0300] "GET /cormun/servlet/solicitudotadjuntos?22cfec83a9f3753c1c9015d205625a9b06edb6cc7c36251abe7f7fe1215a5637,gx-no-cache=1484677807707 HTTP/1.1" 200 30
186.103.158.250 - - [17/Jan/2017:15:29:56 -0300] "POST /cormun/servlet/solicitudotadjuntos?104728c4801c32cae09374468b2db456,INS,2017,4674,,1, HTTP/1.1" 200 116
186.103.158.250 - - [17/Jan/2017:15:29:56 -0300] "GET /cormun/servlet/hpexe_return? HTTP/1.1" 200 1024
186.103.158.250 - - [17/Jan/2017:15:29:56 -0300] "GET /cormun/servlet/trsolicitudadjuntos?2017,4674, HTTP/1.1" 200 8429
186.103.158.250 - - [17/Jan/2017:15:29:58 -0300] "GET /cormun/servlet/trsolicitudadjuntos?2017,4674, HTTP/1.1" 200 8424
186.103.158.250 - - [17/Jan/2017:15:30:01 -0300] "GET /cormun/servlet/solicitudotadjuntos?INS,2017,4674,,1, HTTP/1.1" 200 5749
186.103.158.250 - - [17/Jan/2017:15:30:01 -0300] "GET /cormun/static/about:blank HTTP/1.1" 404 1011
186.103.158.250 - - [17/Jan/2017:15:30:02 -0300] "GET /cormun/servlet/solicitudotadjuntos?INS,2017,4674,,1, HTTP/1.1" 200 5743
186.103.158.250 - - [17/Jan/2017:15:30:03 -0300] "GET /cormun/servlet/solicitudotadjuntos?22cfec83a9f3753c1c9015d205625a9bed1e75d5d093b992ecc6c2ba9f160c794402e6c5366f39929728d8150cf75a5f,gx-no-cache=1484677815507 HTTP/1.1" 200 30
186.103.158.250 - - [17/Jan/2017:15:30:03 -0300] "POST /cormun/servlet/solicitudotadjuntos?104728c4801c32cae09374468b2db456,INS,2017,4674,,1,,gx-no-cache=1484677815559 HTTP/1.1" 200 3635
186.103.158.250 - - [17/Jan/2017:15:30:10 -0300] "POST /cormun/servlet/solicitudotadjuntos?gx-no-cache=1484677822351 HTTP/1.1" 200 26
192.168.10.89 - - [17/Jan/2017:15:30:16 -0300] "POST /cormun/servlet/trsolicitudgral?7517e36276d3540c434a73f48b239610,,gx-no-cache=1484681119500 HTTP/1.1" 200 6461
186.103.158.250 - - [17/Jan/2017:15:30:26 -0300] "GET /cormun/servlet/solicitudotadjuntos?22cfec83a9f3753c1c9015d205625a9b06edb6cc7c36251abe7f7fe1215a5637,gx-no-cache=1484677839031 HTTP/1.1" 200 30
186.103.158.250 - - [17/Jan/2017:15:30:26 -0300] "GET /cormun/servlet/solicitudotadjuntos?22cfec83a9f3753c1c9015d205625a9b06edb6cc7c36251abe7f7fe1215a5637,gx-no-cache=1484677839056 HTTP/1.1" 200 30
186.103.158.250 - - [17/Jan/2017:15:30:28 -0300] "POST /cormun/servlet/solicitudotadjuntos?104728c4801c32cae09374468b2db456,INS,2017,4674,,1, HTTP/1.1" 200 116
186.103.158.250 - - [17/Jan/2017:15:30:28 -0300] "GET /cormun/servlet/hpexe_return? HTTP/1.1" 200 1024
186.103.158.250 - - [17/Jan/2017:15:30:29 -0300] "GET /cormun/servlet/trsolicitudadjuntos?2017,4674, HTTP/1.1" 200 8680
186.103.158.250 - - [17/Jan/2017:15:30:30 -0300] "GET /cormun/servlet/trsolicitudadjuntos?2017,4674, HTTP/1.1" 200 8676
192.168.10.89 - - [17/Jan/2017:15:30:31 -0300] "POST /cormun/servlet/trsolicitudgral?7517e36276d3540c434a73f48b239610,,gx-no-cache=1484681134307 HTTP/1.1" 200 5440
186.103.158.250 - - [17/Jan/2017:15:30:34 -0300] "GET /cormun/servlet/solicitudotadjuntos?INS,2017,4674,,2, HTTP/1.1" 200 5747
186.103.158.250 - - [17/Jan/2017:15:30:34 -0300] "GET /cormun/static/about:blank HTTP/1.1" 404 1011
186.103.158.250 - - [17/Jan/2017:15:30:35 -0300] "GET /cormun/servlet/solicitudotadjuntos?INS,2017,4674,,2, HTTP/1.1" 200 5741
186.103.158.250 - - [17/Jan/2017:15:30:36 -0300] "GET /cormun/servlet/solicitudotadjuntos?22cfec83a9f3753c1c9015d205625a9bed1e75d5d093b992ecc6c2ba9f160c794402e6c5366f39929728d8150cf75a5f,gx-no-cache=1484677848360 HTTP/1.1" 200 30
186.103.158.250 - - [17/Jan/2017:15:30:36 -0300] "POST /cormun/servlet/solicitudotadjuntos?104728c4801c32cae09374468b2db456,INS,2017,4674,,2,,gx-no-cache=1484677848399 HTTP/1.1" 200 3778
192.168.10.89 - - [17/Jan/2017:15:30:37 -0300] "POST /cormun/servlet/trsolicitudgral?7517e36276d3540c434a73f48b239610,,gx-no-cache=1484681140502 HTTP/1.1" 200 5224
186.103.158.250 - - [17/Jan/2017:15:30:48 -0300] "POST /cormun/servlet/solicitudotadjuntos?gx-no-cache=1484677860329 HTTP/1.1" 200 26
186.103.158.250 - - [17/Jan/2017:15:30:59 -0300] "GET /cormun/servlet/solicitudotadjuntos?22cfec83a9f3753c1c9015d205625a9b06edb6cc7c36251abe7f7fe1215a5637,gx-no-cache=1484677872017 HTTP/1.1" 200 30
186.103.158.250 - - [17/Jan/2017:15:31:00 -0300] "GET /cormun/servlet/solicitudotadjuntos?22cfec83a9f3753c1c9015d205625a9b06edb6cc7c36251abe7f7fe1215a5637,gx-no-cache=1484677872058 HTTP/1.1" 200 30
186.103.158.250 - - [17/Jan/2017:15:31:00 -0300] "POST /cormun/servlet/solicitudotadjuntos?104728c4801c32cae09374468b2db456,INS,2017,4674,,2, HTTP/1.1" 200 116
186.103.158.250 - - [17/Jan/2017:15:31:00 -0300] "GET /cormun/servlet/hpexe_return? HTTP/1.1" 200 1024
186.103.158.250 - - [17/Jan/2017:15:31:01 -0300] "GET /cormun/servlet/trsolicitudadjuntos?2017,4674, HTTP/1.1" 200 8895
192.168.10.89 - - [17/Jan/2017:15:31:03 -0300] "POST /cormun/servlet/trsolicitudgral?7517e36276d3540c434a73f48b239610,,gx-no-cache=1484681166264 HTTP/1.1" 200 6488
186.103.158.250 - - [17/Jan/2017:15:31:03 -0300] "GET /cormun/servlet/trsolicitudadjuntos?2017,4674, HTTP/1.1" 200 8891
186.103.158.250 - - [17/Jan/2017:15:31:06 -0300] "GET /cormun/servlet/solicitudotadjuntos?INS,2017,4674,,2, HTTP/1.1" 200 5747
186.103.158.250 - - [17/Jan/2017:15:31:06 -0300] "GET /cormun/static/about:blank HTTP/1.1" 404 1011
186.103.158.250 - - [17/Jan/2017:15:31:07 -0300] "GET /cormun/servlet/solicitudotadjuntos?INS,2017,4674,,2, HTTP/1.1" 200 5741
186.103.158.250 - - [17/Jan/2017:15:31:07 -0300] "GET /cormun/servlet/solicitudotadjuntos?22cfec83a9f3753c1c9015d205625a9bed1e75d5d093b992ecc6c2ba9f160c794402e6c5366f39929728d8150cf75a5f,gx-no-cache=1484677879775 HTTP/1.1" 200 30
186.103.158.250 - - [17/Jan/2017:15:31:07 -0300] "POST /cormun/servlet/solicitudotadjuntos?104728c4801c32cae09374468b2db456,INS,2017,4674,,2,,gx-no-cache=1484677879815 HTTP/1.1" 200 3779
192.168.10.89 - - [17/Jan/2017:15:31:19 -0300] "POST /cormun/servlet/trsolicitudgral?7517e36276d3540c434a73f48b239610,,gx-no-cache=1484681183074 HTTP/1.1" 200 5461
192.168.10.89 - - [17/Jan/2017:15:31:26 -0300] "POST /cormun/servlet/trsolicitudgral?7517e36276d3540c434a73f48b239610,,gx-no-cache=1484681189531 HTTP/1.1" 200 5232
186.103.158.250 - - [17/Jan/2017:15:31:38 -0300] "POST /cormun/servlet/solicitudotadjuntos?gx-no-cache=1484677910455 HTTP/1.1" 200 26
186.103.158.250 - - [17/Jan/2017:15:31:49 -0300] "GET /cormun/servlet/solicitudotadjuntos?22cfec83a9f3753c1c9015d205625a9b06edb6cc7c36251abe7f7fe1215a5637,gx-no-cache=1484677922001 HTTP/1.1" 200 30
186.103.158.250 - - [17/Jan/2017:15:31:49 -0300] "GET /cormun/servlet/solicitudotadjuntos?22cfec83a9f3753c1c9015d205625a9b06edb6cc7c36251abe7f7fe1215a5637,gx-no-cache=1484677922026 HTTP/1.1" 200 30
186.103.158.250 - - [17/Jan/2017:15:31:50 -0300] "POST /cormun/servlet/solicitudotadjuntos?104728c4801c32cae09374468b2db456,INS,2017,4674,,2, HTTP/1.1" 200 116
186.103.158.250 - - [17/Jan/2017:15:31:50 -0300] "GET /cormun/servlet/hpexe_return? HTTP/1.1" 200 1024
192.168.10.89 - - [17/Jan/2017:15:31:51 -0300] "POST /cormun/servlet/trsolicitudgral?7517e36276d3540c434a73f48b239610,,gx-no-cache=1484681214229 HTTP/1.1" 200 6476
186.103.158.250 - - [17/Jan/2017:15:31:51 -0300] "GET /cormun/servlet/trsolicitudadjuntos?2017,4674, HTTP/1.1" 200 9008
186.103.158.250 - - [17/Jan/2017:15:31:53 -0300] "GET /cormun/servlet/trsolicitudadjuntos?2017,4674, HTTP/1.1" 200 9003
192.168.10.89 - - [17/Jan/2017:15:32:06 -0300] "POST /cormun/servlet/trsolicitudgral?7517e36276d3540c434a73f48b239610,,gx-no-cache=1484681229364 HTTP/1.1" 200 5446
186.103.158.250 - - [17/Jan/2017:15:32:06 -0300] "GET /cormun/servlet/solicitudotadjuntos?INS,2017,4674,,2, HTTP/1.1" 200 5747
186.103.158.250 - - [17/Jan/2017:15:32:06 -0300] "GET /cormun/static/about:blank HTTP/1.1" 404 1011
186.103.158.250 - - [17/Jan/2017:15:32:07 -0300] "GET /cormun/servlet/solicitudotadjuntos?INS,2017,4674,,2, HTTP/1.1" 200 5741
186.103.158.250 - - [17/Jan/2017:15:32:08 -0300] "GET /cormun/servlet/solicitudotadjuntos?22cfec83a9f3753c1c9015d205625a9bed1e75d5d093b992ecc6c2ba9f160c794402e6c5366f39929728d8150cf75a5f,gx-no-cache=1484677940354 HTTP/1.1" 200 30
186.103.158.250 - - [17/Jan/2017:15:32:08 -0300] "POST /cormun/servlet/solicitudotadjuntos?104728c4801c32cae09374468b2db456,INS,2017,4674,,2,,gx-no-cache=1484677940412 HTTP/1.1" 200 3778
192.168.10.89 - - [17/Jan/2017:15:32:12 -0300] "POST /cormun/servlet/trsolicitudgral?7517e36276d3540c434a73f48b239610,,gx-no-cache=1484681236055 HTTP/1.1" 200 5223
186.103.158.250 - - [17/Jan/2017:15:32:23 -0300] "POST /cormun/servlet/solicitudotadjuntos?gx-no-cache=1484677955761 HTTP/1.1" 200 26
186.103.158.250 - - [17/Jan/2017:15:32:41 -0300] "POST /cormun/servlet/solicitudotadjuntos?104728c4801c32cae09374468b2db456,INS,2017,4674,,2,,gx-no-cache=1484677973104 HTTP/1.1" 200 93
186.103.158.250 - - [17/Jan/2017:15:32:41 -0300] "GET /cormun/servlet/hpexe_return? HTTP/1.1" 200 1024
186.103.158.250 - - [17/Jan/2017:15:32:42 -0300] "GET /cormun/servlet/trsolicitudadjuntos?2017,4674, HTTP/1.1" 200 9007
186.103.158.250 - - [17/Jan/2017:15:32:43 -0300] "GET /cormun/servlet/trsolicitudadjuntos?2017,4674, HTTP/1.1" 200 9004
186.103.158.250 - - [17/Jan/2017:15:33:11 -0300] "GET /cormun/servlet/solicitudotadjuntos?INS,2017,4674,,2, HTTP/1.1" 200 5747
186.103.158.250 - - [17/Jan/2017:15:33:12 -0300] "GET /cormun/static/about:blank HTTP/1.1" 404 1011
186.103.158.250 - - [17/Jan/2017:15:33:13 -0300] "GET /cormun/servlet/solicitudotadjuntos?INS,2017,4674,,2, HTTP/1.1" 200 5741
186.103.158.250 - - [17/Jan/2017:15:33:13 -0300] "GET /cormun/servlet/solicitudotadjuntos?22cfec83a9f3753c1c9015d205625a9bed1e75d5d093b992ecc6c2ba9f160c794402e6c5366f39929728d8150cf75a5f,gx-no-cache=1484678005639 HTTP/1.1" 200 30
186.103.158.250 - - [17/Jan/2017:15:33:13 -0300] "POST /cormun/servlet/solicitudotadjuntos?104728c4801c32cae09374468b2db456,INS,2017,4674,,2,,gx-no-cache=1484678005690 HTTP/1.1" 200 3778
186.103.158.250 - - [17/Jan/2017:15:33:18 -0300] "POST /cormun/servlet/solicitudotadjuntos?gx-no-cache=1484678010698 HTTP/1.1" 200 26
186.103.158.250 - - [17/Jan/2017:15:33:26 -0300] "GET /cormun/servlet/solicitudotadjuntos?22cfec83a9f3753c1c9015d205625a9b06edb6cc7c36251abe7f7fe1215a5637,gx-no-cache=1484678018627 HTTP/1.1" 200 30
186.103.158.250 - - [17/Jan/2017:15:33:26 -0300] "GET /cormun/servlet/solicitudotadjuntos?22cfec83a9f3753c1c9015d205625a9b06edb6cc7c36251abe7f7fe1215a5637,gx-no-cache=1484678018652 HTTP/1.1" 200 30
186.103.158.250 - - [17/Jan/2017:15:33:27 -0300] "POST /cormun/servlet/solicitudotadjuntos?104728c4801c32cae09374468b2db456,INS,2017,4674,,2, HTTP/1.1" 200 5737
186.103.158.250 - - [17/Jan/2017:15:33:27 -0300] "GET /home/sistema/apache-tomcat-7.0.65/webapps/cormun/PrivateTempStorage/upload_00000473.pdf HTTP/1.1" 404 1135
186.103.158.250 - - [17/Jan/2017:15:33:27 -0300] "GET /cormun/static/Shared/jqueryui/images/ui-icons_82798d_256x240.png HTTP/1.1" 404 1089
186.103.158.250 - - [17/Jan/2017:15:33:27 -0300] "GET /cormun/static/Shared/jqueryui/images/ui-bg_highlight-soft_100_c6c2c8_1x100.png HTTP/1.1" 404 1117
186.103.158.250 - - [17/Jan/2017:15:33:27 -0300] "GET /home/sistema/apache-tomcat-7.0.65/webapps/cormun/PrivateTempStorage/upload_00000473.pdf HTTP/1.1" 404 1135
186.103.158.250 - - [17/Jan/2017:15:33:27 -0300] "GET /cormun/static/Shared/jqueryui/images/ui-bg_flat_55_994d53_40x100.png HTTP/1.1" 404 1097
186.103.158.250 - - [17/Jan/2017:15:33:27 -0300] "GET /cormun/static/Shared/jqueryui/images/ui-icons_ebccce_256x240.png HTTP/1.1" 404 1089
186.103.158.250 - - [17/Jan/2017:15:33:27 -0300] "GET /cormun/PrivateTempStorage/upload_00000473.pdf HTTP/1.1" 200 237945
186.103.158.250 - - [17/Jan/2017:15:33:28 -0300] "GET /cormun/PrivateTempStorage/upload_00000473.pdf HTTP/1.1" 304 -
186.103.158.250 - - [17/Jan/2017:15:33:39 -0300] "POST /cormun/servlet/solicitudotadjuntos?104728c4801c32cae09374468b2db456,INS,2017,4674,,2, HTTP/1.1" 200 116
186.103.158.250 - - [17/Jan/2017:15:33:39 -0300] "GET /cormun/servlet/hpexe_return? HTTP/1.1" 200 1024
186.103.158.250 - - [17/Jan/2017:15:33:40 -0300] "GET /cormun/servlet/trsolicitudadjuntos?2017,4674, HTTP/1.1" 200 9006
186.103.158.250 - - [17/Jan/2017:15:33:42 -0300] "GET /cormun/servlet/trsolicitudadjuntos?2017,4674, HTTP/1.1" 200 9007
186.103.158.250 - - [17/Jan/2017:15:34:17 -0300] "GET /cormun/servlet/solicitudotadjuntos?INS,2017,4674,,2, HTTP/1.1" 200 5747
186.103.158.250 - - [17/Jan/2017:15:34:18 -0300] "GET /cormun/servlet/solicitudotadjuntos?INS,2017,4674,,2, HTTP/1.1" 200 5741
186.103.158.250 - - [17/Jan/2017:15:34:19 -0300] "GET /cormun/servlet/solicitudotadjuntos?22cfec83a9f3753c1c9015d205625a9bed1e75d5d093b992ecc6c2ba9f160c794402e6c5366f39929728d8150cf75a5f,gx-no-cache=1484678071419 HTTP/1.1" 200 30
186.103.158.250 - - [17/Jan/2017:15:34:19 -0300] "POST /cormun/servlet/solicitudotadjuntos?104728c4801c32cae09374468b2db456,INS,2017,4674,,2,,gx-no-cache=1484678071484 HTTP/1.1" 200 3779
186.103.158.250 - - [17/Jan/2017:15:34:27 -0300] "GET /cormun/servlet/trvisualizadoreventos? HTTP/1.1" 200 6474
186.103.158.250 - - [17/Jan/2017:15:34:28 -0300] "GET /cormun/servlet/trvisualizadoreventos? HTTP/1.1" 200 6455
186.103.158.250 - - [17/Jan/2017:15:34:49 -0300] "POST /cormun/servlet/trvisualizadoreventos?104728c4801c32cae09374468b2db456,,gx-no-cache=1484678101265 HTTP/1.1" 200 3754
186.103.158.250 - - [17/Jan/2017:15:34:53 -0300] "POST /cormun/servlet/trvisualizadoreventos?104728c4801c32cae09374468b2db456,,gx-no-cache=1484678105966 HTTP/1.1" 200 3754
186.103.158.250 - - [17/Jan/2017:15:35:02 -0300] "GET /cormun/static/menuarrow.gif HTTP/1.1" 404 1015
186.103.158.250 - - [17/Jan/2017:15:35:06 -0300] "POST /cormun/servlet/trvisualizadoreventos?104728c4801c32cae09374468b2db456,,gx-no-cache=1484678118047 HTTP/1.1" 200 3759
186.103.158.250 - - [17/Jan/2017:15:35:12 -0300] "GET /cormun/servlet/trvisualizadoreventos? HTTP/1.1" 200 6474
186.103.158.250 - - [17/Jan/2017:15:35:14 -0300] "GET /cormun/servlet/trvisualizadoreventos? HTTP/1.1" 200 6474
186.103.158.250 - - [17/Jan/2017:15:35:17 -0300] "GET /cormun/servlet/solicitudotadjuntos?INS,2017,4674,,2, HTTP/1.1" 200 5751
186.103.158.250 - - [17/Jan/2017:15:35:18 -0300] "GET /cormun/servlet/trsolicitudadjuntos?2017,4674, HTTP/1.1" 200 8997
186.103.158.250 - - [17/Jan/2017:15:35:20 -0300] "GET /cormun/servlet/trsolicitudadjuntos?2017,4674, HTTP/1.1" 200 8998
186.103.158.250 - - [17/Jan/2017:15:35:23 -0300] "GET /cormun/servlet/solicitudotadjuntos?INS,2017,4674,,2, HTTP/1.1" 200 5751
186.103.158.250 - - [17/Jan/2017:15:35:24 -0300] "GET /cormun/servlet/solicitudotadjuntos?INS,2017,4674,,2, HTTP/1.1" 200 5745
186.103.158.250 - - [17/Jan/2017:15:35:24 -0300] "GET /cormun/servlet/solicitudotadjuntos?22cfec83a9f3753c1c9015d205625a9bed1e75d5d093b992ecc6c2ba9f160c794402e6c5366f39929728d8150cf75a5f,gx-no-cache=1484678136662 HTTP/1.1" 200 30
186.103.158.250 - - [17/Jan/2017:15:35:24 -0300] "POST /cormun/servlet/solicitudotadjuntos?104728c4801c32cae09374468b2db456,INS,2017,4674,,2,,gx-no-cache=1484678136736 HTTP/1.1" 200 3793
186.103.158.250 - - [17/Jan/2017:15:35:25 -0300] "GET /cormun/servlet/trsolicitudadjuntos?2017,4674, HTTP/1.1" 200 9002
186.103.158.250 - - [17/Jan/2017:15:35:27 -0300] "GET /cormun/servlet/trsolicitudadjuntos?2017,4674, HTTP/1.1" 200 8996
186.103.158.250 - - [17/Jan/2017:15:35:28 -0300] "GET /cormun/servlet/solicitudotadjuntos?INS,2017,4674,,2, HTTP/1.1" 200 5751
186.103.158.250 - - [17/Jan/2017:15:35:29 -0300] "GET /cormun/servlet/solicitudotadjuntos?INS,2017,4674,,2, HTTP/1.1" 200 5745
186.103.158.250 - - [17/Jan/2017:15:35:30 -0300] "GET /cormun/servlet/solicitudotadjuntos?22cfec83a9f3753c1c9015d205625a9bed1e75d5d093b992ecc6c2ba9f160c794402e6c5366f39929728d8150cf75a5f,gx-no-cache=1484678142088 HTTP/1.1" 200 30
186.103.158.250 - - [17/Jan/2017:15:35:30 -0300] "POST /cormun/servlet/solicitudotadjuntos?104728c4801c32cae09374468b2db456,INS,2017,4674,,2,,gx-no-cache=1484678142144 HTTP/1.1" 200 3793
186.103.158.250 - - [17/Jan/2017:15:35:30 -0300] "GET /cormun/servlet/trsolicitudadjuntos?2017,4674, HTTP/1.1" 200 8999
186.103.158.250 - - [17/Jan/2017:15:35:32 -0300] "GET /cormun/servlet/trsolicitudadjuntos?2017,4674, HTTP/1.1" 200 8997
186.103.158.250 - - [17/Jan/2017:15:35:33 -0300] "GET /cormun/servlet/solicitudotadjuntos?INS,2017,4674,,2, HTTP/1.1" 200 5751
186.103.158.250 - - [17/Jan/2017:15:35:34 -0300] "GET /cormun/servlet/solicitudotadjuntos?INS,2017,4674,,2, HTTP/1.1" 200 5745
186.103.158.250 - - [17/Jan/2017:15:35:34 -0300] "GET /cormun/servlet/solicitudotadjuntos?22cfec83a9f3753c1c9015d205625a9bed1e75d5d093b992ecc6c2ba9f160c794402e6c5366f39929728d8150cf75a5f,gx-no-cache=1484678146906 HTTP/1.1" 200 30
186.103.158.250 - - [17/Jan/2017:15:35:34 -0300] "POST /cormun/servlet/solicitudotadjuntos?104728c4801c32cae09374468b2db456,INS,2017,4674,,2,,gx-no-cache=1484678146955 HTTP/1.1" 200 3793
186.103.158.250 - - [17/Jan/2017:15:35:37 -0300] "POST /cormun/servlet/solicitudotadjuntos?104728c4801c32cae09374468b2db456,INS,2017,4674,,2,,gx-no-cache=1484678149875 HTTP/1.1" 200 93
186.103.158.250 - - [17/Jan/2017:15:35:37 -0300] "GET /cormun/servlet/hpexe_return? HTTP/1.1" 200 1030
186.103.158.250 - - [17/Jan/2017:15:35:38 -0300] "GET /cormun/servlet/trvisualizadoreventos HTTP/1.1" 200 6477
186.103.158.250 - - [17/Jan/2017:15:35:39 -0300] "GET /cormun/servlet/trvisualizadoreventos HTTP/1.1" 200 6474
186.103.158.250 - - [17/Jan/2017:15:35:48 -0300] "POST /cormun/servlet/trvisualizadoreventos?104728c4801c32cae09374468b2db456,gx-no-cache=1484678160547 HTTP/1.1" 200 3747
186.103.158.250 - - [17/Jan/2017:15:36:27 -0300] "GET /cormun/servlet/solicitudotadjuntos?INS,2017,4674,,2, HTTP/1.1" 200 5751
186.103.158.250 - - [17/Jan/2017:15:36:28 -0300] "GET /cormun/servlet/solicitudotadjuntos?INS,2017,4674,,2, HTTP/1.1" 200 5745
186.103.158.250 - - [17/Jan/2017:15:36:29 -0300] "GET /cormun/servlet/solicitudotadjuntos?22cfec83a9f3753c1c9015d205625a9bed1e75d5d093b992ecc6c2ba9f160c794402e6c5366f39929728d8150cf75a5f,gx-no-cache=1484678201041 HTTP/1.1" 200 30
186.103.158.250 - - [17/Jan/2017:15:36:29 -0300] "POST /cormun/servlet/solicitudotadjuntos?104728c4801c32cae09374468b2db456,INS,2017,4674,,2,,gx-no-cache=1484678201114 HTTP/1.1" 200 3793
186.103.158.250 - - [17/Jan/2017:15:36:29 -0300] "GET /cormun/servlet/trsolicitudadjuntos?2017,4674, HTTP/1.1" 200 8996
186.103.158.250 - - [17/Jan/2017:15:36:30 -0300] "GET /cormun/servlet/solicitudotadjuntos?INS,2017,4674,,1, HTTP/1.1" 200 5753
186.103.158.250 - - [17/Jan/2017:15:36:31 -0300] "GET /cormun/servlet/solicitudotadjuntos?INS,2017,4674,,1, HTTP/1.1" 200 5753
186.103.158.250 - - [17/Jan/2017:15:36:31 -0300] "GET /cormun/servlet/trsolicitudadjuntos?2017,4674, HTTP/1.1" 200 8926
186.103.158.250 - - [17/Jan/2017:15:36:32 -0300] "GET /cormun/servlet/solicitudotadjuntos?INS,2017,4674,,1, HTTP/1.1" 200 5747
186.103.158.250 - - [17/Jan/2017:15:36:33 -0300] "GET /cormun/servlet/solicitudotadjuntos?22cfec83a9f3753c1c9015d205625a9bed1e75d5d093b992ecc6c2ba9f160c794402e6c5366f39929728d8150cf75a5f,gx-no-cache=1484678205066 HTTP/1.1" 200 30
186.103.158.250 - - [17/Jan/2017:15:36:33 -0300] "POST /cormun/servlet/solicitudotadjuntos?104728c4801c32cae09374468b2db456,INS,2017,4674,,1,,gx-no-cache=1484678205105 HTTP/1.1" 200 3648
186.103.158.250 - - [17/Jan/2017:15:36:34 -0300] "GET /cormun/servlet/trsolicitudadjuntos?2017,4674, HTTP/1.1" 200 8997
186.103.158.250 - - [17/Jan/2017:15:36:35 -0300] "GET /cormun/servlet/solicitudotadjuntos?INS,2017,4674,,1, HTTP/1.1" 200 5753
186.103.158.250 - - [17/Jan/2017:15:36:35 -0300] "GET /cormun/servlet/trsolicitudadjuntos?2017,4674, HTTP/1.1" 200 8924
186.103.158.250 - - [17/Jan/2017:15:36:36 -0300] "GET /cormun/servlet/solicitudotadjuntos?INS,2017,4674,,1, HTTP/1.1" 200 5747
186.103.158.250 - - [17/Jan/2017:15:36:37 -0300] "GET /cormun/servlet/solicitudotadjuntos?22cfec83a9f3753c1c9015d205625a9bed1e75d5d093b992ecc6c2ba9f160c794402e6c5366f39929728d8150cf75a5f,gx-no-cache=1484678209247 HTTP/1.1" 200 30
186.103.158.250 - - [17/Jan/2017:15:36:37 -0300] "POST /cormun/servlet/solicitudotadjuntos?104728c4801c32cae09374468b2db456,INS,2017,4674,,1,,gx-no-cache=1484678209286 HTTP/1.1" 200 3632
186.103.158.250 - - [17/Jan/2017:15:36:37 -0300] "GET /cormun/servlet/trsolicitudadjuntos?2017,4674, HTTP/1.1" 200 8930
186.103.158.250 - - [17/Jan/2017:15:36:39 -0300] "GET /cormun/servlet/trsolicitudadjuntos?2017,4674, HTTP/1.1" 200 8996
186.103.158.250 - - [17/Jan/2017:15:36:47 -0300] "GET /cormun/servlet/solicitudotadjuntos?INS,2017,4674,,1, HTTP/1.1" 200 5753
186.103.158.250 - - [17/Jan/2017:15:36:48 -0300] "GET /cormun/servlet/solicitudotadjuntos?INS,2017,4674,,1, HTTP/1.1" 200 5747
186.103.158.250 - - [17/Jan/2017:15:36:48 -0300] "GET /cormun/servlet/solicitudotadjuntos?22cfec83a9f3753c1c9015d205625a9bed1e75d5d093b992ecc6c2ba9f160c794402e6c5366f39929728d8150cf75a5f,gx-no-cache=1484678220878 HTTP/1.1" 200 30
186.103.158.250 - - [17/Jan/2017:15:36:48 -0300] "POST /cormun/servlet/solicitudotadjuntos?104728c4801c32cae09374468b2db456,INS,2017,4674,,1,,gx-no-cache=1484678220921 HTTP/1.1" 200 3648
186.103.158.250 - - [17/Jan/2017:15:36:50 -0300] "GET /cormun/servlet/trsolicitudadjuntos?2017,4674, HTTP/1.1" 200 8998
186.103.158.250 - - [17/Jan/2017:15:36:52 -0300] "GET /cormun/servlet/trsolicitudadjuntos?2017,4674, HTTP/1.1" 200 8995
186.103.158.250 - - [17/Jan/2017:15:36:52 -0300] "GET /cormun/servlet/solicitudotadjuntos?INS,2017,4674,,1, HTTP/1.1" 200 5753
186.103.158.250 - - [17/Jan/2017:15:36:54 -0300] "GET /cormun/servlet/solicitudotadjuntos?INS,2017,4674,,1, HTTP/1.1" 200 5747
186.103.158.250 - - [17/Jan/2017:15:36:54 -0300] "GET /cormun/servlet/solicitudotadjuntos?22cfec83a9f3753c1c9015d205625a9bed1e75d5d093b992ecc6c2ba9f160c794402e6c5366f39929728d8150cf75a5f,gx-no-cache=1484678226554 HTTP/1.1" 200 30
186.103.158.250 - - [17/Jan/2017:15:36:54 -0300] "POST /cormun/servlet/solicitudotadjuntos?104728c4801c32cae09374468b2db456,INS,2017,4674,,1,,gx-no-cache=1484678226596 HTTP/1.1" 200 3648
186.103.158.250 - - [17/Jan/2017:15:36:55 -0300] "GET /cormun/servlet/trsolicitudadjuntos?2017,4674, HTTP/1.1" 200 8999
186.103.158.250 - - [17/Jan/2017:15:36:56 -0300] "GET /cormun/servlet/trsolicitudadjuntos?2017,4674, HTTP/1.1" 200 8999
186.103.158.250 - - [17/Jan/2017:15:36:57 -0300] "GET /cormun/servlet/solicitudotadjuntos?INS,2017,4674,,1, HTTP/1.1" 200 5753
186.103.158.250 - - [17/Jan/2017:15:36:58 -0300] "GET /cormun/servlet/solicitudotadjuntos?INS,2017,4674,,1, HTTP/1.1" 200 5747
186.103.158.250 - - [17/Jan/2017:15:36:59 -0300] "GET /cormun/servlet/solicitudotadjuntos?22cfec83a9f3753c1c9015d205625a9bed1e75d5d093b992ecc6c2ba9f160c794402e6c5366f39929728d8150cf75a5f,gx-no-cache=1484678231405 HTTP/1.1" 200 30
186.103.158.250 - - [17/Jan/2017:15:36:59 -0300] "POST /cormun/servlet/solicitudotadjuntos?104728c4801c32cae09374468b2db456,INS,2017,4674,,1,,gx-no-cache=1484678231477 HTTP/1.1" 200 3648
186.103.158.250 - - [17/Jan/2017:15:37:01 -0300] "GET /cormun/servlet/trsolicitudadjuntos?2017,4674, HTTP/1.1" 200 8993
186.103.158.250 - - [17/Jan/2017:15:37:03 -0300] "GET /cormun/servlet/trsolicitudadjuntos?2017,4674, HTTP/1.1" 200 8994
186.103.158.250 - - [17/Jan/2017:15:37:03 -0300] "GET /cormun/servlet/trsolicitudot? HTTP/1.1" 200 7959
186.103.158.250 - - [17/Jan/2017:15:37:03 -0300] "GET /cormun/servlet/trvisualizadoreventos? HTTP/1.1" 200 6474
186.103.158.250 - - [17/Jan/2017:15:37:03 -0300] "GET /cormun/servlet/hhome HTTP/1.1" 200 3719
186.103.158.250 - - [17/Jan/2017:15:37:04 -0300] "GET /cormun/servlet/trsolicitudot? HTTP/1.1" 200 7966
186.103.158.250 - - [17/Jan/2017:15:37:04 -0300] "GET /cormun/servlet/solicitudot?INS,0,0, HTTP/1.1" 200 12524
186.103.158.250 - - [17/Jan/2017:15:37:06 -0300] "GET /cormun/servlet/solicitudot?INS,0,0, HTTP/1.1" 200 12528
186.103.158.250 - - [17/Jan/2017:15:37:14 -0300] "POST /cormun/servlet/solicitudot?104728c4801c32cae09374468b2db456,INS,0,0,,gx-no-cache=1484678246858 HTTP/1.1" 200 93
186.103.158.250 - - [17/Jan/2017:15:37:14 -0300] "GET /cormun/servlet/hpexe_return? HTTP/1.1" 200 1007
186.103.158.250 - - [17/Jan/2017:15:37:15 -0300] "GET /cormun/servlet/trsolicitudot HTTP/1.1" 200 7968
186.103.158.250 - - [17/Jan/2017:15:37:16 -0300] "GET /cormun/servlet/trsolicitudot HTTP/1.1" 200 7964
186.103.158.250 - - [17/Jan/2017:15:37:34 -0300] "POST /cormun/servlet/trsolicitudot?104728c4801c32cae09374468b2db456,gx-no-cache=1484678266189 HTTP/1.1" 200 4127
186.103.158.250 - - [17/Jan/2017:15:37:34 -0300] "GET /cormun/static/Shared/jqueryui/images/ui-bg_flat_55_fafafa_40x100.png HTTP/1.1" 404 1097
186.103.158.250 - - [17/Jan/2017:15:37:34 -0300] "GET /cormun/static/Shared/jqueryui/images/ui-icons_8d78a5_256x240.png HTTP/1.1" 404 1089
186.103.158.250 - - [17/Jan/2017:15:37:34 -0300] "GET /cormun/static/Shared/jqueryui/images/ui-icons_82798d_256x240.png HTTP/1.1" 404 1089
186.103.158.250 - - [17/Jan/2017:15:37:34 -0300] "POST /cormun/servlet/trsolicitudot?104728c4801c32cae09374468b2db456,gx-no-cache=1484678266534 HTTP/1.1" 200 3898
186.103.158.250 - - [17/Jan/2017:15:37:34 -0300] "GET /cormun/static/Shared/jqueryui/images/ui-bg_highlight-soft_100_c6c2c8_1x100.png HTTP/1.1" 404 1117
186.103.158.250 - - [17/Jan/2017:15:38:52 -0300] "GET /cormun/servlet/solicitudot?INS,0,0, HTTP/1.1" 200 12522
186.103.158.250 - - [17/Jan/2017:15:38:53 -0300] "GET /cormun/servlet/solicitudot?INS,0,0, HTTP/1.1" 200 12527
186.103.158.250 - - [17/Jan/2017:15:39:07 -0300] "POST /cormun/servlet/solicitudot?gx-no-cache=1484678359273 HTTP/1.1" 200 3081
186.103.158.250 - - [17/Jan/2017:15:39:07 -0300] "POST /cormun/servlet/solicitudot?104728c4801c32cae09374468b2db456,INS,0,0,,gx-no-cache=1484678359483 HTTP/1.1" 200 9639
186.103.158.250 - - [17/Jan/2017:15:39:14 -0300] "GET /cormun/servlet/solicitudot?22cfec83a9f3753c1c9015d205625a9b3b70b1fec16310a88b3ab24359ca5f5bbb45c75fe3d550cda62c098110700795,gx-no-cache=1484678366768 HTTP/1.1" 200 30
192.168.10.89 - - [17/Jan/2017:15:41:51 -0300] "POST /cormun/servlet/trsolicitudgral?7517e36276d3540c434a73f48b239610,,gx-no-cache=1484681814183 HTTP/1.1" 200 20549
186.103.158.250 - - [17/Jan/2017:15:43:28 -0300] "POST /cormun/servlet/solicitudot?gx-no-cache=1484678620680 HTTP/1.1" 200 255
192.168.10.89 - - [17/Jan/2017:15:43:31 -0300] "GET /cormunbeta/servlet/hlogin HTTP/1.1" 200 1721
192.168.10.89 - - [17/Jan/2017:15:43:32 -0300] "GET /cormunbeta/static/Resources/Spanish/PXTools.css?167811 HTTP/1.1" 304 -
192.168.10.89 - - [17/Jan/2017:15:43:32 -0300] "GET /cormunbeta/static/hlogin.js?201612216162555 HTTP/1.1" 304 -
192.168.10.89 - - [17/Jan/2017:15:43:37 -0300] "GET /cormun/servlet/hlogin HTTP/1.1" 200 1721
186.103.158.250 - - [17/Jan/2017:15:43:42 -0300] "GET /cormun/servlet/solicitudot?22cfec83a9f3753c1c9015d205625a9b114c24406ff0436d04c1885e70e6625c222a90c421f04bbc89308dbc2a5ed7f8ca2914eb58ecf71a55845033b90056f284e1d790b41b3eeb752039eeea2f113811fe1c0afd252ba96ed46ceaf257556af97fc13740112d5fde02ed7361fda56e1fbc38b3188d83ae000060ac92815d186213b4184613edbca252bc3c014f1f58790d63a1f12ffdbb33fe8fe33719b3cb2d8f5ce63d5cfebe5d0ea5333ad1025528ccfd9b1e198a9636d9fa592433fadf7371cd2fc3cb3597f612858de919173284fb0e78c3b8c061a60773dbb2c36d32f7491cf2293eccbde43dc10eaf4cd39c6e042393920911f18632944659611f01bf257e01908b57a940130a577b6ab4071e2da9cf5a5faf290d9613449a4c5bf443c743102d9e14722cdc27170ea284fbe3fec6927252096be6ce3db2e4dfccc9403a32d79afaded39b669970adde2dbb08deca080912c34ed48dbb158dfb26246fba057a556a231a2343bf6147aa208627ad38c9431fe87fcc22d0048bf2af35,gx-no-cache=1484678634687 HTTP/1.1" 200 30
192.168.10.89 - - [17/Jan/2017:15:43:45 -0300] "POST /cormun/servlet/hlogin?e0ef5448b41de9608613121884478f08,gx-no-cache=1484681928795 HTTP/1.1" 200 90
192.168.10.89 - - [17/Jan/2017:15:43:45 -0300] "GET /cormun/servlet/hpexe_link HTTP/1.1" 200 956
192.168.10.89 - - [17/Jan/2017:15:43:45 -0300] "GET /cormun/servlet/hhome HTTP/1.1" 200 4344
186.103.158.250 - - [17/Jan/2017:15:43:51 -0300] "POST /cormun/servlet/solicitudot?gx-no-cache=1484678642687 HTTP/1.1" 200 30
186.103.158.250 - - [17/Jan/2017:15:43:54 -0300] "POST /cormun/servlet/solicitudot?gx-no-cache=1484678646280 HTTP/1.1" 200 235
186.103.158.250 - - [17/Jan/2017:15:43:54 -0300] "POST /cormun/servlet/solicitudot?gx-no-cache=1484678646399 HTTP/1.1" 200 38
186.103.158.250 - - [17/Jan/2017:15:44:50 -0300] "GET /cormun/servlet/solicitudot?22cfec83a9f3753c1c9015d205625a9b4ea7d08bb54f73a6d8d88ed79dcac78799ad20b637c13cf12a6d0824de945fd0478e13b2136a61bbfd1c54203e85516d0702d14919eadafe4daea81a05fd1724895563d172a49d21ec698f1a7c6095ac38b01dd98914f46aef77810d395bc5f4,gx-no-cache=1484678702308 HTTP/1.1" 200 29
186.103.158.250 - - [17/Jan/2017:15:44:50 -0300] "POST /cormun/servlet/solicitudot?gx-no-cache=1484678702730 HTTP/1.1" 200 605
186.103.158.250 - - [17/Jan/2017:15:44:50 -0300] "POST /cormun/servlet/solicitudot?gx-no-cache=1484678702805 HTTP/1.1" 200 480
186.103.158.250 - - [17/Jan/2017:15:44:50 -0300] "GET /cormun/static/menuarrow.gif HTTP/1.1" 404 1015
192.168.10.89 - - [17/Jan/2017:15:44:53 -0300] "GET /cormun/servlet/trsolicitudgral? HTTP/1.1" 200 13129
186.103.158.250 - - [17/Jan/2017:15:44:56 -0300] "POST /cormun/servlet/solicitudot?gx-no-cache=1484678709017 HTTP/1.1" 200 605
186.103.158.250 - - [17/Jan/2017:15:44:57 -0300] "POST /cormun/servlet/solicitudot?gx-no-cache=1484678709073 HTTP/1.1" 200 480
192.168.10.89 - - [17/Jan/2017:15:45:02 -0300] "GET /cormun/static/menuarrow.gif HTTP/1.1" 404 1015
192.168.10.89 - - [17/Jan/2017:15:45:07 -0300] "POST /cormun/servlet/trsolicitudgral?e0ef5448b41de9608613121884478f08,,gx-no-cache=1484682009971 HTTP/1.1" 200 20550
