192.168.10.17 - - [17/Jan/2017:18:46:30 -0300] "POST /cormun/servlet/trsolicitudot?9bd17447f74320e3b92e3806bd547f7c,gx-no-cache=1484693371210 HTTP/1.1" 200 5757
192.168.10.17 - - [17/Jan/2017:18:46:30 -0300] "POST /cormun/servlet/trsolicitudot?9bd17447f74320e3b92e3806bd547f7c,gx-no-cache=1484693371464 HTTP/1.1" 200 5699
192.168.10.17 - - [17/Jan/2017:18:46:30 -0300] "POST /cormun/servlet/trsolicitudot?9bd17447f74320e3b92e3806bd547f7c,gx-no-cache=1484693372062 HTTP/1.1" 200 5432
192.168.10.17 - - [17/Jan/2017:18:46:31 -0300] "POST /cormun/servlet/trsolicitudot?9bd17447f74320e3b92e3806bd547f7c,gx-no-cache=1484693372291 HTTP/1.1" 200 5375
192.168.10.17 - - [17/Jan/2017:18:46:31 -0300] "POST /cormun/servlet/trsolicitudot?9bd17447f74320e3b92e3806bd547f7c,gx-no-cache=1484693372965 HTTP/1.1" 200 4313
192.168.10.17 - - [17/Jan/2017:18:46:32 -0300] "POST /cormun/servlet/trsolicitudot?9bd17447f74320e3b92e3806bd547f7c,gx-no-cache=1484693373170 HTTP/1.1" 200 4094
192.168.10.17 - - [17/Jan/2017:18:46:33 -0300] "GET /cormun/servlet/trautorizarsolicitud? HTTP/1.1" 200 9237
192.168.10.17 - - [17/Jan/2017:18:46:34 -0300] "GET /cormun/servlet/trautorizarsolicitud? HTTP/1.1" 200 9236
192.168.10.89 - - [17/Jan/2017:18:46:35 -0300] "POST /cormun/servlet/trsolicitudgral?ee34c4348b1610e891fde9371117340a,gx-no-cache=1484689272736,gx-no-cache=1484692898711 HTTP/1.1" 200 5462
192.168.10.17 - - [17/Jan/2017:18:46:36 -0300] "POST /cormun/servlet/trautorizarsolicitud?9bd17447f74320e3b92e3806bd547f7c,,gx-no-cache=1484693377661 HTTP/1.1" 200 6007
192.168.10.17 - - [17/Jan/2017:18:46:36 -0300] "GET /cormun/static/Shared/jqueryui/images/ui-bg_highlight-soft_100_c6c2c8_1x100.png HTTP/1.1" 404 1117
192.168.10.17 - - [17/Jan/2017:18:46:36 -0300] "GET /cormun/static/Shared/jqueryui/images/ui-icons_82798d_256x240.png HTTP/1.1" 404 1089
192.168.10.17 - - [17/Jan/2017:18:46:36 -0300] "GET /cormun/static/Shared/jqueryui/images/ui-icons_8d78a5_256x240.png HTTP/1.1" 404 1089
192.168.10.17 - - [17/Jan/2017:18:46:36 -0300] "GET /cormun/static/Shared/jqueryui/images/ui-bg_flat_55_fafafa_40x100.png HTTP/1.1" 404 1097
192.168.10.17 - - [17/Jan/2017:18:46:36 -0300] "POST /cormun/servlet/trautorizarsolicitud?9bd17447f74320e3b92e3806bd547f7c,,gx-no-cache=1484693377929 HTTP/1.1" 200 5950
192.168.10.17 - - [17/Jan/2017:18:46:37 -0300] "POST /cormun/servlet/trautorizarsolicitud?9bd17447f74320e3b92e3806bd547f7c,,gx-no-cache=1484693378392 HTTP/1.1" 200 5735
192.168.10.17 - - [17/Jan/2017:18:46:37 -0300] "POST /cormun/servlet/trautorizarsolicitud?9bd17447f74320e3b92e3806bd547f7c,,gx-no-cache=1484693378620 HTTP/1.1" 200 5680
192.168.10.89 - - [17/Jan/2017:18:46:37 -0300] "POST /cormun/servlet/trsolicitudgral?ee34c4348b1610e891fde9371117340a,gx-no-cache=1484689272736,gx-no-cache=1484692900696 HTTP/1.1" 200 5225
192.168.10.17 - - [17/Jan/2017:18:46:37 -0300] "POST /cormun/servlet/trautorizarsolicitud?9bd17447f74320e3b92e3806bd547f7c,,gx-no-cache=1484693379079 HTTP/1.1" 200 5409
192.168.10.17 - - [17/Jan/2017:18:46:38 -0300] "POST /cormun/servlet/trautorizarsolicitud?9bd17447f74320e3b92e3806bd547f7c,,gx-no-cache=1484693379280 HTTP/1.1" 200 5351
192.168.10.17 - - [17/Jan/2017:18:46:38 -0300] "POST /cormun/servlet/trautorizarsolicitud?9bd17447f74320e3b92e3806bd547f7c,,gx-no-cache=1484693379878 HTTP/1.1" 200 4289
192.168.10.17 - - [17/Jan/2017:18:46:38 -0300] "POST /cormun/servlet/trautorizarsolicitud?9bd17447f74320e3b92e3806bd547f7c,,gx-no-cache=1484693380117 HTTP/1.1" 200 4074
192.168.10.89 - - [17/Jan/2017:18:46:50 -0300] "POST /cormun/servlet/trsolicitudgral?ee34c4348b1610e891fde9371117340a,gx-no-cache=1484689272736,gx-no-cache=1484692914068 HTTP/1.1" 200 6456
192.168.10.89 - - [17/Jan/2017:18:47:04 -0300] "POST /cormun/servlet/trsolicitudgral?ee34c4348b1610e891fde9371117340a,gx-no-cache=1484689272736,gx-no-cache=1484692927681 HTTP/1.1" 200 5440
192.168.10.89 - - [17/Jan/2017:18:47:06 -0300] "POST /cormun/servlet/trsolicitudgral?ee34c4348b1610e891fde9371117340a,gx-no-cache=1484689272736,gx-no-cache=1484692929817 HTTP/1.1" 200 5223
192.168.10.17 - - [17/Jan/2017:18:47:09 -0300] "GET /cormun/servlet/hlogin HTTP/1.1" 200 1742
192.168.10.17 - - [17/Jan/2017:18:47:16 -0300] "POST /cormun/servlet/hlogin?9bd17447f74320e3b92e3806bd547f7c,gx-no-cache=1484693417740 HTTP/1.1" 200 90
192.168.10.17 - - [17/Jan/2017:18:47:16 -0300] "GET /cormun/servlet/hpexe_link HTTP/1.1" 200 953
192.168.10.17 - - [17/Jan/2017:18:47:16 -0300] "GET /cormun/servlet/hhome HTTP/1.1" 200 4343
192.168.10.17 - - [17/Jan/2017:18:47:17 -0300] "GET /cormun/servlet/hhome HTTP/1.1" 200 4339
192.168.10.89 - - [17/Jan/2017:18:47:18 -0300] "POST /cormun/servlet/trsolicitudgral?ee34c4348b1610e891fde9371117340a,gx-no-cache=1484689272736,gx-no-cache=1484692941705 HTTP/1.1" 200 6907
192.168.10.17 - - [17/Jan/2017:18:47:19 -0300] "GET /cormun/servlet/trsolicitudgral? HTTP/1.1" 200 10154
192.168.10.17 - - [17/Jan/2017:18:47:20 -0300] "GET /cormun/servlet/trsolicitudgral? HTTP/1.1" 200 10151
192.168.10.17 - - [17/Jan/2017:18:47:32 -0300] "POST /cormun/servlet/trsolicitudgral?9bd17447f74320e3b92e3806bd547f7c,,gx-no-cache=1484693433702 HTTP/1.1" 200 6824
192.168.10.89 - - [17/Jan/2017:18:47:36 -0300] "POST /cormun/servlet/trsolicitudgral?ee34c4348b1610e891fde9371117340a,gx-no-cache=1484689272736,gx-no-cache=1484692959588 HTTP/1.1" 200 6522
192.168.10.89 - - [17/Jan/2017:18:47:39 -0300] "POST /cormun/servlet/trsolicitudgral?ee34c4348b1610e891fde9371117340a,gx-no-cache=1484689272736,gx-no-cache=1484692962567 HTTP/1.1" 200 6464
192.168.10.17 - - [17/Jan/2017:18:47:45 -0300] "POST /cormun/servlet/trsolicitudgral?9bd17447f74320e3b92e3806bd547f7c,,gx-no-cache=1484693446882 HTTP/1.1" 200 6442
192.168.10.89 - - [17/Jan/2017:18:47:52 -0300] "POST /cormun/servlet/trsolicitudgral?ee34c4348b1610e891fde9371117340a,gx-no-cache=1484689272736,gx-no-cache=1484692975845 HTTP/1.1" 200 6475
192.168.10.89 - - [17/Jan/2017:18:48:09 -0300] "POST /cormun/servlet/trsolicitudgral?ee34c4348b1610e891fde9371117340a,gx-no-cache=1484689272736,gx-no-cache=1484692992216 HTTP/1.1" 200 5454
192.168.10.89 - - [17/Jan/2017:18:48:11 -0300] "POST /cormun/servlet/trsolicitudgral?ee34c4348b1610e891fde9371117340a,gx-no-cache=1484689272736,gx-no-cache=1484692994766 HTTP/1.1" 200 5222
192.168.10.89 - - [17/Jan/2017:18:48:38 -0300] "POST /cormun/servlet/trsolicitudgral?ee34c4348b1610e891fde9371117340a,gx-no-cache=1484689272736,gx-no-cache=1484693021570 HTTP/1.1" 200 6479
192.168.10.89 - - [17/Jan/2017:18:48:51 -0300] "POST /cormun/servlet/trsolicitudgral?ee34c4348b1610e891fde9371117340a,gx-no-cache=1484689272736,gx-no-cache=1484693034242 HTTP/1.1" 200 5459
192.168.10.89 - - [17/Jan/2017:18:48:53 -0300] "POST /cormun/servlet/trsolicitudgral?ee34c4348b1610e891fde9371117340a,gx-no-cache=1484689272736,gx-no-cache=1484693036889 HTTP/1.1" 200 5224
192.168.10.17 - - [17/Jan/2017:18:49:02 -0300] "POST /cormun/servlet/trsolicitudgral?9bd17447f74320e3b92e3806bd547f7c,,gx-no-cache=1484693522893 HTTP/1.1" 200 20859
192.168.10.89 - - [17/Jan/2017:18:49:17 -0300] "POST /cormun/servlet/trsolicitudgral?ee34c4348b1610e891fde9371117340a,gx-no-cache=1484689272736,gx-no-cache=1484693060985 HTTP/1.1" 200 6430
192.168.10.89 - - [17/Jan/2017:18:49:32 -0300] "POST /cormun/servlet/trsolicitudgral?ee34c4348b1610e891fde9371117340a,gx-no-cache=1484689272736,gx-no-cache=1484693075882 HTTP/1.1" 200 5422
192.168.10.89 - - [17/Jan/2017:18:49:35 -0300] "POST /cormun/servlet/trsolicitudgral?ee34c4348b1610e891fde9371117340a,gx-no-cache=1484689272736,gx-no-cache=1484693078687 HTTP/1.1" 200 5222
192.168.10.17 - - [17/Jan/2017:18:50:58 -0300] "GET /cormun/servlet/hlogin HTTP/1.1" 200 1740
192.168.10.17 - - [17/Jan/2017:18:51:11 -0300] "POST /cormun/servlet/hlogin?9bd17447f74320e3b92e3806bd547f7c,gx-no-cache=1484693652212 HTTP/1.1" 200 90
192.168.10.17 - - [17/Jan/2017:18:51:11 -0300] "GET /cormun/servlet/hpexe_link HTTP/1.1" 200 953
192.168.10.17 - - [17/Jan/2017:18:51:11 -0300] "GET /cormun/servlet/hhome HTTP/1.1" 200 4061
192.168.10.17 - - [17/Jan/2017:18:51:11 -0300] "GET /cormun/servlet/hhome HTTP/1.1" 200 4057
192.168.10.17 - - [17/Jan/2017:18:51:15 -0300] "GET /cormun/servlet/trsolicitudot? HTTP/1.1" 200 7029
192.168.10.17 - - [17/Jan/2017:18:51:16 -0300] "GET /cormun/servlet/trsolicitudot? HTTP/1.1" 200 7030
192.168.10.17 - - [17/Jan/2017:18:51:18 -0300] "GET /cormun/servlet/solicitudot?INS,0,0, HTTP/1.1" 200 12870
192.168.10.17 - - [17/Jan/2017:18:51:19 -0300] "GET /cormun/servlet/solicitudot?INS,0,0, HTTP/1.1" 200 12875
192.168.10.17 - - [17/Jan/2017:18:51:35 -0300] "GET /cormun/servlet/prfichaempleado?,MD,,gxPopupLevel%3D0%3B HTTP/1.1" 200 8981
192.168.10.17 - - [17/Jan/2017:18:51:42 -0300] "POST /cormun/servlet/prfichaempleado?9bd17447f74320e3b92e3806bd547f7c,,MD,,gxPopupLevel%3D0%3B,gx-no-cache=1484693684173 HTTP/1.1" 200 3449
192.168.10.17 - - [17/Jan/2017:18:51:49 -0300] "POST /cormun/servlet/solicitudot?gx-no-cache=1484693690936 HTTP/1.1" 200 3174
192.168.10.17 - - [17/Jan/2017:18:51:49 -0300] "POST /cormun/servlet/solicitudot?9bd17447f74320e3b92e3806bd547f7c,INS,0,0,,gx-no-cache=1484693691088 HTTP/1.1" 200 9932
192.168.10.17 - - [17/Jan/2017:18:51:53 -0300] "GET /cormun/servlet/solicitudot?3e4f7ae40518825bf02b634f86c33f7155454bf5a79a759bc8fcd8f132d85e6e6816dc1850cc91c9db7f92437aea7bc7,gx-no-cache=1484693694771 HTTP/1.1" 200 30
192.168.10.17 - - [17/Jan/2017:18:51:53 -0300] "POST /cormun/servlet/solicitudot?gx-no-cache=1484693694823 HTTP/1.1" 200 255
192.168.10.17 - - [17/Jan/2017:18:51:53 -0300] "GET /cormun/servlet/solicitudot?3e4f7ae40518825bf02b634f86c33f71be2f474558f3191690dea51231aa8b779f7186101e7ce8bfec80bd3060cfc85bf0a76e8502a3a817a2e77d26f66d38680d37e29fa8e80a1fb26b49a5afe2b36da023eed5a65297ca886df6217ab0fc6527dfec194ab38d78a8b62931369a80a5c417cfdc6fff1f93bf9c98e6bf6d37b4d6c1af6fef36e0ccaf1a15543d99c673112611b677af7b83b01759e30f977bb8a4640cfd351f154cfb60929a692b89a33efc4a843c798f3d0ed3cafee935f312016ba256d6be9312283fc8559a9ab22117e16483f21b8cd0a8741eb3e9d40061aaa93fa0120780c5f6392a546f72cbc1e2bc6271289fe146660c454971fa7661bc7ec307412158ced3887e4d7e0661efbc14b1c0d62d4beb35a616112fbcd68fce4807bccec919c9b6870adf7908597d6fcb65f92c9d1a272f5eff32c6f2cd214f13574583db25416286d9a2a6c00e02a9726495981933df743522e1e920dda1cf1bef3a2c20299b2c5dc10a11ab9a2b456807fff2ff7e8a0f55483cf844becd,gx-no-cache=1484693694860 HTTP/1.1" 200 30
192.168.10.17 - - [17/Jan/2017:18:51:55 -0300] "POST /cormun/servlet/solicitudot?gx-no-cache=1484693696401 HTTP/1.1" 200 30
192.168.10.17 - - [17/Jan/2017:18:51:56 -0300] "GET /cormun/servlet/prsolicitudot?8693065,,,,,MD,,gxPopupLevel%3D0%3B HTTP/1.1" 200 6250
192.168.10.17 - - [17/Jan/2017:18:52:08 -0300] "POST /cormun/servlet/solicitudot?gx-no-cache=1484693709323 HTTP/1.1" 200 1278
192.168.10.17 - - [17/Jan/2017:18:52:08 -0300] "POST /cormun/servlet/solicitudot?gx-no-cache=1484693709383 HTTP/1.1" 200 38
192.168.10.17 - - [17/Jan/2017:18:52:08 -0300] "GET /cormun/servlet/solicitudot?3e4f7ae40518825bf02b634f86c33f71ab5e041171e6f708070c41a32f727a6857584d4757362415598f954b5f81fe99bd04cee9ddd7ab166803e55e1766a2422e6cbf7807dfcd1df7c0861ed4812cec2e6c6eff7ff03aa14e4fab45eafd6ef798ed4a54aba447bb9b03cdde5244e3f68bb80037ab2360b10f5b0383b9770b2c38809d553acc31e473f5825a4837ae559c08d8d276fc3ea44ef8009c6199e49a,gx-no-cache=1484693709407 HTTP/1.1" 200 29
192.168.10.17 - - [17/Jan/2017:18:52:08 -0300] "POST /cormun/servlet/solicitudot?gx-no-cache=1484693709428 HTTP/1.1" 200 1261
192.168.10.17 - - [17/Jan/2017:18:52:08 -0300] "POST /cormun/servlet/solicitudot?gx-no-cache=1484693709466 HTTP/1.1" 200 1143
192.168.10.17 - - [17/Jan/2017:18:52:35 -0300] "POST /cormun/servlet/solicitudot?gx-no-cache=1484693736532 HTTP/1.1" 200 1261
192.168.10.17 - - [17/Jan/2017:18:52:35 -0300] "POST /cormun/servlet/solicitudot?gx-no-cache=1484693736590 HTTP/1.1" 200 1143
192.168.10.17 - - [17/Jan/2017:18:52:35 -0300] "GET /cormun/servlet/solicitudot?3e4f7ae40518825bf02b634f86c33f71aacd5d8f897bb3b8ec50aa8ebd2607903b101e75798e19c7b9aa39d7fb08b82a2712181437b94c23625290ebd34e239c8463171b382a7180d1ba2bd50b4df1b82e5b8c95574be336e4d9bdf22761a506904871b03b2d097c100e8ec66023fc1998394942a15ec77d14fdbbb198d460ee613644fcf12a5829b3489bae88bd1f3cc79d8b6f60f6b60cd5e496a170ccd062d7454acf365e58fbd461bd89dcf76c3d,gx-no-cache=1484693736631 HTTP/1.1" 200 30
192.168.10.17 - - [17/Jan/2017:18:52:41 -0300] "POST /cormun/servlet/solicitudot?9bd17447f74320e3b92e3806bd547f7c,INS,0,0,,gx-no-cache=1484693742937 HTTP/1.1" 200 93
192.168.10.17 - - [17/Jan/2017:18:52:41 -0300] "GET /cormun/servlet/hpexe_return? HTTP/1.1" 200 1005
192.168.10.17 - - [17/Jan/2017:18:52:42 -0300] "GET /cormun/servlet/trsolicitudot HTTP/1.1" 200 8338
192.168.10.17 - - [17/Jan/2017:18:52:42 -0300] "GET /cormun/servlet/trsolicitudot HTTP/1.1" 200 8334
192.168.10.17 - - [17/Jan/2017:18:53:03 -0300] "GET /cormun/servlet/solicitudot?INS,0,0, HTTP/1.1" 200 12870
192.168.10.17 - - [17/Jan/2017:18:53:04 -0300] "GET /cormun/servlet/solicitudot?INS,0,0, HTTP/1.1" 200 12875
192.168.10.17 - - [17/Jan/2017:18:53:13 -0300] "GET /cormun/servlet/prfichaempleado?,MD,,gxPopupLevel%3D0%3B HTTP/1.1" 200 8981
192.168.10.17 - - [17/Jan/2017:18:53:25 -0300] "POST /cormun/servlet/prfichaempleado?9bd17447f74320e3b92e3806bd547f7c,,MD,,gxPopupLevel%3D0%3B,gx-no-cache=1484693786386 HTTP/1.1" 200 3406
192.168.10.17 - - [17/Jan/2017:18:53:35 -0300] "POST /cormun/servlet/solicitudot?gx-no-cache=1484693796608 HTTP/1.1" 200 3174
192.168.10.17 - - [17/Jan/2017:18:53:35 -0300] "POST /cormun/servlet/solicitudot?9bd17447f74320e3b92e3806bd547f7c,INS,0,0,,gx-no-cache=1484693796772 HTTP/1.1" 200 9928
192.168.10.17 - - [17/Jan/2017:18:53:36 -0300] "GET /cormun/servlet/solicitudot?3e4f7ae40518825bf02b634f86c33f71db2acd92d19a674859e34e4ec312ba4f5035323fc2188504be501505fce11fce,gx-no-cache=1484693797575 HTTP/1.1" 200 30
192.168.10.17 - - [17/Jan/2017:18:53:36 -0300] "POST /cormun/servlet/solicitudot?gx-no-cache=1484693797623 HTTP/1.1" 200 255
192.168.10.17 - - [17/Jan/2017:18:53:36 -0300] "GET /cormun/servlet/solicitudot?3e4f7ae40518825bf02b634f86c33f71be2f474558f3191690dea51231aa8b779f7186101e7ce8bfec80bd3060cfc85bf0a76e8502a3a817a2e77d26f66d38680d37e29fa8e80a1fb26b49a5afe2b36da023eed5a65297ca886df6217ab0fc6527dfec194ab38d78a8b62931369a80a5c417cfdc6fff1f93bf9c98e6bf6d37b4d6c1af6fef36e0ccaf1a15543d99c673112611b677af7b83b01759e30f977bb8a4640cfd351f154cfb60929a692b89a33efc4a843c798f3d0ed3cafee935f312016ba256d6be9312283fc8559a9ab22117e16483f21b8cd0a8741eb3e9d40061aaa93fa0120780c5f6392a546f72cbc1e2bc6271289fe146660c454971fa7661bc7ec307412158ced3887e4d7e0661efbc14b1c0d62d4beb35a616112fbcd68fce4807bccec919c9b6870adf7908597d6fcb65f92c9d1a272f5eff32c6f2cd214f13574583db25416286d9a2a6c00e02a9726495981933df743522e1e920dda1cf1bef3a2c20299b2c5dc10a11ab9a2b456807fff2ff7e8a0f55483cf844becd,gx-no-cache=1484693797674 HTTP/1.1" 200 30
192.168.10.17 - - [17/Jan/2017:18:53:37 -0300] "POST /cormun/servlet/solicitudot?gx-no-cache=1484693799015 HTTP/1.1" 200 30
192.168.10.17 - - [17/Jan/2017:18:53:38 -0300] "GET /cormun/servlet/prsolicitudot?13502259,,,,,MD,,gxPopupLevel%3D0%3B HTTP/1.1" 200 6324
192.168.10.17 - - [17/Jan/2017:18:53:42 -0300] "POST /cormun/servlet/solicitudot?gx-no-cache=1484693804232 HTTP/1.1" 200 235
192.168.10.17 - - [17/Jan/2017:18:53:43 -0300] "POST /cormun/servlet/solicitudot?gx-no-cache=1484693804270 HTTP/1.1" 200 38
192.168.10.17 - - [17/Jan/2017:18:53:43 -0300] "GET /cormun/servlet/solicitudot?3e4f7ae40518825bf02b634f86c33f71ab5e041171e6f708070c41a32f727a6857584d4757362415598f954b5f81fe99bd04cee9ddd7ab166803e55e1766a2422e6cbf7807dfcd1df7c0861ed4812cec2e6c6eff7ff03aa14e4fab45eafd6ef798ed4a54aba447bb9b03cdde5244e3f68bb80037ab2360b10f5b0383b9770b2c38809d553acc31e473f5825a4837ae559c08d8d276fc3ea44ef8009c6199e49a,gx-no-cache=1484693804295 HTTP/1.1" 200 29
192.168.10.17 - - [17/Jan/2017:18:53:43 -0300] "POST /cormun/servlet/solicitudot?gx-no-cache=1484693804314 HTTP/1.1" 200 605
192.168.10.17 - - [17/Jan/2017:18:53:43 -0300] "POST /cormun/servlet/solicitudot?gx-no-cache=1484693804344 HTTP/1.1" 200 480
192.168.10.17 - - [17/Jan/2017:18:53:49 -0300] "POST /cormun/servlet/solicitudot?gx-no-cache=1484693811055 HTTP/1.1" 200 605
192.168.10.17 - - [17/Jan/2017:18:53:50 -0300] "POST /cormun/servlet/solicitudot?gx-no-cache=1484693812225 HTTP/1.1" 200 1144
192.168.10.17 - - [17/Jan/2017:18:53:58 -0300] "GET /cormun/servlet/solicitudot?3e4f7ae40518825bf02b634f86c33f712620c175d07a5c898527141d95fb589d6fbe8d76248050e7f66ac44a22674e5a20adeb52e52039c9a49db83462f42e13f8c56a98a87a314beebea2ab1997bd4836ca4a6b6534b526b60f5cc42f46de4dc6b6cea7b2b4a0cb25620f6174a0acba295ed840905ba54fdec6adda364ec9d98098d3446d28ccd5111e06c8d71a6f25150bdee39463450e8b0f2a8692669a99bfa7c9886c99cb4ebaf157be97f61965,gx-no-cache=1484693819247 HTTP/1.1" 200 30
192.168.10.17 - - [17/Jan/2017:18:54:01 -0300] "POST /cormun/servlet/solicitudot?9bd17447f74320e3b92e3806bd547f7c,INS,0,0,,gx-no-cache=1484693822976 HTTP/1.1" 200 93
192.168.10.17 - - [17/Jan/2017:18:54:01 -0300] "GET /cormun/servlet/hpexe_return? HTTP/1.1" 200 1005
192.168.10.17 - - [17/Jan/2017:18:54:02 -0300] "GET /cormun/servlet/trsolicitudot HTTP/1.1" 200 8726
192.168.10.17 - - [17/Jan/2017:18:54:02 -0300] "GET /cormun/servlet/trsolicitudot HTTP/1.1" 200 8722
192.168.10.17 - - [17/Jan/2017:18:55:11 -0300] "GET /cormun/servlet/hlogin HTTP/1.1" 200 1737
192.168.10.89 - - [17/Jan/2017:18:55:17 -0300] "POST /cormun/servlet/trsolicitudgral?ee34c4348b1610e891fde9371117340a,gx-no-cache=1484689272736,gx-no-cache=1484693420948 HTTP/1.1" 200 6484
192.168.10.17 - - [17/Jan/2017:18:55:18 -0300] "POST /cormun/servlet/hlogin?9bd17447f74320e3b92e3806bd547f7c,gx-no-cache=1484693899732 HTTP/1.1" 200 90
192.168.10.17 - - [17/Jan/2017:18:55:18 -0300] "GET /cormun/servlet/hpexe_link HTTP/1.1" 200 953
192.168.10.17 - - [17/Jan/2017:18:55:18 -0300] "GET /cormun/servlet/hhome HTTP/1.1" 200 4343
192.168.10.17 - - [17/Jan/2017:18:55:19 -0300] "GET /cormun/servlet/hhome HTTP/1.1" 200 4339
192.168.10.17 - - [17/Jan/2017:18:55:26 -0300] "GET /cormun/servlet/trsolicitudgral? HTTP/1.1" 200 23220
192.168.10.17 - - [17/Jan/2017:18:55:27 -0300] "GET /cormun/servlet/trsolicitudgral? HTTP/1.1" 200 23217
192.168.10.89 - - [17/Jan/2017:18:55:30 -0300] "POST /cormun/servlet/trsolicitudgral?ee34c4348b1610e891fde9371117340a,gx-no-cache=1484689272736,gx-no-cache=1484693433642 HTTP/1.1" 200 5451
192.168.10.89 - - [17/Jan/2017:18:55:33 -0300] "POST /cormun/servlet/trsolicitudgral?ee34c4348b1610e891fde9371117340a,gx-no-cache=1484689272736,gx-no-cache=1484693436639 HTTP/1.1" 200 5224
192.168.10.17 - - [17/Jan/2017:18:55:35 -0300] "POST /cormun/servlet/trsolicitudgral?9bd17447f74320e3b92e3806bd547f7c,,gx-no-cache=1484693916422 HTTP/1.1" 200 20545
192.168.10.89 - - [17/Jan/2017:18:55:45 -0300] "POST /cormun/servlet/trsolicitudgral?ee34c4348b1610e891fde9371117340a,gx-no-cache=1484689272736,gx-no-cache=1484693449067 HTTP/1.1" 200 6481
192.168.10.89 - - [17/Jan/2017:18:56:10 -0300] "POST /cormun/servlet/trsolicitudgral?ee34c4348b1610e891fde9371117340a,gx-no-cache=1484689272736,gx-no-cache=1484693473140 HTTP/1.1" 200 5451
192.168.10.89 - - [17/Jan/2017:18:56:13 -0300] "POST /cormun/servlet/trsolicitudgral?ee34c4348b1610e891fde9371117340a,gx-no-cache=1484689272736,gx-no-cache=1484693476326 HTTP/1.1" 200 5223
192.168.10.89 - - [17/Jan/2017:18:56:29 -0300] "POST /cormun/servlet/trsolicitudgral?ee34c4348b1610e891fde9371117340a,gx-no-cache=1484689272736,gx-no-cache=1484693492174 HTTP/1.1" 200 6482
192.168.10.89 - - [17/Jan/2017:18:56:37 -0300] "POST /cormun/servlet/trsolicitudgral?ee34c4348b1610e891fde9371117340a,gx-no-cache=1484689272736,gx-no-cache=1484693500783 HTTP/1.1" 200 5453
192.168.10.89 - - [17/Jan/2017:18:56:41 -0300] "POST /cormun/servlet/trsolicitudgral?ee34c4348b1610e891fde9371117340a,gx-no-cache=1484689272736,gx-no-cache=1484693504231 HTTP/1.1" 200 5228
192.168.10.17 - - [17/Jan/2017:18:56:43 -0300] "POST /cormun/servlet/trsolicitudgral?9bd17447f74320e3b92e3806bd547f7c,,gx-no-cache=1484693984767 HTTP/1.1" 200 6464
192.168.10.17 - - [17/Jan/2017:18:56:55 -0300] "GET /cormun/servlet/solicitudgral?UPD,2017,3678, HTTP/1.1" 200 12145
192.168.10.17 - - [17/Jan/2017:18:56:56 -0300] "GET /cormun/servlet/solicitudgral?UPD,2017,3678, HTTP/1.1" 200 12156
192.168.10.17 - - [17/Jan/2017:18:56:57 -0300] "POST /cormun/servlet/solicitudgral?gx-no-cache=1484693998559 HTTP/1.1" 200 3189
192.168.10.17 - - [17/Jan/2017:18:56:57 -0300] "GET /cormun/servlet/solicitudgral?3e4f7ae40518825bf02b634f86c33f71e98a33c2f270e8430436a1c5cc674a993ed9db3951599e573ffc62b0ac46e0a5f4a5c4ec76b3a093d4932e95ac6f5b65f2ec67c6705e1c86d3f2be042b9d20cdf8d4a13b31f06cc8070c83db2aac42f579860c2f6f16c2411f3f513eb047782797f24e5dc9c30f44be3949b153eceee1d7fe1090551ef067e46ffd857693214b1a7793e7968edd023c3f52548543934bb032a0df228836cf9a90d0f8de80d51d54ee6845284fcb7740fb76c5a56ca67f5d45435e10bb99fa8d1d6d40691ff86c96402a932c282268515bd829087bdcceae7a125ce6a0ce4aa0dfc6ad20fe3ba71b96a72c0a0f6e8fb014933e668d0c1c4b2f977112833ef5b55d90f0a05e0d5d8ed9d3aec05e1a7edca7db5e0ed14c7cda2c393a7cc371f29af169e57a3e39ba9fd7822763a8bf31262ce93dbfd68aff2669cc4689a2f3ff103590582cd82b9a,gx-no-cache=1484693998692 HTTP/1.1" 200 258
192.168.10.17 - - [17/Jan/2017:18:56:58 -0300] "GET /cormun/servlet/solicitudgral?3e4f7ae40518825bf02b634f86c33f7117c627eb95fae5bf87baef2a5ecd140ee3ef8057d17d1ad78d509e263d62673b4f1ab80da95e49fb5a8f7b5c0ed6daca3aca1cdea8e6b919277c7d0acde2bd8e676368daeb50b782270d0ecbbc5651837af0a6ea4a7d16945733fb640d764e9bd620bb655f4ed1dd516c67f764f7b85dfe179ba375bec3459d151692c296ffb5cf13e71512a049262a4658fdb18b32377cbef4538e9488962da9b4bc9b1737295d45435e10bb99fa8d1d6d40691ff86cb5738bc0947e4cb82e82aa4680f212009a675d578333dae77780710892222134190e21d73fed0acc594826fb17a28c870a20572fe30d22a0e6d684dbb600c851c0f162c32521ea802256f5e29f7fa8dd1fd18429691e2b7a618c57a4aee7a63eee1c729c6a5a65a8c1616c1b16200698a97b2777e186068d74bbe48966d9e8eda3ee335d67ed334667b887b0e42332b8e437fc76927ea4083f846df81a3a1d2e54cec26d9de1d0f248ba62346853f9053119920792c16d4fa61dafc852aa82cde3447c0afb463860134e28933296b1bc323f6731d0bdcafcad93fe1e593edbb38172cfe64e93b3d01ffd5f889d462bcfda99692b0fc714bf4f6c81c45a8bec07d0f94842219ce94ebef07c9e288c5ea8d43f4bc9309eb62c2a272dd06a4a79fa8b1b44f22599d354aedc6540545b5351323f6731d0bdcafcad93fe1e593edbb3ace2bff357b817d55b4ea16fc1ea6e4721533d7403dd02ad196a3e6f1e5fedd4579d1b1509b3a07900d6d540e14c9133,gx-no-cache=1484693999807 HTTP/1.1" 200 48
192.168.10.17 - - [17/Jan/2017:18:57:00 -0300] "POST /cormun/servlet/solicitudgral?9bd17447f74320e3b92e3806bd547f7c,UPD,2017,3678,,gx-no-cache=1484694002079 HTTP/1.1" 200 10531
192.168.10.17 - - [17/Jan/2017:18:57:02 -0300] "GET /cormun/servlet/solicitudgral?3e4f7ae40518825bf02b634f86c33f71e6024e00644b7eb844f3f88fdf7d63656f93222f570787ec8aa8f9e85e9e06f36be81b5fe56c5ae7357b454f4933615800dc6a04532201011539214a91ce549d9ac414886eb02d0894912d2933e9a473c15b86474a31f66c6b49f5a1be6c65c398394942a15ec77d14fdbbb198d460ee557c6f94f59c95445bc4ce7f15115c2e7d1d5dac780e7f23d989e6a38686686a8bb80037ab2360b10f5b0383b9770b2c38809d553acc31e473f5825a4837ae559c08d8d276fc3ea44ef8009c6199e49a,gx-no-cache=1484694003402 HTTP/1.1" 200 29
192.168.10.17 - - [17/Jan/2017:18:57:02 -0300] "POST /cormun/servlet/solicitudgral?gx-no-cache=1484694003425 HTTP/1.1" 200 1237
192.168.10.17 - - [17/Jan/2017:18:57:02 -0300] "POST /cormun/servlet/solicitudgral?gx-no-cache=1484694003473 HTTP/1.1" 200 1141
192.168.10.17 - - [17/Jan/2017:18:57:02 -0300] "POST /cormun/servlet/solicitudgral?9bd17447f74320e3b92e3806bd547f7c,UPD,2017,3678,,gx-no-cache=1484694003513 HTTP/1.1" 200 93
192.168.10.17 - - [17/Jan/2017:18:57:02 -0300] "GET /cormun/servlet/hpexe_return? HTTP/1.1" 200 1012
192.168.10.17 - - [17/Jan/2017:18:57:02 -0300] "GET /cormun/servlet/trsolicitudgral? HTTP/1.1" 200 9587
192.168.10.17 - - [17/Jan/2017:18:57:03 -0300] "GET /cormun/servlet/trsolicitudgral? HTTP/1.1" 200 9583
192.168.10.89 - - [17/Jan/2017:18:57:09 -0300] "POST /cormun/servlet/trsolicitudgral?ee34c4348b1610e891fde9371117340a,gx-no-cache=1484689272736,gx-no-cache=1484693532217 HTTP/1.1" 200 6497
192.168.10.17 - - [17/Jan/2017:18:57:21 -0300] "POST /cormun/servlet/trsolicitudgral?9bd17447f74320e3b92e3806bd547f7c,,gx-no-cache=1484694022873 HTTP/1.1" 200 6776
192.168.10.89 - - [17/Jan/2017:18:57:25 -0300] "POST /cormun/servlet/trsolicitudgral?ee34c4348b1610e891fde9371117340a,gx-no-cache=1484689272736,gx-no-cache=1484693548569 HTTP/1.1" 200 5468
192.168.10.89 - - [17/Jan/2017:18:57:29 -0300] "POST /cormun/servlet/trsolicitudgral?ee34c4348b1610e891fde9371117340a,gx-no-cache=1484689272736,gx-no-cache=1484693552179 HTTP/1.1" 200 5231
192.168.10.17 - - [17/Jan/2017:18:57:42 -0300] "GET /cormun/servlet/solicitudgral?UPD,2017,3680, HTTP/1.1" 200 12116
192.168.10.17 - - [17/Jan/2017:18:57:43 -0300] "GET /cormun/servlet/solicitudgral?UPD,2017,3680, HTTP/1.1" 200 12126
192.168.10.17 - - [17/Jan/2017:18:57:44 -0300] "POST /cormun/servlet/solicitudgral?gx-no-cache=1484694045523 HTTP/1.1" 200 3178
192.168.10.17 - - [17/Jan/2017:18:57:44 -0300] "GET /cormun/servlet/solicitudgral?3e4f7ae40518825bf02b634f86c33f71e98a33c2f270e8430436a1c5cc674a993ed9db3951599e573ffc62b0ac46e0a5f4a5c4ec76b3a093d4932e95ac6f5b65f2ec67c6705e1c86d3f2be042b9d20cd5b0578ca9e5ec13ad7143b6986b0345479860c2f6f16c2411f3f513eb047782797f24e5dc9c30f44be3949b153eceee1d7fe1090551ef067e46ffd857693214b1a7793e7968edd023c3f52548543934bb032a0df228836cf9a90d0f8de80d51d54ee6845284fcb7740fb76c5a56ca67f5d45435e10bb99fa8d1d6d40691ff86c96402a932c282268515bd829087bdcceae7a125ce6a0ce4aa0dfc6ad20fe3ba71b96a72c0a0f6e8fb014933e668d0c1c4b2f977112833ef5b55d90f0a05e0d5d8ed9d3aec05e1a7edca7db5e0ed14c7cda2c393a7cc371f29af169e57a3e39ba9fd7822763a8bf31262ce93dbfd68aff2669cc4689a2f3ff103590582cd82b9a,gx-no-cache=1484694045665 HTTP/1.1" 200 257
192.168.10.17 - - [17/Jan/2017:18:57:44 -0300] "GET /cormun/servlet/solicitudgral?3e4f7ae40518825bf02b634f86c33f7117c627eb95fae5bf87baef2a5ecd140e6cb5133fa4e576189401fe54316b139a7a061e78c0f10be031d3112a4b873a0e832d53d8f7b9eff8c4d049218875ee889688ea24f393204c4167beed4094f15dd9724b8e38f5c19459f74dcd0186cd05c020995f1532ee44b6e9add52aee95ced730cbbef2638e527692f41ad40270cb394ffe1f0fe812c86ea5ebab112f6631f8eea8d23ad74b0dbb1e431018f9836c25dd3c44593759605499baddc6f26ed056f96af922eac64511cabf6b4a3b89e91d0bf827bd1379af9e1c731c2c8914c1fbe49c40d2cb8d2c349055ed0a5b8c14451db7cbbaa799e5d320d8d8796be3f01c46228ab6575f7a7069067fdf217ed63ca1a18570151fcf959ae0b50893fa8e0fb9932850376340c21083aca1d786d74972e8c5f77cb1df6f3b37e34ae3890f74d9e30a1ec912b0f4327061b2b224f21bad093312ed1c0b6b27a8c2e975fc3ca415bbe8cbd1368853dfad2e18d4ec91962ea3318f1b35b77621470d6674c83a4e78844acb2a88e1b6ea8c438c42c631d9ec4565ef0e8b40610bd9ea380b9ea6b17441010a2b9997ed95c66a487029d980f39477e7313889e98757d6b8128b75203689cda90c637c99defe384fb711c393095df325169b3f76b366b6d18dda0c24ad65fa2ec9bbd2e0f1288f90d80d35a7c88f581982a579e506fbb0d58d31e73d5d05e1ae783f38ca997f6780a9fb71386a9903d73e4d06f278f2df9e3e2f3156c31b94676f0b868000ceccb10778e9,gx-no-cache=1484694046264 HTTP/1.1" 200 48
192.168.10.17 - - [17/Jan/2017:18:57:46 -0300] "POST /cormun/servlet/solicitudgral?9bd17447f74320e3b92e3806bd547f7c,UPD,2017,3680,,gx-no-cache=1484694047934 HTTP/1.1" 200 10523
192.168.10.17 - - [17/Jan/2017:18:57:47 -0300] "GET /cormun/servlet/solicitudgral?3e4f7ae40518825bf02b634f86c33f71584a0f9762a76e0badb53f49530061a96f93222f570787ec8aa8f9e85e9e06f38bfcf0624b9219cbda81cc5ad5db113f00dc6a04532201011539214a91ce549d9ac414886eb02d0894912d2933e9a473c15b86474a31f66c6b49f5a1be6c65c398394942a15ec77d14fdbbb198d460ee557c6f94f59c95445bc4ce7f15115c2e7d1d5dac780e7f23d989e6a38686686a8bb80037ab2360b10f5b0383b9770b2c38809d553acc31e473f5825a4837ae559c08d8d276fc3ea44ef8009c6199e49a,gx-no-cache=1484694049203 HTTP/1.1" 200 29
192.168.10.17 - - [17/Jan/2017:18:57:47 -0300] "POST /cormun/servlet/solicitudgral?gx-no-cache=1484694049226 HTTP/1.1" 200 1235
192.168.10.17 - - [17/Jan/2017:18:57:48 -0300] "POST /cormun/servlet/solicitudgral?gx-no-cache=1484694049299 HTTP/1.1" 200 1140
192.168.10.17 - - [17/Jan/2017:18:57:48 -0300] "POST /cormun/servlet/solicitudgral?9bd17447f74320e3b92e3806bd547f7c,UPD,2017,3680,,gx-no-cache=1484694049350 HTTP/1.1" 200 93
192.168.10.17 - - [17/Jan/2017:18:57:48 -0300] "GET /cormun/servlet/hpexe_return? HTTP/1.1" 200 1013
192.168.10.17 - - [17/Jan/2017:18:57:48 -0300] "GET /cormun/servlet/trsolicitudgral? HTTP/1.1" 200 9910
192.168.10.17 - - [17/Jan/2017:18:57:49 -0300] "GET /cormun/servlet/trsolicitudgral? HTTP/1.1" 200 9906
192.168.10.17 - - [17/Jan/2017:18:57:51 -0300] "GET /cormun/servlet/solicitudgral?UPD,2017,3680, HTTP/1.1" 200 12118
192.168.10.17 - - [17/Jan/2017:18:57:51 -0300] "GET /cormun/servlet/solicitudgral?UPD,2017,3680, HTTP/1.1" 200 12127
192.168.10.17 - - [17/Jan/2017:18:57:52 -0300] "POST /cormun/servlet/solicitudgral?gx-no-cache=1484694053400 HTTP/1.1" 200 3178
192.168.10.17 - - [17/Jan/2017:18:57:52 -0300] "GET /cormun/servlet/solicitudgral?3e4f7ae40518825bf02b634f86c33f71e98a33c2f270e8430436a1c5cc674a993ed9db3951599e573ffc62b0ac46e0a5f4a5c4ec76b3a093d4932e95ac6f5b65f2ec67c6705e1c86d3f2be042b9d20cd5b0578ca9e5ec13ad7143b6986b0345479860c2f6f16c2411f3f513eb047782797f24e5dc9c30f44be3949b153eceee1d7fe1090551ef067e46ffd857693214b1a7793e7968edd023c3f52548543934bb032a0df228836cf9a90d0f8de80d51d54ee6845284fcb7740fb76c5a56ca67f5d45435e10bb99fa8d1d6d40691ff86c96402a932c282268515bd829087bdcceae7a125ce6a0ce4aa0dfc6ad20fe3ba71b96a72c0a0f6e8fb014933e668d0c1c4b2f977112833ef5b55d90f0a05e0d5d8ed9d3aec05e1a7edca7db5e0ed14c7cda2c393a7cc371f29af169e57a3e39ba9fd7822763a8bf31262ce93dbfd68aff2669cc4689a2f3ff103590582cd82b9a,gx-no-cache=1484694053523 HTTP/1.1" 200 257
192.168.10.17 - - [17/Jan/2017:18:57:54 -0300] "GET /cormun/servlet/solicitudgral?3e4f7ae40518825bf02b634f86c33f7117c627eb95fae5bf87baef2a5ecd140e6cb5133fa4e576189401fe54316b139a7a061e78c0f10be031d3112a4b873a0e832d53d8f7b9eff8c4d049218875ee889688ea24f393204c4167beed4094f15dd9724b8e38f5c19459f74dcd0186cd05c020995f1532ee44b6e9add52aee95ced730cbbef2638e527692f41ad40270cb394ffe1f0fe812c86ea5ebab112f6631f8eea8d23ad74b0dbb1e431018f9836c25dd3c44593759605499baddc6f26ed056f96af922eac64511cabf6b4a3b89e91d0bf827bd1379af9e1c731c2c8914c1fbe49c40d2cb8d2c349055ed0a5b8c14451db7cbbaa799e5d320d8d8796be3f01c46228ab6575f7a7069067fdf217ed63ca1a18570151fcf959ae0b50893fa8e0fb9932850376340c21083aca1d786d74972e8c5f77cb1df6f3b37e34ae3890f74d9e30a1ec912b0f4327061b2b224f21bad093312ed1c0b6b27a8c2e975fc3ca415bbe8cbd1368853dfad2e18d4ec91962ea3318f1b35b77621470d6674c83a4e78844acb2a88e1b6ea8c438c42c631d9ec4565ef0e8b40610bd9ea380b9ea6b17441010a2b9997ed95c66a487029d980f39477e7313889e98757d6b8128b75203689cda90c637c99defe384fb711c393095df325169b3f76b366b6d18dda0c24ad65fa2ec9bbd2e0f1288f90d80d35a7c88f581982a579e506fbb0d58d31e73d5d05e1ae783f38ca997f6780a9fb71386a9903d73e4d06f278f2df9e3e2f3156c31b94676f0b868000ceccb10778e9,gx-no-cache=1484694055845 HTTP/1.1" 200 48
192.168.10.17 - - [17/Jan/2017:18:57:54 -0300] "POST /cormun/servlet/solicitudgral?9bd17447f74320e3b92e3806bd547f7c,UPD,2017,3680,,gx-no-cache=1484694055871 HTTP/1.1" 200 10523
192.168.10.17 - - [17/Jan/2017:18:57:54 -0300] "GET /cormun/servlet/solicitudgral?3e4f7ae40518825bf02b634f86c33f71584a0f9762a76e0badb53f49530061a96f93222f570787ec8aa8f9e85e9e06f38bfcf0624b9219cbda81cc5ad5db113f00dc6a04532201011539214a91ce549d9ac414886eb02d0894912d2933e9a473c15b86474a31f66c6b49f5a1be6c65c398394942a15ec77d14fdbbb198d460ee557c6f94f59c95445bc4ce7f15115c2e7d1d5dac780e7f23d989e6a38686686a8bb80037ab2360b10f5b0383b9770b2c38809d553acc31e473f5825a4837ae559c08d8d276fc3ea44ef8009c6199e49a,gx-no-cache=1484694056070 HTTP/1.1" 200 29
192.168.10.17 - - [17/Jan/2017:18:57:54 -0300] "POST /cormun/servlet/solicitudgral?gx-no-cache=1484694056088 HTTP/1.1" 200 1235
192.168.10.17 - - [17/Jan/2017:18:57:54 -0300] "POST /cormun/servlet/solicitudgral?gx-no-cache=1484694056123 HTTP/1.1" 200 1140
192.168.10.17 - - [17/Jan/2017:18:57:54 -0300] "POST /cormun/servlet/solicitudgral?9bd17447f74320e3b92e3806bd547f7c,UPD,2017,3680,,gx-no-cache=1484694056159 HTTP/1.1" 200 93
192.168.10.17 - - [17/Jan/2017:18:57:55 -0300] "GET /cormun/servlet/hpexe_return? HTTP/1.1" 200 1013
192.168.10.17 - - [17/Jan/2017:18:57:55 -0300] "GET /cormun/servlet/trsolicitudgral HTTP/1.1" 200 9910
192.168.10.17 - - [17/Jan/2017:18:57:55 -0300] "GET /cormun/servlet/trsolicitudgral HTTP/1.1" 200 9906
192.168.10.17 - - [17/Jan/2017:18:57:57 -0300] "GET /cormun/servlet/solicitudgral2?UPD,2017,3679, HTTP/1.1" 200 12264
192.168.10.17 - - [17/Jan/2017:18:57:58 -0300] "GET /cormun/servlet/solicitudgral2?UPD,2017,3679, HTTP/1.1" 200 12275
192.168.10.17 - - [17/Jan/2017:18:57:58 -0300] "POST /cormun/servlet/solicitudgral2?gx-no-cache=1484694060184 HTTP/1.1" 200 3178
192.168.10.17 - - [17/Jan/2017:18:57:59 -0300] "GET /cormun/servlet/solicitudgral2?3e4f7ae40518825bf02b634f86c33f71e98a33c2f270e8430436a1c5cc674a993ed9db3951599e573ffc62b0ac46e0a5f4a5c4ec76b3a093d4932e95ac6f5b65f2ec67c6705e1c86d3f2be042b9d20cd5b0578ca9e5ec13ad7143b6986b0345479860c2f6f16c2411f3f513eb047782797f24e5dc9c30f44be3949b153eceee1d7fe1090551ef067e46ffd857693214b1a7793e7968edd023c3f52548543934bb032a0df228836cf9a90d0f8de80d51d54ee6845284fcb7740fb76c5a56ca67f5d45435e10bb99fa8d1d6d40691ff86c96402a932c282268515bd829087bdcceae7a125ce6a0ce4aa0dfc6ad20fe3ba71b96a72c0a0f6e8fb014933e668d0c1c4b2f977112833ef5b55d90f0a05e0d5d8ed9d3aec05e1a7edca7db5e0ed14c7cda2c393a7cc371f29af169e57a3e39ba9fd7822763a8bf31262ce93dbfd68aff2669cc4689a2f3ff103590582cd82b9a,gx-no-cache=1484694060317 HTTP/1.1" 200 257
192.168.10.17 - - [17/Jan/2017:18:57:59 -0300] "POST /cormun/servlet/solicitudgral2?gx-no-cache=1484694060349 HTTP/1.1" 200 1340
192.168.10.17 - - [17/Jan/2017:18:57:59 -0300] "GET /cormun/servlet/solicitudgral2?3e4f7ae40518825bf02b634f86c33f719fdce7aae7a174645987f8b225c9eea069f07bbf527d837fcbc088f6d78d7280f4a5c4ec76b3a093d4932e95ac6f5b653bcf76406067938ba8b42bc2c55d8da22335674ee2e27dfb9139a0bd0d588e34fa12f3edae610e8e67cd80b5796c6726,gx-no-cache=1484694060413 HTTP/1.1" 200 41
192.168.10.17 - - [17/Jan/2017:18:58:11 -0300] "POST /cormun/servlet/solicitudgral2?9bd17447f74320e3b92e3806bd547f7c,UPD,2017,3679,,gx-no-cache=1484694072606 HTTP/1.1" 200 10558
192.168.10.17 - - [17/Jan/2017:18:58:12 -0300] "GET /cormun/servlet/solicitudgral2?3e4f7ae40518825bf02b634f86c33f71584a0f9762a76e0badb53f49530061a96f93222f570787ec8aa8f9e85e9e06f38bfcf0624b9219cbda81cc5ad5db113f00dc6a04532201011539214a91ce549d9ac414886eb02d0894912d2933e9a473c15b86474a31f66c6b49f5a1be6c65c398394942a15ec77d14fdbbb198d460ee557c6f94f59c95445bc4ce7f15115c2e7d1d5dac780e7f23d989e6a38686686a8bb80037ab2360b10f5b0383b9770b2c38809d553acc31e473f5825a4837ae559c08d8d276fc3ea44ef8009c6199e49a,gx-no-cache=1484694074186 HTTP/1.1" 200 29
192.168.10.17 - - [17/Jan/2017:18:58:12 -0300] "POST /cormun/servlet/solicitudgral2?gx-no-cache=1484694074208 HTTP/1.1" 200 1235
192.168.10.17 - - [17/Jan/2017:18:58:13 -0300] "POST /cormun/servlet/solicitudgral2?gx-no-cache=1484694074266 HTTP/1.1" 200 1140
192.168.10.17 - - [17/Jan/2017:18:58:13 -0300] "GET /cormun/servlet/solicitudgral2?3e4f7ae40518825bf02b634f86c33f71e6026574ea630504340b3dcfda8d287ab8eb3b5413cbcd1cae7920a4fa512c6f818a9f13dc3c2eb97a6385aadc944d8598b69edcd1c52e20706adaec3a0625a5b2e9f48efea720b1888020499a1db691f1fe125771c93426df84d8526af3341b6816dc1850cc91c9db7f92437aea7bc7,gx-no-cache=1484694074303 HTTP/1.1" 200 30
192.168.10.17 - - [17/Jan/2017:18:58:13 -0300] "POST /cormun/servlet/solicitudgral2?9bd17447f74320e3b92e3806bd547f7c,UPD,2017,3679,,gx-no-cache=1484694074325 HTTP/1.1" 200 93
192.168.10.17 - - [17/Jan/2017:18:58:13 -0300] "GET /cormun/servlet/hpexe_return? HTTP/1.1" 200 1013
192.168.10.17 - - [17/Jan/2017:18:58:13 -0300] "GET /cormun/servlet/trsolicitudgral HTTP/1.1" 200 9910
192.168.10.17 - - [17/Jan/2017:18:58:14 -0300] "GET /cormun/servlet/trsolicitudgral HTTP/1.1" 200 9906
192.168.10.89 - - [17/Jan/2017:18:58:38 -0300] "POST /cormun/servlet/trsolicitudgral?ee34c4348b1610e891fde9371117340a,gx-no-cache=1484689272736,gx-no-cache=1484693621979 HTTP/1.1" 200 6492
192.168.10.17 - - [17/Jan/2017:18:58:44 -0300] "POST /cormun/servlet/trsolicitudgral?9bd17447f74320e3b92e3806bd547f7c,gx-no-cache=1484694105839 HTTP/1.1" 200 7045
192.168.10.89 - - [17/Jan/2017:18:58:48 -0300] "POST /cormun/servlet/trsolicitudgral?ee34c4348b1610e891fde9371117340a,gx-no-cache=1484689272736,gx-no-cache=1484693631223 HTTP/1.1" 200 5457
192.168.10.89 - - [17/Jan/2017:18:58:51 -0300] "POST /cormun/servlet/trsolicitudgral?ee34c4348b1610e891fde9371117340a,gx-no-cache=1484689272736,gx-no-cache=1484693634995 HTTP/1.1" 200 5231
192.168.10.17 - - [17/Jan/2017:18:59:11 -0300] "GET /cormun/servlet/solicitudgral?UPD,2017,3681, HTTP/1.1" 200 12161
192.168.10.17 - - [17/Jan/2017:18:59:12 -0300] "GET /cormun/servlet/solicitudgral?UPD,2017,3681, HTTP/1.1" 200 12171
192.168.10.17 - - [17/Jan/2017:18:59:13 -0300] "POST /cormun/servlet/solicitudgral?gx-no-cache=1484694134276 HTTP/1.1" 200 3191
192.168.10.17 - - [17/Jan/2017:18:59:13 -0300] "GET /cormun/servlet/solicitudgral?3e4f7ae40518825bf02b634f86c33f71e98a33c2f270e8430436a1c5cc674a993ed9db3951599e573ffc62b0ac46e0a5f4a5c4ec76b3a093d4932e95ac6f5b65f2ec67c6705e1c86d3f2be042b9d20cdf8d4a13b31f06cc8070c83db2aac42f579860c2f6f16c2411f3f513eb047782797f24e5dc9c30f44be3949b153eceee1d7fe1090551ef067e46ffd857693214b1a7793e7968edd023c3f52548543934bb032a0df228836cf9a90d0f8de80d51d54ee6845284fcb7740fb76c5a56ca67f5d45435e10bb99fa8d1d6d40691ff86c96402a932c282268515bd829087bdcceae7a125ce6a0ce4aa0dfc6ad20fe3ba71b96a72c0a0f6e8fb014933e668d0c1c4b2f977112833ef5b55d90f0a05e0d5d8ed9d3aec05e1a7edca7db5e0ed14c7cda2c393a7cc371f29af169e57a3e39ba9fd7822763a8bf31262ce93dbfd68aff2669cc4689a2f3ff103590582cd82b9a,gx-no-cache=1484694134418 HTTP/1.1" 200 258
192.168.10.17 - - [17/Jan/2017:18:59:17 -0300] "GET /cormun/servlet/solicitudgral?3e4f7ae40518825bf02b634f86c33f7117c627eb95fae5bf87baef2a5ecd140e6cb5133fa4e576189401fe54316b139a7a061e78c0f10be031d3112a4b873a0e832d53d8f7b9eff8c4d049218875ee889688ea24f393204c4167beed4094f15dd9724b8e38f5c19459f74dcd0186cd05c020995f1532ee44b6e9add52aee95ced730cbbef2638e527692f41ad40270cb394ffe1f0fe812c86ea5ebab112f6631f8eea8d23ad74b0dbb1e431018f9836c25dd3c44593759605499baddc6f26ed056f96af922eac64511cabf6b4a3b89e91d0bf827bd1379af9e1c731c2c8914c1fbe49c40d2cb8d2c349055ed0a5b8c14451db7cbbaa799e5d320d8d8796be3f01c46228ab6575f7a7069067fdf217ed63ca1a18570151fcf959ae0b50893fa8e0fb9932850376340c21083aca1d786d74972e8c5f77cb1df6f3b37e34ae3890f74d9e30a1ec912b0f4327061b2b224f21bad093312ed1c0b6b27a8c2e975fc3ca415bbe8cbd1368853dfad2e18d4ec91962ea3318f1b35b77621470d6674c83a4e78844acb2a88e1b6ea8c438c42c631d9ec4565ef0e8b40610bd9ea380b9ea6b17441010a2b9997ed95c66a487029d980f39477e7313889e98757d6b8128b75203689cda90c637c99defe384fb711c393095df325169b3f76b366b6d18dda0c24ad65fa2ec9bbd2e0f1288f90d80d35a7c88f581982a579e506fbb0d58d31e73d5d05e1ae783f38ca997f6780a9fb71386a9903d73e4d06f278f2df9e3e2f3156c31b94676f0b868000ceccb10778e9,gx-no-cache=1484694139198 HTTP/1.1" 200 48
192.168.10.17 - - [17/Jan/2017:18:59:19 -0300] "POST /cormun/servlet/solicitudgral?9bd17447f74320e3b92e3806bd547f7c,UPD,2017,3681,,gx-no-cache=1484694140994 HTTP/1.1" 200 10542
192.168.10.17 - - [17/Jan/2017:18:59:20 -0300] "GET /cormun/servlet/solicitudgral?3e4f7ae40518825bf02b634f86c33f71e6024e00644b7eb844f3f88fdf7d63656f93222f570787ec8aa8f9e85e9e06f36be81b5fe56c5ae7357b454f4933615800dc6a04532201011539214a91ce549d9ac414886eb02d0894912d2933e9a473c15b86474a31f66c6b49f5a1be6c65c398394942a15ec77d14fdbbb198d460ee557c6f94f59c95445bc4ce7f15115c2e7d1d5dac780e7f23d989e6a38686686a8bb80037ab2360b10f5b0383b9770b2c38809d553acc31e473f5825a4837ae559c08d8d276fc3ea44ef8009c6199e49a,gx-no-cache=1484694141876 HTTP/1.1" 200 29
192.168.10.17 - - [17/Jan/2017:18:59:20 -0300] "POST /cormun/servlet/solicitudgral?gx-no-cache=1484694141913 HTTP/1.1" 200 1236
192.168.10.17 - - [17/Jan/2017:18:59:20 -0300] "POST /cormun/servlet/solicitudgral?gx-no-cache=1484694141964 HTTP/1.1" 200 1141
192.168.10.17 - - [17/Jan/2017:18:59:27 -0300] "POST /cormun/servlet/solicitudgral?9bd17447f74320e3b92e3806bd547f7c,UPD,2017,3681,,gx-no-cache=1484694149028 HTTP/1.1" 200 93
192.168.10.17 - - [17/Jan/2017:18:59:27 -0300] "GET /cormun/servlet/hpexe_return? HTTP/1.1" 200 1034
192.168.10.17 - - [17/Jan/2017:18:59:28 -0300] "GET /cormun/servlet/trsolicitudgral?gx-no-cache=1484694105839 HTTP/1.1" 200 10173
192.168.10.17 - - [17/Jan/2017:18:59:28 -0300] "GET /cormun/servlet/trsolicitudgral?gx-no-cache=1484694105839 HTTP/1.1" 200 10190
192.168.10.89 - - [17/Jan/2017:18:59:29 -0300] "POST /cormun/servlet/trsolicitudgral?ee34c4348b1610e891fde9371117340a,gx-no-cache=1484689272736,gx-no-cache=1484693672626 HTTP/1.1" 200 6488
192.168.10.89 - - [17/Jan/2017:18:59:43 -0300] "POST /cormun/servlet/trsolicitudgral?ee34c4348b1610e891fde9371117340a,gx-no-cache=1484689272736,gx-no-cache=1484693686768 HTTP/1.1" 200 5453
192.168.10.89 - - [17/Jan/2017:18:59:47 -0300] "POST /cormun/servlet/trsolicitudgral?ee34c4348b1610e891fde9371117340a,gx-no-cache=1484689272736,gx-no-cache=1484693690833 HTTP/1.1" 200 5224
192.168.10.17 - - [17/Jan/2017:18:59:57 -0300] "POST /cormun/servlet/trsolicitudgral?9bd17447f74320e3b92e3806bd547f7c,gx-no-cache=1484694105839,gx-no-cache=1484694178462 HTTP/1.1" 200 6470
192.168.10.17 - - [17/Jan/2017:19:00:01 -0300] "GET /cormun/servlet/solicitudgral?UPD,2017,3682, HTTP/1.1" 200 12178
192.168.10.17 - - [17/Jan/2017:19:00:02 -0300] "GET /cormun/servlet/solicitudgral?UPD,2017,3682, HTTP/1.1" 200 12165
192.168.10.17 - - [17/Jan/2017:19:00:03 -0300] "POST /cormun/servlet/solicitudgral?gx-no-cache=1484694184339 HTTP/1.1" 200 3197
192.168.10.17 - - [17/Jan/2017:19:00:03 -0300] "GET /cormun/servlet/solicitudgral?3e4f7ae40518825bf02b634f86c33f71e98a33c2f270e8430436a1c5cc674a993ed9db3951599e573ffc62b0ac46e0a5f4a5c4ec76b3a093d4932e95ac6f5b65f2ec67c6705e1c86d3f2be042b9d20cd5f01b5c9a0f685d38ed2a54d852f28db79860c2f6f16c2411f3f513eb047782797f24e5dc9c30f44be3949b153eceee1d7fe1090551ef067e46ffd857693214b1a7793e7968edd023c3f52548543934bb032a0df228836cf9a90d0f8de80d51d54ee6845284fcb7740fb76c5a56ca67f5d45435e10bb99fa8d1d6d40691ff86c96402a932c282268515bd829087bdcceae7a125ce6a0ce4aa0dfc6ad20fe3ba71b96a72c0a0f6e8fb014933e668d0c1c4b2f977112833ef5b55d90f0a05e0d5d8ed9d3aec05e1a7edca7db5e0ed14c7cda2c393a7cc371f29af169e57a3e39ba9fd7822763a8bf31262ce93dbfd68aff2669cc4689a2f3ff103590582cd82b9a,gx-no-cache=1484694184475 HTTP/1.1" 200 298
192.168.10.17 - - [17/Jan/2017:19:00:06 -0300] "GET /cormun/servlet/solicitudgral?3e4f7ae40518825bf02b634f86c33f7117c627eb95fae5bf87baef2a5ecd140ee3ef8057d17d1ad78d509e263d62673b4f1ab80da95e49fb5a8f7b5c0ed6daca3aca1cdea8e6b919277c7d0acde2bd8e676368daeb50b782270d0ecbbc5651837af0a6ea4a7d16945733fb640d764e9bd620bb655f4ed1dd516c67f764f7b85dfe179ba375bec3459d151692c296ffb5cf13e71512a049262a4658fdb18b32377cbef4538e9488962da9b4bc9b1737295d45435e10bb99fa8d1d6d40691ff86cb5738bc0947e4cb82e82aa4680f212009a675d578333dae77780710892222134190e21d73fed0acc594826fb17a28c870a20572fe30d22a0e6d684dbb600c851c0f162c32521ea802256f5e29f7fa8dd1fd18429691e2b7a618c57a4aee7a63eee1c729c6a5a65a8c1616c1b16200698a97b2777e186068d74bbe48966d9e8eda3ee335d67ed334667b887b0e42332b8e437fc76927ea4083f846df81a3a1d2e54cec26d9de1d0f248ba62346853f9053119920792c16d4fa61dafc852aa82cde3447c0afb463860134e28933296b1bc323f6731d0bdcafcad93fe1e593edbb38172cfe64e93b3d01ffd5f889d462bcfda99692b0fc714bf4f6c81c45a8bec07d0f94842219ce94ebef07c9e288c5ea8d43f4bc9309eb62c2a272dd06a4a79fa8b1b44f22599d354aedc6540545b5351323f6731d0bdcafcad93fe1e593edbb3ace2bff357b817d55b4ea16fc1ea6e4721533d7403dd02ad196a3e6f1e5fedd4579d1b1509b3a07900d6d540e14c9133,gx-no-cache=1484694187455 HTTP/1.1" 200 48
192.168.10.17 - - [17/Jan/2017:19:00:07 -0300] "POST /cormun/servlet/solicitudgral?9bd17447f74320e3b92e3806bd547f7c,UPD,2017,3682,,gx-no-cache=1484694189150 HTTP/1.1" 200 10582
192.168.10.17 - - [17/Jan/2017:19:00:09 -0300] "GET /cormun/servlet/solicitudgral?3e4f7ae40518825bf02b634f86c33f713ba8d64bcc091ff53d9b1dfe8884ede06f93222f570787ec8aa8f9e85e9e06f3f109eedce7892cda2f5e3d21dead21ac1f974982e886607250537be2d70d425a43f797de9c8d84b8143f1e02f82664012d46424d2df698ce29603bd7e4da6022,gx-no-cache=1484694190777 HTTP/1.1" 200 29
192.168.10.17 - - [17/Jan/2017:19:00:09 -0300] "POST /cormun/servlet/solicitudgral?gx-no-cache=1484694190801 HTTP/1.1" 200 1236
192.168.10.17 - - [17/Jan/2017:19:00:09 -0300] "POST /cormun/servlet/solicitudgral?gx-no-cache=1484694190849 HTTP/1.1" 200 1140
192.168.10.17 - - [17/Jan/2017:19:00:09 -0300] "POST /cormun/servlet/solicitudgral?9bd17447f74320e3b92e3806bd547f7c,UPD,2017,3682,,gx-no-cache=1484694190888 HTTP/1.1" 200 93
192.168.10.17 - - [17/Jan/2017:19:00:09 -0300] "GET /cormun/servlet/hpexe_return? HTTP/1.1" 200 1034
192.168.10.17 - - [17/Jan/2017:19:00:09 -0300] "GET /cormun/servlet/trsolicitudgral?gx-no-cache=1484694105839 HTTP/1.1" 200 9592
192.168.10.17 - - [17/Jan/2017:19:00:10 -0300] "GET /cormun/servlet/trsolicitudgral?gx-no-cache=1484694105839 HTTP/1.1" 200 9609
192.168.10.17 - - [17/Jan/2017:19:00:27 -0300] "POST /cormun/servlet/trsolicitudgral?9bd17447f74320e3b92e3806bd547f7c,gx-no-cache=1484694105839,gx-no-cache=1484694208792 HTTP/1.1" 200 6476
192.168.10.17 - - [17/Jan/2017:19:00:54 -0300] "POST /cormun/servlet/trsolicitudgral?9bd17447f74320e3b92e3806bd547f7c,gx-no-cache=1484694105839,gx-no-cache=1484694235830 HTTP/1.1" 200 6463
192.168.10.17 - - [17/Jan/2017:19:01:19 -0300] "POST /cormun/servlet/trsolicitudgral?9bd17447f74320e3b92e3806bd547f7c,gx-no-cache=1484694105839,gx-no-cache=1484694260251 HTTP/1.1" 200 6467
192.168.10.17 - - [17/Jan/2017:19:01:26 -0300] "GET /cormun/servlet/solicitudgral?UPD,2017,3684, HTTP/1.1" 200 12169
192.168.10.17 - - [17/Jan/2017:19:01:27 -0300] "GET /cormun/servlet/solicitudgral?UPD,2017,3684, HTTP/1.1" 200 12156
192.168.10.17 - - [17/Jan/2017:19:01:28 -0300] "POST /cormun/servlet/solicitudgral?gx-no-cache=1484694269407 HTTP/1.1" 200 3197
192.168.10.17 - - [17/Jan/2017:19:01:28 -0300] "GET /cormun/servlet/solicitudgral?3e4f7ae40518825bf02b634f86c33f71e98a33c2f270e8430436a1c5cc674a993ed9db3951599e573ffc62b0ac46e0a5f4a5c4ec76b3a093d4932e95ac6f5b65f2ec67c6705e1c86d3f2be042b9d20cdf8d4a13b31f06cc8070c83db2aac42f579860c2f6f16c2411f3f513eb047782797f24e5dc9c30f44be3949b153eceee1d7fe1090551ef067e46ffd857693214b1a7793e7968edd023c3f52548543934bb032a0df228836cf9a90d0f8de80d51d54ee6845284fcb7740fb76c5a56ca67f5d45435e10bb99fa8d1d6d40691ff86c96402a932c282268515bd829087bdcceae7a125ce6a0ce4aa0dfc6ad20fe3ba71b96a72c0a0f6e8fb014933e668d0c1c4b2f977112833ef5b55d90f0a05e0d5d8ed9d3aec05e1a7edca7db5e0ed14c7cda2c393a7cc371f29af169e57a3e39ba9fd7822763a8bf31262ce93dbfd68aff2669cc4689a2f3ff103590582cd82b9a,gx-no-cache=1484694269535 HTTP/1.1" 200 258
192.168.10.17 - - [17/Jan/2017:19:01:31 -0300] "GET /cormun/servlet/solicitudgral?3e4f7ae40518825bf02b634f86c33f7117c627eb95fae5bf87baef2a5ecd140ee3ef8057d17d1ad78d509e263d62673b4f1ab80da95e49fb5a8f7b5c0ed6daca3aca1cdea8e6b919277c7d0acde2bd8e676368daeb50b782270d0ecbbc5651837af0a6ea4a7d16945733fb640d764e9bd620bb655f4ed1dd516c67f764f7b85dfe179ba375bec3459d151692c296ffb5cf13e71512a049262a4658fdb18b32377cbef4538e9488962da9b4bc9b1737295d45435e10bb99fa8d1d6d40691ff86cb5738bc0947e4cb82e82aa4680f212009a675d578333dae77780710892222134190e21d73fed0acc594826fb17a28c870a20572fe30d22a0e6d684dbb600c851c0f162c32521ea802256f5e29f7fa8dd1fd18429691e2b7a618c57a4aee7a63eee1c729c6a5a65a8c1616c1b16200698a97b2777e186068d74bbe48966d9e8eda3ee335d67ed334667b887b0e42332b8e437fc76927ea4083f846df81a3a1d2e54cec26d9de1d0f248ba62346853f9053119920792c16d4fa61dafc852aa82cde3447c0afb463860134e28933296b1bc323f6731d0bdcafcad93fe1e593edbb38172cfe64e93b3d01ffd5f889d462bcfda99692b0fc714bf4f6c81c45a8bec07d0f94842219ce94ebef07c9e288c5ea8d43f4bc9309eb62c2a272dd06a4a79fa8b1b44f22599d354aedc6540545b5351323f6731d0bdcafcad93fe1e593edbb3ace2bff357b817d55b4ea16fc1ea6e4721533d7403dd02ad196a3e6f1e5fedd4579d1b1509b3a07900d6d540e14c9133,gx-no-cache=1484694272675 HTTP/1.1" 200 48
192.168.10.17 - - [17/Jan/2017:19:01:32 -0300] "POST /cormun/servlet/solicitudgral?9bd17447f74320e3b92e3806bd547f7c,UPD,2017,3684,,gx-no-cache=1484694274103 HTTP/1.1" 200 10541
192.168.10.17 - - [17/Jan/2017:19:01:35 -0300] "GET /cormun/servlet/solicitudgral?3e4f7ae40518825bf02b634f86c33f713ba8d64bcc091ff53d9b1dfe8884ede06f93222f570787ec8aa8f9e85e9e06f3f109eedce7892cda2f5e3d21dead21ac1f974982e886607250537be2d70d425a43f797de9c8d84b8143f1e02f82664012d46424d2df698ce29603bd7e4da6022,gx-no-cache=1484694276803 HTTP/1.1" 200 29
192.168.10.17 - - [17/Jan/2017:19:01:35 -0300] "POST /cormun/servlet/solicitudgral?gx-no-cache=1484694276819 HTTP/1.1" 200 1236
192.168.10.17 - - [17/Jan/2017:19:01:35 -0300] "POST /cormun/servlet/solicitudgral?gx-no-cache=1484694276884 HTTP/1.1" 200 1139
192.168.10.17 - - [17/Jan/2017:19:01:35 -0300] "POST /cormun/servlet/solicitudgral?9bd17447f74320e3b92e3806bd547f7c,UPD,2017,3684,,gx-no-cache=1484694276945 HTTP/1.1" 200 93
192.168.10.17 - - [17/Jan/2017:19:01:35 -0300] "GET /cormun/servlet/hpexe_return? HTTP/1.1" 200 1034
192.168.10.17 - - [17/Jan/2017:19:01:36 -0300] "GET /cormun/servlet/trsolicitudgral?gx-no-cache=1484694105839 HTTP/1.1" 200 9591
192.168.10.17 - - [17/Jan/2017:19:01:36 -0300] "GET /cormun/servlet/trsolicitudgral?gx-no-cache=1484694105839 HTTP/1.1" 200 9608
192.168.10.17 - - [17/Jan/2017:19:02:01 -0300] "POST /cormun/servlet/trsolicitudgral?9bd17447f74320e3b92e3806bd547f7c,gx-no-cache=1484694105839,gx-no-cache=1484694302471 HTTP/1.1" 200 6495
192.168.10.17 - - [17/Jan/2017:19:02:27 -0300] "GET /cormun/servlet/solicitudgral2?UPD,2017,3685, HTTP/1.1" 200 12299
192.168.10.17 - - [17/Jan/2017:19:02:28 -0300] "GET /cormun/servlet/solicitudgral2?UPD,2017,3685, HTTP/1.1" 200 12288
192.168.10.17 - - [17/Jan/2017:19:02:28 -0300] "POST /cormun/servlet/solicitudgral2?gx-no-cache=1484694330176 HTTP/1.1" 200 3182
