186.67.172.234 - - [17/Jan/2017:17:02:28 -0300] "GET /cormun/servlet/solicitudotadjuntos?68c75ca79d735259c9da8bb0f687b2102129795b255b0b266f3313538fb9e561,gx-no-cache=1484683422305 HTTP/1.1" 200 30
186.67.172.234 - - [17/Jan/2017:17:02:28 -0300] "GET /cormun/servlet/solicitudotadjuntos?68c75ca79d735259c9da8bb0f687b2102129795b255b0b266f3313538fb9e561,gx-no-cache=1484683422338 HTTP/1.1" 200 30
186.67.172.234 - - [17/Jan/2017:17:02:31 -0300] "POST /cormun/servlet/solicitudotadjuntos?f4b5b7cb02fa1527b4eccf917ce7ba80,INS,2017,4677,,1, HTTP/1.1" 200 6063
186.67.172.234 - - [17/Jan/2017:17:02:31 -0300] "GET /home/sistema/apache-tomcat-7.0.65/webapps/cormun/PrivateTempStorage/upload_00000749.docx HTTP/1.1" 404 1137
186.67.172.234 - - [17/Jan/2017:17:02:31 -0300] "GET /cormun/static/Shared/jqueryui/images/ui-bg_highlight-soft_100_c6c2c8_1x100.png HTTP/1.1" 404 1117
186.67.172.234 - - [17/Jan/2017:17:02:31 -0300] "GET /cormun/static/Shared/jqueryui/images/ui-bg_flat_55_994d53_40x100.png HTTP/1.1" 404 1097
186.67.172.234 - - [17/Jan/2017:17:02:31 -0300] "GET /cormun/static/Shared/jqueryui/images/ui-icons_ebccce_256x240.png HTTP/1.1" 404 1089
186.67.172.234 - - [17/Jan/2017:17:02:31 -0300] "GET /cormun/static/Shared/jqueryui/images/ui-icons_82798d_256x240.png HTTP/1.1" 404 1089
186.67.172.234 - - [17/Jan/2017:17:02:31 -0300] "GET /cormun/PrivateTempStorage/upload_00000749.docx HTTP/1.1" 200 1103290
186.67.172.234 - - [17/Jan/2017:17:02:42 -0300] "GET /cormun/servlet/solicitudotadjuntos?68c75ca79d735259c9da8bb0f687b210c4b7da0f9b348ba57d33826baa712b08a189c8cadd71ddead5681e9b183cbf0d,gx-no-cache=1484683436015 HTTP/1.1" 200 30
186.67.172.234 - - [17/Jan/2017:17:02:44 -0300] "POST /cormun/servlet/solicitudotadjuntos?f4b5b7cb02fa1527b4eccf917ce7ba80,INS,2017,4677,,1, HTTP/1.1" 200 6063
186.67.172.234 - - [17/Jan/2017:17:02:45 -0300] "GET /home/sistema/apache-tomcat-7.0.65/webapps/cormun/PrivateTempStorage/upload_00000761.docx HTTP/1.1" 404 1137
186.67.172.234 - - [17/Jan/2017:17:02:45 -0300] "GET /cormun/PrivateTempStorage/upload_00000761.docx HTTP/1.1" 200 1103290
186.67.172.234 - - [17/Jan/2017:17:02:50 -0300] "POST /cormun/servlet/solicitudotadjuntos?gx-no-cache=1484683444247 HTTP/1.1" 200 26
186.67.172.234 - - [17/Jan/2017:17:03:03 -0300] "GET /cormun/servlet/solicitudotadjuntos?68c75ca79d735259c9da8bb0f687b210c4b7da0f9b348ba57d33826baa712b0887f89e404525fa7664f6a7574fd144c6,gx-no-cache=1484683457112 HTTP/1.1" 200 30
186.67.172.234 - - [17/Jan/2017:17:03:03 -0300] "GET /cormun/servlet/solicitudotadjuntos?68c75ca79d735259c9da8bb0f687b210c4b7da0f9b348ba57d33826baa712b0887f89e404525fa7664f6a7574fd144c6,gx-no-cache=1484683457474 HTTP/1.1" 200 30
186.67.172.234 - - [17/Jan/2017:17:03:06 -0300] "POST /cormun/servlet/solicitudotadjuntos?f4b5b7cb02fa1527b4eccf917ce7ba80,INS,2017,4677,,1, HTTP/1.1" 200 116
186.67.172.234 - - [17/Jan/2017:17:03:06 -0300] "GET /cormun/servlet/hpexe_return? HTTP/1.1" 200 1032
186.67.172.234 - - [17/Jan/2017:17:03:07 -0300] "GET /cormun/servlet/trsolicitudadjuntos?2017,4677, HTTP/1.1" 200 8517
186.67.172.234 - - [17/Jan/2017:17:03:08 -0300] "GET /cormun/servlet/trsolicitudadjuntos?2017,4677, HTTP/1.1" 200 8515
186.67.172.234 - - [17/Jan/2017:17:03:13 -0300] "GET /cormun/servlet/solicitudotadjuntos?DLT,2017,4677,CERTIF3,0, HTTP/1.1" 200 6006
186.67.172.234 - - [17/Jan/2017:17:03:14 -0300] "GET /cormun/static/Shared/jqueryui/images/ui-bg_highlight-soft_100_c6c2c8_1x100.png HTTP/1.1" 404 1117
186.67.172.234 - - [17/Jan/2017:17:03:14 -0300] "GET /cormun/static/Shared/jqueryui/images/ui-icons_82798d_256x240.png HTTP/1.1" 404 1089
186.67.172.234 - - [17/Jan/2017:17:03:14 -0300] "GET /cormun/static/Shared/jqueryui/images/ui-bg_flat_55_fafafa_40x100.png HTTP/1.1" 404 1097
186.67.172.234 - - [17/Jan/2017:17:03:14 -0300] "GET /cormun/static/Shared/jqueryui/images/ui-icons_8d78a5_256x240.png HTTP/1.1" 404 1089
186.67.172.234 - - [17/Jan/2017:17:03:14 -0300] "GET /cormun/servlet/solicitudotadjuntos?DLT,2017,4677,CERTIF3,0, HTTP/1.1" 200 6000
186.67.172.234 - - [17/Jan/2017:17:03:14 -0300] "GET /cormun/PublicTempStorage/afp.-francisco_gaete6106317.docx HTTP/1.1" 200 1103290
186.67.172.234 - - [17/Jan/2017:17:03:17 -0300] "POST /cormun/servlet/solicitudotadjuntos?f4b5b7cb02fa1527b4eccf917ce7ba80,DLT,2017,4677,CERTIF3,0,,gx-no-cache=1484683471301 HTTP/1.1" 200 93
186.67.172.234 - - [17/Jan/2017:17:03:17 -0300] "GET /cormun/servlet/hpexe_return? HTTP/1.1" 200 1038
186.67.172.234 - - [17/Jan/2017:17:03:17 -0300] "GET /cormun/servlet/trsolicitudadjuntos?2017,4677, HTTP/1.1" 200 8346
186.67.172.234 - - [17/Jan/2017:17:03:18 -0300] "GET /cormun/servlet/trsolicitudadjuntos?2017,4677, HTTP/1.1" 200 8344
186.67.172.234 - - [17/Jan/2017:17:03:23 -0300] "GET /cormun/servlet/solicitudotadjuntos?INS,2017,4677,,1, HTTP/1.1" 200 6022
186.67.172.234 - - [17/Jan/2017:17:03:24 -0300] "GET /cormun/static/about:blank HTTP/1.1" 404 1011
186.67.172.234 - - [17/Jan/2017:17:03:24 -0300] "GET /cormun/servlet/solicitudotadjuntos?INS,2017,4677,,1, HTTP/1.1" 200 6015
186.67.172.234 - - [17/Jan/2017:17:03:24 -0300] "GET /cormun/servlet/solicitudotadjuntos?68c75ca79d735259c9da8bb0f687b210117c43159e7a5b2f0f0fd320f1c80537c9f4f27342a231c5f1966b340a5407c8,gx-no-cache=1484683478633 HTTP/1.1" 200 30
186.67.172.234 - - [17/Jan/2017:17:03:24 -0300] "POST /cormun/servlet/solicitudotadjuntos?f4b5b7cb02fa1527b4eccf917ce7ba80,INS,2017,4677,,1,,gx-no-cache=1484683478699 HTTP/1.1" 200 3831
186.67.172.234 - - [17/Jan/2017:17:03:28 -0300] "POST /cormun/servlet/solicitudotadjuntos?gx-no-cache=1484683482050 HTTP/1.1" 200 26
186.67.172.234 - - [17/Jan/2017:17:03:36 -0300] "GET /cormun/servlet/solicitudotadjuntos?68c75ca79d735259c9da8bb0f687b2102129795b255b0b266f3313538fb9e561,gx-no-cache=1484683490856 HTTP/1.1" 200 30
186.67.172.234 - - [17/Jan/2017:17:03:36 -0300] "GET /cormun/servlet/solicitudotadjuntos?68c75ca79d735259c9da8bb0f687b2102129795b255b0b266f3313538fb9e561,gx-no-cache=1484683490871 HTTP/1.1" 200 30
186.67.172.234 - - [17/Jan/2017:17:03:40 -0300] "POST /cormun/servlet/solicitudotadjuntos?f4b5b7cb02fa1527b4eccf917ce7ba80,INS,2017,4677,,1, HTTP/1.1" 200 116
186.67.172.234 - - [17/Jan/2017:17:03:40 -0300] "GET /cormun/servlet/hpexe_return? HTTP/1.1" 200 1032
186.67.172.234 - - [17/Jan/2017:17:03:41 -0300] "GET /cormun/servlet/trsolicitudadjuntos?2017,4677, HTTP/1.1" 200 8504
186.67.172.234 - - [17/Jan/2017:17:03:41 -0300] "GET /cormun/servlet/trsolicitudadjuntos?2017,4677, HTTP/1.1" 200 8503
186.67.172.234 - - [17/Jan/2017:17:03:48 -0300] "GET /cormun/servlet/solicitudotadjuntos?INS,2017,4677,,1, HTTP/1.1" 200 6022
186.67.172.234 - - [17/Jan/2017:17:03:48 -0300] "GET /cormun/static/about:blank HTTP/1.1" 404 1011
186.67.172.234 - - [17/Jan/2017:17:03:48 -0300] "GET /cormun/servlet/solicitudotadjuntos?INS,2017,4677,,1, HTTP/1.1" 200 6015
186.67.172.234 - - [17/Jan/2017:17:03:48 -0300] "GET /cormun/servlet/solicitudotadjuntos?68c75ca79d735259c9da8bb0f687b210117c43159e7a5b2f0f0fd320f1c80537c9f4f27342a231c5f1966b340a5407c8,gx-no-cache=1484683502838 HTTP/1.1" 200 30
186.67.172.234 - - [17/Jan/2017:17:03:49 -0300] "POST /cormun/servlet/solicitudotadjuntos?f4b5b7cb02fa1527b4eccf917ce7ba80,INS,2017,4677,,1,,gx-no-cache=1484683502902 HTTP/1.1" 200 3831
186.67.172.234 - - [17/Jan/2017:17:03:52 -0300] "POST /cormun/servlet/solicitudotadjuntos?gx-no-cache=1484683506871 HTTP/1.1" 200 26
186.67.172.234 - - [17/Jan/2017:17:04:01 -0300] "GET /cormun/servlet/solicitudotadjuntos?68c75ca79d735259c9da8bb0f687b2102129795b255b0b266f3313538fb9e561,gx-no-cache=1484683515463 HTTP/1.1" 200 30
186.67.172.234 - - [17/Jan/2017:17:04:01 -0300] "GET /cormun/servlet/solicitudotadjuntos?68c75ca79d735259c9da8bb0f687b2102129795b255b0b266f3313538fb9e561,gx-no-cache=1484683515509 HTTP/1.1" 200 30
186.67.172.234 - - [17/Jan/2017:17:04:08 -0300] "POST /cormun/servlet/solicitudotadjuntos?f4b5b7cb02fa1527b4eccf917ce7ba80,INS,2017,4677,,1, HTTP/1.1" 200 116
186.67.172.234 - - [17/Jan/2017:17:04:08 -0300] "GET /cormun/servlet/hpexe_return? HTTP/1.1" 200 1032
186.67.172.234 - - [17/Jan/2017:17:04:08 -0300] "GET /cormun/servlet/trsolicitudadjuntos?2017,4677, HTTP/1.1" 200 8634
186.67.172.234 - - [17/Jan/2017:17:04:09 -0300] "GET /cormun/servlet/trsolicitudadjuntos?2017,4677, HTTP/1.1" 200 8632
186.67.172.234 - - [17/Jan/2017:17:04:18 -0300] "GET /cormun/servlet/solicitudotadjuntos?INS,2017,4677,,1, HTTP/1.1" 200 6023
186.67.172.234 - - [17/Jan/2017:17:04:18 -0300] "GET /cormun/static/about:blank HTTP/1.1" 404 1011
186.67.172.234 - - [17/Jan/2017:17:04:18 -0300] "GET /cormun/servlet/solicitudotadjuntos?INS,2017,4677,,1, HTTP/1.1" 200 6016
186.67.172.234 - - [17/Jan/2017:17:04:19 -0300] "GET /cormun/servlet/solicitudotadjuntos?68c75ca79d735259c9da8bb0f687b210117c43159e7a5b2f0f0fd320f1c80537c9f4f27342a231c5f1966b340a5407c8,gx-no-cache=1484683533326 HTTP/1.1" 200 30
186.67.172.234 - - [17/Jan/2017:17:04:19 -0300] "POST /cormun/servlet/solicitudotadjuntos?f4b5b7cb02fa1527b4eccf917ce7ba80,INS,2017,4677,,1,,gx-no-cache=1484683533415 HTTP/1.1" 200 3831
186.67.172.234 - - [17/Jan/2017:17:04:24 -0300] "POST /cormun/servlet/solicitudotadjuntos?gx-no-cache=1484683538000 HTTP/1.1" 200 26
192.168.10.17 - - [17/Jan/2017:17:04:27 -0300] "POST /cormun/servlet/trsolicitudgral?9bd17447f74320e3b92e3806bd547f7c,gx-no-cache=1484685933681,gx-no-cache=1484687247989 HTTP/1.1" 200 6760
186.67.172.234 - - [17/Jan/2017:17:04:35 -0300] "GET /cormun/servlet/solicitudotadjuntos?68c75ca79d735259c9da8bb0f687b2102129795b255b0b266f3313538fb9e561,gx-no-cache=1484683548999 HTTP/1.1" 200 30
186.67.172.234 - - [17/Jan/2017:17:04:35 -0300] "GET /cormun/servlet/solicitudotadjuntos?68c75ca79d735259c9da8bb0f687b2102129795b255b0b266f3313538fb9e561,gx-no-cache=1484683549035 HTTP/1.1" 200 30
186.67.172.234 - - [17/Jan/2017:17:04:35 -0300] "POST /cormun/servlet/solicitudotadjuntos?f4b5b7cb02fa1527b4eccf917ce7ba80,INS,2017,4677,,1, HTTP/1.1" 200 116
186.67.172.234 - - [17/Jan/2017:17:04:35 -0300] "GET /cormun/servlet/hpexe_return? HTTP/1.1" 200 1032
186.67.172.234 - - [17/Jan/2017:17:04:36 -0300] "GET /cormun/servlet/trsolicitudadjuntos?2017,4677, HTTP/1.1" 200 8803
186.67.172.234 - - [17/Jan/2017:17:04:37 -0300] "GET /cormun/servlet/trsolicitudadjuntos?2017,4677, HTTP/1.1" 200 8797
186.67.172.234 - - [17/Jan/2017:17:04:40 -0300] "GET /cormun/servlet/solicitudotadjuntos?INS,2017,4677,,1, HTTP/1.1" 200 6023
186.67.172.234 - - [17/Jan/2017:17:04:41 -0300] "GET /cormun/static/about:blank HTTP/1.1" 404 1011
186.67.172.234 - - [17/Jan/2017:17:04:41 -0300] "GET /cormun/servlet/solicitudotadjuntos?INS,2017,4677,,1, HTTP/1.1" 200 6016
186.67.172.234 - - [17/Jan/2017:17:04:41 -0300] "GET /cormun/servlet/solicitudotadjuntos?68c75ca79d735259c9da8bb0f687b210117c43159e7a5b2f0f0fd320f1c80537c9f4f27342a231c5f1966b340a5407c8,gx-no-cache=1484683555588 HTTP/1.1" 200 30
186.67.172.234 - - [17/Jan/2017:17:04:41 -0300] "POST /cormun/servlet/solicitudotadjuntos?f4b5b7cb02fa1527b4eccf917ce7ba80,INS,2017,4677,,1,,gx-no-cache=1484683555651 HTTP/1.1" 200 3831
186.67.172.234 - - [17/Jan/2017:17:04:46 -0300] "POST /cormun/servlet/solicitudotadjuntos?gx-no-cache=1484683560240 HTTP/1.1" 200 26
186.67.172.234 - - [17/Jan/2017:17:04:59 -0300] "GET /cormun/servlet/solicitudotadjuntos?68c75ca79d735259c9da8bb0f687b2102129795b255b0b266f3313538fb9e561,gx-no-cache=1484683573248 HTTP/1.1" 200 30
186.67.172.234 - - [17/Jan/2017:17:04:59 -0300] "GET /cormun/servlet/solicitudotadjuntos?68c75ca79d735259c9da8bb0f687b2102129795b255b0b266f3313538fb9e561,gx-no-cache=1484683573295 HTTP/1.1" 200 30
186.67.172.234 - - [17/Jan/2017:17:05:03 -0300] "POST /cormun/servlet/solicitudotadjuntos?f4b5b7cb02fa1527b4eccf917ce7ba80,INS,2017,4677,,1, HTTP/1.1" 200 116
186.67.172.234 - - [17/Jan/2017:17:05:03 -0300] "GET /cormun/servlet/hpexe_return? HTTP/1.1" 200 1032
192.168.10.17 - - [17/Jan/2017:17:05:03 -0300] "GET /cormun/servlet/solicitudgral2?UPD,2017,3183, HTTP/1.1" 200 12301
186.67.172.234 - - [17/Jan/2017:17:05:04 -0300] "GET /cormun/servlet/trsolicitudadjuntos?2017,4677, HTTP/1.1" 200 9001
192.168.10.17 - - [17/Jan/2017:17:05:04 -0300] "GET /cormun/servlet/solicitudgral2?UPD,2017,3183, HTTP/1.1" 200 12288
192.168.10.17 - - [17/Jan/2017:17:05:05 -0300] "POST /cormun/servlet/solicitudgral2?gx-no-cache=1484687285874 HTTP/1.1" 200 3171
192.168.10.17 - - [17/Jan/2017:17:05:05 -0300] "GET /cormun/servlet/solicitudgral2?3e4f7ae40518825bf02b634f86c33f71e98a33c2f270e8430436a1c5cc674a993ed9db3951599e573ffc62b0ac46e0a5f4a5c4ec76b3a093d4932e95ac6f5b65f2ec67c6705e1c86d3f2be042b9d20cd5b0578ca9e5ec13ad7143b6986b0345479860c2f6f16c2411f3f513eb047782797f24e5dc9c30f44be3949b153eceee1d7fe1090551ef067e46ffd857693214b1a7793e7968edd023c3f52548543934bb032a0df228836cf9a90d0f8de80d51d54ee6845284fcb7740fb76c5a56ca67f5d45435e10bb99fa8d1d6d40691ff86c96402a932c282268515bd829087bdcceae7a125ce6a0ce4aa0dfc6ad20fe3ba71b96a72c0a0f6e8fb014933e668d0c1c4b2f977112833ef5b55d90f0a05e0d5d8ed9d3aec05e1a7edca7db5e0ed14c7cda2c393a7cc371f29af169e57a3e39ba9fd7822763a8bf31262ce93dbfd68aff2669cc4689a2f3ff103590582cd82b9a,gx-no-cache=1484687286327 HTTP/1.1" 200 257
192.168.10.17 - - [17/Jan/2017:17:05:05 -0300] "POST /cormun/servlet/solicitudgral2?gx-no-cache=1484687286359 HTTP/1.1" 200 1339
192.168.10.17 - - [17/Jan/2017:17:05:05 -0300] "GET /cormun/servlet/solicitudgral2?3e4f7ae40518825bf02b634f86c33f719fdce7aae7a174645987f8b225c9eea069f07bbf527d837fcbc088f6d78d7280f4a5c4ec76b3a093d4932e95ac6f5b653bcf76406067938ba8b42bc2c55d8da22335674ee2e27dfb9139a0bd0d588e34fa12f3edae610e8e67cd80b5796c6726,gx-no-cache=1484687286405 HTTP/1.1" 200 41
186.67.172.234 - - [17/Jan/2017:17:05:05 -0300] "GET /cormun/servlet/trsolicitudadjuntos?2017,4677, HTTP/1.1" 200 8998
192.168.10.17 - - [17/Jan/2017:17:05:07 -0300] "POST /cormun/servlet/solicitudgral2?9bd17447f74320e3b92e3806bd547f7c,UPD,2017,3183,,gx-no-cache=1484687287823 HTTP/1.1" 200 10566
192.168.10.17 - - [17/Jan/2017:17:05:08 -0300] "GET /cormun/servlet/solicitudgral2?3e4f7ae40518825bf02b634f86c33f71e6024e00644b7eb844f3f88fdf7d63656f93222f570787ec8aa8f9e85e9e06f36be81b5fe56c5ae7357b454f4933615800dc6a04532201011539214a91ce549d9ac414886eb02d0894912d2933e9a473c15b86474a31f66c6b49f5a1be6c65c398394942a15ec77d14fdbbb198d460eecbfa55e52789e774e8528b9ab9101dc357df60a00c592f05afa7a8800f5e9e37,gx-no-cache=1484687289458 HTTP/1.1" 200 29
192.168.10.17 - - [17/Jan/2017:17:05:08 -0300] "POST /cormun/servlet/solicitudgral2?gx-no-cache=1484687289481 HTTP/1.1" 200 1235
192.168.10.17 - - [17/Jan/2017:17:05:08 -0300] "POST /cormun/servlet/solicitudgral2?gx-no-cache=1484687289530 HTTP/1.1" 200 1140
192.168.10.17 - - [17/Jan/2017:17:05:08 -0300] "GET /cormun/servlet/solicitudgral2?3e4f7ae40518825bf02b634f86c33f71e6026574ea630504340b3dcfda8d287ab8eb3b5413cbcd1cae7920a4fa512c6f818a9f13dc3c2eb97a6385aadc944d8598b69edcd1c52e20706adaec3a0625a5b2e9f48efea720b1888020499a1db691f1fe125771c93426df84d8526af3341b6816dc1850cc91c9db7f92437aea7bc7,gx-no-cache=1484687289568 HTTP/1.1" 200 30
192.168.10.17 - - [17/Jan/2017:17:05:08 -0300] "POST /cormun/servlet/solicitudgral2?9bd17447f74320e3b92e3806bd547f7c,UPD,2017,3183,,gx-no-cache=1484687289590 HTTP/1.1" 200 93
192.168.10.17 - - [17/Jan/2017:17:05:08 -0300] "GET /cormun/servlet/hpexe_return? HTTP/1.1" 200 1036
192.168.10.17 - - [17/Jan/2017:17:05:09 -0300] "GET /cormun/servlet/trsolicitudgral?gx-no-cache=1484685933681 HTTP/1.1" 200 9889
192.168.10.17 - - [17/Jan/2017:17:05:09 -0300] "GET /cormun/servlet/trsolicitudgral?gx-no-cache=1484685933681 HTTP/1.1" 200 9907
186.67.172.234 - - [17/Jan/2017:17:05:09 -0300] "GET /cormun/servlet/solicitudotadjuntos?INS,2017,4677,,1, HTTP/1.1" 200 6022
186.67.172.234 - - [17/Jan/2017:17:05:09 -0300] "GET /cormun/static/about:blank HTTP/1.1" 404 1011
186.67.172.234 - - [17/Jan/2017:17:05:10 -0300] "GET /cormun/servlet/solicitudotadjuntos?INS,2017,4677,,1, HTTP/1.1" 200 6015
186.67.172.234 - - [17/Jan/2017:17:05:10 -0300] "GET /cormun/servlet/solicitudotadjuntos?68c75ca79d735259c9da8bb0f687b210117c43159e7a5b2f0f0fd320f1c80537c9f4f27342a231c5f1966b340a5407c8,gx-no-cache=1484683584445 HTTP/1.1" 200 30
186.67.172.234 - - [17/Jan/2017:17:05:10 -0300] "POST /cormun/servlet/solicitudotadjuntos?f4b5b7cb02fa1527b4eccf917ce7ba80,INS,2017,4677,,1,,gx-no-cache=1484683584471 HTTP/1.1" 200 3829
186.67.172.234 - - [17/Jan/2017:17:05:15 -0300] "POST /cormun/servlet/solicitudotadjuntos?gx-no-cache=1484683589751 HTTP/1.1" 200 26
186.67.172.234 - - [17/Jan/2017:17:05:15 -0300] "GET /cormun/servlet/solicitudotadjuntos?68c75ca79d735259c9da8bb0f687b2102129795b255b0b266f3313538fb9e561,gx-no-cache=1484683589774 HTTP/1.1" 200 30
186.67.172.234 - - [17/Jan/2017:17:05:15 -0300] "GET /cormun/servlet/solicitudotadjuntos?68c75ca79d735259c9da8bb0f687b2102129795b255b0b266f3313538fb9e561,gx-no-cache=1484683589795 HTTP/1.1" 200 30
186.67.172.234 - - [17/Jan/2017:17:05:15 -0300] "POST /cormun/servlet/solicitudotadjuntos?f4b5b7cb02fa1527b4eccf917ce7ba80,INS,2017,4677,,1,,gx-no-cache=1484683589817 HTTP/1.1" 200 3640
186.67.172.234 - - [17/Jan/2017:17:05:16 -0300] "GET /cormun/static/Shared/jqueryui/images/ui-bg_highlight-soft_100_c6c2c8_1x100.png HTTP/1.1" 404 1117
186.67.172.234 - - [17/Jan/2017:17:05:16 -0300] "GET /cormun/static/Shared/jqueryui/images/ui-bg_flat_55_994d53_40x100.png HTTP/1.1" 404 1097
186.67.172.234 - - [17/Jan/2017:17:05:16 -0300] "GET /cormun/static/Shared/jqueryui/images/ui-icons_ebccce_256x240.png HTTP/1.1" 404 1089
186.67.172.234 - - [17/Jan/2017:17:05:16 -0300] "GET /cormun/static/Shared/jqueryui/images/ui-icons_82798d_256x240.png HTTP/1.1" 404 1089
192.168.10.17 - - [17/Jan/2017:17:05:17 -0300] "GET /cormun/servlet/solicitudgral2?UPD,2017,3184, HTTP/1.1" 200 12300
192.168.10.17 - - [17/Jan/2017:17:05:18 -0300] "GET /cormun/servlet/solicitudgral2?UPD,2017,3184, HTTP/1.1" 200 12286
186.67.172.234 - - [17/Jan/2017:17:05:18 -0300] "GET /cormun/servlet/trsolicitudadjuntos?2017,4677, HTTP/1.1" 200 9001
192.168.10.17 - - [17/Jan/2017:17:05:19 -0300] "POST /cormun/servlet/solicitudgral2?gx-no-cache=1484687300509 HTTP/1.1" 200 3171
186.67.172.234 - - [17/Jan/2017:17:05:19 -0300] "GET /cormun/servlet/trsolicitudadjuntos?2017,4677, HTTP/1.1" 200 8997
192.168.10.17 - - [17/Jan/2017:17:05:19 -0300] "GET /cormun/servlet/solicitudgral2?3e4f7ae40518825bf02b634f86c33f71e98a33c2f270e8430436a1c5cc674a993ed9db3951599e573ffc62b0ac46e0a5f4a5c4ec76b3a093d4932e95ac6f5b65f2ec67c6705e1c86d3f2be042b9d20cd5b0578ca9e5ec13ad7143b6986b0345479860c2f6f16c2411f3f513eb047782797f24e5dc9c30f44be3949b153eceee1d7fe1090551ef067e46ffd857693214b1a7793e7968edd023c3f52548543934bb032a0df228836cf9a90d0f8de80d51d54ee6845284fcb7740fb76c5a56ca67f5d45435e10bb99fa8d1d6d40691ff86c96402a932c282268515bd829087bdcceae7a125ce6a0ce4aa0dfc6ad20fe3ba71b96a72c0a0f6e8fb014933e668d0c1c4b2f977112833ef5b55d90f0a05e0d5d8ed9d3aec05e1a7edca7db5e0ed14c7cda2c393a7cc371f29af169e57a3e39ba9fd7822763a8bf31262ce93dbfd68aff2669cc4689a2f3ff103590582cd82b9a,gx-no-cache=1484687300632 HTTP/1.1" 200 257
192.168.10.17 - - [17/Jan/2017:17:05:19 -0300] "POST /cormun/servlet/solicitudgral2?gx-no-cache=1484687300691 HTTP/1.1" 200 1340
192.168.10.17 - - [17/Jan/2017:17:05:19 -0300] "GET /cormun/servlet/solicitudgral2?3e4f7ae40518825bf02b634f86c33f719fdce7aae7a174645987f8b225c9eea069f07bbf527d837fcbc088f6d78d7280f4a5c4ec76b3a093d4932e95ac6f5b653bcf76406067938ba8b42bc2c55d8da22335674ee2e27dfb9139a0bd0d588e34fa12f3edae610e8e67cd80b5796c6726,gx-no-cache=1484687300764 HTTP/1.1" 200 41
186.67.172.234 - - [17/Jan/2017:17:05:32 -0300] "GET /cormun/servlet/trautorizarsolicitud? HTTP/1.1" 200 6917
186.67.172.234 - - [17/Jan/2017:17:05:32 -0300] "GET /cormun/servlet/trautorizarsolicitud? HTTP/1.1" 200 6904
192.168.10.17 - - [17/Jan/2017:17:05:33 -0300] "POST /cormun/servlet/solicitudgral2?9bd17447f74320e3b92e3806bd547f7c,UPD,2017,3184,,gx-no-cache=1484687314550 HTTP/1.1" 200 10567
192.168.10.17 - - [17/Jan/2017:17:05:35 -0300] "GET /cormun/servlet/solicitudgral2?3e4f7ae40518825bf02b634f86c33f71e6024e00644b7eb844f3f88fdf7d63656f93222f570787ec8aa8f9e85e9e06f36be81b5fe56c5ae7357b454f4933615800dc6a04532201011539214a91ce549d9ac414886eb02d0894912d2933e9a473c15b86474a31f66c6b49f5a1be6c65c398394942a15ec77d14fdbbb198d460eecbfa55e52789e774e8528b9ab9101dc357df60a00c592f05afa7a8800f5e9e37,gx-no-cache=1484687316281 HTTP/1.1" 200 29
192.168.10.17 - - [17/Jan/2017:17:05:35 -0300] "POST /cormun/servlet/solicitudgral2?gx-no-cache=1484687316304 HTTP/1.1" 200 1236
192.168.10.17 - - [17/Jan/2017:17:05:35 -0300] "POST /cormun/servlet/solicitudgral2?gx-no-cache=1484687316352 HTTP/1.1" 200 1140
192.168.10.17 - - [17/Jan/2017:17:05:35 -0300] "GET /cormun/servlet/solicitudgral2?3e4f7ae40518825bf02b634f86c33f71e6026574ea630504340b3dcfda8d287ab8eb3b5413cbcd1cae7920a4fa512c6f818a9f13dc3c2eb97a6385aadc944d8598b69edcd1c52e20706adaec3a0625a5b2e9f48efea720b1888020499a1db691f1fe125771c93426df84d8526af3341b6816dc1850cc91c9db7f92437aea7bc7,gx-no-cache=1484687316388 HTTP/1.1" 200 30
192.168.10.17 - - [17/Jan/2017:17:05:35 -0300] "POST /cormun/servlet/solicitudgral2?9bd17447f74320e3b92e3806bd547f7c,UPD,2017,3184,,gx-no-cache=1484687316411 HTTP/1.1" 200 93
192.168.10.17 - - [17/Jan/2017:17:05:35 -0300] "GET /cormun/servlet/hpexe_return? HTTP/1.1" 200 1036
192.168.10.17 - - [17/Jan/2017:17:05:35 -0300] "GET /cormun/servlet/trsolicitudgral?gx-no-cache=1484685933681 HTTP/1.1" 200 9892
192.168.10.17 - - [17/Jan/2017:17:05:36 -0300] "GET /cormun/servlet/trsolicitudgral?gx-no-cache=1484685933681 HTTP/1.1" 200 9910
186.67.172.234 - - [17/Jan/2017:17:05:43 -0300] "GET /cormun/servlet/trsolicitudot? HTTP/1.1" 200 8271
186.67.172.234 - - [17/Jan/2017:17:05:44 -0300] "GET /cormun/servlet/trsolicitudot? HTTP/1.1" 200 8271
192.168.10.89 - - [17/Jan/2017:17:05:46 -0300] "POST /cormun/servlet/trsolicitudgral?e0ef5448b41de9608613121884478f08,gx-no-cache=1484686849610 HTTP/1.1" 200 11491
186.67.172.234 - - [17/Jan/2017:17:05:56 -0300] "POST /cormun/servlet/trsolicitudot?f4b5b7cb02fa1527b4eccf917ce7ba80,,gx-no-cache=1484683630195 HTTP/1.1" 200 6215
186.67.172.234 - - [17/Jan/2017:17:06:08 -0300] "POST /cormun/servlet/trsolicitudot?f4b5b7cb02fa1527b4eccf917ce7ba80,,gx-no-cache=1484683642778 HTTP/1.1" 200 5872
186.67.172.234 - - [17/Jan/2017:17:06:09 -0300] "GET /cormun/static/Shared/jqueryui/images/ui-bg_highlight-soft_100_c6c2c8_1x100.png HTTP/1.1" 404 1117
186.67.172.234 - - [17/Jan/2017:17:06:09 -0300] "GET /cormun/static/Shared/jqueryui/images/ui-icons_82798d_256x240.png HTTP/1.1" 404 1089
186.67.172.234 - - [17/Jan/2017:17:06:09 -0300] "GET /cormun/static/Shared/jqueryui/images/ui-bg_flat_55_fafafa_40x100.png HTTP/1.1" 404 1097
186.67.172.234 - - [17/Jan/2017:17:06:09 -0300] "GET /cormun/static/Shared/jqueryui/images/ui-icons_8d78a5_256x240.png HTTP/1.1" 404 1089
186.67.172.234 - - [17/Jan/2017:17:06:09 -0300] "POST /cormun/servlet/trsolicitudot?f4b5b7cb02fa1527b4eccf917ce7ba80,,gx-no-cache=1484683643015 HTTP/1.1" 200 5816
186.67.172.234 - - [17/Jan/2017:17:06:20 -0300] "POST /cormun/servlet/trsolicitudot?f4b5b7cb02fa1527b4eccf917ce7ba80,,gx-no-cache=1484683653753 HTTP/1.1" 200 106
186.67.172.234 - - [17/Jan/2017:17:06:20 -0300] "GET /cormun/servlet/trsolicitudadjuntos?2017,4627, HTTP/1.1" 200 6092
186.67.172.234 - - [17/Jan/2017:17:06:20 -0300] "GET /cormun/servlet/trsolicitudadjuntos?2017,4627, HTTP/1.1" 200 6091
186.67.172.234 - - [17/Jan/2017:17:06:27 -0300] "GET /cormun/servlet/solicitudotadjuntos?INS,2017,4627,,1, HTTP/1.1" 200 6022
186.67.172.234 - - [17/Jan/2017:17:06:27 -0300] "GET /cormun/static/about:blank HTTP/1.1" 404 1011
186.67.172.234 - - [17/Jan/2017:17:06:27 -0300] "GET /cormun/servlet/solicitudotadjuntos?INS,2017,4627,,1, HTTP/1.1" 200 6015
186.67.172.234 - - [17/Jan/2017:17:06:28 -0300] "GET /cormun/servlet/solicitudotadjuntos?68c75ca79d735259c9da8bb0f687b210f40a6dbdffec69707b97935fce283cfdc9f4f27342a231c5f1966b340a5407c8,gx-no-cache=1484683662039 HTTP/1.1" 200 30
186.67.172.234 - - [17/Jan/2017:17:06:28 -0300] "POST /cormun/servlet/solicitudotadjuntos?f4b5b7cb02fa1527b4eccf917ce7ba80,INS,2017,4627,,1,,gx-no-cache=1484683662070 HTTP/1.1" 200 3832
192.168.10.89 - - [17/Jan/2017:17:06:29 -0300] "POST /cormun/servlet/trsolicitudgral?e0ef5448b41de9608613121884478f08,gx-no-cache=1484686893079 HTTP/1.1" 200 6495
186.67.172.234 - - [17/Jan/2017:17:06:32 -0300] "POST /cormun/servlet/solicitudotadjuntos?gx-no-cache=1484683666483 HTTP/1.1" 200 26
192.168.10.17 - - [17/Jan/2017:17:06:33 -0300] "POST /cormun/servlet/trsolicitudgral?9bd17447f74320e3b92e3806bd547f7c,gx-no-cache=1484685933681,gx-no-cache=1484687374239 HTTP/1.1" 200 6451
192.168.10.17 - - [17/Jan/2017:17:06:43 -0300] "GET /cormun/servlet/solicitudgral?UPD,2017,3158, HTTP/1.1" 200 12146
192.168.10.17 - - [17/Jan/2017:17:06:44 -0300] "GET /cormun/servlet/solicitudgral?UPD,2017,3158, HTTP/1.1" 200 12134
192.168.10.17 - - [17/Jan/2017:17:06:44 -0300] "POST /cormun/servlet/solicitudgral?gx-no-cache=1484687385805 HTTP/1.1" 200 3176
192.168.10.17 - - [17/Jan/2017:17:06:45 -0300] "GET /cormun/servlet/solicitudgral?3e4f7ae40518825bf02b634f86c33f71e98a33c2f270e8430436a1c5cc674a993ed9db3951599e573ffc62b0ac46e0a5f4a5c4ec76b3a093d4932e95ac6f5b65f2ec67c6705e1c86d3f2be042b9d20cd5b0578ca9e5ec13ad7143b6986b0345479860c2f6f16c2411f3f513eb047782797f24e5dc9c30f44be3949b153eceee1d7fe1090551ef067e46ffd857693214b1a7793e7968edd023c3f52548543934bb032a0df228836cf9a90d0f8de80d51d54ee6845284fcb7740fb76c5a56ca67f5d45435e10bb99fa8d1d6d40691ff86c96402a932c282268515bd829087bdcceae7a125ce6a0ce4aa0dfc6ad20fe3ba71b96a72c0a0f6e8fb014933e668d0c1c4b2f977112833ef5b55d90f0a05e0d5d8ed9d3aec05e1a7edca7db5e0ed14c7cda2c393a7cc371f29af169e57a3e39ba9fd7822763a8bf31262ce93dbfd68aff2669cc4689a2f3ff103590582cd82b9a,gx-no-cache=1484687385940 HTTP/1.1" 200 257
192.168.10.17 - - [17/Jan/2017:17:06:45 -0300] "GET /cormun/servlet/solicitudgral?3e4f7ae40518825bf02b634f86c33f7117c627eb95fae5bf87baef2a5ecd140e6cb5133fa4e576189401fe54316b139a7a061e78c0f10be031d3112a4b873a0e832d53d8f7b9eff8c4d049218875ee889688ea24f393204c4167beed4094f15dd9724b8e38f5c19459f74dcd0186cd05c020995f1532ee44b6e9add52aee95ced730cbbef2638e527692f41ad40270cb394ffe1f0fe812c86ea5ebab112f6631f8eea8d23ad74b0dbb1e431018f9836c25dd3c44593759605499baddc6f26ed056f96af922eac64511cabf6b4a3b89e91d0bf827bd1379af9e1c731c2c8914c1fbe49c40d2cb8d2c349055ed0a5b8c14451db7cbbaa799e5d320d8d8796be3f01c46228ab6575f7a7069067fdf217ed63ca1a18570151fcf959ae0b50893fa8e0fb9932850376340c21083aca1d786d74972e8c5f77cb1df6f3b37e34ae3890f74d9e30a1ec912b0f4327061b2b224f21bad093312ed1c0b6b27a8c2e975fc3ca415bbe8cbd1368853dfad2e18d4ec91962ea3318f1b35b77621470d6674c83a4e78844acb2a88e1b6ea8c438c42c631d9ec4565ef0e8b40610bd9ea380b9ea6b17441010a2b9997ed95c66a487029d980f39477e7313889e98757d6b8128b75203689cda90c637c99defe384fb711c393095df325169b3f76b366b6d18dda0c24ad65fa2ec9bbd2e0f1288f90d80d35a7c88f581982a579e506fbb0d58d31e73d5d05e1ae783f38ca997f6780a9fb71386a9903d73e4d06f278f2df9e3e2f3156c31b94676f0b868000ceccb10778e9,gx-no-cache=1484687386863 HTTP/1.1" 200 48
186.67.172.234 - - [17/Jan/2017:17:06:47 -0300] "GET /cormun/servlet/solicitudotadjuntos?68c75ca79d735259c9da8bb0f687b2102129795b255b0b266f3313538fb9e561,gx-no-cache=1484683681750 HTTP/1.1" 200 30
186.67.172.234 - - [17/Jan/2017:17:06:47 -0300] "GET /cormun/servlet/solicitudotadjuntos?68c75ca79d735259c9da8bb0f687b2102129795b255b0b266f3313538fb9e561,gx-no-cache=1484683681790 HTTP/1.1" 200 30
192.168.10.17 - - [17/Jan/2017:17:06:48 -0300] "POST /cormun/servlet/solicitudgral?9bd17447f74320e3b92e3806bd547f7c,UPD,2017,3158,,gx-no-cache=1484687389097 HTTP/1.1" 200 10533
192.168.10.17 - - [17/Jan/2017:17:06:49 -0300] "GET /cormun/servlet/solicitudgral?3e4f7ae40518825bf02b634f86c33f71e6024e00644b7eb844f3f88fdf7d63656f93222f570787ec8aa8f9e85e9e06f36be81b5fe56c5ae7357b454f4933615800dc6a04532201011539214a91ce549d9ac414886eb02d0894912d2933e9a473c15b86474a31f66c6b49f5a1be6c65c398394942a15ec77d14fdbbb198d460eecbfa55e52789e774e8528b9ab9101dc357df60a00c592f05afa7a8800f5e9e37,gx-no-cache=1484687390646 HTTP/1.1" 200 29
186.67.172.234 - - [17/Jan/2017:17:06:49 -0300] "POST /cormun/servlet/solicitudotadjuntos?f4b5b7cb02fa1527b4eccf917ce7ba80,INS,2017,4627,,1, HTTP/1.1" 200 116
192.168.10.17 - - [17/Jan/2017:17:06:49 -0300] "POST /cormun/servlet/solicitudgral?gx-no-cache=1484687390682 HTTP/1.1" 200 1236
192.168.10.17 - - [17/Jan/2017:17:06:49 -0300] "POST /cormun/servlet/solicitudgral?gx-no-cache=1484687390760 HTTP/1.1" 200 1141
186.67.172.234 - - [17/Jan/2017:17:06:49 -0300] "GET /cormun/servlet/hpexe_return? HTTP/1.1" 200 1031
186.67.172.234 - - [17/Jan/2017:17:06:50 -0300] "GET /cormun/servlet/trsolicitudadjuntos?2017,4627, HTTP/1.1" 200 8149
192.168.10.17 - - [17/Jan/2017:17:06:50 -0300] "POST /cormun/servlet/solicitudgral?9bd17447f74320e3b92e3806bd547f7c,UPD,2017,3158,,gx-no-cache=1484687390826 HTTP/1.1" 200 93
192.168.10.17 - - [17/Jan/2017:17:06:50 -0300] "GET /cormun/servlet/hpexe_return? HTTP/1.1" 200 1034
192.168.10.17 - - [17/Jan/2017:17:06:50 -0300] "GET /cormun/servlet/trsolicitudgral?gx-no-cache=1484685933681 HTTP/1.1" 200 9585
186.67.172.234 - - [17/Jan/2017:17:06:50 -0300] "GET /cormun/servlet/trsolicitudadjuntos?2017,4627, HTTP/1.1" 200 8144
192.168.10.17 - - [17/Jan/2017:17:06:51 -0300] "GET /cormun/servlet/trsolicitudgral?gx-no-cache=1484685933681 HTTP/1.1" 200 9602
186.67.172.234 - - [17/Jan/2017:17:06:56 -0300] "GET /cormun/servlet/solicitudotadjuntos?INS,2017,4627,,1, HTTP/1.1" 200 6022
186.67.172.234 - - [17/Jan/2017:17:06:56 -0300] "GET /cormun/static/about:blank HTTP/1.1" 404 1011
186.67.172.234 - - [17/Jan/2017:17:06:56 -0300] "GET /cormun/servlet/solicitudotadjuntos?INS,2017,4627,,1, HTTP/1.1" 200 6015
186.67.172.234 - - [17/Jan/2017:17:06:56 -0300] "GET /cormun/servlet/solicitudotadjuntos?68c75ca79d735259c9da8bb0f687b210f40a6dbdffec69707b97935fce283cfdc9f4f27342a231c5f1966b340a5407c8,gx-no-cache=1484683690726 HTTP/1.1" 200 30
186.67.172.234 - - [17/Jan/2017:17:06:57 -0300] "POST /cormun/servlet/solicitudotadjuntos?f4b5b7cb02fa1527b4eccf917ce7ba80,INS,2017,4627,,1,,gx-no-cache=1484683690806 HTTP/1.1" 200 3832
186.67.172.234 - - [17/Jan/2017:17:07:00 -0300] "POST /cormun/servlet/solicitudotadjuntos?gx-no-cache=1484683694518 HTTP/1.1" 200 26
186.67.172.234 - - [17/Jan/2017:17:07:16 -0300] "GET /cormun/servlet/solicitudotadjuntos?68c75ca79d735259c9da8bb0f687b2102129795b255b0b266f3313538fb9e561,gx-no-cache=1484683710790 HTTP/1.1" 200 30
186.67.172.234 - - [17/Jan/2017:17:07:16 -0300] "GET /cormun/servlet/solicitudotadjuntos?68c75ca79d735259c9da8bb0f687b2102129795b255b0b266f3313538fb9e561,gx-no-cache=1484683710804 HTTP/1.1" 200 30
192.168.10.89 - - [17/Jan/2017:17:07:20 -0300] "GET /cormun/servlet/hlogin HTTP/1.1" 200 1739
186.67.172.234 - - [17/Jan/2017:17:07:20 -0300] "POST /cormun/servlet/solicitudotadjuntos?f4b5b7cb02fa1527b4eccf917ce7ba80,INS,2017,4627,,1, HTTP/1.1" 200 116
186.67.172.234 - - [17/Jan/2017:17:07:20 -0300] "GET /cormun/servlet/hpexe_return? HTTP/1.1" 200 1031
186.67.172.234 - - [17/Jan/2017:17:07:21 -0300] "GET /cormun/servlet/trsolicitudadjuntos?2017,4627, HTTP/1.1" 200 8348
186.67.172.234 - - [17/Jan/2017:17:07:21 -0300] "GET /cormun/servlet/trsolicitudadjuntos?2017,4627, HTTP/1.1" 200 8346
192.168.10.17 - - [17/Jan/2017:17:07:26 -0300] "POST /cormun/servlet/trsolicitudgral?9bd17447f74320e3b92e3806bd547f7c,gx-no-cache=1484685933681,gx-no-cache=1484687427439 HTTP/1.1" 200 7031
186.67.172.234 - - [17/Jan/2017:17:07:26 -0300] "GET /cormun/servlet/solicitudotadjuntos?INS,2017,4627,,1, HTTP/1.1" 200 6022
186.67.172.234 - - [17/Jan/2017:17:07:26 -0300] "GET /cormun/static/about:blank HTTP/1.1" 404 1011
186.67.172.234 - - [17/Jan/2017:17:07:27 -0300] "GET /cormun/servlet/solicitudotadjuntos?INS,2017,4627,,1, HTTP/1.1" 200 6015
186.67.172.234 - - [17/Jan/2017:17:07:27 -0300] "GET /cormun/servlet/solicitudotadjuntos?68c75ca79d735259c9da8bb0f687b210f40a6dbdffec69707b97935fce283cfdc9f4f27342a231c5f1966b340a5407c8,gx-no-cache=1484683721510 HTTP/1.1" 200 30
186.67.172.234 - - [17/Jan/2017:17:07:27 -0300] "POST /cormun/servlet/solicitudotadjuntos?f4b5b7cb02fa1527b4eccf917ce7ba80,INS,2017,4627,,1,,gx-no-cache=1484683721655 HTTP/1.1" 200 3831
192.168.10.89 - - [17/Jan/2017:17:07:31 -0300] "GET /cormunbeta/servlet/hlogin HTTP/1.1" 200 1725
186.67.172.234 - - [17/Jan/2017:17:07:32 -0300] "POST /cormun/servlet/solicitudotadjuntos?gx-no-cache=1484683726062 HTTP/1.1" 200 26
192.168.10.17 - - [17/Jan/2017:17:07:38 -0300] "GET /cormun/servlet/solicitudgral?UPD,2017,3159, HTTP/1.1" 200 12145
192.168.10.89 - - [17/Jan/2017:17:07:39 -0300] "GET /cormun/servlet/hlogin HTTP/1.1" 200 1718
192.168.10.17 - - [17/Jan/2017:17:07:39 -0300] "GET /cormun/servlet/solicitudgral?UPD,2017,3159, HTTP/1.1" 200 12133
192.168.10.17 - - [17/Jan/2017:17:07:39 -0300] "POST /cormun/servlet/solicitudgral?gx-no-cache=1484687440658 HTTP/1.1" 200 3181
192.168.10.17 - - [17/Jan/2017:17:07:39 -0300] "GET /cormun/servlet/solicitudgral?3e4f7ae40518825bf02b634f86c33f71e98a33c2f270e8430436a1c5cc674a993ed9db3951599e573ffc62b0ac46e0a5f4a5c4ec76b3a093d4932e95ac6f5b65f2ec67c6705e1c86d3f2be042b9d20cd5b0578ca9e5ec13ad7143b6986b0345479860c2f6f16c2411f3f513eb047782797f24e5dc9c30f44be3949b153eceee1d7fe1090551ef067e46ffd857693214b1a7793e7968edd023c3f52548543934bb032a0df228836cf9a90d0f8de80d51d54ee6845284fcb7740fb76c5a56ca67f5d45435e10bb99fa8d1d6d40691ff86c96402a932c282268515bd829087bdcceae7a125ce6a0ce4aa0dfc6ad20fe3ba71b96a72c0a0f6e8fb014933e668d0c1c4b2f977112833ef5b55d90f0a05e0d5d8ed9d3aec05e1a7edca7db5e0ed14c7cda2c393a7cc371f29af169e57a3e39ba9fd7822763a8bf31262ce93dbfd68aff2669cc4689a2f3ff103590582cd82b9a,gx-no-cache=1484687440796 HTTP/1.1" 200 257
192.168.10.17 - - [17/Jan/2017:17:07:40 -0300] "GET /cormun/servlet/solicitudgral?3e4f7ae40518825bf02b634f86c33f7117c627eb95fae5bf87baef2a5ecd140e6cb5133fa4e576189401fe54316b139a7a061e78c0f10be031d3112a4b873a0e832d53d8f7b9eff8c4d049218875ee889688ea24f393204c4167beed4094f15dd9724b8e38f5c19459f74dcd0186cd05c020995f1532ee44b6e9add52aee95ced730cbbef2638e527692f41ad40270cb394ffe1f0fe812c86ea5ebab112f6631f8eea8d23ad74b0dbb1e431018f9836c25dd3c44593759605499baddc6f26ed056f96af922eac64511cabf6b4a3b89e91d0bf827bd1379af9e1c731c2c8914c1fbe49c40d2cb8d2c349055ed0a5b8c14451db7cbbaa799e5d320d8d8796be3f01c46228ab6575f7a7069067fdf217ed63ca1a18570151fcf959ae0b50893fa8e0fb9932850376340c21083aca1d786d74972e8c5f77cb1df6f3b37e34ae3890f74d9e30a1ec912b0f4327061b2b224f21bad093312ed1c0b6b27a8c2e975fc3ca415bbe8cbd1368853dfad2e18d4ec91962ea3318f1b35b77621470d6674c83a4e78844acb2a88e1b6ea8c438c42c631d9ec4565ef0e8b40610bd9ea380b9ea6b17441010a2b9997ed95c66a487029d980f39477e7313889e98757d6b8128b75203689cda90c637c99defe384fb711c393095df325169b3f76b366b6d18dda0c24ad65fa2ec9bbd2e0f1288f90d80d35a7c88f581982a579e506fbb0d58d31e73d5d05e1ae783f38ca997f6780a9fb71386a9903d73e4d06f278f2df9e3e2f3156c31b94676f0b868000ceccb10778e9,gx-no-cache=1484687441631 HTTP/1.1" 200 48
192.168.10.17 - - [17/Jan/2017:17:07:42 -0300] "POST /cormun/servlet/solicitudgral?9bd17447f74320e3b92e3806bd547f7c,UPD,2017,3159,,gx-no-cache=1484687442986 HTTP/1.1" 200 10532
192.168.10.17 - - [17/Jan/2017:17:07:43 -0300] "GET /cormun/servlet/solicitudgral?3e4f7ae40518825bf02b634f86c33f71e6024e00644b7eb844f3f88fdf7d63656f93222f570787ec8aa8f9e85e9e06f36be81b5fe56c5ae7357b454f4933615800dc6a04532201011539214a91ce549d9ac414886eb02d0894912d2933e9a473c15b86474a31f66c6b49f5a1be6c65c398394942a15ec77d14fdbbb198d460eecbfa55e52789e774e8528b9ab9101dc357df60a00c592f05afa7a8800f5e9e37,gx-no-cache=1484687444700 HTTP/1.1" 200 29
192.168.10.17 - - [17/Jan/2017:17:07:43 -0300] "POST /cormun/servlet/solicitudgral?gx-no-cache=1484687444731 HTTP/1.1" 200 1235
192.168.10.17 - - [17/Jan/2017:17:07:43 -0300] "POST /cormun/servlet/solicitudgral?gx-no-cache=1484687444778 HTTP/1.1" 200 1141
192.168.10.17 - - [17/Jan/2017:17:07:43 -0300] "POST /cormun/servlet/solicitudgral?9bd17447f74320e3b92e3806bd547f7c,UPD,2017,3159,,gx-no-cache=1484687444817 HTTP/1.1" 200 93
192.168.10.17 - - [17/Jan/2017:17:07:44 -0300] "GET /cormun/servlet/hpexe_return? HTTP/1.1" 200 1034
192.168.10.17 - - [17/Jan/2017:17:07:44 -0300] "GET /cormun/servlet/trsolicitudgral?gx-no-cache=1484685933681 HTTP/1.1" 200 10150
192.168.10.17 - - [17/Jan/2017:17:07:44 -0300] "GET /cormun/servlet/trsolicitudgral?gx-no-cache=1484685933681 HTTP/1.1" 200 10168
192.168.10.17 - - [17/Jan/2017:17:07:55 -0300] "GET /cormun/servlet/solicitudgral2?UPD,2017,3160, HTTP/1.1" 200 12299
192.168.10.17 - - [17/Jan/2017:17:07:55 -0300] "GET /cormun/servlet/solicitudgral2?UPD,2017,3160, HTTP/1.1" 200 12288
192.168.10.17 - - [17/Jan/2017:17:07:56 -0300] "POST /cormun/servlet/solicitudgral2?gx-no-cache=1484687457206 HTTP/1.1" 200 3181
192.168.10.17 - - [17/Jan/2017:17:07:56 -0300] "GET /cormun/servlet/solicitudgral2?3e4f7ae40518825bf02b634f86c33f71e98a33c2f270e8430436a1c5cc674a993ed9db3951599e573ffc62b0ac46e0a5f4a5c4ec76b3a093d4932e95ac6f5b65f2ec67c6705e1c86d3f2be042b9d20cd5b0578ca9e5ec13ad7143b6986b0345479860c2f6f16c2411f3f513eb047782797f24e5dc9c30f44be3949b153eceee1d7fe1090551ef067e46ffd857693214b1a7793e7968edd023c3f52548543934bb032a0df228836cf9a90d0f8de80d51d54ee6845284fcb7740fb76c5a56ca67f5d45435e10bb99fa8d1d6d40691ff86c96402a932c282268515bd829087bdcceae7a125ce6a0ce4aa0dfc6ad20fe3ba71b96a72c0a0f6e8fb014933e668d0c1c4b2f977112833ef5b55d90f0a05e0d5d8ed9d3aec05e1a7edca7db5e0ed14c7cda2c393a7cc371f29af169e57a3e39ba9fd7822763a8bf31262ce93dbfd68aff2669cc4689a2f3ff103590582cd82b9a,gx-no-cache=1484687457334 HTTP/1.1" 200 257
192.168.10.17 - - [17/Jan/2017:17:07:56 -0300] "POST /cormun/servlet/solicitudgral2?gx-no-cache=1484687457362 HTTP/1.1" 200 1340
192.168.10.17 - - [17/Jan/2017:17:07:56 -0300] "GET /cormun/servlet/solicitudgral2?3e4f7ae40518825bf02b634f86c33f719fdce7aae7a174645987f8b225c9eea069f07bbf527d837fcbc088f6d78d7280f4a5c4ec76b3a093d4932e95ac6f5b653bcf76406067938ba8b42bc2c55d8da22335674ee2e27dfb9139a0bd0d588e34fa12f3edae610e8e67cd80b5796c6726,gx-no-cache=1484687457407 HTTP/1.1" 200 41
192.168.10.17 - - [17/Jan/2017:17:07:58 -0300] "POST /cormun/servlet/solicitudgral2?9bd17447f74320e3b92e3806bd547f7c,UPD,2017,3160,,gx-no-cache=1484687459279 HTTP/1.1" 200 10573
186.67.172.234 - - [17/Jan/2017:17:07:59 -0300] "GET /cormun/servlet/solicitudotadjuntos?68c75ca79d735259c9da8bb0f687b2102129795b255b0b266f3313538fb9e561,gx-no-cache=1484683753231 HTTP/1.1" 200 30
186.67.172.234 - - [17/Jan/2017:17:07:59 -0300] "GET /cormun/servlet/solicitudotadjuntos?68c75ca79d735259c9da8bb0f687b2102129795b255b0b266f3313538fb9e561,gx-no-cache=1484683753248 HTTP/1.1" 200 30
186.67.172.234 - - [17/Jan/2017:17:07:59 -0300] "POST /cormun/servlet/solicitudotadjuntos?f4b5b7cb02fa1527b4eccf917ce7ba80,INS,2017,4627,,1, HTTP/1.1" 200 116
186.67.172.234 - - [17/Jan/2017:17:07:59 -0300] "GET /cormun/servlet/hpexe_return? HTTP/1.1" 200 1031
186.67.172.234 - - [17/Jan/2017:17:07:59 -0300] "GET /cormun/servlet/trsolicitudadjuntos?2017,4627, HTTP/1.1" 200 8512
192.168.10.17 - - [17/Jan/2017:17:08:00 -0300] "GET /cormun/servlet/solicitudgral2?3e4f7ae40518825bf02b634f86c33f71e6024e00644b7eb844f3f88fdf7d63656f93222f570787ec8aa8f9e85e9e06f36be81b5fe56c5ae7357b454f4933615800dc6a04532201011539214a91ce549d9ac414886eb02d0894912d2933e9a473c15b86474a31f66c6b49f5a1be6c65c398394942a15ec77d14fdbbb198d460eecbfa55e52789e774e8528b9ab9101dc357df60a00c592f05afa7a8800f5e9e37,gx-no-cache=1484687461361 HTTP/1.1" 200 29
192.168.10.17 - - [17/Jan/2017:17:08:00 -0300] "POST /cormun/servlet/solicitudgral2?gx-no-cache=1484687461458 HTTP/1.1" 200 1236
192.168.10.17 - - [17/Jan/2017:17:08:00 -0300] "POST /cormun/servlet/solicitudgral2?gx-no-cache=1484687461506 HTTP/1.1" 200 1141
186.67.172.234 - - [17/Jan/2017:17:08:00 -0300] "GET /cormun/servlet/trsolicitudadjuntos?2017,4627, HTTP/1.1" 200 8512
192.168.10.17 - - [17/Jan/2017:17:08:00 -0300] "GET /cormun/servlet/solicitudgral2?3e4f7ae40518825bf02b634f86c33f71e6026574ea630504340b3dcfda8d287ab8eb3b5413cbcd1cae7920a4fa512c6f818a9f13dc3c2eb97a6385aadc944d8598b69edcd1c52e20706adaec3a0625a5b2e9f48efea720b1888020499a1db691f1fe125771c93426df84d8526af3341b6816dc1850cc91c9db7f92437aea7bc7,gx-no-cache=1484687461555 HTTP/1.1" 200 30
192.168.10.17 - - [17/Jan/2017:17:08:00 -0300] "POST /cormun/servlet/solicitudgral2?9bd17447f74320e3b92e3806bd547f7c,UPD,2017,3160,,gx-no-cache=1484687461577 HTTP/1.1" 200 93
192.168.10.17 - - [17/Jan/2017:17:08:00 -0300] "GET /cormun/servlet/hpexe_return? HTTP/1.1" 200 1035
192.168.10.17 - - [17/Jan/2017:17:08:00 -0300] "GET /cormun/servlet/trsolicitudgral?gx-no-cache=1484685933681 HTTP/1.1" 200 10149
192.168.10.17 - - [17/Jan/2017:17:08:01 -0300] "GET /cormun/servlet/trsolicitudgral?gx-no-cache=1484685933681 HTTP/1.1" 200 10166
192.168.10.89 - - [17/Jan/2017:17:08:06 -0300] "POST /cormun/servlet/hlogin?660521de77b1fbb09c5fffe529b4e49b,gx-no-cache=1484686989289 HTTP/1.1" 200 90
192.168.10.89 - - [17/Jan/2017:17:08:06 -0300] "GET /cormun/servlet/hpexe_link HTTP/1.1" 200 953
192.168.10.89 - - [17/Jan/2017:17:08:06 -0300] "GET /cormun/servlet/hhome HTTP/1.1" 200 4340
186.67.172.234 - - [17/Jan/2017:17:08:08 -0300] "GET /cormun/servlet/solicitudotadjuntos?INS,2017,4627,,1, HTTP/1.1" 200 6022
186.67.172.234 - - [17/Jan/2017:17:08:08 -0300] "GET /cormun/static/about:blank HTTP/1.1" 404 1011
186.67.172.234 - - [17/Jan/2017:17:08:08 -0300] "GET /cormun/servlet/solicitudotadjuntos?INS,2017,4627,,1, HTTP/1.1" 200 6015
186.67.172.234 - - [17/Jan/2017:17:08:09 -0300] "GET /cormun/servlet/solicitudotadjuntos?68c75ca79d735259c9da8bb0f687b210f40a6dbdffec69707b97935fce283cfdc9f4f27342a231c5f1966b340a5407c8,gx-no-cache=1484683763328 HTTP/1.1" 200 30
186.67.172.234 - - [17/Jan/2017:17:08:09 -0300] "POST /cormun/servlet/solicitudotadjuntos?f4b5b7cb02fa1527b4eccf917ce7ba80,INS,2017,4627,,1,,gx-no-cache=1484683763375 HTTP/1.1" 200 3832
192.168.10.89 - - [17/Jan/2017:17:08:10 -0300] "GET /cormun/servlet/trsolicitudgral? HTTP/1.1" 200 14070
186.67.172.234 - - [17/Jan/2017:17:08:13 -0300] "POST /cormun/servlet/solicitudotadjuntos?gx-no-cache=1484683766943 HTTP/1.1" 200 26
192.168.10.89 - - [17/Jan/2017:17:08:15 -0300] "GET /cormun/static/menuarrow.gif HTTP/1.1" 404 1015
192.168.10.17 - - [17/Jan/2017:17:08:40 -0300] "POST /cormun/servlet/trsolicitudgral?9bd17447f74320e3b92e3806bd547f7c,gx-no-cache=1484685933681,gx-no-cache=1484687501710 HTTP/1.1" 200 6784
186.67.172.234 - - [17/Jan/2017:17:09:05 -0300] "GET /cormun/servlet/solicitudotadjuntos?68c75ca79d735259c9da8bb0f687b2102129795b255b0b266f3313538fb9e561,gx-no-cache=1484683819190 HTTP/1.1" 200 30
186.67.172.234 - - [17/Jan/2017:17:09:05 -0300] "GET /cormun/servlet/solicitudotadjuntos?68c75ca79d735259c9da8bb0f687b2102129795b255b0b266f3313538fb9e561,gx-no-cache=1484683819207 HTTP/1.1" 200 30
186.67.172.234 - - [17/Jan/2017:17:09:05 -0300] "POST /cormun/servlet/solicitudotadjuntos?f4b5b7cb02fa1527b4eccf917ce7ba80,INS,2017,4627,,1, HTTP/1.1" 200 116
186.67.172.234 - - [17/Jan/2017:17:09:05 -0300] "GET /cormun/servlet/hpexe_return? HTTP/1.1" 200 1031
186.67.172.234 - - [17/Jan/2017:17:09:05 -0300] "GET /cormun/servlet/trsolicitudadjuntos?2017,4627, HTTP/1.1" 200 8684
186.67.172.234 - - [17/Jan/2017:17:09:06 -0300] "GET /cormun/servlet/trsolicitudadjuntos?2017,4627, HTTP/1.1" 200 8684
186.67.172.234 - - [17/Jan/2017:17:09:10 -0300] "GET /cormun/PublicTempStorage/ant_fe_500143602514_16542623_%281%295650511.pdf HTTP/1.1" 200 34445
192.168.10.89 - - [17/Jan/2017:17:09:14 -0300] "POST /cormun/servlet/trsolicitudgral?660521de77b1fbb09c5fffe529b4e49b,,gx-no-cache=1484687057678 HTTP/1.1" 200 11485
192.168.10.17 - - [17/Jan/2017:17:09:18 -0300] "GET /cormun/servlet/solicitudgral?UPD,2017,3171, HTTP/1.1" 200 12145
192.168.10.17 - - [17/Jan/2017:17:09:19 -0300] "GET /cormun/servlet/solicitudgral?UPD,2017,3171, HTTP/1.1" 200 12131
192.168.10.17 - - [17/Jan/2017:17:09:19 -0300] "POST /cormun/servlet/solicitudgral?gx-no-cache=1484687540752 HTTP/1.1" 200 3181
192.168.10.17 - - [17/Jan/2017:17:09:19 -0300] "GET /cormun/servlet/solicitudgral?3e4f7ae40518825bf02b634f86c33f71e98a33c2f270e8430436a1c5cc674a993ed9db3951599e573ffc62b0ac46e0a5f4a5c4ec76b3a093d4932e95ac6f5b65f2ec67c6705e1c86d3f2be042b9d20cd5b0578ca9e5ec13ad7143b6986b0345479860c2f6f16c2411f3f513eb047782797f24e5dc9c30f44be3949b153eceee1d7fe1090551ef067e46ffd857693214b1a7793e7968edd023c3f52548543934bb032a0df228836cf9a90d0f8de80d51d54ee6845284fcb7740fb76c5a56ca67f5d45435e10bb99fa8d1d6d40691ff86c96402a932c282268515bd829087bdcceae7a125ce6a0ce4aa0dfc6ad20fe3ba71b96a72c0a0f6e8fb014933e668d0c1c4b2f977112833ef5b55d90f0a05e0d5d8ed9d3aec05e1a7edca7db5e0ed14c7cda2c393a7cc371f29af169e57a3e39ba9fd7822763a8bf31262ce93dbfd68aff2669cc4689a2f3ff103590582cd82b9a,gx-no-cache=1484687540886 HTTP/1.1" 200 257
192.168.10.17 - - [17/Jan/2017:17:09:20 -0300] "GET /cormun/servlet/solicitudgral?3e4f7ae40518825bf02b634f86c33f7117c627eb95fae5bf87baef2a5ecd140e6cb5133fa4e576189401fe54316b139a7a061e78c0f10be031d3112a4b873a0e832d53d8f7b9eff8c4d049218875ee889688ea24f393204c4167beed4094f15dd9724b8e38f5c19459f74dcd0186cd05c020995f1532ee44b6e9add52aee95ced730cbbef2638e527692f41ad40270cb394ffe1f0fe812c86ea5ebab112f6631f8eea8d23ad74b0dbb1e431018f9836c25dd3c44593759605499baddc6f26ed056f96af922eac64511cabf6b4a3b89e91d0bf827bd1379af9e1c731c2c8914c1fbe49c40d2cb8d2c349055ed0a5b8c14451db7cbbaa799e5d320d8d8796be3f01c46228ab6575f7a7069067fdf217ed63ca1a18570151fcf959ae0b50893fa8e0fb9932850376340c21083aca1d786d74972e8c5f77cb1df6f3b37e34ae3890f74d9e30a1ec912b0f4327061b2b224f21bad093312ed1c0b6b27a8c2e975fc3ca415bbe8cbd1368853dfad2e18d4ec91962ea3318f1b35b77621470d6674c83a4e78844acb2a88e1b6ea8c438c42c631d9ec4565ef0e8b40610bd9ea380b9ea6b17441010a2b9997ed95c66a487029d980f39477e7313889e98757d6b8128b75203689cda90c637c99defe384fb711c393095df325169b3f76b366b6d18dda0c24ad65fa2ec9bbd2e0f1288f90d80d35a7c88f581982a579e506fbb0d58d31e73d5d05e1ae783f38ca997f6780a9fb71386a9903d73e4d06f278f2df9e3e2f3156c31b94676f0b868000ceccb10778e9,gx-no-cache=1484687541383 HTTP/1.1" 200 48
192.168.10.17 - - [17/Jan/2017:17:09:21 -0300] "POST /cormun/servlet/solicitudgral?9bd17447f74320e3b92e3806bd547f7c,UPD,2017,3171,,gx-no-cache=1484687542808 HTTP/1.1" 200 10530
192.168.10.17 - - [17/Jan/2017:17:09:25 -0300] "GET /cormun/servlet/solicitudgral?3e4f7ae40518825bf02b634f86c33f71e6024e00644b7eb844f3f88fdf7d63656f93222f570787ec8aa8f9e85e9e06f36be81b5fe56c5ae7357b454f4933615800dc6a04532201011539214a91ce549d9ac414886eb02d0894912d2933e9a473c15b86474a31f66c6b49f5a1be6c65c398394942a15ec77d14fdbbb198d460eecbfa55e52789e774e8528b9ab9101dc357df60a00c592f05afa7a8800f5e9e37,gx-no-cache=1484687546027 HTTP/1.1" 200 29
192.168.10.17 - - [17/Jan/2017:17:09:25 -0300] "POST /cormun/servlet/solicitudgral?gx-no-cache=1484687546066 HTTP/1.1" 200 1235
192.168.10.17 - - [17/Jan/2017:17:09:25 -0300] "POST /cormun/servlet/solicitudgral?gx-no-cache=1484687546114 HTTP/1.1" 200 1141
192.168.10.17 - - [17/Jan/2017:17:09:25 -0300] "POST /cormun/servlet/solicitudgral?9bd17447f74320e3b92e3806bd547f7c,UPD,2017,3171,,gx-no-cache=1484687546153 HTTP/1.1" 200 93
192.168.10.17 - - [17/Jan/2017:17:09:25 -0300] "GET /cormun/servlet/hpexe_return? HTTP/1.1" 200 1033
192.168.10.17 - - [17/Jan/2017:17:09:25 -0300] "GET /cormun/servlet/trsolicitudgral?gx-no-cache=1484685933681 HTTP/1.1" 200 9921
192.168.10.17 - - [17/Jan/2017:17:09:26 -0300] "GET /cormun/servlet/trsolicitudgral?gx-no-cache=1484685933681 HTTP/1.1" 200 9939
186.67.172.234 - - [17/Jan/2017:17:09:26 -0300] "GET /cormun/servlet/hlogin HTTP/1.1" 200 1726
192.168.10.89 - - [17/Jan/2017:17:09:29 -0300] "POST /cormun/servlet/trsolicitudgral?660521de77b1fbb09c5fffe529b4e49b,,gx-no-cache=1484687072785 HTTP/1.1" 200 6494
192.168.10.89 - - [17/Jan/2017:17:09:34 -0300] "POST /cormun/servlet/trsolicitudgral?660521de77b1fbb09c5fffe529b4e49b,,gx-no-cache=1484687077406 HTTP/1.1" 200 5469
192.168.10.89 - - [17/Jan/2017:17:09:34 -0300] "POST /cormun/servlet/trsolicitudgral?660521de77b1fbb09c5fffe529b4e49b,,gx-no-cache=1484687077816 HTTP/1.1" 200 5224
192.168.10.89 - - [17/Jan/2017:17:09:35 -0300] "GET /cormun/static/Shared/jqueryui/images/ui-bg_highlight-soft_100_c6c2c8_1x100.png HTTP/1.1" 404 1117
192.168.10.89 - - [17/Jan/2017:17:09:35 -0300] "GET /cormun/static/Shared/jqueryui/images/ui-icons_82798d_256x240.png HTTP/1.1" 404 1089
192.168.10.89 - - [17/Jan/2017:17:09:35 -0300] "GET /cormun/static/Shared/jqueryui/images/ui-bg_flat_55_fafafa_40x100.png HTTP/1.1" 404 1097
192.168.10.89 - - [17/Jan/2017:17:09:35 -0300] "GET /cormun/static/Shared/jqueryui/images/ui-icons_8d78a5_256x240.png HTTP/1.1" 404 1089
192.168.10.17 - - [17/Jan/2017:17:09:35 -0300] "GET /cormun/servlet/solicitudgral2?UPD,2017,3172, HTTP/1.1" 200 12302
192.168.10.17 - - [17/Jan/2017:17:09:36 -0300] "GET /cormun/servlet/solicitudgral2?UPD,2017,3172, HTTP/1.1" 200 12289
192.168.10.17 - - [17/Jan/2017:17:09:36 -0300] "POST /cormun/servlet/solicitudgral2?gx-no-cache=1484687557379 HTTP/1.1" 200 3181
192.168.10.17 - - [17/Jan/2017:17:09:36 -0300] "GET /cormun/servlet/solicitudgral2?3e4f7ae40518825bf02b634f86c33f71e98a33c2f270e8430436a1c5cc674a993ed9db3951599e573ffc62b0ac46e0a5f4a5c4ec76b3a093d4932e95ac6f5b65f2ec67c6705e1c86d3f2be042b9d20cd5b0578ca9e5ec13ad7143b6986b0345479860c2f6f16c2411f3f513eb047782797f24e5dc9c30f44be3949b153eceee1d7fe1090551ef067e46ffd857693214b1a7793e7968edd023c3f52548543934bb032a0df228836cf9a90d0f8de80d51d54ee6845284fcb7740fb76c5a56ca67f5d45435e10bb99fa8d1d6d40691ff86c96402a932c282268515bd829087bdcceae7a125ce6a0ce4aa0dfc6ad20fe3ba71b96a72c0a0f6e8fb014933e668d0c1c4b2f977112833ef5b55d90f0a05e0d5d8ed9d3aec05e1a7edca7db5e0ed14c7cda2c393a7cc371f29af169e57a3e39ba9fd7822763a8bf31262ce93dbfd68aff2669cc4689a2f3ff103590582cd82b9a,gx-no-cache=1484687557513 HTTP/1.1" 200 257
192.168.10.17 - - [17/Jan/2017:17:09:36 -0300] "POST /cormun/servlet/solicitudgral2?gx-no-cache=1484687557541 HTTP/1.1" 200 1340
