192.168.10.17 - - [17/Jan/2017:17:09:36 -0300] "GET /cormun/servlet/solicitudgral2?3e4f7ae40518825bf02b634f86c33f719fdce7aae7a174645987f8b225c9eea069f07bbf527d837fcbc088f6d78d7280f4a5c4ec76b3a093d4932e95ac6f5b653bcf76406067938ba8b42bc2c55d8da22335674ee2e27dfb9139a0bd0d588e34fa12f3edae610e8e67cd80b5796c6726,gx-no-cache=1484687557616 HTTP/1.1" 200 41
192.168.10.17 - - [17/Jan/2017:17:09:38 -0300] "POST /cormun/servlet/solicitudgral2?9bd17447f74320e3b92e3806bd547f7c,UPD,2017,3172,,gx-no-cache=1484687559289 HTTP/1.1" 200 10570
186.67.172.234 - - [17/Jan/2017:17:09:40 -0300] "POST /cormun/servlet/hlogin?dbae533f10701689330e3026962b08a4,gx-no-cache=1484683854024 HTTP/1.1" 200 90
186.67.172.234 - - [17/Jan/2017:17:09:40 -0300] "GET /cormun/servlet/hpexe_link HTTP/1.1" 200 956
186.67.172.234 - - [17/Jan/2017:17:09:40 -0300] "GET /cormun/servlet/hhome HTTP/1.1" 200 3987
192.168.10.17 - - [17/Jan/2017:17:09:40 -0300] "GET /cormun/servlet/solicitudgral2?3e4f7ae40518825bf02b634f86c33f71e6024e00644b7eb844f3f88fdf7d63656f93222f570787ec8aa8f9e85e9e06f36be81b5fe56c5ae7357b454f4933615800dc6a04532201011539214a91ce549d9ac414886eb02d0894912d2933e9a473c15b86474a31f66c6b49f5a1be6c65c398394942a15ec77d14fdbbb198d460eecbfa55e52789e774e8528b9ab9101dc357df60a00c592f05afa7a8800f5e9e37,gx-no-cache=1484687561596 HTTP/1.1" 200 29
192.168.10.17 - - [17/Jan/2017:17:09:40 -0300] "POST /cormun/servlet/solicitudgral2?gx-no-cache=1484687561632 HTTP/1.1" 200 1236
192.168.10.17 - - [17/Jan/2017:17:09:40 -0300] "POST /cormun/servlet/solicitudgral2?gx-no-cache=1484687561680 HTTP/1.1" 200 1141
192.168.10.17 - - [17/Jan/2017:17:09:40 -0300] "GET /cormun/servlet/solicitudgral2?3e4f7ae40518825bf02b634f86c33f71e6026574ea630504340b3dcfda8d287ab8eb3b5413cbcd1cae7920a4fa512c6f818a9f13dc3c2eb97a6385aadc944d8598b69edcd1c52e20706adaec3a0625a5b2e9f48efea720b1888020499a1db691f1fe125771c93426df84d8526af3341b6816dc1850cc91c9db7f92437aea7bc7,gx-no-cache=1484687561716 HTTP/1.1" 200 30
186.67.172.234 - - [17/Jan/2017:17:09:40 -0300] "GET /cormun/servlet/hhome HTTP/1.1" 200 3983
192.168.10.17 - - [17/Jan/2017:17:09:40 -0300] "POST /cormun/servlet/solicitudgral2?9bd17447f74320e3b92e3806bd547f7c,UPD,2017,3172,,gx-no-cache=1484687561746 HTTP/1.1" 200 93
192.168.10.17 - - [17/Jan/2017:17:09:40 -0300] "GET /cormun/servlet/hpexe_return? HTTP/1.1" 200 1035
192.168.10.17 - - [17/Jan/2017:17:09:41 -0300] "GET /cormun/servlet/trsolicitudgral?gx-no-cache=1484685933681 HTTP/1.1" 200 9917
192.168.10.17 - - [17/Jan/2017:17:09:41 -0300] "GET /cormun/servlet/trsolicitudgral?gx-no-cache=1484685933681 HTTP/1.1" 200 9935
192.168.10.89 - - [17/Jan/2017:17:09:43 -0300] "POST /cormun/servlet/trsolicitudgral?660521de77b1fbb09c5fffe529b4e49b,,gx-no-cache=1484687086915 HTTP/1.1" 200 6472
192.168.10.89 - - [17/Jan/2017:17:09:48 -0300] "POST /cormun/servlet/trsolicitudgral?660521de77b1fbb09c5fffe529b4e49b,,gx-no-cache=1484687091795 HTTP/1.1" 200 5454
192.168.10.89 - - [17/Jan/2017:17:09:49 -0300] "POST /cormun/servlet/trsolicitudgral?660521de77b1fbb09c5fffe529b4e49b,,gx-no-cache=1484687092400 HTTP/1.1" 200 5225
186.67.172.234 - - [17/Jan/2017:17:09:49 -0300] "GET /cormun/servlet/trsolicitudot? HTTP/1.1" 200 6960
186.67.172.234 - - [17/Jan/2017:17:09:50 -0300] "GET /cormun/servlet/trsolicitudot? HTTP/1.1" 200 6960
186.67.172.234 - - [17/Jan/2017:17:09:59 -0300] "POST /cormun/servlet/trsolicitudot?dbae533f10701689330e3026962b08a4,,gx-no-cache=1484683873327 HTTP/1.1" 200 5832
192.168.10.89 - - [17/Jan/2017:17:09:59 -0300] "POST /cormun/servlet/trsolicitudgral?660521de77b1fbb09c5fffe529b4e49b,,gx-no-cache=1484687102728 HTTP/1.1" 200 6479
186.67.172.234 - - [17/Jan/2017:17:10:05 -0300] "POST /cormun/servlet/trsolicitudot?dbae533f10701689330e3026962b08a4,,gx-no-cache=1484683879649 HTTP/1.1" 200 106
186.67.172.234 - - [17/Jan/2017:17:10:06 -0300] "GET /cormun/servlet/trsolicitudadjuntos?2017,4627, HTTP/1.1" 200 8677
192.168.10.89 - - [17/Jan/2017:17:10:06 -0300] "POST /cormun/servlet/trsolicitudgral?660521de77b1fbb09c5fffe529b4e49b,,gx-no-cache=1484687109741 HTTP/1.1" 200 5454
186.67.172.234 - - [17/Jan/2017:17:10:06 -0300] "GET /cormun/servlet/trsolicitudadjuntos?2017,4627, HTTP/1.1" 200 8677
192.168.10.89 - - [17/Jan/2017:17:10:07 -0300] "POST /cormun/servlet/trsolicitudgral?660521de77b1fbb09c5fffe529b4e49b,,gx-no-cache=1484687110613 HTTP/1.1" 200 5221
186.67.172.234 - - [17/Jan/2017:17:10:11 -0300] "GET /cormun/servlet/solicitudotadjuntos?INS,2017,4627,,1, HTTP/1.1" 200 6019
186.67.172.234 - - [17/Jan/2017:17:10:11 -0300] "GET /cormun/static/about:blank HTTP/1.1" 404 1011
186.67.172.234 - - [17/Jan/2017:17:10:11 -0300] "GET /cormun/servlet/solicitudotadjuntos?INS,2017,4627,,1, HTTP/1.1" 200 6012
186.67.172.234 - - [17/Jan/2017:17:10:12 -0300] "GET /cormun/servlet/solicitudotadjuntos?e6014f316f48ff7f7d3c513d28a8916b91bf22ad51879c8d47757057047070b704adb4a23f882378673050babcd39dea,gx-no-cache=1484683885959 HTTP/1.1" 200 30
186.67.172.234 - - [17/Jan/2017:17:10:12 -0300] "POST /cormun/servlet/solicitudotadjuntos?dbae533f10701689330e3026962b08a4,INS,2017,4627,,1,,gx-no-cache=1484683886001 HTTP/1.1" 200 3828
192.168.10.89 - - [17/Jan/2017:17:10:15 -0300] "POST /cormun/servlet/trsolicitudgral?660521de77b1fbb09c5fffe529b4e49b,,gx-no-cache=1484687118464 HTTP/1.1" 200 6464
186.67.172.234 - - [17/Jan/2017:17:10:18 -0300] "POST /cormun/servlet/solicitudotadjuntos?gx-no-cache=1484683891942 HTTP/1.1" 200 26
192.168.10.89 - - [17/Jan/2017:17:10:19 -0300] "POST /cormun/servlet/trsolicitudgral?660521de77b1fbb09c5fffe529b4e49b,,gx-no-cache=1484687122868 HTTP/1.1" 200 5449
192.168.10.89 - - [17/Jan/2017:17:10:20 -0300] "POST /cormun/servlet/trsolicitudgral?660521de77b1fbb09c5fffe529b4e49b,,gx-no-cache=1484687123726 HTTP/1.1" 200 5224
192.168.10.17 - - [17/Jan/2017:17:10:20 -0300] "POST /cormun/servlet/trsolicitudgral?9bd17447f74320e3b92e3806bd547f7c,gx-no-cache=1484685933681,gx-no-cache=1484687601548 HTTP/1.1" 200 5232
192.168.10.89 - - [17/Jan/2017:17:10:28 -0300] "POST /cormun/servlet/trsolicitudgral?660521de77b1fbb09c5fffe529b4e49b,,gx-no-cache=1484687131727 HTTP/1.1" 200 6480
186.67.172.234 - - [17/Jan/2017:17:10:31 -0300] "GET /cormun/servlet/solicitudotadjuntos?e6014f316f48ff7f7d3c513d28a8916b8e5ba76763a0ccf1e092a7cfb03ba7bc,gx-no-cache=1484683905469 HTTP/1.1" 200 30
186.67.172.234 - - [17/Jan/2017:17:10:31 -0300] "GET /cormun/servlet/solicitudotadjuntos?e6014f316f48ff7f7d3c513d28a8916b8e5ba76763a0ccf1e092a7cfb03ba7bc,gx-no-cache=1484683905512 HTTP/1.1" 200 30
186.67.172.234 - - [17/Jan/2017:17:10:31 -0300] "POST /cormun/servlet/solicitudotadjuntos?dbae533f10701689330e3026962b08a4,INS,2017,4627,,1, HTTP/1.1" 200 116
186.67.172.234 - - [17/Jan/2017:17:10:31 -0300] "GET /cormun/servlet/hpexe_return? HTTP/1.1" 200 1026
186.67.172.234 - - [17/Jan/2017:17:10:32 -0300] "GET /cormun/servlet/trsolicitudadjuntos?2017,4627, HTTP/1.1" 200 8850
186.67.172.234 - - [17/Jan/2017:17:10:32 -0300] "GET /cormun/servlet/trsolicitudadjuntos?2017,4627, HTTP/1.1" 200 8853
192.168.10.89 - - [17/Jan/2017:17:10:34 -0300] "POST /cormun/servlet/trsolicitudgral?660521de77b1fbb09c5fffe529b4e49b,,gx-no-cache=1484687137976 HTTP/1.1" 200 5454
192.168.10.17 - - [17/Jan/2017:17:10:34 -0300] "POST /cormun/servlet/trsolicitudgral?9bd17447f74320e3b92e3806bd547f7c,gx-no-cache=1484685933681,gx-no-cache=1484687615806 HTTP/1.1" 200 7138
192.168.10.89 - - [17/Jan/2017:17:10:35 -0300] "POST /cormun/servlet/trsolicitudgral?660521de77b1fbb09c5fffe529b4e49b,,gx-no-cache=1484687138969 HTTP/1.1" 200 5223
192.168.10.89 - - [17/Jan/2017:17:10:43 -0300] "POST /cormun/servlet/trsolicitudgral?660521de77b1fbb09c5fffe529b4e49b,,gx-no-cache=1484687146161 HTTP/1.1" 200 6783
192.168.10.89 - - [17/Jan/2017:17:11:04 -0300] "POST /cormun/servlet/trsolicitudgral?660521de77b1fbb09c5fffe529b4e49b,,gx-no-cache=1484687167925 HTTP/1.1" 200 6513
192.168.10.89 - - [17/Jan/2017:17:11:06 -0300] "POST /cormun/servlet/trsolicitudgral?660521de77b1fbb09c5fffe529b4e49b,,gx-no-cache=1484687169400 HTTP/1.1" 200 6454
192.168.10.89 - - [17/Jan/2017:17:11:11 -0300] "POST /cormun/servlet/trsolicitudgral?660521de77b1fbb09c5fffe529b4e49b,,gx-no-cache=1484687174625 HTTP/1.1" 200 5457
192.168.10.89 - - [17/Jan/2017:17:11:12 -0300] "POST /cormun/servlet/trsolicitudgral?660521de77b1fbb09c5fffe529b4e49b,,gx-no-cache=1484687175898 HTTP/1.1" 200 5224
192.168.10.89 - - [17/Jan/2017:17:11:29 -0300] "POST /cormun/servlet/trsolicitudgral?660521de77b1fbb09c5fffe529b4e49b,,gx-no-cache=1484687192672 HTTP/1.1" 200 6473
192.168.10.89 - - [17/Jan/2017:17:11:40 -0300] "POST /cormun/servlet/trsolicitudgral?660521de77b1fbb09c5fffe529b4e49b,,gx-no-cache=1484687203110 HTTP/1.1" 200 5452
192.168.10.89 - - [17/Jan/2017:17:11:41 -0300] "POST /cormun/servlet/trsolicitudgral?660521de77b1fbb09c5fffe529b4e49b,,gx-no-cache=1484687204519 HTTP/1.1" 200 5223
192.168.10.89 - - [17/Jan/2017:17:11:52 -0300] "POST /cormun/servlet/trsolicitudgral?660521de77b1fbb09c5fffe529b4e49b,,gx-no-cache=1484687215656 HTTP/1.1" 200 6476
192.168.10.89 - - [17/Jan/2017:17:12:02 -0300] "POST /cormun/servlet/trsolicitudgral?660521de77b1fbb09c5fffe529b4e49b,,gx-no-cache=1484687225426 HTTP/1.1" 200 5461
192.168.10.89 - - [17/Jan/2017:17:12:03 -0300] "POST /cormun/servlet/trsolicitudgral?660521de77b1fbb09c5fffe529b4e49b,,gx-no-cache=1484687226981 HTTP/1.1" 200 5225
192.168.10.17 - - [17/Jan/2017:17:12:09 -0300] "POST /cormun/servlet/trsolicitudgral?9bd17447f74320e3b92e3806bd547f7c,gx-no-cache=1484685933681,gx-no-cache=1484687710740 HTTP/1.1" 200 6476
192.168.10.89 - - [17/Jan/2017:17:12:17 -0300] "POST /cormun/servlet/trsolicitudgral?660521de77b1fbb09c5fffe529b4e49b,,gx-no-cache=1484687240637 HTTP/1.1" 200 6482
192.168.10.89 - - [17/Jan/2017:17:12:26 -0300] "POST /cormun/servlet/trsolicitudgral?660521de77b1fbb09c5fffe529b4e49b,,gx-no-cache=1484687249524 HTTP/1.1" 200 5462
192.168.10.89 - - [17/Jan/2017:17:12:28 -0300] "POST /cormun/servlet/trsolicitudgral?660521de77b1fbb09c5fffe529b4e49b,,gx-no-cache=1484687251253 HTTP/1.1" 200 5229
192.168.10.17 - - [17/Jan/2017:17:12:30 -0300] "GET /cormun/servlet/hlogin HTTP/1.1" 200 1760
192.168.10.17 - - [17/Jan/2017:17:12:44 -0300] "POST /cormun/servlet/hlogin?9bd17447f74320e3b92e3806bd547f7c,gx-no-cache=1484687745628 HTTP/1.1" 200 90
192.168.10.17 - - [17/Jan/2017:17:12:44 -0300] "GET /cormun/servlet/hpexe_link HTTP/1.1" 200 953
192.168.10.17 - - [17/Jan/2017:17:12:44 -0300] "GET /cormun/servlet/hhome HTTP/1.1" 200 3860
192.168.10.89 - - [17/Jan/2017:17:12:45 -0300] "POST /cormun/servlet/trsolicitudgral?660521de77b1fbb09c5fffe529b4e49b,,gx-no-cache=1484687268394 HTTP/1.1" 200 6478
192.168.10.17 - - [17/Jan/2017:17:12:45 -0300] "GET /cormun/servlet/hhome HTTP/1.1" 200 3856
192.168.10.17 - - [17/Jan/2017:17:12:47 -0300] "GET /cormun/servlet/trsolicitudot? HTTP/1.1" 200 6818
192.168.10.17 - - [17/Jan/2017:17:12:48 -0300] "GET /cormun/static/gxcfg.js?201711111592844 HTTP/1.1" 304 -
192.168.10.17 - - [17/Jan/2017:17:12:48 -0300] "GET /cormun/static/trsolicitudot.js?201711111593735 HTTP/1.1" 304 -
192.168.10.17 - - [17/Jan/2017:17:12:48 -0300] "GET /cormun/servlet/trsolicitudot? HTTP/1.1" 200 6818
192.168.10.17 - - [17/Jan/2017:17:12:51 -0300] "GET /cormun/servlet/solicitudot?INS,0,0, HTTP/1.1" 200 12660
192.168.10.17 - - [17/Jan/2017:17:12:51 -0300] "GET /cormun/static/gxcfg.js?201711112293351 HTTP/1.1" 304 -
192.168.10.17 - - [17/Jan/2017:17:12:51 -0300] "GET /cormun/static/solicitudot.js?201711112293529 HTTP/1.1" 304 -
192.168.10.17 - - [17/Jan/2017:17:12:51 -0300] "GET /cormun/servlet/solicitudot?INS,0,0, HTTP/1.1" 200 12665
192.168.10.89 - - [17/Jan/2017:17:12:53 -0300] "POST /cormun/servlet/trsolicitudgral?660521de77b1fbb09c5fffe529b4e49b,,gx-no-cache=1484687276688 HTTP/1.1" 200 5460
192.168.10.89 - - [17/Jan/2017:17:12:55 -0300] "POST /cormun/servlet/trsolicitudgral?660521de77b1fbb09c5fffe529b4e49b,,gx-no-cache=1484687278589 HTTP/1.1" 200 5223
192.168.10.17 - - [17/Jan/2017:17:13:01 -0300] "GET /cormun/servlet/prfichaempleado?,MD,,gxPopupLevel%3D0%3B HTTP/1.1" 200 8754
192.168.10.17 - - [17/Jan/2017:17:13:02 -0300] "GET /cormun/static/gxcfg.js?2016102420561687 HTTP/1.1" 304 -
192.168.10.17 - - [17/Jan/2017:17:13:13 -0300] "POST /cormun/servlet/prfichaempleado?9bd17447f74320e3b92e3806bd547f7c,,MD,,gxPopupLevel%3D0%3B,gx-no-cache=1484687774239 HTTP/1.1" 200 3457
192.168.10.17 - - [17/Jan/2017:17:13:16 -0300] "POST /cormun/servlet/solicitudot?gx-no-cache=1484687777366 HTTP/1.1" 200 3178
192.168.10.17 - - [17/Jan/2017:17:13:16 -0300] "POST /cormun/servlet/solicitudot?9bd17447f74320e3b92e3806bd547f7c,INS,0,0,,gx-no-cache=1484687777541 HTTP/1.1" 200 9926
192.168.10.17 - - [17/Jan/2017:17:13:19 -0300] "GET /cormun/servlet/solicitudot?3e4f7ae40518825bf02b634f86c33f718b7341238bf6113292f9f9963bb7b4996816dc1850cc91c9db7f92437aea7bc7,gx-no-cache=1484687780335 HTTP/1.1" 200 30
192.168.10.17 - - [17/Jan/2017:17:13:19 -0300] "POST /cormun/servlet/solicitudot?gx-no-cache=1484687780427 HTTP/1.1" 200 255
192.168.10.17 - - [17/Jan/2017:17:13:19 -0300] "GET /cormun/servlet/solicitudot?3e4f7ae40518825bf02b634f86c33f71be2f474558f3191690dea51231aa8b779f7186101e7ce8bfec80bd3060cfc85bf0a76e8502a3a817a2e77d26f66d38680d37e29fa8e80a1fb26b49a5afe2b36da023eed5a65297ca886df6217ab0fc6527dfec194ab38d78a8b62931369a80a5c417cfdc6fff1f93bf9c98e6bf6d37b4d6c1af6fef36e0ccaf1a15543d99c673112611b677af7b83b01759e30f977bb8a4640cfd351f154cfb60929a692b89a33efc4a843c798f3d0ed3cafee935f312016ba256d6be9312283fc8559a9ab22117e16483f21b8cd0a8741eb3e9d40061aaa93fa0120780c5f6392a546f72cbc1e2bc6271289fe146660c454971fa7661bc7ec307412158ced3887e4d7e0661efbc14b1c0d62d4beb35a616112fbcd68fce4807bccec919c9b6870adf7908597d6fcb65f92c9d1a272f5eff32c6f2cd214f13574583db25416286d9a2a6c00e02a9726495981933df743522e1e920dda1cf1bef3a2c20299b2c5dc10a11ab9a2b456807fff2ff7e8a0f55483cf844becd,gx-no-cache=1484687780487 HTTP/1.1" 200 30
192.168.10.17 - - [17/Jan/2017:17:13:21 -0300] "POST /cormun/servlet/solicitudot?gx-no-cache=1484687782580 HTTP/1.1" 200 30
192.168.10.17 - - [17/Jan/2017:17:13:22 -0300] "GET /cormun/servlet/prsolicitudot?9685628,,,,,MD,,gxPopupLevel%3D0%3B HTTP/1.1" 200 5947
192.168.10.17 - - [17/Jan/2017:17:13:22 -0300] "GET /cormun/static/gxcfg.js?20161221854215 HTTP/1.1" 304 -
192.168.10.17 - - [17/Jan/2017:17:13:22 -0300] "GET /cormun/static/prsolicitudot.js?201612218542259 HTTP/1.1" 304 -
192.168.10.17 - - [17/Jan/2017:17:13:24 -0300] "POST /cormun/servlet/acontrolpreferencessavestate?None,PRIOS,true HTTP/1.1" 200 35
192.168.10.17 - - [17/Jan/2017:17:13:39 -0300] "POST /cormun/servlet/solicitudot?gx-no-cache=1484687800810 HTTP/1.1" 200 1278
192.168.10.17 - - [17/Jan/2017:17:13:39 -0300] "POST /cormun/servlet/solicitudot?gx-no-cache=1484687800920 HTTP/1.1" 200 38
192.168.10.17 - - [17/Jan/2017:17:13:40 -0300] "GET /cormun/servlet/solicitudot?3e4f7ae40518825bf02b634f86c33f71ab5e041171e6f708070c41a32f727a6857584d4757362415598f954b5f81fe99bd04cee9ddd7ab166803e55e1766a2422e6cbf7807dfcd1df7c0861ed4812cec2e6c6eff7ff03aa14e4fab45eafd6ef798ed4a54aba447bb9b03cdde5244e3f68bb80037ab2360b10f5b0383b9770b2c38809d553acc31e473f5825a4837ae559c08d8d276fc3ea44ef8009c6199e49a,gx-no-cache=1484687800950 HTTP/1.1" 200 29
192.168.10.17 - - [17/Jan/2017:17:13:40 -0300] "POST /cormun/servlet/solicitudot?gx-no-cache=1484687800977 HTTP/1.1" 200 1261
192.168.10.17 - - [17/Jan/2017:17:13:40 -0300] "POST /cormun/servlet/solicitudot?gx-no-cache=1484687801031 HTTP/1.1" 200 1143
192.168.10.17 - - [17/Jan/2017:17:13:41 -0300] "GET /cormun/servlet/hlogin HTTP/1.1" 200 1743
192.168.10.17 - - [17/Jan/2017:17:13:49 -0300] "POST /cormun/servlet/hlogin?9bd17447f74320e3b92e3806bd547f7c,gx-no-cache=1484687810183 HTTP/1.1" 200 90
192.168.10.17 - - [17/Jan/2017:17:13:49 -0300] "GET /cormun/servlet/hpexe_link HTTP/1.1" 200 953
192.168.10.17 - - [17/Jan/2017:17:13:49 -0300] "GET /cormun/servlet/hhome HTTP/1.1" 200 4343
192.168.10.17 - - [17/Jan/2017:17:13:50 -0300] "GET /cormun/servlet/hhome HTTP/1.1" 200 4339
192.168.10.17 - - [17/Jan/2017:17:13:53 -0300] "GET /cormun/servlet/trsolicitudgral? HTTP/1.1" 200 9606
192.168.10.17 - - [17/Jan/2017:17:13:53 -0300] "GET /cormun/servlet/trsolicitudgral? HTTP/1.1" 200 9604
192.168.10.89 - - [17/Jan/2017:17:14:58 -0300] "POST /cormun/servlet/trsolicitudgral?660521de77b1fbb09c5fffe529b4e49b,,gx-no-cache=1484687401764 HTTP/1.1" 200 6485
192.168.10.17 - - [17/Jan/2017:17:14:59 -0300] "POST /cormun/servlet/trsolicitudgral?9bd17447f74320e3b92e3806bd547f7c,,gx-no-cache=1484687880046 HTTP/1.1" 200 6448
192.168.10.89 - - [17/Jan/2017:17:15:10 -0300] "POST /cormun/servlet/trsolicitudgral?660521de77b1fbb09c5fffe529b4e49b,,gx-no-cache=1484687413689 HTTP/1.1" 200 5455
192.168.10.89 - - [17/Jan/2017:17:15:12 -0300] "POST /cormun/servlet/trsolicitudgral?660521de77b1fbb09c5fffe529b4e49b,,gx-no-cache=1484687415744 HTTP/1.1" 200 5220
192.168.10.89 - - [17/Jan/2017:17:15:30 -0300] "POST /cormun/servlet/trsolicitudgral?660521de77b1fbb09c5fffe529b4e49b,,gx-no-cache=1484687433373 HTTP/1.1" 200 6494
192.168.10.89 - - [17/Jan/2017:17:15:38 -0300] "POST /cormun/servlet/trsolicitudgral?660521de77b1fbb09c5fffe529b4e49b,,gx-no-cache=1484687441668 HTTP/1.1" 200 5460
192.168.10.89 - - [17/Jan/2017:17:15:40 -0300] "POST /cormun/servlet/trsolicitudgral?660521de77b1fbb09c5fffe529b4e49b,,gx-no-cache=1484687443877 HTTP/1.1" 200 5225
192.168.10.89 - - [17/Jan/2017:17:16:12 -0300] "POST /cormun/servlet/trsolicitudgral?660521de77b1fbb09c5fffe529b4e49b,,gx-no-cache=1484687475322 HTTP/1.1" 200 6473
192.168.10.89 - - [17/Jan/2017:17:16:16 -0300] "POST /cormun/servlet/trsolicitudgral?660521de77b1fbb09c5fffe529b4e49b,,gx-no-cache=1484687480063 HTTP/1.1" 200 5442
192.168.10.89 - - [17/Jan/2017:17:16:19 -0300] "POST /cormun/servlet/trsolicitudgral?660521de77b1fbb09c5fffe529b4e49b,,gx-no-cache=1484687482411 HTTP/1.1" 200 5222
192.168.10.17 - - [17/Jan/2017:17:16:49 -0300] "GET /cormun/servlet/hlogin HTTP/1.1" 200 1740
192.168.10.17 - - [17/Jan/2017:17:17:03 -0300] "POST /cormun/servlet/hlogin?9bd17447f74320e3b92e3806bd547f7c,gx-no-cache=1484688004606 HTTP/1.1" 200 90
192.168.10.17 - - [17/Jan/2017:17:17:03 -0300] "GET /cormun/servlet/hpexe_link HTTP/1.1" 200 953
192.168.10.17 - - [17/Jan/2017:17:17:03 -0300] "GET /cormun/servlet/hhome HTTP/1.1" 200 3862
192.168.10.17 - - [17/Jan/2017:17:17:04 -0300] "GET /cormun/servlet/hhome HTTP/1.1" 200 3858
192.168.10.89 - - [17/Jan/2017:17:17:12 -0300] "POST /cormun/servlet/trsolicitudgral?660521de77b1fbb09c5fffe529b4e49b,,gx-no-cache=1484687535824 HTTP/1.1" 200 6483
192.168.10.17 - - [17/Jan/2017:17:17:13 -0300] "GET /cormun/servlet/trsolicitudot? HTTP/1.1" 200 6821
192.168.10.17 - - [17/Jan/2017:17:17:14 -0300] "GET /cormun/servlet/trsolicitudot? HTTP/1.1" 200 6822
192.168.10.17 - - [17/Jan/2017:17:17:18 -0300] "GET /cormun/servlet/solicitudot?INS,0,0, HTTP/1.1" 200 12663
192.168.10.17 - - [17/Jan/2017:17:17:18 -0300] "GET /cormun/servlet/solicitudot?INS,0,0, HTTP/1.1" 200 12668
192.168.10.89 - - [17/Jan/2017:17:17:29 -0300] "POST /cormun/servlet/trsolicitudgral?660521de77b1fbb09c5fffe529b4e49b,,gx-no-cache=1484687552097 HTTP/1.1" 200 5451
192.168.10.17 - - [17/Jan/2017:17:17:30 -0300] "GET /cormun/servlet/prfichaempleado?,MD,,gxPopupLevel%3D0%3B HTTP/1.1" 200 8757
192.168.10.89 - - [17/Jan/2017:17:17:31 -0300] "POST /cormun/servlet/trsolicitudgral?660521de77b1fbb09c5fffe529b4e49b,,gx-no-cache=1484687554643 HTTP/1.1" 200 5220
192.168.10.17 - - [17/Jan/2017:17:17:41 -0300] "POST /cormun/servlet/prfichaempleado?9bd17447f74320e3b92e3806bd547f7c,,MD,,gxPopupLevel%3D0%3B,gx-no-cache=1484688042468 HTTP/1.1" 200 3459
192.168.10.17 - - [17/Jan/2017:17:17:45 -0300] "POST /cormun/servlet/solicitudot?gx-no-cache=1484688046372 HTTP/1.1" 200 3176
192.168.10.17 - - [17/Jan/2017:17:17:45 -0300] "POST /cormun/servlet/solicitudot?9bd17447f74320e3b92e3806bd547f7c,INS,0,0,,gx-no-cache=1484688046526 HTTP/1.1" 200 9912
192.168.10.17 - - [17/Jan/2017:17:17:48 -0300] "GET /cormun/servlet/solicitudot?3e4f7ae40518825bf02b634f86c33f71fb17862b5d248052863eee06bebd052e5035323fc2188504be501505fce11fce,gx-no-cache=1484688049122 HTTP/1.1" 200 30
192.168.10.17 - - [17/Jan/2017:17:17:48 -0300] "POST /cormun/servlet/solicitudot?gx-no-cache=1484688049170 HTTP/1.1" 200 255
192.168.10.17 - - [17/Jan/2017:17:17:48 -0300] "GET /cormun/servlet/solicitudot?3e4f7ae40518825bf02b634f86c33f71be2f474558f3191690dea51231aa8b779f7186101e7ce8bfec80bd3060cfc85bf0a76e8502a3a817a2e77d26f66d38680d37e29fa8e80a1fb26b49a5afe2b36da023eed5a65297ca886df6217ab0fc6527dfec194ab38d78a8b62931369a80a5c417cfdc6fff1f93bf9c98e6bf6d37b4d6c1af6fef36e0ccaf1a15543d99c673112611b677af7b83b01759e30f977bb8a4640cfd351f154cfb60929a692b89a33efc4a843c798f3d0ed3cafee935f312016ba256d6be9312283fc8559a9ab22117e16483f21b8cd0a8741eb3e9d40061aaa93fa0120780c5f6392a546f72cbc1e2bc6271289fe146660c454971fa7661bc7ec307412158ced3887e4d7e0661efbc14b1c0d62d4beb35a616112fbcd68fce4807bccec919c9b6870adf7908597d6fcb65f92c9d1a272f5eff32c6f2cd214f13574583db25416286d9a2a6c00e02a9726495981933df743522e1e920dda1cf1bef3a2c20299b2c5dc10a11ab9a2b456807fff2ff7e8a0f55483cf844becd,gx-no-cache=1484688049209 HTTP/1.1" 200 30
192.168.10.17 - - [17/Jan/2017:17:17:49 -0300] "POST /cormun/servlet/solicitudot?gx-no-cache=1484688050460 HTTP/1.1" 200 30
192.168.10.17 - - [17/Jan/2017:17:18:03 -0300] "POST /cormun/servlet/solicitudot?gx-no-cache=1484688064356 HTTP/1.1" 200 235
192.168.10.17 - - [17/Jan/2017:17:18:03 -0300] "POST /cormun/servlet/solicitudot?gx-no-cache=1484688064413 HTTP/1.1" 200 38
192.168.10.17 - - [17/Jan/2017:17:18:16 -0300] "GET /cormun/servlet/solicitudot?3e4f7ae40518825bf02b634f86c33f71ab5e041171e6f708070c41a32f727a6857584d4757362415598f954b5f81fe99bd04cee9ddd7ab166803e55e1766a2422e6cbf7807dfcd1df7c0861ed4812cec2e6c6eff7ff03aa14e4fab45eafd6ef798ed4a54aba447bb9b03cdde5244e3f68bb80037ab2360b10f5b0383b9770b2c38809d553acc31e473f5825a4837ae559c08d8d276fc3ea44ef8009c6199e49a,gx-no-cache=1484688077393 HTTP/1.1" 200 29
192.168.10.17 - - [17/Jan/2017:17:18:16 -0300] "POST /cormun/servlet/solicitudot?gx-no-cache=1484688077417 HTTP/1.1" 200 605
192.168.10.17 - - [17/Jan/2017:17:18:17 -0300] "POST /cormun/servlet/solicitudot?gx-no-cache=1484688078487 HTTP/1.1" 200 1144
192.168.10.89 - - [17/Jan/2017:17:18:29 -0300] "POST /cormun/servlet/trsolicitudgral?660521de77b1fbb09c5fffe529b4e49b,,gx-no-cache=1484687612717 HTTP/1.1" 200 6488
192.168.10.89 - - [17/Jan/2017:17:18:41 -0300] "POST /cormun/servlet/trsolicitudgral?660521de77b1fbb09c5fffe529b4e49b,,gx-no-cache=1484687624222 HTTP/1.1" 200 5450
192.168.10.89 - - [17/Jan/2017:17:18:43 -0300] "POST /cormun/servlet/trsolicitudgral?660521de77b1fbb09c5fffe529b4e49b,,gx-no-cache=1484687626863 HTTP/1.1" 200 5220
192.168.10.17 - - [17/Jan/2017:17:18:45 -0300] "GET /cormun/servlet/solicitudot?3e4f7ae40518825bf02b634f86c33f71f32bac82f611294f87d8e868357024289d258eb2acc8151e2908caa06fe10b506626aa3bc9d59c857c078e0b7b9833487a061e78c0f10be031d3112a4b873a0e5f472be38789e90d1d4a5d76721273c01fbefd2ab8b01c2bb2a2476bb8b00d55a0152092b3423d1a9c947e870acccb42a8a3bd1e1bed85c751bb55aab41ba0eaa7f9169ef512c72598d7af42912774f515bea3d26e649d217a22135f901233dc,gx-no-cache=1484688106331 HTTP/1.1" 200 30
192.168.10.17 - - [17/Jan/2017:17:18:49 -0300] "POST /cormun/servlet/solicitudot?9bd17447f74320e3b92e3806bd547f7c,INS,0,0,,gx-no-cache=1484688109919 HTTP/1.1" 200 93
192.168.10.17 - - [17/Jan/2017:17:18:49 -0300] "GET /cormun/servlet/hpexe_return? HTTP/1.1" 200 1005
192.168.10.17 - - [17/Jan/2017:17:18:49 -0300] "GET /cormun/servlet/trsolicitudot HTTP/1.1" 200 8074
192.168.10.17 - - [17/Jan/2017:17:18:50 -0300] "GET /cormun/servlet/trsolicitudot HTTP/1.1" 200 8070
192.168.10.17 - - [17/Jan/2017:17:18:54 -0300] "GET /cormun/servlet/solicitudot?INS,0,0, HTTP/1.1" 200 12663
192.168.10.17 - - [17/Jan/2017:17:18:55 -0300] "GET /cormun/servlet/solicitudot?INS,0,0, HTTP/1.1" 200 12668
192.168.10.17 - - [17/Jan/2017:17:19:04 -0300] "GET /cormun/servlet/prfichaempleado?,MD,,gxPopupLevel%3D0%3B HTTP/1.1" 200 8757
192.168.10.17 - - [17/Jan/2017:17:19:15 -0300] "POST /cormun/servlet/prfichaempleado?9bd17447f74320e3b92e3806bd547f7c,,MD,,gxPopupLevel%3D0%3B,gx-no-cache=1484688136847 HTTP/1.1" 200 3459
192.168.10.17 - - [17/Jan/2017:17:19:20 -0300] "POST /cormun/servlet/solicitudot?gx-no-cache=1484688141217 HTTP/1.1" 200 3176
192.168.10.17 - - [17/Jan/2017:17:19:20 -0300] "POST /cormun/servlet/solicitudot?9bd17447f74320e3b92e3806bd547f7c,INS,0,0,,gx-no-cache=1484688141356 HTTP/1.1" 200 9912
192.168.10.17 - - [17/Jan/2017:17:19:23 -0300] "GET /cormun/servlet/solicitudot?3e4f7ae40518825bf02b634f86c33f71fb17862b5d248052863eee06bebd052e5035323fc2188504be501505fce11fce,gx-no-cache=1484688144823 HTTP/1.1" 200 30
192.168.10.17 - - [17/Jan/2017:17:19:23 -0300] "POST /cormun/servlet/solicitudot?gx-no-cache=1484688144868 HTTP/1.1" 200 255
192.168.10.17 - - [17/Jan/2017:17:19:23 -0300] "GET /cormun/servlet/solicitudot?3e4f7ae40518825bf02b634f86c33f71be2f474558f3191690dea51231aa8b779f7186101e7ce8bfec80bd3060cfc85bf0a76e8502a3a817a2e77d26f66d38680d37e29fa8e80a1fb26b49a5afe2b36da023eed5a65297ca886df6217ab0fc6527dfec194ab38d78a8b62931369a80a5c417cfdc6fff1f93bf9c98e6bf6d37b4d6c1af6fef36e0ccaf1a15543d99c673112611b677af7b83b01759e30f977bb8a4640cfd351f154cfb60929a692b89a33efc4a843c798f3d0ed3cafee935f312016ba256d6be9312283fc8559a9ab22117e16483f21b8cd0a8741eb3e9d40061aaa93fa0120780c5f6392a546f72cbc1e2bc6271289fe146660c454971fa7661bc7ec307412158ced3887e4d7e0661efbc14b1c0d62d4beb35a616112fbcd68fce4807bccec919c9b6870adf7908597d6fcb65f92c9d1a272f5eff32c6f2cd214f13574583db25416286d9a2a6c00e02a9726495981933df743522e1e920dda1cf1bef3a2c20299b2c5dc10a11ab9a2b456807fff2ff7e8a0f55483cf844becd,gx-no-cache=1484688144905 HTTP/1.1" 200 30
192.168.10.17 - - [17/Jan/2017:17:19:23 -0300] "POST /cormun/servlet/solicitudot?gx-no-cache=1484688144927 HTTP/1.1" 200 30
192.168.10.17 - - [17/Jan/2017:17:19:24 -0300] "POST /cormun/servlet/solicitudot?gx-no-cache=1484688144964 HTTP/1.1" 200 235
192.168.10.17 - - [17/Jan/2017:17:19:24 -0300] "POST /cormun/servlet/solicitudot?gx-no-cache=1484688145017 HTTP/1.1" 200 38
192.168.10.17 - - [17/Jan/2017:17:19:33 -0300] "POST /cormun/servlet/solicitudot?gx-no-cache=1484688154400 HTTP/1.1" 200 30
192.168.10.17 - - [17/Jan/2017:17:19:34 -0300] "GET /cormun/servlet/prsolicitudot?14047740,,,,,MD,,gxPopupLevel%3D0%3B HTTP/1.1" 200 5977
192.168.10.17 - - [17/Jan/2017:17:19:42 -0300] "POST /cormun/servlet/solicitudot?gx-no-cache=1484688163501 HTTP/1.1" 200 618
192.168.10.17 - - [17/Jan/2017:17:19:42 -0300] "POST /cormun/servlet/solicitudot?gx-no-cache=1484688163545 HTTP/1.1" 200 38
192.168.10.17 - - [17/Jan/2017:17:19:42 -0300] "GET /cormun/servlet/solicitudot?3e4f7ae40518825bf02b634f86c33f71ab5e041171e6f708070c41a32f727a6857584d4757362415598f954b5f81fe99bd04cee9ddd7ab166803e55e1766a2422e6cbf7807dfcd1df7c0861ed4812cec2e6c6eff7ff03aa14e4fab45eafd6ef798ed4a54aba447bb9b03cdde5244e3f68bb80037ab2360b10f5b0383b9770b2c38809d553acc31e473f5825a4837ae559c08d8d276fc3ea44ef8009c6199e49a,gx-no-cache=1484688163568 HTTP/1.1" 200 29
192.168.10.17 - - [17/Jan/2017:17:19:42 -0300] "POST /cormun/servlet/solicitudot?gx-no-cache=1484688163586 HTTP/1.1" 200 605
192.168.10.17 - - [17/Jan/2017:17:19:42 -0300] "POST /cormun/servlet/solicitudot?gx-no-cache=1484688163634 HTTP/1.1" 200 480
192.168.10.17 - - [17/Jan/2017:17:19:56 -0300] "POST /cormun/servlet/solicitudot?gx-no-cache=1484688177007 HTTP/1.1" 200 605
192.168.10.17 - - [17/Jan/2017:17:19:57 -0300] "POST /cormun/servlet/solicitudot?gx-no-cache=1484688178265 HTTP/1.1" 200 1144
192.168.10.17 - - [17/Jan/2017:17:20:19 -0300] "GET /cormun/servlet/solicitudot?3e4f7ae40518825bf02b634f86c33f71f32bac82f611294f87d8e86835702428134698026a0c6c7a0bf1266647f97df220adeb52e52039c9a49db83462f42e13f8c56a98a87a314beebea2ab1997bd4836ca4a6b6534b526b60f5cc42f46de4dc6b6cea7b2b4a0cb25620f6174a0acba295ed840905ba54fdec6adda364ec9d98098d3446d28ccd5111e06c8d71a6f25150bdee39463450e8b0f2a8692669a99bfa7c9886c99cb4ebaf157be97f61965,gx-no-cache=1484688200785 HTTP/1.1" 200 30
192.168.10.17 - - [17/Jan/2017:17:20:20 -0300] "POST /cormun/servlet/solicitudot?9bd17447f74320e3b92e3806bd547f7c,INS,0,0,,gx-no-cache=1484688200832 HTTP/1.1" 200 93
192.168.10.17 - - [17/Jan/2017:17:20:20 -0300] "GET /cormun/servlet/hpexe_return? HTTP/1.1" 200 1005
192.168.10.17 - - [17/Jan/2017:17:20:20 -0300] "GET /cormun/servlet/trsolicitudot HTTP/1.1" 200 8424
192.168.10.17 - - [17/Jan/2017:17:20:21 -0300] "GET /cormun/servlet/trsolicitudot HTTP/1.1" 200 8420
192.168.10.17 - - [17/Jan/2017:17:20:23 -0300] "GET /cormun/servlet/trsolicitudot? HTTP/1.1" 200 8420
192.168.10.17 - - [17/Jan/2017:17:20:24 -0300] "GET /cormun/servlet/trsolicitudot? HTTP/1.1" 200 8420
192.168.10.17 - - [17/Jan/2017:17:20:27 -0300] "GET /cormun/servlet/solicitudot?INS,0,0, HTTP/1.1" 200 12663
192.168.10.17 - - [17/Jan/2017:17:20:27 -0300] "GET /cormun/servlet/solicitudot?INS,0,0, HTTP/1.1" 200 12668
192.168.10.17 - - [17/Jan/2017:17:20:38 -0300] "GET /cormun/servlet/prfichaempleado?,MD,,gxPopupLevel%3D0%3B HTTP/1.1" 200 8757
192.168.10.17 - - [17/Jan/2017:17:20:49 -0300] "POST /cormun/servlet/prfichaempleado?9bd17447f74320e3b92e3806bd547f7c,,MD,,gxPopupLevel%3D0%3B,gx-no-cache=1484688230082 HTTP/1.1" 200 3459
192.168.10.17 - - [17/Jan/2017:17:20:52 -0300] "POST /cormun/servlet/solicitudot?gx-no-cache=1484688233609 HTTP/1.1" 200 3176
192.168.10.17 - - [17/Jan/2017:17:20:53 -0300] "POST /cormun/servlet/solicitudot?9bd17447f74320e3b92e3806bd547f7c,INS,0,0,,gx-no-cache=1484688233806 HTTP/1.1" 200 9913
192.168.10.17 - - [17/Jan/2017:17:20:54 -0300] "GET /cormun/servlet/solicitudot?3e4f7ae40518825bf02b634f86c33f71fb17862b5d248052863eee06bebd052e5035323fc2188504be501505fce11fce,gx-no-cache=1484688235033 HTTP/1.1" 200 30
192.168.10.17 - - [17/Jan/2017:17:20:54 -0300] "POST /cormun/servlet/solicitudot?gx-no-cache=1484688235078 HTTP/1.1" 200 255
192.168.10.17 - - [17/Jan/2017:17:20:54 -0300] "GET /cormun/servlet/solicitudot?3e4f7ae40518825bf02b634f86c33f71be2f474558f3191690dea51231aa8b779f7186101e7ce8bfec80bd3060cfc85bf0a76e8502a3a817a2e77d26f66d38680d37e29fa8e80a1fb26b49a5afe2b36da023eed5a65297ca886df6217ab0fc6527dfec194ab38d78a8b62931369a80a5c417cfdc6fff1f93bf9c98e6bf6d37b4d6c1af6fef36e0ccaf1a15543d99c673112611b677af7b83b01759e30f977bb8a4640cfd351f154cfb60929a692b89a33efc4a843c798f3d0ed3cafee935f312016ba256d6be9312283fc8559a9ab22117e16483f21b8cd0a8741eb3e9d40061aaa93fa0120780c5f6392a546f72cbc1e2bc6271289fe146660c454971fa7661bc7ec307412158ced3887e4d7e0661efbc14b1c0d62d4beb35a616112fbcd68fce4807bccec919c9b6870adf7908597d6fcb65f92c9d1a272f5eff32c6f2cd214f13574583db25416286d9a2a6c00e02a9726495981933df743522e1e920dda1cf1bef3a2c20299b2c5dc10a11ab9a2b456807fff2ff7e8a0f55483cf844becd,gx-no-cache=1484688235120 HTTP/1.1" 200 30
192.168.10.17 - - [17/Jan/2017:17:20:55 -0300] "POST /cormun/servlet/solicitudot?gx-no-cache=1484688236773 HTTP/1.1" 200 30
192.168.10.17 - - [17/Jan/2017:17:20:57 -0300] "GET /cormun/servlet/prsolicitudot?14047740,,,,,MD,,gxPopupLevel%3D0%3B HTTP/1.1" 200 6014
192.168.10.17 - - [17/Jan/2017:17:21:02 -0300] "POST /cormun/servlet/solicitudot?gx-no-cache=1484688243344 HTTP/1.1" 200 235
192.168.10.17 - - [17/Jan/2017:17:21:02 -0300] "POST /cormun/servlet/solicitudot?gx-no-cache=1484688243387 HTTP/1.1" 200 38
192.168.10.17 - - [17/Jan/2017:17:21:02 -0300] "GET /cormun/servlet/solicitudot?3e4f7ae40518825bf02b634f86c33f71ab5e041171e6f708070c41a32f727a6857584d4757362415598f954b5f81fe99bd04cee9ddd7ab166803e55e1766a2422e6cbf7807dfcd1df7c0861ed4812cec2e6c6eff7ff03aa14e4fab45eafd6ef798ed4a54aba447bb9b03cdde5244e3f68bb80037ab2360b10f5b0383b9770b2c38809d553acc31e473f5825a4837ae559c08d8d276fc3ea44ef8009c6199e49a,gx-no-cache=1484688243412 HTTP/1.1" 200 29
192.168.10.17 - - [17/Jan/2017:17:21:02 -0300] "POST /cormun/servlet/solicitudot?gx-no-cache=1484688243432 HTTP/1.1" 200 605
192.168.10.17 - - [17/Jan/2017:17:21:02 -0300] "POST /cormun/servlet/solicitudot?gx-no-cache=1484688243462 HTTP/1.1" 200 480
192.168.10.17 - - [17/Jan/2017:17:21:15 -0300] "GET /cormun/servlet/solicitudot?3e4f7ae40518825bf02b634f86c33f71ab5e041171e6f708070c41a32f727a6857584d4757362415598f954b5f81fe99bd04cee9ddd7ab166803e55e1766a2422e6cbf7807dfcd1df7c0861ed4812cec2e6c6eff7ff03aa14e4fab45eafd6ef798ed4a54aba447bb9b03cdde5244e3f68bb80037ab2360b10f5b0383b9770b2c38809d553acc31e473f5825a4837ae559c08d8d276fc3ea44ef8009c6199e49a,gx-no-cache=1484688256465 HTTP/1.1" 200 29
192.168.10.17 - - [17/Jan/2017:17:21:15 -0300] "POST /cormun/servlet/solicitudot?gx-no-cache=1484688256497 HTTP/1.1" 200 604
192.168.10.17 - - [17/Jan/2017:17:21:17 -0300] "POST /cormun/servlet/solicitudot?gx-no-cache=1484688258343 HTTP/1.1" 200 1144
192.168.10.17 - - [17/Jan/2017:17:21:27 -0300] "GET /cormun/servlet/solicitudot?3e4f7ae40518825bf02b634f86c33f71f32bac82f611294f87d8e86835702428134698026a0c6c7a0bf1266647f97df220adeb52e52039c9a49db83462f42e13f8c56a98a87a314beebea2ab1997bd4836ca4a6b6534b526b60f5cc42f46de4dc6b6cea7b2b4a0cb25620f6174a0acba295ed840905ba54fdec6adda364ec9d98098d3446d28ccd5111e06c8d71a6f25150bdee39463450e8b0f2a8692669a99bfa7c9886c99cb4ebaf157be97f61965,gx-no-cache=1484688268877 HTTP/1.1" 200 30
192.168.10.17 - - [17/Jan/2017:17:21:28 -0300] "POST /cormun/servlet/solicitudot?9bd17447f74320e3b92e3806bd547f7c,INS,0,0,,gx-no-cache=1484688268921 HTTP/1.1" 200 93
192.168.10.17 - - [17/Jan/2017:17:21:28 -0300] "GET /cormun/servlet/hpexe_return? HTTP/1.1" 200 1005
192.168.10.17 - - [17/Jan/2017:17:21:28 -0300] "GET /cormun/servlet/trsolicitudot HTTP/1.1" 200 8690
192.168.10.17 - - [17/Jan/2017:17:21:29 -0300] "GET /cormun/servlet/trsolicitudot HTTP/1.1" 200 8686
192.168.10.17 - - [17/Jan/2017:17:21:36 -0300] "GET /cormun/servlet/solicitudot?INS,0,0, HTTP/1.1" 200 12663
192.168.10.17 - - [17/Jan/2017:17:21:37 -0300] "GET /cormun/servlet/solicitudot?INS,0,0, HTTP/1.1" 200 12668
192.168.10.17 - - [17/Jan/2017:17:21:46 -0300] "GET /cormun/servlet/prfichaempleado?,MD,,gxPopupLevel%3D0%3B HTTP/1.1" 200 8757
192.168.10.17 - - [17/Jan/2017:17:21:56 -0300] "POST /cormun/servlet/prfichaempleado?9bd17447f74320e3b92e3806bd547f7c,,MD,,gxPopupLevel%3D0%3B,gx-no-cache=1484688297774 HTTP/1.1" 200 3398
192.168.10.17 - - [17/Jan/2017:17:21:59 -0300] "POST /cormun/servlet/solicitudot?gx-no-cache=1484688300568 HTTP/1.1" 200 3181
192.168.10.17 - - [17/Jan/2017:17:21:59 -0300] "POST /cormun/servlet/solicitudot?9bd17447f74320e3b92e3806bd547f7c,INS,0,0,,gx-no-cache=1484688300719 HTTP/1.1" 200 9926
192.168.10.17 - - [17/Jan/2017:17:22:01 -0300] "GET /cormun/servlet/solicitudot?3e4f7ae40518825bf02b634f86c33f71f8267c8a917f11140f895c18edc1bc975035323fc2188504be501505fce11fce,gx-no-cache=1484688302231 HTTP/1.1" 200 30
192.168.10.17 - - [17/Jan/2017:17:22:01 -0300] "POST /cormun/servlet/solicitudot?gx-no-cache=1484688302276 HTTP/1.1" 200 255
192.168.10.17 - - [17/Jan/2017:17:22:01 -0300] "GET /cormun/servlet/solicitudot?3e4f7ae40518825bf02b634f86c33f71be2f474558f3191690dea51231aa8b779f7186101e7ce8bfec80bd3060cfc85bf0a76e8502a3a817a2e77d26f66d38680d37e29fa8e80a1fb26b49a5afe2b36da023eed5a65297ca886df6217ab0fc6527dfec194ab38d78a8b62931369a80a5c417cfdc6fff1f93bf9c98e6bf6d37b4d6c1af6fef36e0ccaf1a15543d99c673112611b677af7b83b01759e30f977bb8a4640cfd351f154cfb60929a692b89a33efc4a843c798f3d0ed3cafee935f312016ba256d6be9312283fc8559a9ab22117e16483f21b8cd0a8741eb3e9d40061aaa93fa0120780c5f6392a546f72cbc1e2bc6271289fe146660c454971fa7661bc7ec307412158ced3887e4d7e0661efbc14b1c0d62d4beb35a616112fbcd68fce4807bccec919c9b6870adf7908597d6fcb65f92c9d1a272f5eff32c6f2cd214f13574583db25416286d9a2a6c00e02a9726495981933df743522e1e920dda1cf1bef3a2c20299b2c5dc10a11ab9a2b456807fff2ff7e8a0f55483cf844becd,gx-no-cache=1484688302308 HTTP/1.1" 200 30
192.168.10.17 - - [17/Jan/2017:17:22:02 -0300] "POST /cormun/servlet/solicitudot?gx-no-cache=1484688303570 HTTP/1.1" 200 30
192.168.10.17 - - [17/Jan/2017:17:22:04 -0300] "POST /cormun/servlet/solicitudot?gx-no-cache=1484688305930 HTTP/1.1" 200 235
192.168.10.17 - - [17/Jan/2017:17:22:05 -0300] "POST /cormun/servlet/solicitudot?gx-no-cache=1484688306003 HTTP/1.1" 200 38
192.168.10.17 - - [17/Jan/2017:17:22:12 -0300] "GET /cormun/servlet/solicitudot?3e4f7ae40518825bf02b634f86c33f71ab5e041171e6f708070c41a32f727a6857584d4757362415598f954b5f81fe99bd04cee9ddd7ab166803e55e1766a2422e6cbf7807dfcd1df7c0861ed4812cec2e6c6eff7ff03aa14e4fab45eafd6ef798ed4a54aba447bb9b03cdde5244e3f68bb80037ab2360b10f5b0383b9770b2c38809d553acc31e473f5825a4837ae559c08d8d276fc3ea44ef8009c6199e49a,gx-no-cache=1484688313361 HTTP/1.1" 200 29
192.168.10.17 - - [17/Jan/2017:17:22:12 -0300] "POST /cormun/servlet/solicitudot?gx-no-cache=1484688313406 HTTP/1.1" 200 605
192.168.10.17 - - [17/Jan/2017:17:22:14 -0300] "POST /cormun/servlet/solicitudot?gx-no-cache=1484688315665 HTTP/1.1" 200 1144
192.168.10.17 - - [17/Jan/2017:17:22:37 -0300] "GET /cormun/servlet/solicitudot?3e4f7ae40518825bf02b634f86c33f71b9ac5c641338a61b8b7afc155a73fecd10cba3f503911c8ca3b0b625cb87141f6626aa3bc9d59c857c078e0b7b9833487a061e78c0f10be031d3112a4b873a0e5f472be38789e90d1d4a5d76721273c01fbefd2ab8b01c2bb2a2476bb8b00d55a0152092b3423d1a9c947e870acccb42a8a3bd1e1bed85c751bb55aab41ba0eaa7f9169ef512c72598d7af42912774f515bea3d26e649d217a22135f901233dc,gx-no-cache=1484688338547 HTTP/1.1" 200 30
192.168.10.17 - - [17/Jan/2017:17:22:37 -0300] "POST /cormun/servlet/solicitudot?9bd17447f74320e3b92e3806bd547f7c,INS,0,0,,gx-no-cache=1484688338597 HTTP/1.1" 200 93
192.168.10.17 - - [17/Jan/2017:17:22:37 -0300] "GET /cormun/servlet/hpexe_return? HTTP/1.1" 200 1005
192.168.10.17 - - [17/Jan/2017:17:22:38 -0300] "GET /cormun/servlet/trsolicitudot HTTP/1.1" 200 9033
192.168.10.17 - - [17/Jan/2017:17:22:39 -0300] "GET /cormun/servlet/trsolicitudot HTTP/1.1" 200 9029
192.168.10.89 - - [17/Jan/2017:17:22:41 -0300] "POST /cormun/servlet/trsolicitudgral?660521de77b1fbb09c5fffe529b4e49b,,gx-no-cache=1484687863919 HTTP/1.1" 200 13014
192.168.10.17 - - [17/Jan/2017:17:23:43 -0300] "GET /cormun/servlet/solicitudot?INS,0,0, HTTP/1.1" 200 12663
192.168.10.17 - - [17/Jan/2017:17:23:44 -0300] "GET /cormun/servlet/solicitudot?INS,0,0, HTTP/1.1" 200 12668
192.168.10.17 - - [17/Jan/2017:17:23:53 -0300] "GET /cormun/servlet/prfichaempleado?,MD,,gxPopupLevel%3D0%3B HTTP/1.1" 200 8757
192.168.10.17 - - [17/Jan/2017:17:24:03 -0300] "POST /cormun/servlet/prfichaempleado?9bd17447f74320e3b92e3806bd547f7c,,MD,,gxPopupLevel%3D0%3B,gx-no-cache=1484688424294 HTTP/1.1" 200 3409
192.168.10.17 - - [17/Jan/2017:17:24:06 -0300] "POST /cormun/servlet/solicitudot?gx-no-cache=1484688427405 HTTP/1.1" 200 3194
192.168.10.17 - - [17/Jan/2017:17:24:06 -0300] "POST /cormun/servlet/solicitudot?9bd17447f74320e3b92e3806bd547f7c,INS,0,0,,gx-no-cache=1484688427550 HTTP/1.1" 200 9950
192.168.10.17 - - [17/Jan/2017:17:24:08 -0300] "GET /cormun/servlet/solicitudot?3e4f7ae40518825bf02b634f86c33f71e061c64a423ff36feef2a75a505c81e25035323fc2188504be501505fce11fce,gx-no-cache=1484688429191 HTTP/1.1" 200 30
192.168.10.17 - - [17/Jan/2017:17:24:08 -0300] "POST /cormun/servlet/solicitudot?gx-no-cache=1484688429255 HTTP/1.1" 200 297
192.168.10.17 - - [17/Jan/2017:17:24:08 -0300] "GET /cormun/servlet/solicitudot?3e4f7ae40518825bf02b634f86c33f71be2f474558f3191690dea51231aa8b776225c910682c5539703b6a99c765bd6bf0a76e8502a3a817a2e77d26f66d38680d37e29fa8e80a1fb26b49a5afe2b36da023eed5a65297ca886df6217ab0fc6527dfec194ab38d78a8b62931369a80a5c417cfdc6fff1f93bf9c98e6bf6d37b4d6c1af6fef36e0ccaf1a15543d99c673112611b677af7b83b01759e30f977bb8a4640cfd351f154cfb60929a692b89a33efc4a843c798f3d0ed3cafee935f312016ba256d6be9312283fc8559a9ab22117e16483f21b8cd0a8741eb3e9d40061aaa93fa0120780c5f6392a546f72cbc1240702b754cdc01b87288c85bc735ef9bc7ec307412158ced3887e4d7e0661ef2beb1238600a832f9f695cb2f5d2135c751d95a03232328cb65020770812fdbab2fa366dac15bb6e1822b5aaba953cae99c8a1cc7696a868bd0417d3cbe53f584cb91fbc8aa55192e747305e20ff1fc9ecc61fc477fc7aaa621a26b2c6ec9324eb84291e0d426a2175c2183ecf7a8c59abfa350f090fcda4fa50564e55d573d7,gx-no-cache=1484688429298 HTTP/1.1" 200 30
192.168.10.17 - - [17/Jan/2017:17:24:10 -0300] "POST /cormun/servlet/solicitudot?gx-no-cache=1484688431080 HTTP/1.1" 200 30
192.168.10.17 - - [17/Jan/2017:17:24:12 -0300] "POST /cormun/servlet/solicitudot?gx-no-cache=1484688433678 HTTP/1.1" 200 235
192.168.10.17 - - [17/Jan/2017:17:24:12 -0300] "POST /cormun/servlet/solicitudot?gx-no-cache=1484688433747 HTTP/1.1" 200 38
192.168.10.17 - - [17/Jan/2017:17:24:22 -0300] "GET /cormun/servlet/solicitudot?3e4f7ae40518825bf02b634f86c33f71ab5e041171e6f708070c41a32f727a6857584d4757362415598f954b5f81fe99945149b73b4601f18ca373fad84eaafc5ea6923517852f83caf78ca6bb1c9c488d0a3fb06916f4fdd909ff048d9c024efb09265dc4cae03a4d1d4cf16e43e2d2,gx-no-cache=1484688443133 HTTP/1.1" 200 29
192.168.10.17 - - [17/Jan/2017:17:24:22 -0300] "POST /cormun/servlet/solicitudot?gx-no-cache=1484688443169 HTTP/1.1" 200 605
192.168.10.17 - - [17/Jan/2017:17:24:23 -0300] "POST /cormun/servlet/solicitudot?gx-no-cache=1484688444233 HTTP/1.1" 200 1144
192.168.10.17 - - [17/Jan/2017:17:24:39 -0300] "GET /cormun/servlet/solicitudot?3e4f7ae40518825bf02b634f86c33f713bd2353c21978b91b81fcf8568b0e923e211135268eb9c42e57b3fea1f1bc8376626aa3bc9d59c857c078e0b7b9833487a061e78c0f10be031d3112a4b873a0e5f472be38789e90d1d4a5d76721273c01fbefd2ab8b01c2bb2a2476bb8b00d55a0152092b3423d1a9c947e870acccb42a8a3bd1e1bed85c751bb55aab41ba0eaa7f9169ef512c72598d7af42912774f515bea3d26e649d217a22135f901233dc,gx-no-cache=1484688460217 HTTP/1.1" 200 30
192.168.10.17 - - [17/Jan/2017:17:24:39 -0300] "POST /cormun/servlet/solicitudot?9bd17447f74320e3b92e3806bd547f7c,INS,0,0,,gx-no-cache=1484688460258 HTTP/1.1" 200 93
192.168.10.17 - - [17/Jan/2017:17:24:39 -0300] "GET /cormun/servlet/hpexe_return? HTTP/1.1" 200 1005
192.168.10.17 - - [17/Jan/2017:17:24:39 -0300] "GET /cormun/servlet/trsolicitudot HTTP/1.1" 200 9432
192.168.10.17 - - [17/Jan/2017:17:24:40 -0300] "GET /cormun/servlet/trsolicitudot HTTP/1.1" 200 9427
192.168.10.17 - - [17/Jan/2017:17:24:58 -0300] "GET /cormun/servlet/solicitudot?INS,0,0, HTTP/1.1" 200 12662
192.168.10.17 - - [17/Jan/2017:17:24:58 -0300] "GET /cormun/servlet/solicitudot?INS,0,0, HTTP/1.1" 200 12667
192.168.10.17 - - [17/Jan/2017:17:25:08 -0300] "GET /cormun/servlet/prfichaempleado?,MD,,gxPopupLevel%3D0%3B HTTP/1.1" 200 8757
192.168.10.17 - - [17/Jan/2017:17:25:19 -0300] "POST /cormun/servlet/prfichaempleado?9bd17447f74320e3b92e3806bd547f7c,,MD,,gxPopupLevel%3D0%3B,gx-no-cache=1484688500798 HTTP/1.1" 200 3467
192.168.10.17 - - [17/Jan/2017:17:25:22 -0300] "POST /cormun/servlet/solicitudot?gx-no-cache=1484688503000 HTTP/1.1" 200 3167
192.168.10.17 - - [17/Jan/2017:17:25:22 -0300] "POST /cormun/servlet/solicitudot?9bd17447f74320e3b92e3806bd547f7c,INS,0,0,,gx-no-cache=1484688503197 HTTP/1.1" 200 9928
192.168.10.17 - - [17/Jan/2017:17:25:26 -0300] "GET /cormun/servlet/solicitudot?3e4f7ae40518825bf02b634f86c33f710ce6c3f5bf162abe2f90dc9ed5972e4e5035323fc2188504be501505fce11fce,gx-no-cache=1484688507175 HTTP/1.1" 200 30
192.168.10.17 - - [17/Jan/2017:17:25:26 -0300] "POST /cormun/servlet/solicitudot?gx-no-cache=1484688507224 HTTP/1.1" 200 297
192.168.10.17 - - [17/Jan/2017:17:25:26 -0300] "GET /cormun/servlet/solicitudot?3e4f7ae40518825bf02b634f86c33f71be2f474558f3191690dea51231aa8b776225c910682c5539703b6a99c765bd6bf0a76e8502a3a817a2e77d26f66d38680d37e29fa8e80a1fb26b49a5afe2b36da023eed5a65297ca886df6217ab0fc6527dfec194ab38d78a8b62931369a80a5c417cfdc6fff1f93bf9c98e6bf6d37b4d6c1af6fef36e0ccaf1a15543d99c673112611b677af7b83b01759e30f977bb8a4640cfd351f154cfb60929a692b89a33efc4a843c798f3d0ed3cafee935f312016ba256d6be9312283fc8559a9ab22117e16483f21b8cd0a8741eb3e9d40061aaa93fa0120780c5f6392a546f72cbc1240702b754cdc01b87288c85bc735ef9bc7ec307412158ced3887e4d7e0661ef2beb1238600a832f9f695cb2f5d2135c751d95a03232328cb65020770812fdbab2fa366dac15bb6e1822b5aaba953cae99c8a1cc7696a868bd0417d3cbe53f584cb91fbc8aa55192e747305e20ff1fc9ecc61fc477fc7aaa621a26b2c6ec9324eb84291e0d426a2175c2183ecf7a8c59abfa350f090fcda4fa50564e55d573d7,gx-no-cache=1484688507261 HTTP/1.1" 200 30
192.168.10.17 - - [17/Jan/2017:17:25:27 -0300] "POST /cormun/servlet/solicitudot?gx-no-cache=1484688508294 HTTP/1.1" 200 30
192.168.10.17 - - [17/Jan/2017:17:25:28 -0300] "POST /cormun/servlet/solicitudot?gx-no-cache=1484688509340 HTTP/1.1" 200 235
192.168.10.17 - - [17/Jan/2017:17:25:28 -0300] "POST /cormun/servlet/solicitudot?gx-no-cache=1484688509384 HTTP/1.1" 200 38
192.168.10.17 - - [17/Jan/2017:17:25:35 -0300] "GET /cormun/servlet/solicitudot?3e4f7ae40518825bf02b634f86c33f71ab5e041171e6f708070c41a32f727a6857584d4757362415598f954b5f81fe99945149b73b4601f18ca373fad84eaafc5ea6923517852f83caf78ca6bb1c9c488d0a3fb06916f4fdd909ff048d9c024efb09265dc4cae03a4d1d4cf16e43e2d2,gx-no-cache=1484688516110 HTTP/1.1" 200 29
192.168.10.17 - - [17/Jan/2017:17:25:35 -0300] "POST /cormun/servlet/solicitudot?gx-no-cache=1484688516154 HTTP/1.1" 200 605
192.168.10.17 - - [17/Jan/2017:17:25:36 -0300] "POST /cormun/servlet/solicitudot?gx-no-cache=1484688517423 HTTP/1.1" 200 1144
192.168.10.17 - - [17/Jan/2017:17:25:52 -0300] "GET /cormun/servlet/solicitudot?3e4f7ae40518825bf02b634f86c33f71319c81456a1f2234cbd0338f7092965f50e586f5cae4fe3c6e5d2c35616be0516626aa3bc9d59c857c078e0b7b9833487a061e78c0f10be031d3112a4b873a0e5f472be38789e90d1d4a5d76721273c01fbefd2ab8b01c2bb2a2476bb8b00d55a0152092b3423d1a9c947e870acccb42a8a3bd1e1bed85c751bb55aab41ba0eaa7f9169ef512c72598d7af42912774f515bea3d26e649d217a22135f901233dc,gx-no-cache=1484688533438 HTTP/1.1" 200 30
192.168.10.17 - - [17/Jan/2017:17:25:54 -0300] "POST /cormun/servlet/solicitudot?9bd17447f74320e3b92e3806bd547f7c,INS,0,0,,gx-no-cache=1484688534894 HTTP/1.1" 200 93
192.168.10.17 - - [17/Jan/2017:17:25:54 -0300] "GET /cormun/servlet/hpexe_return? HTTP/1.1" 200 1005
192.168.10.17 - - [17/Jan/2017:17:25:54 -0300] "GET /cormun/servlet/trsolicitudot HTTP/1.1" 200 9737
192.168.10.17 - - [17/Jan/2017:17:25:55 -0300] "GET /cormun/servlet/trsolicitudot HTTP/1.1" 200 9733
192.168.10.17 - - [17/Jan/2017:17:26:21 -0300] "POST /cormun/servlet/trsolicitudot?9bd17447f74320e3b92e3806bd547f7c,gx-no-cache=1484688562516 HTTP/1.1" 200 6743
192.168.10.17 - - [17/Jan/2017:17:26:21 -0300] "GET /cormun/static/Shared/jqueryui/images/ui-bg_highlight-soft_100_c6c2c8_1x100.png HTTP/1.1" 404 1117
192.168.10.17 - - [17/Jan/2017:17:26:21 -0300] "GET /cormun/static/Shared/jqueryui/images/ui-icons_82798d_256x240.png HTTP/1.1" 404 1089
192.168.10.17 - - [17/Jan/2017:17:26:21 -0300] "GET /cormun/static/Shared/jqueryui/images/ui-bg_flat_55_fafafa_40x100.png HTTP/1.1" 404 1097
192.168.10.17 - - [17/Jan/2017:17:26:21 -0300] "GET /cormun/static/Shared/jqueryui/images/ui-icons_8d78a5_256x240.png HTTP/1.1" 404 1089
192.168.10.17 - - [17/Jan/2017:17:26:22 -0300] "POST /cormun/servlet/trsolicitudot?9bd17447f74320e3b92e3806bd547f7c,gx-no-cache=1484688563158 HTTP/1.1" 200 6685
192.168.10.17 - - [17/Jan/2017:17:26:23 -0300] "POST /cormun/servlet/trsolicitudot?9bd17447f74320e3b92e3806bd547f7c,gx-no-cache=1484688564363 HTTP/1.1" 200 6341
192.168.10.17 - - [17/Jan/2017:17:26:23 -0300] "POST /cormun/servlet/trsolicitudot?9bd17447f74320e3b92e3806bd547f7c,gx-no-cache=1484688564687 HTTP/1.1" 200 6281
192.168.10.17 - - [17/Jan/2017:17:26:24 -0300] "POST /cormun/servlet/trsolicitudot?9bd17447f74320e3b92e3806bd547f7c,gx-no-cache=1484688565433 HTTP/1.1" 200 5997
192.168.10.17 - - [17/Jan/2017:17:26:24 -0300] "POST /cormun/servlet/trsolicitudot?9bd17447f74320e3b92e3806bd547f7c,gx-no-cache=1484688565753 HTTP/1.1" 200 5939
192.168.10.17 - - [17/Jan/2017:17:26:25 -0300] "POST /cormun/servlet/trsolicitudot?9bd17447f74320e3b92e3806bd547f7c,gx-no-cache=1484688566408 HTTP/1.1" 200 5724
192.168.10.17 - - [17/Jan/2017:17:26:25 -0300] "POST /cormun/servlet/trsolicitudot?9bd17447f74320e3b92e3806bd547f7c,gx-no-cache=1484688566704 HTTP/1.1" 200 5666
192.168.10.17 - - [17/Jan/2017:17:26:26 -0300] "POST /cormun/servlet/trsolicitudot?9bd17447f74320e3b92e3806bd547f7c,gx-no-cache=1484688567336 HTTP/1.1" 200 5405
192.168.10.17 - - [17/Jan/2017:17:26:26 -0300] "POST /cormun/servlet/trsolicitudot?9bd17447f74320e3b92e3806bd547f7c,gx-no-cache=1484688567689 HTTP/1.1" 200 5348
192.168.10.17 - - [17/Jan/2017:17:26:27 -0300] "POST /cormun/servlet/trsolicitudot?9bd17447f74320e3b92e3806bd547f7c,gx-no-cache=1484688568688 HTTP/1.1" 200 4287
192.168.10.17 - - [17/Jan/2017:17:26:27 -0300] "POST /cormun/servlet/trsolicitudot?9bd17447f74320e3b92e3806bd547f7c,gx-no-cache=1484688568899 HTTP/1.1" 200 4083
192.168.10.17 - - [17/Jan/2017:17:26:29 -0300] "GET /cormun/servlet/trautorizarsolicitud? HTTP/1.1" 200 9678
192.168.10.17 - - [17/Jan/2017:17:26:30 -0300] "GET /cormun/static/gxcfg.js?20171111229471 HTTP/1.1" 304 -
192.168.10.17 - - [17/Jan/2017:17:26:30 -0300] "GET /cormun/static/trautorizarsolicitud.js?201711112291232 HTTP/1.1" 304 -
192.168.10.17 - - [17/Jan/2017:17:26:30 -0300] "GET /cormun/servlet/trautorizarsolicitud? HTTP/1.1" 200 9678
192.168.10.89 - - [17/Jan/2017:17:26:32 -0300] "GET /cormun/servlet/hlogin HTTP/1.1" 200 1737
192.168.10.17 - - [17/Jan/2017:17:26:33 -0300] "POST /cormun/servlet/trautorizarsolicitud?9bd17447f74320e3b92e3806bd547f7c,,gx-no-cache=1484688573924 HTTP/1.1" 200 6718
192.168.10.17 - - [17/Jan/2017:17:26:33 -0300] "GET /cormun/static/Shared/jqueryui/images/ui-bg_highlight-soft_100_c6c2c8_1x100.png HTTP/1.1" 404 1117
192.168.10.17 - - [17/Jan/2017:17:26:33 -0300] "GET /cormun/static/Shared/jqueryui/images/ui-icons_82798d_256x240.png HTTP/1.1" 404 1089
192.168.10.17 - - [17/Jan/2017:17:26:33 -0300] "GET /cormun/static/Shared/jqueryui/images/ui-bg_flat_55_fafafa_40x100.png HTTP/1.1" 404 1097
192.168.10.17 - - [17/Jan/2017:17:26:33 -0300] "GET /cormun/static/Shared/jqueryui/images/ui-icons_8d78a5_256x240.png HTTP/1.1" 404 1089
192.168.10.17 - - [17/Jan/2017:17:26:33 -0300] "POST /cormun/servlet/trautorizarsolicitud?9bd17447f74320e3b92e3806bd547f7c,,gx-no-cache=1484688574240 HTTP/1.1" 200 6661
192.168.10.17 - - [17/Jan/2017:17:26:34 -0300] "POST /cormun/servlet/trautorizarsolicitud?9bd17447f74320e3b92e3806bd547f7c,,gx-no-cache=1484688575124 HTTP/1.1" 200 6313
