192.168.10.89 - - [17/Jan/2017:16:33:59 -0300] "POST /cormun/servlet/trsolicitudgral?e0ef5448b41de9608613121884478f08,,gx-no-cache=1484684942688 HTTP/1.1" 200 5466
192.168.10.89 - - [17/Jan/2017:16:34:00 -0300] "POST /cormun/servlet/trsolicitudgral?e0ef5448b41de9608613121884478f08,,gx-no-cache=1484684943359 HTTP/1.1" 200 5227
192.168.10.89 - - [17/Jan/2017:16:34:11 -0300] "POST /cormun/servlet/trsolicitudgral?e0ef5448b41de9608613121884478f08,,gx-no-cache=1484684954689 HTTP/1.1" 200 6784
192.168.10.17 - - [17/Jan/2017:16:37:28 -0300] "POST /cormun/servlet/hlogin?9bd17447f74320e3b92e3806bd547f7c,gx-no-cache=1484685628797 HTTP/1.1" 200 90
192.168.10.17 - - [17/Jan/2017:16:37:28 -0300] "GET /cormun/servlet/hpexe_link HTTP/1.1" 200 953
192.168.10.17 - - [17/Jan/2017:16:37:28 -0300] "GET /cormun/servlet/hhome HTTP/1.1" 200 4343
192.168.10.17 - - [17/Jan/2017:16:37:28 -0300] "GET /cormun/servlet/hhome HTTP/1.1" 200 4339
192.168.10.17 - - [17/Jan/2017:16:37:36 -0300] "GET /cormun/servlet/trsolicitudgral? HTTP/1.1" 200 14071
192.168.10.17 - - [17/Jan/2017:16:37:36 -0300] "GET /cormun/static/gxcfg.js?201711112283756 HTTP/1.1" 304 -
192.168.10.17 - - [17/Jan/2017:16:37:37 -0300] "GET /cormun/servlet/trsolicitudgral? HTTP/1.1" 200 14069
192.168.10.89 - - [17/Jan/2017:16:37:58 -0300] "POST /cormun/servlet/trsolicitudgral?e0ef5448b41de9608613121884478f08,,gx-no-cache=1484685181553 HTTP/1.1" 200 6519
192.168.10.89 - - [17/Jan/2017:16:37:59 -0300] "POST /cormun/servlet/trsolicitudgral?e0ef5448b41de9608613121884478f08,,gx-no-cache=1484685182539 HTTP/1.1" 200 6460
192.168.10.89 - - [17/Jan/2017:16:38:12 -0300] "POST /cormun/servlet/trsolicitudgral?e0ef5448b41de9608613121884478f08,,gx-no-cache=1484685195599 HTTP/1.1" 200 5462
192.168.10.89 - - [17/Jan/2017:16:38:13 -0300] "POST /cormun/servlet/trsolicitudgral?e0ef5448b41de9608613121884478f08,,gx-no-cache=1484685196497 HTTP/1.1" 200 5227
192.168.10.89 - - [17/Jan/2017:16:38:27 -0300] "POST /cormun/servlet/trsolicitudgral?e0ef5448b41de9608613121884478f08,,gx-no-cache=1484685210758 HTTP/1.1" 200 6819
192.168.10.89 - - [17/Jan/2017:16:39:34 -0300] "GET /cormun/servlet/solicitudgral?UPD,2017,4201, HTTP/1.1" 200 12125
192.168.10.89 - - [17/Jan/2017:16:39:35 -0300] "POST /cormun/servlet/solicitudgral?gx-no-cache=1484685278499 HTTP/1.1" 200 3172
192.168.10.89 - - [17/Jan/2017:16:39:35 -0300] "GET /cormun/servlet/solicitudgral?d417333bbbc1693ee2a530c59fe000e3b8580796becf09a69f369e9ae41ac32a2c2d79fbaf700fd3c4bc49c6043621a829f3d0ea919fd42bd5a10a5ae448691f2f6664899b52c3dab562cd35421403e26cdfb9c76c9649e7279a4e5f914129c2ccdceab79f0ae2f5ebece3532b6bead6974ad9f6a8dd56bf138b9d6648b7bd5cbc3916964fd74d7ef6ca7f7b878a574f97225ea9f4aa0d03fcb6a3b5d79f061951a9747cc7eca6402c5b9ddc863e6699eb660b456740432951eb9121036cccd2449546f3b9e96144eb69345ad69297fe9a9d61ffd2ad764c1f87e26838f4a7122e41bd9d0142f0d1a25f1aecde9195cc32422720ef21f5463bffce9bf493c9b3b56d507e2cc976bca94da80f74ab4b2cc8ce44512c153994b7f0a98c36a698e112d0f6b8415497cb9594fd6251499993ab3387b9d6ea4a1065317812bc2ff5233616dc3e667d00fa231659a60cf3b1f0,gx-no-cache=1484685278776 HTTP/1.1" 200 257
192.168.10.89 - - [17/Jan/2017:16:39:36 -0300] "GET /cormun/servlet/solicitudgral?d417333bbbc1693ee2a530c59fe000e3a683ea9a323a2f94a177e3f0fac917a961d3f80c290fb274dd58abf5e1d3bfce38be368b900c5a471499e219c842aa254ba7e16363367a0ce4fcd672f2dedbad84fa96c7cd54b36ca9cfeb252602dc41c7726a5a5cc70f23d56c824b211b05690fe78386e653a9ed14036358bc10957657635a988aaba499737b54535cd7a11b3c6f3e92353033884399873bfb6116cd2d5f746c1b87f5b3bc96a25169119d7ab68beee1f550f87546eb3e808c6f450cdf0fbb611cafd2285cefb83ffb0ab5780e1c55e5938eacbb60932c833a575f55e75b75d834bdd92a4711cb324dd35fe53f6d4dd11cf6486c1e464c47ee29569b1bd83300828576c4c8ce4789698e4b0866b22629377b0fdb1540888bf3d1aeb3a85e8c4a46fc90da7e518c654d9e46126cd607fadc248573ab58e356175daeff9a1e8e72efc69a35278453231df993780f50de311c521cc3221c606e2844018b0ad5f69125f8c9d985ac10418c435281f296c7ab9991311f1f6708941302ff14a453a43aecd973f4bb0dd57eda07645063f46ed5f635f27a25ab6cd5182ed8568a8ea2ad33d9c1344bc23d81f291acb11f40e4a3681b65fa7de496825572023619ec9e324e8626c551a04d146fe1c20ec4a01b2fd0eb226edd01c638b469363350af980b32526d9b23a3510a575331473dbf1542736a14622733c8a17582c36f806c41c4be954d12f16a3d5b1787bec1e64e5429ac4b1dcd7dd496d5a3bf29f969c16cdabb6a98c33d380e65bf67ce18,gx-no-cache=1484685280019 HTTP/1.1" 200 48
192.168.10.89 - - [17/Jan/2017:16:39:36 -0300] "POST /cormun/servlet/solicitudgral?e0ef5448b41de9608613121884478f08,UPD,2017,4201,,gx-no-cache=1484685280052 HTTP/1.1" 200 10515
192.168.10.89 - - [17/Jan/2017:16:39:37 -0300] "GET /cormun/servlet/solicitudgral?d417333bbbc1693ee2a530c59fe000e33207f1213e6e55b9faeff4753fd14f0e79b4fda4759e780234d8b2da8b90f526f5d083ee27bd1f8c0831e6fd9aed276e5bd7f367027cf09a7cfb434e2e60a613b94af0f44dd388dcae346e97d05a64feed26857f9cb49c24a55021e0647404ec15be44ed48c0b3de0c7bf021a443324c328b9ec8420cb59750c6dd9cd47f4c70c77eb3c8b9f8140a4b7635a90724080213662abe0af72d2ca8d83cbd163de1e476dd4d7f25cf352a11552c3d9edaa7cb8c6b9d4c96771ee27c165b0f46846773,gx-no-cache=1484685280382 HTTP/1.1" 200 29
192.168.10.89 - - [17/Jan/2017:16:39:37 -0300] "POST /cormun/servlet/solicitudgral?gx-no-cache=1484685280406 HTTP/1.1" 200 1235
192.168.10.89 - - [17/Jan/2017:16:39:37 -0300] "POST /cormun/servlet/solicitudgral?gx-no-cache=1484685280494 HTTP/1.1" 200 1141
192.168.10.89 - - [17/Jan/2017:16:39:42 -0300] "POST /cormun/servlet/solicitudgral?e0ef5448b41de9608613121884478f08,UPD,2017,4201,,gx-no-cache=1484685286007 HTTP/1.1" 200 93
192.168.10.89 - - [17/Jan/2017:16:39:42 -0300] "GET /cormun/servlet/hpexe_return? HTTP/1.1" 200 1014
192.168.10.89 - - [17/Jan/2017:16:39:43 -0300] "GET /cormun/servlet/trsolicitudgral? HTTP/1.1" 200 9955
192.168.10.89 - - [17/Jan/2017:16:39:48 -0300] "GET /cormun/servlet/solicitudgral2?UPD,2017,4204, HTTP/1.1" 200 12278
192.168.10.89 - - [17/Jan/2017:16:39:50 -0300] "POST /cormun/servlet/solicitudgral2?gx-no-cache=1484685293471 HTTP/1.1" 200 3172
192.168.10.89 - - [17/Jan/2017:16:39:50 -0300] "GET /cormun/servlet/solicitudgral2?d417333bbbc1693ee2a530c59fe000e3b8580796becf09a69f369e9ae41ac32a2c2d79fbaf700fd3c4bc49c6043621a829f3d0ea919fd42bd5a10a5ae448691f2f6664899b52c3dab562cd35421403e26cdfb9c76c9649e7279a4e5f914129c2ccdceab79f0ae2f5ebece3532b6bead6974ad9f6a8dd56bf138b9d6648b7bd5cbc3916964fd74d7ef6ca7f7b878a574f97225ea9f4aa0d03fcb6a3b5d79f061951a9747cc7eca6402c5b9ddc863e6699eb660b456740432951eb9121036cccd2449546f3b9e96144eb69345ad69297fe9a9d61ffd2ad764c1f87e26838f4a7122e41bd9d0142f0d1a25f1aecde9195cc32422720ef21f5463bffce9bf493c9b3b56d507e2cc976bca94da80f74ab4b2cc8ce44512c153994b7f0a98c36a698e112d0f6b8415497cb9594fd6251499993ab3387b9d6ea4a1065317812bc2ff5233616dc3e667d00fa231659a60cf3b1f0,gx-no-cache=1484685293700 HTTP/1.1" 200 257
192.168.10.89 - - [17/Jan/2017:16:39:50 -0300] "POST /cormun/servlet/solicitudgral2?gx-no-cache=1484685293732 HTTP/1.1" 200 1340
192.168.10.89 - - [17/Jan/2017:16:39:50 -0300] "GET /cormun/servlet/solicitudgral2?d417333bbbc1693ee2a530c59fe000e342e063ce4669761e9c5c916a3a24a70fcb955a0b1b7d226214253340eec53e6d29f3d0ea919fd42bd5a10a5ae448691f098c5921a30b05ac1b53af57ba9928ebe2e5731f5439904e068344b1b22ab42b78f2a0804a70b2fb6b67b89c42642f5e,gx-no-cache=1484685293804 HTTP/1.1" 200 41
192.168.10.89 - - [17/Jan/2017:16:39:52 -0300] "POST /cormun/servlet/solicitudgral2?e0ef5448b41de9608613121884478f08,UPD,2017,4204,,gx-no-cache=1484685295324 HTTP/1.1" 200 10556
192.168.10.89 - - [17/Jan/2017:16:39:52 -0300] "GET /cormun/servlet/solicitudgral2?d417333bbbc1693ee2a530c59fe000e3185284b9a98c2bc0f80e7379d85a43b079b4fda4759e780234d8b2da8b90f526d92d69d98fd2df54ea9496cc2e5981cb5bd7f367027cf09a7cfb434e2e60a613b94af0f44dd388dcae346e97d05a64feed26857f9cb49c24a55021e0647404ec15be44ed48c0b3de0c7bf021a443324c328b9ec8420cb59750c6dd9cd47f4c70c77eb3c8b9f8140a4b7635a90724080213662abe0af72d2ca8d83cbd163de1e476dd4d7f25cf352a11552c3d9edaa7cb8c6b9d4c96771ee27c165b0f46846773,gx-no-cache=1484685295559 HTTP/1.1" 200 29
192.168.10.89 - - [17/Jan/2017:16:39:52 -0300] "POST /cormun/servlet/solicitudgral2?gx-no-cache=1484685295582 HTTP/1.1" 200 1236
192.168.10.89 - - [17/Jan/2017:16:39:52 -0300] "POST /cormun/servlet/solicitudgral2?gx-no-cache=1484685295666 HTTP/1.1" 200 1141
192.168.10.89 - - [17/Jan/2017:16:39:55 -0300] "GET /cormun/servlet/solicitudgral2?d417333bbbc1693ee2a530c59fe000e3132271223aa71daf34f81c353048596b85a52c80def469f28eff399dd821220b94dd4cfacb0319e837f1cd8450062cb7b071e206f962db77eb39d164cfde13f66191ce9c141f369629960a6bed9dcf6f988ecb6605ad6033eec611103fee786fc624564ddaa7317e445634d419cd1e08,gx-no-cache=1484685298679 HTTP/1.1" 200 30
192.168.10.89 - - [17/Jan/2017:16:39:55 -0300] "POST /cormun/servlet/solicitudgral2?e0ef5448b41de9608613121884478f08,UPD,2017,4204,,gx-no-cache=1484685298720 HTTP/1.1" 200 93
192.168.10.89 - - [17/Jan/2017:16:39:55 -0300] "GET /cormun/servlet/hpexe_return? HTTP/1.1" 200 1016
192.168.10.89 - - [17/Jan/2017:16:39:55 -0300] "GET /cormun/servlet/trsolicitudgral HTTP/1.1" 200 9939
192.168.10.89 - - [17/Jan/2017:16:40:00 -0300] "POST /cormun/servlet/trsolicitudgral?e0ef5448b41de9608613121884478f08,gx-no-cache=1484685304077 HTTP/1.1" 200 6540
192.168.10.89 - - [17/Jan/2017:16:40:01 -0300] "POST /cormun/servlet/trsolicitudgral?e0ef5448b41de9608613121884478f08,gx-no-cache=1484685304441 HTTP/1.1" 200 6482
192.168.10.89 - - [17/Jan/2017:16:40:01 -0300] "GET /cormun/static/Shared/jqueryui/images/ui-icons_82798d_256x240.png HTTP/1.1" 404 1089
192.168.10.89 - - [17/Jan/2017:16:40:01 -0300] "GET /cormun/static/Shared/jqueryui/images/ui-bg_highlight-soft_100_c6c2c8_1x100.png HTTP/1.1" 404 1117
192.168.10.89 - - [17/Jan/2017:16:40:01 -0300] "GET /cormun/static/Shared/jqueryui/images/ui-icons_8d78a5_256x240.png HTTP/1.1" 404 1089
192.168.10.89 - - [17/Jan/2017:16:40:01 -0300] "GET /cormun/static/Shared/jqueryui/images/ui-bg_flat_55_fafafa_40x100.png HTTP/1.1" 404 1097
192.168.10.89 - - [17/Jan/2017:16:40:12 -0300] "POST /cormun/servlet/trsolicitudgral?e0ef5448b41de9608613121884478f08,gx-no-cache=1484685315699 HTTP/1.1" 200 6483
192.168.10.89 - - [17/Jan/2017:16:40:20 -0300] "POST /cormun/servlet/trsolicitudgral?e0ef5448b41de9608613121884478f08,gx-no-cache=1484685323295 HTTP/1.1" 200 5465
192.168.10.89 - - [17/Jan/2017:16:40:20 -0300] "POST /cormun/servlet/trsolicitudgral?e0ef5448b41de9608613121884478f08,gx-no-cache=1484685323763 HTTP/1.1" 200 5227
192.168.10.17 - - [17/Jan/2017:16:40:31 -0300] "POST /cormun/servlet/trsolicitudgral?9bd17447f74320e3b92e3806bd547f7c,,gx-no-cache=1484685811952 HTTP/1.1" 200 5215
192.168.10.89 - - [17/Jan/2017:16:40:36 -0300] "POST /cormun/servlet/trsolicitudgral?e0ef5448b41de9608613121884478f08,gx-no-cache=1484685339854 HTTP/1.1" 200 7057
192.168.10.17 - - [17/Jan/2017:16:40:40 -0300] "POST /cormun/servlet/trsolicitudgral?9bd17447f74320e3b92e3806bd547f7c,,gx-no-cache=1484685820429 HTTP/1.1" 200 20873
192.168.10.89 - - [17/Jan/2017:16:40:57 -0300] "POST /cormun/servlet/trsolicitudgral?e0ef5448b41de9608613121884478f08,gx-no-cache=1484685360712 HTTP/1.1" 200 6829
192.168.10.89 - - [17/Jan/2017:16:40:58 -0300] "POST /cormun/servlet/trsolicitudgral?e0ef5448b41de9608613121884478f08,gx-no-cache=1484685361637 HTTP/1.1" 200 6770
192.168.10.89 - - [17/Jan/2017:16:41:04 -0300] "POST /cormun/servlet/trsolicitudgral?e0ef5448b41de9608613121884478f08,gx-no-cache=1484685367522 HTTP/1.1" 200 6539
192.168.10.89 - - [17/Jan/2017:16:41:05 -0300] "POST /cormun/servlet/trsolicitudgral?e0ef5448b41de9608613121884478f08,gx-no-cache=1484685368416 HTTP/1.1" 200 6479
192.168.10.17 - - [17/Jan/2017:16:41:07 -0300] "POST /cormun/servlet/trsolicitudgral?9bd17447f74320e3b92e3806bd547f7c,,gx-no-cache=1484685847810 HTTP/1.1" 200 6777
192.168.10.89 - - [17/Jan/2017:16:41:23 -0300] "POST /cormun/servlet/trsolicitudgral?e0ef5448b41de9608613121884478f08,gx-no-cache=1484685387089 HTTP/1.1" 200 6781
192.168.10.17 - - [17/Jan/2017:16:41:27 -0300] "GET /cormun/servlet/solicitudgral2?UPD,2017,3175, HTTP/1.1" 200 12296
192.168.10.17 - - [17/Jan/2017:16:41:27 -0300] "GET /cormun/static/gxcfg.js?201711313564933 HTTP/1.1" 304 -
192.168.10.17 - - [17/Jan/2017:16:41:27 -0300] "GET /cormun/static/solicitudgral2.js?201711313564991 HTTP/1.1" 304 -
192.168.10.17 - - [17/Jan/2017:16:41:28 -0300] "GET /cormun/servlet/solicitudgral2?UPD,2017,3175, HTTP/1.1" 200 12307
192.168.10.17 - - [17/Jan/2017:16:41:28 -0300] "POST /cormun/servlet/solicitudgral2?gx-no-cache=1484685869517 HTTP/1.1" 200 3198
192.168.10.17 - - [17/Jan/2017:16:41:28 -0300] "GET /cormun/servlet/solicitudgral2?3e4f7ae40518825bf02b634f86c33f71e98a33c2f270e8430436a1c5cc674a993ed9db3951599e573ffc62b0ac46e0a5f4a5c4ec76b3a093d4932e95ac6f5b65f2ec67c6705e1c86d3f2be042b9d20cdf8d4a13b31f06cc8070c83db2aac42f579860c2f6f16c2411f3f513eb047782797f24e5dc9c30f44be3949b153eceee1d7fe1090551ef067e46ffd857693214b1a7793e7968edd023c3f52548543934bb032a0df228836cf9a90d0f8de80d51d54ee6845284fcb7740fb76c5a56ca67f5d45435e10bb99fa8d1d6d40691ff86c96402a932c282268515bd829087bdcceae7a125ce6a0ce4aa0dfc6ad20fe3ba71b96a72c0a0f6e8fb014933e668d0c1c4b2f977112833ef5b55d90f0a05e0d5d8ed9d3aec05e1a7edca7db5e0ed14c7cda2c393a7cc371f29af169e57a3e39ba9fd7822763a8bf31262ce93dbfd68aff2669cc4689a2f3ff103590582cd82b9a,gx-no-cache=1484685869654 HTTP/1.1" 200 258
192.168.10.17 - - [17/Jan/2017:16:41:28 -0300] "POST /cormun/servlet/solicitudgral2?gx-no-cache=1484685869697 HTTP/1.1" 200 1340
192.168.10.17 - - [17/Jan/2017:16:41:28 -0300] "GET /cormun/servlet/solicitudgral2?3e4f7ae40518825bf02b634f86c33f719fdce7aae7a174645987f8b225c9eea069f07bbf527d837fcbc088f6d78d7280f4a5c4ec76b3a093d4932e95ac6f5b653bcf76406067938ba8b42bc2c55d8da22335674ee2e27dfb9139a0bd0d588e34fa12f3edae610e8e67cd80b5796c6726,gx-no-cache=1484685869791 HTTP/1.1" 200 41
192.168.10.17 - - [17/Jan/2017:16:41:34 -0300] "POST /cormun/servlet/solicitudgral2?9bd17447f74320e3b92e3806bd547f7c,UPD,2017,3175,,gx-no-cache=1484685875113 HTTP/1.1" 200 10554
192.168.10.89 - - [17/Jan/2017:16:41:34 -0300] "POST /cormun/servlet/trsolicitudgral?e0ef5448b41de9608613121884478f08,gx-no-cache=1484685397952 HTTP/1.1" 200 6535
192.168.10.89 - - [17/Jan/2017:16:41:35 -0300] "POST /cormun/servlet/trsolicitudgral?e0ef5448b41de9608613121884478f08,gx-no-cache=1484685399049 HTTP/1.1" 200 6476
192.168.10.17 - - [17/Jan/2017:16:41:36 -0300] "GET /cormun/servlet/solicitudgral2?3e4f7ae40518825bf02b634f86c33f71e6024e00644b7eb844f3f88fdf7d63656f93222f570787ec8aa8f9e85e9e06f36be81b5fe56c5ae7357b454f4933615800dc6a04532201011539214a91ce549d9ac414886eb02d0894912d2933e9a473c15b86474a31f66c6b49f5a1be6c65c398394942a15ec77d14fdbbb198d460eecbfa55e52789e774e8528b9ab9101dc357df60a00c592f05afa7a8800f5e9e37,gx-no-cache=1484685877382 HTTP/1.1" 200 29
192.168.10.17 - - [17/Jan/2017:16:41:36 -0300] "POST /cormun/servlet/solicitudgral2?gx-no-cache=1484685877409 HTTP/1.1" 200 1235
192.168.10.17 - - [17/Jan/2017:16:41:36 -0300] "POST /cormun/servlet/solicitudgral2?gx-no-cache=1484685877531 HTTP/1.1" 200 1141
192.168.10.17 - - [17/Jan/2017:16:41:36 -0300] "GET /cormun/servlet/solicitudgral2?3e4f7ae40518825bf02b634f86c33f71e6026574ea630504340b3dcfda8d287ab8eb3b5413cbcd1cae7920a4fa512c6f818a9f13dc3c2eb97a6385aadc944d8598b69edcd1c52e20706adaec3a0625a5b2e9f48efea720b1888020499a1db691f1fe125771c93426df84d8526af3341b6816dc1850cc91c9db7f92437aea7bc7,gx-no-cache=1484685877580 HTTP/1.1" 200 30
192.168.10.17 - - [17/Jan/2017:16:41:36 -0300] "POST /cormun/servlet/solicitudgral2?9bd17447f74320e3b92e3806bd547f7c,UPD,2017,3175,,gx-no-cache=1484685877619 HTTP/1.1" 200 93
192.168.10.17 - - [17/Jan/2017:16:41:36 -0300] "GET /cormun/servlet/hpexe_return? HTTP/1.1" 200 1014
192.168.10.17 - - [17/Jan/2017:16:41:36 -0300] "GET /cormun/static/gxcfg.js?2016101716175148 HTTP/1.1" 304 -
192.168.10.17 - - [17/Jan/2017:16:41:37 -0300] "GET /cormun/servlet/trsolicitudgral? HTTP/1.1" 200 9928
192.168.10.17 - - [17/Jan/2017:16:41:37 -0300] "GET /cormun/servlet/trsolicitudgral? HTTP/1.1" 200 9924
192.168.10.89 - - [17/Jan/2017:16:41:38 -0300] "POST /cormun/servlet/trsolicitudgral?e0ef5448b41de9608613121884478f08,gx-no-cache=1484685401869 HTTP/1.1" 200 5465
192.168.10.89 - - [17/Jan/2017:16:41:39 -0300] "POST /cormun/servlet/trsolicitudgral?e0ef5448b41de9608613121884478f08,gx-no-cache=1484685402815 HTTP/1.1" 200 5230
192.168.10.17 - - [17/Jan/2017:16:41:42 -0300] "GET /cormun/servlet/solicitudgral2?UPD,2017,3174, HTTP/1.1" 200 12295
192.168.10.17 - - [17/Jan/2017:16:41:43 -0300] "GET /cormun/servlet/solicitudgral2?UPD,2017,3174, HTTP/1.1" 200 12306
192.168.10.17 - - [17/Jan/2017:16:41:48 -0300] "POST /cormun/servlet/solicitudgral2?gx-no-cache=1484685889419 HTTP/1.1" 200 3198
192.168.10.17 - - [17/Jan/2017:16:41:48 -0300] "GET /cormun/servlet/solicitudgral2?3e4f7ae40518825bf02b634f86c33f71e98a33c2f270e8430436a1c5cc674a993ed9db3951599e573ffc62b0ac46e0a5f4a5c4ec76b3a093d4932e95ac6f5b65f2ec67c6705e1c86d3f2be042b9d20cdf8d4a13b31f06cc8070c83db2aac42f579860c2f6f16c2411f3f513eb047782797f24e5dc9c30f44be3949b153eceee1d7fe1090551ef067e46ffd857693214b1a7793e7968edd023c3f52548543934bb032a0df228836cf9a90d0f8de80d51d54ee6845284fcb7740fb76c5a56ca67f5d45435e10bb99fa8d1d6d40691ff86c96402a932c282268515bd829087bdcceae7a125ce6a0ce4aa0dfc6ad20fe3ba71b96a72c0a0f6e8fb014933e668d0c1c4b2f977112833ef5b55d90f0a05e0d5d8ed9d3aec05e1a7edca7db5e0ed14c7cda2c393a7cc371f29af169e57a3e39ba9fd7822763a8bf31262ce93dbfd68aff2669cc4689a2f3ff103590582cd82b9a,gx-no-cache=1484685889543 HTTP/1.1" 200 258
192.168.10.17 - - [17/Jan/2017:16:41:48 -0300] "POST /cormun/servlet/solicitudgral2?gx-no-cache=1484685889571 HTTP/1.1" 200 1340
192.168.10.17 - - [17/Jan/2017:16:41:48 -0300] "GET /cormun/servlet/solicitudgral2?3e4f7ae40518825bf02b634f86c33f719fdce7aae7a174645987f8b225c9eea069f07bbf527d837fcbc088f6d78d7280f4a5c4ec76b3a093d4932e95ac6f5b653bcf76406067938ba8b42bc2c55d8da22335674ee2e27dfb9139a0bd0d588e34fa12f3edae610e8e67cd80b5796c6726,gx-no-cache=1484685889637 HTTP/1.1" 200 41
192.168.10.89 - - [17/Jan/2017:16:41:51 -0300] "POST /cormun/servlet/trsolicitudgral?e0ef5448b41de9608613121884478f08,gx-no-cache=1484685414962 HTTP/1.1" 200 6764
192.168.10.17 - - [17/Jan/2017:16:41:55 -0300] "POST /cormun/servlet/solicitudgral2?9bd17447f74320e3b92e3806bd547f7c,UPD,2017,3174,,gx-no-cache=1484685896160 HTTP/1.1" 200 10558
192.168.10.17 - - [17/Jan/2017:16:42:02 -0300] "GET /cormun/servlet/solicitudgral2?3e4f7ae40518825bf02b634f86c33f71e6024e00644b7eb844f3f88fdf7d63656f93222f570787ec8aa8f9e85e9e06f36be81b5fe56c5ae7357b454f4933615800dc6a04532201011539214a91ce549d9ac414886eb02d0894912d2933e9a473c15b86474a31f66c6b49f5a1be6c65c398394942a15ec77d14fdbbb198d460eecbfa55e52789e774e8528b9ab9101dc357df60a00c592f05afa7a8800f5e9e37,gx-no-cache=1484685902882 HTTP/1.1" 200 29
192.168.10.17 - - [17/Jan/2017:16:42:02 -0300] "POST /cormun/servlet/solicitudgral2?gx-no-cache=1484685902923 HTTP/1.1" 200 1236
192.168.10.17 - - [17/Jan/2017:16:42:02 -0300] "POST /cormun/servlet/solicitudgral2?gx-no-cache=1484685902978 HTTP/1.1" 200 1141
192.168.10.17 - - [17/Jan/2017:16:42:06 -0300] "GET /cormun/servlet/solicitudgral2?3e4f7ae40518825bf02b634f86c33f71e6026574ea630504340b3dcfda8d287ab8eb3b5413cbcd1cae7920a4fa512c6f818a9f13dc3c2eb97a6385aadc944d8598b69edcd1c52e20706adaec3a0625a5b2e9f48efea720b1888020499a1db691f1fe125771c93426df84d8526af3341b6816dc1850cc91c9db7f92437aea7bc7,gx-no-cache=1484685907740 HTTP/1.1" 200 30
192.168.10.17 - - [17/Jan/2017:16:42:07 -0300] "POST /cormun/servlet/solicitudgral2?9bd17447f74320e3b92e3806bd547f7c,UPD,2017,3174,,gx-no-cache=1484685907770 HTTP/1.1" 200 93
192.168.10.17 - - [17/Jan/2017:16:42:07 -0300] "GET /cormun/servlet/hpexe_return? HTTP/1.1" 200 1013
192.168.10.17 - - [17/Jan/2017:16:42:07 -0300] "GET /cormun/servlet/trsolicitudgral HTTP/1.1" 200 9926
192.168.10.17 - - [17/Jan/2017:16:42:07 -0300] "GET /cormun/servlet/trsolicitudgral HTTP/1.1" 200 9923
192.168.10.17 - - [17/Jan/2017:16:42:32 -0300] "POST /cormun/servlet/trsolicitudgral?9bd17447f74320e3b92e3806bd547f7c,gx-no-cache=1484685933681 HTTP/1.1" 200 7046
192.168.10.89 - - [17/Jan/2017:16:42:34 -0300] "POST /cormun/servlet/trsolicitudgral?e0ef5448b41de9608613121884478f08,gx-no-cache=1484685457626 HTTP/1.1" 200 6524
192.168.10.89 - - [17/Jan/2017:16:42:35 -0300] "POST /cormun/servlet/trsolicitudgral?e0ef5448b41de9608613121884478f08,gx-no-cache=1484685459045 HTTP/1.1" 200 6464
192.168.10.89 - - [17/Jan/2017:16:42:40 -0300] "POST /cormun/servlet/trsolicitudgral?e0ef5448b41de9608613121884478f08,gx-no-cache=1484685463643 HTTP/1.1" 200 5457
192.168.10.89 - - [17/Jan/2017:16:42:41 -0300] "POST /cormun/servlet/trsolicitudgral?e0ef5448b41de9608613121884478f08,gx-no-cache=1484685465014 HTTP/1.1" 200 5225
192.168.10.17 - - [17/Jan/2017:16:42:51 -0300] "GET /cormun/servlet/solicitudgral?UPD,2017,3127, HTTP/1.1" 200 12146
192.168.10.17 - - [17/Jan/2017:16:42:51 -0300] "GET /cormun/servlet/solicitudgral?UPD,2017,3127, HTTP/1.1" 200 12155
192.168.10.17 - - [17/Jan/2017:16:42:52 -0300] "POST /cormun/servlet/solicitudgral?gx-no-cache=1484685953259 HTTP/1.1" 200 3193
192.168.10.17 - - [17/Jan/2017:16:42:52 -0300] "GET /cormun/servlet/solicitudgral?3e4f7ae40518825bf02b634f86c33f71e98a33c2f270e8430436a1c5cc674a993ed9db3951599e573ffc62b0ac46e0a5f4a5c4ec76b3a093d4932e95ac6f5b65f2ec67c6705e1c86d3f2be042b9d20cd5b0578ca9e5ec13ad7143b6986b0345479860c2f6f16c2411f3f513eb047782797f24e5dc9c30f44be3949b153eceee1d7fe1090551ef067e46ffd857693214b1a7793e7968edd023c3f52548543934bb032a0df228836cf9a90d0f8de80d51d54ee6845284fcb7740fb76c5a56ca67f5d45435e10bb99fa8d1d6d40691ff86c96402a932c282268515bd829087bdcceae7a125ce6a0ce4aa0dfc6ad20fe3ba71b96a72c0a0f6e8fb014933e668d0c1c4b2f977112833ef5b55d90f0a05e0d5d8ed9d3aec05e1a7edca7db5e0ed14c7cda2c393a7cc371f29af169e57a3e39ba9fd7822763a8bf31262ce93dbfd68aff2669cc4689a2f3ff103590582cd82b9a,gx-no-cache=1484685953408 HTTP/1.1" 200 257
192.168.10.17 - - [17/Jan/2017:16:42:52 -0300] "GET /cormun/servlet/solicitudgral?3e4f7ae40518825bf02b634f86c33f7117c627eb95fae5bf87baef2a5ecd140e6cb5133fa4e576189401fe54316b139a7a061e78c0f10be031d3112a4b873a0e832d53d8f7b9eff8c4d049218875ee889688ea24f393204c4167beed4094f15dd9724b8e38f5c19459f74dcd0186cd05c020995f1532ee44b6e9add52aee95ced730cbbef2638e527692f41ad40270cb394ffe1f0fe812c86ea5ebab112f6631f8eea8d23ad74b0dbb1e431018f9836c25dd3c44593759605499baddc6f26ed056f96af922eac64511cabf6b4a3b89e91d0bf827bd1379af9e1c731c2c8914c1fbe49c40d2cb8d2c349055ed0a5b8c14451db7cbbaa799e5d320d8d8796be3f01c46228ab6575f7a7069067fdf217ed63ca1a18570151fcf959ae0b50893fa8e0fb9932850376340c21083aca1d786d74972e8c5f77cb1df6f3b37e34ae3890f74d9e30a1ec912b0f4327061b2b224f21bad093312ed1c0b6b27a8c2e975fc3ca415bbe8cbd1368853dfad2e18d4ec91962ea3318f1b35b77621470d6674c83a4e78844acb2a88e1b6ea8c438c42c631d9ec4565ef0e8b40610bd9ea380b9ea6b17441010a2b9997ed95c66a487029d980f39477e7313889e98757d6b8128b75203689cda90c637c99defe384fb711c393095df325169b3f76b366b6d18dda0c24ad65fa2ec9bbd2e0f1288f90d80d35a7c88f581982a579e506fbb0d58d31e73d5d05e1ae783f38ca997f6780a9fb71386a9903d73e4d06f278f2df9e3e2f3156c31b94676f0b868000ceccb10778e9,gx-no-cache=1484685953780 HTTP/1.1" 200 48
192.168.10.89 - - [17/Jan/2017:16:42:53 -0300] "POST /cormun/servlet/trsolicitudgral?e0ef5448b41de9608613121884478f08,gx-no-cache=1484685476851 HTTP/1.1" 200 6471
192.168.10.17 - - [17/Jan/2017:16:42:54 -0300] "POST /cormun/servlet/solicitudgral?9bd17447f74320e3b92e3806bd547f7c,UPD,2017,3127,,gx-no-cache=1484685955019 HTTP/1.1" 200 10522
192.168.10.17 - - [17/Jan/2017:16:42:56 -0300] "GET /cormun/servlet/solicitudgral?3e4f7ae40518825bf02b634f86c33f71e6024e00644b7eb844f3f88fdf7d63656f93222f570787ec8aa8f9e85e9e06f36be81b5fe56c5ae7357b454f4933615800dc6a04532201011539214a91ce549d9ac414886eb02d0894912d2933e9a473c15b86474a31f66c6b49f5a1be6c65c398394942a15ec77d14fdbbb198d460eecbfa55e52789e774e8528b9ab9101dc357df60a00c592f05afa7a8800f5e9e37,gx-no-cache=1484685956959 HTTP/1.1" 200 29
192.168.10.17 - - [17/Jan/2017:16:42:56 -0300] "POST /cormun/servlet/solicitudgral?gx-no-cache=1484685956995 HTTP/1.1" 200 1235
192.168.10.17 - - [17/Jan/2017:16:42:56 -0300] "POST /cormun/servlet/solicitudgral?gx-no-cache=1484685957044 HTTP/1.1" 200 1141
192.168.10.17 - - [17/Jan/2017:16:42:56 -0300] "POST /cormun/servlet/solicitudgral?9bd17447f74320e3b92e3806bd547f7c,UPD,2017,3127,,gx-no-cache=1484685957083 HTTP/1.1" 200 93
192.168.10.17 - - [17/Jan/2017:16:42:56 -0300] "GET /cormun/servlet/hpexe_return? HTTP/1.1" 200 1034
192.168.10.17 - - [17/Jan/2017:16:42:56 -0300] "GET /cormun/servlet/trsolicitudgral?gx-no-cache=1484685933681 HTTP/1.1" 200 10177
192.168.10.17 - - [17/Jan/2017:16:42:57 -0300] "GET /cormun/servlet/trsolicitudgral?gx-no-cache=1484685933681 HTTP/1.1" 200 10194
192.168.10.89 - - [17/Jan/2017:16:43:00 -0300] "POST /cormun/servlet/trsolicitudgral?e0ef5448b41de9608613121884478f08,gx-no-cache=1484685483786 HTTP/1.1" 200 5454
192.168.10.89 - - [17/Jan/2017:16:43:01 -0300] "POST /cormun/servlet/trsolicitudgral?e0ef5448b41de9608613121884478f08,gx-no-cache=1484685485160 HTTP/1.1" 200 5223
192.168.10.17 - - [17/Jan/2017:16:43:08 -0300] "GET /cormun/servlet/solicitudgral2?UPD,2017,3129, HTTP/1.1" 200 12322
192.168.10.17 - - [17/Jan/2017:16:43:09 -0300] "GET /cormun/servlet/solicitudgral2?UPD,2017,3129, HTTP/1.1" 200 12311
192.168.10.17 - - [17/Jan/2017:16:43:09 -0300] "POST /cormun/servlet/solicitudgral2?gx-no-cache=1484685970730 HTTP/1.1" 200 3193
192.168.10.17 - - [17/Jan/2017:16:43:10 -0300] "GET /cormun/servlet/solicitudgral2?3e4f7ae40518825bf02b634f86c33f71e98a33c2f270e8430436a1c5cc674a993ed9db3951599e573ffc62b0ac46e0a5f4a5c4ec76b3a093d4932e95ac6f5b65f2ec67c6705e1c86d3f2be042b9d20cd5b0578ca9e5ec13ad7143b6986b0345479860c2f6f16c2411f3f513eb047782797f24e5dc9c30f44be3949b153eceee1d7fe1090551ef067e46ffd857693214b1a7793e7968edd023c3f52548543934bb032a0df228836cf9a90d0f8de80d51d54ee6845284fcb7740fb76c5a56ca67f5d45435e10bb99fa8d1d6d40691ff86c96402a932c282268515bd829087bdcceae7a125ce6a0ce4aa0dfc6ad20fe3ba71b96a72c0a0f6e8fb014933e668d0c1c4b2f977112833ef5b55d90f0a05e0d5d8ed9d3aec05e1a7edca7db5e0ed14c7cda2c393a7cc371f29af169e57a3e39ba9fd7822763a8bf31262ce93dbfd68aff2669cc4689a2f3ff103590582cd82b9a,gx-no-cache=1484685970868 HTTP/1.1" 200 257
192.168.10.17 - - [17/Jan/2017:16:43:10 -0300] "POST /cormun/servlet/solicitudgral2?gx-no-cache=1484685970895 HTTP/1.1" 200 1340
192.168.10.17 - - [17/Jan/2017:16:43:10 -0300] "GET /cormun/servlet/solicitudgral2?3e4f7ae40518825bf02b634f86c33f719fdce7aae7a174645987f8b225c9eea069f07bbf527d837fcbc088f6d78d7280f4a5c4ec76b3a093d4932e95ac6f5b653bcf76406067938ba8b42bc2c55d8da22335674ee2e27dfb9139a0bd0d588e34fa12f3edae610e8e67cd80b5796c6726,gx-no-cache=1484685970946 HTTP/1.1" 200 41
192.168.10.17 - - [17/Jan/2017:16:43:13 -0300] "POST /cormun/servlet/solicitudgral2?9bd17447f74320e3b92e3806bd547f7c,UPD,2017,3129,,gx-no-cache=1484685974190 HTTP/1.1" 200 10591
192.168.10.89 - - [17/Jan/2017:16:43:14 -0300] "POST /cormun/servlet/trsolicitudgral?e0ef5448b41de9608613121884478f08,gx-no-cache=1484685497646 HTTP/1.1" 200 6490
192.168.10.17 - - [17/Jan/2017:16:43:15 -0300] "GET /cormun/servlet/solicitudgral2?3e4f7ae40518825bf02b634f86c33f71e6024e00644b7eb844f3f88fdf7d63656f93222f570787ec8aa8f9e85e9e06f36be81b5fe56c5ae7357b454f4933615800dc6a04532201011539214a91ce549d9ac414886eb02d0894912d2933e9a473c15b86474a31f66c6b49f5a1be6c65c398394942a15ec77d14fdbbb198d460eecbfa55e52789e774e8528b9ab9101dc357df60a00c592f05afa7a8800f5e9e37,gx-no-cache=1484685976003 HTTP/1.1" 200 29
192.168.10.17 - - [17/Jan/2017:16:43:15 -0300] "POST /cormun/servlet/solicitudgral2?gx-no-cache=1484685976019 HTTP/1.1" 200 1236
192.168.10.17 - - [17/Jan/2017:16:43:15 -0300] "POST /cormun/servlet/solicitudgral2?gx-no-cache=1484685976085 HTTP/1.1" 200 1141
192.168.10.17 - - [17/Jan/2017:16:43:15 -0300] "GET /cormun/servlet/solicitudgral2?3e4f7ae40518825bf02b634f86c33f71e6026574ea630504340b3dcfda8d287ab8eb3b5413cbcd1cae7920a4fa512c6f818a9f13dc3c2eb97a6385aadc944d8598b69edcd1c52e20706adaec3a0625a5b2e9f48efea720b1888020499a1db691f1fe125771c93426df84d8526af3341b6816dc1850cc91c9db7f92437aea7bc7,gx-no-cache=1484685976130 HTTP/1.1" 200 30
192.168.10.17 - - [17/Jan/2017:16:43:15 -0300] "POST /cormun/servlet/solicitudgral2?9bd17447f74320e3b92e3806bd547f7c,UPD,2017,3129,,gx-no-cache=1484685976159 HTTP/1.1" 200 93
192.168.10.17 - - [17/Jan/2017:16:43:15 -0300] "GET /cormun/servlet/hpexe_return? HTTP/1.1" 200 1035
192.168.10.17 - - [17/Jan/2017:16:43:15 -0300] "GET /cormun/servlet/trsolicitudgral?gx-no-cache=1484685933681 HTTP/1.1" 200 10175
192.168.10.17 - - [17/Jan/2017:16:43:16 -0300] "GET /cormun/servlet/trsolicitudgral?gx-no-cache=1484685933681 HTTP/1.1" 200 10192
192.168.10.89 - - [17/Jan/2017:16:43:22 -0300] "POST /cormun/servlet/trsolicitudgral?e0ef5448b41de9608613121884478f08,gx-no-cache=1484685506084 HTTP/1.1" 200 5459
192.168.10.89 - - [17/Jan/2017:16:43:24 -0300] "POST /cormun/servlet/trsolicitudgral?e0ef5448b41de9608613121884478f08,gx-no-cache=1484685507640 HTTP/1.1" 200 5226
192.168.10.17 - - [17/Jan/2017:16:43:39 -0300] "POST /cormun/servlet/trsolicitudgral?9bd17447f74320e3b92e3806bd547f7c,gx-no-cache=1484685933681,gx-no-cache=1484686000641 HTTP/1.1" 200 5239
192.168.10.17 - - [17/Jan/2017:16:43:44 -0300] "POST /cormun/servlet/trsolicitudgral?9bd17447f74320e3b92e3806bd547f7c,gx-no-cache=1484685933681,gx-no-cache=1484686005276 HTTP/1.1" 200 6775
192.168.10.17 - - [17/Jan/2017:16:43:55 -0300] "GET /cormun/servlet/solicitudgral?UPD,2017,3185, HTTP/1.1" 200 12161
192.168.10.17 - - [17/Jan/2017:16:43:56 -0300] "GET /cormun/servlet/solicitudgral?UPD,2017,3185, HTTP/1.1" 200 12149
192.168.10.17 - - [17/Jan/2017:16:43:56 -0300] "POST /cormun/servlet/solicitudgral?gx-no-cache=1484686017429 HTTP/1.1" 200 3187
192.168.10.17 - - [17/Jan/2017:16:43:56 -0300] "GET /cormun/servlet/solicitudgral?3e4f7ae40518825bf02b634f86c33f71e98a33c2f270e8430436a1c5cc674a993ed9db3951599e573ffc62b0ac46e0a5f4a5c4ec76b3a093d4932e95ac6f5b65f2ec67c6705e1c86d3f2be042b9d20cd5b0578ca9e5ec13ad7143b6986b0345479860c2f6f16c2411f3f513eb047782797f24e5dc9c30f44be3949b153eceee1d7fe1090551ef067e46ffd857693214b1a7793e7968edd023c3f52548543934bb032a0df228836cf9a90d0f8de80d51d54ee6845284fcb7740fb76c5a56ca67f5d45435e10bb99fa8d1d6d40691ff86c96402a932c282268515bd829087bdcceae7a125ce6a0ce4aa0dfc6ad20fe3ba71b96a72c0a0f6e8fb014933e668d0c1c4b2f977112833ef5b55d90f0a05e0d5d8ed9d3aec05e1a7edca7db5e0ed14c7cda2c393a7cc371f29af169e57a3e39ba9fd7822763a8bf31262ce93dbfd68aff2669cc4689a2f3ff103590582cd82b9a,gx-no-cache=1484686017582 HTTP/1.1" 200 257
192.168.10.17 - - [17/Jan/2017:16:43:57 -0300] "GET /cormun/servlet/solicitudgral?3e4f7ae40518825bf02b634f86c33f7117c627eb95fae5bf87baef2a5ecd140ea85923e87c9d5ac98921d925c8cf3aa8889dcfa44996eb96fe78077724a6f76b36ca4a6b6534b526b60f5cc42f46de4df0f151b8ec6510c6e80317f6527f5da061e9fbac93c0d329c9c507a2c27b150ff9232f4c1935ae6b3f7e6f3d21545b04d393611d6ebb03d48cee173f2787199524bf62401b0aa9827faa2ddb19c64825c2f6468132b91704b7880af654a4ea71adbe5115078cccf63df66db4ed451c068541c207f0df7ac17114e47bb84eb2eb8659b272ce96582602976271a3e79c1b4efe62605077873dbe53ea38560e607424ac99e9b02d5a7338c6518885cc8192db10af5568b128dc0c1a207c0ee2b9af745bf2bcece3ab7f6d2250dca1e5ad11eca1abbb55b0cc9ed94c11cc078f7de0ce98a0c241949c93b8a7e68999415cc7022b3b70ff6b1c3c3b67f8d3a6b6195c465a8b80b412c3280c38b4a60072268812c0cf4269aa98fd9f8420251077362cccf4beeb24cb136955d1389391cb2b5e4820b827a25518d974f1ff9323e42163b8ef65f3e4b5dda66367a24626c502d580f39477e7313889e98757d6b8128b75f9849339c59eb101924e7e20b644a6d59c7edcc51fa8b8e2d40abc3ef0b75d69f5253febe3c540ac6c3ea0102a18534137da0ca1a5e515280498b0cc6847196cb8ef65f3e4b5dda66367a24626c502d51210d308d27bfbc502f75e3bc2ee7522af8b133d08098cdbc5e5d8acff75a30b14df85fa24072ad156cc440f859567872744fb535945c6a5b145d10beadeca41,gx-no-cache=1484686018030 HTTP/1.1" 200 48
192.168.10.17 - - [17/Jan/2017:16:43:58 -0300] "POST /cormun/servlet/solicitudgral?9bd17447f74320e3b92e3806bd547f7c,UPD,2017,3185,,gx-no-cache=1484686019721 HTTP/1.1" 200 10547
192.168.10.17 - - [17/Jan/2017:16:44:00 -0300] "GET /cormun/servlet/solicitudgral?3e4f7ae40518825bf02b634f86c33f71e6024e00644b7eb844f3f88fdf7d63656f93222f570787ec8aa8f9e85e9e06f36be81b5fe56c5ae7357b454f4933615800dc6a04532201011539214a91ce549d9ac414886eb02d0894912d2933e9a473c15b86474a31f66c6b49f5a1be6c65c398394942a15ec77d14fdbbb198d460eecbfa55e52789e774e8528b9ab9101dc357df60a00c592f05afa7a8800f5e9e37,gx-no-cache=1484686021094 HTTP/1.1" 200 29
192.168.10.17 - - [17/Jan/2017:16:44:00 -0300] "POST /cormun/servlet/solicitudgral?gx-no-cache=1484686021130 HTTP/1.1" 200 1235
192.168.10.17 - - [17/Jan/2017:16:44:00 -0300] "POST /cormun/servlet/solicitudgral?gx-no-cache=1484686021190 HTTP/1.1" 200 1140
192.168.10.17 - - [17/Jan/2017:16:44:00 -0300] "POST /cormun/servlet/solicitudgral?9bd17447f74320e3b92e3806bd547f7c,UPD,2017,3185,,gx-no-cache=1484686021286 HTTP/1.1" 200 93
192.168.10.17 - - [17/Jan/2017:16:44:00 -0300] "GET /cormun/servlet/hpexe_return? HTTP/1.1" 200 1034
192.168.10.17 - - [17/Jan/2017:16:44:00 -0300] "GET /cormun/servlet/trsolicitudgral?gx-no-cache=1484685933681 HTTP/1.1" 200 9906
192.168.10.17 - - [17/Jan/2017:16:44:01 -0300] "GET /cormun/servlet/trsolicitudgral?gx-no-cache=1484685933681 HTTP/1.1" 200 9924
192.168.10.17 - - [17/Jan/2017:16:44:05 -0300] "GET /cormun/servlet/solicitudgral2?UPD,2017,3186, HTTP/1.1" 200 12314
192.168.10.17 - - [17/Jan/2017:16:44:06 -0300] "GET /cormun/servlet/solicitudgral2?UPD,2017,3186, HTTP/1.1" 200 12301
192.168.10.17 - - [17/Jan/2017:16:44:09 -0300] "POST /cormun/servlet/solicitudgral2?gx-no-cache=1484686030744 HTTP/1.1" 200 3187
192.168.10.17 - - [17/Jan/2017:16:44:10 -0300] "GET /cormun/servlet/solicitudgral2?3e4f7ae40518825bf02b634f86c33f71e98a33c2f270e8430436a1c5cc674a993ed9db3951599e573ffc62b0ac46e0a5f4a5c4ec76b3a093d4932e95ac6f5b65f2ec67c6705e1c86d3f2be042b9d20cd5b0578ca9e5ec13ad7143b6986b0345479860c2f6f16c2411f3f513eb047782797f24e5dc9c30f44be3949b153eceee1d7fe1090551ef067e46ffd857693214b1a7793e7968edd023c3f52548543934bb032a0df228836cf9a90d0f8de80d51d54ee6845284fcb7740fb76c5a56ca67f5d45435e10bb99fa8d1d6d40691ff86c96402a932c282268515bd829087bdcceae7a125ce6a0ce4aa0dfc6ad20fe3ba71b96a72c0a0f6e8fb014933e668d0c1c4b2f977112833ef5b55d90f0a05e0d5d8ed9d3aec05e1a7edca7db5e0ed14c7cda2c393a7cc371f29af169e57a3e39ba9fd7822763a8bf31262ce93dbfd68aff2669cc4689a2f3ff103590582cd82b9a,gx-no-cache=1484686030887 HTTP/1.1" 200 257
192.168.10.17 - - [17/Jan/2017:16:44:10 -0300] "POST /cormun/servlet/solicitudgral2?gx-no-cache=1484686030916 HTTP/1.1" 200 1340
192.168.10.17 - - [17/Jan/2017:16:44:10 -0300] "GET /cormun/servlet/solicitudgral2?3e4f7ae40518825bf02b634f86c33f719fdce7aae7a174645987f8b225c9eea069f07bbf527d837fcbc088f6d78d7280f4a5c4ec76b3a093d4932e95ac6f5b653bcf76406067938ba8b42bc2c55d8da22335674ee2e27dfb9139a0bd0d588e34fa12f3edae610e8e67cd80b5796c6726,gx-no-cache=1484686030979 HTTP/1.1" 200 41
192.168.10.17 - - [17/Jan/2017:16:44:13 -0300] "POST /cormun/servlet/solicitudgral2?9bd17447f74320e3b92e3806bd547f7c,UPD,2017,3186,,gx-no-cache=1484686034256 HTTP/1.1" 200 10578
192.168.10.17 - - [17/Jan/2017:16:44:15 -0300] "GET /cormun/servlet/solicitudgral2?3e4f7ae40518825bf02b634f86c33f71e6024e00644b7eb844f3f88fdf7d63656f93222f570787ec8aa8f9e85e9e06f36be81b5fe56c5ae7357b454f4933615800dc6a04532201011539214a91ce549d9ac414886eb02d0894912d2933e9a473c15b86474a31f66c6b49f5a1be6c65c398394942a15ec77d14fdbbb198d460eecbfa55e52789e774e8528b9ab9101dc357df60a00c592f05afa7a8800f5e9e37,gx-no-cache=1484686036599 HTTP/1.1" 200 29
192.168.10.17 - - [17/Jan/2017:16:44:16 -0300] "POST /cormun/servlet/solicitudgral2?gx-no-cache=1484686036733 HTTP/1.1" 200 1236
192.168.10.17 - - [17/Jan/2017:16:44:16 -0300] "POST /cormun/servlet/solicitudgral2?gx-no-cache=1484686036918 HTTP/1.1" 200 1140
192.168.10.17 - - [17/Jan/2017:16:44:16 -0300] "GET /cormun/servlet/solicitudgral2?3e4f7ae40518825bf02b634f86c33f71e6026574ea630504340b3dcfda8d287ab8eb3b5413cbcd1cae7920a4fa512c6f818a9f13dc3c2eb97a6385aadc944d8598b69edcd1c52e20706adaec3a0625a5b2e9f48efea720b1888020499a1db691f1fe125771c93426df84d8526af3341b6816dc1850cc91c9db7f92437aea7bc7,gx-no-cache=1484686036963 HTTP/1.1" 200 30
192.168.10.17 - - [17/Jan/2017:16:44:16 -0300] "POST /cormun/servlet/solicitudgral2?9bd17447f74320e3b92e3806bd547f7c,UPD,2017,3186,,gx-no-cache=1484686036993 HTTP/1.1" 200 93
192.168.10.17 - - [17/Jan/2017:16:44:16 -0300] "GET /cormun/servlet/hpexe_return? HTTP/1.1" 200 1035
192.168.10.17 - - [17/Jan/2017:16:44:16 -0300] "GET /cormun/servlet/trsolicitudgral?gx-no-cache=1484685933681 HTTP/1.1" 200 9908
192.168.10.17 - - [17/Jan/2017:16:44:17 -0300] "GET /cormun/servlet/trsolicitudgral?gx-no-cache=1484685933681 HTTP/1.1" 200 9926
192.168.10.89 - - [17/Jan/2017:16:44:24 -0300] "POST /cormun/servlet/trsolicitudgral?e0ef5448b41de9608613121884478f08,gx-no-cache=1484685567452 HTTP/1.1" 200 6486
192.168.10.89 - - [17/Jan/2017:16:44:30 -0300] "POST /cormun/servlet/trsolicitudgral?e0ef5448b41de9608613121884478f08,gx-no-cache=1484685573731 HTTP/1.1" 200 5454
192.168.10.89 - - [17/Jan/2017:16:44:32 -0300] "POST /cormun/servlet/trsolicitudgral?e0ef5448b41de9608613121884478f08,gx-no-cache=1484685575403 HTTP/1.1" 200 5230
192.168.10.17 - - [17/Jan/2017:16:44:33 -0300] "POST /cormun/servlet/trsolicitudgral?9bd17447f74320e3b92e3806bd547f7c,gx-no-cache=1484685933681,gx-no-cache=1484686054085 HTTP/1.1" 200 7040
192.168.10.17 - - [17/Jan/2017:16:44:44 -0300] "GET /cormun/servlet/solicitudgral2?UPD,2017,3120, HTTP/1.1" 200 12292
192.168.10.17 - - [17/Jan/2017:16:44:45 -0300] "GET /cormun/servlet/solicitudgral2?UPD,2017,3120, HTTP/1.1" 200 12282
192.168.10.17 - - [17/Jan/2017:16:44:45 -0300] "POST /cormun/servlet/solicitudgral2?gx-no-cache=1484686066708 HTTP/1.1" 200 3174
192.168.10.17 - - [17/Jan/2017:16:44:46 -0300] "GET /cormun/servlet/solicitudgral2?3e4f7ae40518825bf02b634f86c33f71e98a33c2f270e8430436a1c5cc674a993ed9db3951599e573ffc62b0ac46e0a5f4a5c4ec76b3a093d4932e95ac6f5b65f2ec67c6705e1c86d3f2be042b9d20cd5b0578ca9e5ec13ad7143b6986b0345479860c2f6f16c2411f3f513eb047782797f24e5dc9c30f44be3949b153eceee1d7fe1090551ef067e46ffd857693214b1a7793e7968edd023c3f52548543934bb032a0df228836cf9a90d0f8de80d51d54ee6845284fcb7740fb76c5a56ca67f5d45435e10bb99fa8d1d6d40691ff86c96402a932c282268515bd829087bdcceae7a125ce6a0ce4aa0dfc6ad20fe3ba71b96a72c0a0f6e8fb014933e668d0c1c4b2f977112833ef5b55d90f0a05e0d5d8ed9d3aec05e1a7edca7db5e0ed14c7cda2c393a7cc371f29af169e57a3e39ba9fd7822763a8bf31262ce93dbfd68aff2669cc4689a2f3ff103590582cd82b9a,gx-no-cache=1484686066849 HTTP/1.1" 200 257
192.168.10.17 - - [17/Jan/2017:16:44:46 -0300] "POST /cormun/servlet/solicitudgral2?gx-no-cache=1484686066878 HTTP/1.1" 200 1340
192.168.10.17 - - [17/Jan/2017:16:44:46 -0300] "GET /cormun/servlet/solicitudgral2?3e4f7ae40518825bf02b634f86c33f719fdce7aae7a174645987f8b225c9eea069f07bbf527d837fcbc088f6d78d7280f4a5c4ec76b3a093d4932e95ac6f5b653bcf76406067938ba8b42bc2c55d8da22335674ee2e27dfb9139a0bd0d588e34fa12f3edae610e8e67cd80b5796c6726,gx-no-cache=1484686066943 HTTP/1.1" 200 41
192.168.10.17 - - [17/Jan/2017:16:44:47 -0300] "POST /cormun/servlet/solicitudgral2?9bd17447f74320e3b92e3806bd547f7c,UPD,2017,3120,,gx-no-cache=1484686068433 HTTP/1.1" 200 10568
192.168.10.17 - - [17/Jan/2017:16:44:48 -0300] "GET /cormun/servlet/solicitudgral2?3e4f7ae40518825bf02b634f86c33f71e6024e00644b7eb844f3f88fdf7d63656f93222f570787ec8aa8f9e85e9e06f36be81b5fe56c5ae7357b454f4933615800dc6a04532201011539214a91ce549d9ac414886eb02d0894912d2933e9a473c15b86474a31f66c6b49f5a1be6c65c398394942a15ec77d14fdbbb198d460eecbfa55e52789e774e8528b9ab9101dc357df60a00c592f05afa7a8800f5e9e37,gx-no-cache=1484686069758 HTTP/1.1" 200 29
192.168.10.17 - - [17/Jan/2017:16:44:48 -0300] "POST /cormun/servlet/solicitudgral2?gx-no-cache=1484686069793 HTTP/1.1" 200 1236
192.168.10.17 - - [17/Jan/2017:16:44:49 -0300] "POST /cormun/servlet/solicitudgral2?gx-no-cache=1484686069840 HTTP/1.1" 200 1141
192.168.10.17 - - [17/Jan/2017:16:44:49 -0300] "GET /cormun/servlet/solicitudgral2?3e4f7ae40518825bf02b634f86c33f71e6026574ea630504340b3dcfda8d287ab8eb3b5413cbcd1cae7920a4fa512c6f818a9f13dc3c2eb97a6385aadc944d8598b69edcd1c52e20706adaec3a0625a5b2e9f48efea720b1888020499a1db691f1fe125771c93426df84d8526af3341b6816dc1850cc91c9db7f92437aea7bc7,gx-no-cache=1484686069887 HTTP/1.1" 200 30
192.168.10.17 - - [17/Jan/2017:16:44:49 -0300] "POST /cormun/servlet/solicitudgral2?9bd17447f74320e3b92e3806bd547f7c,UPD,2017,3120,,gx-no-cache=1484686069916 HTTP/1.1" 200 93
192.168.10.17 - - [17/Jan/2017:16:44:49 -0300] "GET /cormun/servlet/hpexe_return? HTTP/1.1" 200 1035
192.168.10.17 - - [17/Jan/2017:16:44:49 -0300] "GET /cormun/servlet/trsolicitudgral?gx-no-cache=1484685933681 HTTP/1.1" 200 10162
192.168.10.17 - - [17/Jan/2017:16:44:50 -0300] "GET /cormun/servlet/trsolicitudgral?gx-no-cache=1484685933681 HTTP/1.1" 200 10179
192.168.10.17 - - [17/Jan/2017:16:45:16 -0300] "POST /cormun/servlet/trsolicitudgral?9bd17447f74320e3b92e3806bd547f7c,gx-no-cache=1484685933681,gx-no-cache=1484686097448 HTTP/1.1" 200 7036
192.168.10.17 - - [17/Jan/2017:16:45:28 -0300] "GET /cormun/servlet/solicitudgral2?UPD,2017,3142, HTTP/1.1" 200 12323
192.168.10.17 - - [17/Jan/2017:16:45:29 -0300] "GET /cormun/servlet/solicitudgral2?UPD,2017,3142, HTTP/1.1" 200 12312
192.168.10.17 - - [17/Jan/2017:16:45:29 -0300] "POST /cormun/servlet/solicitudgral2?gx-no-cache=1484686110337 HTTP/1.1" 200 3197
192.168.10.17 - - [17/Jan/2017:16:45:29 -0300] "GET /cormun/servlet/solicitudgral2?3e4f7ae40518825bf02b634f86c33f71e98a33c2f270e8430436a1c5cc674a993ed9db3951599e573ffc62b0ac46e0a5f4a5c4ec76b3a093d4932e95ac6f5b65f2ec67c6705e1c86d3f2be042b9d20cd5b0578ca9e5ec13ad7143b6986b0345479860c2f6f16c2411f3f513eb047782797f24e5dc9c30f44be3949b153eceee1d7fe1090551ef067e46ffd857693214b1a7793e7968edd023c3f52548543934bb032a0df228836cf9a90d0f8de80d51d54ee6845284fcb7740fb76c5a56ca67f5d45435e10bb99fa8d1d6d40691ff86c96402a932c282268515bd829087bdcceae7a125ce6a0ce4aa0dfc6ad20fe3ba71b96a72c0a0f6e8fb014933e668d0c1c4b2f977112833ef5b55d90f0a05e0d5d8ed9d3aec05e1a7edca7db5e0ed14c7cda2c393a7cc371f29af169e57a3e39ba9fd7822763a8bf31262ce93dbfd68aff2669cc4689a2f3ff103590582cd82b9a,gx-no-cache=1484686110479 HTTP/1.1" 200 257
192.168.10.17 - - [17/Jan/2017:16:45:29 -0300] "POST /cormun/servlet/solicitudgral2?gx-no-cache=1484686110512 HTTP/1.1" 200 1340
192.168.10.17 - - [17/Jan/2017:16:45:29 -0300] "GET /cormun/servlet/solicitudgral2?3e4f7ae40518825bf02b634f86c33f719fdce7aae7a174645987f8b225c9eea069f07bbf527d837fcbc088f6d78d7280f4a5c4ec76b3a093d4932e95ac6f5b653bcf76406067938ba8b42bc2c55d8da22335674ee2e27dfb9139a0bd0d588e34fa12f3edae610e8e67cd80b5796c6726,gx-no-cache=1484686110570 HTTP/1.1" 200 41
192.168.10.89 - - [17/Jan/2017:16:45:30 -0300] "POST /cormun/servlet/trsolicitudgral?e0ef5448b41de9608613121884478f08,gx-no-cache=1484685633272 HTTP/1.1" 200 6489
192.168.10.17 - - [17/Jan/2017:16:45:33 -0300] "POST /cormun/servlet/solicitudgral2?9bd17447f74320e3b92e3806bd547f7c,UPD,2017,3142,,gx-no-cache=1484686114669 HTTP/1.1" 200 10583
192.168.10.17 - - [17/Jan/2017:16:45:35 -0300] "GET /cormun/servlet/solicitudgral2?3e4f7ae40518825bf02b634f86c33f71e6024e00644b7eb844f3f88fdf7d63656f93222f570787ec8aa8f9e85e9e06f36be81b5fe56c5ae7357b454f4933615800dc6a04532201011539214a91ce549d9ac414886eb02d0894912d2933e9a473c15b86474a31f66c6b49f5a1be6c65c398394942a15ec77d14fdbbb198d460eecbfa55e52789e774e8528b9ab9101dc357df60a00c592f05afa7a8800f5e9e37,gx-no-cache=1484686116197 HTTP/1.1" 200 29
192.168.10.17 - - [17/Jan/2017:16:45:35 -0300] "POST /cormun/servlet/solicitudgral2?gx-no-cache=1484686116233 HTTP/1.1" 200 1236
192.168.10.17 - - [17/Jan/2017:16:45:35 -0300] "POST /cormun/servlet/solicitudgral2?gx-no-cache=1484686116281 HTTP/1.1" 200 1141
192.168.10.17 - - [17/Jan/2017:16:45:35 -0300] "GET /cormun/servlet/solicitudgral2?3e4f7ae40518825bf02b634f86c33f71e6026574ea630504340b3dcfda8d287ab8eb3b5413cbcd1cae7920a4fa512c6f818a9f13dc3c2eb97a6385aadc944d8598b69edcd1c52e20706adaec3a0625a5b2e9f48efea720b1888020499a1db691f1fe125771c93426df84d8526af3341b6816dc1850cc91c9db7f92437aea7bc7,gx-no-cache=1484686116327 HTTP/1.1" 200 30
192.168.10.17 - - [17/Jan/2017:16:45:35 -0300] "POST /cormun/servlet/solicitudgral2?9bd17447f74320e3b92e3806bd547f7c,UPD,2017,3142,,gx-no-cache=1484686116357 HTTP/1.1" 200 93
192.168.10.17 - - [17/Jan/2017:16:45:35 -0300] "GET /cormun/servlet/hpexe_return? HTTP/1.1" 200 1035
192.168.10.89 - - [17/Jan/2017:16:45:35 -0300] "POST /cormun/servlet/trsolicitudgral?e0ef5448b41de9608613121884478f08,gx-no-cache=1484685638938 HTTP/1.1" 200 5455
192.168.10.17 - - [17/Jan/2017:16:45:35 -0300] "GET /cormun/servlet/trsolicitudgral?gx-no-cache=1484685933681 HTTP/1.1" 200 10156
192.168.10.17 - - [17/Jan/2017:16:45:36 -0300] "GET /cormun/servlet/trsolicitudgral?gx-no-cache=1484685933681 HTTP/1.1" 200 10173
192.168.10.89 - - [17/Jan/2017:16:45:37 -0300] "POST /cormun/servlet/trsolicitudgral?e0ef5448b41de9608613121884478f08,gx-no-cache=1484685640861 HTTP/1.1" 200 5230
192.168.10.89 - - [17/Jan/2017:16:45:49 -0300] "POST /cormun/servlet/trsolicitudgral?e0ef5448b41de9608613121884478f08,gx-no-cache=1484685652382 HTTP/1.1" 200 6484
192.168.10.17 - - [17/Jan/2017:16:46:09 -0300] "POST /cormun/servlet/trsolicitudgral?9bd17447f74320e3b92e3806bd547f7c,gx-no-cache=1484685933681,gx-no-cache=1484686149811 HTTP/1.1" 200 6780
192.168.10.17 - - [17/Jan/2017:16:46:23 -0300] "GET /cormun/servlet/solicitudgral?UPD,2017,3177, HTTP/1.1" 200 12170
192.168.10.17 - - [17/Jan/2017:16:46:23 -0300] "GET /cormun/servlet/solicitudgral?UPD,2017,3177, HTTP/1.1" 200 12156
192.168.10.17 - - [17/Jan/2017:16:46:24 -0300] "POST /cormun/servlet/solicitudgral?gx-no-cache=1484686165292 HTTP/1.1" 200 3194
192.168.10.17 - - [17/Jan/2017:16:46:24 -0300] "GET /cormun/servlet/solicitudgral?3e4f7ae40518825bf02b634f86c33f71e98a33c2f270e8430436a1c5cc674a993ed9db3951599e573ffc62b0ac46e0a5f4a5c4ec76b3a093d4932e95ac6f5b65f2ec67c6705e1c86d3f2be042b9d20cd5b0578ca9e5ec13ad7143b6986b0345479860c2f6f16c2411f3f513eb047782797f24e5dc9c30f44be3949b153eceee1d7fe1090551ef067e46ffd857693214b1a7793e7968edd023c3f52548543934bb032a0df228836cf9a90d0f8de80d51d54ee6845284fcb7740fb76c5a56ca67f5d45435e10bb99fa8d1d6d40691ff86c96402a932c282268515bd829087bdcceae7a125ce6a0ce4aa0dfc6ad20fe3ba71b96a72c0a0f6e8fb014933e668d0c1c4b2f977112833ef5b55d90f0a05e0d5d8ed9d3aec05e1a7edca7db5e0ed14c7cda2c393a7cc371f29af169e57a3e39ba9fd7822763a8bf31262ce93dbfd68aff2669cc4689a2f3ff103590582cd82b9a,gx-no-cache=1484686165427 HTTP/1.1" 200 257
192.168.10.17 - - [17/Jan/2017:16:46:25 -0300] "GET /cormun/servlet/solicitudgral?3e4f7ae40518825bf02b634f86c33f7117c627eb95fae5bf87baef2a5ecd140e6cb5133fa4e576189401fe54316b139a7a061e78c0f10be031d3112a4b873a0e832d53d8f7b9eff8c4d049218875ee889688ea24f393204c4167beed4094f15dd9724b8e38f5c19459f74dcd0186cd05c020995f1532ee44b6e9add52aee95ced730cbbef2638e527692f41ad40270cb394ffe1f0fe812c86ea5ebab112f6631f8eea8d23ad74b0dbb1e431018f9836c25dd3c44593759605499baddc6f26ed056f96af922eac64511cabf6b4a3b89e91d0bf827bd1379af9e1c731c2c8914c1fbe49c40d2cb8d2c349055ed0a5b8c14451db7cbbaa799e5d320d8d8796be3f01c46228ab6575f7a7069067fdf217ed63ca1a18570151fcf959ae0b50893fa8e0fb9932850376340c21083aca1d786d74972e8c5f77cb1df6f3b37e34ae3890f74d9e30a1ec912b0f4327061b2b224f21bad093312ed1c0b6b27a8c2e975fc3ca415bbe8cbd1368853dfad2e18d4ec91962ea3318f1b35b77621470d6674c83a4e78844acb2a88e1b6ea8c438c42c631d9ec4565ef0e8b40610bd9ea380b9ea6b17441010a2b9997ed95c66a487029d980f39477e7313889e98757d6b8128b75203689cda90c637c99defe384fb711c393095df325169b3f76b366b6d18dda0c24ad65fa2ec9bbd2e0f1288f90d80d35a7c88f581982a579e506fbb0d58d31e73d5d05e1ae783f38ca997f6780a9fb71386a9903d73e4d06f278f2df9e3e2f3156c31b94676f0b868000ceccb10778e9,gx-no-cache=1484686166120 HTTP/1.1" 200 48
192.168.10.17 - - [17/Jan/2017:16:46:26 -0300] "POST /cormun/servlet/solicitudgral?9bd17447f74320e3b92e3806bd547f7c,UPD,2017,3177,,gx-no-cache=1484686167516 HTTP/1.1" 200 10535
192.168.10.17 - - [17/Jan/2017:16:46:28 -0300] "GET /cormun/servlet/solicitudgral?3e4f7ae40518825bf02b634f86c33f71e6024e00644b7eb844f3f88fdf7d63656f93222f570787ec8aa8f9e85e9e06f36be81b5fe56c5ae7357b454f4933615800dc6a04532201011539214a91ce549d9ac414886eb02d0894912d2933e9a473c15b86474a31f66c6b49f5a1be6c65c398394942a15ec77d14fdbbb198d460eecbfa55e52789e774e8528b9ab9101dc357df60a00c592f05afa7a8800f5e9e37,gx-no-cache=1484686169198 HTTP/1.1" 200 29
192.168.10.17 - - [17/Jan/2017:16:46:28 -0300] "POST /cormun/servlet/solicitudgral?gx-no-cache=1484686169234 HTTP/1.1" 200 1236
192.168.10.17 - - [17/Jan/2017:16:46:28 -0300] "POST /cormun/servlet/solicitudgral?gx-no-cache=1484686169300 HTTP/1.1" 200 1141
192.168.10.17 - - [17/Jan/2017:16:46:28 -0300] "POST /cormun/servlet/solicitudgral?9bd17447f74320e3b92e3806bd547f7c,UPD,2017,3177,,gx-no-cache=1484686169351 HTTP/1.1" 200 93
192.168.10.17 - - [17/Jan/2017:16:46:28 -0300] "GET /cormun/servlet/hpexe_return? HTTP/1.1" 200 1034
192.168.10.17 - - [17/Jan/2017:16:46:28 -0300] "GET /cormun/servlet/trsolicitudgral?gx-no-cache=1484685933681 HTTP/1.1" 200 9916
192.168.10.17 - - [17/Jan/2017:16:46:29 -0300] "GET /cormun/servlet/trsolicitudgral?gx-no-cache=1484685933681 HTTP/1.1" 200 9935
192.168.10.17 - - [17/Jan/2017:16:46:31 -0300] "GET /cormun/servlet/solicitudgral2?UPD,2017,3176, HTTP/1.1" 200 12330
192.168.10.17 - - [17/Jan/2017:16:46:32 -0300] "GET /cormun/servlet/solicitudgral2?UPD,2017,3176, HTTP/1.1" 200 12318
192.168.10.17 - - [17/Jan/2017:16:46:35 -0300] "POST /cormun/servlet/solicitudgral2?gx-no-cache=1484686176367 HTTP/1.1" 200 3194
