192.168.10.17 - - [17/Jan/2017:15:02:39 -0300] "GET /cormun/servlet/solicitudgral?a94f31be4f46c168fe36b3da4e2e443f671095364968f2b1106fed445ffcced2bd1eecf2d79562d907e9e17ef044e550103526561b3e6d3884d3f27799643793d25f499d7dd12e54f1ef818fdf386a099ed83748c8bdf52d24e14957f2d6adff32c7253bddc829465cf49aaf5379bd897de2cde139eb9b1df178ff6ccb6ae31ea3692aa08990a3b5ce5bdc1dfd71f0c4ae0085a60ac9f0e97144aaaa497dc5494a12f323c032c65449bd8540e64cb7c65ac32dee53dfc2ff8c9355ce203fb66387b670cb05eb8bba36cd3c0cb3c1c8dc2f60fc74c7ab9b8b42d2863c5192deb758395d7c17f637601b3c1d139df06b303ace0076b2941df2c6757b4caf8d288b2080c3337b7d6536fdc7510de65089e14b8c555704aa6085524c4156fef2df82940a0af51cdfbb1e593c3577126f02b5fb9e839c5b37a1942f1f0c9d594ad8ee7bb915e86a6b181f78111cd92627072738922a1f8ca17cb9446a1d79a5b5c73da32792335af8d1178d558e720e4e542ebff337c3fbf9231ae575e0a502150d8539775698a58464ff81b356c9e50af246f230f8ea3e9f397fd42c1e6724121543f80ca68b18922bb34722c7f59ea8ed166b5655c6575f8276ca3e755fef2315c91ecbf9e9c1a2d971817c702a38dd4ed9ae3b29151fe93a7ffdeb17eb0af3deef0c3aa40c22bc7f5c0a49bce4daecf81095bbb283902b52dc78868e75c87afaa115ccf17c9277ab554a527ba2afa8a861cc05eec4731edb574dd7afc2a11cb7b5cd6c23a86add81c9cc9a8ecbfd3779ec,gx-no-cache=1484679940451 HTTP/1.1" 200 48
192.168.10.17 - - [17/Jan/2017:15:02:45 -0300] "POST /cormun/servlet/solicitudgral?0e46d4af749b5a2bbc234b80a98e5804,UPD,2017,3421,,gx-no-cache=1484679946027 HTTP/1.1" 200 10515
192.168.10.17 - - [17/Jan/2017:15:02:47 -0300] "GET /cormun/servlet/solicitudgral?a94f31be4f46c168fe36b3da4e2e443f468b200615b6ad8f85f32c8d848b1980e186d840645fd4b41fc361094f5bfa0cab929393eccafaf7ce9bd289c2cb91b01983ac9b75bdc441593545a2aeb5f45708b6d4db3a5c05c529fd480f455da1ca07e3fdc820c67d231988e89d7fac2e1bd2ffd4f809a293d7428f73ab17fabab72ea16c3036ed862dafd2f606deb4182c114ba0f6735e22742fcea3214a40d687,gx-no-cache=1484679948073 HTTP/1.1" 200 29
192.168.10.17 - - [17/Jan/2017:15:02:47 -0300] "POST /cormun/servlet/solicitudgral?gx-no-cache=1484679948104 HTTP/1.1" 200 1235
192.168.10.17 - - [17/Jan/2017:15:02:47 -0300] "POST /cormun/servlet/solicitudgral?gx-no-cache=1484679948207 HTTP/1.1" 200 1141
192.168.10.17 - - [17/Jan/2017:15:02:47 -0300] "POST /cormun/servlet/solicitudgral?0e46d4af749b5a2bbc234b80a98e5804,UPD,2017,3421,,gx-no-cache=1484679948257 HTTP/1.1" 200 93
192.168.10.17 - - [17/Jan/2017:15:02:47 -0300] "GET /cormun/servlet/hpexe_return? HTTP/1.1" 200 1008
192.168.10.17 - - [17/Jan/2017:15:02:48 -0300] "GET /cormun/servlet/trsolicitudgral HTTP/1.1" 200 10235
192.168.10.17 - - [17/Jan/2017:15:02:48 -0300] "GET /cormun/servlet/trsolicitudgral HTTP/1.1" 200 10230
192.168.10.17 - - [17/Jan/2017:15:02:52 -0300] "GET /cormun/servlet/solicitudgral?UPD,2017,4672, HTTP/1.1" 200 12161
192.168.10.17 - - [17/Jan/2017:15:02:53 -0300] "GET /cormun/servlet/solicitudgral?UPD,2017,4672, HTTP/1.1" 200 12170
192.168.10.17 - - [17/Jan/2017:15:02:53 -0300] "POST /cormun/servlet/solicitudgral?gx-no-cache=1484679954269 HTTP/1.1" 200 3194
192.168.10.17 - - [17/Jan/2017:15:02:53 -0300] "GET /cormun/servlet/solicitudgral?a94f31be4f46c168fe36b3da4e2e443fcb85c117461aa389ba941b4399a3649b8d65755aa80a370323430e1e662cf8329ac757141a945a7d5c728883156c494bb7dea4cf499c27b7d90773400cce89f0c66d882097f205f91a8b78870fb0cfdf5f3e1c4f753766108cdd3c9c87e496df5de5c8b73c1ccf4edb64e4315e55d652daf6d4687fc42b369a193ec45b67a5e6074c63681c8b5d1f7d821f4ed9ce83d05210af6165c0cf3700f3abf64043a6ea9729e52f8b900907d660f21e16a4e50193e795d1f18e9e4631dd0c475910f3915f09eebb543ad6af30dc425d36e776a942d4d7d8aabf1a4ad9340bb88414e223529586612269d06ec25e865588ada59f556a3b78fa5478edb57c0189e7d878dc615a846cbebc9a36f7797a61f1e8985bc39ee95512e973de4e164a032132379b39a4002089f266301af094aee35a1faa760002000df819ac5172ec6bff868942,gx-no-cache=1484679954394 HTTP/1.1" 200 257
192.168.10.17 - - [17/Jan/2017:15:02:54 -0300] "GET /cormun/servlet/solicitudgral?a94f31be4f46c168fe36b3da4e2e443f671095364968f2b1106fed445ffcced2bd1eecf2d79562d907e9e17ef044e550103526561b3e6d3884d3f27799643793d25f499d7dd12e54f1ef818fdf386a099ed83748c8bdf52d24e14957f2d6adff32c7253bddc829465cf49aaf5379bd897de2cde139eb9b1df178ff6ccb6ae31ea3692aa08990a3b5ce5bdc1dfd71f0c4ae0085a60ac9f0e97144aaaa497dc5494a12f323c032c65449bd8540e64cb7c65ac32dee53dfc2ff8c9355ce203fb66387b670cb05eb8bba36cd3c0cb3c1c8dc2f60fc74c7ab9b8b42d2863c5192deb758395d7c17f637601b3c1d139df06b303ace0076b2941df2c6757b4caf8d288b2080c3337b7d6536fdc7510de65089e14b8c555704aa6085524c4156fef2df82940a0af51cdfbb1e593c3577126f02b5fb9e839c5b37a1942f1f0c9d594ad8ee7bb915e86a6b181f78111cd92627072738922a1f8ca17cb9446a1d79a5b5c73da32792335af8d1178d558e720e4e542ebff337c3fbf9231ae575e0a502150d8539775698a58464ff81b356c9e50af246f230f8ea3e9f397fd42c1e6724121543f80ca68b18922bb34722c7f59ea8ed166b5655c6575f8276ca3e755fef2315c91ecbf9e9c1a2d971817c702a38dd4ed9ae3b29151fe93a7ffdeb17eb0af3deef0c3aa40c22bc7f5c0a49bce4daecf81095bbb283902b52dc78868e75c87afaa115ccf17c9277ab554a527ba2afa8a861cc05eec4731edb574dd7afc2a11cb7b5cd6c23a86add81c9cc9a8ecbfd3779ec,gx-no-cache=1484679954660 HTTP/1.1" 200 48
192.168.10.17 - - [17/Jan/2017:15:02:56 -0300] "POST /cormun/servlet/solicitudgral?0e46d4af749b5a2bbc234b80a98e5804,UPD,2017,4672,,gx-no-cache=1484679957137 HTTP/1.1" 200 10522
192.168.10.17 - - [17/Jan/2017:15:02:56 -0300] "GET /cormun/servlet/solicitudgral?a94f31be4f46c168fe36b3da4e2e443f468b200615b6ad8f85f32c8d848b1980e186d840645fd4b41fc361094f5bfa0cab929393eccafaf7ce9bd289c2cb91b01983ac9b75bdc441593545a2aeb5f45708b6d4db3a5c05c529fd480f455da1ca07e3fdc820c67d231988e89d7fac2e1bd2ffd4f809a293d7428f73ab17fabab72ea16c3036ed862dafd2f606deb4182c114ba0f6735e22742fcea3214a40d687,gx-no-cache=1484679957353 HTTP/1.1" 200 29
192.168.10.17 - - [17/Jan/2017:15:02:56 -0300] "POST /cormun/servlet/solicitudgral?gx-no-cache=1484679957389 HTTP/1.1" 200 1236
192.168.10.17 - - [17/Jan/2017:15:02:56 -0300] "POST /cormun/servlet/solicitudgral?gx-no-cache=1484679957425 HTTP/1.1" 200 1140
192.168.10.17 - - [17/Jan/2017:15:02:57 -0300] "POST /cormun/servlet/solicitudgral?0e46d4af749b5a2bbc234b80a98e5804,UPD,2017,4672,,gx-no-cache=1484679957460 HTTP/1.1" 200 93
192.168.10.17 - - [17/Jan/2017:15:02:57 -0300] "GET /cormun/servlet/hpexe_return? HTTP/1.1" 200 1008
192.168.10.17 - - [17/Jan/2017:15:02:57 -0300] "GET /cormun/servlet/trsolicitudgral HTTP/1.1" 200 10238
192.168.10.17 - - [17/Jan/2017:15:02:58 -0300] "GET /cormun/servlet/trsolicitudgral HTTP/1.1" 200 10234
186.67.172.234 - - [17/Jan/2017:15:04:53 -0300] "POST /cormun/servlet/trsolicitudot?1384f09b0de9c024e09355fea9c33e28,,gx-no-cache=1484676367755 HTTP/1.1" 200 107
186.67.172.234 - - [17/Jan/2017:15:04:54 -0300] "GET /cormun/servlet/trsolicitudadjuntos?2017,4625, HTTP/1.1" 200 6077
186.67.172.234 - - [17/Jan/2017:15:04:54 -0300] "GET /cormun/static/gxcfg.js?201612218531388 HTTP/1.1" 200 953
186.67.172.234 - - [17/Jan/2017:15:04:54 -0300] "GET /cormun/static/trsolicitudadjuntos.js?201612218531657 HTTP/1.1" 200 17913
186.67.172.234 - - [17/Jan/2017:15:04:54 -0300] "GET /cormun/servlet/trsolicitudadjuntos?2017,4625, HTTP/1.1" 200 6076
186.67.172.234 - - [17/Jan/2017:15:04:58 -0300] "GET /cormun/servlet/solicitudotadjuntos?INS,2017,4625,,1, HTTP/1.1" 200 6004
186.67.172.234 - - [17/Jan/2017:15:04:58 -0300] "GET /cormun/static/gxcfg.js?201612218465951 HTTP/1.1" 200 953
186.67.172.234 - - [17/Jan/2017:15:04:58 -0300] "GET /cormun/static/solicitudotadjuntos.js?201612218465969 HTTP/1.1" 200 11762
186.67.172.234 - - [17/Jan/2017:15:04:58 -0300] "GET /cormun/static/about:blank HTTP/1.1" 404 1011
186.67.172.234 - - [17/Jan/2017:15:04:58 -0300] "GET /cormun/servlet/solicitudotadjuntos?INS,2017,4625,,1, HTTP/1.1" 200 5997
186.67.172.234 - - [17/Jan/2017:15:04:58 -0300] "GET /cormun/servlet/solicitudotadjuntos?54828e1892a930c40f805d70d6acd9877541d4a38a8803d1817b22004b85f420c681570e75ee2c998ae3082ee369bf76,gx-no-cache=1484676372955 HTTP/1.1" 200 30
186.67.172.234 - - [17/Jan/2017:15:04:59 -0300] "POST /cormun/servlet/solicitudotadjuntos?1384f09b0de9c024e09355fea9c33e28,INS,2017,4625,,1,,gx-no-cache=1484676373017 HTTP/1.1" 200 3815
186.67.172.234 - - [17/Jan/2017:15:05:12 -0300] "POST /cormun/servlet/solicitudotadjuntos?gx-no-cache=1484676386016 HTTP/1.1" 200 26
186.67.172.234 - - [17/Jan/2017:15:06:15 -0300] "GET /cormun/servlet/solicitudotadjuntos?54828e1892a930c40f805d70d6acd987f5378557531d89b39e177c245e1038ce,gx-no-cache=1484676449470 HTTP/1.1" 200 30
186.67.172.234 - - [17/Jan/2017:15:06:15 -0300] "GET /cormun/servlet/solicitudotadjuntos?54828e1892a930c40f805d70d6acd987f5378557531d89b39e177c245e1038ce,gx-no-cache=1484676449484 HTTP/1.1" 200 30
186.67.172.234 - - [17/Jan/2017:15:06:18 -0300] "POST /cormun/servlet/solicitudotadjuntos?1384f09b0de9c024e09355fea9c33e28,INS,2017,4625,,1, HTTP/1.1" 200 116
186.67.172.234 - - [17/Jan/2017:15:06:19 -0300] "GET /cormun/servlet/hpexe_return? HTTP/1.1" 200 1016
186.67.172.234 - - [17/Jan/2017:15:06:19 -0300] "GET /cormun/static/gxcfg.js?2016101716175148 HTTP/1.1" 304 -
186.67.172.234 - - [17/Jan/2017:15:06:19 -0300] "GET /cormun/servlet/trsolicitudadjuntos?2017,4625, HTTP/1.1" 200 8120
186.67.172.234 - - [17/Jan/2017:15:06:19 -0300] "GET /cormun/servlet/trsolicitudadjuntos?2017,4625, HTTP/1.1" 200 8115
186.67.172.234 - - [17/Jan/2017:15:06:28 -0300] "GET /cormun/servlet/solicitudotadjuntos?INS,2017,4625,,1, HTTP/1.1" 200 6004
186.67.172.234 - - [17/Jan/2017:15:06:28 -0300] "GET /cormun/static/about:blank HTTP/1.1" 404 1011
186.67.172.234 - - [17/Jan/2017:15:06:28 -0300] "GET /cormun/servlet/solicitudotadjuntos?INS,2017,4625,,1, HTTP/1.1" 200 5997
186.67.172.234 - - [17/Jan/2017:15:06:29 -0300] "GET /cormun/servlet/solicitudotadjuntos?54828e1892a930c40f805d70d6acd9877541d4a38a8803d1817b22004b85f420c681570e75ee2c998ae3082ee369bf76,gx-no-cache=1484676463161 HTTP/1.1" 200 30
186.67.172.234 - - [17/Jan/2017:15:06:29 -0300] "POST /cormun/servlet/solicitudotadjuntos?1384f09b0de9c024e09355fea9c33e28,INS,2017,4625,,1,,gx-no-cache=1484676463202 HTTP/1.1" 200 3817
186.67.172.234 - - [17/Jan/2017:15:06:40 -0300] "POST /cormun/servlet/solicitudotadjuntos?gx-no-cache=1484676474702 HTTP/1.1" 200 26
186.67.172.234 - - [17/Jan/2017:15:06:55 -0300] "GET /cormun/servlet/solicitudotadjuntos?54828e1892a930c40f805d70d6acd987f5378557531d89b39e177c245e1038ce,gx-no-cache=1484676489158 HTTP/1.1" 200 30
186.67.172.234 - - [17/Jan/2017:15:06:55 -0300] "GET /cormun/servlet/solicitudotadjuntos?54828e1892a930c40f805d70d6acd987f5378557531d89b39e177c245e1038ce,gx-no-cache=1484676489495 HTTP/1.1" 200 30
186.67.172.234 - - [17/Jan/2017:15:06:59 -0300] "POST /cormun/servlet/solicitudotadjuntos?1384f09b0de9c024e09355fea9c33e28,INS,2017,4625,,1, HTTP/1.1" 200 116
186.67.172.234 - - [17/Jan/2017:15:06:59 -0300] "GET /cormun/servlet/hpexe_return? HTTP/1.1" 200 1016
186.67.172.234 - - [17/Jan/2017:15:07:00 -0300] "GET /cormun/servlet/trsolicitudadjuntos?2017,4625, HTTP/1.1" 200 8326
186.67.172.234 - - [17/Jan/2017:15:07:00 -0300] "GET /cormun/servlet/trsolicitudadjuntos?2017,4625, HTTP/1.1" 200 8325
186.67.172.234 - - [17/Jan/2017:15:07:05 -0300] "GET /cormun/servlet/solicitudotadjuntos?INS,2017,4625,,1, HTTP/1.1" 200 6004
186.67.172.234 - - [17/Jan/2017:15:07:05 -0300] "GET /cormun/static/about:blank HTTP/1.1" 404 1011
186.67.172.234 - - [17/Jan/2017:15:07:05 -0300] "GET /cormun/servlet/solicitudotadjuntos?INS,2017,4625,,1, HTTP/1.1" 200 5997
186.67.172.234 - - [17/Jan/2017:15:07:06 -0300] "GET /cormun/servlet/solicitudotadjuntos?54828e1892a930c40f805d70d6acd9877541d4a38a8803d1817b22004b85f420c681570e75ee2c998ae3082ee369bf76,gx-no-cache=1484676500306 HTTP/1.1" 200 30
186.67.172.234 - - [17/Jan/2017:15:07:06 -0300] "POST /cormun/servlet/solicitudotadjuntos?1384f09b0de9c024e09355fea9c33e28,INS,2017,4625,,1,,gx-no-cache=1484676500360 HTTP/1.1" 200 3816
186.67.172.234 - - [17/Jan/2017:15:07:15 -0300] "POST /cormun/servlet/solicitudotadjuntos?gx-no-cache=1484676509101 HTTP/1.1" 200 26
186.67.172.234 - - [17/Jan/2017:15:07:30 -0300] "GET /cormun/servlet/solicitudotadjuntos?54828e1892a930c40f805d70d6acd987f5378557531d89b39e177c245e1038ce,gx-no-cache=1484676524334 HTTP/1.1" 200 30
186.67.172.234 - - [17/Jan/2017:15:07:30 -0300] "GET /cormun/servlet/solicitudotadjuntos?54828e1892a930c40f805d70d6acd987f5378557531d89b39e177c245e1038ce,gx-no-cache=1484676524345 HTTP/1.1" 200 30
186.67.172.234 - - [17/Jan/2017:15:07:31 -0300] "POST /cormun/servlet/solicitudotadjuntos?1384f09b0de9c024e09355fea9c33e28,INS,2017,4625,,1, HTTP/1.1" 200 5993
186.67.172.234 - - [17/Jan/2017:15:07:31 -0300] "GET /cormun/static/Shared/jqueryui/images/ui-bg_highlight-soft_100_c6c2c8_1x100.png HTTP/1.1" 404 1117
186.67.172.234 - - [17/Jan/2017:15:07:31 -0300] "GET /cormun/static/Shared/jqueryui/images/ui-icons_82798d_256x240.png HTTP/1.1" 404 1089
186.67.172.234 - - [17/Jan/2017:15:07:31 -0300] "GET /cormun/static/Shared/jqueryui/images/ui-bg_flat_55_994d53_40x100.png HTTP/1.1" 404 1097
186.67.172.234 - - [17/Jan/2017:15:07:31 -0300] "GET /cormun/static/Shared/jqueryui/images/ui-icons_ebccce_256x240.png HTTP/1.1" 404 1089
186.67.172.234 - - [17/Jan/2017:15:07:32 -0300] "GET /cormun/PrivateTempStorage/upload_00000281.jpg HTTP/1.1" 200 436028
186.67.172.234 - - [17/Jan/2017:15:07:49 -0300] "GET /cormun/servlet/trsolicitudadjuntos?2017,4625, HTTP/1.1" 200 8326
186.67.172.234 - - [17/Jan/2017:15:07:49 -0300] "GET /cormun/servlet/trsolicitudadjuntos?2017,4625, HTTP/1.1" 200 8323
186.67.172.234 - - [17/Jan/2017:15:08:23 -0300] "GET /cormun/servlet/solicitudotadjuntos?INS,2017,4625,,1, HTTP/1.1" 200 6004
186.67.172.234 - - [17/Jan/2017:15:08:23 -0300] "GET /cormun/static/about:blank HTTP/1.1" 404 1011
186.67.172.234 - - [17/Jan/2017:15:08:23 -0300] "GET /cormun/servlet/solicitudotadjuntos?INS,2017,4625,,1, HTTP/1.1" 200 5997
186.67.172.234 - - [17/Jan/2017:15:08:24 -0300] "GET /cormun/servlet/solicitudotadjuntos?54828e1892a930c40f805d70d6acd9877541d4a38a8803d1817b22004b85f420c681570e75ee2c998ae3082ee369bf76,gx-no-cache=1484676577992 HTTP/1.1" 200 30
186.67.172.234 - - [17/Jan/2017:15:08:24 -0300] "POST /cormun/servlet/solicitudotadjuntos?1384f09b0de9c024e09355fea9c33e28,INS,2017,4625,,1,,gx-no-cache=1484676578026 HTTP/1.1" 200 3817
186.67.172.234 - - [17/Jan/2017:15:08:31 -0300] "POST /cormun/servlet/solicitudotadjuntos?gx-no-cache=1484676585333 HTTP/1.1" 200 26
186.67.172.234 - - [17/Jan/2017:15:08:49 -0300] "GET /cormun/servlet/trsolicitudadjuntos?2017,4625, HTTP/1.1" 200 8327
186.67.172.234 - - [17/Jan/2017:15:08:49 -0300] "GET /cormun/servlet/trsolicitudadjuntos?2017,4625, HTTP/1.1" 200 8323
186.67.172.234 - - [17/Jan/2017:15:08:51 -0300] "GET /cormun/servlet/solicitudotadjuntos?INS,2017,4625,,1, HTTP/1.1" 200 6004
186.67.172.234 - - [17/Jan/2017:15:08:51 -0300] "GET /cormun/static/about:blank HTTP/1.1" 404 1011
186.67.172.234 - - [17/Jan/2017:15:08:51 -0300] "GET /cormun/servlet/solicitudotadjuntos?INS,2017,4625,,1, HTTP/1.1" 200 5997
186.67.172.234 - - [17/Jan/2017:15:08:52 -0300] "GET /cormun/servlet/solicitudotadjuntos?54828e1892a930c40f805d70d6acd9877541d4a38a8803d1817b22004b85f420c681570e75ee2c998ae3082ee369bf76,gx-no-cache=1484676606426 HTTP/1.1" 200 30
186.67.172.234 - - [17/Jan/2017:15:08:52 -0300] "POST /cormun/servlet/solicitudotadjuntos?1384f09b0de9c024e09355fea9c33e28,INS,2017,4625,,1,,gx-no-cache=1484676606504 HTTP/1.1" 200 3817
186.67.172.234 - - [17/Jan/2017:15:08:58 -0300] "POST /cormun/servlet/solicitudotadjuntos?gx-no-cache=1484676612021 HTTP/1.1" 200 26
186.67.172.234 - - [17/Jan/2017:15:09:11 -0300] "GET /cormun/servlet/solicitudotadjuntos?54828e1892a930c40f805d70d6acd987f5378557531d89b39e177c245e1038ce,gx-no-cache=1484676625206 HTTP/1.1" 200 30
186.67.172.234 - - [17/Jan/2017:15:09:11 -0300] "GET /cormun/servlet/solicitudotadjuntos?54828e1892a930c40f805d70d6acd987f5378557531d89b39e177c245e1038ce,gx-no-cache=1484676625218 HTTP/1.1" 200 30
186.67.172.234 - - [17/Jan/2017:15:09:12 -0300] "POST /cormun/servlet/solicitudotadjuntos?1384f09b0de9c024e09355fea9c33e28,INS,2017,4625,,1, HTTP/1.1" 200 116
186.67.172.234 - - [17/Jan/2017:15:09:12 -0300] "GET /cormun/servlet/hpexe_return? HTTP/1.1" 200 1016
186.67.172.234 - - [17/Jan/2017:15:09:13 -0300] "GET /cormun/servlet/trsolicitudadjuntos?2017,4625, HTTP/1.1" 200 8477
186.67.172.234 - - [17/Jan/2017:15:09:13 -0300] "GET /cormun/servlet/trsolicitudadjuntos?2017,4625, HTTP/1.1" 200 8473
186.67.172.234 - - [17/Jan/2017:15:09:20 -0300] "GET /cormun/servlet/solicitudotadjuntos?INS,2017,4625,,1, HTTP/1.1" 200 6004
186.67.172.234 - - [17/Jan/2017:15:09:20 -0300] "GET /cormun/static/about:blank HTTP/1.1" 404 1011
186.67.172.234 - - [17/Jan/2017:15:09:20 -0300] "GET /cormun/servlet/solicitudotadjuntos?INS,2017,4625,,1, HTTP/1.1" 200 5997
186.67.172.234 - - [17/Jan/2017:15:09:20 -0300] "GET /cormun/servlet/solicitudotadjuntos?54828e1892a930c40f805d70d6acd9877541d4a38a8803d1817b22004b85f420c681570e75ee2c998ae3082ee369bf76,gx-no-cache=1484676634849 HTTP/1.1" 200 30
186.67.172.234 - - [17/Jan/2017:15:09:21 -0300] "POST /cormun/servlet/solicitudotadjuntos?1384f09b0de9c024e09355fea9c33e28,INS,2017,4625,,1,,gx-no-cache=1484676634925 HTTP/1.1" 200 3816
186.67.172.234 - - [17/Jan/2017:15:09:25 -0300] "POST /cormun/servlet/solicitudotadjuntos?gx-no-cache=1484676639141 HTTP/1.1" 200 26
192.168.10.89 - - [17/Jan/2017:15:09:31 -0300] "GET /cormun/servlet/hlogin HTTP/1.1" 200 1721
186.67.172.234 - - [17/Jan/2017:15:09:35 -0300] "GET /cormun/servlet/solicitudotadjuntos?54828e1892a930c40f805d70d6acd987f5378557531d89b39e177c245e1038ce,gx-no-cache=1484676649892 HTTP/1.1" 200 30
186.67.172.234 - - [17/Jan/2017:15:09:35 -0300] "GET /cormun/servlet/solicitudotadjuntos?54828e1892a930c40f805d70d6acd987f5378557531d89b39e177c245e1038ce,gx-no-cache=1484676649930 HTTP/1.1" 200 30
186.67.172.234 - - [17/Jan/2017:15:09:39 -0300] "POST /cormun/servlet/solicitudotadjuntos?1384f09b0de9c024e09355fea9c33e28,INS,2017,4625,,1, HTTP/1.1" 200 116
186.67.172.234 - - [17/Jan/2017:15:09:39 -0300] "GET /cormun/servlet/hpexe_return? HTTP/1.1" 200 1016
186.67.172.234 - - [17/Jan/2017:15:09:39 -0300] "GET /cormun/servlet/trsolicitudadjuntos?2017,4625, HTTP/1.1" 200 8600
186.67.172.234 - - [17/Jan/2017:15:09:40 -0300] "GET /cormun/servlet/trsolicitudadjuntos?2017,4625, HTTP/1.1" 200 8600
192.168.10.89 - - [17/Jan/2017:15:09:43 -0300] "POST /cormun/servlet/hlogin?7517e36276d3540c434a73f48b239610,gx-no-cache=1484679886926 HTTP/1.1" 200 90
192.168.10.89 - - [17/Jan/2017:15:09:43 -0300] "GET /cormun/servlet/hpexe_link HTTP/1.1" 200 957
192.168.10.89 - - [17/Jan/2017:15:09:47 -0300] "GET /cormun/servlet/hhome HTTP/1.1" 200 4346
186.67.172.234 - - [17/Jan/2017:15:09:47 -0300] "GET /cormun/servlet/solicitudotadjuntos?INS,2017,4625,,1, HTTP/1.1" 200 6004
186.67.172.234 - - [17/Jan/2017:15:09:47 -0300] "GET /cormun/static/about:blank HTTP/1.1" 404 1011
186.67.172.234 - - [17/Jan/2017:15:09:47 -0300] "GET /cormun/servlet/solicitudotadjuntos?INS,2017,4625,,1, HTTP/1.1" 200 5997
186.67.172.234 - - [17/Jan/2017:15:09:48 -0300] "GET /cormun/servlet/solicitudotadjuntos?54828e1892a930c40f805d70d6acd9877541d4a38a8803d1817b22004b85f420c681570e75ee2c998ae3082ee369bf76,gx-no-cache=1484676662070 HTTP/1.1" 200 30
186.67.172.234 - - [17/Jan/2017:15:09:48 -0300] "POST /cormun/servlet/solicitudotadjuntos?1384f09b0de9c024e09355fea9c33e28,INS,2017,4625,,1,,gx-no-cache=1484676662101 HTTP/1.1" 200 3816
192.168.10.89 - - [17/Jan/2017:15:09:51 -0300] "GET /cormun/servlet/trsolicitudgral? HTTP/1.1" 200 13131
186.67.172.234 - - [17/Jan/2017:15:09:58 -0300] "POST /cormun/servlet/solicitudotadjuntos?gx-no-cache=1484676672029 HTTP/1.1" 200 26
192.168.10.89 - - [17/Jan/2017:15:10:11 -0300] "GET /cormun/static/menuarrow.gif HTTP/1.1" 404 1015
192.168.10.89 - - [17/Jan/2017:15:10:15 -0300] "POST /cormun/servlet/trsolicitudgral?7517e36276d3540c434a73f48b239610,,gx-no-cache=1484679918289 HTTP/1.1" 200 16076
186.67.172.234 - - [17/Jan/2017:15:10:22 -0300] "GET /cormun/servlet/solicitudotadjuntos?54828e1892a930c40f805d70d6acd987f5378557531d89b39e177c245e1038ce,gx-no-cache=1484676696053 HTTP/1.1" 200 30
186.67.172.234 - - [17/Jan/2017:15:10:22 -0300] "GET /cormun/servlet/solicitudotadjuntos?54828e1892a930c40f805d70d6acd987f5378557531d89b39e177c245e1038ce,gx-no-cache=1484676696066 HTTP/1.1" 200 30
186.67.172.234 - - [17/Jan/2017:15:10:25 -0300] "POST /cormun/servlet/solicitudotadjuntos?1384f09b0de9c024e09355fea9c33e28,INS,2017,4625,,1, HTTP/1.1" 200 116
186.67.172.234 - - [17/Jan/2017:15:10:25 -0300] "GET /cormun/servlet/hpexe_return? HTTP/1.1" 200 1016
192.168.10.89 - - [17/Jan/2017:15:10:26 -0300] "POST /cormun/servlet/trsolicitudgral?7517e36276d3540c434a73f48b239610,,gx-no-cache=1484679929601 HTTP/1.1" 200 6474
186.67.172.234 - - [17/Jan/2017:15:10:26 -0300] "GET /cormun/servlet/trsolicitudadjuntos?2017,4625, HTTP/1.1" 200 8774
186.67.172.234 - - [17/Jan/2017:15:10:27 -0300] "GET /cormun/servlet/trsolicitudadjuntos?2017,4625, HTTP/1.1" 200 8772
186.67.172.234 - - [17/Jan/2017:15:10:31 -0300] "GET /cormun/servlet/solicitudotadjuntos?INS,2017,4625,,1, HTTP/1.1" 200 6003
186.67.172.234 - - [17/Jan/2017:15:10:31 -0300] "GET /cormun/static/about:blank HTTP/1.1" 404 1011
186.67.172.234 - - [17/Jan/2017:15:10:31 -0300] "GET /cormun/servlet/solicitudotadjuntos?INS,2017,4625,,1, HTTP/1.1" 200 5996
186.67.172.234 - - [17/Jan/2017:15:10:32 -0300] "GET /cormun/servlet/solicitudotadjuntos?54828e1892a930c40f805d70d6acd9877541d4a38a8803d1817b22004b85f420c681570e75ee2c998ae3082ee369bf76,gx-no-cache=1484676706321 HTTP/1.1" 200 30
186.67.172.234 - - [17/Jan/2017:15:10:32 -0300] "POST /cormun/servlet/solicitudotadjuntos?1384f09b0de9c024e09355fea9c33e28,INS,2017,4625,,1,,gx-no-cache=1484676706354 HTTP/1.1" 200 3816
186.67.172.234 - - [17/Jan/2017:15:10:35 -0300] "POST /cormun/servlet/solicitudotadjuntos?gx-no-cache=1484676709276 HTTP/1.1" 200 26
192.168.10.89 - - [17/Jan/2017:15:10:36 -0300] "POST /cormun/servlet/trsolicitudgral?7517e36276d3540c434a73f48b239610,,gx-no-cache=1484679939672 HTTP/1.1" 200 5456
192.168.10.89 - - [17/Jan/2017:15:10:36 -0300] "POST /cormun/servlet/trsolicitudgral?7517e36276d3540c434a73f48b239610,,gx-no-cache=1484679940089 HTTP/1.1" 200 5225
192.168.10.89 - - [17/Jan/2017:15:10:37 -0300] "GET /cormun/static/Shared/jqueryui/images/ui-icons_8d78a5_256x240.png HTTP/1.1" 404 1089
192.168.10.89 - - [17/Jan/2017:15:10:37 -0300] "GET /cormun/static/Shared/jqueryui/images/ui-bg_flat_55_fafafa_40x100.png HTTP/1.1" 404 1097
192.168.10.89 - - [17/Jan/2017:15:10:37 -0300] "GET /cormun/static/Shared/jqueryui/images/ui-icons_82798d_256x240.png HTTP/1.1" 404 1089
192.168.10.89 - - [17/Jan/2017:15:10:37 -0300] "GET /cormun/static/Shared/jqueryui/images/ui-bg_highlight-soft_100_c6c2c8_1x100.png HTTP/1.1" 404 1117
192.168.10.89 - - [17/Jan/2017:15:10:46 -0300] "POST /cormun/servlet/trsolicitudgral?7517e36276d3540c434a73f48b239610,,gx-no-cache=1484679949526 HTTP/1.1" 200 6485
186.67.172.234 - - [17/Jan/2017:15:10:49 -0300] "GET /cormun/servlet/solicitudotadjuntos?54828e1892a930c40f805d70d6acd987f5378557531d89b39e177c245e1038ce,gx-no-cache=1484676723869 HTTP/1.1" 200 30
186.67.172.234 - - [17/Jan/2017:15:10:49 -0300] "GET /cormun/servlet/solicitudotadjuntos?54828e1892a930c40f805d70d6acd987f5378557531d89b39e177c245e1038ce,gx-no-cache=1484676723916 HTTP/1.1" 200 30
192.168.10.89 - - [17/Jan/2017:15:10:51 -0300] "POST /cormun/servlet/trsolicitudgral?7517e36276d3540c434a73f48b239610,,gx-no-cache=1484679954896 HTTP/1.1" 200 5457
192.168.10.89 - - [17/Jan/2017:15:10:52 -0300] "POST /cormun/servlet/trsolicitudgral?7517e36276d3540c434a73f48b239610,,gx-no-cache=1484679955450 HTTP/1.1" 200 5231
186.67.172.234 - - [17/Jan/2017:15:10:53 -0300] "POST /cormun/servlet/solicitudotadjuntos?1384f09b0de9c024e09355fea9c33e28,INS,2017,4625,,1, HTTP/1.1" 200 5968
186.67.172.234 - - [17/Jan/2017:15:10:53 -0300] "GET /cormun/static/Shared/jqueryui/images/ui-bg_highlight-soft_100_c6c2c8_1x100.png HTTP/1.1" 404 1117
186.67.172.234 - - [17/Jan/2017:15:10:53 -0300] "GET /cormun/static/Shared/jqueryui/images/ui-bg_flat_55_994d53_40x100.png HTTP/1.1" 404 1097
186.67.172.234 - - [17/Jan/2017:15:10:53 -0300] "GET /cormun/static/Shared/jqueryui/images/ui-icons_ebccce_256x240.png HTTP/1.1" 404 1089
186.67.172.234 - - [17/Jan/2017:15:10:53 -0300] "GET /cormun/static/Shared/jqueryui/images/ui-icons_82798d_256x240.png HTTP/1.1" 404 1089
186.67.172.234 - - [17/Jan/2017:15:10:53 -0300] "GET /cormun/PrivateTempStorage/upload_00000329.jpg HTTP/1.1" 200 798335
192.168.10.89 - - [17/Jan/2017:15:11:00 -0300] "POST /cormun/servlet/trsolicitudgral?7517e36276d3540c434a73f48b239610,,gx-no-cache=1484679963257 HTTP/1.1" 200 6469
192.168.10.89 - - [17/Jan/2017:15:11:05 -0300] "POST /cormun/servlet/trsolicitudgral?7517e36276d3540c434a73f48b239610,,gx-no-cache=1484679968692 HTTP/1.1" 200 5449
192.168.10.89 - - [17/Jan/2017:15:11:06 -0300] "POST /cormun/servlet/trsolicitudgral?7517e36276d3540c434a73f48b239610,,gx-no-cache=1484679969429 HTTP/1.1" 200 5231
186.67.172.234 - - [17/Jan/2017:15:11:13 -0300] "GET /cormun/servlet/trsolicitudadjuntos?2017,4625, HTTP/1.1" 200 8775
186.67.172.234 - - [17/Jan/2017:15:11:14 -0300] "GET /cormun/servlet/trsolicitudadjuntos?2017,4625, HTTP/1.1" 200 8770
192.168.10.89 - - [17/Jan/2017:15:11:16 -0300] "POST /cormun/servlet/trsolicitudgral?7517e36276d3540c434a73f48b239610,,gx-no-cache=1484679979309 HTTP/1.1" 200 6500
192.168.10.89 - - [17/Jan/2017:15:11:22 -0300] "POST /cormun/servlet/trsolicitudgral?7517e36276d3540c434a73f48b239610,,gx-no-cache=1484679985341 HTTP/1.1" 200 5470
192.168.10.89 - - [17/Jan/2017:15:11:23 -0300] "POST /cormun/servlet/trsolicitudgral?7517e36276d3540c434a73f48b239610,,gx-no-cache=1484679986242 HTTP/1.1" 200 5230
186.67.172.234 - - [17/Jan/2017:15:11:24 -0300] "GET /cormun/servlet/solicitudotadjuntos?INS,2017,4625,,2, HTTP/1.1" 200 6002
186.67.172.234 - - [17/Jan/2017:15:11:24 -0300] "GET /cormun/static/about:blank HTTP/1.1" 404 1011
186.67.172.234 - - [17/Jan/2017:15:11:24 -0300] "GET /cormun/servlet/solicitudotadjuntos?INS,2017,4625,,2, HTTP/1.1" 200 5995
186.67.172.234 - - [17/Jan/2017:15:11:24 -0300] "GET /cormun/servlet/solicitudotadjuntos?54828e1892a930c40f805d70d6acd9877541d4a38a8803d1817b22004b85f420c681570e75ee2c998ae3082ee369bf76,gx-no-cache=1484676758894 HTTP/1.1" 200 30
186.67.172.234 - - [17/Jan/2017:15:11:25 -0300] "POST /cormun/servlet/solicitudotadjuntos?1384f09b0de9c024e09355fea9c33e28,INS,2017,4625,,2,,gx-no-cache=1484676758943 HTTP/1.1" 200 3962
192.168.10.89 - - [17/Jan/2017:15:11:31 -0300] "POST /cormun/servlet/trsolicitudgral?7517e36276d3540c434a73f48b239610,,gx-no-cache=1484679994532 HTTP/1.1" 200 6470
186.67.172.234 - - [17/Jan/2017:15:11:35 -0300] "GET /cormun/servlet/trsolicitudadjuntos?2017,4625, HTTP/1.1" 200 8773
186.67.172.234 - - [17/Jan/2017:15:11:36 -0300] "GET /cormun/servlet/trsolicitudadjuntos?2017,4625, HTTP/1.1" 200 8772
192.168.10.89 - - [17/Jan/2017:15:11:38 -0300] "POST /cormun/servlet/trsolicitudgral?7517e36276d3540c434a73f48b239610,,gx-no-cache=1484680002087 HTTP/1.1" 200 5454
186.67.172.234 - - [17/Jan/2017:15:11:38 -0300] "GET /cormun/servlet/solicitudotadjuntos?INS,2017,4625,,1, HTTP/1.1" 200 6004
186.67.172.234 - - [17/Jan/2017:15:11:39 -0300] "GET /cormun/static/about:blank HTTP/1.1" 404 1011
186.67.172.234 - - [17/Jan/2017:15:11:39 -0300] "GET /cormun/servlet/solicitudotadjuntos?INS,2017,4625,,1, HTTP/1.1" 200 5997
186.67.172.234 - - [17/Jan/2017:15:11:39 -0300] "GET /cormun/servlet/solicitudotadjuntos?54828e1892a930c40f805d70d6acd9877541d4a38a8803d1817b22004b85f420c681570e75ee2c998ae3082ee369bf76,gx-no-cache=1484676773768 HTTP/1.1" 200 30
186.67.172.234 - - [17/Jan/2017:15:11:39 -0300] "POST /cormun/servlet/solicitudotadjuntos?1384f09b0de9c024e09355fea9c33e28,INS,2017,4625,,1,,gx-no-cache=1484676773803 HTTP/1.1" 200 3817
192.168.10.89 - - [17/Jan/2017:15:11:40 -0300] "POST /cormun/servlet/trsolicitudgral?7517e36276d3540c434a73f48b239610,,gx-no-cache=1484680003200 HTTP/1.1" 200 5225
186.67.172.234 - - [17/Jan/2017:15:11:46 -0300] "GET /cormun/servlet/trsolicitudadjuntos?2017,4625, HTTP/1.1" 200 8777
186.67.172.234 - - [17/Jan/2017:15:11:47 -0300] "GET /cormun/servlet/trsolicitudadjuntos?2017,4625, HTTP/1.1" 200 8772
186.67.172.234 - - [17/Jan/2017:15:11:50 -0300] "GET /cormun/servlet/solicitudotadjuntos?INS,2017,4625,,1, HTTP/1.1" 200 6004
186.67.172.234 - - [17/Jan/2017:15:11:50 -0300] "GET /cormun/static/about:blank HTTP/1.1" 404 1011
186.67.172.234 - - [17/Jan/2017:15:11:50 -0300] "GET /cormun/servlet/solicitudotadjuntos?INS,2017,4625,,1, HTTP/1.1" 200 5997
186.67.172.234 - - [17/Jan/2017:15:11:51 -0300] "GET /cormun/servlet/solicitudotadjuntos?54828e1892a930c40f805d70d6acd9877541d4a38a8803d1817b22004b85f420c681570e75ee2c998ae3082ee369bf76,gx-no-cache=1484676784986 HTTP/1.1" 200 30
186.67.172.234 - - [17/Jan/2017:15:11:51 -0300] "POST /cormun/servlet/solicitudotadjuntos?1384f09b0de9c024e09355fea9c33e28,INS,2017,4625,,1,,gx-no-cache=1484676785014 HTTP/1.1" 200 3817
186.67.172.234 - - [17/Jan/2017:15:11:59 -0300] "POST /cormun/servlet/solicitudotadjuntos?gx-no-cache=1484676793804 HTTP/1.1" 200 26
192.168.10.89 - - [17/Jan/2017:15:12:43 -0300] "POST /cormun/servlet/trsolicitudgral?7517e36276d3540c434a73f48b239610,,gx-no-cache=1484680066707 HTTP/1.1" 200 6473
192.168.10.89 - - [17/Jan/2017:15:12:52 -0300] "POST /cormun/servlet/trsolicitudgral?7517e36276d3540c434a73f48b239610,,gx-no-cache=1484680075316 HTTP/1.1" 200 5450
192.168.10.89 - - [17/Jan/2017:15:12:53 -0300] "POST /cormun/servlet/trsolicitudgral?7517e36276d3540c434a73f48b239610,,gx-no-cache=1484680076627 HTTP/1.1" 200 5226
192.168.10.89 - - [17/Jan/2017:15:13:01 -0300] "POST /cormun/servlet/trsolicitudgral?7517e36276d3540c434a73f48b239610,,gx-no-cache=1484680084305 HTTP/1.1" 200 6477
192.168.10.89 - - [17/Jan/2017:15:13:09 -0300] "POST /cormun/servlet/trsolicitudgral?7517e36276d3540c434a73f48b239610,,gx-no-cache=1484680093048 HTTP/1.1" 200 5448
192.168.10.89 - - [17/Jan/2017:15:13:11 -0300] "POST /cormun/servlet/trsolicitudgral?7517e36276d3540c434a73f48b239610,,gx-no-cache=1484680094512 HTTP/1.1" 200 5223
186.67.172.234 - - [17/Jan/2017:15:13:11 -0300] "GET /cormun/servlet/solicitudotadjuntos?54828e1892a930c40f805d70d6acd987f5378557531d89b39e177c245e1038ce,gx-no-cache=1484676865725 HTTP/1.1" 200 30
186.67.172.234 - - [17/Jan/2017:15:13:12 -0300] "GET /cormun/servlet/solicitudotadjuntos?54828e1892a930c40f805d70d6acd987f5378557531d89b39e177c245e1038ce,gx-no-cache=1484676865766 HTTP/1.1" 200 30
186.67.172.234 - - [17/Jan/2017:15:13:15 -0300] "POST /cormun/servlet/solicitudotadjuntos?1384f09b0de9c024e09355fea9c33e28,INS,2017,4625,,1, HTTP/1.1" 200 116
186.67.172.234 - - [17/Jan/2017:15:13:15 -0300] "GET /cormun/servlet/hpexe_return? HTTP/1.1" 200 1016
186.67.172.234 - - [17/Jan/2017:15:13:17 -0300] "GET /cormun/servlet/trsolicitudadjuntos?2017,4625, HTTP/1.1" 200 8970
186.67.172.234 - - [17/Jan/2017:15:13:18 -0300] "GET /cormun/servlet/trsolicitudadjuntos?2017,4625, HTTP/1.1" 200 8970
192.168.10.89 - - [17/Jan/2017:15:13:20 -0300] "POST /cormun/servlet/trsolicitudgral?7517e36276d3540c434a73f48b239610,,gx-no-cache=1484680103540 HTTP/1.1" 200 6471
186.67.172.234 - - [17/Jan/2017:15:13:25 -0300] "GET /cormun/servlet/solicitudotadjuntos?INS,2017,4625,,2, HTTP/1.1" 200 6004
186.67.172.234 - - [17/Jan/2017:15:13:25 -0300] "GET /cormun/static/about:blank HTTP/1.1" 404 1011
186.67.172.234 - - [17/Jan/2017:15:13:25 -0300] "GET /cormun/servlet/solicitudotadjuntos?INS,2017,4625,,2, HTTP/1.1" 200 5997
186.67.172.234 - - [17/Jan/2017:15:13:26 -0300] "GET /cormun/servlet/solicitudotadjuntos?54828e1892a930c40f805d70d6acd9877541d4a38a8803d1817b22004b85f420c681570e75ee2c998ae3082ee369bf76,gx-no-cache=1484676880392 HTTP/1.1" 200 30
186.67.172.234 - - [17/Jan/2017:15:13:26 -0300] "POST /cormun/servlet/solicitudotadjuntos?1384f09b0de9c024e09355fea9c33e28,INS,2017,4625,,2,,gx-no-cache=1484676880439 HTTP/1.1" 200 3962
192.168.10.89 - - [17/Jan/2017:15:13:28 -0300] "POST /cormun/servlet/trsolicitudgral?7517e36276d3540c434a73f48b239610,,gx-no-cache=1484680111514 HTTP/1.1" 200 5456
192.168.10.89 - - [17/Jan/2017:15:13:29 -0300] "POST /cormun/servlet/trsolicitudgral?7517e36276d3540c434a73f48b239610,,gx-no-cache=1484680113118 HTTP/1.1" 200 5226
192.168.10.89 - - [17/Jan/2017:15:13:43 -0300] "POST /cormun/servlet/trsolicitudgral?7517e36276d3540c434a73f48b239610,,gx-no-cache=1484680126343 HTTP/1.1" 200 6479
192.168.10.89 - - [17/Jan/2017:15:13:51 -0300] "POST /cormun/servlet/trsolicitudgral?7517e36276d3540c434a73f48b239610,,gx-no-cache=1484680134302 HTTP/1.1" 200 5447
192.168.10.89 - - [17/Jan/2017:15:13:52 -0300] "POST /cormun/servlet/trsolicitudgral?7517e36276d3540c434a73f48b239610,,gx-no-cache=1484680136110 HTTP/1.1" 200 5229
192.168.10.89 - - [17/Jan/2017:15:14:03 -0300] "POST /cormun/servlet/trsolicitudgral?7517e36276d3540c434a73f48b239610,,gx-no-cache=1484680146690 HTTP/1.1" 200 6483
186.67.172.234 - - [17/Jan/2017:15:14:08 -0300] "GET /cormun/servlet/trsolicitudadjuntos?2017,4625, HTTP/1.1" 200 8970
186.67.172.234 - - [17/Jan/2017:15:14:10 -0300] "GET /cormun/servlet/trsolicitudadjuntos?2017,4625, HTTP/1.1" 200 8970
186.67.172.234 - - [17/Jan/2017:15:14:14 -0300] "GET /cormun/servlet/solicitudotadjuntos?INS,2017,4625,,1, HTTP/1.1" 200 6004
186.67.172.234 - - [17/Jan/2017:15:14:14 -0300] "GET /cormun/static/about:blank HTTP/1.1" 404 1011
186.67.172.234 - - [17/Jan/2017:15:14:15 -0300] "GET /cormun/servlet/solicitudotadjuntos?INS,2017,4625,,1, HTTP/1.1" 200 5997
192.168.10.89 - - [17/Jan/2017:15:14:15 -0300] "POST /cormun/servlet/trsolicitudgral?7517e36276d3540c434a73f48b239610,,gx-no-cache=1484680158742 HTTP/1.1" 200 5459
186.67.172.234 - - [17/Jan/2017:15:14:15 -0300] "GET /cormun/servlet/solicitudotadjuntos?54828e1892a930c40f805d70d6acd9877541d4a38a8803d1817b22004b85f420c681570e75ee2c998ae3082ee369bf76,gx-no-cache=1484676929618 HTTP/1.1" 200 30
186.67.172.234 - - [17/Jan/2017:15:14:15 -0300] "POST /cormun/servlet/solicitudotadjuntos?1384f09b0de9c024e09355fea9c33e28,INS,2017,4625,,1,,gx-no-cache=1484676929649 HTTP/1.1" 200 3817
192.168.10.89 - - [17/Jan/2017:15:14:17 -0300] "POST /cormun/servlet/trsolicitudgral?7517e36276d3540c434a73f48b239610,,gx-no-cache=1484680160699 HTTP/1.1" 200 5224
192.168.10.89 - - [17/Jan/2017:15:14:28 -0300] "POST /cormun/servlet/trsolicitudgral?7517e36276d3540c434a73f48b239610,,gx-no-cache=1484680171964 HTTP/1.1" 200 6479
192.168.10.89 - - [17/Jan/2017:15:14:39 -0300] "POST /cormun/servlet/trsolicitudgral?7517e36276d3540c434a73f48b239610,,gx-no-cache=1484680183052 HTTP/1.1" 200 5458
192.168.10.89 - - [17/Jan/2017:15:14:42 -0300] "POST /cormun/servlet/trsolicitudgral?7517e36276d3540c434a73f48b239610,,gx-no-cache=1484680185222 HTTP/1.1" 200 5225
192.168.10.89 - - [17/Jan/2017:15:14:54 -0300] "POST /cormun/servlet/trsolicitudgral?7517e36276d3540c434a73f48b239610,,gx-no-cache=1484680197733 HTTP/1.1" 200 6461
192.168.10.89 - - [17/Jan/2017:15:15:04 -0300] "POST /cormun/servlet/trsolicitudgral?7517e36276d3540c434a73f48b239610,,gx-no-cache=1484680207618 HTTP/1.1" 200 5436
192.168.10.89 - - [17/Jan/2017:15:15:07 -0300] "POST /cormun/servlet/trsolicitudgral?7517e36276d3540c434a73f48b239610,,gx-no-cache=1484680210245 HTTP/1.1" 200 5222
192.168.10.89 - - [17/Jan/2017:15:15:22 -0300] "POST /cormun/servlet/trsolicitudgral?7517e36276d3540c434a73f48b239610,,gx-no-cache=1484680225199 HTTP/1.1" 200 6484
192.168.10.89 - - [17/Jan/2017:15:15:28 -0300] "POST /cormun/servlet/trsolicitudgral?7517e36276d3540c434a73f48b239610,,gx-no-cache=1484680231545 HTTP/1.1" 200 5463
192.168.10.89 - - [17/Jan/2017:15:15:30 -0300] "POST /cormun/servlet/trsolicitudgral?7517e36276d3540c434a73f48b239610,,gx-no-cache=1484680234094 HTTP/1.1" 200 5236
186.67.172.234 - - [17/Jan/2017:15:15:37 -0300] "GET /cormun/servlet/trsolicitudadjuntos?2017,4625, HTTP/1.1" 200 8969
186.67.172.234 - - [17/Jan/2017:15:15:38 -0300] "GET /cormun/servlet/trsolicitudadjuntos?2017,4625, HTTP/1.1" 200 8969
186.67.172.234 - - [17/Jan/2017:15:15:42 -0300] "GET /cormun/PublicTempStorage/ci.-d.gaete7317163.jpg HTTP/1.1" 200 967959
192.168.10.89 - - [17/Jan/2017:15:15:45 -0300] "POST /cormun/servlet/trsolicitudgral?7517e36276d3540c434a73f48b239610,,gx-no-cache=1484680247982 HTTP/1.1" 200 6487
186.67.172.234 - - [17/Jan/2017:15:15:45 -0300] "GET /cormun/servlet/trsolicitudadjuntos?2017,4625, HTTP/1.1" 200 8971
186.67.172.234 - - [17/Jan/2017:15:15:46 -0300] "GET /cormun/servlet/trsolicitudadjuntos?2017,4625, HTTP/1.1" 200 8970
186.67.172.234 - - [17/Jan/2017:15:15:53 -0300] "GET /cormun/PublicTempStorage/cv1.-d.gaete3905743.jpg HTTP/1.1" 200 1441077
186.67.172.234 - - [17/Jan/2017:15:16:00 -0300] "GET /cormun/servlet/trsolicitudadjuntos?2017,4625, HTTP/1.1" 200 8973
186.67.172.234 - - [17/Jan/2017:15:16:01 -0300] "GET /cormun/servlet/trsolicitudadjuntos?2017,4625, HTTP/1.1" 200 8970
186.67.172.234 - - [17/Jan/2017:15:16:06 -0300] "GET /cormun/servlet/solicitudotadjuntos?INS,2017,4625,,1, HTTP/1.1" 200 6004
186.67.172.234 - - [17/Jan/2017:15:16:06 -0300] "GET /cormun/static/about:blank HTTP/1.1" 404 1011
186.67.172.234 - - [17/Jan/2017:15:16:06 -0300] "GET /cormun/servlet/solicitudotadjuntos?INS,2017,4625,,1, HTTP/1.1" 200 5997
186.67.172.234 - - [17/Jan/2017:15:16:07 -0300] "GET /cormun/servlet/solicitudotadjuntos?54828e1892a930c40f805d70d6acd9877541d4a38a8803d1817b22004b85f420c681570e75ee2c998ae3082ee369bf76,gx-no-cache=1484677041410 HTTP/1.1" 200 30
186.67.172.234 - - [17/Jan/2017:15:16:07 -0300] "POST /cormun/servlet/solicitudotadjuntos?1384f09b0de9c024e09355fea9c33e28,INS,2017,4625,,1,,gx-no-cache=1484677041443 HTTP/1.1" 200 3817
186.67.172.234 - - [17/Jan/2017:15:16:12 -0300] "POST /cormun/servlet/solicitudotadjuntos?gx-no-cache=1484677046355 HTTP/1.1" 200 26
192.168.10.89 - - [17/Jan/2017:15:16:21 -0300] "POST /cormun/servlet/trsolicitudgral?7517e36276d3540c434a73f48b239610,,gx-no-cache=1484680285104 HTTP/1.1" 200 5463
192.168.10.89 - - [17/Jan/2017:15:16:24 -0300] "POST /cormun/servlet/trsolicitudgral?7517e36276d3540c434a73f48b239610,,gx-no-cache=1484680287830 HTTP/1.1" 200 5226
186.67.172.234 - - [17/Jan/2017:15:16:28 -0300] "GET /cormun/servlet/solicitudotadjuntos?54828e1892a930c40f805d70d6acd987f5378557531d89b39e177c245e1038ce,gx-no-cache=1484677062795 HTTP/1.1" 200 30
186.67.172.234 - - [17/Jan/2017:15:16:28 -0300] "GET /cormun/servlet/solicitudotadjuntos?54828e1892a930c40f805d70d6acd987f5378557531d89b39e177c245e1038ce,gx-no-cache=1484677062810 HTTP/1.1" 200 30
186.67.172.234 - - [17/Jan/2017:15:16:30 -0300] "POST /cormun/servlet/solicitudotadjuntos?1384f09b0de9c024e09355fea9c33e28,INS,2017,4625,,1, HTTP/1.1" 200 5968
186.67.172.234 - - [17/Jan/2017:15:16:30 -0300] "GET /cormun/static/Shared/jqueryui/images/ui-bg_highlight-soft_100_c6c2c8_1x100.png HTTP/1.1" 404 1117
186.67.172.234 - - [17/Jan/2017:15:16:30 -0300] "GET /cormun/static/Shared/jqueryui/images/ui-bg_flat_55_994d53_40x100.png HTTP/1.1" 404 1097
186.67.172.234 - - [17/Jan/2017:15:16:30 -0300] "GET /cormun/static/Shared/jqueryui/images/ui-icons_ebccce_256x240.png HTTP/1.1" 404 1089
186.67.172.234 - - [17/Jan/2017:15:16:30 -0300] "GET /cormun/static/Shared/jqueryui/images/ui-icons_82798d_256x240.png HTTP/1.1" 404 1089
186.67.172.234 - - [17/Jan/2017:15:16:31 -0300] "GET /cormun/PrivateTempStorage/upload_00000353.jpg HTTP/1.1" 200 798335
186.67.172.234 - - [17/Jan/2017:15:16:43 -0300] "GET /cormun/servlet/trsolicitudadjuntos?2017,4625, HTTP/1.1" 200 8972
186.67.172.234 - - [17/Jan/2017:15:16:44 -0300] "GET /cormun/servlet/trsolicitudadjuntos?2017,4625, HTTP/1.1" 200 8970
192.168.10.89 - - [17/Jan/2017:15:17:14 -0300] "POST /cormun/servlet/trsolicitudgral?7517e36276d3540c434a73f48b239610,,gx-no-cache=1484680336580 HTTP/1.1" 200 6487
186.67.172.234 - - [17/Jan/2017:15:17:14 -0300] "POST /cormun/servlet/trsolicitudadjuntos?1384f09b0de9c024e09355fea9c33e28,2017,4625,,gx-no-cache=1484677105967 HTTP/1.1" 200 7697
186.67.172.234 - - [17/Jan/2017:15:17:19 -0300] "POST /cormun/servlet/trsolicitudadjuntos?1384f09b0de9c024e09355fea9c33e28,2017,4625,,gx-no-cache=1484677113699 HTTP/1.1" 200 90
186.67.172.234 - - [17/Jan/2017:15:17:19 -0300] "GET /cormun/servlet/hpexe_link HTTP/1.1" 200 963
186.67.172.234 - - [17/Jan/2017:15:17:19 -0300] "GET /cormun/servlet/trsolicitudot? HTTP/1.1" 200 9647
186.67.172.234 - - [17/Jan/2017:15:17:20 -0300] "GET /cormun/servlet/trsolicitudot? HTTP/1.1" 200 9646
186.67.172.234 - - [17/Jan/2017:15:17:32 -0300] "POST /cormun/servlet/trsolicitudot?1384f09b0de9c024e09355fea9c33e28,,gx-no-cache=1484677126425 HTTP/1.1" 200 107
186.67.172.234 - - [17/Jan/2017:15:17:33 -0300] "GET /cormun/servlet/trsolicitudadjuntos?2017,4625, HTTP/1.1" 200 8966
186.67.172.234 - - [17/Jan/2017:15:17:34 -0300] "GET /cormun/servlet/trsolicitudadjuntos?2017,4625, HTTP/1.1" 200 8970
186.67.172.234 - - [17/Jan/2017:15:17:48 -0300] "GET /cormun/servlet/trsolicitudot? HTTP/1.1" 200 9647
186.67.172.234 - - [17/Jan/2017:15:17:49 -0300] "GET /cormun/servlet/trsolicitudot? HTTP/1.1" 200 9646
192.168.10.89 - - [17/Jan/2017:15:17:50 -0300] "POST /cormun/servlet/trsolicitudgral?7517e36276d3540c434a73f48b239610,,gx-no-cache=1484680374015 HTTP/1.1" 200 5469
192.168.10.89 - - [17/Jan/2017:15:17:53 -0300] "POST /cormun/servlet/trsolicitudgral?7517e36276d3540c434a73f48b239610,,gx-no-cache=1484680376865 HTTP/1.1" 200 5225
192.168.10.89 - - [17/Jan/2017:15:18:19 -0300] "POST /cormun/servlet/trsolicitudgral?7517e36276d3540c434a73f48b239610,,gx-no-cache=1484680401791 HTTP/1.1" 200 6468
192.168.10.89 - - [17/Jan/2017:15:18:27 -0300] "POST /cormun/servlet/trsolicitudgral?7517e36276d3540c434a73f48b239610,,gx-no-cache=1484680410786 HTTP/1.1" 200 5453
192.168.10.89 - - [17/Jan/2017:15:18:30 -0300] "POST /cormun/servlet/trsolicitudgral?7517e36276d3540c434a73f48b239610,,gx-no-cache=1484680413818 HTTP/1.1" 200 5222
192.168.10.89 - - [17/Jan/2017:15:18:45 -0300] "POST /cormun/servlet/trsolicitudgral?7517e36276d3540c434a73f48b239610,,gx-no-cache=1484680429030 HTTP/1.1" 200 6483
192.168.10.89 - - [17/Jan/2017:15:19:05 -0300] "POST /cormun/servlet/trsolicitudgral?7517e36276d3540c434a73f48b239610,,gx-no-cache=1484680449032 HTTP/1.1" 200 5453
192.168.10.89 - - [17/Jan/2017:15:19:09 -0300] "POST /cormun/servlet/trsolicitudgral?7517e36276d3540c434a73f48b239610,,gx-no-cache=1484680452284 HTTP/1.1" 200 5224
192.168.10.89 - - [17/Jan/2017:15:19:26 -0300] "POST /cormun/servlet/trsolicitudgral?7517e36276d3540c434a73f48b239610,,gx-no-cache=1484680469417 HTTP/1.1" 200 6808
186.67.172.234 - - [17/Jan/2017:15:19:33 -0300] "POST /cormun/servlet/trsolicitudot?1384f09b0de9c024e09355fea9c33e28,,gx-no-cache=1484677247651 HTTP/1.1" 200 107
186.67.172.234 - - [17/Jan/2017:15:19:34 -0300] "GET /cormun/servlet/trsolicitudadjuntos?2017,4625, HTTP/1.1" 200 8966
186.67.172.234 - - [17/Jan/2017:15:19:35 -0300] "GET /cormun/servlet/trsolicitudadjuntos?2017,4625, HTTP/1.1" 200 8967
186.67.172.234 - - [17/Jan/2017:15:19:38 -0300] "GET /cormun/servlet/solicitudotadjuntos?DLT,2017,4625,CV,0, HTTP/1.1" 200 5959
186.67.172.234 - - [17/Jan/2017:15:19:39 -0300] "GET /cormun/static/Shared/jqueryui/images/ui-icons_82798d_256x240.png HTTP/1.1" 404 1089
186.67.172.234 - - [17/Jan/2017:15:19:39 -0300] "GET /cormun/static/Shared/jqueryui/images/ui-bg_highlight-soft_100_c6c2c8_1x100.png HTTP/1.1" 404 1117
186.67.172.234 - - [17/Jan/2017:15:19:39 -0300] "GET /cormun/static/Shared/jqueryui/images/ui-icons_8d78a5_256x240.png HTTP/1.1" 404 1089
186.67.172.234 - - [17/Jan/2017:15:19:39 -0300] "GET /cormun/static/Shared/jqueryui/images/ui-bg_flat_55_fafafa_40x100.png HTTP/1.1" 404 1097
186.67.172.234 - - [17/Jan/2017:15:19:39 -0300] "GET /cormun/servlet/solicitudotadjuntos?DLT,2017,4625,CV,0, HTTP/1.1" 200 5954
186.67.172.234 - - [17/Jan/2017:15:19:39 -0300] "GET /cormun/PublicTempStorage/cv1.-d.gaete5641141.jpg HTTP/1.1" 200 1441077
186.67.172.234 - - [17/Jan/2017:15:19:50 -0300] "POST /cormun/servlet/solicitudotadjuntos?1384f09b0de9c024e09355fea9c33e28,DLT,2017,4625,CV,0,,gx-no-cache=1484677264173 HTTP/1.1" 200 93
186.67.172.234 - - [17/Jan/2017:15:19:50 -0300] "GET /cormun/servlet/hpexe_return? HTTP/1.1" 200 1018
186.67.172.234 - - [17/Jan/2017:15:19:51 -0300] "GET /cormun/servlet/trsolicitudadjuntos?2017,4625, HTTP/1.1" 200 8773
186.67.172.234 - - [17/Jan/2017:15:19:52 -0300] "GET /cormun/servlet/trsolicitudadjuntos?2017,4625, HTTP/1.1" 200 8774
192.168.10.89 - - [17/Jan/2017:15:19:52 -0300] "POST /cormun/servlet/trsolicitudgral?7517e36276d3540c434a73f48b239610,,gx-no-cache=1484680495984 HTTP/1.1" 200 6518
186.67.172.234 - - [17/Jan/2017:15:19:55 -0300] "GET /cormun/servlet/solicitudotadjuntos?INS,2017,4625,,1, HTTP/1.1" 200 6004
186.67.172.234 - - [17/Jan/2017:15:19:56 -0300] "GET /cormun/static/about:blank HTTP/1.1" 404 1011
186.67.172.234 - - [17/Jan/2017:15:19:56 -0300] "GET /cormun/servlet/solicitudotadjuntos?INS,2017,4625,,1, HTTP/1.1" 200 5996
186.67.172.234 - - [17/Jan/2017:15:19:56 -0300] "GET /cormun/servlet/solicitudotadjuntos?54828e1892a930c40f805d70d6acd9877541d4a38a8803d1817b22004b85f420c681570e75ee2c998ae3082ee369bf76,gx-no-cache=1484677270803 HTTP/1.1" 200 30
186.67.172.234 - - [17/Jan/2017:15:19:56 -0300] "POST /cormun/servlet/solicitudotadjuntos?1384f09b0de9c024e09355fea9c33e28,INS,2017,4625,,1,,gx-no-cache=1484677270847 HTTP/1.1" 200 3816
192.168.10.89 - - [17/Jan/2017:15:19:57 -0300] "POST /cormun/servlet/trsolicitudgral?7517e36276d3540c434a73f48b239610,,gx-no-cache=1484680500346 HTTP/1.1" 200 6459
186.67.172.234 - - [17/Jan/2017:15:20:03 -0300] "POST /cormun/servlet/solicitudotadjuntos?gx-no-cache=1484677277139 HTTP/1.1" 200 26
186.67.172.234 - - [17/Jan/2017:15:20:14 -0300] "GET /cormun/servlet/solicitudotadjuntos?54828e1892a930c40f805d70d6acd987f5378557531d89b39e177c245e1038ce,gx-no-cache=1484677288298 HTTP/1.1" 200 30
186.67.172.234 - - [17/Jan/2017:15:20:14 -0300] "GET /cormun/servlet/solicitudotadjuntos?54828e1892a930c40f805d70d6acd987f5378557531d89b39e177c245e1038ce,gx-no-cache=1484677288337 HTTP/1.1" 200 30
192.168.10.89 - - [17/Jan/2017:15:20:15 -0300] "POST /cormun/servlet/trsolicitudgral?7517e36276d3540c434a73f48b239610,,gx-no-cache=1484680518379 HTTP/1.1" 200 5453
192.168.10.89 - - [17/Jan/2017:15:20:18 -0300] "POST /cormun/servlet/trsolicitudgral?7517e36276d3540c434a73f48b239610,,gx-no-cache=1484680521936 HTTP/1.1" 200 5225
186.67.172.234 - - [17/Jan/2017:15:20:20 -0300] "POST /cormun/servlet/solicitudotadjuntos?1384f09b0de9c024e09355fea9c33e28,INS,2017,4625,,1, HTTP/1.1" 200 116
186.67.172.234 - - [17/Jan/2017:15:20:20 -0300] "GET /cormun/servlet/hpexe_return? HTTP/1.1" 200 1016
186.67.172.234 - - [17/Jan/2017:15:20:21 -0300] "GET /cormun/servlet/trsolicitudadjuntos?2017,4625, HTTP/1.1" 200 8996
186.67.172.234 - - [17/Jan/2017:15:20:22 -0300] "GET /cormun/servlet/trsolicitudadjuntos?2017,4625, HTTP/1.1" 200 8993
192.168.10.89 - - [17/Jan/2017:15:20:35 -0300] "POST /cormun/servlet/trsolicitudgral?7517e36276d3540c434a73f48b239610,,gx-no-cache=1484680538813 HTTP/1.1" 200 6480
192.168.10.89 - - [17/Jan/2017:15:20:44 -0300] "POST /cormun/servlet/trsolicitudgral?7517e36276d3540c434a73f48b239610,,gx-no-cache=1484680547910 HTTP/1.1" 200 5457
192.168.10.89 - - [17/Jan/2017:15:20:48 -0300] "POST /cormun/servlet/trsolicitudgral?7517e36276d3540c434a73f48b239610,,gx-no-cache=1484680551662 HTTP/1.1" 200 5226
192.168.10.89 - - [17/Jan/2017:15:21:15 -0300] "POST /cormun/servlet/trsolicitudgral?7517e36276d3540c434a73f48b239610,,gx-no-cache=1484680579116 HTTP/1.1" 200 6469
192.168.10.89 - - [17/Jan/2017:15:21:35 -0300] "POST /cormun/servlet/trsolicitudgral?7517e36276d3540c434a73f48b239610,,gx-no-cache=1484680598675 HTTP/1.1" 200 5449
192.168.10.89 - - [17/Jan/2017:15:21:39 -0300] "POST /cormun/servlet/trsolicitudgral?7517e36276d3540c434a73f48b239610,,gx-no-cache=1484680602631 HTTP/1.1" 200 5223
192.168.10.89 - - [17/Jan/2017:15:21:58 -0300] "POST /cormun/servlet/trsolicitudgral?7517e36276d3540c434a73f48b239610,,gx-no-cache=1484680621626 HTTP/1.1" 200 6478
186.103.158.250 - - [17/Jan/2017:15:22:08 -0300] "POST /cormun/servlet/solicitudot?a467c6da3fff2a58ebb0677d87e9aff7,INS,0,0,,gx-no-cache=1484677340325 HTTP/1.1" 440 972
186.103.158.250 - - [17/Jan/2017:15:22:11 -0300] "GET /cormun/servlet/solicitudot?INS,0,0, HTTP/1.1" 200 11912
186.103.158.250 - - [17/Jan/2017:15:22:12 -0300] "GET /cormun/servlet/solicitudot?INS,0,0, HTTP/1.1" 200 11912
186.103.158.250 - - [17/Jan/2017:15:22:13 -0300] "GET /cormun/servlet/hlogin HTTP/1.1" 200 1743
192.168.10.89 - - [17/Jan/2017:15:22:16 -0300] "POST /cormun/servlet/trsolicitudgral?7517e36276d3540c434a73f48b239610,,gx-no-cache=1484680639726 HTTP/1.1" 200 5460
192.168.10.89 - - [17/Jan/2017:15:22:20 -0300] "POST /cormun/servlet/trsolicitudgral?7517e36276d3540c434a73f48b239610,,gx-no-cache=1484680643914 HTTP/1.1" 200 5228
186.103.158.250 - - [17/Jan/2017:15:22:30 -0300] "POST /cormun/servlet/hlogin?104728c4801c32cae09374468b2db456,gx-no-cache=1484677362498 HTTP/1.1" 200 90
186.103.158.250 - - [17/Jan/2017:15:22:30 -0300] "GET /cormun/servlet/hpexe_link HTTP/1.1" 200 966
186.103.158.250 - - [17/Jan/2017:15:22:31 -0300] "GET /cormun/servlet/solicitudot?INS,0,0, HTTP/1.1" 200 12350
186.103.158.250 - - [17/Jan/2017:15:22:33 -0300] "GET /cormun/servlet/solicitudot?INS,0,0, HTTP/1.1" 200 12355
192.168.10.89 - - [17/Jan/2017:15:22:42 -0300] "POST /cormun/servlet/trsolicitudgral?7517e36276d3540c434a73f48b239610,,gx-no-cache=1484680665631 HTTP/1.1" 200 6476
186.103.158.250 - - [17/Jan/2017:15:22:56 -0300] "POST /cormun/servlet/solicitudot?gx-no-cache=1484677387986 HTTP/1.1" 200 3167
186.103.158.250 - - [17/Jan/2017:15:22:56 -0300] "POST /cormun/servlet/solicitudot?104728c4801c32cae09374468b2db456,INS,0,0,,gx-no-cache=1484677388341 HTTP/1.1" 200 9462
186.103.158.250 - - [17/Jan/2017:15:23:02 -0300] "GET /cormun/servlet/solicitudot?22cfec83a9f3753c1c9015d205625a9bd34867f4338ae186594f9b3ba36e9fe60bfb64cf22cb51542924e76efbcca8ad,gx-no-cache=1484677394432 HTTP/1.1" 200 30
186.103.158.250 - - [17/Jan/2017:15:23:02 -0300] "POST /cormun/servlet/solicitudot?gx-no-cache=1484677394496 HTTP/1.1" 200 255
