192.168.10.17 - - [17/Jan/2017:18:32:21 -0300] "GET /cormun/servlet/trvisualizadoreventos? HTTP/1.1" 200 6822
192.168.10.17 - - [17/Jan/2017:18:32:21 -0300] "GET /cormun/servlet/trvisualizadoreventos? HTTP/1.1" 200 6821
192.168.10.17 - - [17/Jan/2017:18:32:44 -0300] "POST /cormun/servlet/trvisualizadoreventos?9bd17447f74320e3b92e3806bd547f7c,,gx-no-cache=1484692545357 HTTP/1.1" 200 3942
192.168.10.17 - - [17/Jan/2017:18:32:46 -0300] "POST /cormun/servlet/trvisualizadoreventos?9bd17447f74320e3b92e3806bd547f7c,,gx-no-cache=1484692547465 HTTP/1.1" 200 4423
192.168.10.17 - - [17/Jan/2017:18:32:51 -0300] "POST /cormun/servlet/trvisualizadoreventos?9bd17447f74320e3b92e3806bd547f7c,,gx-no-cache=1484692552178 HTTP/1.1" 200 4428
192.168.10.17 - - [17/Jan/2017:18:32:55 -0300] "POST /cormun/servlet/trvisualizadoreventos?9bd17447f74320e3b92e3806bd547f7c,,gx-no-cache=1484692556259 HTTP/1.1" 200 3944
192.168.10.17 - - [17/Jan/2017:18:32:58 -0300] "POST /cormun/servlet/trvisualizadoreventos?9bd17447f74320e3b92e3806bd547f7c,,gx-no-cache=1484692559908 HTTP/1.1" 200 3946
192.168.10.17 - - [17/Jan/2017:18:33:06 -0300] "POST /cormun/servlet/trvisualizadoreventos?9bd17447f74320e3b92e3806bd547f7c,,gx-no-cache=1484692568063 HTTP/1.1" 200 4428
46.174.191.30 - - [17/Jan/2017:18:34:05 -0300] "GET / HTTP/1.0" 200 11197
192.168.10.17 - - [17/Jan/2017:18:34:11 -0300] "GET /cormun/servlet/trsolicitudot? HTTP/1.1" 200 7029
192.168.10.17 - - [17/Jan/2017:18:34:11 -0300] "GET /cormun/servlet/trsolicitudot? HTTP/1.1" 200 7030
192.168.10.17 - - [17/Jan/2017:18:34:14 -0300] "GET /cormun/servlet/solicitudot?INS,0,0, HTTP/1.1" 200 12870
192.168.10.17 - - [17/Jan/2017:18:34:14 -0300] "GET /cormun/servlet/solicitudot?INS,0,0, HTTP/1.1" 200 12875
192.168.10.17 - - [17/Jan/2017:18:34:24 -0300] "GET /cormun/servlet/prfichaempleado?,MD,,gxPopupLevel%3D0%3B HTTP/1.1" 200 8981
192.168.10.17 - - [17/Jan/2017:18:34:31 -0300] "POST /cormun/servlet/prfichaempleado?9bd17447f74320e3b92e3806bd547f7c,,MD,,gxPopupLevel%3D0%3B,gx-no-cache=1484692653022 HTTP/1.1" 200 3404
192.168.10.17 - - [17/Jan/2017:18:35:15 -0300] "POST /cormun/servlet/solicitudot?gx-no-cache=1484692696465 HTTP/1.1" 200 3164
192.168.10.17 - - [17/Jan/2017:18:35:15 -0300] "POST /cormun/servlet/solicitudot?9bd17447f74320e3b92e3806bd547f7c,INS,0,0,,gx-no-cache=1484692696605 HTTP/1.1" 200 9910
192.168.10.17 - - [17/Jan/2017:18:35:24 -0300] "GET /cormun/servlet/solicitudot?3e4f7ae40518825bf02b634f86c33f71fc8d768d131bea03e09352e46ec7d6475035323fc2188504be501505fce11fce,gx-no-cache=1484692705262 HTTP/1.1" 200 30
192.168.10.17 - - [17/Jan/2017:18:35:24 -0300] "POST /cormun/servlet/solicitudot?gx-no-cache=1484692705311 HTTP/1.1" 200 255
192.168.10.17 - - [17/Jan/2017:18:35:24 -0300] "GET /cormun/servlet/solicitudot?3e4f7ae40518825bf02b634f86c33f71be2f474558f3191690dea51231aa8b779f7186101e7ce8bfec80bd3060cfc85bf0a76e8502a3a817a2e77d26f66d38680d37e29fa8e80a1fb26b49a5afe2b36da023eed5a65297ca886df6217ab0fc6527dfec194ab38d78a8b62931369a80a5c417cfdc6fff1f93bf9c98e6bf6d37b4d6c1af6fef36e0ccaf1a15543d99c673112611b677af7b83b01759e30f977bb8a4640cfd351f154cfb60929a692b89a33efc4a843c798f3d0ed3cafee935f312016ba256d6be9312283fc8559a9ab22117e16483f21b8cd0a8741eb3e9d40061aaa93fa0120780c5f6392a546f72cbc1e2bc6271289fe146660c454971fa7661bc7ec307412158ced3887e4d7e0661efbc14b1c0d62d4beb35a616112fbcd68fce4807bccec919c9b6870adf7908597d6fcb65f92c9d1a272f5eff32c6f2cd214f13574583db25416286d9a2a6c00e02a9726495981933df743522e1e920dda1cf1bef3a2c20299b2c5dc10a11ab9a2b456807fff2ff7e8a0f55483cf844becd,gx-no-cache=1484692705350 HTTP/1.1" 200 30
192.168.10.17 - - [17/Jan/2017:18:35:25 -0300] "POST /cormun/servlet/solicitudot?gx-no-cache=1484692706683 HTTP/1.1" 200 30
192.168.10.17 - - [17/Jan/2017:18:35:29 -0300] "POST /cormun/servlet/solicitudot?gx-no-cache=1484692710450 HTTP/1.1" 200 235
192.168.10.17 - - [17/Jan/2017:18:35:29 -0300] "POST /cormun/servlet/solicitudot?gx-no-cache=1484692710544 HTTP/1.1" 200 38
192.168.10.17 - - [17/Jan/2017:18:35:39 -0300] "GET /cormun/servlet/solicitudot?3e4f7ae40518825bf02b634f86c33f71ab5e041171e6f708070c41a32f727a6857584d4757362415598f954b5f81fe99bd04cee9ddd7ab166803e55e1766a2422e6cbf7807dfcd1df7c0861ed4812cec2e6c6eff7ff03aa14e4fab45eafd6ef798ed4a54aba447bb9b03cdde5244e3f68bb80037ab2360b10f5b0383b9770b2c38809d553acc31e473f5825a4837ae559c08d8d276fc3ea44ef8009c6199e49a,gx-no-cache=1484692720299 HTTP/1.1" 200 29
192.168.10.17 - - [17/Jan/2017:18:35:39 -0300] "POST /cormun/servlet/solicitudot?gx-no-cache=1484692720334 HTTP/1.1" 200 605
192.168.10.17 - - [17/Jan/2017:18:35:41 -0300] "POST /cormun/servlet/solicitudot?gx-no-cache=1484692722590 HTTP/1.1" 200 1144
192.168.10.17 - - [17/Jan/2017:18:36:41 -0300] "GET /cormun/servlet/solicitudot?3e4f7ae40518825bf02b634f86c33f71bceaca423512d9be61e6054fdf7d3f56fa812b1bc7be62996e7a08e9d2c7be926626aa3bc9d59c857c078e0b7b9833487a061e78c0f10be031d3112a4b873a0e5f472be38789e90d1d4a5d76721273c01fbefd2ab8b01c2bb2a2476bb8b00d55a0152092b3423d1a9c947e870acccb42a8a3bd1e1bed85c751bb55aab41ba0eaa7f9169ef512c72598d7af42912774f515bea3d26e649d217a22135f901233dc,gx-no-cache=1484692782892 HTTP/1.1" 200 30
192.168.10.17 - - [17/Jan/2017:18:36:41 -0300] "POST /cormun/servlet/solicitudot?9bd17447f74320e3b92e3806bd547f7c,INS,0,0,,gx-no-cache=1484692782926 HTTP/1.1" 200 93
192.168.10.17 - - [17/Jan/2017:18:36:41 -0300] "GET /cormun/servlet/hpexe_return? HTTP/1.1" 200 1005
192.168.10.17 - - [17/Jan/2017:18:36:42 -0300] "GET /cormun/servlet/trsolicitudot HTTP/1.1" 200 8320
192.168.10.17 - - [17/Jan/2017:18:36:43 -0300] "GET /cormun/servlet/trsolicitudot HTTP/1.1" 200 8316
192.168.10.17 - - [17/Jan/2017:18:37:03 -0300] "GET /cormun/servlet/solicitudot?INS,0,0, HTTP/1.1" 200 12870
192.168.10.17 - - [17/Jan/2017:18:37:04 -0300] "GET /cormun/servlet/solicitudot?INS,0,0, HTTP/1.1" 200 12875
192.168.10.17 - - [17/Jan/2017:18:37:14 -0300] "GET /cormun/servlet/prfichaempleado?,MD,,gxPopupLevel%3D0%3B HTTP/1.1" 200 8981
192.168.10.17 - - [17/Jan/2017:18:37:22 -0300] "POST /cormun/servlet/prfichaempleado?9bd17447f74320e3b92e3806bd547f7c,,MD,,gxPopupLevel%3D0%3B,gx-no-cache=1484692823396 HTTP/1.1" 200 3404
192.168.10.17 - - [17/Jan/2017:18:37:24 -0300] "POST /cormun/servlet/solicitudot?gx-no-cache=1484692826089 HTTP/1.1" 200 3164
192.168.10.17 - - [17/Jan/2017:18:37:25 -0300] "POST /cormun/servlet/solicitudot?9bd17447f74320e3b92e3806bd547f7c,INS,0,0,,gx-no-cache=1484692826229 HTTP/1.1" 200 9910
192.168.10.17 - - [17/Jan/2017:18:37:26 -0300] "GET /cormun/servlet/solicitudot?3e4f7ae40518825bf02b634f86c33f71fc8d768d131bea03e09352e46ec7d6475035323fc2188504be501505fce11fce,gx-no-cache=1484692827679 HTTP/1.1" 200 30
192.168.10.17 - - [17/Jan/2017:18:37:26 -0300] "POST /cormun/servlet/solicitudot?gx-no-cache=1484692827724 HTTP/1.1" 200 255
192.168.10.17 - - [17/Jan/2017:18:37:26 -0300] "GET /cormun/servlet/solicitudot?3e4f7ae40518825bf02b634f86c33f71be2f474558f3191690dea51231aa8b779f7186101e7ce8bfec80bd3060cfc85bf0a76e8502a3a817a2e77d26f66d38680d37e29fa8e80a1fb26b49a5afe2b36da023eed5a65297ca886df6217ab0fc6527dfec194ab38d78a8b62931369a80a5c417cfdc6fff1f93bf9c98e6bf6d37b4d6c1af6fef36e0ccaf1a15543d99c673112611b677af7b83b01759e30f977bb8a4640cfd351f154cfb60929a692b89a33efc4a843c798f3d0ed3cafee935f312016ba256d6be9312283fc8559a9ab22117e16483f21b8cd0a8741eb3e9d40061aaa93fa0120780c5f6392a546f72cbc1e2bc6271289fe146660c454971fa7661bc7ec307412158ced3887e4d7e0661efbc14b1c0d62d4beb35a616112fbcd68fce4807bccec919c9b6870adf7908597d6fcb65f92c9d1a272f5eff32c6f2cd214f13574583db25416286d9a2a6c00e02a9726495981933df743522e1e920dda1cf1bef3a2c20299b2c5dc10a11ab9a2b456807fff2ff7e8a0f55483cf844becd,gx-no-cache=1484692827761 HTTP/1.1" 200 30
192.168.10.17 - - [17/Jan/2017:18:37:28 -0300] "POST /cormun/servlet/solicitudot?gx-no-cache=1484692829873 HTTP/1.1" 200 30
192.168.10.17 - - [17/Jan/2017:18:37:29 -0300] "GET /cormun/servlet/prsolicitudot?18379257,,,,,MD,,gxPopupLevel%3D0%3B HTTP/1.1" 200 6160
192.168.10.17 - - [17/Jan/2017:18:37:32 -0300] "POST /cormun/servlet/solicitudot?gx-no-cache=1484692833844 HTTP/1.1" 200 235
192.168.10.17 - - [17/Jan/2017:18:37:32 -0300] "POST /cormun/servlet/solicitudot?gx-no-cache=1484692833884 HTTP/1.1" 200 38
192.168.10.17 - - [17/Jan/2017:18:37:32 -0300] "GET /cormun/servlet/solicitudot?3e4f7ae40518825bf02b634f86c33f71ab5e041171e6f708070c41a32f727a6857584d4757362415598f954b5f81fe99bd04cee9ddd7ab166803e55e1766a2422e6cbf7807dfcd1df7c0861ed4812cec2e6c6eff7ff03aa14e4fab45eafd6ef798ed4a54aba447bb9b03cdde5244e3f68bb80037ab2360b10f5b0383b9770b2c38809d553acc31e473f5825a4837ae559c08d8d276fc3ea44ef8009c6199e49a,gx-no-cache=1484692833908 HTTP/1.1" 200 29
192.168.10.17 - - [17/Jan/2017:18:37:32 -0300] "POST /cormun/servlet/solicitudot?gx-no-cache=1484692833927 HTTP/1.1" 200 605
192.168.10.17 - - [17/Jan/2017:18:37:32 -0300] "POST /cormun/servlet/solicitudot?gx-no-cache=1484692833958 HTTP/1.1" 200 480
192.168.10.17 - - [17/Jan/2017:18:37:41 -0300] "GET /cormun/servlet/solicitudot?3e4f7ae40518825bf02b634f86c33f71ab5e041171e6f708070c41a32f727a6857584d4757362415598f954b5f81fe99bd04cee9ddd7ab166803e55e1766a2422e6cbf7807dfcd1df7c0861ed4812cec2e6c6eff7ff03aa14e4fab45eafd6ef798ed4a54aba447bb9b03cdde5244e3f68bb80037ab2360b10f5b0383b9770b2c38809d553acc31e473f5825a4837ae559c08d8d276fc3ea44ef8009c6199e49a,gx-no-cache=1484692842433 HTTP/1.1" 200 29
192.168.10.17 - - [17/Jan/2017:18:37:41 -0300] "POST /cormun/servlet/solicitudot?gx-no-cache=1484692842465 HTTP/1.1" 200 605
192.168.10.17 - - [17/Jan/2017:18:37:46 -0300] "POST /cormun/servlet/solicitudot?gx-no-cache=1484692848090 HTTP/1.1" 200 1144
192.168.10.17 - - [17/Jan/2017:18:37:57 -0300] "GET /cormun/servlet/solicitudot?3e4f7ae40518825bf02b634f86c33f71bceaca423512d9be61e6054fdf7d3f567ad7c382ad1389da93f582f14859157220adeb52e52039c9a49db83462f42e13f8c56a98a87a314beebea2ab1997bd4836ca4a6b6534b526b60f5cc42f46de4dc6b6cea7b2b4a0cb25620f6174a0acba295ed840905ba54fdec6adda364ec9d98098d3446d28ccd5111e06c8d71a6f25150bdee39463450e8b0f2a8692669a99bfa7c9886c99cb4ebaf157be97f61965,gx-no-cache=1484692858986 HTTP/1.1" 200 30
192.168.10.17 - - [17/Jan/2017:18:37:58 -0300] "POST /cormun/servlet/solicitudot?9bd17447f74320e3b92e3806bd547f7c,INS,0,0,,gx-no-cache=1484692859019 HTTP/1.1" 200 93
192.168.10.17 - - [17/Jan/2017:18:37:58 -0300] "GET /cormun/servlet/hpexe_return? HTTP/1.1" 200 1005
192.168.10.17 - - [17/Jan/2017:18:37:58 -0300] "GET /cormun/servlet/trsolicitudot HTTP/1.1" 200 8646
192.168.10.17 - - [17/Jan/2017:18:37:59 -0300] "GET /cormun/servlet/trsolicitudot HTTP/1.1" 200 8642
192.168.10.17 - - [17/Jan/2017:18:38:09 -0300] "GET /cormun/servlet/solicitudot?INS,0,0, HTTP/1.1" 200 12870
192.168.10.17 - - [17/Jan/2017:18:38:10 -0300] "GET /cormun/servlet/solicitudot?INS,0,0, HTTP/1.1" 200 12875
192.168.10.17 - - [17/Jan/2017:18:38:19 -0300] "GET /cormun/servlet/prfichaempleado?,MD,,gxPopupLevel%3D0%3B HTTP/1.1" 200 8981
192.168.10.89 - - [17/Jan/2017:18:38:24 -0300] "GET /cormun/servlet/hlogin HTTP/1.1" 200 1760
192.168.10.17 - - [17/Jan/2017:18:38:28 -0300] "POST /cormun/servlet/prfichaempleado?9bd17447f74320e3b92e3806bd547f7c,,MD,,gxPopupLevel%3D0%3B,gx-no-cache=1484692890030 HTTP/1.1" 200 3404
192.168.10.89 - - [17/Jan/2017:18:38:30 -0300] "POST /cormun/servlet/hlogin?ee34c4348b1610e891fde9371117340a,gx-no-cache=1484692414120 HTTP/1.1" 200 474
192.168.10.17 - - [17/Jan/2017:18:38:30 -0300] "POST /cormun/servlet/solicitudot?gx-no-cache=1484692892100 HTTP/1.1" 200 3164
192.168.10.17 - - [17/Jan/2017:18:38:31 -0300] "POST /cormun/servlet/solicitudot?9bd17447f74320e3b92e3806bd547f7c,INS,0,0,,gx-no-cache=1484692892240 HTTP/1.1" 200 9910
192.168.10.17 - - [17/Jan/2017:18:38:32 -0300] "GET /cormun/servlet/solicitudot?3e4f7ae40518825bf02b634f86c33f71fc8d768d131bea03e09352e46ec7d6475035323fc2188504be501505fce11fce,gx-no-cache=1484692893407 HTTP/1.1" 200 30
192.168.10.17 - - [17/Jan/2017:18:38:32 -0300] "POST /cormun/servlet/solicitudot?gx-no-cache=1484692893453 HTTP/1.1" 200 255
192.168.10.17 - - [17/Jan/2017:18:38:32 -0300] "GET /cormun/servlet/solicitudot?3e4f7ae40518825bf02b634f86c33f71be2f474558f3191690dea51231aa8b779f7186101e7ce8bfec80bd3060cfc85bf0a76e8502a3a817a2e77d26f66d38680d37e29fa8e80a1fb26b49a5afe2b36da023eed5a65297ca886df6217ab0fc6527dfec194ab38d78a8b62931369a80a5c417cfdc6fff1f93bf9c98e6bf6d37b4d6c1af6fef36e0ccaf1a15543d99c673112611b677af7b83b01759e30f977bb8a4640cfd351f154cfb60929a692b89a33efc4a843c798f3d0ed3cafee935f312016ba256d6be9312283fc8559a9ab22117e16483f21b8cd0a8741eb3e9d40061aaa93fa0120780c5f6392a546f72cbc1e2bc6271289fe146660c454971fa7661bc7ec307412158ced3887e4d7e0661efbc14b1c0d62d4beb35a616112fbcd68fce4807bccec919c9b6870adf7908597d6fcb65f92c9d1a272f5eff32c6f2cd214f13574583db25416286d9a2a6c00e02a9726495981933df743522e1e920dda1cf1bef3a2c20299b2c5dc10a11ab9a2b456807fff2ff7e8a0f55483cf844becd,gx-no-cache=1484692893502 HTTP/1.1" 200 30
192.168.10.17 - - [17/Jan/2017:18:38:34 -0300] "POST /cormun/servlet/solicitudot?gx-no-cache=1484692895928 HTTP/1.1" 200 30
192.168.10.17 - - [17/Jan/2017:18:38:35 -0300] "GET /cormun/servlet/prsolicitudot?18379257,,,,,MD,,gxPopupLevel%3D0%3B HTTP/1.1" 200 6194
192.168.10.89 - - [17/Jan/2017:18:38:37 -0300] "POST /cormun/servlet/hlogin?ee34c4348b1610e891fde9371117340a,gx-no-cache=1484692420752 HTTP/1.1" 200 90
192.168.10.89 - - [17/Jan/2017:18:38:37 -0300] "GET /cormun/servlet/hpexe_link HTTP/1.1" 200 982
192.168.10.89 - - [17/Jan/2017:18:38:37 -0300] "GET /cormun/servlet/trsolicitudgral?gx-no-cache=1484689272736 HTTP/1.1" 200 8354
192.168.10.17 - - [17/Jan/2017:18:38:39 -0300] "POST /cormun/servlet/solicitudot?gx-no-cache=1484692900977 HTTP/1.1" 200 235
192.168.10.17 - - [17/Jan/2017:18:38:39 -0300] "POST /cormun/servlet/solicitudot?gx-no-cache=1484692901017 HTTP/1.1" 200 38
192.168.10.17 - - [17/Jan/2017:18:38:39 -0300] "GET /cormun/servlet/solicitudot?3e4f7ae40518825bf02b634f86c33f71ab5e041171e6f708070c41a32f727a6857584d4757362415598f954b5f81fe99bd04cee9ddd7ab166803e55e1766a2422e6cbf7807dfcd1df7c0861ed4812cec2e6c6eff7ff03aa14e4fab45eafd6ef798ed4a54aba447bb9b03cdde5244e3f68bb80037ab2360b10f5b0383b9770b2c38809d553acc31e473f5825a4837ae559c08d8d276fc3ea44ef8009c6199e49a,gx-no-cache=1484692901042 HTTP/1.1" 200 29
192.168.10.17 - - [17/Jan/2017:18:38:39 -0300] "POST /cormun/servlet/solicitudot?gx-no-cache=1484692901062 HTTP/1.1" 200 605
192.168.10.17 - - [17/Jan/2017:18:38:39 -0300] "POST /cormun/servlet/solicitudot?gx-no-cache=1484692901108 HTTP/1.1" 200 480
192.168.10.17 - - [17/Jan/2017:18:38:47 -0300] "POST /cormun/servlet/solicitudot?gx-no-cache=1484692909122 HTTP/1.1" 200 604
192.168.10.17 - - [17/Jan/2017:18:38:49 -0300] "POST /cormun/servlet/solicitudot?gx-no-cache=1484692910445 HTTP/1.1" 200 1144
192.168.10.89 - - [17/Jan/2017:18:38:52 -0300] "POST /cormun/servlet/trsolicitudgral?ee34c4348b1610e891fde9371117340a,gx-no-cache=1484689272736,gx-no-cache=1484692434492 HTTP/1.1" 200 20956
192.168.10.89 - - [17/Jan/2017:18:38:58 -0300] "POST /cormun/servlet/trsolicitudgral?ee34c4348b1610e891fde9371117340a,gx-no-cache=1484689272736,gx-no-cache=1484692441411 HTTP/1.1" 200 15609
192.168.10.17 - - [17/Jan/2017:18:38:58 -0300] "GET /cormun/servlet/solicitudot?3e4f7ae40518825bf02b634f86c33f71bceaca423512d9be61e6054fdf7d3f567ad7c382ad1389da93f582f14859157220adeb52e52039c9a49db83462f42e13f8c56a98a87a314beebea2ab1997bd4836ca4a6b6534b526b60f5cc42f46de4dc6b6cea7b2b4a0cb25620f6174a0acba295ed840905ba54fdec6adda364ec9d98098d3446d28ccd5111e06c8d71a6f25150bdee39463450e8b0f2a8692669a99bfa7c9886c99cb4ebaf157be97f61965,gx-no-cache=1484692919878 HTTP/1.1" 200 30
192.168.10.17 - - [17/Jan/2017:18:38:58 -0300] "POST /cormun/servlet/solicitudot?9bd17447f74320e3b92e3806bd547f7c,INS,0,0,,gx-no-cache=1484692919920 HTTP/1.1" 200 93
192.168.10.17 - - [17/Jan/2017:18:38:58 -0300] "GET /cormun/servlet/hpexe_return? HTTP/1.1" 200 1005
192.168.10.17 - - [17/Jan/2017:18:38:59 -0300] "GET /cormun/servlet/trsolicitudot HTTP/1.1" 200 8913
192.168.10.17 - - [17/Jan/2017:18:39:00 -0300] "GET /cormun/servlet/trsolicitudot HTTP/1.1" 200 8909
192.168.10.89 - - [17/Jan/2017:18:39:04 -0300] "POST /cormun/servlet/trsolicitudgral?ee34c4348b1610e891fde9371117340a,gx-no-cache=1484689272736,gx-no-cache=1484692447103 HTTP/1.1" 200 6489
192.168.10.89 - - [17/Jan/2017:18:39:11 -0300] "POST /cormun/servlet/trsolicitudgral?ee34c4348b1610e891fde9371117340a,gx-no-cache=1484689272736,gx-no-cache=1484692454867 HTTP/1.1" 200 5465
192.168.10.89 - - [17/Jan/2017:18:39:12 -0300] "POST /cormun/servlet/trsolicitudgral?ee34c4348b1610e891fde9371117340a,gx-no-cache=1484689272736,gx-no-cache=1484692455314 HTTP/1.1" 200 5221
192.168.10.89 - - [17/Jan/2017:18:39:12 -0300] "GET /cormun/static/Shared/jqueryui/images/ui-bg_highlight-soft_100_c6c2c8_1x100.png HTTP/1.1" 404 1117
192.168.10.89 - - [17/Jan/2017:18:39:12 -0300] "GET /cormun/static/Shared/jqueryui/images/ui-bg_flat_55_fafafa_40x100.png HTTP/1.1" 404 1097
192.168.10.89 - - [17/Jan/2017:18:39:12 -0300] "GET /cormun/static/Shared/jqueryui/images/ui-icons_8d78a5_256x240.png HTTP/1.1" 404 1089
192.168.10.89 - - [17/Jan/2017:18:39:12 -0300] "GET /cormun/static/Shared/jqueryui/images/ui-icons_82798d_256x240.png HTTP/1.1" 404 1089
192.168.10.89 - - [17/Jan/2017:18:39:20 -0300] "POST /cormun/servlet/trsolicitudgral?ee34c4348b1610e891fde9371117340a,gx-no-cache=1484689272736,gx-no-cache=1484692463649 HTTP/1.1" 200 6478
192.168.10.89 - - [17/Jan/2017:18:39:28 -0300] "POST /cormun/servlet/trsolicitudgral?ee34c4348b1610e891fde9371117340a,gx-no-cache=1484689272736,gx-no-cache=1484692471990 HTTP/1.1" 200 5454
192.168.10.89 - - [17/Jan/2017:18:39:29 -0300] "POST /cormun/servlet/trsolicitudgral?ee34c4348b1610e891fde9371117340a,gx-no-cache=1484689272736,gx-no-cache=1484692472551 HTTP/1.1" 200 5223
192.168.10.89 - - [17/Jan/2017:18:41:00 -0300] "POST /cormun/servlet/trsolicitudgral?ee34c4348b1610e891fde9371117340a,gx-no-cache=1484689272736,gx-no-cache=1484692563702 HTTP/1.1" 200 6768
192.168.10.89 - - [17/Jan/2017:18:41:29 -0300] "POST /cormun/servlet/trsolicitudgral?ee34c4348b1610e891fde9371117340a,gx-no-cache=1484689272736,gx-no-cache=1484692592512 HTTP/1.1" 200 115
192.168.10.89 - - [17/Jan/2017:18:41:29 -0300] "GET /cormun/servlet/solicitudotlog?INS,2017,3173,0,REC, HTTP/1.1" 200 6140
192.168.10.89 - - [17/Jan/2017:18:41:30 -0300] "GET /cormun/servlet/solicitudotlog?50b7c020591e652db4e63d150d3910d57b0109be88b1c06ff6fa565b4d415dff368b968c41526a5a69a275dfe8f487ed11744216bfdb64488e8bc2b41a1757936bdbb03b83d7ca7ffa6c47f0654484053543e81a5fa4426f87ebbe7176bf1b006faf853533dc6eb05c1e2a64d8a0d96c99b61bd8785bd77546a6a576e6331a262e270adf6a922fddb1000946e26beb794791f1f79a8d0702768dcca08133d02b,gx-no-cache=1484692593774 HTTP/1.1" 200 94
192.168.10.89 - - [17/Jan/2017:18:41:34 -0300] "POST /cormun/servlet/solicitudotlog?ee34c4348b1610e891fde9371117340a,INS,2017,3173,0,REC,,gx-no-cache=1484692597506 HTTP/1.1" 200 93
192.168.10.89 - - [17/Jan/2017:18:41:34 -0300] "GET /cormun/servlet/hpexe_return? HTTP/1.1" 200 1044
192.168.10.89 - - [17/Jan/2017:18:41:34 -0300] "GET /cormun/servlet/trsolicitudgral?gx-no-cache=1484689272736 HTTP/1.1" 200 9595
192.168.10.89 - - [17/Jan/2017:18:41:49 -0300] "GET /cormun/servlet/solicitudgral2?UPD,2017,4684, HTTP/1.1" 200 12221
192.168.10.89 - - [17/Jan/2017:18:41:50 -0300] "POST /cormun/servlet/solicitudgral2?gx-no-cache=1484692613473 HTTP/1.1" 200 3143
192.168.10.89 - - [17/Jan/2017:18:41:50 -0300] "GET /cormun/servlet/solicitudgral2?50b7c020591e652db4e63d150d3910d5cf3b39c7007ca438ebf758610106789f3e0588e26cedada24016e6d9004c631d2a1365c56354ec5b9c4fd0f4733fa63436f7256599f93fdb896cf7f4a3383cdf4dcd35feae0f08028249589f063b169e8edf012b1609800e61b24968008fe2decd20e4421231b5b11a3d166ee07bc9b5b34372a63c0efe9a948428d89091ba5268e1534f8106b4093cb21d89fac3941d5d8146651deef786655a8a7fec79c8a067ab03088414231d17b7ad9c7f4eede1bbbbddf3c69516f7e48bf53198f7d6d6feac4013af6e7b0d7afedeec4551f922c594f1aec5cfd9667192694a7329f77ffc7f0051cd0950be168452f9d3f376ce204b640b63380b94f50c4c2f893c54713d825a5bae02ea6bd343e1033a3a6bc918bccce5ef553054d819ff6abe9ea4ca4a3e56882f7025ae1f83785646a6357241055c767a81e06cf75f0b878fa436fb,gx-no-cache=1484692613700 HTTP/1.1" 200 257
192.168.10.89 - - [17/Jan/2017:18:41:50 -0300] "POST /cormun/servlet/solicitudgral2?gx-no-cache=1484692613733 HTTP/1.1" 200 1340
192.168.10.89 - - [17/Jan/2017:18:41:50 -0300] "GET /cormun/servlet/solicitudgral2?50b7c020591e652db4e63d150d3910d5c9f79210db3a413ba43ebd91bf712888b5e094637f8f4c41adab7f155f840bf62a1365c56354ec5b9c4fd0f4733fa63413fd467d3672a269e1db7e6ce00975e72cbab1f188b97c42b1724032f9ffbf51cd0c197742690e29ff1c1e2c7aaf05a0,gx-no-cache=1484692613815 HTTP/1.1" 200 41
192.168.10.89 - - [17/Jan/2017:18:41:52 -0300] "POST /cormun/servlet/solicitudgral2?ee34c4348b1610e891fde9371117340a,UPD,2017,4684,,gx-no-cache=1484692615474 HTTP/1.1" 200 10531
192.168.10.89 - - [17/Jan/2017:18:41:54 -0300] "GET /cormun/servlet/solicitudgral2?50b7c020591e652db4e63d150d3910d5009609f5bd6422a41ed0e5c202b3c3550ea8a9f0ea5fb198f285b75e583d9f0da681b0010f32945456c13e2f04edaaf60a1ef539b78bb9e9989178cf6fa78c0dd0df6e6aa91283fb6105764b4040881be9842059a94834a827704f9b5bace98de756ee4824201ab23397f40c04a99d828880ca4312a99d1ab7022a42e29cc61e15069e7f7d2a251439613e7732b230cd,gx-no-cache=1484692618106 HTTP/1.1" 200 29
192.168.10.89 - - [17/Jan/2017:18:41:54 -0300] "POST /cormun/servlet/solicitudgral2?gx-no-cache=1484692618136 HTTP/1.1" 200 1236
192.168.10.89 - - [17/Jan/2017:18:41:55 -0300] "POST /cormun/servlet/solicitudgral2?gx-no-cache=1484692618189 HTTP/1.1" 200 1141
192.168.10.89 - - [17/Jan/2017:18:41:55 -0300] "GET /cormun/servlet/solicitudgral2?50b7c020591e652db4e63d150d3910d5044f9476a8d81508d5069555c96f2f15a7fa5f70ff20fdee279b21807c74f02ec9fbabb9d4124a21dc0354c5c12fb0f07e55692b4d7f0b58204b3a904ffc47c250f8eaa066cb53cec5c6bcce07798e0491a84610dc0655b503cab5907b889ccd622ea844d929c6973e351656335384a7,gx-no-cache=1484692618246 HTTP/1.1" 200 30
192.168.10.89 - - [17/Jan/2017:18:42:05 -0300] "POST /cormun/servlet/solicitudgral2?ee34c4348b1610e891fde9371117340a,UPD,2017,4684,,gx-no-cache=1484692629070 HTTP/1.1" 200 93
192.168.10.89 - - [17/Jan/2017:18:42:05 -0300] "GET /cormun/servlet/hpexe_return? HTTP/1.1" 200 1036
192.168.10.89 - - [17/Jan/2017:18:42:06 -0300] "GET /cormun/servlet/trsolicitudgral?gx-no-cache=1484689272736 HTTP/1.1" 200 9595
192.168.10.89 - - [17/Jan/2017:18:42:24 -0300] "POST /cormun/servlet/trsolicitudgral?ee34c4348b1610e891fde9371117340a,gx-no-cache=1484689272736,gx-no-cache=1484692647508 HTTP/1.1" 200 5446
192.168.10.89 - - [17/Jan/2017:18:42:24 -0300] "POST /cormun/servlet/trsolicitudgral?ee34c4348b1610e891fde9371117340a,gx-no-cache=1484689272736,gx-no-cache=1484692647849 HTTP/1.1" 200 5226
192.168.10.89 - - [17/Jan/2017:18:42:24 -0300] "GET /cormun/static/Shared/jqueryui/images/ui-icons_82798d_256x240.png HTTP/1.1" 404 1089
192.168.10.89 - - [17/Jan/2017:18:42:24 -0300] "GET /cormun/static/Shared/jqueryui/images/ui-bg_flat_55_fafafa_40x100.png HTTP/1.1" 404 1097
192.168.10.89 - - [17/Jan/2017:18:42:24 -0300] "GET /cormun/static/Shared/jqueryui/images/ui-icons_8d78a5_256x240.png HTTP/1.1" 404 1089
192.168.10.89 - - [17/Jan/2017:18:42:24 -0300] "GET /cormun/static/Shared/jqueryui/images/ui-bg_highlight-soft_100_c6c2c8_1x100.png HTTP/1.1" 404 1117
192.168.10.89 - - [17/Jan/2017:18:42:35 -0300] "POST /cormun/servlet/trsolicitudgral?ee34c4348b1610e891fde9371117340a,gx-no-cache=1484689272736,gx-no-cache=1484692658402 HTTP/1.1" 200 6477
192.168.10.89 - - [17/Jan/2017:18:42:40 -0300] "POST /cormun/servlet/trsolicitudgral?ee34c4348b1610e891fde9371117340a,gx-no-cache=1484689272736,gx-no-cache=1484692663292 HTTP/1.1" 200 5455
192.168.10.89 - - [17/Jan/2017:18:42:40 -0300] "POST /cormun/servlet/trsolicitudgral?ee34c4348b1610e891fde9371117340a,gx-no-cache=1484689272736,gx-no-cache=1484692663740 HTTP/1.1" 200 5223
192.168.10.89 - - [17/Jan/2017:18:42:51 -0300] "POST /cormun/servlet/trsolicitudgral?ee34c4348b1610e891fde9371117340a,gx-no-cache=1484689272736,gx-no-cache=1484692674715 HTTP/1.1" 200 6469
192.168.10.89 - - [17/Jan/2017:18:43:00 -0300] "POST /cormun/servlet/trsolicitudgral?ee34c4348b1610e891fde9371117340a,gx-no-cache=1484689272736,gx-no-cache=1484692683536 HTTP/1.1" 200 5449
192.168.10.89 - - [17/Jan/2017:18:43:01 -0300] "POST /cormun/servlet/trsolicitudgral?ee34c4348b1610e891fde9371117340a,gx-no-cache=1484689272736,gx-no-cache=1484692684128 HTTP/1.1" 200 5224
192.168.10.89 - - [17/Jan/2017:18:43:09 -0300] "POST /cormun/servlet/trsolicitudgral?ee34c4348b1610e891fde9371117340a,gx-no-cache=1484689272736,gx-no-cache=1484692693030 HTTP/1.1" 200 6471
192.168.10.89 - - [17/Jan/2017:18:43:17 -0300] "POST /cormun/servlet/trsolicitudgral?ee34c4348b1610e891fde9371117340a,gx-no-cache=1484689272736,gx-no-cache=1484692700997 HTTP/1.1" 200 5452
192.168.10.89 - - [17/Jan/2017:18:43:18 -0300] "POST /cormun/servlet/trsolicitudgral?ee34c4348b1610e891fde9371117340a,gx-no-cache=1484689272736,gx-no-cache=1484692701798 HTTP/1.1" 200 5233
192.168.10.17 - - [17/Jan/2017:18:43:20 -0300] "GET /cormun/servlet/solicitudot?INS,0,0, HTTP/1.1" 200 12870
192.168.10.17 - - [17/Jan/2017:18:43:21 -0300] "GET /cormun/servlet/solicitudot?INS,0,0, HTTP/1.1" 200 12875
192.168.10.89 - - [17/Jan/2017:18:43:30 -0300] "POST /cormun/servlet/trsolicitudgral?ee34c4348b1610e891fde9371117340a,gx-no-cache=1484689272736,gx-no-cache=1484692713508 HTTP/1.1" 200 6480
192.168.10.89 - - [17/Jan/2017:18:43:34 -0300] "POST /cormun/servlet/trsolicitudgral?ee34c4348b1610e891fde9371117340a,gx-no-cache=1484689272736,gx-no-cache=1484692718075 HTTP/1.1" 200 5454
192.168.10.89 - - [17/Jan/2017:18:43:35 -0300] "POST /cormun/servlet/trsolicitudgral?ee34c4348b1610e891fde9371117340a,gx-no-cache=1484689272736,gx-no-cache=1484692719039 HTTP/1.1" 200 5228
192.168.10.89 - - [17/Jan/2017:18:43:44 -0300] "POST /cormun/servlet/trsolicitudgral?ee34c4348b1610e891fde9371117340a,gx-no-cache=1484689272736,gx-no-cache=1484692727646 HTTP/1.1" 200 6484
192.168.10.17 - - [17/Jan/2017:18:43:46 -0300] "GET /cormun/servlet/prfichaempleado?,MD,,gxPopupLevel%3D0%3B HTTP/1.1" 200 8981
192.168.10.89 - - [17/Jan/2017:18:43:55 -0300] "POST /cormun/servlet/trsolicitudgral?ee34c4348b1610e891fde9371117340a,gx-no-cache=1484689272736,gx-no-cache=1484692738854 HTTP/1.1" 200 5458
192.168.10.17 - - [17/Jan/2017:18:43:56 -0300] "POST /cormun/servlet/prfichaempleado?9bd17447f74320e3b92e3806bd547f7c,,MD,,gxPopupLevel%3D0%3B,gx-no-cache=1484693217879 HTTP/1.1" 200 3404
192.168.10.89 - - [17/Jan/2017:18:43:56 -0300] "POST /cormun/servlet/trsolicitudgral?ee34c4348b1610e891fde9371117340a,gx-no-cache=1484689272736,gx-no-cache=1484692739912 HTTP/1.1" 200 5228
192.168.10.17 - - [17/Jan/2017:18:43:59 -0300] "POST /cormun/servlet/solicitudot?gx-no-cache=1484693220695 HTTP/1.1" 200 3187
192.168.10.17 - - [17/Jan/2017:18:43:59 -0300] "POST /cormun/servlet/solicitudot?9bd17447f74320e3b92e3806bd547f7c,INS,0,0,,gx-no-cache=1484693220856 HTTP/1.1" 200 9939
192.168.10.89 - - [17/Jan/2017:18:44:06 -0300] "POST /cormun/servlet/trsolicitudgral?ee34c4348b1610e891fde9371117340a,gx-no-cache=1484689272736,gx-no-cache=1484692749320 HTTP/1.1" 200 5247
192.168.10.17 - - [17/Jan/2017:18:44:06 -0300] "GET /cormun/servlet/solicitudot?3e4f7ae40518825bf02b634f86c33f71c07267dbf1ca0527f2bc2e109a9fe90b5035323fc2188504be501505fce11fce,gx-no-cache=1484693227478 HTTP/1.1" 200 30
192.168.10.17 - - [17/Jan/2017:18:44:06 -0300] "POST /cormun/servlet/solicitudot?gx-no-cache=1484693227509 HTTP/1.1" 200 297
192.168.10.17 - - [17/Jan/2017:18:44:06 -0300] "GET /cormun/servlet/solicitudot?3e4f7ae40518825bf02b634f86c33f71be2f474558f3191690dea51231aa8b776225c910682c5539703b6a99c765bd6bf0a76e8502a3a817a2e77d26f66d38680d37e29fa8e80a1fb26b49a5afe2b36da023eed5a65297ca886df6217ab0fc6527dfec194ab38d78a8b62931369a80a5c417cfdc6fff1f93bf9c98e6bf6d37b4d6c1af6fef36e0ccaf1a15543d99c673112611b677af7b83b01759e30f977bb8a4640cfd351f154cfb60929a692b89a33efc4a843c798f3d0ed3cafee935f312016ba256d6be9312283fc8559a9ab22117e16483f21b8cd0a8741eb3e9d40061aaa93fa0120780c5f6392a546f72cbc1240702b754cdc01b87288c85bc735ef9bc7ec307412158ced3887e4d7e0661ef2beb1238600a832f9f695cb2f5d2135c751d95a03232328cb65020770812fdbab2fa366dac15bb6e1822b5aaba953cae99c8a1cc7696a868bd0417d3cbe53f584cb91fbc8aa55192e747305e20ff1fc9ecc61fc477fc7aaa621a26b2c6ec9324eb84291e0d426a2175c2183ecf7a8c59abfa350f090fcda4fa50564e55d573d7,gx-no-cache=1484693227541 HTTP/1.1" 200 30
192.168.10.17 - - [17/Jan/2017:18:44:08 -0300] "POST /cormun/servlet/solicitudot?gx-no-cache=1484693229278 HTTP/1.1" 200 30
192.168.10.17 - - [17/Jan/2017:18:44:11 -0300] "POST /cormun/servlet/solicitudot?gx-no-cache=1484693232323 HTTP/1.1" 200 235
192.168.10.17 - - [17/Jan/2017:18:44:11 -0300] "POST /cormun/servlet/solicitudot?gx-no-cache=1484693232380 HTTP/1.1" 200 38
192.168.10.17 - - [17/Jan/2017:18:44:15 -0300] "GET /cormun/servlet/solicitudot?3e4f7ae40518825bf02b634f86c33f71ab5e041171e6f708070c41a32f727a6857584d4757362415598f954b5f81fe99945149b73b4601f18ca373fad84eaafc5ea6923517852f83caf78ca6bb1c9c488d0a3fb06916f4fdd909ff048d9c024efb09265dc4cae03a4d1d4cf16e43e2d2,gx-no-cache=1484693236597 HTTP/1.1" 200 29
192.168.10.17 - - [17/Jan/2017:18:44:15 -0300] "POST /cormun/servlet/solicitudot?gx-no-cache=1484693236636 HTTP/1.1" 200 605
192.168.10.89 - - [17/Jan/2017:18:44:17 -0300] "POST /cormun/servlet/trsolicitudgral?ee34c4348b1610e891fde9371117340a,gx-no-cache=1484689272736,gx-no-cache=1484692760513 HTTP/1.1" 200 6481
192.168.10.17 - - [17/Jan/2017:18:44:17 -0300] "POST /cormun/servlet/solicitudot?gx-no-cache=1484693239206 HTTP/1.1" 200 1144
192.168.10.89 - - [17/Jan/2017:18:44:40 -0300] "POST /cormun/servlet/trsolicitudgral?ee34c4348b1610e891fde9371117340a,gx-no-cache=1484689272736,gx-no-cache=1484692783600 HTTP/1.1" 200 5451
192.168.10.89 - - [17/Jan/2017:18:44:41 -0300] "POST /cormun/servlet/trsolicitudgral?ee34c4348b1610e891fde9371117340a,gx-no-cache=1484689272736,gx-no-cache=1484692784841 HTTP/1.1" 200 5225
192.168.10.17 - - [17/Jan/2017:18:44:43 -0300] "GET /cormun/servlet/solicitudot?3e4f7ae40518825bf02b634f86c33f718ac3107cfe3f1a10ebc50dfe5fa1b489bc376613b03d493202642a52e30a87356626aa3bc9d59c857c078e0b7b9833487a061e78c0f10be031d3112a4b873a0e5f472be38789e90d1d4a5d76721273c01fbefd2ab8b01c2bb2a2476bb8b00d55a0152092b3423d1a9c947e870acccb42a8a3bd1e1bed85c751bb55aab41ba0eaa7f9169ef512c72598d7af42912774f515bea3d26e649d217a22135f901233dc,gx-no-cache=1484693264764 HTTP/1.1" 200 30
192.168.10.17 - - [17/Jan/2017:18:44:48 -0300] "POST /cormun/servlet/solicitudot?9bd17447f74320e3b92e3806bd547f7c,INS,0,0,,gx-no-cache=1484693269347 HTTP/1.1" 200 93
192.168.10.17 - - [17/Jan/2017:18:44:48 -0300] "GET /cormun/servlet/hpexe_return? HTTP/1.1" 200 1005
192.168.10.17 - - [17/Jan/2017:18:44:48 -0300] "GET /cormun/servlet/trsolicitudot HTTP/1.1" 200 9290
192.168.10.17 - - [17/Jan/2017:18:44:49 -0300] "GET /cormun/servlet/trsolicitudot HTTP/1.1" 200 9285
192.168.10.89 - - [17/Jan/2017:18:44:53 -0300] "POST /cormun/servlet/trsolicitudgral?ee34c4348b1610e891fde9371117340a,gx-no-cache=1484689272736,gx-no-cache=1484692796393 HTTP/1.1" 200 6459
192.168.10.89 - - [17/Jan/2017:18:45:02 -0300] "POST /cormun/servlet/trsolicitudgral?ee34c4348b1610e891fde9371117340a,gx-no-cache=1484689272736,gx-no-cache=1484692805775 HTTP/1.1" 200 5444
192.168.10.89 - - [17/Jan/2017:18:45:04 -0300] "POST /cormun/servlet/trsolicitudgral?ee34c4348b1610e891fde9371117340a,gx-no-cache=1484689272736,gx-no-cache=1484692807182 HTTP/1.1" 200 5224
192.168.10.89 - - [17/Jan/2017:18:45:15 -0300] "POST /cormun/servlet/trsolicitudgral?ee34c4348b1610e891fde9371117340a,gx-no-cache=1484689272736,gx-no-cache=1484692818282 HTTP/1.1" 200 6471
192.168.10.89 - - [17/Jan/2017:18:45:23 -0300] "POST /cormun/servlet/trsolicitudgral?ee34c4348b1610e891fde9371117340a,gx-no-cache=1484689272736,gx-no-cache=1484692826403 HTTP/1.1" 200 5450
192.168.10.17 - - [17/Jan/2017:18:45:23 -0300] "POST /cormun/servlet/trsolicitudot?9bd17447f74320e3b92e3806bd547f7c,gx-no-cache=1484693304880 HTTP/1.1" 200 106
192.168.10.17 - - [17/Jan/2017:18:45:23 -0300] "GET /cormun/servlet/solicitudot?UPD,2017,4689, HTTP/1.1" 200 14490
192.168.10.17 - - [17/Jan/2017:18:45:24 -0300] "GET /cormun/servlet/solicitudot?UPD,2017,4689, HTTP/1.1" 200 14500
192.168.10.89 - - [17/Jan/2017:18:45:24 -0300] "POST /cormun/servlet/trsolicitudgral?ee34c4348b1610e891fde9371117340a,gx-no-cache=1484689272736,gx-no-cache=1484692827935 HTTP/1.1" 200 5224
192.168.10.17 - - [17/Jan/2017:18:45:25 -0300] "POST /cormun/servlet/solicitudot?gx-no-cache=1484693306408 HTTP/1.1" 200 3164
192.168.10.17 - - [17/Jan/2017:18:45:25 -0300] "POST /cormun/servlet/solicitudot?9bd17447f74320e3b92e3806bd547f7c,UPD,2017,4689,,gx-no-cache=1484693306552 HTTP/1.1" 200 10982
192.168.10.17 - - [17/Jan/2017:18:45:25 -0300] "GET /cormun/servlet/solicitudot?3e4f7ae40518825bf02b634f86c33f71fc8d768d131bea03e09352e46ec7d6474b394d8b77fa786d6ff4d1376f46e309,gx-no-cache=1484693306787 HTTP/1.1" 200 30
192.168.10.17 - - [17/Jan/2017:18:45:25 -0300] "POST /cormun/servlet/solicitudot?gx-no-cache=1484693306843 HTTP/1.1" 200 254
192.168.10.17 - - [17/Jan/2017:18:45:25 -0300] "GET /cormun/servlet/solicitudot?3e4f7ae40518825bf02b634f86c33f71be2f474558f3191690dea51231aa8b779f7186101e7ce8bfec80bd3060cfc85bf0a76e8502a3a817a2e77d26f66d38680d37e29fa8e80a1fb26b49a5afe2b36da023eed5a65297ca886df6217ab0fc6527dfec194ab38d78a8b62931369a80a5c417cfdc6fff1f93bf9c98e6bf6d37b4d6c1af6fef36e0ccaf1a15543d99c673112611b677af7b83b01759e30f977bb8a4640cfd351f154cfb60929a692b89a33efc4a843c798f3d0ed3cafee935f312016ba256d6be9312283fc8559a9ab22117e16483f21b8cd0a8741eb3e9d40061aaa93fa0120780c5f6392a546f72cbc1e2bc6271289fe146660c454971fa7661bc7ec307412158ced3887e4d7e0661efbc14b1c0d62d4beb35a616112fbcd68fce4807bccec919c9b6870adf7908597d6fcb65f92c9d1a272f5eff32c6f2cd214f13574583db25416286d9a2a6c00e02a9726495981933df743522e1e920dda1cf1bef3a2c20299b2c5dc10a11ab9a2bcf8bfdbed50fdfaf0b19a862f6d24d54,gx-no-cache=1484693306891 HTTP/1.1" 200 30
192.168.10.17 - - [17/Jan/2017:18:45:25 -0300] "POST /cormun/servlet/solicitudot?gx-no-cache=1484693306914 HTTP/1.1" 200 30
192.168.10.17 - - [17/Jan/2017:18:45:25 -0300] "POST /cormun/servlet/solicitudot?gx-no-cache=1484693306954 HTTP/1.1" 200 1273
192.168.10.17 - - [17/Jan/2017:18:45:25 -0300] "POST /cormun/servlet/solicitudot?gx-no-cache=1484693307011 HTTP/1.1" 200 41
192.168.10.17 - - [17/Jan/2017:18:45:26 -0300] "GET /cormun/servlet/solicitudot?3e4f7ae40518825bf02b634f86c33f71e6024e00644b7eb844f3f88fdf7d63656f93222f570787ec8aa8f9e85e9e06f36be81b5fe56c5ae7357b454f4933615800dc6a04532201011539214a91ce549d9ac414886eb02d0894912d2933e9a473c15b86474a31f66c6b49f5a1be6c65c398394942a15ec77d14fdbbb198d460eecbfa55e52789e774e8528b9ab9101dc357df60a00c592f05afa7a8800f5e9e37,gx-no-cache=1484693307811 HTTP/1.1" 200 29
192.168.10.17 - - [17/Jan/2017:18:45:26 -0300] "POST /cormun/servlet/solicitudot?gx-no-cache=1484693307837 HTTP/1.1" 200 1261
192.168.10.17 - - [17/Jan/2017:18:45:26 -0300] "POST /cormun/servlet/solicitudot?gx-no-cache=1484693307880 HTTP/1.1" 200 1143
192.168.10.17 - - [17/Jan/2017:18:45:26 -0300] "GET /cormun/servlet/solicitudot?3e4f7ae40518825bf02b634f86c33f71bceaca423512d9be61e6054fdf7d3f56fa812b1bc7be62996e7a08e9d2c7be926626aa3bc9d59c857c078e0b7b9833487a061e78c0f10be031d3112a4b873a0e5f472be38789e90d1d4a5d76721273c01fbefd2ab8b01c2bb2a2476bb8b00d55a0152092b3423d1a9c947e870acccb42a8a3bd1e1bed85c751bb55aab41ba0eaa7f9169ef512c72598d7af42912774f515bea3d26e649d217a22135f901233dc,gx-no-cache=1484693307923 HTTP/1.1" 200 30
192.168.10.89 - - [17/Jan/2017:18:45:32 -0300] "POST /cormun/servlet/trsolicitudgral?ee34c4348b1610e891fde9371117340a,gx-no-cache=1484689272736,gx-no-cache=1484692836088 HTTP/1.1" 200 6450
192.168.10.89 - - [17/Jan/2017:18:45:41 -0300] "POST /cormun/servlet/trsolicitudgral?ee34c4348b1610e891fde9371117340a,gx-no-cache=1484689272736,gx-no-cache=1484692844911 HTTP/1.1" 200 5431
192.168.10.89 - - [17/Jan/2017:18:45:43 -0300] "POST /cormun/servlet/trsolicitudgral?ee34c4348b1610e891fde9371117340a,gx-no-cache=1484689272736,gx-no-cache=1484692846583 HTTP/1.1" 200 5223
192.168.10.17 - - [17/Jan/2017:18:45:47 -0300] "POST /cormun/servlet/solicitudot?9bd17447f74320e3b92e3806bd547f7c,UPD,2017,4689,,gx-no-cache=1484693328445 HTTP/1.1" 200 93
192.168.10.17 - - [17/Jan/2017:18:45:47 -0300] "GET /cormun/servlet/hpexe_return? HTTP/1.1" 200 1012
192.168.10.17 - - [17/Jan/2017:18:45:47 -0300] "GET /cormun/servlet/trsolicitudot HTTP/1.1" 200 9290
192.168.10.17 - - [17/Jan/2017:18:45:48 -0300] "GET /cormun/servlet/trsolicitudot HTTP/1.1" 200 9285
192.168.10.17 - - [17/Jan/2017:18:45:55 -0300] "POST /cormun/servlet/trsolicitudot?9bd17447f74320e3b92e3806bd547f7c,gx-no-cache=1484693336241 HTTP/1.1" 200 106
192.168.10.17 - - [17/Jan/2017:18:45:55 -0300] "GET /cormun/servlet/solicitudot?UPD,2017,4690, HTTP/1.1" 200 14511
192.168.10.17 - - [17/Jan/2017:18:45:55 -0300] "GET /cormun/servlet/solicitudot?UPD,2017,4690, HTTP/1.1" 200 14520
192.168.10.17 - - [17/Jan/2017:18:45:56 -0300] "POST /cormun/servlet/solicitudot?gx-no-cache=1484693337573 HTTP/1.1" 200 3164
192.168.10.17 - - [17/Jan/2017:18:45:56 -0300] "POST /cormun/servlet/solicitudot?9bd17447f74320e3b92e3806bd547f7c,UPD,2017,4690,,gx-no-cache=1484693337712 HTTP/1.1" 200 10994
192.168.10.17 - - [17/Jan/2017:18:45:56 -0300] "GET /cormun/servlet/solicitudot?3e4f7ae40518825bf02b634f86c33f71fc8d768d131bea03e09352e46ec7d6474b394d8b77fa786d6ff4d1376f46e309,gx-no-cache=1484693337931 HTTP/1.1" 200 30
192.168.10.17 - - [17/Jan/2017:18:45:56 -0300] "POST /cormun/servlet/solicitudot?gx-no-cache=1484693337962 HTTP/1.1" 200 256
192.168.10.17 - - [17/Jan/2017:18:45:56 -0300] "GET /cormun/servlet/solicitudot?3e4f7ae40518825bf02b634f86c33f71be2f474558f3191690dea51231aa8b779f7186101e7ce8bfec80bd3060cfc85bf0a76e8502a3a817a2e77d26f66d38680d37e29fa8e80a1fb26b49a5afe2b36da023eed5a65297ca886df6217ab0fc6527dfec194ab38d78a8b62931369a80a5c417cfdc6fff1f93bf9c98e6bf6d37b4d6c1af6fef36e0ccaf1a15543d99c673112611b677af7b83b01759e30f977bb8a4640cfd351f154cfb60929a692b89a33efc4a843c798f3d0ed3cafee935f312016ba256d6be9312283fc8559a9ab22117e16483f21b8cd0a8741eb3e9d40061aaa93fa0120780c5f6392a546f72cbc1e2bc6271289fe146660c454971fa7661bc7ec307412158ced3887e4d7e0661efbc14b1c0d62d4beb35a616112fbcd68fce4807bccec919c9b6870adf7908597d6fcb65f92c9d1a272f5eff32c6f2cd214f13574583db25416286d9a2a6c00e02a9726495981933df743522e1e920dda1cf1bef3a2c20299b2c5dc10a11ab9a2bcf8bfdbed50fdfaf0b19a862f6d24d54,gx-no-cache=1484693337995 HTTP/1.1" 200 30
192.168.10.17 - - [17/Jan/2017:18:45:56 -0300] "POST /cormun/servlet/solicitudot?gx-no-cache=1484693338015 HTTP/1.1" 200 30
192.168.10.17 - - [17/Jan/2017:18:45:56 -0300] "POST /cormun/servlet/solicitudot?gx-no-cache=1484693338044 HTTP/1.1" 200 1274
192.168.10.17 - - [17/Jan/2017:18:45:56 -0300] "POST /cormun/servlet/solicitudot?gx-no-cache=1484693338115 HTTP/1.1" 200 41
192.168.10.89 - - [17/Jan/2017:18:45:57 -0300] "POST /cormun/servlet/trsolicitudgral?ee34c4348b1610e891fde9371117340a,gx-no-cache=1484689272736,gx-no-cache=1484692860269 HTTP/1.1" 200 6468
192.168.10.17 - - [17/Jan/2017:18:45:58 -0300] "GET /cormun/servlet/solicitudot?3e4f7ae40518825bf02b634f86c33f71e6024e00644b7eb844f3f88fdf7d63656f93222f570787ec8aa8f9e85e9e06f36be81b5fe56c5ae7357b454f4933615800dc6a04532201011539214a91ce549d9ac414886eb02d0894912d2933e9a473c15b86474a31f66c6b49f5a1be6c65c398394942a15ec77d14fdbbb198d460eecbfa55e52789e774e8528b9ab9101dc357df60a00c592f05afa7a8800f5e9e37,gx-no-cache=1484693339531 HTTP/1.1" 200 29
192.168.10.17 - - [17/Jan/2017:18:45:58 -0300] "POST /cormun/servlet/solicitudot?gx-no-cache=1484693339554 HTTP/1.1" 200 1261
192.168.10.17 - - [17/Jan/2017:18:45:58 -0300] "POST /cormun/servlet/solicitudot?gx-no-cache=1484693339594 HTTP/1.1" 200 1143
192.168.10.17 - - [17/Jan/2017:18:45:58 -0300] "GET /cormun/servlet/solicitudot?3e4f7ae40518825bf02b634f86c33f71bceaca423512d9be61e6054fdf7d3f567ad7c382ad1389da93f582f14859157220adeb52e52039c9a49db83462f42e13f8c56a98a87a314beebea2ab1997bd4836ca4a6b6534b526b60f5cc42f46de4dc6b6cea7b2b4a0cb25620f6174a0acba295ed840905ba54fdec6adda364ec9d98098d3446d28ccd5111e06c8d71a6f25150bdee39463450e8b0f2a8692669a994e345d61f12e24fc434382fb4bd888b3,gx-no-cache=1484693339634 HTTP/1.1" 200 32
192.168.10.17 - - [17/Jan/2017:18:46:02 -0300] "POST /cormun/servlet/solicitudot?9bd17447f74320e3b92e3806bd547f7c,UPD,2017,4690,,gx-no-cache=1484693343395 HTTP/1.1" 200 93
192.168.10.17 - - [17/Jan/2017:18:46:02 -0300] "GET /cormun/servlet/hpexe_return? HTTP/1.1" 200 1012
192.168.10.17 - - [17/Jan/2017:18:46:02 -0300] "GET /cormun/servlet/trsolicitudot HTTP/1.1" 200 9290
192.168.10.17 - - [17/Jan/2017:18:46:03 -0300] "GET /cormun/servlet/trsolicitudot HTTP/1.1" 200 9285
192.168.10.17 - - [17/Jan/2017:18:46:04 -0300] "POST /cormun/servlet/trsolicitudot?9bd17447f74320e3b92e3806bd547f7c,gx-no-cache=1484693346168 HTTP/1.1" 200 105
192.168.10.17 - - [17/Jan/2017:18:46:05 -0300] "GET /cormun/servlet/solicitudot?UPD,2017,4691, HTTP/1.1" 200 14509
192.168.10.17 - - [17/Jan/2017:18:46:05 -0300] "GET /cormun/servlet/solicitudot?UPD,2017,4691, HTTP/1.1" 200 14518
192.168.10.17 - - [17/Jan/2017:18:46:06 -0300] "POST /cormun/servlet/solicitudot?gx-no-cache=1484693347456 HTTP/1.1" 200 3164
192.168.10.17 - - [17/Jan/2017:18:46:06 -0300] "POST /cormun/servlet/solicitudot?9bd17447f74320e3b92e3806bd547f7c,UPD,2017,4691,,gx-no-cache=1484693347591 HTTP/1.1" 200 10995
192.168.10.17 - - [17/Jan/2017:18:46:06 -0300] "GET /cormun/servlet/solicitudot?3e4f7ae40518825bf02b634f86c33f71fc8d768d131bea03e09352e46ec7d6474b394d8b77fa786d6ff4d1376f46e309,gx-no-cache=1484693347807 HTTP/1.1" 200 30
192.168.10.17 - - [17/Jan/2017:18:46:06 -0300] "POST /cormun/servlet/solicitudot?gx-no-cache=1484693347838 HTTP/1.1" 200 256
192.168.10.17 - - [17/Jan/2017:18:46:06 -0300] "GET /cormun/servlet/solicitudot?3e4f7ae40518825bf02b634f86c33f71be2f474558f3191690dea51231aa8b779f7186101e7ce8bfec80bd3060cfc85bf0a76e8502a3a817a2e77d26f66d38680d37e29fa8e80a1fb26b49a5afe2b36da023eed5a65297ca886df6217ab0fc6527dfec194ab38d78a8b62931369a80a5c417cfdc6fff1f93bf9c98e6bf6d37b4d6c1af6fef36e0ccaf1a15543d99c673112611b677af7b83b01759e30f977bb8a4640cfd351f154cfb60929a692b89a33efc4a843c798f3d0ed3cafee935f312016ba256d6be9312283fc8559a9ab22117e16483f21b8cd0a8741eb3e9d40061aaa93fa0120780c5f6392a546f72cbc1e2bc6271289fe146660c454971fa7661bc7ec307412158ced3887e4d7e0661efbc14b1c0d62d4beb35a616112fbcd68fce4807bccec919c9b6870adf7908597d6fcb65f92c9d1a272f5eff32c6f2cd214f13574583db25416286d9a2a6c00e02a9726495981933df743522e1e920dda1cf1bef3a2c20299b2c5dc10a11ab9a2bcf8bfdbed50fdfaf0b19a862f6d24d54,gx-no-cache=1484693347869 HTTP/1.1" 200 30
192.168.10.17 - - [17/Jan/2017:18:46:06 -0300] "POST /cormun/servlet/solicitudot?gx-no-cache=1484693347889 HTTP/1.1" 200 30
192.168.10.17 - - [17/Jan/2017:18:46:06 -0300] "POST /cormun/servlet/solicitudot?gx-no-cache=1484693347917 HTTP/1.1" 200 1272
192.168.10.17 - - [17/Jan/2017:18:46:06 -0300] "POST /cormun/servlet/solicitudot?gx-no-cache=1484693347966 HTTP/1.1" 200 41
192.168.10.17 - - [17/Jan/2017:18:46:08 -0300] "GET /cormun/servlet/solicitudot?3e4f7ae40518825bf02b634f86c33f71e6024e00644b7eb844f3f88fdf7d63656f93222f570787ec8aa8f9e85e9e06f36be81b5fe56c5ae7357b454f4933615800dc6a04532201011539214a91ce549d9ac414886eb02d0894912d2933e9a473c15b86474a31f66c6b49f5a1be6c65c398394942a15ec77d14fdbbb198d460eecbfa55e52789e774e8528b9ab9101dc357df60a00c592f05afa7a8800f5e9e37,gx-no-cache=1484693349228 HTTP/1.1" 200 29
192.168.10.17 - - [17/Jan/2017:18:46:08 -0300] "POST /cormun/servlet/solicitudot?gx-no-cache=1484693349264 HTTP/1.1" 200 1260
192.168.10.17 - - [17/Jan/2017:18:46:08 -0300] "POST /cormun/servlet/solicitudot?gx-no-cache=1484693349309 HTTP/1.1" 200 1143
192.168.10.17 - - [17/Jan/2017:18:46:08 -0300] "GET /cormun/servlet/solicitudot?3e4f7ae40518825bf02b634f86c33f71bceaca423512d9be61e6054fdf7d3f567ad7c382ad1389da93f582f14859157220adeb52e52039c9a49db83462f42e13f8c56a98a87a314beebea2ab1997bd4836ca4a6b6534b526b60f5cc42f46de4dc6b6cea7b2b4a0cb25620f6174a0acba295ed840905ba54fdec6adda364ec9d98098d3446d28ccd5111e06c8d71a6f25150bdee39463450e8b0f2a8692669a994e345d61f12e24fc434382fb4bd888b3,gx-no-cache=1484693349347 HTTP/1.1" 200 32
192.168.10.89 - - [17/Jan/2017:18:46:08 -0300] "POST /cormun/servlet/trsolicitudgral?ee34c4348b1610e891fde9371117340a,gx-no-cache=1484689272736,gx-no-cache=1484692871383 HTTP/1.1" 200 5453
192.168.10.89 - - [17/Jan/2017:18:46:10 -0300] "POST /cormun/servlet/trsolicitudgral?ee34c4348b1610e891fde9371117340a,gx-no-cache=1484689272736,gx-no-cache=1484692873274 HTTP/1.1" 200 5222
192.168.10.17 - - [17/Jan/2017:18:46:15 -0300] "POST /cormun/servlet/solicitudot?9bd17447f74320e3b92e3806bd547f7c,UPD,2017,4691,,gx-no-cache=1484693356161 HTTP/1.1" 200 93
192.168.10.17 - - [17/Jan/2017:18:46:15 -0300] "GET /cormun/servlet/hpexe_return? HTTP/1.1" 200 1011
192.168.10.17 - - [17/Jan/2017:18:46:15 -0300] "GET /cormun/servlet/trsolicitudot HTTP/1.1" 200 9290
192.168.10.17 - - [17/Jan/2017:18:46:16 -0300] "GET /cormun/servlet/trsolicitudot HTTP/1.1" 200 9285
192.168.10.17 - - [17/Jan/2017:18:46:18 -0300] "POST /cormun/servlet/trsolicitudot?9bd17447f74320e3b92e3806bd547f7c,gx-no-cache=1484693359546 HTTP/1.1" 200 106
192.168.10.17 - - [17/Jan/2017:18:46:18 -0300] "GET /cormun/servlet/solicitudot?UPD,2017,4692, HTTP/1.1" 200 14554
192.168.10.17 - - [17/Jan/2017:18:46:19 -0300] "GET /cormun/servlet/solicitudot?UPD,2017,4692, HTTP/1.1" 200 14564
192.168.10.17 - - [17/Jan/2017:18:46:19 -0300] "POST /cormun/servlet/solicitudot?gx-no-cache=1484693360872 HTTP/1.1" 200 3187
192.168.10.17 - - [17/Jan/2017:18:46:19 -0300] "POST /cormun/servlet/solicitudot?9bd17447f74320e3b92e3806bd547f7c,UPD,2017,4692,,gx-no-cache=1484693361008 HTTP/1.1" 200 11015
192.168.10.17 - - [17/Jan/2017:18:46:19 -0300] "GET /cormun/servlet/solicitudot?3e4f7ae40518825bf02b634f86c33f71c07267dbf1ca0527f2bc2e109a9fe90b4b394d8b77fa786d6ff4d1376f46e309,gx-no-cache=1484693361228 HTTP/1.1" 200 30
192.168.10.17 - - [17/Jan/2017:18:46:20 -0300] "POST /cormun/servlet/solicitudot?gx-no-cache=1484693361269 HTTP/1.1" 200 297
192.168.10.17 - - [17/Jan/2017:18:46:20 -0300] "GET /cormun/servlet/solicitudot?3e4f7ae40518825bf02b634f86c33f71be2f474558f3191690dea51231aa8b776225c910682c5539703b6a99c765bd6bf0a76e8502a3a817a2e77d26f66d38680d37e29fa8e80a1fb26b49a5afe2b36da023eed5a65297ca886df6217ab0fc6527dfec194ab38d78a8b62931369a80a5c417cfdc6fff1f93bf9c98e6bf6d37b4d6c1af6fef36e0ccaf1a15543d99c673112611b677af7b83b01759e30f977bb8a4640cfd351f154cfb60929a692b89a33efc4a843c798f3d0ed3cafee935f312016ba256d6be9312283fc8559a9ab22117e16483f21b8cd0a8741eb3e9d40061aaa93fa0120780c5f6392a546f72cbc1240702b754cdc01b87288c85bc735ef9bc7ec307412158ced3887e4d7e0661ef2beb1238600a832f9f695cb2f5d2135c751d95a03232328cb65020770812fdbab2fa366dac15bb6e1822b5aaba953cae99c8a1cc7696a868bd0417d3cbe53f584cb91fbc8aa55192e747305e20ff1fc9ecc61fc477fc7aaa621a26b2c6ec932482bba674e160b03adbeafc7bbbe9f783abfa350f090fcda4fa50564e55d573d7,gx-no-cache=1484693361331 HTTP/1.1" 200 30
192.168.10.17 - - [17/Jan/2017:18:46:20 -0300] "POST /cormun/servlet/solicitudot?gx-no-cache=1484693361361 HTTP/1.1" 200 30
192.168.10.17 - - [17/Jan/2017:18:46:20 -0300] "POST /cormun/servlet/solicitudot?gx-no-cache=1484693361402 HTTP/1.1" 200 1273
192.168.10.17 - - [17/Jan/2017:18:46:20 -0300] "POST /cormun/servlet/solicitudot?gx-no-cache=1484693361458 HTTP/1.1" 200 41
192.168.10.17 - - [17/Jan/2017:18:46:21 -0300] "GET /cormun/servlet/solicitudot?3e4f7ae40518825bf02b634f86c33f713ba8d64bcc091ff53d9b1dfe8884ede06f93222f570787ec8aa8f9e85e9e06f3f109eedce7892cda2f5e3d21dead21ac1f974982e886607250537be2d70d425a43f797de9c8d84b8143f1e02f82664012d46424d2df698ce29603bd7e4da6022,gx-no-cache=1484693363043 HTTP/1.1" 200 29
192.168.10.17 - - [17/Jan/2017:18:46:21 -0300] "POST /cormun/servlet/solicitudot?gx-no-cache=1484693363079 HTTP/1.1" 200 1261
192.168.10.17 - - [17/Jan/2017:18:46:21 -0300] "POST /cormun/servlet/solicitudot?gx-no-cache=1484693363130 HTTP/1.1" 200 1144
192.168.10.17 - - [17/Jan/2017:18:46:21 -0300] "GET /cormun/servlet/solicitudot?3e4f7ae40518825bf02b634f86c33f718ac3107cfe3f1a10ebc50dfe5fa1b489bc376613b03d493202642a52e30a87356626aa3bc9d59c857c078e0b7b9833487a061e78c0f10be031d3112a4b873a0e5f472be38789e90d1d4a5d76721273c01fbefd2ab8b01c2bb2a2476bb8b00d55a0152092b3423d1a9c947e870acccb42a8a3bd1e1bed85c751bb55aab41ba0eaa7f9169ef512c72598d7af42912774f515bea3d26e649d217a22135f901233dc,gx-no-cache=1484693363178 HTTP/1.1" 200 30
192.168.10.17 - - [17/Jan/2017:18:46:22 -0300] "POST /cormun/servlet/solicitudot?9bd17447f74320e3b92e3806bd547f7c,UPD,2017,4692,,gx-no-cache=1484693363205 HTTP/1.1" 200 93
192.168.10.17 - - [17/Jan/2017:18:46:22 -0300] "GET /cormun/servlet/hpexe_return? HTTP/1.1" 200 1012
192.168.10.17 - - [17/Jan/2017:18:46:22 -0300] "GET /cormun/servlet/trsolicitudot HTTP/1.1" 200 9290
192.168.10.17 - - [17/Jan/2017:18:46:22 -0300] "GET /cormun/servlet/trsolicitudot HTTP/1.1" 200 9285
192.168.10.89 - - [17/Jan/2017:18:46:24 -0300] "POST /cormun/servlet/trsolicitudgral?ee34c4348b1610e891fde9371117340a,gx-no-cache=1484689272736,gx-no-cache=1484692887971 HTTP/1.1" 200 6484
192.168.10.17 - - [17/Jan/2017:18:46:29 -0300] "POST /cormun/servlet/trsolicitudot?9bd17447f74320e3b92e3806bd547f7c,gx-no-cache=1484693370197 HTTP/1.1" 200 6027
192.168.10.17 - - [17/Jan/2017:18:46:29 -0300] "GET /cormun/static/Shared/jqueryui/images/ui-icons_82798d_256x240.png HTTP/1.1" 404 1089
192.168.10.17 - - [17/Jan/2017:18:46:29 -0300] "GET /cormun/static/Shared/jqueryui/images/ui-bg_highlight-soft_100_c6c2c8_1x100.png HTTP/1.1" 404 1117
192.168.10.17 - - [17/Jan/2017:18:46:29 -0300] "GET /cormun/static/Shared/jqueryui/images/ui-bg_flat_55_fafafa_40x100.png HTTP/1.1" 404 1097
192.168.10.17 - - [17/Jan/2017:18:46:29 -0300] "GET /cormun/static/Shared/jqueryui/images/ui-icons_8d78a5_256x240.png HTTP/1.1" 404 1089
192.168.10.17 - - [17/Jan/2017:18:46:29 -0300] "POST /cormun/servlet/trsolicitudot?9bd17447f74320e3b92e3806bd547f7c,gx-no-cache=1484693370488 HTTP/1.1" 200 5970
