192.168.10.43 - - [16/Jan/2017:11:54:03 -0300] "GET /cormun/servlet/solicitudotcontratos?492c95618f9353151a9c5aed5b066d32af7eb0a684a8a4f819a751d714fe685f94f0815fc0bb1e8e2f9e8b2704f05e248d355414b82182eb0e60cbf3a687784f5a6117583d9037eb12117beb7b6e080e8b4d8f4aa3018dcb770cbdb13499f5bb7836e1e1eb12311dd1404049e2865aa1dfc481433899ffa677b37a5bace5d14c1bcc369e79b8709bd7069283e1256b470558d616abfbdfbf1186bb87dde9ec348d355414b82182eb0e60cbf3a687784f991d7458079e6635b1a36ac2e3f761b977dcda3b77cd18ab06bfa2a98620cf09c855bd5a6e3dc09f8125b273ec802ee04799951263e4374216bbffa17ecf3f81a7d0f0ca30fd2c3b47a4cc07c898a6580674923b5350b9379db2fc7c14755e159836e4685313f192bb33413db8f70c8b2762f609f18f139259ce94e9606f499d4565c945403e89ea8eba0b1f9e9eeb8f77f506da056f056d804b691cc3f30741ae36b26092db1413907964148d5d3421f433bb66962c355a8f3ee1bda6e2d7c6abc5acf6bbc1666f87fd4ba8e37444c5caf3a514e3104cecf2f991af4cf833f62ce665bfd0dc60ff5d7ccb70fe4d8c33e186f12a9703876eadfd7769ba5eb0bf8d34d46f1d3cf333acad46303bcaaa1b97222f80dc6c9a485fd701aff1953751589bca7d06447a309464fbda2e54240c3b2bda20ddbb8a7bc3a1ba3dbeb292a65dba08fbe737f614d60b0194ecc49ff1b0fb70a68a20e62a999cd2f23b256785dbfdcd960e6e9613bf6fbc9a5c7c45840a3ade0a66ecdaa18faea9cb21b2bfb0bdf92c12218cba802ced4f3648dbb485,gx-no-cache=1484581747522 HTTP/1.1" 200 79
192.168.10.43 - - [16/Jan/2017:11:54:05 -0300] "POST /cormun/servlet/solicitudotcontratos?f44279d6d200a464c142fc5386eda286,INS,2017,0,15993605,8,6,2016,2788,LEY+SEP,201612,5,M,,gx-no-cache=1484581748968 HTTP/1.1" 200 10409
192.168.10.43 - - [16/Jan/2017:11:54:05 -0300] "POST /cormun/servlet/solicitudotcontratos?gx-no-cache=1484581749249 HTTP/1.1" 200 1264
192.168.10.43 - - [16/Jan/2017:11:54:05 -0300] "POST /cormun/servlet/solicitudotcontratos?gx-no-cache=1484581749288 HTTP/1.1" 200 1141
192.168.10.43 - - [16/Jan/2017:11:54:05 -0300] "GET /cormun/servlet/solicitudotcontratos?492c95618f9353151a9c5aed5b066d32df97bc70e00ada85cd3df6df895628003af85ecba6b264b06568321ebf641e392e5a62a6faef7424efaec84815acd7e7d08c4010ee053e48714a010327c1cdfcf6d14ba13fb5c0c8a9e86ab4de0b308662eaa5fcc18f3b0d511532effb4754f718d2694979cc905801bec672a8a563ed,gx-no-cache=1484581749323 HTTP/1.1" 200 30
192.168.10.43 - - [16/Jan/2017:11:54:05 -0300] "POST /cormun/servlet/solicitudotcontratos?f44279d6d200a464c142fc5386eda286,INS,2017,0,15993605,8,6,2016,2788,LEY+SEP,201612,5,M,,gx-no-cache=1484581749343 HTTP/1.1" 200 93
192.168.10.43 - - [16/Jan/2017:11:54:05 -0300] "GET /cormun/servlet/hpexe_return? HTTP/1.1" 200 1069
192.168.10.43 - - [16/Jan/2017:11:54:06 -0300] "GET /cormun/servlet/trcontratosolicitud?gx-no-cache=1484581214313 HTTP/1.1" 200 7409
192.168.10.43 - - [16/Jan/2017:11:54:06 -0300] "GET /cormun/servlet/trcontratosolicitud?gx-no-cache=1484581214313 HTTP/1.1" 200 7426
192.168.10.43 - - [16/Jan/2017:11:54:21 -0300] "POST /cormun/servlet/trcontratosolicitud?f44279d6d200a464c142fc5386eda286,gx-no-cache=1484581214313,gx-no-cache=1484581765088 HTTP/1.1" 200 5344
192.168.10.43 - - [16/Jan/2017:11:54:54 -0300] "POST /cormun/servlet/trcontratosolicitud?f44279d6d200a464c142fc5386eda286,gx-no-cache=1484581214313,gx-no-cache=1484581798098 HTTP/1.1" 200 5219
200.54.247.69 - - [16/Jan/2017:11:55:21 -0300] "GET /cormun/servlet/solicitudot?cdad894c1a520b2930586cbdddbeaeff26675bf1c272d1f5e39d9df3b24f13f7ef37d9813a63c007d6639022b4aecb94d13ddce9eafaae3bb2112bbd800a6bd73f68b44c86b5352511e3d61ce9b153a66ca012413fa9eecd031923164b7120181f9b78dd5505cac301cbf285f08142e9,gx-no-cache=1484578591095 HTTP/1.1" 200 29
200.54.247.69 - - [16/Jan/2017:11:55:21 -0300] "POST /cormun/servlet/solicitudot?gx-no-cache=1484578591200 HTTP/1.1" 200 605
200.54.247.69 - - [16/Jan/2017:11:55:22 -0300] "POST /cormun/servlet/solicitudot?gx-no-cache=1484578592481 HTTP/1.1" 200 1144
192.168.10.43 - - [16/Jan/2017:11:55:38 -0300] "GET /cormun/servlet/solicitudotcontratos?INS,2017,0,13947301,9,6,2016,2808,NADA,201612,1,M, HTTP/1.1" 200 9602
192.168.10.43 - - [16/Jan/2017:11:55:39 -0300] "GET /cormun/servlet/solicitudotcontratos?INS,2017,0,13947301,9,6,2016,2808,NADA,201612,1,M, HTTP/1.1" 200 9611
192.168.10.43 - - [16/Jan/2017:11:55:39 -0300] "GET /cormun/servlet/solicitudotcontratos?492c95618f9353151a9c5aed5b066d32655af2be6c409150feb84616390a096d5d774251b78731b656abeac8071d1e6b,gx-no-cache=1484581843492 HTTP/1.1" 200 30
192.168.10.43 - - [16/Jan/2017:11:55:39 -0300] "GET /cormun/servlet/solicitudotcontratos?492c95618f9353151a9c5aed5b066d32314183f1c260133f52d8dcdcb0b5969d72797d46f29e1c796a53a0a4b59e281b632a47cf70dfcd8e0786b3709e7600b889b33e721beb5462b05d7f74fd93656669ba5a89d03dc25dabf603df11395cfacc3eb30a8474c3c4d2a2d12bbc1a3befc3d27827af10a76c2c3b95d726106f8e,gx-no-cache=1484581843518 HTTP/1.1" 200 50
192.168.10.43 - - [16/Jan/2017:11:55:39 -0300] "GET /cormun/servlet/solicitudotcontratos?492c95618f9353151a9c5aed5b066d320338609967b893b1e1f5c673a936675428c1a98bca7bb88df247785fc84fb7f5,gx-no-cache=1484581843544 HTTP/1.1" 200 30
192.168.10.43 - - [16/Jan/2017:11:55:39 -0300] "GET /cormun/servlet/solicitudotcontratos?492c95618f9353151a9c5aed5b066d32e97dd64f795ee00f331199fe6aeaebcb3a9e9c4c175a2bb0393a83b8185070a95a6117583d9037eb12117beb7b6e080ef1c6667e10738a3f9f8cb519a68ff4cf3db97ff73b4edd84e7757506ab6b61a35ec3030a1a801171c0c66a6a753e628b,gx-no-cache=1484581843567 HTTP/1.1" 200 30
192.168.10.43 - - [16/Jan/2017:11:55:39 -0300] "GET /cormun/servlet/solicitudotcontratos?492c95618f9353151a9c5aed5b066d32af7eb0a684a8a4f819a751d714fe685f94f0815fc0bb1e8e2f9e8b2704f05e244e85d25bcdebaf64671ccf13308d899291cb377dfb237d5c4f61e19c7c2588f45baa36e21b597ee67b6f7bcd0d89afe13c1c1eacdd010c322038b640e849612a5bb76040b91f4b059402871e5374f88e4559548f10aff6e85330cdc2d7befa432341b89edfd30bdeffe27800bd976c460a608ff25039cf69481062bf56d5e3909b776a8cb370f488b5e36ef72e64047b0dbf5c0f12484c47fea7655787a1de421a52113a41a0bdc4c9a560b1a3ae6889d76396438cea23c24587a93c121f59385669dd12f1acc9b5bd006b97b21dd0b466bd6432f4ed61ea12b8faa511c8403f3c55a138ce5c6a0df40f60b4b4262b9399f79e3aebb64187da8ec9111c541b609836e4685313f192bb33413db8f70c8b2add409685752813c0b6105b8a415f0af482b3b80bc3ba83eb438706e6ddb7f05b072b9749a194602d3ec77ec47ddf7c6c006d6455ecf6c2c0f1733588b008f66c07a318b903ca09c88d33fc892c82958b08f14e9f4e952fb4ca98d022476fab0344c10164733237569d6e6afc23fcd6f3695fae8e457f67a8c98c129862479a9e220d186bb8ad16ba8529ea052869b002c2462a5571442f5ee9a31d63f30f808bef1706f09dba9590e0e1e0255dedbb8b08f14e9f4e952fb4ca98d022476fab4a4bbb6db7aefe758bc90690f454efa98ee56f687af4045ed634ecdcccfdad7b3ab11efff80342049cbe71f8a8285e6cffd31c8a4bc430a65469b85de961d39b,gx-no-cache=1484581843597 HTTP/1.1" 200 72
192.168.10.43 - - [16/Jan/2017:11:55:45 -0300] "POST /cormun/servlet/solicitudotcontratos?f44279d6d200a464c142fc5386eda286,INS,2017,0,13947301,9,6,2016,2808,NADA,201612,1,M,,gx-no-cache=1484581849004 HTTP/1.1" 200 10395
192.168.10.43 - - [16/Jan/2017:11:55:45 -0300] "POST /cormun/servlet/solicitudotcontratos?gx-no-cache=1484581849285 HTTP/1.1" 200 1263
192.168.10.43 - - [16/Jan/2017:11:55:45 -0300] "POST /cormun/servlet/solicitudotcontratos?gx-no-cache=1484581849328 HTTP/1.1" 200 1141
192.168.10.43 - - [16/Jan/2017:11:55:45 -0300] "GET /cormun/servlet/solicitudotcontratos?492c95618f9353151a9c5aed5b066d32df97bc70e00ada85cd3df6df895628003af85ecba6b264b06568321ebf641e392e5a62a6faef7424efaec84815acd7e7d08c4010ee053e48714a010327c1cdfcf6d14ba13fb5c0c8a9e86ab4de0b308662eaa5fcc18f3b0d511532effb4754f718d2694979cc905801bec672a8a563ed,gx-no-cache=1484581849363 HTTP/1.1" 200 30
192.168.10.43 - - [16/Jan/2017:11:55:45 -0300] "POST /cormun/servlet/solicitudotcontratos?f44279d6d200a464c142fc5386eda286,INS,2017,0,13947301,9,6,2016,2808,NADA,201612,1,M,,gx-no-cache=1484581849384 HTTP/1.1" 200 93
192.168.10.43 - - [16/Jan/2017:11:55:46 -0300] "GET /cormun/servlet/hpexe_return? HTTP/1.1" 200 1068
192.168.10.43 - - [16/Jan/2017:11:55:46 -0300] "GET /cormun/servlet/trcontratosolicitud?gx-no-cache=1484581214313 HTTP/1.1" 200 7574
192.168.10.43 - - [16/Jan/2017:11:55:46 -0300] "GET /cormun/servlet/trcontratosolicitud?gx-no-cache=1484581214313 HTTP/1.1" 200 7597
200.54.247.69 - - [16/Jan/2017:11:56:29 -0300] "GET /cormun/static/menuarrow.gif HTTP/1.1" 404 1015
200.54.247.69 - - [16/Jan/2017:11:56:42 -0300] "GET /cormun/servlet/solicitudot?cdad894c1a520b2930586cbdddbeaeff7bfe7ff2911108153fc3f745d4a496f3a041cd3524a893163b8292136059344b17d0c2eb6ab2d51d37243325a6c689307c3f28f8a181d1f11e2ab8e1d5250098e07a2ed216c9532ab84171ebefef41e097943658d76f350e7eb86f7fb5dbcde54ab1dc12662d5f5fb57ecc14a6e6368bd918b46b8629f67784c988d416514fb2e147e8dc951caccebb0e0704672a440c17cc1f76584c337453e1d0f736b203ae,gx-no-cache=1484578672543 HTTP/1.1" 200 30
200.54.247.69 - - [16/Jan/2017:11:56:43 -0300] "POST /cormun/servlet/solicitudot?73e2a077c3620d22e40ed031f3368dc9,INS,0,0,,gx-no-cache=1484578672580 HTTP/1.1" 200 11155
200.54.247.69 - - [16/Jan/2017:11:56:43 -0300] "GET /cormun/static/Shared/jqueryui/images/ui-bg_highlight-soft_100_c6c2c8_1x100.png HTTP/1.1" 404 1117
200.54.247.69 - - [16/Jan/2017:11:56:43 -0300] "GET /cormun/static/Shared/jqueryui/images/ui-bg_flat_55_994d53_40x100.png HTTP/1.1" 404 1097
200.54.247.69 - - [16/Jan/2017:11:56:43 -0300] "GET /cormun/static/Shared/jqueryui/images/ui-icons_82798d_256x240.png HTTP/1.1" 404 1089
200.54.247.69 - - [16/Jan/2017:11:56:43 -0300] "GET /cormun/static/Shared/jqueryui/images/ui-icons_ebccce_256x240.png HTTP/1.1" 404 1089
192.168.10.43 - - [16/Jan/2017:11:56:50 -0300] "POST /cormun/servlet/trcontratosolicitud?f44279d6d200a464c142fc5386eda286,gx-no-cache=1484581214313,gx-no-cache=1484581914037 HTTP/1.1" 200 4914
200.54.247.69 - - [16/Jan/2017:11:57:02 -0300] "GET /cormun/servlet/solicitudot?cdad894c1a520b2930586cbdddbeaeffdfeae98105f92bc3af90f5d440f8ee2c84f9f3661b7aee9f3fb31cabae82f6ae601973ff39248a251483a9dbeb361b9fbbe611e8e6612e87f8233f14f3685f8b09d43214122a5b690ab893cf6274f1e7f96c92db56853e3f284a61336e932bb10ac5156070504400aac0e929eacd3666d236c784340cdbb6ddb7f398904a26fa3cb1d1f1a933425a580ee73c26ff7e121e4a94155afb4dfb3ad3ad5654d86da3f5191e2f000ec483f501c226a9394ef8d9513b69094e3a7d1caff699db6318cf18a3f619b799456818fb2dbcb8379e9394115cb33b8f36bea87242dfab8f4823b81b8f192e06918e9557572a0d3d22e586366fc3a867e6f64fe2896449c2f40c475051fd8e913e5fbf446337386f19f3eb82294e1ab76dc3091780676272e215b558aad827325de79b01293e3e51cf1798c48ce5d9f272a04e17d96bd76a590bf42826259881db6596169ac9c6c6140162996d5fca55b70174d01206081adf967debd77356bba84d857507e18c9260b5,gx-no-cache=1484578692352 HTTP/1.1" 200 30
200.54.247.69 - - [16/Jan/2017:11:57:02 -0300] "POST /cormun/servlet/solicitudot?gx-no-cache=1484578692387 HTTP/1.1" 200 30
200.54.247.69 - - [16/Jan/2017:11:57:02 -0300] "POST /cormun/servlet/solicitudot?gx-no-cache=1484578692432 HTTP/1.1" 200 1273
200.54.247.69 - - [16/Jan/2017:11:57:02 -0300] "POST /cormun/servlet/solicitudot?gx-no-cache=1484578692481 HTTP/1.1" 200 41
200.54.247.69 - - [16/Jan/2017:11:57:02 -0300] "POST /cormun/servlet/solicitudot?gx-no-cache=1484578692515 HTTP/1.1" 200 1261
200.54.247.69 - - [16/Jan/2017:11:57:02 -0300] "POST /cormun/servlet/solicitudot?gx-no-cache=1484578692563 HTTP/1.1" 200 1143
200.54.247.69 - - [16/Jan/2017:11:57:02 -0300] "GET /cormun/servlet/solicitudot?cdad894c1a520b2930586cbdddbeaeff7bfe7ff2911108153fc3f745d4a496f3a041cd3524a893163b8292136059344b17d0c2eb6ab2d51d37243325a6c689307c3f28f8a181d1f11e2ab8e1d5250098e07a2ed216c9532ab84171ebefef41e097943658d76f350e7eb86f7fb5dbcde54ab1dc12662d5f5fb57ecc14a6e6368bd918b46b8629f67784c988d416514fb2e147e8dc951caccebb0e0704672a440c17cc1f76584c337453e1d0f736b203ae,gx-no-cache=1484578692607 HTTP/1.1" 200 30
200.54.247.69 - - [16/Jan/2017:11:57:03 -0300] "POST /cormun/servlet/solicitudot?73e2a077c3620d22e40ed031f3368dc9,INS,0,0,,gx-no-cache=1484578692639 HTTP/1.1" 200 93
200.54.247.69 - - [16/Jan/2017:11:57:03 -0300] "GET /cormun/servlet/hpexe_return? HTTP/1.1" 200 1009
200.54.247.69 - - [16/Jan/2017:11:57:03 -0300] "GET /cormun/servlet/trsolicitudot HTTP/1.1" 200 8173
200.54.247.69 - - [16/Jan/2017:11:57:07 -0300] "POST /cormun/servlet/trsolicitudot?73e2a077c3620d22e40ed031f3368dc9,gx-no-cache=1484578696870 HTTP/1.1" 200 107
200.54.247.69 - - [16/Jan/2017:11:57:07 -0300] "GET /cormun/servlet/trsolicitudadjuntos?2017,4594, HTTP/1.1" 200 6043
192.168.10.43 - - [16/Jan/2017:11:57:07 -0300] "GET /cormun/servlet/solicitudotcontratos?INS,2017,0,13568456,2,6,2016,1575,NADA,201612,7,M, HTTP/1.1" 200 9616
192.168.10.43 - - [16/Jan/2017:11:57:08 -0300] "GET /cormun/servlet/solicitudotcontratos?INS,2017,0,13568456,2,6,2016,1575,NADA,201612,7,M, HTTP/1.1" 200 9625
192.168.10.43 - - [16/Jan/2017:11:57:09 -0300] "GET /cormun/servlet/solicitudotcontratos?492c95618f9353151a9c5aed5b066d32b44d6da86b1d1429526b4c9f269b36575d774251b78731b656abeac8071d1e6b,gx-no-cache=1484581932715 HTTP/1.1" 200 30
192.168.10.43 - - [16/Jan/2017:11:57:09 -0300] "GET /cormun/servlet/solicitudotcontratos?492c95618f9353151a9c5aed5b066d32314183f1c260133f52d8dcdcb0b5969d72797d46f29e1c796a53a0a4b59e281b632a47cf70dfcd8e0786b3709e7600b889b33e721beb5462b05d7f74fd93656669ba5a89d03dc25dabf603df11395cfacc3eb30a8474c3c4d2a2d12bbc1a3befc3d27827af10a76c2c3b95d726106f8e,gx-no-cache=1484581932744 HTTP/1.1" 200 50
192.168.10.43 - - [16/Jan/2017:11:57:09 -0300] "GET /cormun/servlet/solicitudotcontratos?492c95618f9353151a9c5aed5b066d32ba6b4d03f48ed3bd5e5753eac65a56ca4989764a1fc5f8d07bfa1a15154e07c2,gx-no-cache=1484581932775 HTTP/1.1" 200 30
192.168.10.43 - - [16/Jan/2017:11:57:09 -0300] "GET /cormun/servlet/solicitudotcontratos?492c95618f9353151a9c5aed5b066d32e97dd64f795ee00f331199fe6aeaebcb3a9e9c4c175a2bb0393a83b8185070a95a6117583d9037eb12117beb7b6e080ef1c6667e10738a3f9f8cb519a68ff4cf3db97ff73b4edd84e7757506ab6b61a35ec3030a1a801171c0c66a6a753e628b,gx-no-cache=1484581932804 HTTP/1.1" 200 30
192.168.10.43 - - [16/Jan/2017:11:57:09 -0300] "GET /cormun/servlet/solicitudotcontratos?492c95618f9353151a9c5aed5b066d32af7eb0a684a8a4f819a751d714fe685f94f0815fc0bb1e8e2f9e8b2704f05e244e85d25bcdebaf64671ccf13308d899291cb377dfb237d5c4f61e19c7c2588f45baa36e21b597ee67b6f7bcd0d89afe13c1c1eacdd010c322038b640e849612a5bb76040b91f4b059402871e5374f88e4559548f10aff6e85330cdc2d7befa432341b89edfd30bdeffe27800bd976c460a608ff25039cf69481062bf56d5e3909b776a8cb370f488b5e36ef72e64047b0dbf5c0f12484c47fea7655787a1de421a52113a41a0bdc4c9a560b1a3ae6889d76396438cea23c24587a93c121f59385669dd12f1acc9b5bd006b97b21dd0b466bd6432f4ed61ea12b8faa511c8403f3c55a138ce5c6a0df40f60b4b4262b9399f79e3aebb64187da8ec9111c541b609836e4685313f192bb33413db8f70c8b2add409685752813c0b6105b8a415f0af482b3b80bc3ba83eb438706e6ddb7f05b072b9749a194602d3ec77ec47ddf7c6c006d6455ecf6c2c0f1733588b008f66c07a318b903ca09c88d33fc892c82958b08f14e9f4e952fb4ca98d022476fab0344c10164733237569d6e6afc23fcd6f3695fae8e457f67a8c98c129862479a9e220d186bb8ad16ba8529ea052869b002c2462a5571442f5ee9a31d63f30f808bef1706f09dba9590e0e1e0255dedbb8b08f14e9f4e952fb4ca98d022476fab4a4bbb6db7aefe758bc90690f454efa98ee56f687af4045ed634ecdcccfdad7b3ab11efff80342049cbe71f8a8285e6cffd31c8a4bc430a65469b85de961d39b,gx-no-cache=1484581932840 HTTP/1.1" 200 72
200.54.247.69 - - [16/Jan/2017:11:57:09 -0300] "GET /cormun/servlet/solicitudotadjuntos?INS,2017,4594,,2, HTTP/1.1" 200 5972
200.54.247.69 - - [16/Jan/2017:11:57:10 -0300] "HEAD /cormun/static/about:blank HTTP/1.1" 404 -
200.54.247.69 - - [16/Jan/2017:11:57:10 -0300] "GET /cormun/servlet/solicitudotadjuntos?cdad894c1a520b2930586cbdddbeaeff966f6e5dac4a7bc5e629f2864c4bf037934ccc4aa996c0489ea1833b0283d756,gx-no-cache=1484578700371 HTTP/1.1" 200 30
200.54.247.69 - - [16/Jan/2017:11:57:11 -0300] "POST /cormun/servlet/solicitudotadjuntos?73e2a077c3620d22e40ed031f3368dc9,INS,2017,4594,,2,,gx-no-cache=1484578700433 HTTP/1.1" 200 3970
192.168.10.43 - - [16/Jan/2017:11:57:12 -0300] "POST /cormun/servlet/solicitudotcontratos?f44279d6d200a464c142fc5386eda286,INS,2017,0,13568456,2,6,2016,1575,NADA,201612,7,M,,gx-no-cache=1484581936220 HTTP/1.1" 200 10404
192.168.10.43 - - [16/Jan/2017:11:57:12 -0300] "POST /cormun/servlet/solicitudotcontratos?gx-no-cache=1484581936486 HTTP/1.1" 200 1263
192.168.10.43 - - [16/Jan/2017:11:57:12 -0300] "POST /cormun/servlet/solicitudotcontratos?gx-no-cache=1484581936543 HTTP/1.1" 200 1141
192.168.10.43 - - [16/Jan/2017:11:57:12 -0300] "GET /cormun/servlet/solicitudotcontratos?492c95618f9353151a9c5aed5b066d32df97bc70e00ada85cd3df6df895628003af85ecba6b264b06568321ebf641e392e5a62a6faef7424efaec84815acd7e7d08c4010ee053e48714a010327c1cdfcf6d14ba13fb5c0c8a9e86ab4de0b308662eaa5fcc18f3b0d511532effb4754f718d2694979cc905801bec672a8a563ed,gx-no-cache=1484581936587 HTTP/1.1" 200 30
192.168.10.43 - - [16/Jan/2017:11:57:13 -0300] "POST /cormun/servlet/solicitudotcontratos?f44279d6d200a464c142fc5386eda286,INS,2017,0,13568456,2,6,2016,1575,NADA,201612,7,M,,gx-no-cache=1484581936613 HTTP/1.1" 200 93
192.168.10.43 - - [16/Jan/2017:11:57:13 -0300] "GET /cormun/servlet/hpexe_return? HTTP/1.1" 200 1068
192.168.10.43 - - [16/Jan/2017:11:57:13 -0300] "GET /cormun/servlet/trcontratosolicitud?gx-no-cache=1484581214313 HTTP/1.1" 200 7300
192.168.10.43 - - [16/Jan/2017:11:57:14 -0300] "GET /cormun/servlet/trcontratosolicitud?gx-no-cache=1484581214313 HTTP/1.1" 200 7317
192.168.10.43 - - [16/Jan/2017:11:57:16 -0300] "GET /cormun/servlet/solicitudotcontratos?INS,2017,0,13568456,2,6,2016,2763,LEY+SEP,201612,4,M, HTTP/1.1" 200 9616
192.168.10.43 - - [16/Jan/2017:11:57:17 -0300] "GET /cormun/servlet/solicitudotcontratos?INS,2017,0,13568456,2,6,2016,2763,LEY+SEP,201612,4,M, HTTP/1.1" 200 9629
192.168.10.43 - - [16/Jan/2017:11:57:17 -0300] "GET /cormun/servlet/solicitudotcontratos?492c95618f9353151a9c5aed5b066d32b44d6da86b1d1429526b4c9f269b36575d774251b78731b656abeac8071d1e6b,gx-no-cache=1484581941347 HTTP/1.1" 200 30
192.168.10.43 - - [16/Jan/2017:11:57:17 -0300] "GET /cormun/servlet/solicitudotcontratos?492c95618f9353151a9c5aed5b066d32314183f1c260133f52d8dcdcb0b5969d72797d46f29e1c796a53a0a4b59e281b632a47cf70dfcd8e0786b3709e7600b889b33e721beb5462b05d7f74fd93656669ba5a89d03dc25dabf603df11395cfacc3eb30a8474c3c4d2a2d12bbc1a3befc3d27827af10a76c2c3b95d726106f8e,gx-no-cache=1484581941374 HTTP/1.1" 200 50
192.168.10.43 - - [16/Jan/2017:11:57:17 -0300] "GET /cormun/servlet/solicitudotcontratos?492c95618f9353151a9c5aed5b066d32ba6b4d03f48ed3bd5e5753eac65a56ca4989764a1fc5f8d07bfa1a15154e07c2,gx-no-cache=1484581941401 HTTP/1.1" 200 30
192.168.10.43 - - [16/Jan/2017:11:57:17 -0300] "GET /cormun/servlet/solicitudotcontratos?492c95618f9353151a9c5aed5b066d32e97dd64f795ee00f331199fe6aeaebcb3a9e9c4c175a2bb0393a83b8185070a95a6117583d9037eb12117beb7b6e080ef1c6667e10738a3f9f8cb519a68ff4cf3db97ff73b4edd84e7757506ab6b61a35ec3030a1a801171c0c66a6a753e628b,gx-no-cache=1484581941426 HTTP/1.1" 200 30
192.168.10.43 - - [16/Jan/2017:11:57:17 -0300] "GET /cormun/servlet/solicitudotcontratos?492c95618f9353151a9c5aed5b066d32af7eb0a684a8a4f819a751d714fe685f94f0815fc0bb1e8e2f9e8b2704f05e248d355414b82182eb0e60cbf3a687784f5a6117583d9037eb12117beb7b6e080e8b4d8f4aa3018dcb770cbdb13499f5bb7836e1e1eb12311dd1404049e2865aa1dfc481433899ffa677b37a5bace5d14c1bcc369e79b8709bd7069283e1256b470558d616abfbdfbf1186bb87dde9ec348d355414b82182eb0e60cbf3a687784f991d7458079e6635b1a36ac2e3f761b977dcda3b77cd18ab06bfa2a98620cf09c855bd5a6e3dc09f8125b273ec802ee04799951263e4374216bbffa17ecf3f81a7d0f0ca30fd2c3b47a4cc07c898a6580674923b5350b9379db2fc7c14755e159836e4685313f192bb33413db8f70c8b2762f609f18f139259ce94e9606f499d4565c945403e89ea8eba0b1f9e9eeb8f77f506da056f056d804b691cc3f30741ae36b26092db1413907964148d5d3421f433bb66962c355a8f3ee1bda6e2d7c6abc5acf6bbc1666f87fd4ba8e37444c5caf3a514e3104cecf2f991af4cf833f62ce665bfd0dc60ff5d7ccb70fe4d8c33e186f12a9703876eadfd7769ba5eb0bf8d34d46f1d3cf333acad46303bcaaa1b97222f80dc6c9a485fd701aff1953751589bca7d06447a309464fbda2e54240c3b2bda20ddbb8a7bc3a1ba3dbeb292a65dba08fbe737f614d60b0194ecc49ff1b0fb70a68a20e62a999cd2f23b256785dbfdcd960e6e9613bf6fbc9a5c7c45840a3ade0a66ecdaa18faea9cb21b2bfb0bdf92c12218cba802ced4f3648dbb485,gx-no-cache=1484581941459 HTTP/1.1" 200 79
192.168.10.43 - - [16/Jan/2017:11:57:19 -0300] "POST /cormun/servlet/solicitudotcontratos?f44279d6d200a464c142fc5386eda286,INS,2017,0,13568456,2,6,2016,2763,LEY+SEP,201612,4,M,,gx-no-cache=1484581942956 HTTP/1.1" 200 10407
192.168.10.43 - - [16/Jan/2017:11:57:19 -0300] "POST /cormun/servlet/solicitudotcontratos?gx-no-cache=1484581943232 HTTP/1.1" 200 1264
192.168.10.43 - - [16/Jan/2017:11:57:19 -0300] "POST /cormun/servlet/solicitudotcontratos?gx-no-cache=1484581943271 HTTP/1.1" 200 1141
192.168.10.43 - - [16/Jan/2017:11:57:19 -0300] "GET /cormun/servlet/solicitudotcontratos?492c95618f9353151a9c5aed5b066d32df97bc70e00ada85cd3df6df895628003af85ecba6b264b06568321ebf641e392e5a62a6faef7424efaec84815acd7e7d08c4010ee053e48714a010327c1cdfcf6d14ba13fb5c0c8a9e86ab4de0b308662eaa5fcc18f3b0d511532effb4754f718d2694979cc905801bec672a8a563ed,gx-no-cache=1484581943305 HTTP/1.1" 200 30
192.168.10.43 - - [16/Jan/2017:11:57:19 -0300] "POST /cormun/servlet/solicitudotcontratos?f44279d6d200a464c142fc5386eda286,INS,2017,0,13568456,2,6,2016,2763,LEY+SEP,201612,4,M,,gx-no-cache=1484581943325 HTTP/1.1" 200 93
192.168.10.43 - - [16/Jan/2017:11:57:19 -0300] "GET /cormun/servlet/hpexe_return? HTTP/1.1" 200 1070
192.168.10.43 - - [16/Jan/2017:11:57:20 -0300] "GET /cormun/servlet/trcontratosolicitud?gx-no-cache=1484581214313 HTTP/1.1" 200 6519
192.168.10.43 - - [16/Jan/2017:11:57:20 -0300] "GET /cormun/servlet/trcontratosolicitud?gx-no-cache=1484581214313 HTTP/1.1" 200 6536
200.54.247.69 - - [16/Jan/2017:11:57:33 -0300] "GET /cormun/servlet/trsolicitudadjuntos?2017,4594, HTTP/1.1" 200 6043
200.54.247.69 - - [16/Jan/2017:11:57:38 -0300] "GET /cormun/servlet/solicitudotadjuntos?INS,2017,4594,,1, HTTP/1.1" 200 5974
200.54.247.69 - - [16/Jan/2017:11:57:38 -0300] "HEAD /cormun/static/about:blank HTTP/1.1" 404 -
200.54.247.69 - - [16/Jan/2017:11:57:39 -0300] "GET /cormun/servlet/solicitudotadjuntos?cdad894c1a520b2930586cbdddbeaeff966f6e5dac4a7bc5e629f2864c4bf037934ccc4aa996c0489ea1833b0283d756,gx-no-cache=1484578728937 HTTP/1.1" 200 30
200.54.247.69 - - [16/Jan/2017:11:57:39 -0300] "POST /cormun/servlet/solicitudotadjuntos?73e2a077c3620d22e40ed031f3368dc9,INS,2017,4594,,1,,gx-no-cache=1484578728958 HTTP/1.1" 200 3826
200.54.247.69 - - [16/Jan/2017:11:57:44 -0300] "POST /cormun/servlet/solicitudotadjuntos?gx-no-cache=1484578734199 HTTP/1.1" 200 26
192.168.10.89 - - [16/Jan/2017:11:57:58 -0300] "GET /cormun/servlet/trsolicitudgral? HTTP/1.1" 200 22543
200.54.247.69 - - [16/Jan/2017:11:58:12 -0300] "GET /cormun/servlet/solicitudotadjuntos?cdad894c1a520b2930586cbdddbeaeffba91ecd5b40171dcd6a2df81410ac853,gx-no-cache=1484578761893 HTTP/1.1" 200 30
200.54.247.69 - - [16/Jan/2017:11:58:12 -0300] "GET /cormun/servlet/solicitudotadjuntos?cdad894c1a520b2930586cbdddbeaeffba91ecd5b40171dcd6a2df81410ac853,gx-no-cache=1484578761968 HTTP/1.1" 200 30
192.168.10.43 - - [16/Jan/2017:11:58:13 -0300] "POST /cormun/servlet/trcontratosolicitud?f44279d6d200a464c142fc5386eda286,gx-no-cache=1484581214313,gx-no-cache=1484581997068 HTTP/1.1" 200 3947
192.168.10.89 - - [16/Jan/2017:11:58:14 -0300] "POST /cormun/servlet/trsolicitudgral?a7c0c1898efa31dfb5d60831ac5022a2,,gx-no-cache=1484581997965 HTTP/1.1" 200 6738
200.54.247.69 - - [16/Jan/2017:11:58:15 -0300] "POST /cormun/servlet/solicitudotadjuntos?73e2a077c3620d22e40ed031f3368dc9,INS,2017,4594,,1, HTTP/1.1" 200 116
200.54.247.69 - - [16/Jan/2017:11:58:15 -0300] "GET /cormun/servlet/hpexe_return? HTTP/1.1" 200 1028
200.54.247.69 - - [16/Jan/2017:11:58:15 -0300] "GET /cormun/servlet/trsolicitudadjuntos?2017,4594, HTTP/1.1" 200 8101
192.168.10.43 - - [16/Jan/2017:11:58:16 -0300] "POST /cormun/servlet/trcontratosolicitud?f44279d6d200a464c142fc5386eda286,gx-no-cache=1484581214313,gx-no-cache=1484582000302 HTTP/1.1" 200 3947
192.168.10.43 - - [16/Jan/2017:11:58:17 -0300] "POST /cormun/servlet/trcontratosolicitud?f44279d6d200a464c142fc5386eda286,gx-no-cache=1484581214313,gx-no-cache=1484582000555 HTTP/1.1" 200 3947
200.54.247.69 - - [16/Jan/2017:11:58:20 -0300] "GET /cormun/servlet/solicitudotadjuntos?INS,2017,4594,,1, HTTP/1.1" 200 5974
200.54.247.69 - - [16/Jan/2017:11:58:20 -0300] "HEAD /cormun/static/about:blank HTTP/1.1" 404 -
200.54.247.69 - - [16/Jan/2017:11:58:21 -0300] "GET /cormun/servlet/solicitudotadjuntos?cdad894c1a520b2930586cbdddbeaeff966f6e5dac4a7bc5e629f2864c4bf037934ccc4aa996c0489ea1833b0283d756,gx-no-cache=1484578770977 HTTP/1.1" 200 30
200.54.247.69 - - [16/Jan/2017:11:58:21 -0300] "POST /cormun/servlet/solicitudotadjuntos?73e2a077c3620d22e40ed031f3368dc9,INS,2017,4594,,1,,gx-no-cache=1484578771008 HTTP/1.1" 200 3826
192.168.10.43 - - [16/Jan/2017:11:58:28 -0300] "GET /cormun/servlet/trcontratoobservaciondir? HTTP/1.1" 200 6772
192.168.10.43 - - [16/Jan/2017:11:58:28 -0300] "GET /cormun/static/gxcfg.js?201612218551235 HTTP/1.1" 200 953
192.168.10.43 - - [16/Jan/2017:11:58:28 -0300] "GET /cormun/static/trcontratoobservaciondir.js?201612218551533 HTTP/1.1" 200 27122
192.168.10.43 - - [16/Jan/2017:11:58:29 -0300] "GET /cormun/servlet/trcontratoobservaciondir? HTTP/1.1" 200 6751
200.54.247.69 - - [16/Jan/2017:11:58:31 -0300] "POST /cormun/servlet/solicitudotadjuntos?gx-no-cache=1484578781566 HTTP/1.1" 200 26
200.54.247.69 - - [16/Jan/2017:11:58:39 -0300] "GET /cormun/servlet/solicitudotadjuntos?cdad894c1a520b2930586cbdddbeaeffba91ecd5b40171dcd6a2df81410ac853,gx-no-cache=1484578788742 HTTP/1.1" 200 30
200.54.247.69 - - [16/Jan/2017:11:58:39 -0300] "GET /cormun/servlet/solicitudotadjuntos?cdad894c1a520b2930586cbdddbeaeffba91ecd5b40171dcd6a2df81410ac853,gx-no-cache=1484578788801 HTTP/1.1" 200 30
192.168.10.43 - - [16/Jan/2017:11:58:40 -0300] "GET /cormun/servlet/trcontratounov2? HTTP/1.1" 200 7758
192.168.10.43 - - [16/Jan/2017:11:58:40 -0300] "GET /cormun/servlet/trcontratounov2? HTTP/1.1" 200 7757
192.168.10.43 - - [16/Jan/2017:11:58:45 -0300] "POST /cormun/servlet/trcontratounov2?f44279d6d200a464c142fc5386eda286,,gx-no-cache=1484582028557 HTTP/1.1" 200 4220
200.54.247.69 - - [16/Jan/2017:11:58:45 -0300] "POST /cormun/servlet/solicitudotadjuntos?73e2a077c3620d22e40ed031f3368dc9,INS,2017,4594,,1, HTTP/1.1" 200 116
200.54.247.69 - - [16/Jan/2017:11:58:45 -0300] "GET /cormun/servlet/hpexe_return? HTTP/1.1" 200 1028
200.54.247.69 - - [16/Jan/2017:11:58:45 -0300] "GET /cormun/servlet/trsolicitudadjuntos?2017,4594, HTTP/1.1" 200 8325
192.168.10.89 - - [16/Jan/2017:11:58:47 -0300] "POST /cormun/servlet/trsolicitudgral?a7c0c1898efa31dfb5d60831ac5022a2,,gx-no-cache=1484582029123 HTTP/1.1" 200 20225
200.54.247.69 - - [16/Jan/2017:11:58:50 -0300] "GET /cormun/servlet/solicitudotadjuntos?INS,2017,4594,,1, HTTP/1.1" 200 5974
200.54.247.69 - - [16/Jan/2017:11:58:51 -0300] "HEAD /cormun/static/about:blank HTTP/1.1" 404 -
200.54.247.69 - - [16/Jan/2017:11:58:51 -0300] "GET /cormun/servlet/solicitudotadjuntos?cdad894c1a520b2930586cbdddbeaeff966f6e5dac4a7bc5e629f2864c4bf037934ccc4aa996c0489ea1833b0283d756,gx-no-cache=1484578801440 HTTP/1.1" 200 30
200.54.247.69 - - [16/Jan/2017:11:58:52 -0300] "POST /cormun/servlet/solicitudotadjuntos?73e2a077c3620d22e40ed031f3368dc9,INS,2017,4594,,1,,gx-no-cache=1484578801496 HTTP/1.1" 200 3826
192.168.10.43 - - [16/Jan/2017:11:58:54 -0300] "POST /cormun/servlet/trcontratounov2?f44279d6d200a464c142fc5386eda286,,gx-no-cache=1484582038100 HTTP/1.1" 200 4010
200.54.247.69 - - [16/Jan/2017:11:58:57 -0300] "POST /cormun/servlet/solicitudotadjuntos?gx-no-cache=1484578806618 HTTP/1.1" 200 26
192.168.10.43 - - [16/Jan/2017:11:58:57 -0300] "POST /cormun/servlet/trcontratounov2?f44279d6d200a464c142fc5386eda286,,gx-no-cache=1484582041152 HTTP/1.1" 200 14193
200.54.247.69 - - [16/Jan/2017:11:59:05 -0300] "GET /cormun/servlet/solicitudotadjuntos?cdad894c1a520b2930586cbdddbeaeffba91ecd5b40171dcd6a2df81410ac853,gx-no-cache=1484578815386 HTTP/1.1" 200 30
200.54.247.69 - - [16/Jan/2017:11:59:05 -0300] "GET /cormun/servlet/solicitudotadjuntos?cdad894c1a520b2930586cbdddbeaeffba91ecd5b40171dcd6a2df81410ac853,gx-no-cache=1484578815433 HTTP/1.1" 200 30
200.54.247.69 - - [16/Jan/2017:11:59:08 -0300] "POST /cormun/servlet/solicitudotadjuntos?73e2a077c3620d22e40ed031f3368dc9,INS,2017,4594,,1, HTTP/1.1" 200 116
200.54.247.69 - - [16/Jan/2017:11:59:08 -0300] "GET /cormun/servlet/hpexe_return? HTTP/1.1" 200 1028
200.54.247.69 - - [16/Jan/2017:11:59:09 -0300] "GET /cormun/servlet/trsolicitudadjuntos?2017,4594, HTTP/1.1" 200 8481
200.54.247.69 - - [16/Jan/2017:11:59:14 -0300] "GET /cormun/servlet/solicitudotadjuntos?INS,2017,4594,,1, HTTP/1.1" 200 5973
200.54.247.69 - - [16/Jan/2017:11:59:14 -0300] "HEAD /cormun/static/about:blank HTTP/1.1" 404 -
200.54.247.69 - - [16/Jan/2017:11:59:15 -0300] "GET /cormun/servlet/solicitudotadjuntos?cdad894c1a520b2930586cbdddbeaeff966f6e5dac4a7bc5e629f2864c4bf037934ccc4aa996c0489ea1833b0283d756,gx-no-cache=1484578824819 HTTP/1.1" 200 30
200.54.247.69 - - [16/Jan/2017:11:59:15 -0300] "POST /cormun/servlet/solicitudotadjuntos?73e2a077c3620d22e40ed031f3368dc9,INS,2017,4594,,1,,gx-no-cache=1484578824876 HTTP/1.1" 200 3826
200.54.247.69 - - [16/Jan/2017:11:59:19 -0300] "POST /cormun/servlet/solicitudotadjuntos?gx-no-cache=1484578829560 HTTP/1.1" 200 26
192.168.10.43 - - [16/Jan/2017:11:59:21 -0300] "GET /cormun/servlet/trcontratosolicitud? HTTP/1.1" 200 6510
192.168.10.43 - - [16/Jan/2017:11:59:22 -0300] "GET /cormun/servlet/trcontratosolicitud? HTTP/1.1" 200 6510
200.54.247.69 - - [16/Jan/2017:11:59:26 -0300] "GET /cormun/servlet/solicitudotadjuntos?cdad894c1a520b2930586cbdddbeaeffba91ecd5b40171dcd6a2df81410ac853,gx-no-cache=1484578835840 HTTP/1.1" 200 30
200.54.247.69 - - [16/Jan/2017:11:59:26 -0300] "GET /cormun/servlet/solicitudotadjuntos?cdad894c1a520b2930586cbdddbeaeffba91ecd5b40171dcd6a2df81410ac853,gx-no-cache=1484578835898 HTTP/1.1" 200 30
200.54.247.69 - - [16/Jan/2017:11:59:26 -0300] "POST /cormun/servlet/solicitudotadjuntos?73e2a077c3620d22e40ed031f3368dc9,INS,2017,4594,,1, HTTP/1.1" 200 116
200.54.247.69 - - [16/Jan/2017:11:59:26 -0300] "GET /cormun/servlet/hpexe_return? HTTP/1.1" 200 1028
200.54.247.69 - - [16/Jan/2017:11:59:27 -0300] "GET /cormun/servlet/trsolicitudadjuntos?2017,4594, HTTP/1.1" 200 8609
192.168.10.43 - - [16/Jan/2017:11:59:29 -0300] "POST /cormun/servlet/trcontratosolicitud?f44279d6d200a464c142fc5386eda286,,gx-no-cache=1484582073085 HTTP/1.1" 200 5169
200.54.247.69 - - [16/Jan/2017:11:59:33 -0300] "GET /cormun/servlet/solicitudotadjuntos?INS,2017,4594,,1, HTTP/1.1" 200 5973
200.54.247.69 - - [16/Jan/2017:11:59:33 -0300] "HEAD /cormun/static/about:blank HTTP/1.1" 404 -
200.54.247.69 - - [16/Jan/2017:11:59:34 -0300] "GET /cormun/servlet/solicitudotadjuntos?cdad894c1a520b2930586cbdddbeaeff966f6e5dac4a7bc5e629f2864c4bf037934ccc4aa996c0489ea1833b0283d756,gx-no-cache=1484578843653 HTTP/1.1" 200 30
200.54.247.69 - - [16/Jan/2017:11:59:34 -0300] "POST /cormun/servlet/solicitudotadjuntos?73e2a077c3620d22e40ed031f3368dc9,INS,2017,4594,,1,,gx-no-cache=1484578843716 HTTP/1.1" 200 3826
192.168.10.43 - - [16/Jan/2017:11:59:36 -0300] "GET /cormun/servlet/solicitudotcontratos?INS,2017,0,16554422,6,2,2016,56,NADA,201612,12,M, HTTP/1.1" 200 9587
192.168.10.43 - - [16/Jan/2017:11:59:36 -0300] "GET /cormun/servlet/solicitudotcontratos?INS,2017,0,16554422,6,2,2016,56,NADA,201612,12,M, HTTP/1.1" 200 9618
192.168.10.43 - - [16/Jan/2017:11:59:37 -0300] "GET /cormun/servlet/solicitudotcontratos?492c95618f9353151a9c5aed5b066d326c5550e496a3801d2d965dc444367eb15d774251b78731b656abeac8071d1e6b,gx-no-cache=1484582080729 HTTP/1.1" 200 30
192.168.10.43 - - [16/Jan/2017:11:59:37 -0300] "GET /cormun/servlet/solicitudotcontratos?492c95618f9353151a9c5aed5b066d32314183f1c260133f52d8dcdcb0b5969d72797d46f29e1c796a53a0a4b59e281b632a47cf70dfcd8e0786b3709e7600b889b33e721beb5462b05d7f74fd9365666e4aa3225af147dd33814ffefd46e244f7e9335361236d90e72239d944b734f4fb921c0f9cb52c699a966030b3e6e143,gx-no-cache=1484582080773 HTTP/1.1" 200 48
192.168.10.43 - - [16/Jan/2017:11:59:37 -0300] "GET /cormun/servlet/solicitudotcontratos?492c95618f9353151a9c5aed5b066d32d0d565a777e8b4e920b756761b9890c189bb9745d35bb48277fd42ff63898ab7,gx-no-cache=1484582080804 HTTP/1.1" 200 30
192.168.10.43 - - [16/Jan/2017:11:59:37 -0300] "GET /cormun/servlet/solicitudotcontratos?492c95618f9353151a9c5aed5b066d32e97dd64f795ee00f331199fe6aeaebcb3a9e9c4c175a2bb0393a83b8185070a95a6117583d9037eb12117beb7b6e080ef1c6667e10738a3f9f8cb519a68ff4cfbf980f772d00d3abe9f84bd0cfd956f75ec3030a1a801171c0c66a6a753e628b,gx-no-cache=1484582080829 HTTP/1.1" 200 30
192.168.10.43 - - [16/Jan/2017:11:59:37 -0300] "GET /cormun/servlet/solicitudotcontratos?492c95618f9353151a9c5aed5b066d32af7eb0a684a8a4f819a751d714fe685f94f0815fc0bb1e8e2f9e8b2704f05e244e85d25bcdebaf64671ccf13308d899291cb377dfb237d5c4f61e19c7c2588f45baa36e21b597ee67b6f7bcd0d89afe13c1c1eacdd010c322038b640e849612a5bb76040b91f4b059402871e5374f88e4559548f10aff6e85330cdc2d7befa432341b89edfd30bdeffe27800bd976c460a608ff25039cf69481062bf56d5e3909b776a8cb370f488b5e36ef72e64047b0dbf5c0f12484c47fea7655787a1de421a52113a41a0bdc4c9a560b1a3ae6889d76396438cea23c24587a93c121f59385669dd12f1acc9b5bd006b97b21dd0b466bd6432f4ed61ea12b8faa511c8403f3c55a138ce5c6a0df40f60b4b4262b9399f79e3aebb64187da8ec9111c541b609836e4685313f192bb33413db8f70c8b2add409685752813c0b6105b8a415f0af482b3b80bc3ba83eb438706e6ddb7f05b072b9749a194602d3ec77ec47ddf7c6c006d6455ecf6c2c0f1733588b008f66c07a318b903ca09c88d33fc892c82958b08f14e9f4e952fb4ca98d022476fab0344c10164733237569d6e6afc23fcd6f3695fae8e457f67a8c98c129862479a9e220d186bb8ad16ba8529ea052869b002c2462a5571442f5ee9a31d63f30f808bef1706f09dba9590e0e1e0255dedbb8b08f14e9f4e952fb4ca98d022476fab4a4bbb6db7aefe758bc90690f454efa98ee56f687af4045ed634ecdcccfdad7b3ab11efff80342049cbe71f8a8285e6cffd31c8a4bc430a65469b85de961d39b,gx-no-cache=1484582080862 HTTP/1.1" 200 72
200.54.247.69 - - [16/Jan/2017:11:59:37 -0300] "POST /cormun/servlet/solicitudotadjuntos?gx-no-cache=1484578847186 HTTP/1.1" 200 26
192.168.10.43 - - [16/Jan/2017:11:59:40 -0300] "POST /cormun/servlet/solicitudotcontratos?f44279d6d200a464c142fc5386eda286,INS,2017,0,16554422,6,2,2016,56,NADA,201612,12,M,,gx-no-cache=1484582083931 HTTP/1.1" 200 10381
192.168.10.43 - - [16/Jan/2017:11:59:40 -0300] "POST /cormun/servlet/solicitudotcontratos?gx-no-cache=1484582084200 HTTP/1.1" 200 1263
192.168.10.43 - - [16/Jan/2017:11:59:40 -0300] "POST /cormun/servlet/solicitudotcontratos?gx-no-cache=1484582084261 HTTP/1.1" 200 1141
192.168.10.43 - - [16/Jan/2017:11:59:40 -0300] "GET /cormun/servlet/solicitudotcontratos?492c95618f9353151a9c5aed5b066d32df97bc70e00ada85cd3df6df895628003af85ecba6b264b06568321ebf641e392e5a62a6faef7424efaec84815acd7e7d08c4010ee053e48714a010327c1cdfcf6d14ba13fb5c0c8a9e86ab4de0b308662eaa5fcc18f3b0d511532effb4754f718d2694979cc905801bec672a8a563ed,gx-no-cache=1484582084299 HTTP/1.1" 200 30
192.168.10.43 - - [16/Jan/2017:11:59:40 -0300] "POST /cormun/servlet/solicitudotcontratos?f44279d6d200a464c142fc5386eda286,INS,2017,0,16554422,6,2,2016,56,NADA,201612,12,M,,gx-no-cache=1484582084322 HTTP/1.1" 200 93
192.168.10.43 - - [16/Jan/2017:11:59:40 -0300] "GET /cormun/servlet/hpexe_return? HTTP/1.1" 200 1046
192.168.10.43 - - [16/Jan/2017:11:59:41 -0300] "GET /cormun/servlet/trcontratosolicitud? HTTP/1.1" 200 7574
192.168.10.43 - - [16/Jan/2017:11:59:41 -0300] "GET /cormun/servlet/trcontratosolicitud? HTTP/1.1" 200 7554
200.54.247.69 - - [16/Jan/2017:11:59:43 -0300] "GET /cormun/servlet/solicitudotadjuntos?cdad894c1a520b2930586cbdddbeaeffba91ecd5b40171dcd6a2df81410ac853,gx-no-cache=1484578853314 HTTP/1.1" 200 30
200.54.247.69 - - [16/Jan/2017:11:59:43 -0300] "GET /cormun/servlet/solicitudotadjuntos?cdad894c1a520b2930586cbdddbeaeffba91ecd5b40171dcd6a2df81410ac853,gx-no-cache=1484578853329 HTTP/1.1" 200 30
200.54.247.69 - - [16/Jan/2017:11:59:46 -0300] "POST /cormun/servlet/solicitudotadjuntos?73e2a077c3620d22e40ed031f3368dc9,INS,2017,4594,,1, HTTP/1.1" 200 116
200.54.247.69 - - [16/Jan/2017:11:59:46 -0300] "GET /cormun/servlet/hpexe_return? HTTP/1.1" 200 1028
200.54.247.69 - - [16/Jan/2017:11:59:47 -0300] "GET /cormun/servlet/trsolicitudadjuntos?2017,4594, HTTP/1.1" 200 8776
192.168.10.43 - - [16/Jan/2017:11:59:47 -0300] "GET /cormun/servlet/solicitudotcontratos?INS,2017,0,16554422,6,6,2016,2792,LEY+SEP,201612,1,M, HTTP/1.1" 200 9594
192.168.10.43 - - [16/Jan/2017:11:59:48 -0300] "GET /cormun/servlet/solicitudotcontratos?INS,2017,0,16554422,6,6,2016,2792,LEY+SEP,201612,1,M, HTTP/1.1" 200 9628
192.168.10.43 - - [16/Jan/2017:11:59:48 -0300] "GET /cormun/servlet/solicitudotcontratos?492c95618f9353151a9c5aed5b066d326c5550e496a3801d2d965dc444367eb15d774251b78731b656abeac8071d1e6b,gx-no-cache=1484582092507 HTTP/1.1" 200 30
192.168.10.43 - - [16/Jan/2017:11:59:48 -0300] "GET /cormun/servlet/solicitudotcontratos?492c95618f9353151a9c5aed5b066d32314183f1c260133f52d8dcdcb0b5969d72797d46f29e1c796a53a0a4b59e281b632a47cf70dfcd8e0786b3709e7600b889b33e721beb5462b05d7f74fd93656669ba5a89d03dc25dabf603df11395cfacc3eb30a8474c3c4d2a2d12bbc1a3befc3d27827af10a76c2c3b95d726106f8e,gx-no-cache=1484582092534 HTTP/1.1" 200 50
192.168.10.43 - - [16/Jan/2017:11:59:48 -0300] "GET /cormun/servlet/solicitudotcontratos?492c95618f9353151a9c5aed5b066d32d0d565a777e8b4e920b756761b9890c13b62224769b2a68092f6505eb16fcc89,gx-no-cache=1484582092563 HTTP/1.1" 200 30
192.168.10.43 - - [16/Jan/2017:11:59:48 -0300] "GET /cormun/servlet/solicitudotcontratos?492c95618f9353151a9c5aed5b066d32e97dd64f795ee00f331199fe6aeaebcb3a9e9c4c175a2bb0393a83b8185070a95a6117583d9037eb12117beb7b6e080ef1c6667e10738a3f9f8cb519a68ff4cf3db97ff73b4edd84e7757506ab6b61a35ec3030a1a801171c0c66a6a753e628b,gx-no-cache=1484582092588 HTTP/1.1" 200 30
192.168.10.43 - - [16/Jan/2017:11:59:49 -0300] "GET /cormun/servlet/solicitudotcontratos?492c95618f9353151a9c5aed5b066d32af7eb0a684a8a4f819a751d714fe685f94f0815fc0bb1e8e2f9e8b2704f05e248d355414b82182eb0e60cbf3a687784f5a6117583d9037eb12117beb7b6e080e8b4d8f4aa3018dcb770cbdb13499f5bb7836e1e1eb12311dd1404049e2865aa1dfc481433899ffa677b37a5bace5d14c1bcc369e79b8709bd7069283e1256b470558d616abfbdfbf1186bb87dde9ec348d355414b82182eb0e60cbf3a687784f991d7458079e6635b1a36ac2e3f761b977dcda3b77cd18ab06bfa2a98620cf09c855bd5a6e3dc09f8125b273ec802ee04799951263e4374216bbffa17ecf3f81a7d0f0ca30fd2c3b47a4cc07c898a6580674923b5350b9379db2fc7c14755e159836e4685313f192bb33413db8f70c8b2762f609f18f139259ce94e9606f499d4565c945403e89ea8eba0b1f9e9eeb8f77f506da056f056d804b691cc3f30741ae36b26092db1413907964148d5d3421f433bb66962c355a8f3ee1bda6e2d7c6abc5acf6bbc1666f87fd4ba8e37444c5caf3a514e3104cecf2f991af4cf833f62ce665bfd0dc60ff5d7ccb70fe4d8c33e186f12a9703876eadfd7769ba5eb0bf8d34d46f1d3cf333acad46303bcaaa1b97222f80dc6c9a485fd701aff1953751589bca7d06447a309464fbda2e54240c3b2bda20ddbb8a7bc3a1ba3dbeb292a65dba08fbe737f614d60b0194ecc49ff1b0fb70a68a20e62a999cd2f23b256785dbfdcd960e6e9613bf6fbc9a5c7c45840a3ade0a66ecdaa18faea9cb21b2bfb0bdf92c12218cba802ced4f3648dbb485,gx-no-cache=1484582092620 HTTP/1.1" 200 79
200.54.247.69 - - [16/Jan/2017:11:59:53 -0300] "GET /cormun/servlet/solicitudotadjuntos?INS,2017,4594,,1, HTTP/1.1" 200 5973
200.54.247.69 - - [16/Jan/2017:11:59:53 -0300] "HEAD /cormun/static/about:blank HTTP/1.1" 404 -
200.54.247.69 - - [16/Jan/2017:11:59:54 -0300] "GET /cormun/servlet/solicitudotadjuntos?cdad894c1a520b2930586cbdddbeaeff966f6e5dac4a7bc5e629f2864c4bf037934ccc4aa996c0489ea1833b0283d756,gx-no-cache=1484578863818 HTTP/1.1" 200 30
200.54.247.69 - - [16/Jan/2017:11:59:54 -0300] "POST /cormun/servlet/solicitudotadjuntos?73e2a077c3620d22e40ed031f3368dc9,INS,2017,4594,,1,,gx-no-cache=1484578863853 HTTP/1.1" 200 3826
192.168.10.43 - - [16/Jan/2017:11:59:55 -0300] "POST /cormun/servlet/solicitudotcontratos?f44279d6d200a464c142fc5386eda286,INS,2017,0,16554422,6,6,2016,2792,LEY+SEP,201612,1,M,,gx-no-cache=1484582098821 HTTP/1.1" 200 10393
192.168.10.43 - - [16/Jan/2017:11:59:55 -0300] "POST /cormun/servlet/solicitudotcontratos?gx-no-cache=1484582099184 HTTP/1.1" 200 1264
192.168.10.43 - - [16/Jan/2017:11:59:55 -0300] "POST /cormun/servlet/solicitudotcontratos?gx-no-cache=1484582099224 HTTP/1.1" 200 1141
192.168.10.43 - - [16/Jan/2017:11:59:55 -0300] "GET /cormun/servlet/solicitudotcontratos?492c95618f9353151a9c5aed5b066d32df97bc70e00ada85cd3df6df895628003af85ecba6b264b06568321ebf641e392e5a62a6faef7424efaec84815acd7e7d08c4010ee053e48714a010327c1cdfcf6d14ba13fb5c0c8a9e86ab4de0b308662eaa5fcc18f3b0d511532effb4754f718d2694979cc905801bec672a8a563ed,gx-no-cache=1484582099258 HTTP/1.1" 200 30
192.168.10.43 - - [16/Jan/2017:11:59:55 -0300] "POST /cormun/servlet/solicitudotcontratos?f44279d6d200a464c142fc5386eda286,INS,2017,0,16554422,6,6,2016,2792,LEY+SEP,201612,1,M,,gx-no-cache=1484582099279 HTTP/1.1" 200 93
192.168.10.43 - - [16/Jan/2017:11:59:55 -0300] "GET /cormun/servlet/hpexe_return? HTTP/1.1" 200 1050
192.168.10.43 - - [16/Jan/2017:11:59:56 -0300] "GET /cormun/servlet/trcontratosolicitud HTTP/1.1" 200 7413
192.168.10.43 - - [16/Jan/2017:11:59:56 -0300] "GET /cormun/servlet/trcontratosolicitud HTTP/1.1" 200 7409
200.54.247.69 - - [16/Jan/2017:11:59:57 -0300] "POST /cormun/servlet/solicitudotadjuntos?gx-no-cache=1484578866648 HTTP/1.1" 200 26
200.54.247.69 - - [16/Jan/2017:12:00:01 -0300] "GET /cormun/servlet/solicitudotadjuntos?cdad894c1a520b2930586cbdddbeaeffba91ecd5b40171dcd6a2df81410ac853,gx-no-cache=1484578871152 HTTP/1.1" 200 30
200.54.247.69 - - [16/Jan/2017:12:00:01 -0300] "GET /cormun/servlet/solicitudotadjuntos?cdad894c1a520b2930586cbdddbeaeffba91ecd5b40171dcd6a2df81410ac853,gx-no-cache=1484578871167 HTTP/1.1" 200 30
200.54.247.69 - - [16/Jan/2017:12:00:01 -0300] "POST /cormun/servlet/solicitudotadjuntos?73e2a077c3620d22e40ed031f3368dc9,INS,2017,4594,,1, HTTP/1.1" 200 116
200.54.247.69 - - [16/Jan/2017:12:00:01 -0300] "GET /cormun/servlet/hpexe_return? HTTP/1.1" 200 1028
200.54.247.69 - - [16/Jan/2017:12:00:02 -0300] "GET /cormun/servlet/trsolicitudadjuntos?2017,4594, HTTP/1.1" 200 8993
200.54.247.69 - - [16/Jan/2017:12:00:09 -0300] "GET /cormun/servlet/trautorizarsolicitud? HTTP/1.1" 200 8123
200.54.247.69 - - [16/Jan/2017:12:00:13 -0300] "POST /cormun/servlet/trautorizarsolicitud?73e2a077c3620d22e40ed031f3368dc9,,gx-no-cache=1484578883081 HTTP/1.1" 200 4290
200.54.247.69 - - [16/Jan/2017:12:00:13 -0300] "POST /cormun/servlet/trautorizarsolicitud?73e2a077c3620d22e40ed031f3368dc9,,gx-no-cache=1484578883371 HTTP/1.1" 200 4068
192.168.10.43 - - [16/Jan/2017:12:00:13 -0300] "POST /cormun/servlet/trcontratosolicitud?f44279d6d200a464c142fc5386eda286,gx-no-cache=1484582117398 HTTP/1.1" 200 4908
200.54.247.69 - - [16/Jan/2017:12:00:14 -0300] "GET /cormun/static/Shared/jqueryui/images/ui-bg_highlight-soft_100_c6c2c8_1x100.png HTTP/1.1" 404 1117
200.54.247.69 - - [16/Jan/2017:12:00:14 -0300] "GET /cormun/static/Shared/jqueryui/images/ui-bg_flat_55_fafafa_40x100.png HTTP/1.1" 404 1097
200.54.247.69 - - [16/Jan/2017:12:00:14 -0300] "GET /cormun/static/Shared/jqueryui/images/ui-icons_8d78a5_256x240.png HTTP/1.1" 404 1089
200.54.247.69 - - [16/Jan/2017:12:00:14 -0300] "GET /cormun/static/Shared/jqueryui/images/ui-icons_82798d_256x240.png HTTP/1.1" 404 1089
192.168.10.43 - - [16/Jan/2017:12:00:17 -0300] "GET /cormun/servlet/solicitudotcontratos?INS,2017,0,15317616,7,2,2016,65,NADA,201612,43,M, HTTP/1.1" 200 9595
192.168.10.43 - - [16/Jan/2017:12:00:18 -0300] "GET /cormun/servlet/solicitudotcontratos?INS,2017,0,15317616,7,2,2016,65,NADA,201612,43,M, HTTP/1.1" 200 9627
192.168.10.43 - - [16/Jan/2017:12:00:18 -0300] "GET /cormun/servlet/solicitudotcontratos?492c95618f9353151a9c5aed5b066d326d54523d107c0a08c7a9e65246da172a5d774251b78731b656abeac8071d1e6b,gx-no-cache=1484582122278 HTTP/1.1" 200 30
192.168.10.43 - - [16/Jan/2017:12:00:18 -0300] "GET /cormun/servlet/solicitudotcontratos?492c95618f9353151a9c5aed5b066d32314183f1c260133f52d8dcdcb0b5969d72797d46f29e1c796a53a0a4b59e281b632a47cf70dfcd8e0786b3709e7600b889b33e721beb5462b05d7f74fd9365666e4aa3225af147dd33814ffefd46e244f7e9335361236d90e72239d944b734f4fb921c0f9cb52c699a966030b3e6e143,gx-no-cache=1484582122319 HTTP/1.1" 200 48
192.168.10.43 - - [16/Jan/2017:12:00:18 -0300] "GET /cormun/servlet/solicitudotcontratos?492c95618f9353151a9c5aed5b066d32093fde5c6b1cb6ecd4cf45ec0bd3ed989f01f22ebdc895ee7c78896987c027ca,gx-no-cache=1484582122350 HTTP/1.1" 200 30
192.168.10.43 - - [16/Jan/2017:12:00:18 -0300] "GET /cormun/servlet/solicitudotcontratos?492c95618f9353151a9c5aed5b066d32e97dd64f795ee00f331199fe6aeaebcb3a9e9c4c175a2bb0393a83b8185070a95a6117583d9037eb12117beb7b6e080ef1c6667e10738a3f9f8cb519a68ff4cfbf980f772d00d3abe9f84bd0cfd956f75ec3030a1a801171c0c66a6a753e628b,gx-no-cache=1484582122376 HTTP/1.1" 200 30
192.168.10.43 - - [16/Jan/2017:12:00:18 -0300] "GET /cormun/servlet/solicitudotcontratos?492c95618f9353151a9c5aed5b066d32af7eb0a684a8a4f819a751d714fe685f94f0815fc0bb1e8e2f9e8b2704f05e244e85d25bcdebaf64671ccf13308d899291cb377dfb237d5c4f61e19c7c2588f45baa36e21b597ee67b6f7bcd0d89afe13c1c1eacdd010c322038b640e849612a5bb76040b91f4b059402871e5374f88e4559548f10aff6e85330cdc2d7befa432341b89edfd30bdeffe27800bd976c460a608ff25039cf69481062bf56d5e3909b776a8cb370f488b5e36ef72e64047b0dbf5c0f12484c47fea7655787a1de421a52113a41a0bdc4c9a560b1a3ae6889d76396438cea23c24587a93c121f59385669dd12f1acc9b5bd006b97b21dd0b466bd6432f4ed61ea12b8faa511c8403f3c55a138ce5c6a0df40f60b4b4262b9399f79e3aebb64187da8ec9111c541b609836e4685313f192bb33413db8f70c8b2add409685752813c0b6105b8a415f0af482b3b80bc3ba83eb438706e6ddb7f05b072b9749a194602d3ec77ec47ddf7c6c006d6455ecf6c2c0f1733588b008f66c07a318b903ca09c88d33fc892c82958b08f14e9f4e952fb4ca98d022476fab0344c10164733237569d6e6afc23fcd6f3695fae8e457f67a8c98c129862479a9e220d186bb8ad16ba8529ea052869b002c2462a5571442f5ee9a31d63f30f808bef1706f09dba9590e0e1e0255dedbb8b08f14e9f4e952fb4ca98d022476fab4a4bbb6db7aefe758bc90690f454efa98ee56f687af4045ed634ecdcccfdad7b3ab11efff80342049cbe71f8a8285e6cffd31c8a4bc430a65469b85de961d39b,gx-no-cache=1484582122409 HTTP/1.1" 200 72
192.168.10.43 - - [16/Jan/2017:12:00:21 -0300] "POST /cormun/servlet/solicitudotcontratos?f44279d6d200a464c142fc5386eda286,INS,2017,0,15317616,7,2,2016,65,NADA,201612,43,M,,gx-no-cache=1484582125097 HTTP/1.1" 200 10386
192.168.10.43 - - [16/Jan/2017:12:00:21 -0300] "POST /cormun/servlet/solicitudotcontratos?gx-no-cache=1484582125355 HTTP/1.1" 200 1263
192.168.10.43 - - [16/Jan/2017:12:00:21 -0300] "POST /cormun/servlet/solicitudotcontratos?gx-no-cache=1484582125398 HTTP/1.1" 200 1141
192.168.10.43 - - [16/Jan/2017:12:00:21 -0300] "GET /cormun/servlet/solicitudotcontratos?492c95618f9353151a9c5aed5b066d32df97bc70e00ada85cd3df6df895628003af85ecba6b264b06568321ebf641e392e5a62a6faef7424efaec84815acd7e7d08c4010ee053e48714a010327c1cdfcf6d14ba13fb5c0c8a9e86ab4de0b308662eaa5fcc18f3b0d511532effb4754f718d2694979cc905801bec672a8a563ed,gx-no-cache=1484582125434 HTTP/1.1" 200 30
192.168.10.43 - - [16/Jan/2017:12:00:22 -0300] "POST /cormun/servlet/solicitudotcontratos?f44279d6d200a464c142fc5386eda286,INS,2017,0,15317616,7,2,2016,65,NADA,201612,43,M,,gx-no-cache=1484582125455 HTTP/1.1" 200 93
192.168.10.43 - - [16/Jan/2017:12:00:22 -0300] "GET /cormun/servlet/hpexe_return? HTTP/1.1" 200 1068
192.168.10.43 - - [16/Jan/2017:12:00:22 -0300] "GET /cormun/servlet/trcontratosolicitud?gx-no-cache=1484582117398 HTTP/1.1" 200 7283
192.168.10.43 - - [16/Jan/2017:12:00:22 -0300] "GET /cormun/servlet/trcontratosolicitud?gx-no-cache=1484582117398 HTTP/1.1" 200 7301
200.54.247.69 - - [16/Jan/2017:12:00:25 -0300] "GET /cormun/servlet/trautorizarsolicitud? HTTP/1.1" 200 6847
192.168.10.43 - - [16/Jan/2017:12:00:26 -0300] "GET /cormun/servlet/solicitudotcontratos?INS,2017,0,15317616,7,6,2016,2757,LEY+SEP,201612,1,M, HTTP/1.1" 200 9620
192.168.10.43 - - [16/Jan/2017:12:00:26 -0300] "GET /cormun/servlet/solicitudotcontratos?INS,2017,0,15317616,7,6,2016,2757,LEY+SEP,201612,1,M, HTTP/1.1" 200 9634
192.168.10.43 - - [16/Jan/2017:12:00:27 -0300] "GET /cormun/servlet/solicitudotcontratos?492c95618f9353151a9c5aed5b066d326d54523d107c0a08c7a9e65246da172a5d774251b78731b656abeac8071d1e6b,gx-no-cache=1484582130871 HTTP/1.1" 200 30
192.168.10.43 - - [16/Jan/2017:12:00:27 -0300] "GET /cormun/servlet/solicitudotcontratos?492c95618f9353151a9c5aed5b066d32314183f1c260133f52d8dcdcb0b5969d72797d46f29e1c796a53a0a4b59e281b632a47cf70dfcd8e0786b3709e7600b889b33e721beb5462b05d7f74fd93656669ba5a89d03dc25dabf603df11395cfacc3eb30a8474c3c4d2a2d12bbc1a3befc3d27827af10a76c2c3b95d726106f8e,gx-no-cache=1484582130899 HTTP/1.1" 200 50
192.168.10.43 - - [16/Jan/2017:12:00:27 -0300] "GET /cormun/servlet/solicitudotcontratos?492c95618f9353151a9c5aed5b066d32093fde5c6b1cb6ecd4cf45ec0bd3ed9875fb777dcb2010505046a037c7e96c8f,gx-no-cache=1484582130927 HTTP/1.1" 200 30
192.168.10.43 - - [16/Jan/2017:12:00:27 -0300] "GET /cormun/servlet/solicitudotcontratos?492c95618f9353151a9c5aed5b066d32e97dd64f795ee00f331199fe6aeaebcb3a9e9c4c175a2bb0393a83b8185070a95a6117583d9037eb12117beb7b6e080ef1c6667e10738a3f9f8cb519a68ff4cf3db97ff73b4edd84e7757506ab6b61a35ec3030a1a801171c0c66a6a753e628b,gx-no-cache=1484582130951 HTTP/1.1" 200 30
