192.168.10.89 - - [16/Jan/2017:10:46:56 -0300] "GET /cormun/servlet/solicitudot?f48b11de35019c6aa6a345e1e75e7871cb2c4a5863c5e57907ebc82d0f3ac181ecde57d65411752edc970e06e4dbc86a61854f23dfe4dedaca12d392ba02871d9cc1a789f8b2fed8ffed659369871ef7564aecaeda90b7ff579926d254aab49fdaaa4fe9666bfd1f754032cf62bde7619bc4198158bfcf370efa676199c8f1a2a9d5bdd6feb0927043b05a7302e0dcd8aa980b1a833580749dee1d8237a33e6d,gx-no-cache=1484577719837 HTTP/1.1" 200 29
192.168.10.89 - - [16/Jan/2017:10:46:56 -0300] "POST /cormun/servlet/solicitudot?gx-no-cache=1484577719863 HTTP/1.1" 200 1261
192.168.10.89 - - [16/Jan/2017:10:46:56 -0300] "POST /cormun/servlet/solicitudot?gx-no-cache=1484577719906 HTTP/1.1" 200 1143
192.168.10.89 - - [16/Jan/2017:10:46:56 -0300] "GET /cormun/servlet/prcontratosol?11433311,,,,,MD,,gxPopupLevel%3D0%3B HTTP/1.1" 200 5887
192.168.10.89 - - [16/Jan/2017:10:46:58 -0300] "POST /cormun/servlet/solicitudot?gx-no-cache=1484577722614 HTTP/1.1" 200 1278
192.168.10.89 - - [16/Jan/2017:10:46:59 -0300] "POST /cormun/servlet/solicitudot?gx-no-cache=1484577722668 HTTP/1.1" 200 38
192.168.10.89 - - [16/Jan/2017:10:46:59 -0300] "POST /cormun/servlet/solicitudot?gx-no-cache=1484577722700 HTTP/1.1" 200 1261
192.168.10.89 - - [16/Jan/2017:10:46:59 -0300] "POST /cormun/servlet/solicitudot?gx-no-cache=1484577722743 HTTP/1.1" 200 1143
66.249.88.53 - - [16/Jan/2017:10:47:06 -0300] "GET /cormun/servlet/trsolicitudot HTTP/1.1" 200 6011
66.249.88.53 - - [16/Jan/2017:10:47:06 -0300] "GET /cormun/servlet/trsolicitudot?_escaped_fragment_= HTTP/1.1" 200 6009
66.249.88.53 - - [16/Jan/2017:10:47:07 -0300] "GET /favicon.ico HTTP/1.1" 200 21630
192.168.10.43 - - [16/Jan/2017:10:47:07 -0300] "POST /cormun/servlet/trcontratosolicitud?f44279d6d200a464c142fc5386eda286,,gx-no-cache=1484577730746 HTTP/1.1" 200 4908
192.168.10.89 - - [16/Jan/2017:10:47:18 -0300] "POST /cormun/servlet/solicitudot?gx-no-cache=1484577742344 HTTP/1.1" 200 1261
192.168.10.89 - - [16/Jan/2017:10:47:18 -0300] "POST /cormun/servlet/solicitudot?gx-no-cache=1484577742389 HTTP/1.1" 200 1143
192.168.10.43 - - [16/Jan/2017:10:47:23 -0300] "GET /cormun/servlet/solicitudotcontratos?INS,2017,0,17680481,5,2,2016,14,NADA,201612,41,M, HTTP/1.1" 200 9593
192.168.10.43 - - [16/Jan/2017:10:47:23 -0300] "GET /cormun/static/gxcfg.js?201711020431995 HTTP/1.1" 200 953
192.168.10.43 - - [16/Jan/2017:10:47:23 -0300] "GET /cormun/static/solicitudotcontratos.js?201711020432118 HTTP/1.1" 200 42790
192.168.10.43 - - [16/Jan/2017:10:47:23 -0300] "GET /cormun/servlet/solicitudotcontratos?INS,2017,0,17680481,5,2,2016,14,NADA,201612,41,M, HTTP/1.1" 200 9625
192.168.10.43 - - [16/Jan/2017:10:47:24 -0300] "GET /cormun/servlet/solicitudotcontratos?492c95618f9353151a9c5aed5b066d324f99caa330ac44f2d448bf9c54eaabd75d774251b78731b656abeac8071d1e6b,gx-no-cache=1484577748038 HTTP/1.1" 200 30
192.168.10.89 - - [16/Jan/2017:10:47:24 -0300] "GET /cormun/servlet/solicitudot?f48b11de35019c6aa6a345e1e75e7871002c5f8895b71f7b4f2748e9a3288f5cf361b877b7a8a45d3e9250f232ee3c96c0f8d37f4814fde6607914a42d76f765030950263908abe17ee94ee85269d307ad9e3d2ae88b779031c55630ac51b7531fc8238628fdfab976994ee525e851ea04da0a801acc06f390982cdd2847ddcea1111c794b55b1b9781419a1c0dceb93e97b187aee5d24d587d506f697a1fd6f840e49f1797191882d696962a8f2c89a,gx-no-cache=1484577748054 HTTP/1.1" 200 30
192.168.10.43 - - [16/Jan/2017:10:47:24 -0300] "GET /cormun/servlet/solicitudotcontratos?492c95618f9353151a9c5aed5b066d32314183f1c260133f52d8dcdcb0b5969d72797d46f29e1c796a53a0a4b59e281b632a47cf70dfcd8e0786b3709e7600b889b33e721beb5462b05d7f74fd9365666e4aa3225af147dd33814ffefd46e244f7e9335361236d90e72239d944b734f4fb921c0f9cb52c699a966030b3e6e143,gx-no-cache=1484577748079 HTTP/1.1" 200 48
192.168.10.43 - - [16/Jan/2017:10:47:24 -0300] "GET /cormun/servlet/solicitudotcontratos?492c95618f9353151a9c5aed5b066d328204cd5d8a67dbc7ea55b86401a01ae46c445da450f58204aa9c3286001bfef7,gx-no-cache=1484577748131 HTTP/1.1" 200 30
192.168.10.43 - - [16/Jan/2017:10:47:24 -0300] "GET /cormun/servlet/solicitudotcontratos?492c95618f9353151a9c5aed5b066d32e97dd64f795ee00f331199fe6aeaebcb3a9e9c4c175a2bb0393a83b8185070a95a6117583d9037eb12117beb7b6e080ef1c6667e10738a3f9f8cb519a68ff4cfbf980f772d00d3abe9f84bd0cfd956f75ec3030a1a801171c0c66a6a753e628b,gx-no-cache=1484577748161 HTTP/1.1" 200 30
192.168.10.43 - - [16/Jan/2017:10:47:24 -0300] "GET /cormun/servlet/solicitudotcontratos?492c95618f9353151a9c5aed5b066d32af7eb0a684a8a4f819a751d714fe685f94f0815fc0bb1e8e2f9e8b2704f05e244e85d25bcdebaf64671ccf13308d899291cb377dfb237d5c4f61e19c7c2588f45baa36e21b597ee67b6f7bcd0d89afe13c1c1eacdd010c322038b640e849612a5bb76040b91f4b059402871e5374f88e4559548f10aff6e85330cdc2d7befa432341b89edfd30bdeffe27800bd976c460a608ff25039cf69481062bf56d5e3909b776a8cb370f488b5e36ef72e64047b0dbf5c0f12484c47fea7655787a1de421a52113a41a0bdc4c9a560b1a3ae6889d76396438cea23c24587a93c121f59385669dd12f1acc9b5bd006b97b21dd0b466bd6432f4ed61ea12b8faa511c8403f3c55a138ce5c6a0df40f60b4b4262b9399f79e3aebb64187da8ec9111c541b609836e4685313f192bb33413db8f70c8b2add409685752813c0b6105b8a415f0af482b3b80bc3ba83eb438706e6ddb7f05b072b9749a194602d3ec77ec47ddf7c6c006d6455ecf6c2c0f1733588b008f66c07a318b903ca09c88d33fc892c82958b08f14e9f4e952fb4ca98d022476fab0344c10164733237569d6e6afc23fcd6f3695fae8e457f67a8c98c129862479a9e220d186bb8ad16ba8529ea052869b002c2462a5571442f5ee9a31d63f30f808bef1706f09dba9590e0e1e0255dedbb8b08f14e9f4e952fb4ca98d022476fab4a4bbb6db7aefe758bc90690f454efa98ee56f687af4045ed634ecdcccfdad7b3ab11efff80342049cbe71f8a8285e6cffd31c8a4bc430a65469b85de961d39b,gx-no-cache=1484577748198 HTTP/1.1" 200 72
192.168.10.89 - - [16/Jan/2017:10:47:30 -0300] "POST /cormun/servlet/solicitudot?a7c0c1898efa31dfb5d60831ac5022a2,INS,0,0,,gx-no-cache=1484577754132 HTTP/1.1" 200 93
192.168.10.89 - - [16/Jan/2017:10:47:30 -0300] "GET /cormun/servlet/hpexe_return? HTTP/1.1" 200 1004
192.168.10.89 - - [16/Jan/2017:10:47:31 -0300] "GET /cormun/servlet/trsolicitudot HTTP/1.1" 200 8454
192.168.10.89 - - [16/Jan/2017:10:47:36 -0300] "POST /cormun/servlet/trsolicitudot?a7c0c1898efa31dfb5d60831ac5022a2,gx-no-cache=1484577759862 HTTP/1.1" 200 5465
192.168.10.89 - - [16/Jan/2017:10:47:36 -0300] "POST /cormun/servlet/trsolicitudot?a7c0c1898efa31dfb5d60831ac5022a2,gx-no-cache=1484577760200 HTTP/1.1" 200 5407
192.168.10.89 - - [16/Jan/2017:10:47:36 -0300] "GET /cormun/static/Shared/jqueryui/images/ui-icons_8d78a5_256x240.png HTTP/1.1" 404 1089
192.168.10.89 - - [16/Jan/2017:10:47:36 -0300] "GET /cormun/static/Shared/jqueryui/images/ui-bg_highlight-soft_100_c6c2c8_1x100.png HTTP/1.1" 404 1117
192.168.10.89 - - [16/Jan/2017:10:47:36 -0300] "GET /cormun/static/Shared/jqueryui/images/ui-bg_flat_55_fafafa_40x100.png HTTP/1.1" 404 1097
192.168.10.89 - - [16/Jan/2017:10:47:36 -0300] "GET /cormun/static/Shared/jqueryui/images/ui-icons_82798d_256x240.png HTTP/1.1" 404 1089
192.168.10.89 - - [16/Jan/2017:10:47:37 -0300] "POST /cormun/servlet/trsolicitudot?a7c0c1898efa31dfb5d60831ac5022a2,gx-no-cache=1484577761335 HTTP/1.1" 200 4326
192.168.10.89 - - [16/Jan/2017:10:47:38 -0300] "POST /cormun/servlet/trsolicitudot?a7c0c1898efa31dfb5d60831ac5022a2,gx-no-cache=1484577761707 HTTP/1.1" 200 4094
192.168.10.89 - - [16/Jan/2017:10:47:44 -0300] "GET /cormun/servlet/solicitudot?INS,0,0, HTTP/1.1" 200 12697
192.168.10.43 - - [16/Jan/2017:10:47:48 -0300] "POST /cormun/servlet/solicitudotcontratos?f44279d6d200a464c142fc5386eda286,INS,2017,0,17680481,5,2,2016,14,NADA,201612,41,M,,gx-no-cache=1484577771992 HTTP/1.1" 200 10381
192.168.10.43 - - [16/Jan/2017:10:47:48 -0300] "POST /cormun/servlet/solicitudotcontratos?gx-no-cache=1484577772275 HTTP/1.1" 200 1263
192.168.10.43 - - [16/Jan/2017:10:47:48 -0300] "POST /cormun/servlet/solicitudotcontratos?gx-no-cache=1484577772367 HTTP/1.1" 200 1140
192.168.10.43 - - [16/Jan/2017:10:47:48 -0300] "GET /cormun/servlet/solicitudotcontratos?492c95618f9353151a9c5aed5b066d32df97bc70e00ada85cd3df6df895628003af85ecba6b264b06568321ebf641e392e5a62a6faef7424efaec84815acd7e7d08c4010ee053e48714a010327c1cdfcf6d14ba13fb5c0c8a9e86ab4de0b308662eaa5fcc18f3b0d511532effb4754f718d2694979cc905801bec672a8a563ed,gx-no-cache=1484577772433 HTTP/1.1" 200 30
192.168.10.43 - - [16/Jan/2017:10:47:49 -0300] "POST /cormun/servlet/solicitudotcontratos?f44279d6d200a464c142fc5386eda286,INS,2017,0,17680481,5,2,2016,14,NADA,201612,41,M,,gx-no-cache=1484577772462 HTTP/1.1" 200 93
192.168.10.43 - - [16/Jan/2017:10:47:49 -0300] "GET /cormun/servlet/hpexe_return? HTTP/1.1" 200 1047
192.168.10.43 - - [16/Jan/2017:10:47:49 -0300] "GET /cormun/static/gxcfg.js?2016101716175148 HTTP/1.1" 200 953
192.168.10.43 - - [16/Jan/2017:10:47:49 -0300] "GET /cormun/static/hpexe_return.js?2016101716175153 HTTP/1.1" 304 -
192.168.10.43 - - [16/Jan/2017:10:47:49 -0300] "GET /cormun/servlet/trcontratosolicitud? HTTP/1.1" 200 7277
192.168.10.43 - - [16/Jan/2017:10:47:50 -0300] "GET /cormun/servlet/trcontratosolicitud? HTTP/1.1" 200 7274
192.168.10.43 - - [16/Jan/2017:10:47:55 -0300] "GET /cormun/servlet/solicitudotcontratos?INS,2017,0,17680481,5,6,2016,2781,LEY+SEP,201612,3,M, HTTP/1.1" 200 9601
192.168.10.43 - - [16/Jan/2017:10:47:55 -0300] "GET /cormun/servlet/solicitudotcontratos?INS,2017,0,17680481,5,6,2016,2781,LEY+SEP,201612,3,M, HTTP/1.1" 200 9636
192.168.10.89 - - [16/Jan/2017:10:47:55 -0300] "GET /cormun/servlet/prfichaempleado?,MD,,gxPopupLevel%3D0%3B HTTP/1.1" 200 8790
192.168.10.43 - - [16/Jan/2017:10:47:56 -0300] "GET /cormun/servlet/solicitudotcontratos?492c95618f9353151a9c5aed5b066d324f99caa330ac44f2d448bf9c54eaabd75d774251b78731b656abeac8071d1e6b,gx-no-cache=1484577779994 HTTP/1.1" 200 30
192.168.10.43 - - [16/Jan/2017:10:47:56 -0300] "GET /cormun/servlet/solicitudotcontratos?492c95618f9353151a9c5aed5b066d32314183f1c260133f52d8dcdcb0b5969d72797d46f29e1c796a53a0a4b59e281b632a47cf70dfcd8e0786b3709e7600b889b33e721beb5462b05d7f74fd93656669ba5a89d03dc25dabf603df11395cfacc3eb30a8474c3c4d2a2d12bbc1a3befc3d27827af10a76c2c3b95d726106f8e,gx-no-cache=1484577780021 HTTP/1.1" 200 50
192.168.10.43 - - [16/Jan/2017:10:47:56 -0300] "GET /cormun/servlet/solicitudotcontratos?492c95618f9353151a9c5aed5b066d328204cd5d8a67dbc7ea55b86401a01ae452a87cc46ed4826a9b4bc188cf1971ea,gx-no-cache=1484577780065 HTTP/1.1" 200 30
192.168.10.43 - - [16/Jan/2017:10:47:56 -0300] "GET /cormun/servlet/solicitudotcontratos?492c95618f9353151a9c5aed5b066d32e97dd64f795ee00f331199fe6aeaebcb3a9e9c4c175a2bb0393a83b8185070a95a6117583d9037eb12117beb7b6e080ef1c6667e10738a3f9f8cb519a68ff4cf3db97ff73b4edd84e7757506ab6b61a35ec3030a1a801171c0c66a6a753e628b,gx-no-cache=1484577780092 HTTP/1.1" 200 30
192.168.10.43 - - [16/Jan/2017:10:47:56 -0300] "GET /cormun/servlet/solicitudotcontratos?492c95618f9353151a9c5aed5b066d32af7eb0a684a8a4f819a751d714fe685f94f0815fc0bb1e8e2f9e8b2704f05e248d355414b82182eb0e60cbf3a687784f5a6117583d9037eb12117beb7b6e080e8b4d8f4aa3018dcb770cbdb13499f5bb7836e1e1eb12311dd1404049e2865aa1dfc481433899ffa677b37a5bace5d14c1bcc369e79b8709bd7069283e1256b470558d616abfbdfbf1186bb87dde9ec348d355414b82182eb0e60cbf3a687784f991d7458079e6635b1a36ac2e3f761b977dcda3b77cd18ab06bfa2a98620cf09c855bd5a6e3dc09f8125b273ec802ee04799951263e4374216bbffa17ecf3f81a7d0f0ca30fd2c3b47a4cc07c898a6580674923b5350b9379db2fc7c14755e159836e4685313f192bb33413db8f70c8b2762f609f18f139259ce94e9606f499d4565c945403e89ea8eba0b1f9e9eeb8f77f506da056f056d804b691cc3f30741ae36b26092db1413907964148d5d3421f433bb66962c355a8f3ee1bda6e2d7c6abc5acf6bbc1666f87fd4ba8e37444c5caf3a514e3104cecf2f991af4cf833f62ce665bfd0dc60ff5d7ccb70fe4d8c33e186f12a9703876eadfd7769ba5eb0bf8d34d46f1d3cf333acad46303bcaaa1b97222f80dc6c9a485fd701aff1953751589bca7d06447a309464fbda2e54240c3b2bda20ddbb8a7bc3a1ba3dbeb292a65dba08fbe737f614d60b0194ecc49ff1b0fb70a68a20e62a999cd2f23b256785dbfdcd960e6e9613bf6fbc9a5c7c45840a3ade0a66ecdaa18faea9cb21b2bfb0bdf92c12218cba802ced4f3648dbb485,gx-no-cache=1484577780128 HTTP/1.1" 200 79
192.168.10.43 - - [16/Jan/2017:10:48:01 -0300] "POST /cormun/servlet/solicitudotcontratos?f44279d6d200a464c142fc5386eda286,INS,2017,0,17680481,5,6,2016,2781,LEY+SEP,201612,3,M,,gx-no-cache=1484577785391 HTTP/1.1" 200 10396
192.168.10.43 - - [16/Jan/2017:10:48:02 -0300] "POST /cormun/servlet/solicitudotcontratos?gx-no-cache=1484577785668 HTTP/1.1" 200 1264
192.168.10.43 - - [16/Jan/2017:10:48:02 -0300] "POST /cormun/servlet/solicitudotcontratos?gx-no-cache=1484577785709 HTTP/1.1" 200 1140
192.168.10.43 - - [16/Jan/2017:10:48:02 -0300] "GET /cormun/servlet/solicitudotcontratos?492c95618f9353151a9c5aed5b066d32df97bc70e00ada85cd3df6df895628003af85ecba6b264b06568321ebf641e392e5a62a6faef7424efaec84815acd7e7d08c4010ee053e48714a010327c1cdfcf6d14ba13fb5c0c8a9e86ab4de0b308662eaa5fcc18f3b0d511532effb4754f718d2694979cc905801bec672a8a563ed,gx-no-cache=1484577785744 HTTP/1.1" 200 30
192.168.10.43 - - [16/Jan/2017:10:48:02 -0300] "POST /cormun/servlet/solicitudotcontratos?f44279d6d200a464c142fc5386eda286,INS,2017,0,17680481,5,6,2016,2781,LEY+SEP,201612,3,M,,gx-no-cache=1484577785764 HTTP/1.1" 200 93
192.168.10.43 - - [16/Jan/2017:10:48:02 -0300] "GET /cormun/servlet/hpexe_return? HTTP/1.1" 200 1049
192.168.10.43 - - [16/Jan/2017:10:48:02 -0300] "GET /cormun/servlet/trcontratosolicitud HTTP/1.1" 200 6516
192.168.10.43 - - [16/Jan/2017:10:48:03 -0300] "GET /cormun/servlet/trcontratosolicitud HTTP/1.1" 200 6512
192.168.10.89 - - [16/Jan/2017:10:48:05 -0300] "POST /cormun/servlet/prfichaempleado?a7c0c1898efa31dfb5d60831ac5022a2,,MD,,gxPopupLevel%3D0%3B,gx-no-cache=1484577789274 HTTP/1.1" 200 3409
192.168.10.89 - - [16/Jan/2017:10:48:07 -0300] "POST /cormun/servlet/solicitudot?gx-no-cache=1484577791477 HTTP/1.1" 200 3141
192.168.10.89 - - [16/Jan/2017:10:48:08 -0300] "POST /cormun/servlet/solicitudot?a7c0c1898efa31dfb5d60831ac5022a2,INS,0,0,,gx-no-cache=1484577791706 HTTP/1.1" 200 9905
192.168.10.89 - - [16/Jan/2017:10:48:09 -0300] "GET /cormun/servlet/solicitudot?f48b11de35019c6aa6a345e1e75e7871fbaa2914547371005cbeea3bbeb18b2254683e7a295fb27d5a43d8f0332f8211,gx-no-cache=1484577792862 HTTP/1.1" 200 30
192.168.10.89 - - [16/Jan/2017:10:48:09 -0300] "POST /cormun/servlet/solicitudot?gx-no-cache=1484577792901 HTTP/1.1" 200 255
192.168.10.89 - - [16/Jan/2017:10:48:09 -0300] "GET /cormun/servlet/solicitudot?f48b11de35019c6aa6a345e1e75e7871d8cbbe9e53b40f6df2a77814b02f0f3303f053ab7013575d64db3ea58a0bb19594cd5a16e6e1e347ec9c1000c1f2c0880075a79b9cb17915f298a5ed4ed6888bcaffa18123bd3e55a37b5a4a8d8ab5e7275a896102c667a9354c8c39cecd6bc5d1bc5e52c7be1eb5d67a0d2de02ee703e5b469ca69faeaf1df7a43e720bb3ebc98170d27e11f185594f325f973fcb6efd2252b0cb4d34a647071c673754b49ea8a9510f09ef3a31de3fb935cd309aa031b2f8ba035a63d60ce6d827286f764865cdeb76fb40500c19e60d4ce2228d4f3f75faba4cdadb7e2342fcb96810765dce4c00f7a551a20c43a0a185de5706f0452ba373fa110bef88fb68cd02a79a9119479cb77e852adb0e48809f595a3e2f9bbf4f65e7596042ef043e3d29f75e1231925b3a7f9b472eeabaf4ac1769c2536e8e4aaaa4c7a20d473f8bb482057064bbed1a3fc14c0aeb40ea7f9d6648b4cd08c3bf96132a25959bc1a8dc35dd5b01f7e14543dd0aa7be4d5f6a19c9b2df417,gx-no-cache=1484577792941 HTTP/1.1" 200 30
192.168.10.89 - - [16/Jan/2017:10:48:10 -0300] "POST /cormun/servlet/solicitudot?gx-no-cache=1484577794164 HTTP/1.1" 200 30
192.168.10.89 - - [16/Jan/2017:10:48:12 -0300] "GET /cormun/servlet/prcontratosol?8995658,,,,,MD,,gxPopupLevel%3D0%3B HTTP/1.1" 200 5888
192.168.10.89 - - [16/Jan/2017:10:48:14 -0300] "POST /cormun/servlet/solicitudot?gx-no-cache=1484577797766 HTTP/1.1" 200 1278
192.168.10.89 - - [16/Jan/2017:10:48:14 -0300] "POST /cormun/servlet/solicitudot?gx-no-cache=1484577797919 HTTP/1.1" 200 38
192.168.10.89 - - [16/Jan/2017:10:48:14 -0300] "GET /cormun/servlet/solicitudot?f48b11de35019c6aa6a345e1e75e7871cb2c4a5863c5e57907ebc82d0f3ac181ecde57d65411752edc970e06e4dbc86a61854f23dfe4dedaca12d392ba02871d9cc1a789f8b2fed8ffed659369871ef7564aecaeda90b7ff579926d254aab49fdaaa4fe9666bfd1f754032cf62bde7619bc4198158bfcf370efa676199c8f1a2a9d5bdd6feb0927043b05a7302e0dcd8aa980b1a833580749dee1d8237a33e6d,gx-no-cache=1484577797951 HTTP/1.1" 200 29
192.168.10.89 - - [16/Jan/2017:10:48:14 -0300] "POST /cormun/servlet/solicitudot?gx-no-cache=1484577797977 HTTP/1.1" 200 1261
192.168.10.89 - - [16/Jan/2017:10:48:14 -0300] "POST /cormun/servlet/solicitudot?gx-no-cache=1484577798020 HTTP/1.1" 200 1143
192.168.10.43 - - [16/Jan/2017:10:48:15 -0300] "POST /cormun/servlet/trcontratosolicitud?f44279d6d200a464c142fc5386eda286,gx-no-cache=1484577799199 HTTP/1.1" 200 5016
192.168.10.43 - - [16/Jan/2017:10:48:23 -0300] "GET /cormun/servlet/solicitudotcontratos?INS,2017,0,18042487,3,2,2016,1532,NADA,201612,22,M, HTTP/1.1" 200 9599
192.168.10.89 - - [16/Jan/2017:10:48:23 -0300] "POST /cormun/servlet/solicitudot?gx-no-cache=1484577807235 HTTP/1.1" 200 1262
192.168.10.43 - - [16/Jan/2017:10:48:23 -0300] "GET /cormun/servlet/solicitudotcontratos?INS,2017,0,18042487,3,2,2016,1532,NADA,201612,22,M, HTTP/1.1" 200 9631
192.168.10.89 - - [16/Jan/2017:10:48:23 -0300] "POST /cormun/servlet/solicitudot?gx-no-cache=1484577807385 HTTP/1.1" 200 1143
192.168.10.43 - - [16/Jan/2017:10:48:24 -0300] "GET /cormun/servlet/solicitudotcontratos?492c95618f9353151a9c5aed5b066d32f3ae4e424c0d474f848f0e8189ff7bc65d774251b78731b656abeac8071d1e6b,gx-no-cache=1484577807792 HTTP/1.1" 200 30
192.168.10.43 - - [16/Jan/2017:10:48:24 -0300] "GET /cormun/servlet/solicitudotcontratos?492c95618f9353151a9c5aed5b066d32314183f1c260133f52d8dcdcb0b5969d72797d46f29e1c796a53a0a4b59e281b632a47cf70dfcd8e0786b3709e7600b889b33e721beb5462b05d7f74fd9365666e4aa3225af147dd33814ffefd46e244f7e9335361236d90e72239d944b734f4fb921c0f9cb52c699a966030b3e6e143,gx-no-cache=1484577807821 HTTP/1.1" 200 48
192.168.10.43 - - [16/Jan/2017:10:48:24 -0300] "GET /cormun/servlet/solicitudotcontratos?492c95618f9353151a9c5aed5b066d322565b13038de08059e6a5cfb8b71bb54d8fef9718342f8c01e6a0809f0670f45,gx-no-cache=1484577807849 HTTP/1.1" 200 30
192.168.10.43 - - [16/Jan/2017:10:48:24 -0300] "GET /cormun/servlet/solicitudotcontratos?492c95618f9353151a9c5aed5b066d32e97dd64f795ee00f331199fe6aeaebcb3a9e9c4c175a2bb0393a83b8185070a95a6117583d9037eb12117beb7b6e080ef1c6667e10738a3f9f8cb519a68ff4cfbf980f772d00d3abe9f84bd0cfd956f75ec3030a1a801171c0c66a6a753e628b,gx-no-cache=1484577807874 HTTP/1.1" 200 30
192.168.10.43 - - [16/Jan/2017:10:48:24 -0300] "GET /cormun/servlet/solicitudotcontratos?492c95618f9353151a9c5aed5b066d32af7eb0a684a8a4f819a751d714fe685f94f0815fc0bb1e8e2f9e8b2704f05e244e85d25bcdebaf64671ccf13308d899291cb377dfb237d5c4f61e19c7c2588f45baa36e21b597ee67b6f7bcd0d89afe13c1c1eacdd010c322038b640e849612a5bb76040b91f4b059402871e5374f88e4559548f10aff6e85330cdc2d7befa432341b89edfd30bdeffe27800bd976c460a608ff25039cf69481062bf56d5e3909b776a8cb370f488b5e36ef72e64047b0dbf5c0f12484c47fea7655787a1de421a52113a41a0bdc4c9a560b1a3ae6889d76396438cea23c24587a93c121f59385669dd12f1acc9b5bd006b97b21dd0b466bd6432f4ed61ea12b8faa511c8403f3c55a138ce5c6a0df40f60b4b4262b9399f79e3aebb64187da8ec9111c541b609836e4685313f192bb33413db8f70c8b2add409685752813c0b6105b8a415f0af482b3b80bc3ba83eb438706e6ddb7f05b072b9749a194602d3ec77ec47ddf7c6c006d6455ecf6c2c0f1733588b008f66c07a318b903ca09c88d33fc892c82958b08f14e9f4e952fb4ca98d022476fab0344c10164733237569d6e6afc23fcd6f3695fae8e457f67a8c98c129862479a9e220d186bb8ad16ba8529ea052869b002c2462a5571442f5ee9a31d63f30f808bef1706f09dba9590e0e1e0255dedbb8b08f14e9f4e952fb4ca98d022476fab4a4bbb6db7aefe758bc90690f454efa98ee56f687af4045ed634ecdcccfdad7b3ab11efff80342049cbe71f8a8285e6cffd31c8a4bc430a65469b85de961d39b,gx-no-cache=1484577807906 HTTP/1.1" 200 72
192.168.10.43 - - [16/Jan/2017:10:48:28 -0300] "POST /cormun/servlet/solicitudotcontratos?f44279d6d200a464c142fc5386eda286,INS,2017,0,18042487,3,2,2016,1532,NADA,201612,22,M,,gx-no-cache=1484577812329 HTTP/1.1" 200 10381
192.168.10.43 - - [16/Jan/2017:10:48:28 -0300] "POST /cormun/servlet/solicitudotcontratos?gx-no-cache=1484577812588 HTTP/1.1" 200 1263
192.168.10.43 - - [16/Jan/2017:10:48:28 -0300] "POST /cormun/servlet/solicitudotcontratos?gx-no-cache=1484577812627 HTTP/1.1" 200 1140
192.168.10.43 - - [16/Jan/2017:10:48:28 -0300] "GET /cormun/servlet/solicitudotcontratos?492c95618f9353151a9c5aed5b066d32df97bc70e00ada85cd3df6df895628003af85ecba6b264b06568321ebf641e392e5a62a6faef7424efaec84815acd7e7d08c4010ee053e48714a010327c1cdfcf6d14ba13fb5c0c8a9e86ab4de0b308662eaa5fcc18f3b0d511532effb4754f718d2694979cc905801bec672a8a563ed,gx-no-cache=1484577812662 HTTP/1.1" 200 30
192.168.10.89 - - [16/Jan/2017:10:48:29 -0300] "GET /cormun/servlet/solicitudot?f48b11de35019c6aa6a345e1e75e7871436e8bfa005e5ca9e164b15d752153688dffc98377d9a1f125c2e3e03e1fcbc129d615f97e9a22c864e48a2d2074f5e8f31d84be6ba25274a13590ff7b86f9eaba1a4a75611187def96a929184ff7d94f744dcdfccdf867458f281c86facda20d15ac489d5af2aee1c13952a183fd8c26afa65f277a94cf0cbfbf001e7e5a86788df464a97b776488aad9b0bb2d78fa4a9abf8afd9d2b23b5dbf8d81dbe9d390,gx-no-cache=1484577812813 HTTP/1.1" 200 30
192.168.10.43 - - [16/Jan/2017:10:48:29 -0300] "POST /cormun/servlet/solicitudotcontratos?f44279d6d200a464c142fc5386eda286,INS,2017,0,18042487,3,2,2016,1532,NADA,201612,22,M,,gx-no-cache=1484577812683 HTTP/1.1" 200 93
192.168.10.43 - - [16/Jan/2017:10:48:29 -0300] "GET /cormun/servlet/hpexe_return? HTTP/1.1" 200 1069
192.168.10.43 - - [16/Jan/2017:10:48:29 -0300] "GET /cormun/servlet/trcontratosolicitud?gx-no-cache=1484577799199 HTTP/1.1" 200 7413
192.168.10.43 - - [16/Jan/2017:10:48:30 -0300] "GET /cormun/servlet/trcontratosolicitud?gx-no-cache=1484577799199 HTTP/1.1" 200 7434
192.168.10.89 - - [16/Jan/2017:10:48:31 -0300] "POST /cormun/servlet/solicitudot?a7c0c1898efa31dfb5d60831ac5022a2,INS,0,0,,gx-no-cache=1484577815272 HTTP/1.1" 200 93
192.168.10.89 - - [16/Jan/2017:10:48:31 -0300] "GET /cormun/servlet/hpexe_return? HTTP/1.1" 200 1025
192.168.10.89 - - [16/Jan/2017:10:48:33 -0300] "GET /cormun/servlet/trsolicitudot?gx-no-cache=1484577761707 HTTP/1.1" 200 8115
192.168.10.43 - - [16/Jan/2017:10:48:35 -0300] "GET /cormun/servlet/solicitudotcontratos?INS,2017,0,18042487,3,6,2016,2793,LEY+SEP,201612,2,M, HTTP/1.1" 200 9624
192.168.10.43 - - [16/Jan/2017:10:48:36 -0300] "GET /cormun/servlet/solicitudotcontratos?INS,2017,0,18042487,3,6,2016,2793,LEY+SEP,201612,2,M, HTTP/1.1" 200 9636
192.168.10.43 - - [16/Jan/2017:10:48:36 -0300] "GET /cormun/servlet/solicitudotcontratos?492c95618f9353151a9c5aed5b066d32f3ae4e424c0d474f848f0e8189ff7bc65d774251b78731b656abeac8071d1e6b,gx-no-cache=1484577820365 HTTP/1.1" 200 30
192.168.10.43 - - [16/Jan/2017:10:48:36 -0300] "GET /cormun/servlet/solicitudotcontratos?492c95618f9353151a9c5aed5b066d32314183f1c260133f52d8dcdcb0b5969d72797d46f29e1c796a53a0a4b59e281b632a47cf70dfcd8e0786b3709e7600b889b33e721beb5462b05d7f74fd93656669ba5a89d03dc25dabf603df11395cfacc3eb30a8474c3c4d2a2d12bbc1a3befc3d27827af10a76c2c3b95d726106f8e,gx-no-cache=1484577820388 HTTP/1.1" 200 50
192.168.10.43 - - [16/Jan/2017:10:48:36 -0300] "GET /cormun/servlet/solicitudotcontratos?492c95618f9353151a9c5aed5b066d322565b13038de08059e6a5cfb8b71bb541bfe88bbd96e33ffd4b8ca9cfea9a9f8,gx-no-cache=1484577820412 HTTP/1.1" 200 30
192.168.10.43 - - [16/Jan/2017:10:48:36 -0300] "GET /cormun/servlet/solicitudotcontratos?492c95618f9353151a9c5aed5b066d32e97dd64f795ee00f331199fe6aeaebcb3a9e9c4c175a2bb0393a83b8185070a95a6117583d9037eb12117beb7b6e080ef1c6667e10738a3f9f8cb519a68ff4cf3db97ff73b4edd84e7757506ab6b61a35ec3030a1a801171c0c66a6a753e628b,gx-no-cache=1484577820434 HTTP/1.1" 200 30
192.168.10.43 - - [16/Jan/2017:10:48:36 -0300] "GET /cormun/servlet/solicitudotcontratos?492c95618f9353151a9c5aed5b066d32af7eb0a684a8a4f819a751d714fe685f94f0815fc0bb1e8e2f9e8b2704f05e248d355414b82182eb0e60cbf3a687784f5a6117583d9037eb12117beb7b6e080e8b4d8f4aa3018dcb770cbdb13499f5bb7836e1e1eb12311dd1404049e2865aa1dfc481433899ffa677b37a5bace5d14c1bcc369e79b8709bd7069283e1256b470558d616abfbdfbf1186bb87dde9ec348d355414b82182eb0e60cbf3a687784f991d7458079e6635b1a36ac2e3f761b977dcda3b77cd18ab06bfa2a98620cf09c855bd5a6e3dc09f8125b273ec802ee04799951263e4374216bbffa17ecf3f81a7d0f0ca30fd2c3b47a4cc07c898a6580674923b5350b9379db2fc7c14755e159836e4685313f192bb33413db8f70c8b2762f609f18f139259ce94e9606f499d4565c945403e89ea8eba0b1f9e9eeb8f77f506da056f056d804b691cc3f30741ae36b26092db1413907964148d5d3421f433bb66962c355a8f3ee1bda6e2d7c6abc5acf6bbc1666f87fd4ba8e37444c5caf3a514e3104cecf2f991af4cf833f62ce665bfd0dc60ff5d7ccb70fe4d8c33e186f12a9703876eadfd7769ba5eb0bf8d34d46f1d3cf333acad46303bcaaa1b97222f80dc6c9a485fd701aff1953751589bca7d06447a309464fbda2e54240c3b2bda20ddbb8a7bc3a1ba3dbeb292a65dba08fbe737f614d60b0194ecc49ff1b0fb70a68a20e62a999cd2f23b256785dbfdcd960e6e9613bf6fbc9a5c7c45840a3ade0a66ecdaa18faea9cb21b2bfb0bdf92c12218cba802ced4f3648dbb485,gx-no-cache=1484577820463 HTTP/1.1" 200 79
192.168.10.89 - - [16/Jan/2017:10:48:43 -0300] "GET /cormun/servlet/solicitudot?INS,0,0, HTTP/1.1" 200 12720
192.168.10.43 - - [16/Jan/2017:10:48:46 -0300] "POST /cormun/servlet/solicitudotcontratos?f44279d6d200a464c142fc5386eda286,INS,2017,0,18042487,3,6,2016,2793,LEY+SEP,201612,2,M,,gx-no-cache=1484577830414 HTTP/1.1" 200 10416
192.168.10.43 - - [16/Jan/2017:10:48:47 -0300] "POST /cormun/servlet/solicitudotcontratos?gx-no-cache=1484577830723 HTTP/1.1" 200 1264
192.168.10.43 - - [16/Jan/2017:10:48:47 -0300] "POST /cormun/servlet/solicitudotcontratos?gx-no-cache=1484577830763 HTTP/1.1" 200 1140
192.168.10.43 - - [16/Jan/2017:10:48:47 -0300] "GET /cormun/servlet/solicitudotcontratos?492c95618f9353151a9c5aed5b066d32df97bc70e00ada85cd3df6df895628003af85ecba6b264b06568321ebf641e392e5a62a6faef7424efaec84815acd7e7d08c4010ee053e48714a010327c1cdfcf6d14ba13fb5c0c8a9e86ab4de0b308662eaa5fcc18f3b0d511532effb4754f718d2694979cc905801bec672a8a563ed,gx-no-cache=1484577830798 HTTP/1.1" 200 30
192.168.10.43 - - [16/Jan/2017:10:48:47 -0300] "POST /cormun/servlet/solicitudotcontratos?f44279d6d200a464c142fc5386eda286,INS,2017,0,18042487,3,6,2016,2793,LEY+SEP,201612,2,M,,gx-no-cache=1484577830818 HTTP/1.1" 200 93
192.168.10.43 - - [16/Jan/2017:10:48:47 -0300] "GET /cormun/servlet/hpexe_return? HTTP/1.1" 200 1071
192.168.10.43 - - [16/Jan/2017:10:48:47 -0300] "GET /cormun/servlet/trcontratosolicitud?gx-no-cache=1484577799199 HTTP/1.1" 200 7276
192.168.10.43 - - [16/Jan/2017:10:48:48 -0300] "GET /cormun/servlet/trcontratosolicitud?gx-no-cache=1484577799199 HTTP/1.1" 200 7294
192.168.10.89 - - [16/Jan/2017:10:48:53 -0300] "GET /cormun/servlet/prfichaempleado?,MD,,gxPopupLevel%3D0%3B HTTP/1.1" 200 8790
192.168.10.89 - - [16/Jan/2017:10:48:58 -0300] "POST /cormun/servlet/prfichaempleado?a7c0c1898efa31dfb5d60831ac5022a2,,MD,,gxPopupLevel%3D0%3B,gx-no-cache=1484577841720 HTTP/1.1" 200 3402
192.168.10.89 - - [16/Jan/2017:10:49:00 -0300] "POST /cormun/servlet/solicitudot?gx-no-cache=1484577844151 HTTP/1.1" 200 3183
192.168.10.89 - - [16/Jan/2017:10:49:00 -0300] "POST /cormun/servlet/solicitudot?a7c0c1898efa31dfb5d60831ac5022a2,INS,0,0,,gx-no-cache=1484577844409 HTTP/1.1" 200 9952
192.168.10.89 - - [16/Jan/2017:10:49:06 -0300] "GET /cormun/servlet/solicitudot?f48b11de35019c6aa6a345e1e75e7871cc2cba039bd91eefe7b0f5e4dc354df154683e7a295fb27d5a43d8f0332f8211,gx-no-cache=1484577849899 HTTP/1.1" 200 30
192.168.10.89 - - [16/Jan/2017:10:49:06 -0300] "POST /cormun/servlet/solicitudot?gx-no-cache=1484577849937 HTTP/1.1" 200 255
192.168.10.89 - - [16/Jan/2017:10:49:06 -0300] "GET /cormun/servlet/solicitudot?f48b11de35019c6aa6a345e1e75e7871d8cbbe9e53b40f6df2a77814b02f0f3303f053ab7013575d64db3ea58a0bb19594cd5a16e6e1e347ec9c1000c1f2c0880075a79b9cb17915f298a5ed4ed6888bcaffa18123bd3e55a37b5a4a8d8ab5e7275a896102c667a9354c8c39cecd6bc5d1bc5e52c7be1eb5d67a0d2de02ee703e5b469ca69faeaf1df7a43e720bb3ebc98170d27e11f185594f325f973fcb6efd2252b0cb4d34a647071c673754b49ea8a9510f09ef3a31de3fb935cd309aa031b2f8ba035a63d60ce6d827286f764865cdeb76fb40500c19e60d4ce2228d4f3f75faba4cdadb7e2342fcb96810765dce4c00f7a551a20c43a0a185de5706f0452ba373fa110bef88fb68cd02a79a9119479cb77e852adb0e48809f595a3e2f9bbf4f65e7596042ef043e3d29f75e1231925b3a7f9b472eeabaf4ac1769c2536e8e4aaaa4c7a20d473f8bb482057064bbed1a3fc14c0aeb40ea7f9d6648b4cd08c3bf96132a25959bc1a8dc35dd5b01f7e14543dd0aa7be4d5f6a19c9b2df417,gx-no-cache=1484577849969 HTTP/1.1" 200 30
192.168.10.89 - - [16/Jan/2017:10:49:07 -0300] "POST /cormun/servlet/solicitudot?gx-no-cache=1484577851544 HTTP/1.1" 200 30
192.168.10.89 - - [16/Jan/2017:10:49:09 -0300] "GET /cormun/servlet/prsolicitudot?8113317,,,,,MD,,gxPopupLevel%3D0%3B HTTP/1.1" 200 6000
192.168.10.89 - - [16/Jan/2017:10:49:12 -0300] "POST /cormun/servlet/solicitudot?gx-no-cache=1484577856503 HTTP/1.1" 200 1278
192.168.10.89 - - [16/Jan/2017:10:49:13 -0300] "POST /cormun/servlet/solicitudot?gx-no-cache=1484577856646 HTTP/1.1" 200 38
192.168.10.89 - - [16/Jan/2017:10:49:13 -0300] "GET /cormun/servlet/solicitudot?f48b11de35019c6aa6a345e1e75e7871cb2c4a5863c5e57907ebc82d0f3ac181ecde57d65411752edc970e06e4dbc86a61854f23dfe4dedaca12d392ba02871d9cc1a789f8b2fed8ffed659369871ef7564aecaeda90b7ff579926d254aab49fdaaa4fe9666bfd1f754032cf62bde7619bc4198158bfcf370efa676199c8f1a2a9d5bdd6feb0927043b05a7302e0dcd8aa980b1a833580749dee1d8237a33e6d,gx-no-cache=1484577856688 HTTP/1.1" 200 29
192.168.10.89 - - [16/Jan/2017:10:49:13 -0300] "POST /cormun/servlet/solicitudot?gx-no-cache=1484577856715 HTTP/1.1" 200 1261
192.168.10.89 - - [16/Jan/2017:10:49:13 -0300] "POST /cormun/servlet/solicitudot?gx-no-cache=1484577856764 HTTP/1.1" 200 1144
192.168.10.43 - - [16/Jan/2017:10:49:13 -0300] "POST /cormun/servlet/trcontratosolicitud?f44279d6d200a464c142fc5386eda286,gx-no-cache=1484577799199,gx-no-cache=1484577856993 HTTP/1.1" 200 5088
192.168.10.89 - - [16/Jan/2017:10:49:22 -0300] "GET /cormun/servlet/solicitudot?f48b11de35019c6aa6a345e1e75e7871cb2c4a5863c5e57907ebc82d0f3ac181ecde57d65411752edc970e06e4dbc86a61854f23dfe4dedaca12d392ba02871d9cc1a789f8b2fed8ffed659369871ef7564aecaeda90b7ff579926d254aab49fdaaa4fe9666bfd1f754032cf62bde7619bc4198158bfcf370efa676199c8f1a2a9d5bdd6feb0927043b05a7302e0dcd8aa980b1a833580749dee1d8237a33e6d,gx-no-cache=1484577865949 HTTP/1.1" 200 29
192.168.10.89 - - [16/Jan/2017:10:49:22 -0300] "POST /cormun/servlet/solicitudot?gx-no-cache=1484577866002 HTTP/1.1" 200 1261
192.168.10.89 - - [16/Jan/2017:10:49:25 -0300] "GET /cormun/servlet/solicitudot?f48b11de35019c6aa6a345e1e75e7871cb2c4a5863c5e57907ebc82d0f3ac181ecde57d65411752edc970e06e4dbc86a61854f23dfe4dedaca12d392ba02871d9cc1a789f8b2fed8ffed659369871ef7564aecaeda90b7ff579926d254aab49fdaaa4fe9666bfd1f754032cf62bde7619bc4198158bfcf370efa676199c8f1a2a9d5bdd6feb0927043b05a7302e0dcd8aa980b1a833580749dee1d8237a33e6d,gx-no-cache=1484577869429 HTTP/1.1" 200 29
192.168.10.89 - - [16/Jan/2017:10:49:25 -0300] "POST /cormun/servlet/solicitudot?gx-no-cache=1484577869456 HTTP/1.1" 200 1261
192.168.10.89 - - [16/Jan/2017:10:49:27 -0300] "POST /cormun/servlet/solicitudot?gx-no-cache=1484577870654 HTTP/1.1" 200 1144
192.168.10.89 - - [16/Jan/2017:10:49:27 -0300] "GET /cormun/servlet/solicitudot?f48b11de35019c6aa6a345e1e75e78716d1932b00c5dbb7ddeb52ca38cfdc6721272c6c11c41d987fc56313e27d093fe556bf8ad2743d8aae268de0b45c30adc8c517186601b4d9b96ae6f88079dcc0aa775be761456fd4e60a678620c59933d716b253eedf3981db91d2358980c9af3c87cbe9fe8347be68d1e942d951795d0fdfed2f77d82fe01f30a467eeb82523187bdd0df9f8b5f2d2e88a5ee56b680ae427342c5ae8c977629a66531ffc5832e,gx-no-cache=1484577870707 HTTP/1.1" 200 30
192.168.10.89 - - [16/Jan/2017:10:49:29 -0300] "POST /cormun/servlet/solicitudot?a7c0c1898efa31dfb5d60831ac5022a2,INS,0,0,,gx-no-cache=1484577873107 HTTP/1.1" 200 93
192.168.10.89 - - [16/Jan/2017:10:49:29 -0300] "GET /cormun/servlet/hpexe_return? HTTP/1.1" 200 1025
192.168.10.89 - - [16/Jan/2017:10:49:31 -0300] "GET /cormun/servlet/trsolicitudot?gx-no-cache=1484577761707 HTTP/1.1" 200 8542
192.168.10.89 - - [16/Jan/2017:10:49:41 -0300] "GET /cormun/servlet/solicitudot?INS,0,0, HTTP/1.1" 200 12720
192.168.10.89 - - [16/Jan/2017:10:49:51 -0300] "GET /cormun/servlet/prfichaempleado?,MD,,gxPopupLevel%3D0%3B HTTP/1.1" 200 8790
192.168.10.43 - - [16/Jan/2017:10:49:51 -0300] "GET /cormun/servlet/solicitudotcontratos?INS,2017,0,14479174,6,6,2016,1560,NADA,201612,3,B, HTTP/1.1" 200 9591
192.168.10.43 - - [16/Jan/2017:10:49:52 -0300] "GET /cormun/servlet/solicitudotcontratos?INS,2017,0,14479174,6,6,2016,1560,NADA,201612,3,B, HTTP/1.1" 200 9599
192.168.10.43 - - [16/Jan/2017:10:49:52 -0300] "GET /cormun/servlet/solicitudotcontratos?492c95618f9353151a9c5aed5b066d324edb726be45edab6ef5993f40fb727865d774251b78731b656abeac8071d1e6b,gx-no-cache=1484577896308 HTTP/1.1" 200 30
192.168.10.43 - - [16/Jan/2017:10:49:52 -0300] "GET /cormun/servlet/solicitudotcontratos?492c95618f9353151a9c5aed5b066d32314183f1c260133f52d8dcdcb0b5969d72797d46f29e1c796a53a0a4b59e281b632a47cf70dfcd8e0786b3709e7600b889b33e721beb5462b05d7f74fd93656669ba5a89d03dc25dabf603df11395cfacc3eb30a8474c3c4d2a2d12bbc1a3befc3d27827af10a76c2c3b95d726106f8e,gx-no-cache=1484577896334 HTTP/1.1" 200 50
192.168.10.43 - - [16/Jan/2017:10:49:52 -0300] "GET /cormun/servlet/solicitudotcontratos?492c95618f9353151a9c5aed5b066d32adcbdf1edce034dacc397ddd548ecda2ebc6403a7b3c39c8d8a48048bbc4e1aa,gx-no-cache=1484577896360 HTTP/1.1" 200 30
192.168.10.43 - - [16/Jan/2017:10:49:52 -0300] "GET /cormun/servlet/solicitudotcontratos?492c95618f9353151a9c5aed5b066d32e97dd64f795ee00f331199fe6aeaebcb3a9e9c4c175a2bb0393a83b8185070a95a6117583d9037eb12117beb7b6e080ef1c6667e10738a3f9f8cb519a68ff4cf3db97ff73b4edd84e7757506ab6b61a35ec3030a1a801171c0c66a6a753e628b,gx-no-cache=1484577896382 HTTP/1.1" 200 30
192.168.10.43 - - [16/Jan/2017:10:49:52 -0300] "GET /cormun/servlet/solicitudotcontratos?492c95618f9353151a9c5aed5b066d32af7eb0a684a8a4f819a751d714fe685f94f0815fc0bb1e8e2f9e8b2704f05e244e85d25bcdebaf64671ccf13308d899291cb377dfb237d5c4f61e19c7c2588f45baa36e21b597ee67b6f7bcd0d89afe13c1c1eacdd010c322038b640e849612a5bb76040b91f4b059402871e5374f88e4559548f10aff6e85330cdc2d7befa432341b89edfd30bdeffe27800bd976c460a608ff25039cf69481062bf56d5e3909b776a8cb370f488b5e36ef72e64047b0dbf5c0f12484c47fea7655787a1de421a52113a41a0bdc4c9a560b1a3ae6889d76396438cea23c24587a93c121f59385669dd12f1acc9b5bd006b97b21dd0b466bd6432f4ed61ea12b8faa511c8403f3c55a138ce5c6a0df40f60b4b4262b9399f79e3aebb64187da8ec9111c541b609836e4685313f192bb33413db8f70c8b2add409685752813c0b6105b8a415f0af482b3b80bc3ba83eb438706e6ddb7f05b072b9749a194602d3ec77ec47ddf7c6c006d6455ecf6c2c0f1733588b008f66c07a318b903ca09c88d33fc892c82958b08f14e9f4e952fb4ca98d022476fab0344c10164733237569d6e6afc23fcd6f3695fae8e457f67a8c98c129862479a9e220d186bb8ad16ba8529ea052869b002c2462a5571442f5ee9a31d63f30f808bef1706f09dba9590e0e1e0255dedbb8b08f14e9f4e952fb4ca98d022476fab4a4bbb6db7aefe758bc90690f454efa98ee56f687af4045ed634ecdcccfdad7b3ab11efff80342049cbe71f8a8285e6cffd31c8a4bc430a65469b85de961d39b,gx-no-cache=1484577896413 HTTP/1.1" 200 72
192.168.10.89 - - [16/Jan/2017:10:49:56 -0300] "POST /cormun/servlet/prfichaempleado?a7c0c1898efa31dfb5d60831ac5022a2,,MD,,gxPopupLevel%3D0%3B,gx-no-cache=1484577900091 HTTP/1.1" 200 3402
192.168.10.89 - - [16/Jan/2017:10:49:58 -0300] "POST /cormun/servlet/solicitudot?gx-no-cache=1484577902390 HTTP/1.1" 200 3183
192.168.10.89 - - [16/Jan/2017:10:49:59 -0300] "POST /cormun/servlet/solicitudot?a7c0c1898efa31dfb5d60831ac5022a2,INS,0,0,,gx-no-cache=1484577902760 HTTP/1.1" 200 9952
192.168.10.89 - - [16/Jan/2017:10:50:00 -0300] "GET /cormun/servlet/solicitudot?f48b11de35019c6aa6a345e1e75e7871cc2cba039bd91eefe7b0f5e4dc354df154683e7a295fb27d5a43d8f0332f8211,gx-no-cache=1484577904616 HTTP/1.1" 200 30
192.168.10.89 - - [16/Jan/2017:10:50:00 -0300] "POST /cormun/servlet/solicitudot?gx-no-cache=1484577904654 HTTP/1.1" 200 255
192.168.10.89 - - [16/Jan/2017:10:50:01 -0300] "GET /cormun/servlet/solicitudot?f48b11de35019c6aa6a345e1e75e7871d8cbbe9e53b40f6df2a77814b02f0f3303f053ab7013575d64db3ea58a0bb19594cd5a16e6e1e347ec9c1000c1f2c0880075a79b9cb17915f298a5ed4ed6888bcaffa18123bd3e55a37b5a4a8d8ab5e7275a896102c667a9354c8c39cecd6bc5d1bc5e52c7be1eb5d67a0d2de02ee703e5b469ca69faeaf1df7a43e720bb3ebc98170d27e11f185594f325f973fcb6efd2252b0cb4d34a647071c673754b49ea8a9510f09ef3a31de3fb935cd309aa031b2f8ba035a63d60ce6d827286f764865cdeb76fb40500c19e60d4ce2228d4f3f75faba4cdadb7e2342fcb96810765dce4c00f7a551a20c43a0a185de5706f0452ba373fa110bef88fb68cd02a79a9119479cb77e852adb0e48809f595a3e2f9bbf4f65e7596042ef043e3d29f75e1231925b3a7f9b472eeabaf4ac1769c2536e8e4aaaa4c7a20d473f8bb482057064bbed1a3fc14c0aeb40ea7f9d6648b4cd08c3bf96132a25959bc1a8dc35dd5b01f7e14543dd0aa7be4d5f6a19c9b2df417,gx-no-cache=1484577904685 HTTP/1.1" 200 30
192.168.10.89 - - [16/Jan/2017:10:50:02 -0300] "POST /cormun/servlet/solicitudot?gx-no-cache=1484577906654 HTTP/1.1" 200 30
192.168.10.43 - - [16/Jan/2017:10:50:03 -0300] "POST /cormun/servlet/solicitudotcontratos?f44279d6d200a464c142fc5386eda286,INS,2017,0,14479174,6,6,2016,1560,NADA,201612,3,B,,gx-no-cache=1484577907038 HTTP/1.1" 200 10387
192.168.10.43 - - [16/Jan/2017:10:50:03 -0300] "POST /cormun/servlet/solicitudotcontratos?gx-no-cache=1484577907335 HTTP/1.1" 200 1263
192.168.10.43 - - [16/Jan/2017:10:50:03 -0300] "POST /cormun/servlet/solicitudotcontratos?gx-no-cache=1484577907461 HTTP/1.1" 200 1141
192.168.10.43 - - [16/Jan/2017:10:50:03 -0300] "GET /cormun/servlet/solicitudotcontratos?492c95618f9353151a9c5aed5b066d32df97bc70e00ada85cd3df6df895628003af85ecba6b264b06568321ebf641e392e5a62a6faef7424efaec84815acd7e7d08c4010ee053e48714a010327c1cdfcf6d14ba13fb5c0c8a9e86ab4de0b308662eaa5fcc18f3b0d511532effb4754f718d2694979cc905801bec672a8a563ed,gx-no-cache=1484577907532 HTTP/1.1" 200 30
192.168.10.43 - - [16/Jan/2017:10:50:04 -0300] "POST /cormun/servlet/solicitudotcontratos?f44279d6d200a464c142fc5386eda286,INS,2017,0,14479174,6,6,2016,1560,NADA,201612,3,B,,gx-no-cache=1484577907577 HTTP/1.1" 200 93
192.168.10.43 - - [16/Jan/2017:10:50:04 -0300] "GET /cormun/servlet/hpexe_return? HTTP/1.1" 200 1069
192.168.10.43 - - [16/Jan/2017:10:50:04 -0300] "GET /cormun/servlet/trcontratosolicitud?gx-no-cache=1484577799199 HTTP/1.1" 200 7494
192.168.10.43 - - [16/Jan/2017:10:50:04 -0300] "GET /cormun/servlet/trcontratosolicitud?gx-no-cache=1484577799199 HTTP/1.1" 200 7513
192.168.10.89 - - [16/Jan/2017:10:50:05 -0300] "GET /cormun/servlet/prsolicitudot?8113317,,,,,MD,,gxPopupLevel%3D0%3B HTTP/1.1" 200 6035
192.168.10.43 - - [16/Jan/2017:10:50:08 -0300] "GET /cormun/servlet/solicitudotcontratos?INS,2017,0,14479174,6,6,2016,2787,LEY+SEP,201612,3,B, HTTP/1.1" 200 9596
192.168.10.43 - - [16/Jan/2017:10:50:08 -0300] "GET /cormun/servlet/solicitudotcontratos?INS,2017,0,14479174,6,6,2016,2787,LEY+SEP,201612,3,B, HTTP/1.1" 200 9608
192.168.10.43 - - [16/Jan/2017:10:50:09 -0300] "GET /cormun/servlet/solicitudotcontratos?492c95618f9353151a9c5aed5b066d324edb726be45edab6ef5993f40fb727865d774251b78731b656abeac8071d1e6b,gx-no-cache=1484577912776 HTTP/1.1" 200 30
192.168.10.43 - - [16/Jan/2017:10:50:09 -0300] "GET /cormun/servlet/solicitudotcontratos?492c95618f9353151a9c5aed5b066d32314183f1c260133f52d8dcdcb0b5969d72797d46f29e1c796a53a0a4b59e281b632a47cf70dfcd8e0786b3709e7600b889b33e721beb5462b05d7f74fd93656669ba5a89d03dc25dabf603df11395cfacc3eb30a8474c3c4d2a2d12bbc1a3befc3d27827af10a76c2c3b95d726106f8e,gx-no-cache=1484577912802 HTTP/1.1" 200 50
192.168.10.43 - - [16/Jan/2017:10:50:09 -0300] "GET /cormun/servlet/solicitudotcontratos?492c95618f9353151a9c5aed5b066d32adcbdf1edce034dacc397ddd548ecda2ebc6403a7b3c39c8d8a48048bbc4e1aa,gx-no-cache=1484577912830 HTTP/1.1" 200 30
192.168.10.43 - - [16/Jan/2017:10:50:09 -0300] "GET /cormun/servlet/solicitudotcontratos?492c95618f9353151a9c5aed5b066d32e97dd64f795ee00f331199fe6aeaebcb3a9e9c4c175a2bb0393a83b8185070a95a6117583d9037eb12117beb7b6e080ef1c6667e10738a3f9f8cb519a68ff4cf3db97ff73b4edd84e7757506ab6b61a35ec3030a1a801171c0c66a6a753e628b,gx-no-cache=1484577912855 HTTP/1.1" 200 30
192.168.10.43 - - [16/Jan/2017:10:50:09 -0300] "GET /cormun/servlet/solicitudotcontratos?492c95618f9353151a9c5aed5b066d32af7eb0a684a8a4f819a751d714fe685f94f0815fc0bb1e8e2f9e8b2704f05e248d355414b82182eb0e60cbf3a687784f5a6117583d9037eb12117beb7b6e080e8b4d8f4aa3018dcb770cbdb13499f5bb7836e1e1eb12311dd1404049e2865aa1dfc481433899ffa677b37a5bace5d14c1bcc369e79b8709bd7069283e1256b470558d616abfbdfbf1186bb87dde9ec348d355414b82182eb0e60cbf3a687784f991d7458079e6635b1a36ac2e3f761b977dcda3b77cd18ab06bfa2a98620cf09c855bd5a6e3dc09f8125b273ec802ee04799951263e4374216bbffa17ecf3f81a7d0f0ca30fd2c3b47a4cc07c898a6580674923b5350b9379db2fc7c14755e159836e4685313f192bb33413db8f70c8b2762f609f18f139259ce94e9606f499d4565c945403e89ea8eba0b1f9e9eeb8f77f506da056f056d804b691cc3f30741ae36b26092db1413907964148d5d3421f433bb66962c355a8f3ee1bda6e2d7c6abc5acf6bbc1666f87fd4ba8e37444c5caf3a514e3104cecf2f991af4cf833f62ce665bfd0dc60ff5d7ccb70fe4d8c33e186f12a9703876eadfd7769ba5eb0bf8d34d46f1d3cf333acad46303bcaaa1b97222f80dc6c9a485fd701aff1953751589bca7d06447a309464fbda2e54240c3b2bda20ddbb8a7bc3a1ba3dbeb292a65dba08fbe737f614d60b0194ecc49ff1b0fb70a68a20e62a999cd2f23b256785dbfdcd960e6e9613bf6fbc9a5c7c45840a3ade0a66ecdaa18faea9cb21b2bfb0bdf92c12218cba802ced4f3648dbb485,gx-no-cache=1484577912889 HTTP/1.1" 200 79
192.168.10.89 - - [16/Jan/2017:10:50:09 -0300] "POST /cormun/servlet/solicitudot?gx-no-cache=1484577913068 HTTP/1.1" 200 1278
192.168.10.89 - - [16/Jan/2017:10:50:09 -0300] "POST /cormun/servlet/solicitudot?gx-no-cache=1484577913200 HTTP/1.1" 200 38
192.168.10.89 - - [16/Jan/2017:10:50:09 -0300] "GET /cormun/servlet/solicitudot?f48b11de35019c6aa6a345e1e75e7871cb2c4a5863c5e57907ebc82d0f3ac181ecde57d65411752edc970e06e4dbc86a61854f23dfe4dedaca12d392ba02871d9cc1a789f8b2fed8ffed659369871ef7564aecaeda90b7ff579926d254aab49fdaaa4fe9666bfd1f754032cf62bde7619bc4198158bfcf370efa676199c8f1a2a9d5bdd6feb0927043b05a7302e0dcd8aa980b1a833580749dee1d8237a33e6d,gx-no-cache=1484577913230 HTTP/1.1" 200 29
192.168.10.89 - - [16/Jan/2017:10:50:09 -0300] "POST /cormun/servlet/solicitudot?gx-no-cache=1484577913256 HTTP/1.1" 200 1261
192.168.10.89 - - [16/Jan/2017:10:50:09 -0300] "POST /cormun/servlet/solicitudot?gx-no-cache=1484577913298 HTTP/1.1" 200 1144
192.168.10.43 - - [16/Jan/2017:10:50:16 -0300] "POST /cormun/servlet/solicitudotcontratos?f44279d6d200a464c142fc5386eda286,INS,2017,0,14479174,6,6,2016,2787,LEY+SEP,201612,3,B,,gx-no-cache=1484577919783 HTTP/1.1" 200 10392
192.168.10.43 - - [16/Jan/2017:10:50:16 -0300] "POST /cormun/servlet/solicitudotcontratos?gx-no-cache=1484577920039 HTTP/1.1" 200 1263
192.168.10.43 - - [16/Jan/2017:10:50:16 -0300] "POST /cormun/servlet/solicitudotcontratos?gx-no-cache=1484577920098 HTTP/1.1" 200 1141
192.168.10.43 - - [16/Jan/2017:10:50:16 -0300] "GET /cormun/servlet/solicitudotcontratos?492c95618f9353151a9c5aed5b066d32df97bc70e00ada85cd3df6df895628003af85ecba6b264b06568321ebf641e392e5a62a6faef7424efaec84815acd7e7d08c4010ee053e48714a010327c1cdfcf6d14ba13fb5c0c8a9e86ab4de0b308662eaa5fcc18f3b0d511532effb4754f718d2694979cc905801bec672a8a563ed,gx-no-cache=1484577920139 HTTP/1.1" 200 30
192.168.10.43 - - [16/Jan/2017:10:50:16 -0300] "POST /cormun/servlet/solicitudotcontratos?f44279d6d200a464c142fc5386eda286,INS,2017,0,14479174,6,6,2016,2787,LEY+SEP,201612,3,B,,gx-no-cache=1484577920166 HTTP/1.1" 200 93
192.168.10.43 - - [16/Jan/2017:10:50:16 -0300] "GET /cormun/servlet/hpexe_return? HTTP/1.1" 200 1072
192.168.10.43 - - [16/Jan/2017:10:50:16 -0300] "GET /cormun/servlet/trcontratosolicitud?gx-no-cache=1484577799199 HTTP/1.1" 200 7229
192.168.10.43 - - [16/Jan/2017:10:50:17 -0300] "GET /cormun/servlet/trcontratosolicitud?gx-no-cache=1484577799199 HTTP/1.1" 200 7247
192.168.10.89 - - [16/Jan/2017:10:50:21 -0300] "GET /cormun/servlet/solicitudot?f48b11de35019c6aa6a345e1e75e7871cb2c4a5863c5e57907ebc82d0f3ac181ecde57d65411752edc970e06e4dbc86a61854f23dfe4dedaca12d392ba02871d9cc1a789f8b2fed8ffed659369871ef7564aecaeda90b7ff579926d254aab49fdaaa4fe9666bfd1f754032cf62bde7619bc4198158bfcf370efa676199c8f1a2a9d5bdd6feb0927043b05a7302e0dcd8aa980b1a833580749dee1d8237a33e6d,gx-no-cache=1484577925252 HTTP/1.1" 200 29
192.168.10.89 - - [16/Jan/2017:10:50:21 -0300] "POST /cormun/servlet/solicitudot?gx-no-cache=1484577925309 HTTP/1.1" 200 1260
192.168.10.89 - - [16/Jan/2017:10:50:21 -0300] "POST /cormun/servlet/solicitudot?gx-no-cache=1484577925351 HTTP/1.1" 200 1144
192.168.10.89 - - [16/Jan/2017:10:50:21 -0300] "GET /cormun/servlet/solicitudot?f48b11de35019c6aa6a345e1e75e78716d1932b00c5dbb7ddeb52ca38cfdc6721272c6c11c41d987fc56313e27d093fe556bf8ad2743d8aae268de0b45c30adc8c517186601b4d9b96ae6f88079dcc0aa775be761456fd4e60a678620c59933d716b253eedf3981db91d2358980c9af3c87cbe9fe8347be68d1e942d951795d0fdfed2f77d82fe01f30a467eeb82523187bdd0df9f8b5f2d2e88a5ee56b680ae427342c5ae8c977629a66531ffc5832e,gx-no-cache=1484577925389 HTTP/1.1" 200 30
192.168.10.89 - - [16/Jan/2017:10:50:25 -0300] "POST /cormun/servlet/solicitudot?a7c0c1898efa31dfb5d60831ac5022a2,INS,0,0,,gx-no-cache=1484577928881 HTTP/1.1" 200 93
192.168.10.89 - - [16/Jan/2017:10:50:25 -0300] "GET /cormun/servlet/hpexe_return? HTTP/1.1" 200 1025
192.168.10.89 - - [16/Jan/2017:10:50:26 -0300] "GET /cormun/servlet/trsolicitudot?gx-no-cache=1484577761707 HTTP/1.1" 200 8814
192.168.10.89 - - [16/Jan/2017:10:50:35 -0300] "POST /cormun/servlet/trsolicitudot?a7c0c1898efa31dfb5d60831ac5022a2,gx-no-cache=1484577761707,gx-no-cache=1484577938843 HTTP/1.1" 200 5832
192.168.10.89 - - [16/Jan/2017:10:50:35 -0300] "POST /cormun/servlet/trsolicitudot?a7c0c1898efa31dfb5d60831ac5022a2,gx-no-cache=1484577761707,gx-no-cache=1484577939302 HTTP/1.1" 200 5775
192.168.10.89 - - [16/Jan/2017:10:50:36 -0300] "GET /cormun/static/Shared/jqueryui/images/ui-icons_82798d_256x240.png HTTP/1.1" 404 1089
192.168.10.89 - - [16/Jan/2017:10:50:36 -0300] "GET /cormun/static/Shared/jqueryui/images/ui-icons_8d78a5_256x240.png HTTP/1.1" 404 1089
192.168.10.89 - - [16/Jan/2017:10:50:36 -0300] "GET /cormun/static/Shared/jqueryui/images/ui-bg_highlight-soft_100_c6c2c8_1x100.png HTTP/1.1" 404 1117
192.168.10.89 - - [16/Jan/2017:10:50:36 -0300] "GET /cormun/static/Shared/jqueryui/images/ui-bg_flat_55_fafafa_40x100.png HTTP/1.1" 404 1097
192.168.10.89 - - [16/Jan/2017:10:50:36 -0300] "POST /cormun/servlet/trsolicitudot?a7c0c1898efa31dfb5d60831ac5022a2,gx-no-cache=1484577761707,gx-no-cache=1484577940450 HTTP/1.1" 200 5433
192.168.10.89 - - [16/Jan/2017:10:50:37 -0300] "POST /cormun/servlet/trsolicitudot?a7c0c1898efa31dfb5d60831ac5022a2,gx-no-cache=1484577761707,gx-no-cache=1484577940906 HTTP/1.1" 200 5375
192.168.10.89 - - [16/Jan/2017:10:50:38 -0300] "POST /cormun/servlet/trsolicitudot?a7c0c1898efa31dfb5d60831ac5022a2,gx-no-cache=1484577761707,gx-no-cache=1484577942124 HTTP/1.1" 200 4304
192.168.10.89 - - [16/Jan/2017:10:50:38 -0300] "POST /cormun/servlet/trsolicitudot?a7c0c1898efa31dfb5d60831ac5022a2,gx-no-cache=1484577761707,gx-no-cache=1484577942573 HTTP/1.1" 200 4094
192.168.10.89 - - [16/Jan/2017:10:50:40 -0300] "GET /cormun/servlet/solicitudot?INS,0,0, HTTP/1.1" 200 12720
192.168.10.89 - - [16/Jan/2017:10:50:50 -0300] "GET /cormun/servlet/prfichaempleado?,MD,,gxPopupLevel%3D0%3B HTTP/1.1" 200 8790
192.168.10.43 - - [16/Jan/2017:10:50:54 -0300] "POST /cormun/servlet/trcontratosolicitud?f44279d6d200a464c142fc5386eda286,gx-no-cache=1484577799199,gx-no-cache=1484577957784 HTTP/1.1" 200 5026
192.168.10.43 - - [16/Jan/2017:10:52:00 -0300] "POST /cormun/servlet/trcontratosolicitud?f44279d6d200a464c142fc5386eda286,gx-no-cache=1484577799199,gx-no-cache=1484578024351 HTTP/1.1" 200 4903
192.168.10.89 - - [16/Jan/2017:10:52:18 -0300] "POST /cormun/servlet/prfichaempleado?a7c0c1898efa31dfb5d60831ac5022a2,,MD,,gxPopupLevel%3D0%3B,gx-no-cache=1484578038795 HTTP/1.1" 200 3410
192.168.10.89 - - [16/Jan/2017:10:52:21 -0300] "POST /cormun/servlet/solicitudot?gx-no-cache=1484578045241 HTTP/1.1" 200 3210
192.168.10.89 - - [16/Jan/2017:10:52:21 -0300] "POST /cormun/servlet/solicitudot?a7c0c1898efa31dfb5d60831ac5022a2,INS,0,0,,gx-no-cache=1484578045463 HTTP/1.1" 200 9983
192.168.10.89 - - [16/Jan/2017:10:52:23 -0300] "GET /cormun/servlet/solicitudot?f48b11de35019c6aa6a345e1e75e78715aae33d90dcaf6ae9f4c936154ca076a8b2a0ad028fcbd153d22f49623e1ccf1,gx-no-cache=1484578047150 HTTP/1.1" 200 30
192.168.10.89 - - [16/Jan/2017:10:52:23 -0300] "POST /cormun/servlet/solicitudot?gx-no-cache=1484578047166 HTTP/1.1" 200 255
192.168.10.89 - - [16/Jan/2017:10:52:23 -0300] "GET /cormun/servlet/solicitudot?f48b11de35019c6aa6a345e1e75e7871d8cbbe9e53b40f6df2a77814b02f0f3303f053ab7013575d64db3ea58a0bb19594cd5a16e6e1e347ec9c1000c1f2c0880075a79b9cb17915f298a5ed4ed6888bcaffa18123bd3e55a37b5a4a8d8ab5e7275a896102c667a9354c8c39cecd6bc5d1bc5e52c7be1eb5d67a0d2de02ee703e5b469ca69faeaf1df7a43e720bb3ebc98170d27e11f185594f325f973fcb6efd2252b0cb4d34a647071c673754b49ea8a9510f09ef3a31de3fb935cd309aa031b2f8ba035a63d60ce6d827286f764865cdeb76fb40500c19e60d4ce2228d4f3f75faba4cdadb7e2342fcb96810765dce4c00f7a551a20c43a0a185de5706f0452ba373fa110bef88fb68cd02a79a9119479cb77e852adb0e48809f595a3e2f9bbf4f65e7596042ef043e3d29f75e1231925b3a7f9b472eeabaf4ac1769c2536e8e4aaaa4c7a20d473f8bb482057064bbed1a3fc14c0aeb40ea7f9d6648b4cd08c3bf96132a25959bc1a8dc35dd5b01f7e14543dd0aa7be4d5f6a19c9b2df417,gx-no-cache=1484578047219 HTTP/1.1" 200 30
192.168.10.89 - - [16/Jan/2017:10:52:24 -0300] "POST /cormun/servlet/solicitudot?gx-no-cache=1484578048384 HTTP/1.1" 200 30
192.168.10.89 - - [16/Jan/2017:10:52:38 -0300] "POST /cormun/servlet/solicitudot?gx-no-cache=1484578062635 HTTP/1.1" 200 1278
192.168.10.89 - - [16/Jan/2017:10:52:39 -0300] "POST /cormun/servlet/solicitudot?gx-no-cache=1484578062787 HTTP/1.1" 200 38
192.168.10.89 - - [16/Jan/2017:10:52:44 -0300] "GET /cormun/servlet/solicitudot?f48b11de35019c6aa6a345e1e75e7871cb2c4a5863c5e57907ebc82d0f3ac181ecde57d65411752edc970e06e4dbc86a61854f23dfe4dedaca12d392ba02871d9cc1a789f8b2fed8ffed659369871ef7564aecaeda90b7ff579926d254aab49fdaaa4fe9666bfd1f754032cf62bde7619bc4198158bfcf370efa676199c8f1a2a9d5bdd6feb0927043b05a7302e0dcd8aa980b1a833580749dee1d8237a33e6d,gx-no-cache=1484578067674 HTTP/1.1" 200 29
192.168.10.89 - - [16/Jan/2017:10:52:44 -0300] "POST /cormun/servlet/solicitudot?gx-no-cache=1484578067701 HTTP/1.1" 200 1262
192.168.10.89 - - [16/Jan/2017:10:52:44 -0300] "POST /cormun/servlet/solicitudot?gx-no-cache=1484578068141 HTTP/1.1" 200 1144
