192.168.10.89 - - [16/Jan/2017:10:52:48 -0300] "GET /cormun/servlet/solicitudot?f48b11de35019c6aa6a345e1e75e78712fb156dc484625e196d3e1b305ce4827c15a2452f374b17d23d2d2e48e8cc3a4fc114142aa1aa9c91e47c30383eafbb6d10ec41c266251c9f2120907343b46bc8e42064520fcbef235df1db95e2505d17b1d42f60fe87f18a289aaf60b99be7e391176db0c19351ff80d1b07f7f5b2576017f398dab1acc1275e891fcd6ae65ea164012ee3e7ffe3ca614bc6f5be13018064e7ed3f2c0ec80f9c4f319661e4ae,gx-no-cache=1484578071965 HTTP/1.1" 200 30
192.168.10.89 - - [16/Jan/2017:10:52:50 -0300] "POST /cormun/servlet/solicitudot?a7c0c1898efa31dfb5d60831ac5022a2,INS,0,0,,gx-no-cache=1484578074293 HTTP/1.1" 200 93
192.168.10.89 - - [16/Jan/2017:10:52:50 -0300] "GET /cormun/servlet/hpexe_return? HTTP/1.1" 200 1025
192.168.10.89 - - [16/Jan/2017:10:52:52 -0300] "GET /cormun/servlet/trsolicitudot?gx-no-cache=1484577761707 HTTP/1.1" 200 8122
192.168.10.89 - - [16/Jan/2017:10:53:15 -0300] "GET /cormunbeta/servlet/hlogin HTTP/1.1" 200 1724
192.168.10.89 - - [16/Jan/2017:10:53:21 -0300] "GET /cormun/servlet/hlogin HTTP/1.1" 200 1717
192.168.10.43 - - [16/Jan/2017:10:53:23 -0300] "GET /cormun/servlet/solicitudotcontratos?INS,2017,0,16495519,2,2,2016,1535,NADA,201612,42,M, HTTP/1.1" 200 9605
192.168.10.43 - - [16/Jan/2017:10:53:24 -0300] "GET /cormun/servlet/solicitudotcontratos?INS,2017,0,16495519,2,2,2016,1535,NADA,201612,42,M, HTTP/1.1" 200 9614
192.168.10.43 - - [16/Jan/2017:10:53:24 -0300] "GET /cormun/servlet/solicitudotcontratos?492c95618f9353151a9c5aed5b066d3238b8d6dad9fc6242bbfe618326b0e9725d774251b78731b656abeac8071d1e6b,gx-no-cache=1484578108360 HTTP/1.1" 200 30
192.168.10.43 - - [16/Jan/2017:10:53:24 -0300] "GET /cormun/servlet/solicitudotcontratos?492c95618f9353151a9c5aed5b066d32314183f1c260133f52d8dcdcb0b5969d72797d46f29e1c796a53a0a4b59e281b632a47cf70dfcd8e0786b3709e7600b889b33e721beb5462b05d7f74fd9365666e4aa3225af147dd33814ffefd46e244f7e9335361236d90e72239d944b734f4fb921c0f9cb52c699a966030b3e6e143,gx-no-cache=1484578108389 HTTP/1.1" 200 48
192.168.10.43 - - [16/Jan/2017:10:53:24 -0300] "GET /cormun/servlet/solicitudotcontratos?492c95618f9353151a9c5aed5b066d324aee08c1f97e3e8b6d59a91494d5aa8509263db230236867ba13ba23168cde72,gx-no-cache=1484578108418 HTTP/1.1" 200 30
192.168.10.43 - - [16/Jan/2017:10:53:24 -0300] "GET /cormun/servlet/solicitudotcontratos?492c95618f9353151a9c5aed5b066d32e97dd64f795ee00f331199fe6aeaebcb3a9e9c4c175a2bb0393a83b8185070a95a6117583d9037eb12117beb7b6e080ef1c6667e10738a3f9f8cb519a68ff4cfbf980f772d00d3abe9f84bd0cfd956f75ec3030a1a801171c0c66a6a753e628b,gx-no-cache=1484578108443 HTTP/1.1" 200 30
192.168.10.43 - - [16/Jan/2017:10:53:24 -0300] "GET /cormun/servlet/solicitudotcontratos?492c95618f9353151a9c5aed5b066d32af7eb0a684a8a4f819a751d714fe685f94f0815fc0bb1e8e2f9e8b2704f05e244e85d25bcdebaf64671ccf13308d899291cb377dfb237d5c4f61e19c7c2588f45baa36e21b597ee67b6f7bcd0d89afe13c1c1eacdd010c322038b640e849612a5bb76040b91f4b059402871e5374f88e4559548f10aff6e85330cdc2d7befa432341b89edfd30bdeffe27800bd976c460a608ff25039cf69481062bf56d5e3909b776a8cb370f488b5e36ef72e64047b0dbf5c0f12484c47fea7655787a1de421a52113a41a0bdc4c9a560b1a3ae6889d76396438cea23c24587a93c121f59385669dd12f1acc9b5bd006b97b21dd0b466bd6432f4ed61ea12b8faa511c8403f3c55a138ce5c6a0df40f60b4b4262b9399f79e3aebb64187da8ec9111c541b609836e4685313f192bb33413db8f70c8b2add409685752813c0b6105b8a415f0af482b3b80bc3ba83eb438706e6ddb7f05b072b9749a194602d3ec77ec47ddf7c6c006d6455ecf6c2c0f1733588b008f66c07a318b903ca09c88d33fc892c82958b08f14e9f4e952fb4ca98d022476fab0344c10164733237569d6e6afc23fcd6f3695fae8e457f67a8c98c129862479a9e220d186bb8ad16ba8529ea052869b002c2462a5571442f5ee9a31d63f30f808bef1706f09dba9590e0e1e0255dedbb8b08f14e9f4e952fb4ca98d022476fab4a4bbb6db7aefe758bc90690f454efa98ee56f687af4045ed634ecdcccfdad7b3ab11efff80342049cbe71f8a8285e6cffd31c8a4bc430a65469b85de961d39b,gx-no-cache=1484578108478 HTTP/1.1" 200 72
192.168.10.43 - - [16/Jan/2017:10:53:28 -0300] "POST /cormun/servlet/solicitudotcontratos?f44279d6d200a464c142fc5386eda286,INS,2017,0,16495519,2,2,2016,1535,NADA,201612,42,M,,gx-no-cache=1484578112005 HTTP/1.1" 200 10390
192.168.10.43 - - [16/Jan/2017:10:53:28 -0300] "POST /cormun/servlet/solicitudotcontratos?gx-no-cache=1484578112297 HTTP/1.1" 200 1263
192.168.10.43 - - [16/Jan/2017:10:53:28 -0300] "POST /cormun/servlet/solicitudotcontratos?gx-no-cache=1484578112336 HTTP/1.1" 200 1140
192.168.10.43 - - [16/Jan/2017:10:53:28 -0300] "GET /cormun/servlet/solicitudotcontratos?492c95618f9353151a9c5aed5b066d32df97bc70e00ada85cd3df6df895628003af85ecba6b264b06568321ebf641e392e5a62a6faef7424efaec84815acd7e7d08c4010ee053e48714a010327c1cdfcf6d14ba13fb5c0c8a9e86ab4de0b308662eaa5fcc18f3b0d511532effb4754f718d2694979cc905801bec672a8a563ed,gx-no-cache=1484578112370 HTTP/1.1" 200 30
192.168.10.43 - - [16/Jan/2017:10:53:28 -0300] "POST /cormun/servlet/solicitudotcontratos?f44279d6d200a464c142fc5386eda286,INS,2017,0,16495519,2,2,2016,1535,NADA,201612,42,M,,gx-no-cache=1484578112391 HTTP/1.1" 200 93
192.168.10.43 - - [16/Jan/2017:10:53:28 -0300] "GET /cormun/servlet/hpexe_return? HTTP/1.1" 200 1069
192.168.10.43 - - [16/Jan/2017:10:53:29 -0300] "GET /cormun/servlet/trcontratosolicitud?gx-no-cache=1484577799199 HTTP/1.1" 200 7277
192.168.10.43 - - [16/Jan/2017:10:53:29 -0300] "GET /cormun/servlet/trcontratosolicitud?gx-no-cache=1484577799199 HTTP/1.1" 200 7295
192.168.10.43 - - [16/Jan/2017:10:53:31 -0300] "GET /cormun/servlet/solicitudotcontratos?INS,2017,0,16495519,2,6,2016,2777,LEY+SEP,201612,1,M, HTTP/1.1" 200 9607
192.168.10.43 - - [16/Jan/2017:10:53:31 -0300] "GET /cormun/servlet/solicitudotcontratos?INS,2017,0,16495519,2,6,2016,2777,LEY+SEP,201612,1,M, HTTP/1.1" 200 9619
192.168.10.43 - - [16/Jan/2017:10:53:32 -0300] "GET /cormun/servlet/solicitudotcontratos?492c95618f9353151a9c5aed5b066d3238b8d6dad9fc6242bbfe618326b0e9725d774251b78731b656abeac8071d1e6b,gx-no-cache=1484578115963 HTTP/1.1" 200 30
192.168.10.43 - - [16/Jan/2017:10:53:32 -0300] "GET /cormun/servlet/solicitudotcontratos?492c95618f9353151a9c5aed5b066d32314183f1c260133f52d8dcdcb0b5969d72797d46f29e1c796a53a0a4b59e281b632a47cf70dfcd8e0786b3709e7600b889b33e721beb5462b05d7f74fd93656669ba5a89d03dc25dabf603df11395cfacc3eb30a8474c3c4d2a2d12bbc1a3befc3d27827af10a76c2c3b95d726106f8e,gx-no-cache=1484578115992 HTTP/1.1" 200 50
192.168.10.43 - - [16/Jan/2017:10:53:32 -0300] "GET /cormun/servlet/solicitudotcontratos?492c95618f9353151a9c5aed5b066d324aee08c1f97e3e8b6d59a91494d5aa859d0a1f22aaa7a972ce7622805e819308,gx-no-cache=1484578116020 HTTP/1.1" 200 30
192.168.10.43 - - [16/Jan/2017:10:53:32 -0300] "GET /cormun/servlet/solicitudotcontratos?492c95618f9353151a9c5aed5b066d32e97dd64f795ee00f331199fe6aeaebcb3a9e9c4c175a2bb0393a83b8185070a95a6117583d9037eb12117beb7b6e080ef1c6667e10738a3f9f8cb519a68ff4cf3db97ff73b4edd84e7757506ab6b61a35ec3030a1a801171c0c66a6a753e628b,gx-no-cache=1484578116045 HTTP/1.1" 200 30
192.168.10.43 - - [16/Jan/2017:10:53:32 -0300] "GET /cormun/servlet/solicitudotcontratos?492c95618f9353151a9c5aed5b066d32af7eb0a684a8a4f819a751d714fe685f94f0815fc0bb1e8e2f9e8b2704f05e248d355414b82182eb0e60cbf3a687784f5a6117583d9037eb12117beb7b6e080e8b4d8f4aa3018dcb770cbdb13499f5bb7836e1e1eb12311dd1404049e2865aa1dfc481433899ffa677b37a5bace5d14c1bcc369e79b8709bd7069283e1256b470558d616abfbdfbf1186bb87dde9ec348d355414b82182eb0e60cbf3a687784f991d7458079e6635b1a36ac2e3f761b977dcda3b77cd18ab06bfa2a98620cf09c855bd5a6e3dc09f8125b273ec802ee04799951263e4374216bbffa17ecf3f81a7d0f0ca30fd2c3b47a4cc07c898a6580674923b5350b9379db2fc7c14755e159836e4685313f192bb33413db8f70c8b2762f609f18f139259ce94e9606f499d4565c945403e89ea8eba0b1f9e9eeb8f77f506da056f056d804b691cc3f30741ae36b26092db1413907964148d5d3421f433bb66962c355a8f3ee1bda6e2d7c6abc5acf6bbc1666f87fd4ba8e37444c5caf3a514e3104cecf2f991af4cf833f62ce665bfd0dc60ff5d7ccb70fe4d8c33e186f12a9703876eadfd7769ba5eb0bf8d34d46f1d3cf333acad46303bcaaa1b97222f80dc6c9a485fd701aff1953751589bca7d06447a309464fbda2e54240c3b2bda20ddbb8a7bc3a1ba3dbeb292a65dba08fbe737f614d60b0194ecc49ff1b0fb70a68a20e62a999cd2f23b256785dbfdcd960e6e9613bf6fbc9a5c7c45840a3ade0a66ecdaa18faea9cb21b2bfb0bdf92c12218cba802ced4f3648dbb485,gx-no-cache=1484578116079 HTTP/1.1" 200 79
192.168.10.89 - - [16/Jan/2017:10:53:32 -0300] "POST /cormun/servlet/hlogin?a7c0c1898efa31dfb5d60831ac5022a2,gx-no-cache=1484578115993 HTTP/1.1" 200 90
192.168.10.89 - - [16/Jan/2017:10:53:32 -0300] "GET /cormun/servlet/hpexe_link HTTP/1.1" 200 980
192.168.10.89 - - [16/Jan/2017:10:53:32 -0300] "GET /cormun/servlet/trsolicitudot?gx-no-cache=1484577761707 HTTP/1.1" 200 8119
192.168.10.43 - - [16/Jan/2017:10:53:35 -0300] "POST /cormun/servlet/solicitudotcontratos?f44279d6d200a464c142fc5386eda286,INS,2017,0,16495519,2,6,2016,2777,LEY+SEP,201612,1,M,,gx-no-cache=1484578119270 HTTP/1.1" 200 10402
192.168.10.43 - - [16/Jan/2017:10:53:35 -0300] "POST /cormun/servlet/solicitudotcontratos?gx-no-cache=1484578119574 HTTP/1.1" 200 1264
192.168.10.43 - - [16/Jan/2017:10:53:35 -0300] "POST /cormun/servlet/solicitudotcontratos?gx-no-cache=1484578119613 HTTP/1.1" 200 1140
192.168.10.43 - - [16/Jan/2017:10:53:35 -0300] "GET /cormun/servlet/solicitudotcontratos?492c95618f9353151a9c5aed5b066d32df97bc70e00ada85cd3df6df895628003af85ecba6b264b06568321ebf641e392e5a62a6faef7424efaec84815acd7e7d08c4010ee053e48714a010327c1cdfcf6d14ba13fb5c0c8a9e86ab4de0b308662eaa5fcc18f3b0d511532effb4754f718d2694979cc905801bec672a8a563ed,gx-no-cache=1484578119647 HTTP/1.1" 200 30
192.168.10.43 - - [16/Jan/2017:10:53:36 -0300] "POST /cormun/servlet/solicitudotcontratos?f44279d6d200a464c142fc5386eda286,INS,2017,0,16495519,2,6,2016,2777,LEY+SEP,201612,1,M,,gx-no-cache=1484578119667 HTTP/1.1" 200 93
192.168.10.43 - - [16/Jan/2017:10:53:36 -0300] "GET /cormun/servlet/hpexe_return? HTTP/1.1" 200 1069
192.168.10.43 - - [16/Jan/2017:10:53:36 -0300] "GET /cormun/servlet/trcontratosolicitud?gx-no-cache=1484577799199 HTTP/1.1" 200 6512
192.168.10.89 - - [16/Jan/2017:10:53:36 -0300] "POST /cormun/servlet/trsolicitudot?a7c0c1898efa31dfb5d60831ac5022a2,gx-no-cache=1484577761707,gx-no-cache=1484578120373 HTTP/1.1" 200 4314
192.168.10.43 - - [16/Jan/2017:10:53:36 -0300] "GET /cormun/servlet/trcontratosolicitud?gx-no-cache=1484577799199 HTTP/1.1" 200 6531
192.168.10.89 - - [16/Jan/2017:10:53:37 -0300] "POST /cormun/servlet/trsolicitudot?a7c0c1898efa31dfb5d60831ac5022a2,gx-no-cache=1484577761707,gx-no-cache=1484578120694 HTTP/1.1" 200 4093
192.168.10.89 - - [16/Jan/2017:10:53:37 -0300] "GET /cormun/static/Shared/jqueryui/images/ui-bg_flat_55_fafafa_40x100.png HTTP/1.1" 404 1097
192.168.10.89 - - [16/Jan/2017:10:53:37 -0300] "GET /cormun/static/Shared/jqueryui/images/ui-bg_highlight-soft_100_c6c2c8_1x100.png HTTP/1.1" 404 1117
192.168.10.89 - - [16/Jan/2017:10:53:37 -0300] "GET /cormun/static/Shared/jqueryui/images/ui-icons_8d78a5_256x240.png HTTP/1.1" 404 1089
192.168.10.89 - - [16/Jan/2017:10:53:37 -0300] "GET /cormun/static/Shared/jqueryui/images/ui-icons_82798d_256x240.png HTTP/1.1" 404 1089
192.168.10.89 - - [16/Jan/2017:10:53:41 -0300] "GET /cormun/servlet/trcontratosolicitud? HTTP/1.1" 200 12357
192.168.10.89 - - [16/Jan/2017:10:53:48 -0300] "GET /cormun/servlet/trautorizarsolicitud? HTTP/1.1" 200 10122
192.168.10.89 - - [16/Jan/2017:10:53:51 -0300] "GET /cormun/servlet/trsolicitudot? HTTP/1.1" 200 6839
192.168.10.89 - - [16/Jan/2017:10:53:55 -0300] "GET /cormun/servlet/solicitudot?INS,0,0, HTTP/1.1" 200 12697
192.168.10.43 - - [16/Jan/2017:10:54:02 -0300] "POST /cormun/servlet/trcontratosolicitud?f44279d6d200a464c142fc5386eda286,gx-no-cache=1484577799199,gx-no-cache=1484578146083 HTTP/1.1" 200 3949
192.168.10.43 - - [16/Jan/2017:10:54:03 -0300] "POST /cormun/servlet/trcontratosolicitud?f44279d6d200a464c142fc5386eda286,gx-no-cache=1484577799199,gx-no-cache=1484578147251 HTTP/1.1" 200 3949
192.168.10.89 - - [16/Jan/2017:10:54:04 -0300] "GET /cormun/servlet/prfichaempleado?,MD,,gxPopupLevel%3D0%3B HTTP/1.1" 200 8790
192.168.10.89 - - [16/Jan/2017:10:54:09 -0300] "POST /cormun/servlet/prfichaempleado?a7c0c1898efa31dfb5d60831ac5022a2,,MD,,gxPopupLevel%3D0%3B,gx-no-cache=1484578153355 HTTP/1.1" 200 3417
192.168.10.43 - - [16/Jan/2017:10:54:09 -0300] "POST /cormun/servlet/trcontratosolicitud?f44279d6d200a464c142fc5386eda286,gx-no-cache=1484577799199,gx-no-cache=1484578153531 HTTP/1.1" 200 3949
192.168.10.89 - - [16/Jan/2017:10:54:11 -0300] "POST /cormun/servlet/solicitudot?gx-no-cache=1484578155513 HTTP/1.1" 200 3162
192.168.10.89 - - [16/Jan/2017:10:54:12 -0300] "POST /cormun/servlet/solicitudot?a7c0c1898efa31dfb5d60831ac5022a2,INS,0,0,,gx-no-cache=1484578155805 HTTP/1.1" 200 9920
192.168.10.89 - - [16/Jan/2017:10:54:13 -0300] "GET /cormun/servlet/solicitudot?f48b11de35019c6aa6a345e1e75e787102d5809bf10e7c9d398f772a42a832e854683e7a295fb27d5a43d8f0332f8211,gx-no-cache=1484578157334 HTTP/1.1" 200 30
192.168.10.89 - - [16/Jan/2017:10:54:13 -0300] "POST /cormun/servlet/solicitudot?gx-no-cache=1484578157370 HTTP/1.1" 200 255
192.168.10.89 - - [16/Jan/2017:10:54:13 -0300] "GET /cormun/servlet/solicitudot?f48b11de35019c6aa6a345e1e75e7871d8cbbe9e53b40f6df2a77814b02f0f3303f053ab7013575d64db3ea58a0bb19594cd5a16e6e1e347ec9c1000c1f2c0880075a79b9cb17915f298a5ed4ed6888bcaffa18123bd3e55a37b5a4a8d8ab5e7275a896102c667a9354c8c39cecd6bc5d1bc5e52c7be1eb5d67a0d2de02ee703e5b469ca69faeaf1df7a43e720bb3ebc98170d27e11f185594f325f973fcb6efd2252b0cb4d34a647071c673754b49ea8a9510f09ef3a31de3fb935cd309aa031b2f8ba035a63d60ce6d827286f764865cdeb76fb40500c19e60d4ce2228d4f3f75faba4cdadb7e2342fcb96810765dce4c00f7a551a20c43a0a185de5706f0452ba373fa110bef88fb68cd02a79a9119479cb77e852adb0e48809f595a3e2f9bbf4f65e7596042ef043e3d29f75e1231925b3a7f9b472eeabaf4ac1769c2536e8e4aaaa4c7a20d473f8bb482057064bbed1a3fc14c0aeb40ea7f9d6648b4cd08c3bf96132a25959bc1a8dc35dd5b01f7e14543dd0aa7be4d5f6a19c9b2df417,gx-no-cache=1484578157428 HTTP/1.1" 200 30
192.168.10.89 - - [16/Jan/2017:10:54:15 -0300] "POST /cormun/servlet/solicitudot?gx-no-cache=1484578158717 HTTP/1.1" 200 30
192.168.10.89 - - [16/Jan/2017:10:54:16 -0300] "GET /cormun/servlet/prcontratosol?8400588,,,,,MD,,gxPopupLevel%3D0%3B HTTP/1.1" 200 5886
192.168.10.89 - - [16/Jan/2017:10:54:18 -0300] "POST /cormun/servlet/solicitudot?gx-no-cache=1484578162075 HTTP/1.1" 200 1278
192.168.10.89 - - [16/Jan/2017:10:54:18 -0300] "POST /cormun/servlet/solicitudot?gx-no-cache=1484578162271 HTTP/1.1" 200 38
192.168.10.89 - - [16/Jan/2017:10:54:18 -0300] "GET /cormun/servlet/solicitudot?f48b11de35019c6aa6a345e1e75e7871cb2c4a5863c5e57907ebc82d0f3ac181ecde57d65411752edc970e06e4dbc86a61854f23dfe4dedaca12d392ba02871d9cc1a789f8b2fed8ffed659369871ef7564aecaeda90b7ff579926d254aab49fdaaa4fe9666bfd1f754032cf62bde7619bc4198158bfcf370efa676199c8f1a2a9d5bdd6feb0927043b05a7302e0dcd8aa980b1a833580749dee1d8237a33e6d,gx-no-cache=1484578162300 HTTP/1.1" 200 29
192.168.10.89 - - [16/Jan/2017:10:54:18 -0300] "POST /cormun/servlet/solicitudot?gx-no-cache=1484578162324 HTTP/1.1" 200 1261
192.168.10.89 - - [16/Jan/2017:10:54:18 -0300] "POST /cormun/servlet/solicitudot?gx-no-cache=1484578162364 HTTP/1.1" 200 1143
192.168.10.43 - - [16/Jan/2017:10:54:24 -0300] "GET /cormun/servlet/trcontratounov2? HTTP/1.1" 200 16361
192.168.10.43 - - [16/Jan/2017:10:54:24 -0300] "GET /cormun/static/gxcfg.js?201612281114880 HTTP/1.1" 200 953
192.168.10.43 - - [16/Jan/2017:10:54:24 -0300] "GET /cormun/static/trcontratounov2.js?2016122811141421 HTTP/1.1" 200 38423
192.168.10.43 - - [16/Jan/2017:10:54:24 -0300] "GET /cormun/static/Resources/PXToolsAddSelectedAction.png HTTP/1.1" 200 3660
192.168.10.89 - - [16/Jan/2017:10:54:24 -0300] "GET /cormun/servlet/solicitudot?f48b11de35019c6aa6a345e1e75e7871cb2c4a5863c5e57907ebc82d0f3ac181ecde57d65411752edc970e06e4dbc86a61854f23dfe4dedaca12d392ba02871d9cc1a789f8b2fed8ffed659369871ef7564aecaeda90b7ff579926d254aab49fdaaa4fe9666bfd1f754032cf62bde7619bc4198158bfcf370efa676199c8f1a2a9d5bdd6feb0927043b05a7302e0dcd8aa980b1a833580749dee1d8237a33e6d,gx-no-cache=1484578168525 HTTP/1.1" 200 29
192.168.10.89 - - [16/Jan/2017:10:54:24 -0300] "POST /cormun/servlet/solicitudot?gx-no-cache=1484578168563 HTTP/1.1" 200 1261
192.168.10.43 - - [16/Jan/2017:10:54:25 -0300] "GET /cormun/servlet/trcontratounov2? HTTP/1.1" 200 16328
192.168.10.89 - - [16/Jan/2017:10:54:26 -0300] "POST /cormun/servlet/solicitudot?gx-no-cache=1484578169906 HTTP/1.1" 200 1143
192.168.10.89 - - [16/Jan/2017:10:54:29 -0300] "GET /cormun/servlet/solicitudot?f48b11de35019c6aa6a345e1e75e78710f5e74d4986d58387a00b3bfed6ef574f6c9b6ffba99f0ad9cd0818e6cf18b0b29d615f97e9a22c864e48a2d2074f5e8f31d84be6ba25274a13590ff7b86f9eaba1a4a75611187def96a929184ff7d94f744dcdfccdf867458f281c86facda20d15ac489d5af2aee1c13952a183fd8c26afa65f277a94cf0cbfbf001e7e5a86788df464a97b776488aad9b0bb2d78fa4a9abf8afd9d2b23b5dbf8d81dbe9d390,gx-no-cache=1484578173568 HTTP/1.1" 200 30
192.168.10.43 - - [16/Jan/2017:10:54:32 -0300] "POST /cormun/servlet/trcontratounov2?f44279d6d200a464c142fc5386eda286,,gx-no-cache=1484578176040 HTTP/1.1" 200 6819
192.168.10.89 - - [16/Jan/2017:10:54:34 -0300] "POST /cormun/servlet/solicitudot?a7c0c1898efa31dfb5d60831ac5022a2,INS,0,0,,gx-no-cache=1484578177845 HTTP/1.1" 200 93
192.168.10.89 - - [16/Jan/2017:10:54:34 -0300] "GET /cormun/servlet/hpexe_return? HTTP/1.1" 200 1004
192.168.10.89 - - [16/Jan/2017:10:54:34 -0300] "GET /cormun/servlet/trsolicitudot HTTP/1.1" 200 8145
192.168.10.89 - - [16/Jan/2017:10:54:37 -0300] "GET /cormun/servlet/solicitudot?INS,0,0, HTTP/1.1" 200 12697
192.168.10.43 - - [16/Jan/2017:10:54:40 -0300] "GET /cormun/servlet/trsolicitudot? HTTP/1.1" 200 6958
192.168.10.43 - - [16/Jan/2017:10:54:40 -0300] "GET /cormun/static/gxcfg.js?201711111592844 HTTP/1.1" 200 953
192.168.10.43 - - [16/Jan/2017:10:54:40 -0300] "GET /cormun/static/trsolicitudot.js?201711111593735 HTTP/1.1" 304 -
192.168.10.43 - - [16/Jan/2017:10:54:40 -0300] "GET /cormun/servlet/trsolicitudot? HTTP/1.1" 200 6958
192.168.10.43 - - [16/Jan/2017:10:54:43 -0300] "GET /cormun/servlet/solicitudot?INS,0,0, HTTP/1.1" 200 12780
192.168.10.43 - - [16/Jan/2017:10:54:43 -0300] "GET /cormun/static/gxcfg.js?201711112293351 HTTP/1.1" 200 953
192.168.10.43 - - [16/Jan/2017:10:54:43 -0300] "GET /cormun/static/solicitudot.js?201711112293529 HTTP/1.1" 304 -
192.168.10.43 - - [16/Jan/2017:10:54:43 -0300] "GET /cormun/servlet/solicitudot?INS,0,0, HTTP/1.1" 200 12785
192.168.10.43 - - [16/Jan/2017:10:54:52 -0300] "GET /cormun/servlet/prfichaempleado?,MD,,gxPopupLevel%3D0%3B HTTP/1.1" 200 8891
192.168.10.43 - - [16/Jan/2017:10:54:52 -0300] "GET /cormun/static/gxcfg.js?2016102420561687 HTTP/1.1" 200 953
192.168.10.43 - - [16/Jan/2017:10:54:52 -0300] "GET /cormun/static/prfichaempleado.js?201610242056198 HTTP/1.1" 200 16015
192.168.10.43 - - [16/Jan/2017:10:54:52 -0300] "GET /cormun/static/hmpwkw011.js?201612218515582 HTTP/1.1" 304 -
192.168.10.43 - - [16/Jan/2017:10:54:52 -0300] "GET /cormun/static/menusearch.js?201610171694467 HTTP/1.1" 304 -
192.168.10.89 - - [16/Jan/2017:10:54:56 -0300] "GET /cormun/servlet/prfichaempleado?,MD,,gxPopupLevel%3D0%3B HTTP/1.1" 200 8790
192.168.10.89 - - [16/Jan/2017:10:55:01 -0300] "POST /cormun/servlet/prfichaempleado?a7c0c1898efa31dfb5d60831ac5022a2,,MD,,gxPopupLevel%3D0%3B,gx-no-cache=1484578205227 HTTP/1.1" 200 3415
192.168.10.43 - - [16/Jan/2017:10:55:03 -0300] "POST /cormun/servlet/prfichaempleado?f44279d6d200a464c142fc5386eda286,,MD,,gxPopupLevel%3D0%3B,gx-no-cache=1484578206620 HTTP/1.1" 200 3908
192.168.10.89 - - [16/Jan/2017:10:55:04 -0300] "POST /cormun/servlet/solicitudot?gx-no-cache=1484578207836 HTTP/1.1" 200 3162
192.168.10.89 - - [16/Jan/2017:10:55:04 -0300] "POST /cormun/servlet/solicitudot?a7c0c1898efa31dfb5d60831ac5022a2,INS,0,0,,gx-no-cache=1484578208100 HTTP/1.1" 200 9922
192.168.10.89 - - [16/Jan/2017:10:55:05 -0300] "GET /cormun/servlet/solicitudot?f48b11de35019c6aa6a345e1e75e787102d5809bf10e7c9d398f772a42a832e854683e7a295fb27d5a43d8f0332f8211,gx-no-cache=1484578209665 HTTP/1.1" 200 30
192.168.10.89 - - [16/Jan/2017:10:55:06 -0300] "POST /cormun/servlet/solicitudot?gx-no-cache=1484578209709 HTTP/1.1" 200 255
192.168.10.89 - - [16/Jan/2017:10:55:06 -0300] "GET /cormun/servlet/solicitudot?f48b11de35019c6aa6a345e1e75e7871d8cbbe9e53b40f6df2a77814b02f0f3303f053ab7013575d64db3ea58a0bb19594cd5a16e6e1e347ec9c1000c1f2c0880075a79b9cb17915f298a5ed4ed6888bcaffa18123bd3e55a37b5a4a8d8ab5e7275a896102c667a9354c8c39cecd6bc5d1bc5e52c7be1eb5d67a0d2de02ee703e5b469ca69faeaf1df7a43e720bb3ebc98170d27e11f185594f325f973fcb6efd2252b0cb4d34a647071c673754b49ea8a9510f09ef3a31de3fb935cd309aa031b2f8ba035a63d60ce6d827286f764865cdeb76fb40500c19e60d4ce2228d4f3f75faba4cdadb7e2342fcb96810765dce4c00f7a551a20c43a0a185de5706f0452ba373fa110bef88fb68cd02a79a9119479cb77e852adb0e48809f595a3e2f9bbf4f65e7596042ef043e3d29f75e1231925b3a7f9b472eeabaf4ac1769c2536e8e4aaaa4c7a20d473f8bb482057064bbed1a3fc14c0aeb40ea7f9d6648b4cd08c3bf96132a25959bc1a8dc35dd5b01f7e14543dd0aa7be4d5f6a19c9b2df417,gx-no-cache=1484578209739 HTTP/1.1" 200 30
192.168.10.89 - - [16/Jan/2017:10:55:07 -0300] "POST /cormun/servlet/solicitudot?gx-no-cache=1484578211074 HTTP/1.1" 200 30
192.168.10.89 - - [16/Jan/2017:10:55:08 -0300] "GET /cormun/servlet/prcontratosol?8400588,,,,,MD,,gxPopupLevel%3D0%3B HTTP/1.1" 200 5886
192.168.10.89 - - [16/Jan/2017:10:55:10 -0300] "POST /cormun/servlet/solicitudot?gx-no-cache=1484578214129 HTTP/1.1" 200 1278
192.168.10.89 - - [16/Jan/2017:10:55:10 -0300] "POST /cormun/servlet/solicitudot?gx-no-cache=1484578214259 HTTP/1.1" 200 38
192.168.10.89 - - [16/Jan/2017:10:55:10 -0300] "GET /cormun/servlet/solicitudot?f48b11de35019c6aa6a345e1e75e7871cb2c4a5863c5e57907ebc82d0f3ac181ecde57d65411752edc970e06e4dbc86a61854f23dfe4dedaca12d392ba02871d9cc1a789f8b2fed8ffed659369871ef7564aecaeda90b7ff579926d254aab49fdaaa4fe9666bfd1f754032cf62bde7619bc4198158bfcf370efa676199c8f1a2a9d5bdd6feb0927043b05a7302e0dcd8aa980b1a833580749dee1d8237a33e6d,gx-no-cache=1484578214291 HTTP/1.1" 200 29
192.168.10.89 - - [16/Jan/2017:10:55:10 -0300] "POST /cormun/servlet/solicitudot?gx-no-cache=1484578214315 HTTP/1.1" 200 1261
192.168.10.89 - - [16/Jan/2017:10:55:10 -0300] "POST /cormun/servlet/solicitudot?gx-no-cache=1484578214355 HTTP/1.1" 200 1143
192.168.10.43 - - [16/Jan/2017:10:55:15 -0300] "POST /cormun/servlet/solicitudot?gx-no-cache=1484578218830 HTTP/1.1" 200 3169
192.168.10.43 - - [16/Jan/2017:10:55:15 -0300] "POST /cormun/servlet/solicitudot?f44279d6d200a464c142fc5386eda286,INS,0,0,,gx-no-cache=1484578219019 HTTP/1.1" 200 9912
192.168.10.43 - - [16/Jan/2017:10:55:15 -0300] "GET /cormun/servlet/solicitudot?492c95618f9353151a9c5aed5b066d3232db93d64a62e31cacbb8b4b631fa87c5ec3030a1a801171c0c66a6a753e628b,gx-no-cache=1484578219442 HTTP/1.1" 200 30
192.168.10.43 - - [16/Jan/2017:10:55:18 -0300] "POST /cormun/servlet/solicitudot?gx-no-cache=1484578222032 HTTP/1.1" 200 240
192.168.10.43 - - [16/Jan/2017:10:55:18 -0300] "GET /cormun/servlet/solicitudot?492c95618f9353151a9c5aed5b066d32185fae5e25a53a8f4c93a37570f7c8747a3d51dd0d962e9f5ddb014bd73b8c87eb47f2730d33a1dd4cbad3bab2023444363e7f1149e27f28d070c1a319c2b5531d8d15db45cc650dab136ebbb7548305dc3cd490cb7383695424f3f592f4758d352ff31682c28ff90110edfb022f523180b89dc914b36a9f6a8ccfe78b7ece6e12efb4523ef4497421db88cb7b50b03235df726313bf5cccde5aceed0339c36c68b0a62d945f72c95dd449c2c061434839762a535f769b28be11459b187020ed005fda9f87aa4574c91eb139f54f50a0796dcd4a9d310f14d57e459cd6e981a36d1e1ac54e2b4de50dcaa40973fc1bda21357a68ca85be84cd903caf9addc38965e729e1cf3d05342a2ae9e9ad1b53ffcdbd9ff27b8449e89768f44291a5297ad598fc73a01f45dcd1313b279da01c2da58d52b1d39aacedd58823e77288fa48e5fce216affb741ccfa7d0d65319095876bc46f2d832022491c885d5ae66c0a7512c66350e35c920cb1cdbc44cf5e137,gx-no-cache=1484578222154 HTTP/1.1" 200 30
192.168.10.89 - - [16/Jan/2017:10:55:18 -0300] "GET /cormun/servlet/solicitudot?f48b11de35019c6aa6a345e1e75e7871cb2c4a5863c5e57907ebc82d0f3ac181ecde57d65411752edc970e06e4dbc86a61854f23dfe4dedaca12d392ba02871d9cc1a789f8b2fed8ffed659369871ef7564aecaeda90b7ff579926d254aab49fdaaa4fe9666bfd1f754032cf62bde7619bc4198158bfcf370efa676199c8f1a2a9d5bdd6feb0927043b05a7302e0dcd8aa980b1a833580749dee1d8237a33e6d,gx-no-cache=1484578222551 HTTP/1.1" 200 29
192.168.10.89 - - [16/Jan/2017:10:55:18 -0300] "POST /cormun/servlet/solicitudot?gx-no-cache=1484578222593 HTTP/1.1" 200 1260
192.168.10.89 - - [16/Jan/2017:10:55:19 -0300] "POST /cormun/servlet/solicitudot?gx-no-cache=1484578223343 HTTP/1.1" 200 1143
192.168.10.43 - - [16/Jan/2017:10:55:20 -0300] "POST /cormun/servlet/solicitudot?gx-no-cache=1484578224355 HTTP/1.1" 200 30
192.168.10.89 - - [16/Jan/2017:10:55:24 -0300] "GET /cormun/servlet/solicitudot?f48b11de35019c6aa6a345e1e75e78710f5e74d4986d58387a00b3bfed6ef574f6c9b6ffba99f0ad9cd0818e6cf18b0b29d615f97e9a22c864e48a2d2074f5e8f31d84be6ba25274a13590ff7b86f9eaba1a4a75611187def96a929184ff7d94f744dcdfccdf867458f281c86facda20d15ac489d5af2aee1c13952a183fd8c26afa65f277a94cf0cbfbf001e7e5a86788df464a97b776488aad9b0bb2d78fa4a9abf8afd9d2b23b5dbf8d81dbe9d390,gx-no-cache=1484578227885 HTTP/1.1" 200 30
192.168.10.43 - - [16/Jan/2017:10:55:24 -0300] "POST /cormun/servlet/solicitudot?gx-no-cache=1484578228436 HTTP/1.1" 200 1278
192.168.10.43 - - [16/Jan/2017:10:55:24 -0300] "POST /cormun/servlet/solicitudot?gx-no-cache=1484578228587 HTTP/1.1" 200 38
192.168.10.89 - - [16/Jan/2017:10:55:27 -0300] "POST /cormun/servlet/solicitudot?a7c0c1898efa31dfb5d60831ac5022a2,INS,0,0,,gx-no-cache=1484578231391 HTTP/1.1" 200 93
192.168.10.89 - - [16/Jan/2017:10:55:27 -0300] "GET /cormun/servlet/hpexe_return? HTTP/1.1" 200 1004
192.168.10.89 - - [16/Jan/2017:10:55:28 -0300] "GET /cormun/servlet/trsolicitudot HTTP/1.1" 200 8469
192.168.10.43 - - [16/Jan/2017:10:55:33 -0300] "GET /cormun/servlet/solicitudot?492c95618f9353151a9c5aed5b066d3268dc9727380ecf0dea1d9c57893db8020760eda477593febfec1c575d291a7d233ea6f867902038498eeb6668371301620d2aa9fecb18400d90802d1a25d34aa72fe09f564d55060e2985b8f09b0f00e9229e9b5e2ee206611a5834ea275d494f4944833cf68719753d03cb18103f5a39a451625cfa3b5ccd9b2bfb0379355ac86a54190963226203817b121608b1f81c566540c72de7e067ac92006512574e33e4bded9e328d03dcfd5da4b77f21338703725650914d2a9254bb00fed68aa78,gx-no-cache=1484578237027 HTTP/1.1" 200 29
192.168.10.43 - - [16/Jan/2017:10:55:37 -0300] "POST /cormun/servlet/solicitudot?gx-no-cache=1484578240812 HTTP/1.1" 200 1261
192.168.10.43 - - [16/Jan/2017:10:55:37 -0300] "POST /cormun/servlet/solicitudot?gx-no-cache=1484578240930 HTTP/1.1" 200 1143
192.168.10.89 - - [16/Jan/2017:10:55:37 -0300] "GET /cormun/servlet/solicitudot?INS,0,0, HTTP/1.1" 200 12695
192.168.10.89 - - [16/Jan/2017:10:55:46 -0300] "GET /cormun/servlet/prfichaempleado?,MD,,gxPopupLevel%3D0%3B HTTP/1.1" 200 8790
192.168.10.89 - - [16/Jan/2017:10:55:51 -0300] "POST /cormun/servlet/prfichaempleado?a7c0c1898efa31dfb5d60831ac5022a2,,MD,,gxPopupLevel%3D0%3B,gx-no-cache=1484578254996 HTTP/1.1" 200 3415
192.168.10.89 - - [16/Jan/2017:10:55:53 -0300] "POST /cormun/servlet/solicitudot?gx-no-cache=1484578257177 HTTP/1.1" 200 3162
192.168.10.89 - - [16/Jan/2017:10:55:53 -0300] "POST /cormun/servlet/solicitudot?a7c0c1898efa31dfb5d60831ac5022a2,INS,0,0,,gx-no-cache=1484578257427 HTTP/1.1" 200 9921
192.168.10.43 - - [16/Jan/2017:10:55:55 -0300] "GET /cormun/servlet/solicitudot?492c95618f9353151a9c5aed5b066d3217e7722a6edcff07b87359deefee451a4bc9caec1eabf15b4309418c80d7043e1dc3fb2d7dc6ba8dfab06d671a3e8ab83e00df56ca82db09ea80a3186e28ac123d21cb12423f681cc32db5525567296be99efc91d82eb38284a956f4ae0e204b22997482d521c68888dd994749d010ade1872c0715e36f3d00b52c83deb6fc102560285ca6335f81e80b854e05726ae61a0882bc54a1b2f43a27161b7bb3638a,gx-no-cache=1484578258836 HTTP/1.1" 200 30
192.168.10.89 - - [16/Jan/2017:10:55:55 -0300] "GET /cormun/servlet/solicitudot?f48b11de35019c6aa6a345e1e75e787102d5809bf10e7c9d398f772a42a832e854683e7a295fb27d5a43d8f0332f8211,gx-no-cache=1484578258901 HTTP/1.1" 200 30
192.168.10.89 - - [16/Jan/2017:10:55:55 -0300] "POST /cormun/servlet/solicitudot?gx-no-cache=1484578258943 HTTP/1.1" 200 255
192.168.10.89 - - [16/Jan/2017:10:55:55 -0300] "GET /cormun/servlet/solicitudot?f48b11de35019c6aa6a345e1e75e7871d8cbbe9e53b40f6df2a77814b02f0f3303f053ab7013575d64db3ea58a0bb19594cd5a16e6e1e347ec9c1000c1f2c0880075a79b9cb17915f298a5ed4ed6888bcaffa18123bd3e55a37b5a4a8d8ab5e7275a896102c667a9354c8c39cecd6bc5d1bc5e52c7be1eb5d67a0d2de02ee703e5b469ca69faeaf1df7a43e720bb3ebc98170d27e11f185594f325f973fcb6efd2252b0cb4d34a647071c673754b49ea8a9510f09ef3a31de3fb935cd309aa031b2f8ba035a63d60ce6d827286f764865cdeb76fb40500c19e60d4ce2228d4f3f75faba4cdadb7e2342fcb96810765dce4c00f7a551a20c43a0a185de5706f0452ba373fa110bef88fb68cd02a79a9119479cb77e852adb0e48809f595a3e2f9bbf4f65e7596042ef043e3d29f75e1231925b3a7f9b472eeabaf4ac1769c2536e8e4aaaa4c7a20d473f8bb482057064bbed1a3fc14c0aeb40ea7f9d6648b4cd08c3bf96132a25959bc1a8dc35dd5b01f7e14543dd0aa7be4d5f6a19c9b2df417,gx-no-cache=1484578258976 HTTP/1.1" 200 30
192.168.10.43 - - [16/Jan/2017:10:55:55 -0300] "POST /cormun/servlet/solicitudot?f44279d6d200a464c142fc5386eda286,INS,0,0,,gx-no-cache=1484578258904 HTTP/1.1" 200 93
192.168.10.43 - - [16/Jan/2017:10:55:55 -0300] "GET /cormun/servlet/hpexe_return? HTTP/1.1" 200 1008
192.168.10.43 - - [16/Jan/2017:10:55:55 -0300] "GET /cormun/servlet/trsolicitudot HTTP/1.1" 200 8260
192.168.10.89 - - [16/Jan/2017:10:55:56 -0300] "POST /cormun/servlet/solicitudot?gx-no-cache=1484578259932 HTTP/1.1" 200 30
192.168.10.43 - - [16/Jan/2017:10:55:56 -0300] "GET /cormun/servlet/trsolicitudot HTTP/1.1" 200 8256
192.168.10.89 - - [16/Jan/2017:10:55:57 -0300] "GET /cormun/servlet/prcontratosol?8400588,,,,,MD,,gxPopupLevel%3D0%3B HTTP/1.1" 200 5886
192.168.10.89 - - [16/Jan/2017:10:55:59 -0300] "POST /cormun/servlet/solicitudot?gx-no-cache=1484578263053 HTTP/1.1" 200 1278
192.168.10.89 - - [16/Jan/2017:10:55:59 -0300] "POST /cormun/servlet/solicitudot?gx-no-cache=1484578263191 HTTP/1.1" 200 38
192.168.10.89 - - [16/Jan/2017:10:55:59 -0300] "GET /cormun/servlet/solicitudot?f48b11de35019c6aa6a345e1e75e7871cb2c4a5863c5e57907ebc82d0f3ac181ecde57d65411752edc970e06e4dbc86a61854f23dfe4dedaca12d392ba02871d9cc1a789f8b2fed8ffed659369871ef7564aecaeda90b7ff579926d254aab49fdaaa4fe9666bfd1f754032cf62bde7619bc4198158bfcf370efa676199c8f1a2a9d5bdd6feb0927043b05a7302e0dcd8aa980b1a833580749dee1d8237a33e6d,gx-no-cache=1484578263240 HTTP/1.1" 200 29
192.168.10.89 - - [16/Jan/2017:10:55:59 -0300] "POST /cormun/servlet/solicitudot?gx-no-cache=1484578263265 HTTP/1.1" 200 1261
192.168.10.89 - - [16/Jan/2017:10:55:59 -0300] "POST /cormun/servlet/solicitudot?gx-no-cache=1484578263306 HTTP/1.1" 200 1143
192.168.10.89 - - [16/Jan/2017:10:56:08 -0300] "GET /cormun/servlet/solicitudot?f48b11de35019c6aa6a345e1e75e7871cb2c4a5863c5e57907ebc82d0f3ac181ecde57d65411752edc970e06e4dbc86a61854f23dfe4dedaca12d392ba02871d9cc1a789f8b2fed8ffed659369871ef7564aecaeda90b7ff579926d254aab49fdaaa4fe9666bfd1f754032cf62bde7619bc4198158bfcf370efa676199c8f1a2a9d5bdd6feb0927043b05a7302e0dcd8aa980b1a833580749dee1d8237a33e6d,gx-no-cache=1484578272369 HTTP/1.1" 200 29
192.168.10.89 - - [16/Jan/2017:10:56:08 -0300] "POST /cormun/servlet/solicitudot?gx-no-cache=1484578272456 HTTP/1.1" 200 1261
192.168.10.89 - - [16/Jan/2017:10:56:09 -0300] "POST /cormun/servlet/solicitudot?gx-no-cache=1484578272717 HTTP/1.1" 200 1143
192.168.10.89 - - [16/Jan/2017:10:56:12 -0300] "GET /cormun/servlet/solicitudot?f48b11de35019c6aa6a345e1e75e78710f5e74d4986d58387a00b3bfed6ef574f6c9b6ffba99f0ad9cd0818e6cf18b0b29d615f97e9a22c864e48a2d2074f5e8f31d84be6ba25274a13590ff7b86f9eaba1a4a75611187def96a929184ff7d94f744dcdfccdf867458f281c86facda20d15ac489d5af2aee1c13952a183fd8c26afa65f277a94cf0cbfbf001e7e5a86788df464a97b776488aad9b0bb2d78fa4a9abf8afd9d2b23b5dbf8d81dbe9d390,gx-no-cache=1484578276030 HTTP/1.1" 200 30
192.168.10.89 - - [16/Jan/2017:10:56:15 -0300] "POST /cormun/servlet/solicitudot?a7c0c1898efa31dfb5d60831ac5022a2,INS,0,0,,gx-no-cache=1484578278606 HTTP/1.1" 200 93
192.168.10.89 - - [16/Jan/2017:10:56:15 -0300] "GET /cormun/servlet/hpexe_return? HTTP/1.1" 200 1004
192.168.10.89 - - [16/Jan/2017:10:56:15 -0300] "GET /cormun/servlet/trsolicitudot HTTP/1.1" 200 8723
192.168.10.89 - - [16/Jan/2017:10:56:44 -0300] "POST /cormun/servlet/trsolicitudot?a7c0c1898efa31dfb5d60831ac5022a2,gx-no-cache=1484578307807 HTTP/1.1" 200 5759
192.168.10.89 - - [16/Jan/2017:10:56:44 -0300] "POST /cormun/servlet/trsolicitudot?a7c0c1898efa31dfb5d60831ac5022a2,gx-no-cache=1484578308164 HTTP/1.1" 200 5701
192.168.10.89 - - [16/Jan/2017:10:56:44 -0300] "GET /cormun/static/Shared/jqueryui/images/ui-bg_highlight-soft_100_c6c2c8_1x100.png HTTP/1.1" 404 1117
192.168.10.89 - - [16/Jan/2017:10:56:44 -0300] "GET /cormun/static/Shared/jqueryui/images/ui-icons_8d78a5_256x240.png HTTP/1.1" 404 1089
192.168.10.89 - - [16/Jan/2017:10:56:44 -0300] "GET /cormun/static/Shared/jqueryui/images/ui-bg_flat_55_fafafa_40x100.png HTTP/1.1" 404 1097
192.168.10.89 - - [16/Jan/2017:10:56:44 -0300] "GET /cormun/static/Shared/jqueryui/images/ui-icons_82798d_256x240.png HTTP/1.1" 404 1089
192.168.10.89 - - [16/Jan/2017:10:56:45 -0300] "POST /cormun/servlet/trsolicitudot?a7c0c1898efa31dfb5d60831ac5022a2,gx-no-cache=1484578309062 HTTP/1.1" 200 5465
192.168.10.89 - - [16/Jan/2017:10:56:45 -0300] "POST /cormun/servlet/trsolicitudot?a7c0c1898efa31dfb5d60831ac5022a2,gx-no-cache=1484578309556 HTTP/1.1" 200 5409
192.168.10.89 - - [16/Jan/2017:10:56:46 -0300] "POST /cormun/servlet/trsolicitudot?a7c0c1898efa31dfb5d60831ac5022a2,gx-no-cache=1484578310420 HTTP/1.1" 200 4330
192.168.10.89 - - [16/Jan/2017:10:56:47 -0300] "POST /cormun/servlet/trsolicitudot?a7c0c1898efa31dfb5d60831ac5022a2,gx-no-cache=1484578311098 HTTP/1.1" 200 4095
192.168.10.89 - - [16/Jan/2017:10:57:05 -0300] "GET /cormun/servlet/solicitudot?INS,0,0, HTTP/1.1" 200 12697
192.168.10.89 - - [16/Jan/2017:10:57:15 -0300] "GET /cormun/servlet/prfichaempleado?,MD,,gxPopupLevel%3D0%3B HTTP/1.1" 200 8790
192.168.10.89 - - [16/Jan/2017:10:57:26 -0300] "POST /cormun/servlet/prfichaempleado?a7c0c1898efa31dfb5d60831ac5022a2,,MD,,gxPopupLevel%3D0%3B,gx-no-cache=1484578350216 HTTP/1.1" 200 3407
192.168.10.89 - - [16/Jan/2017:10:57:29 -0300] "POST /cormun/servlet/solicitudot?gx-no-cache=1484578352678 HTTP/1.1" 200 3189
192.168.10.89 - - [16/Jan/2017:10:57:29 -0300] "POST /cormun/servlet/solicitudot?a7c0c1898efa31dfb5d60831ac5022a2,INS,0,0,,gx-no-cache=1484578352955 HTTP/1.1" 200 9920
192.168.10.89 - - [16/Jan/2017:10:57:33 -0300] "GET /cormun/servlet/solicitudot?f48b11de35019c6aa6a345e1e75e7871eed9c6c07f41e3ce3a3340c4e4814daa8b2a0ad028fcbd153d22f49623e1ccf1,gx-no-cache=1484578357033 HTTP/1.1" 200 30
192.168.10.89 - - [16/Jan/2017:10:57:33 -0300] "POST /cormun/servlet/solicitudot?gx-no-cache=1484578357072 HTTP/1.1" 200 256
192.168.10.89 - - [16/Jan/2017:10:57:33 -0300] "GET /cormun/servlet/solicitudot?f48b11de35019c6aa6a345e1e75e7871d8cbbe9e53b40f6df2a77814b02f0f33091ea1bc8e6ac9210ff88f5cd54c178d94cd5a16e6e1e347ec9c1000c1f2c0880075a79b9cb17915f298a5ed4ed6888bcaffa18123bd3e55a37b5a4a8d8ab5e7275a896102c667a9354c8c39cecd6bc5d1bc5e52c7be1eb5d67a0d2de02ee703e5b469ca69faeaf1df7a43e720bb3ebc98170d27e11f185594f325f973fcb6efd2252b0cb4d34a647071c673754b49ea8a9510f09ef3a31de3fb935cd309aa031b2f8ba035a63d60ce6d827286f764865cdeb76fb40500c19e60d4ce2228d4f3f75faba4cdadb7e2342fcb96810765dc85ddad27ecef481f5e6414373184d74552ba373fa110bef88fb68cd02a79a9115f1cb61f2f1a7112464b4c9fe31f90bec21df622a60d7e77f567bf464eed42b6b50ff0689283b3283d8c57efcf8a276a3fd656e6682217556d88f76014f6e4c6b1309b53a41e3ed0935d261f7a024e0b976350951f08ad1021a2296a11dd1ba093571fd60c1e8254aad9bf2586cd061e,gx-no-cache=1484578357130 HTTP/1.1" 200 30
192.168.10.89 - - [16/Jan/2017:10:57:34 -0300] "POST /cormun/servlet/solicitudot?gx-no-cache=1484578358091 HTTP/1.1" 200 30
192.168.10.89 - - [16/Jan/2017:10:57:38 -0300] "POST /cormun/servlet/solicitudot?gx-no-cache=1484578362242 HTTP/1.1" 200 235
192.168.10.89 - - [16/Jan/2017:10:57:38 -0300] "POST /cormun/servlet/solicitudot?gx-no-cache=1484578362344 HTTP/1.1" 200 38
192.168.10.89 - - [16/Jan/2017:10:57:47 -0300] "GET /cormun/servlet/solicitudot?f48b11de35019c6aa6a345e1e75e7871cb2c4a5863c5e57907ebc82d0f3ac181ecde57d65411752edc970e06e4dbc86a831f73c2be5e1395638e4d0bb706fc7d89911396ae81dc0c24b6e7fca0a2fe2b0d624d14bc0dbe9fa526d6cb0f9461faec1fe2d7477775472c9056681bf2d196,gx-no-cache=1484578371503 HTTP/1.1" 200 29
192.168.10.89 - - [16/Jan/2017:10:57:47 -0300] "POST /cormun/servlet/solicitudot?gx-no-cache=1484578371559 HTTP/1.1" 200 604
192.168.10.89 - - [16/Jan/2017:10:57:51 -0300] "POST /cormun/servlet/solicitudot?gx-no-cache=1484578374656 HTTP/1.1" 200 1144
192.168.10.89 - - [16/Jan/2017:10:58:25 -0300] "GET /cormun/servlet/solicitudot?f48b11de35019c6aa6a345e1e75e7871082056639b3b47500b2a65a6b773b019c15a2452f374b17d23d2d2e48e8cc3a4fc114142aa1aa9c91e47c30383eafbb6d10ec41c266251c9f2120907343b46bc8e42064520fcbef235df1db95e2505d17b1d42f60fe87f18a289aaf60b99be7e391176db0c19351ff80d1b07f7f5b2576017f398dab1acc1275e891fcd6ae65ea164012ee3e7ffe3ca614bc6f5be13018064e7ed3f2c0ec80f9c4f319661e4ae,gx-no-cache=1484578408919 HTTP/1.1" 200 30
192.168.10.89 - - [16/Jan/2017:10:58:28 -0300] "POST /cormun/servlet/solicitudot?a7c0c1898efa31dfb5d60831ac5022a2,INS,0,0,,gx-no-cache=1484578411994 HTTP/1.1" 200 93
192.168.10.89 - - [16/Jan/2017:10:58:28 -0300] "GET /cormun/servlet/hpexe_return? HTTP/1.1" 200 1024
192.168.10.89 - - [16/Jan/2017:10:58:29 -0300] "GET /cormun/servlet/trsolicitudot?gx-no-cache=1484578311098 HTTP/1.1" 200 8119
192.168.10.89 - - [16/Jan/2017:10:58:36 -0300] "GET /cormun/servlet/solicitudot?INS,0,0, HTTP/1.1" 200 12719
192.168.10.89 - - [16/Jan/2017:10:58:45 -0300] "GET /cormun/servlet/prfichaempleado?,MD,,gxPopupLevel%3D0%3B HTTP/1.1" 200 8790
192.168.10.89 - - [16/Jan/2017:10:58:52 -0300] "POST /cormun/servlet/prfichaempleado?a7c0c1898efa31dfb5d60831ac5022a2,,MD,,gxPopupLevel%3D0%3B,gx-no-cache=1484578436424 HTTP/1.1" 200 3410
192.168.10.89 - - [16/Jan/2017:10:58:55 -0300] "POST /cormun/servlet/solicitudot?gx-no-cache=1484578438697 HTTP/1.1" 200 3176
192.168.10.89 - - [16/Jan/2017:10:58:55 -0300] "POST /cormun/servlet/solicitudot?a7c0c1898efa31dfb5d60831ac5022a2,INS,0,0,,gx-no-cache=1484578438942 HTTP/1.1" 200 9932
192.168.10.89 - - [16/Jan/2017:10:59:00 -0300] "GET /cormun/servlet/solicitudot?f48b11de35019c6aa6a345e1e75e78715fd4eea5009ee4f2626d96209592e0048b2a0ad028fcbd153d22f49623e1ccf1,gx-no-cache=1484578444041 HTTP/1.1" 200 30
192.168.10.89 - - [16/Jan/2017:10:59:00 -0300] "POST /cormun/servlet/solicitudot?gx-no-cache=1484578444090 HTTP/1.1" 200 256
192.168.10.89 - - [16/Jan/2017:10:59:00 -0300] "GET /cormun/servlet/solicitudot?f48b11de35019c6aa6a345e1e75e7871d8cbbe9e53b40f6df2a77814b02f0f33091ea1bc8e6ac9210ff88f5cd54c178d94cd5a16e6e1e347ec9c1000c1f2c0880075a79b9cb17915f298a5ed4ed6888bcaffa18123bd3e55a37b5a4a8d8ab5e7275a896102c667a9354c8c39cecd6bc5d1bc5e52c7be1eb5d67a0d2de02ee703e5b469ca69faeaf1df7a43e720bb3ebc98170d27e11f185594f325f973fcb6efd2252b0cb4d34a647071c673754b49ea8a9510f09ef3a31de3fb935cd309aa031b2f8ba035a63d60ce6d827286f764865cdeb76fb40500c19e60d4ce2228d4f3f75faba4cdadb7e2342fcb96810765dc85ddad27ecef481f5e6414373184d74552ba373fa110bef88fb68cd02a79a9115f1cb61f2f1a7112464b4c9fe31f90bec21df622a60d7e77f567bf464eed42b6b50ff0689283b3283d8c57efcf8a276a3fd656e6682217556d88f76014f6e4c6b1309b53a41e3ed0935d261f7a024e0b976350951f08ad1021a2296a11dd1ba093571fd60c1e8254aad9bf2586cd061e,gx-no-cache=1484578444127 HTTP/1.1" 200 30
192.168.10.89 - - [16/Jan/2017:10:59:01 -0300] "POST /cormun/servlet/solicitudot?gx-no-cache=1484578445596 HTTP/1.1" 200 30
192.168.10.89 - - [16/Jan/2017:10:59:04 -0300] "POST /cormun/servlet/solicitudot?gx-no-cache=1484578448368 HTTP/1.1" 200 235
192.168.10.89 - - [16/Jan/2017:10:59:04 -0300] "POST /cormun/servlet/solicitudot?gx-no-cache=1484578448423 HTTP/1.1" 200 38
192.168.10.43 - - [16/Jan/2017:10:59:10 -0300] "POST /cormun/servlet/trsolicitudot?f44279d6d200a464c142fc5386eda286,gx-no-cache=1484578454016 HTTP/1.1" 200 4317
192.168.10.43 - - [16/Jan/2017:10:59:10 -0300] "GET /cormun/static/Shared/jqueryui/images/ui-bg_highlight-soft_100_c6c2c8_1x100.png HTTP/1.1" 404 1117
192.168.10.43 - - [16/Jan/2017:10:59:10 -0300] "GET /cormun/static/Shared/jqueryui/images/ui-icons_82798d_256x240.png HTTP/1.1" 404 1089
192.168.10.43 - - [16/Jan/2017:10:59:10 -0300] "GET /cormun/static/Shared/jqueryui/images/ui-bg_flat_55_fafafa_40x100.png HTTP/1.1" 404 1097
192.168.10.43 - - [16/Jan/2017:10:59:10 -0300] "GET /cormun/static/Shared/jqueryui/images/ui-icons_8d78a5_256x240.png HTTP/1.1" 404 1089
192.168.10.43 - - [16/Jan/2017:10:59:10 -0300] "POST /cormun/servlet/trsolicitudot?f44279d6d200a464c142fc5386eda286,gx-no-cache=1484578454417 HTTP/1.1" 200 4091
192.168.10.89 - - [16/Jan/2017:10:59:11 -0300] "GET /cormun/servlet/solicitudot?f48b11de35019c6aa6a345e1e75e7871cb2c4a5863c5e57907ebc82d0f3ac181ecde57d65411752edc970e06e4dbc86a831f73c2be5e1395638e4d0bb706fc7d89911396ae81dc0c24b6e7fca0a2fe2b0d624d14bc0dbe9fa526d6cb0f9461faec1fe2d7477775472c9056681bf2d196,gx-no-cache=1484578455097 HTTP/1.1" 200 29
192.168.10.89 - - [16/Jan/2017:10:59:11 -0300] "POST /cormun/servlet/solicitudot?gx-no-cache=1484578455173 HTTP/1.1" 200 605
192.168.10.43 - - [16/Jan/2017:10:59:12 -0300] "GET /cormun/servlet/trautorizarsolicitud? HTTP/1.1" 200 8183
192.168.10.43 - - [16/Jan/2017:10:59:12 -0300] "GET /cormun/static/gxcfg.js?20171111229471 HTTP/1.1" 200 953
192.168.10.43 - - [16/Jan/2017:10:59:12 -0300] "GET /cormun/static/trautorizarsolicitud.js?201711112291232 HTTP/1.1" 304 -
192.168.10.43 - - [16/Jan/2017:10:59:13 -0300] "GET /cormun/servlet/trautorizarsolicitud? HTTP/1.1" 200 8182
192.168.10.89 - - [16/Jan/2017:10:59:14 -0300] "POST /cormun/servlet/solicitudot?gx-no-cache=1484578457759 HTTP/1.1" 200 1144
192.168.10.43 - - [16/Jan/2017:10:59:16 -0300] "POST /cormun/servlet/trautorizarsolicitud?f44279d6d200a464c142fc5386eda286,,gx-no-cache=1484578459894 HTTP/1.1" 200 4291
192.168.10.43 - - [16/Jan/2017:10:59:16 -0300] "GET /cormun/static/Shared/jqueryui/images/ui-bg_highlight-soft_100_c6c2c8_1x100.png HTTP/1.1" 404 1117
192.168.10.43 - - [16/Jan/2017:10:59:16 -0300] "GET /cormun/static/Shared/jqueryui/images/ui-icons_82798d_256x240.png HTTP/1.1" 404 1089
192.168.10.43 - - [16/Jan/2017:10:59:16 -0300] "GET /cormun/static/Shared/jqueryui/images/ui-bg_flat_55_fafafa_40x100.png HTTP/1.1" 404 1097
192.168.10.43 - - [16/Jan/2017:10:59:16 -0300] "GET /cormun/static/Shared/jqueryui/images/ui-icons_8d78a5_256x240.png HTTP/1.1" 404 1089
192.168.10.43 - - [16/Jan/2017:10:59:16 -0300] "POST /cormun/servlet/trautorizarsolicitud?f44279d6d200a464c142fc5386eda286,,gx-no-cache=1484578460106 HTTP/1.1" 200 4069
192.168.10.43 - - [16/Jan/2017:10:59:17 -0300] "GET /cormun/servlet/trsolicitudot? HTTP/1.1" 200 6958
192.168.10.43 - - [16/Jan/2017:10:59:18 -0300] "GET /cormun/servlet/trsolicitudot? HTTP/1.1" 200 6958
192.168.10.43 - - [16/Jan/2017:10:59:21 -0300] "GET /cormun/servlet/solicitudot?INS,0,0, HTTP/1.1" 200 12780
192.168.10.43 - - [16/Jan/2017:10:59:21 -0300] "GET /cormun/servlet/solicitudot?INS,0,0, HTTP/1.1" 200 12785
192.168.10.89 - - [16/Jan/2017:10:59:23 -0300] "GET /cormun/servlet/solicitudot?f48b11de35019c6aa6a345e1e75e7871b035f5c4a60f071eabc74e678d49430038a5207e525ec34baa5185692f501928fc114142aa1aa9c91e47c30383eafbb6d10ec41c266251c9f2120907343b46bc8e42064520fcbef235df1db95e2505d17b1d42f60fe87f18a289aaf60b99be7e391176db0c19351ff80d1b07f7f5b2576017f398dab1acc1275e891fcd6ae65ea164012ee3e7ffe3ca614bc6f5be13018064e7ed3f2c0ec80f9c4f319661e4ae,gx-no-cache=1484578466847 HTTP/1.1" 200 30
192.168.10.89 - - [16/Jan/2017:10:59:25 -0300] "POST /cormun/servlet/solicitudot?a7c0c1898efa31dfb5d60831ac5022a2,INS,0,0,,gx-no-cache=1484578469463 HTTP/1.1" 200 93
192.168.10.89 - - [16/Jan/2017:10:59:26 -0300] "GET /cormun/servlet/hpexe_return? HTTP/1.1" 200 1024
192.168.10.89 - - [16/Jan/2017:10:59:26 -0300] "GET /cormun/servlet/trsolicitudot?gx-no-cache=1484578311098 HTTP/1.1" 200 8493
192.168.10.43 - - [16/Jan/2017:10:59:30 -0300] "GET /cormun/servlet/prfichaempleado?,MD,,gxPopupLevel%3D0%3B HTTP/1.1" 200 8891
192.168.10.89 - - [16/Jan/2017:10:59:37 -0300] "GET /cormun/servlet/solicitudot?INS,0,0, HTTP/1.1" 200 12719
192.168.10.43 - - [16/Jan/2017:10:59:40 -0300] "POST /cormun/servlet/prfichaempleado?f44279d6d200a464c142fc5386eda286,,MD,,gxPopupLevel%3D0%3B,gx-no-cache=1484578484417 HTTP/1.1" 200 3407
192.168.10.89 - - [16/Jan/2017:10:59:46 -0300] "GET /cormun/servlet/prfichaempleado?,MD,,gxPopupLevel%3D0%3B HTTP/1.1" 200 8790
192.168.10.43 - - [16/Jan/2017:10:59:47 -0300] "POST /cormun/servlet/solicitudot?gx-no-cache=1484578490770 HTTP/1.1" 200 3169
192.168.10.43 - - [16/Jan/2017:10:59:47 -0300] "POST /cormun/servlet/solicitudot?f44279d6d200a464c142fc5386eda286,INS,0,0,,gx-no-cache=1484578490936 HTTP/1.1" 200 9913
192.168.10.43 - - [16/Jan/2017:10:59:48 -0300] "GET /cormun/servlet/solicitudot?492c95618f9353151a9c5aed5b066d3232db93d64a62e31cacbb8b4b631fa87c5ec3030a1a801171c0c66a6a753e628b,gx-no-cache=1484578492676 HTTP/1.1" 200 30
192.168.10.43 - - [16/Jan/2017:10:59:49 -0300] "POST /cormun/servlet/solicitudot?gx-no-cache=1484578492747 HTTP/1.1" 200 240
192.168.10.43 - - [16/Jan/2017:10:59:49 -0300] "GET /cormun/servlet/solicitudot?492c95618f9353151a9c5aed5b066d32185fae5e25a53a8f4c93a37570f7c8747a3d51dd0d962e9f5ddb014bd73b8c87eb47f2730d33a1dd4cbad3bab2023444363e7f1149e27f28d070c1a319c2b5531d8d15db45cc650dab136ebbb7548305dc3cd490cb7383695424f3f592f4758d352ff31682c28ff90110edfb022f523180b89dc914b36a9f6a8ccfe78b7ece6e12efb4523ef4497421db88cb7b50b03235df726313bf5cccde5aceed0339c36c68b0a62d945f72c95dd449c2c061434839762a535f769b28be11459b187020ed005fda9f87aa4574c91eb139f54f50a0796dcd4a9d310f14d57e459cd6e981a36d1e1ac54e2b4de50dcaa40973fc1bda21357a68ca85be84cd903caf9addc38965e729e1cf3d05342a2ae9e9ad1b53ffcdbd9ff27b8449e89768f44291a5297ad598fc73a01f45dcd1313b279da01c2da58d52b1d39aacedd58823e77288fa48e5fce216affb741ccfa7d0d65319095876bc46f2d832022491c885d5ae66c0a7512c66350e35c920cb1cdbc44cf5e137,gx-no-cache=1484578492857 HTTP/1.1" 200 30
192.168.10.89 - - [16/Jan/2017:10:59:53 -0300] "POST /cormun/servlet/prfichaempleado?a7c0c1898efa31dfb5d60831ac5022a2,,MD,,gxPopupLevel%3D0%3B,gx-no-cache=1484578497089 HTTP/1.1" 200 3544
192.168.10.89 - - [16/Jan/2017:10:59:56 -0300] "POST /cormun/servlet/solicitudot?gx-no-cache=1484578500144 HTTP/1.1" 200 3182
192.168.10.89 - - [16/Jan/2017:10:59:56 -0300] "POST /cormun/servlet/solicitudot?a7c0c1898efa31dfb5d60831ac5022a2,INS,0,0,,gx-no-cache=1484578500406 HTTP/1.1" 200 9963
192.168.10.89 - - [16/Jan/2017:10:59:59 -0300] "GET /cormun/servlet/solicitudot?f48b11de35019c6aa6a345e1e75e78714933f55644870ca341a076c5a228d7d68b2a0ad028fcbd153d22f49623e1ccf1,gx-no-cache=1484578503246 HTTP/1.1" 200 30
192.168.10.89 - - [16/Jan/2017:10:59:59 -0300] "POST /cormun/servlet/solicitudot?gx-no-cache=1484578503299 HTTP/1.1" 200 297
192.168.10.89 - - [16/Jan/2017:10:59:59 -0300] "GET /cormun/servlet/solicitudot?f48b11de35019c6aa6a345e1e75e7871d8cbbe9e53b40f6df2a77814b02f0f33d7f014134a5b6d18e4a00939ded2892294cd5a16e6e1e347ec9c1000c1f2c0880075a79b9cb17915f298a5ed4ed6888bcaffa18123bd3e55a37b5a4a8d8ab5e7275a896102c667a9354c8c39cecd6bc5d1bc5e52c7be1eb5d67a0d2de02ee703e5b469ca69faeaf1df7a43e720bb3ebc98170d27e11f185594f325f973fcb6efd2252b0cb4d34a647071c673754b49ea8a9510f09ef3a31de3fb935cd309aa031b2f8ba035a63d60ce6d827286f764865cdeb76fb40500c19e60d4ce2228d4f3f75faba4cdadb7e2342fcb96810765dc85ddad27ecef481f5e6414373184d74552ba373fa110bef88fb68cd02a79a9115f1cb61f2f1a7112464b4c9fe31f90bec21df622a60d7e77f567bf464eed42b6b50ff0689283b3283d8c57efcf8a276aea1f36329bb5335aa2656f658fd23aa05c1ed2352b5588073a09418ed4fb9924176fbce6aa859e38fa577f71e2d00f6ee758a8844e12e9fb378d10d52618013b6ab68cbae9d4b3a003551024d1c4e60f,gx-no-cache=1484578503340 HTTP/1.1" 200 30
192.168.10.89 - - [16/Jan/2017:11:00:01 -0300] "POST /cormun/servlet/solicitudot?gx-no-cache=1484578505256 HTTP/1.1" 200 30
192.168.10.89 - - [16/Jan/2017:11:00:02 -0300] "POST /cormun/servlet/solicitudot?gx-no-cache=1484578506064 HTTP/1.1" 200 235
192.168.10.89 - - [16/Jan/2017:11:00:02 -0300] "POST /cormun/servlet/solicitudot?gx-no-cache=1484578506119 HTTP/1.1" 200 38
192.168.10.43 - - [16/Jan/2017:11:00:04 -0300] "GET /cormun/servlet/trvisualizadoreventos? HTTP/1.1" 200 6732
192.168.10.43 - - [16/Jan/2017:11:00:04 -0300] "GET /cormun/static/gxcfg.js?2016101716203350 HTTP/1.1" 200 953
192.168.10.43 - - [16/Jan/2017:11:00:04 -0300] "GET /cormun/static/trvisualizadoreventos.js?2016101716203614 HTTP/1.1" 304 -
192.168.10.43 - - [16/Jan/2017:11:00:05 -0300] "GET /cormun/servlet/trvisualizadoreventos? HTTP/1.1" 200 6726
192.168.10.89 - - [16/Jan/2017:11:00:08 -0300] "GET /cormun/servlet/solicitudot?f48b11de35019c6aa6a345e1e75e7871cb2c4a5863c5e57907ebc82d0f3ac181ecde57d65411752edc970e06e4dbc86a831f73c2be5e1395638e4d0bb706fc7d89911396ae81dc0c24b6e7fca0a2fe2b0d624d14bc0dbe9fa526d6cb0f9461faec1fe2d7477775472c9056681bf2d196,gx-no-cache=1484578512294 HTTP/1.1" 200 29
192.168.10.89 - - [16/Jan/2017:11:00:08 -0300] "POST /cormun/servlet/solicitudot?gx-no-cache=1484578512349 HTTP/1.1" 200 605
192.168.10.43 - - [16/Jan/2017:11:00:10 -0300] "POST /cormun/servlet/trvisualizadoreventos?f44279d6d200a464c142fc5386eda286,,gx-no-cache=1484578514308 HTTP/1.1" 200 3946
192.168.10.89 - - [16/Jan/2017:11:00:11 -0300] "POST /cormun/servlet/solicitudot?gx-no-cache=1484578515205 HTTP/1.1" 200 1144
192.168.10.43 - - [16/Jan/2017:11:00:13 -0300] "GET /cormun/servlet/trautorizarsolicitud? HTTP/1.1" 200 6905
192.168.10.43 - - [16/Jan/2017:11:00:14 -0300] "GET /cormun/servlet/trautorizarsolicitud? HTTP/1.1" 200 6905
192.168.10.43 - - [16/Jan/2017:11:00:16 -0300] "GET /cormun/servlet/trsolicitudot? HTTP/1.1" 200 6958
192.168.10.43 - - [16/Jan/2017:11:00:17 -0300] "GET /cormun/servlet/trsolicitudot? HTTP/1.1" 200 6958
