192.168.10.17 - - [16/Jan/2017:17:00:58 -0300] "POST /cormun/servlet/solicitudot?gx-no-cache=1484600637252 HTTP/1.1" 200 1260
192.168.10.17 - - [16/Jan/2017:17:00:58 -0300] "POST /cormun/servlet/solicitudot?gx-no-cache=1484600637315 HTTP/1.1" 200 1143
192.168.10.17 - - [16/Jan/2017:17:01:02 -0300] "POST /cormun/servlet/solicitudot?6d3cd17835508dbde6c544b6f5b0582c,INS,0,0,,gx-no-cache=1484600641560 HTTP/1.1" 200 90
192.168.10.17 - - [16/Jan/2017:17:01:02 -0300] "GET /cormun/servlet/hpexe_link HTTP/1.1" 200 962
192.168.10.17 - - [16/Jan/2017:17:01:02 -0300] "GET /cormun/servlet/trsolicitudot HTTP/1.1" 200 9092
192.168.10.17 - - [16/Jan/2017:17:01:03 -0300] "GET /cormun/servlet/trsolicitudot HTTP/1.1" 200 9090
192.168.10.17 - - [16/Jan/2017:17:01:08 -0300] "GET /cormun/servlet/solicitudot?INS,0,0, HTTP/1.1" 200 12694
192.168.10.17 - - [16/Jan/2017:17:01:09 -0300] "GET /cormun/servlet/solicitudot?INS,0,0, HTTP/1.1" 200 12699
192.168.10.17 - - [16/Jan/2017:17:01:42 -0300] "GET /cormun/servlet/prfichaempleado?,MD,,gxPopupLevel%3D0%3B HTTP/1.1" 200 8790
192.168.10.89 - - [16/Jan/2017:17:01:47 -0300] "POST /cormun/servlet/trsolicitudgral?addac70396df76dbf06aafff0adb3362,,gx-no-cache=1484600210964 HTTP/1.1" 200 115
192.168.10.89 - - [16/Jan/2017:17:01:47 -0300] "GET /cormun/servlet/solicitudotlog?INS,2017,3897,0,REC, HTTP/1.1" 200 6113
192.168.10.89 - - [16/Jan/2017:17:01:49 -0300] "GET /cormun/servlet/solicitudotlog?54fd36cabec530888785601c911e66e81e98a029b4313b57ee7e79e16ef2b8a7dd0e2e6c1369524a3a0d9fa07dcadfa5d04084ed6482e9b42bebc129b658edccc7905c5988615f4cb4a5f42bb93758dbb9ad6d8ea6cc7fadf81d79da1dd47f0c4f5cc1c708a05ad4bbb50eff632744525339033e48ea6ffaaf7078df26b5e5b1381ad1092fe8890ae7e6d13284884fbae9f69f16385050aa057275efb2edfed9,gx-no-cache=1484600212983 HTTP/1.1" 200 94
192.168.10.89 - - [16/Jan/2017:17:01:53 -0300] "POST /cormun/servlet/solicitudotlog?addac70396df76dbf06aafff0adb3362,INS,2017,3897,0,REC,,gx-no-cache=1484600217411 HTTP/1.1" 200 93
192.168.10.89 - - [16/Jan/2017:17:01:53 -0300] "GET /cormun/servlet/hpexe_return? HTTP/1.1" 200 1017
192.168.10.89 - - [16/Jan/2017:17:01:55 -0300] "GET /cormun/servlet/trsolicitudgral? HTTP/1.1" 200 9587
192.168.10.17 - - [16/Jan/2017:17:02:00 -0300] "POST /cormun/servlet/prfichaempleado?6d3cd17835508dbde6c544b6f5b0582c,,MD,,gxPopupLevel%3D0%3B,gx-no-cache=1484600699767 HTTP/1.1" 200 3396
192.168.10.17 - - [16/Jan/2017:17:02:03 -0300] "POST /cormun/servlet/solicitudot?gx-no-cache=1484600702752 HTTP/1.1" 200 3168
192.168.10.17 - - [16/Jan/2017:17:02:04 -0300] "POST /cormun/servlet/solicitudot?6d3cd17835508dbde6c544b6f5b0582c,INS,0,0,,gx-no-cache=1484600702921 HTTP/1.1" 200 9936
192.168.10.17 - - [16/Jan/2017:17:02:05 -0300] "GET /cormun/servlet/solicitudot?c430985bf64d0c9660232402a04655c1ee5693f8ac4be09c305b33648d79b5d3e1f3453e1e499d19729673bce03a3225,gx-no-cache=1484600704317 HTTP/1.1" 200 30
192.168.10.17 - - [16/Jan/2017:17:02:05 -0300] "POST /cormun/servlet/solicitudot?gx-no-cache=1484600704371 HTTP/1.1" 200 255
192.168.10.17 - - [16/Jan/2017:17:02:05 -0300] "GET /cormun/servlet/solicitudot?c430985bf64d0c9660232402a04655c1fc3750783b10d2247f6699cd0ce0ff2cd04c5f94a1e32c6b1d237fb7382b16b13ba581455b6683459f00f6d6be60784b6618c0812308cade553c2a8e9becc8d4695dec036d7f8b0fda1c28e767cddc50e2d8e86b781c23f0267e28717c2265dd7d49f60289055cf35cd86f7ddb5d8f1eec00888c72025b843407afd8b6bac31c490a90c54bc8dadb90e8b9368d811d59667a15f3ca17cd847f2cb195eb1cf2225e94ffb5d77895f1f81872ab0ae2eda3b9a1151bcfb22601a402792a02c38d1d1185d03f8fcb9636484198a89b01be769b04a383f6396324209917b0879efd25caa1c9a49a24351443450159fb5611cf5de12fb909dc4442206d3632bf5ebdad8a5bc67cacebe3fd4331d005b7b7b94f414b3b598e33a17723732494e11be8e5b3b711da1681d1a8f04fb88b4d2cff686531956ab81e539ce2a39509725fff5caac0f7cae011f2acd8f927ab51a9dfecbe881b63dabfa0a227bce8ae5b28530349baa55c36a23cbca8effb06e68cf78c,gx-no-cache=1484600704402 HTTP/1.1" 200 30
192.168.10.17 - - [16/Jan/2017:17:02:08 -0300] "POST /cormun/servlet/solicitudot?gx-no-cache=1484600707307 HTTP/1.1" 200 30
192.168.10.17 - - [16/Jan/2017:17:02:09 -0300] "GET /cormun/servlet/prsolicitudot?17129605,,,,,MD,,gxPopupLevel%3D0%3B HTTP/1.1" 200 5978
192.168.10.89 - - [16/Jan/2017:17:02:10 -0300] "POST /cormun/servlet/trsolicitudgral?addac70396df76dbf06aafff0adb3362,,gx-no-cache=1484600234188 HTTP/1.1" 200 6791
192.168.10.17 - - [16/Jan/2017:17:02:19 -0300] "POST /cormun/servlet/solicitudot?gx-no-cache=1484600718437 HTTP/1.1" 200 1278
192.168.10.17 - - [16/Jan/2017:17:02:19 -0300] "POST /cormun/servlet/solicitudot?gx-no-cache=1484600718488 HTTP/1.1" 200 38
192.168.10.17 - - [16/Jan/2017:17:02:19 -0300] "GET /cormun/servlet/solicitudot?c430985bf64d0c9660232402a04655c18e09884533ed2631776c3f7880844dade4f8e648191ce58a2b5c9611bf2b60f0246d029f3de570512c407ed7e9a0d0c86b2b4d0c05c36e5806b75c28b41fe6cf08f6e39450675a47d31243614ca3856e1cb3b97611baa20cc66e7f59435d0da624413236c268139373b348cb788f0662d961aee4d9c87ab46d8c349601ad4185cb635baad430983b7efdff50aef12c639794eea14042857a5ec72967a741bd020f8f23e09c8ab6abfd3b17ae81b93b24413beaf0dbc360bfd7c86499c2dc29dc,gx-no-cache=1484600718512 HTTP/1.1" 200 29
192.168.10.17 - - [16/Jan/2017:17:02:19 -0300] "POST /cormun/servlet/solicitudot?gx-no-cache=1484600718531 HTTP/1.1" 200 1261
192.168.10.17 - - [16/Jan/2017:17:02:19 -0300] "POST /cormun/servlet/solicitudot?gx-no-cache=1484600718573 HTTP/1.1" 200 1143
192.168.10.89 - - [16/Jan/2017:17:02:22 -0300] "POST /cormun/servlet/trsolicitudgral?addac70396df76dbf06aafff0adb3362,,gx-no-cache=1484600245917 HTTP/1.1" 200 113
192.168.10.89 - - [16/Jan/2017:17:02:22 -0300] "GET /cormun/servlet/solicitudotlog?INS,2017,3917,0,REC, HTTP/1.1" 200 6112
192.168.10.89 - - [16/Jan/2017:17:02:24 -0300] "GET /cormun/servlet/solicitudotlog?54fd36cabec530888785601c911e66e85d3e0118877b443caae2efcaf26855dbdd0e2e6c1369524a3a0d9fa07dcadfa5d04084ed6482e9b42bebc129b658edccc7905c5988615f4cb4a5f42bb93758dbb9ad6d8ea6cc7fadf81d79da1dd47f0c4f5cc1c708a05ad4bbb50eff632744525339033e48ea6ffaaf7078df26b5e5b1381ad1092fe8890ae7e6d13284884fbae9f69f16385050aa057275efb2edfed9,gx-no-cache=1484600247897 HTTP/1.1" 200 94
192.168.10.89 - - [16/Jan/2017:17:02:28 -0300] "POST /cormun/servlet/solicitudotlog?addac70396df76dbf06aafff0adb3362,INS,2017,3917,0,REC,,gx-no-cache=1484600251633 HTTP/1.1" 200 93
192.168.10.89 - - [16/Jan/2017:17:02:28 -0300] "GET /cormun/servlet/hpexe_return? HTTP/1.1" 200 1017
192.168.10.89 - - [16/Jan/2017:17:02:29 -0300] "GET /cormun/servlet/trsolicitudgral? HTTP/1.1" 200 9597
192.168.10.17 - - [16/Jan/2017:17:02:36 -0300] "POST /cormun/servlet/solicitudot?gx-no-cache=1484600735624 HTTP/1.1" 200 1262
192.168.10.17 - - [16/Jan/2017:17:02:36 -0300] "POST /cormun/servlet/solicitudot?gx-no-cache=1484600735677 HTTP/1.1" 200 1143
192.168.10.17 - - [16/Jan/2017:17:02:36 -0300] "GET /cormun/servlet/solicitudot?c430985bf64d0c9660232402a04655c1f124bf34907f800abc66b16360a18dace3ef9bdbe3a436904474828dde9576f706bb11202ff9c3de02d6e217f72470c865ba564f2f5b91689148b0ca10ad40a636dd2d4a1770412cb358930dab1037af16a896f988cd35234cad09fe397b73d261ff37b3b140849f6d653a926a55434b7c07603a43885788c832c48d8f5ea575122ff0df33a0db4ae096dd20f559a51f5737624353a4d76916395b4c45a1dc99,gx-no-cache=1484600735717 HTTP/1.1" 200 30
192.168.10.17 - - [16/Jan/2017:17:02:37 -0300] "POST /cormun/servlet/solicitudot?6d3cd17835508dbde6c544b6f5b0582c,INS,0,0,,gx-no-cache=1484600735741 HTTP/1.1" 200 93
192.168.10.17 - - [16/Jan/2017:17:02:37 -0300] "GET /cormun/servlet/hpexe_return? HTTP/1.1" 200 1005
192.168.10.17 - - [16/Jan/2017:17:02:37 -0300] "GET /cormun/servlet/trsolicitudot HTTP/1.1" 200 9446
192.168.10.17 - - [16/Jan/2017:17:02:38 -0300] "GET /cormun/servlet/trsolicitudot HTTP/1.1" 200 9442
192.168.10.89 - - [16/Jan/2017:17:02:41 -0300] "POST /cormun/servlet/trsolicitudgral?addac70396df76dbf06aafff0adb3362,,gx-no-cache=1484600264420 HTTP/1.1" 200 12345
192.168.10.89 - - [16/Jan/2017:17:02:41 -0300] "POST /cormun/servlet/trsolicitudgral?addac70396df76dbf06aafff0adb3362,,gx-no-cache=1484600265336 HTTP/1.1" 200 12345
192.168.10.17 - - [16/Jan/2017:17:02:53 -0300] "GET /cormun/servlet/solicitudot?INS,0,0, HTTP/1.1" 200 12693
192.168.10.17 - - [16/Jan/2017:17:02:54 -0300] "GET /cormun/servlet/solicitudot?INS,0,0, HTTP/1.1" 200 12698
192.168.10.17 - - [16/Jan/2017:17:03:02 -0300] "GET /cormun/servlet/prfichaempleado?,MD,,gxPopupLevel%3D0%3B HTTP/1.1" 200 8790
192.168.10.17 - - [16/Jan/2017:17:03:07 -0300] "POST /cormun/servlet/prfichaempleado?6d3cd17835508dbde6c544b6f5b0582c,,MD,,gxPopupLevel%3D0%3B,gx-no-cache=1484600766453 HTTP/1.1" 200 3622
192.168.10.89 - - [16/Jan/2017:17:03:17 -0300] "POST /cormun/servlet/trsolicitudgral?addac70396df76dbf06aafff0adb3362,,gx-no-cache=1484600300770 HTTP/1.1" 200 6468
192.168.10.89 - - [16/Jan/2017:17:03:20 -0300] "GET /cormun/servlet/solicitudgral?UPD,2017,3896, HTTP/1.1" 200 12099
192.168.10.17 - - [16/Jan/2017:17:03:21 -0300] "POST /cormun/servlet/solicitudot?gx-no-cache=1484600780355 HTTP/1.1" 200 3194
192.168.10.17 - - [16/Jan/2017:17:03:21 -0300] "POST /cormun/servlet/solicitudot?6d3cd17835508dbde6c544b6f5b0582c,INS,0,0,,gx-no-cache=1484600780574 HTTP/1.1" 200 9966
192.168.10.89 - - [16/Jan/2017:17:03:23 -0300] "POST /cormun/servlet/solicitudgral?gx-no-cache=1484600306597 HTTP/1.1" 200 3168
192.168.10.89 - - [16/Jan/2017:17:03:23 -0300] "GET /cormun/servlet/solicitudgral?54fd36cabec530888785601c911e66e8d9722ababc0603e1ef732dc1a62030518e09177bb37381d6efa6f3622f8567ae95fae3d9744ddb4ca6ff5f10480125cd06c1bb2a21a1edd14738127da19fb68829b5fc7e10e25523886bc463e18ceea444e8ef6066703828b349f93ee7e31dc3c0bc1c0e22dc21dda97a5f92894f82c44b220bd0265ed9f9cfaa760fc03733df4996a5fca64e7150688aa15c18083025b54ec2ec60aafe369c42ea231ac7b04750e63f512a47da30df75cd056eeb7b994a5a52dcd8f231b2fae29c04398de5ff27301a7861bc16ba1aaa71f4a65ce2138a8e5b59229b535ef669f5056ad9e64c35679ee8a6662566fb857a8b32e62f270d2f55af14971d742f76205615a00fb690e773b0968ef76386120915b888397a706fb51c3ed107a4395991fa5154738f204f47848f1d48453c3d04bb9a18d9cb19ae9dbe636f5079d48fe59510760073,gx-no-cache=1484600306814 HTTP/1.1" 200 257
192.168.10.17 - - [16/Jan/2017:17:03:25 -0300] "GET /cormun/servlet/solicitudot?c430985bf64d0c9660232402a04655c126c00eadd1ff57292db9be8b5a7f019ce1f3453e1e499d19729673bce03a3225,gx-no-cache=1484600784237 HTTP/1.1" 200 30
192.168.10.17 - - [16/Jan/2017:17:03:25 -0300] "POST /cormun/servlet/solicitudot?gx-no-cache=1484600784284 HTTP/1.1" 200 255
192.168.10.17 - - [16/Jan/2017:17:03:25 -0300] "GET /cormun/servlet/solicitudot?c430985bf64d0c9660232402a04655c1fc3750783b10d2247f6699cd0ce0ff2cd04c5f94a1e32c6b1d237fb7382b16b13ba581455b6683459f00f6d6be60784b6618c0812308cade553c2a8e9becc8d4695dec036d7f8b0fda1c28e767cddc50e2d8e86b781c23f0267e28717c2265dd7d49f60289055cf35cd86f7ddb5d8f1eec00888c72025b843407afd8b6bac31c490a90c54bc8dadb90e8b9368d811d59667a15f3ca17cd847f2cb195eb1cf2225e94ffb5d77895f1f81872ab0ae2eda3b9a1151bcfb22601a402792a02c38d1d1185d03f8fcb9636484198a89b01be769b04a383f6396324209917b0879efd25caa1c9a49a24351443450159fb5611cf5de12fb909dc4442206d3632bf5ebdad8a5bc67cacebe3fd4331d005b7b7b94f414b3b598e33a17723732494e11be8e5b3b711da1681d1a8f04fb88b4d2cff686531956ab81e539ce2a39509725fff5caac0f7cae011f2acd8f927ab51a9dfecbe881b63dabfa0a227bce8ae5b28530349baa55c36a23cbca8effb06e68cf78c,gx-no-cache=1484600784314 HTTP/1.1" 200 30
192.168.10.17 - - [16/Jan/2017:17:03:26 -0300] "POST /cormun/servlet/solicitudot?gx-no-cache=1484600785636 HTTP/1.1" 200 30
192.168.10.89 - - [16/Jan/2017:17:03:26 -0300] "GET /cormun/servlet/solicitudgral?54fd36cabec530888785601c911e66e82d5683945bd9eeb2273c122e027ec59e2ba5e06410691eff0190060537ec7d682c8ae5f36d60023b0e8401938232c5a6e796814b856600e347ae379925b2f7c0b646bf66c39e11703514ce699bbb44beb8994695dcbc0577485caac77e7cf1fe6b04eac5d1f3acb7ff8ad7a5fa0237d6ceedc5f13402f584aac0bc8a71240178ff238f41dedf8103e64d59883130f1c6838b15a641d19bb8306c7dc1989c7a882e0a10b9a90e5a025949fa8d5532a833d91c2867bd62eb3ae4fd8de4bc79d77a7829c5affb96ba0bf7deb3a358e236090b27457f1c255ef9d3cd7abf07b1feb7a5213e2c030f7466ccf52938a6652a90d752fff3c2bb0b0d6f178e3414f01afcb172f8be7161bbbd07737e386daccc8f48700c3abc8f805396bc5fc3edcfe2474695297760fa08c847c54d66af88e4862742dc57dcbd7599e168e4d3b2fd7bf2fa559bb8b08db5e00673a9382aa85a3309a9f6215c47c4367c15e8f33252af03aac4b7d060b17a6922f57729a764aff8895a098defb73bba1007d2b90924d68cc28a47289686873d108f09bc9fa771816fb7265eb6948c31813f4baabf7a49864685c74c4c530488fc1758407e4502a81968ac5e8717ac8a8d095a356b4bb0c64d2348dbeb548f1a95d60ff711cefc06efd0b3307cbf56a37fc7cb945ea5ae09cfffd42638ce729a1be22b37e7c726641d5e618af2dc7e954b0377bef96aff581d60a8778fbaec20825d14bf00a28b1f14ff91e75f8d87d72cb4fbb58a8045a5,gx-no-cache=1484600310211 HTTP/1.1" 200 48
192.168.10.17 - - [16/Jan/2017:17:03:27 -0300] "GET /cormun/servlet/prsolicitudot?17515844,,,,,MD,,gxPopupLevel%3D0%3B HTTP/1.1" 200 6145
192.168.10.89 - - [16/Jan/2017:17:03:28 -0300] "POST /cormun/servlet/solicitudgral?addac70396df76dbf06aafff0adb3362,UPD,2017,3896,,gx-no-cache=1484600311563 HTTP/1.1" 200 10502
192.168.10.89 - - [16/Jan/2017:17:03:30 -0300] "GET /cormun/servlet/solicitudgral?54fd36cabec530888785601c911e66e84423ef04ac6623890d55a42e64c085427eacf131a09748d1d64dbfa0ae69f07538e9cb700dec3fa1ff71cb7e55644eb8b7db65a3d6c0bb53901aa2f422328b8ed6d2920d2381588c972544e1716fe3e0ccc13b8aaa29506f519654c6910347b72213895b7dda516c12500782ed78bc74b77ae64ec63e2a0127391b71d801204eb6d4127aff326e41151674561687b5bf,gx-no-cache=1484600313964 HTTP/1.1" 200 29
192.168.10.89 - - [16/Jan/2017:17:03:30 -0300] "POST /cormun/servlet/solicitudgral?gx-no-cache=1484600314001 HTTP/1.1" 200 1236
192.168.10.89 - - [16/Jan/2017:17:03:30 -0300] "POST /cormun/servlet/solicitudgral?gx-no-cache=1484600314054 HTTP/1.1" 200 1141
192.168.10.89 - - [16/Jan/2017:17:03:30 -0300] "POST /cormun/servlet/solicitudgral?addac70396df76dbf06aafff0adb3362,UPD,2017,3896,,gx-no-cache=1484600314095 HTTP/1.1" 200 93
192.168.10.89 - - [16/Jan/2017:17:03:30 -0300] "GET /cormun/servlet/hpexe_return? HTTP/1.1" 200 1008
192.168.10.17 - - [16/Jan/2017:17:03:31 -0300] "POST /cormun/servlet/solicitudot?gx-no-cache=1484600790476 HTTP/1.1" 200 1278
192.168.10.17 - - [16/Jan/2017:17:03:31 -0300] "POST /cormun/servlet/solicitudot?gx-no-cache=1484600790571 HTTP/1.1" 200 38
192.168.10.17 - - [16/Jan/2017:17:03:31 -0300] "GET /cormun/servlet/solicitudot?c430985bf64d0c9660232402a04655c18e09884533ed2631776c3f7880844dade4f8e648191ce58a2b5c9611bf2b60f0246d029f3de570512c407ed7e9a0d0c86b2b4d0c05c36e5806b75c28b41fe6cf08f6e39450675a47d31243614ca3856e1cb3b97611baa20cc66e7f59435d0da624413236c268139373b348cb788f0662d961aee4d9c87ab46d8c349601ad4185cb635baad430983b7efdff50aef12c639794eea14042857a5ec72967a741bd020f8f23e09c8ab6abfd3b17ae81b93b24413beaf0dbc360bfd7c86499c2dc29dc,gx-no-cache=1484600790600 HTTP/1.1" 200 29
192.168.10.17 - - [16/Jan/2017:17:03:31 -0300] "POST /cormun/servlet/solicitudot?gx-no-cache=1484600790621 HTTP/1.1" 200 1261
192.168.10.89 - - [16/Jan/2017:17:03:31 -0300] "GET /cormun/servlet/trsolicitudgral? HTTP/1.1" 200 9589
192.168.10.17 - - [16/Jan/2017:17:03:31 -0300] "POST /cormun/servlet/solicitudot?gx-no-cache=1484600790734 HTTP/1.1" 200 1144
192.168.10.89 - - [16/Jan/2017:17:03:42 -0300] "POST /cormun/servlet/trsolicitudgral?addac70396df76dbf06aafff0adb3362,,gx-no-cache=1484600326258 HTTP/1.1" 200 6468
192.168.10.89 - - [16/Jan/2017:17:03:47 -0300] "GET /cormun/servlet/solicitudgral?UPD,2017,3899, HTTP/1.1" 200 12114
192.168.10.89 - - [16/Jan/2017:17:03:50 -0300] "POST /cormun/servlet/solicitudgral?gx-no-cache=1484600333552 HTTP/1.1" 200 3186
192.168.10.89 - - [16/Jan/2017:17:03:50 -0300] "GET /cormun/servlet/solicitudgral?54fd36cabec530888785601c911e66e8d9722ababc0603e1ef732dc1a62030518e09177bb37381d6efa6f3622f8567ae95fae3d9744ddb4ca6ff5f10480125cd06c1bb2a21a1edd14738127da19fb68829b5fc7e10e25523886bc463e18ceea444e8ef6066703828b349f93ee7e31dc3c0bc1c0e22dc21dda97a5f92894f82c44b220bd0265ed9f9cfaa760fc03733df4996a5fca64e7150688aa15c18083025b54ec2ec60aafe369c42ea231ac7b04750e63f512a47da30df75cd056eeb7b994a5a52dcd8f231b2fae29c04398de5ff27301a7861bc16ba1aaa71f4a65ce2138a8e5b59229b535ef669f5056ad9e64c35679ee8a6662566fb857a8b32e62f270d2f55af14971d742f76205615a00fb690e773b0968ef76386120915b888397a706fb51c3ed107a4395991fa5154738f204f47848f1d48453c3d04bb9a18d9cb19ae9dbe636f5079d48fe59510760073,gx-no-cache=1484600333752 HTTP/1.1" 200 257
192.168.10.89 - - [16/Jan/2017:17:03:51 -0300] "GET /cormun/servlet/solicitudgral?54fd36cabec530888785601c911e66e82d5683945bd9eeb2273c122e027ec59e2ba5e06410691eff0190060537ec7d682c8ae5f36d60023b0e8401938232c5a6e796814b856600e347ae379925b2f7c0b646bf66c39e11703514ce699bbb44beb8994695dcbc0577485caac77e7cf1fe6b04eac5d1f3acb7ff8ad7a5fa0237d6ceedc5f13402f584aac0bc8a71240178ff238f41dedf8103e64d59883130f1c6838b15a641d19bb8306c7dc1989c7a882e0a10b9a90e5a025949fa8d5532a833d91c2867bd62eb3ae4fd8de4bc79d77a7829c5affb96ba0bf7deb3a358e236090b27457f1c255ef9d3cd7abf07b1feb7a5213e2c030f7466ccf52938a6652a90d752fff3c2bb0b0d6f178e3414f01afcb172f8be7161bbbd07737e386daccc8f48700c3abc8f805396bc5fc3edcfe2474695297760fa08c847c54d66af88e4862742dc57dcbd7599e168e4d3b2fd7bf2fa559bb8b08db5e00673a9382aa85a3309a9f6215c47c4367c15e8f33252af03aac4b7d060b17a6922f57729a764aff8895a098defb73bba1007d2b90924d68cc28a47289686873d108f09bc9fa771816fb7265eb6948c31813f4baabf7a49864685c74c4c530488fc1758407e4502a81968ac5e8717ac8a8d095a356b4bb0c64d2348dbeb548f1a95d60ff711cefc06efd0b3307cbf56a37fc7cb945ea5ae09cfffd42638ce729a1be22b37e7c726641d5e618af2dc7e954b0377bef96aff581d60a8778fbaec20825d14bf00a28b1f14ff91e75f8d87d72cb4fbb58a8045a5,gx-no-cache=1484600334907 HTTP/1.1" 200 48
192.168.10.17 - - [16/Jan/2017:17:03:52 -0300] "POST /cormun/servlet/solicitudot?gx-no-cache=1484600811060 HTTP/1.1" 200 1262
192.168.10.17 - - [16/Jan/2017:17:03:52 -0300] "POST /cormun/servlet/solicitudot?gx-no-cache=1484600811150 HTTP/1.1" 200 1144
192.168.10.17 - - [16/Jan/2017:17:03:52 -0300] "GET /cormun/servlet/solicitudot?c430985bf64d0c9660232402a04655c123bba9e8967ae35681f09ebd6c90ad4213f19e0b270732363ba04c4dd71cbc8406bb11202ff9c3de02d6e217f72470c865ba564f2f5b91689148b0ca10ad40a636dd2d4a1770412cb358930dab1037af16a896f988cd35234cad09fe397b73d261ff37b3b140849f6d653a926a55434b7c07603a43885788c832c48d8f5ea575122ff0df33a0db4ae096dd20f559a51f5737624353a4d76916395b4c45a1dc99,gx-no-cache=1484600811200 HTTP/1.1" 200 30
192.168.10.17 - - [16/Jan/2017:17:03:52 -0300] "POST /cormun/servlet/solicitudot?6d3cd17835508dbde6c544b6f5b0582c,INS,0,0,,gx-no-cache=1484600811226 HTTP/1.1" 200 93
192.168.10.17 - - [16/Jan/2017:17:03:52 -0300] "GET /cormun/servlet/hpexe_return? HTTP/1.1" 200 1005
192.168.10.89 - - [16/Jan/2017:17:03:52 -0300] "POST /cormun/servlet/solicitudgral?addac70396df76dbf06aafff0adb3362,UPD,2017,3899,,gx-no-cache=1484600335934 HTTP/1.1" 200 10512
192.168.10.17 - - [16/Jan/2017:17:03:52 -0300] "GET /cormun/servlet/trsolicitudot HTTP/1.1" 200 9774
192.168.10.17 - - [16/Jan/2017:17:03:53 -0300] "GET /cormun/servlet/trsolicitudot HTTP/1.1" 200 9770
192.168.10.89 - - [16/Jan/2017:17:03:54 -0300] "GET /cormun/servlet/solicitudgral?54fd36cabec530888785601c911e66e84423ef04ac6623890d55a42e64c085427eacf131a09748d1d64dbfa0ae69f07538e9cb700dec3fa1ff71cb7e55644eb8b7db65a3d6c0bb53901aa2f422328b8ed6d2920d2381588c972544e1716fe3e0ccc13b8aaa29506f519654c6910347b72213895b7dda516c12500782ed78bc74b77ae64ec63e2a0127391b71d801204eb6d4127aff326e41151674561687b5bf,gx-no-cache=1484600337741 HTTP/1.1" 200 29
192.168.10.89 - - [16/Jan/2017:17:03:54 -0300] "POST /cormun/servlet/solicitudgral?gx-no-cache=1484600337780 HTTP/1.1" 200 1236
192.168.10.89 - - [16/Jan/2017:17:03:54 -0300] "POST /cormun/servlet/solicitudgral?gx-no-cache=1484600337824 HTTP/1.1" 200 1140
192.168.10.89 - - [16/Jan/2017:17:03:54 -0300] "POST /cormun/servlet/solicitudgral?addac70396df76dbf06aafff0adb3362,UPD,2017,3899,,gx-no-cache=1484600337876 HTTP/1.1" 200 93
192.168.10.89 - - [16/Jan/2017:17:03:54 -0300] "GET /cormun/servlet/hpexe_return? HTTP/1.1" 200 1008
192.168.10.89 - - [16/Jan/2017:17:03:55 -0300] "GET /cormun/servlet/trsolicitudgral? HTTP/1.1" 200 9592
192.168.10.17 - - [16/Jan/2017:17:03:56 -0300] "GET /cormun/servlet/solicitudot?INS,0,0, HTTP/1.1" 200 12694
192.168.10.17 - - [16/Jan/2017:17:03:57 -0300] "GET /cormun/servlet/solicitudot?INS,0,0, HTTP/1.1" 200 12699
192.168.10.89 - - [16/Jan/2017:17:04:09 -0300] "POST /cormun/servlet/trsolicitudgral?addac70396df76dbf06aafff0adb3362,,gx-no-cache=1484600352749 HTTP/1.1" 200 6473
192.168.10.17 - - [16/Jan/2017:17:04:13 -0300] "GET /cormun/servlet/prfichaempleado?,MD,,gxPopupLevel%3D0%3B HTTP/1.1" 200 8790
192.168.10.89 - - [16/Jan/2017:17:04:16 -0300] "GET /cormun/servlet/solicitudgral2?UPD,2017,3902, HTTP/1.1" 200 12281
192.168.10.89 - - [16/Jan/2017:17:04:18 -0300] "POST /cormun/servlet/solicitudgral2?gx-no-cache=1484600362043 HTTP/1.1" 200 3181
192.168.10.89 - - [16/Jan/2017:17:04:18 -0300] "GET /cormun/servlet/solicitudgral2?54fd36cabec530888785601c911e66e8d9722ababc0603e1ef732dc1a62030518e09177bb37381d6efa6f3622f8567ae95fae3d9744ddb4ca6ff5f10480125cd06c1bb2a21a1edd14738127da19fb68829b5fc7e10e25523886bc463e18ceea444e8ef6066703828b349f93ee7e31dc3c0bc1c0e22dc21dda97a5f92894f82c44b220bd0265ed9f9cfaa760fc03733df4996a5fca64e7150688aa15c18083025b54ec2ec60aafe369c42ea231ac7b04750e63f512a47da30df75cd056eeb7b994a5a52dcd8f231b2fae29c04398de5ff27301a7861bc16ba1aaa71f4a65ce2138a8e5b59229b535ef669f5056ad9e64c35679ee8a6662566fb857a8b32e62f270d2f55af14971d742f76205615a00fb690e773b0968ef76386120915b888397a706fb51c3ed107a4395991fa5154738f204f47848f1d48453c3d04bb9a18d9cb19ae9dbe636f5079d48fe59510760073,gx-no-cache=1484600362291 HTTP/1.1" 200 257
192.168.10.89 - - [16/Jan/2017:17:04:18 -0300] "POST /cormun/servlet/solicitudgral2?gx-no-cache=1484600362323 HTTP/1.1" 200 1340
192.168.10.89 - - [16/Jan/2017:17:04:18 -0300] "GET /cormun/servlet/solicitudgral2?54fd36cabec530888785601c911e66e8d12ddc9bec0e9dc0d675a34cd9fa1af7b7284e2b94889bd46d43ab8db75c450f95fae3d9744ddb4ca6ff5f10480125cdb0a050797b933681b78929a062c4c1247c0b328a4aa4e980c95f77fd5d18043fa055fb36dfb9b09f9105ab2cce6cf220,gx-no-cache=1484600362369 HTTP/1.1" 200 41
192.168.10.17 - - [16/Jan/2017:17:04:20 -0300] "POST /cormun/servlet/prfichaempleado?6d3cd17835508dbde6c544b6f5b0582c,,MD,,gxPopupLevel%3D0%3B,gx-no-cache=1484600838927 HTTP/1.1" 200 4588
192.168.10.89 - - [16/Jan/2017:17:04:20 -0300] "POST /cormun/servlet/solicitudgral2?addac70396df76dbf06aafff0adb3362,UPD,2017,3902,,gx-no-cache=1484600364078 HTTP/1.1" 200 10549
192.168.10.89 - - [16/Jan/2017:17:04:22 -0300] "GET /cormun/servlet/solicitudgral2?54fd36cabec530888785601c911e66e84423ef04ac6623890d55a42e64c085427eacf131a09748d1d64dbfa0ae69f07538e9cb700dec3fa1ff71cb7e55644eb8b7db65a3d6c0bb53901aa2f422328b8ed6d2920d2381588c972544e1716fe3e0ccc13b8aaa29506f519654c6910347b72213895b7dda516c12500782ed78bc74b77ae64ec63e2a0127391b71d801204eb6d4127aff326e41151674561687b5bf,gx-no-cache=1484600365769 HTTP/1.1" 200 29
192.168.10.89 - - [16/Jan/2017:17:04:22 -0300] "POST /cormun/servlet/solicitudgral2?gx-no-cache=1484600365804 HTTP/1.1" 200 1236
192.168.10.89 - - [16/Jan/2017:17:04:22 -0300] "POST /cormun/servlet/solicitudgral2?gx-no-cache=1484600365848 HTTP/1.1" 200 1140
192.168.10.89 - - [16/Jan/2017:17:04:22 -0300] "GET /cormun/servlet/solicitudgral2?54fd36cabec530888785601c911e66e8a61576d97d6c461e88b4c35eb4932e5ac303ab85efaa706d3318530314ce4aed28c51a15659c8c311c3cc7365819d429af6c7c753e1431af44a5957315e529b9c0339e935f0733a0d59778cde9149a2a68dbd9485951bc57252a4ae9ab3f2adf60b5df7b57e56fa4080b70d6ef50a9f6,gx-no-cache=1484600365893 HTTP/1.1" 200 30
192.168.10.89 - - [16/Jan/2017:17:04:22 -0300] "POST /cormun/servlet/solicitudgral2?addac70396df76dbf06aafff0adb3362,UPD,2017,3902,,gx-no-cache=1484600365924 HTTP/1.1" 200 93
192.168.10.89 - - [16/Jan/2017:17:04:22 -0300] "GET /cormun/servlet/hpexe_return? HTTP/1.1" 200 1011
192.168.10.89 - - [16/Jan/2017:17:04:23 -0300] "GET /cormun/servlet/trsolicitudgral? HTTP/1.1" 200 9601
192.168.10.17 - - [16/Jan/2017:17:04:24 -0300] "POST /cormun/servlet/prfichaempleado?6d3cd17835508dbde6c544b6f5b0582c,,MD,,gxPopupLevel%3D0%3B,gx-no-cache=1484600843619 HTTP/1.1" 200 3179
192.168.10.89 - - [16/Jan/2017:17:04:38 -0300] "POST /cormun/servlet/trsolicitudgral?addac70396df76dbf06aafff0adb3362,,gx-no-cache=1484600382197 HTTP/1.1" 200 6479
192.168.10.17 - - [16/Jan/2017:17:04:41 -0300] "POST /cormun/servlet/prfichaempleado?6d3cd17835508dbde6c544b6f5b0582c,,MD,,gxPopupLevel%3D0%3B,gx-no-cache=1484600860314 HTTP/1.1" 200 3400
192.168.10.17 - - [16/Jan/2017:17:04:45 -0300] "POST /cormun/servlet/solicitudot?gx-no-cache=1484600864593 HTTP/1.1" 200 3202
192.168.10.17 - - [16/Jan/2017:17:04:45 -0300] "POST /cormun/servlet/solicitudot?6d3cd17835508dbde6c544b6f5b0582c,INS,0,0,,gx-no-cache=1484600864741 HTTP/1.1" 200 9967
192.168.10.89 - - [16/Jan/2017:17:04:48 -0300] "GET /cormun/servlet/solicitudgral2?UPD,2017,3905, HTTP/1.1" 200 12263
192.168.10.89 - - [16/Jan/2017:17:04:50 -0300] "POST /cormun/servlet/solicitudgral2?gx-no-cache=1484600394307 HTTP/1.1" 200 3178
192.168.10.89 - - [16/Jan/2017:17:04:50 -0300] "GET /cormun/servlet/solicitudgral2?54fd36cabec530888785601c911e66e8d9722ababc0603e1ef732dc1a62030518e09177bb37381d6efa6f3622f8567ae95fae3d9744ddb4ca6ff5f10480125cd06c1bb2a21a1edd14738127da19fb68829b5fc7e10e25523886bc463e18ceea444e8ef6066703828b349f93ee7e31dc3c0bc1c0e22dc21dda97a5f92894f82c44b220bd0265ed9f9cfaa760fc03733df4996a5fca64e7150688aa15c18083025b54ec2ec60aafe369c42ea231ac7b04750e63f512a47da30df75cd056eeb7b994a5a52dcd8f231b2fae29c04398de5ff27301a7861bc16ba1aaa71f4a65ce2138a8e5b59229b535ef669f5056ad9e64c35679ee8a6662566fb857a8b32e62f270d2f55af14971d742f76205615a00fb690e773b0968ef76386120915b888397a706fb51c3ed107a4395991fa5154738f204f47848f1d48453c3d04bb9a18d9cb19ae9dbe636f5079d48fe59510760073,gx-no-cache=1484600394535 HTTP/1.1" 200 257
192.168.10.89 - - [16/Jan/2017:17:04:51 -0300] "POST /cormun/servlet/solicitudgral2?gx-no-cache=1484600394567 HTTP/1.1" 200 1340
192.168.10.89 - - [16/Jan/2017:17:04:51 -0300] "GET /cormun/servlet/solicitudgral2?54fd36cabec530888785601c911e66e8d12ddc9bec0e9dc0d675a34cd9fa1af7b7284e2b94889bd46d43ab8db75c450f95fae3d9744ddb4ca6ff5f10480125cdb0a050797b933681b78929a062c4c1247c0b328a4aa4e980c95f77fd5d18043fa055fb36dfb9b09f9105ab2cce6cf220,gx-no-cache=1484600394628 HTTP/1.1" 200 41
192.168.10.17 - - [16/Jan/2017:17:04:52 -0300] "GET /cormun/servlet/solicitudot?c430985bf64d0c9660232402a04655c1f55b97ca7cc46b78447135c4966871dce1f3453e1e499d19729673bce03a3225,gx-no-cache=1484600871710 HTTP/1.1" 200 30
192.168.10.17 - - [16/Jan/2017:17:04:52 -0300] "POST /cormun/servlet/solicitudot?gx-no-cache=1484600871747 HTTP/1.1" 200 255
192.168.10.17 - - [16/Jan/2017:17:04:52 -0300] "GET /cormun/servlet/solicitudot?c430985bf64d0c9660232402a04655c1fc3750783b10d2247f6699cd0ce0ff2cd04c5f94a1e32c6b1d237fb7382b16b13ba581455b6683459f00f6d6be60784b6618c0812308cade553c2a8e9becc8d4695dec036d7f8b0fda1c28e767cddc50e2d8e86b781c23f0267e28717c2265dd7d49f60289055cf35cd86f7ddb5d8f1eec00888c72025b843407afd8b6bac31c490a90c54bc8dadb90e8b9368d811d59667a15f3ca17cd847f2cb195eb1cf2225e94ffb5d77895f1f81872ab0ae2eda3b9a1151bcfb22601a402792a02c38d1d1185d03f8fcb9636484198a89b01be769b04a383f6396324209917b0879efd25caa1c9a49a24351443450159fb5611cf5de12fb909dc4442206d3632bf5ebdad8a5bc67cacebe3fd4331d005b7b7b94f414b3b598e33a17723732494e11be8e5b3b711da1681d1a8f04fb88b4d2cff686531956ab81e539ce2a39509725fff5caac0f7cae011f2acd8f927ab51a9dfecbe881b63dabfa0a227bce8ae5b28530349baa55c36a23cbca8effb06e68cf78c,gx-no-cache=1484600871780 HTTP/1.1" 200 30
192.168.10.89 - - [16/Jan/2017:17:04:52 -0300] "POST /cormun/servlet/solicitudgral2?addac70396df76dbf06aafff0adb3362,UPD,2017,3905,,gx-no-cache=1484600396468 HTTP/1.1" 200 10542
192.168.10.17 - - [16/Jan/2017:17:04:53 -0300] "POST /cormun/servlet/solicitudot?gx-no-cache=1484600872920 HTTP/1.1" 200 30
192.168.10.89 - - [16/Jan/2017:17:04:54 -0300] "GET /cormun/servlet/solicitudgral2?54fd36cabec530888785601c911e66e84423ef04ac6623890d55a42e64c085427eacf131a09748d1d64dbfa0ae69f07538e9cb700dec3fa1ff71cb7e55644eb8b7db65a3d6c0bb53901aa2f422328b8ed6d2920d2381588c972544e1716fe3e0ccc13b8aaa29506f519654c6910347b72213895b7dda516c12500782ed78bc74b77ae64ec63e2a0127391b71d801204eb6d4127aff326e41151674561687b5bf,gx-no-cache=1484600398052 HTTP/1.1" 200 29
192.168.10.89 - - [16/Jan/2017:17:04:54 -0300] "POST /cormun/servlet/solicitudgral2?gx-no-cache=1484600398112 HTTP/1.1" 200 1236
192.168.10.89 - - [16/Jan/2017:17:04:54 -0300] "POST /cormun/servlet/solicitudgral2?gx-no-cache=1484600398156 HTTP/1.1" 200 1140
192.168.10.89 - - [16/Jan/2017:17:04:54 -0300] "GET /cormun/servlet/solicitudgral2?54fd36cabec530888785601c911e66e8a61576d97d6c461e88b4c35eb4932e5ac303ab85efaa706d3318530314ce4aed28c51a15659c8c311c3cc7365819d429af6c7c753e1431af44a5957315e529b9c0339e935f0733a0d59778cde9149a2a68dbd9485951bc57252a4ae9ab3f2adf60b5df7b57e56fa4080b70d6ef50a9f6,gx-no-cache=1484600398195 HTTP/1.1" 200 30
192.168.10.89 - - [16/Jan/2017:17:04:54 -0300] "POST /cormun/servlet/solicitudgral2?addac70396df76dbf06aafff0adb3362,UPD,2017,3905,,gx-no-cache=1484600398226 HTTP/1.1" 200 93
192.168.10.89 - - [16/Jan/2017:17:04:54 -0300] "GET /cormun/servlet/hpexe_return? HTTP/1.1" 200 1011
192.168.10.17 - - [16/Jan/2017:17:04:55 -0300] "GET /cormun/servlet/prsolicitudot?15402472,,,,,MD,,gxPopupLevel%3D0%3B HTTP/1.1" 200 6020
192.168.10.89 - - [16/Jan/2017:17:04:56 -0300] "GET /cormun/servlet/trsolicitudgral? HTTP/1.1" 200 9602
192.168.10.17 - - [16/Jan/2017:17:04:58 -0300] "POST /cormun/servlet/solicitudot?gx-no-cache=1484600877568 HTTP/1.1" 200 1278
192.168.10.17 - - [16/Jan/2017:17:04:58 -0300] "POST /cormun/servlet/solicitudot?gx-no-cache=1484600877662 HTTP/1.1" 200 38
192.168.10.17 - - [16/Jan/2017:17:04:58 -0300] "GET /cormun/servlet/solicitudot?c430985bf64d0c9660232402a04655c18e09884533ed2631776c3f7880844dade4f8e648191ce58a2b5c9611bf2b60f0246d029f3de570512c407ed7e9a0d0c86b2b4d0c05c36e5806b75c28b41fe6cf08f6e39450675a47d31243614ca3856e1cb3b97611baa20cc66e7f59435d0da624413236c268139373b348cb788f0662d961aee4d9c87ab46d8c349601ad4185cb635baad430983b7efdff50aef12c639794eea14042857a5ec72967a741bd020f8f23e09c8ab6abfd3b17ae81b93b24413beaf0dbc360bfd7c86499c2dc29dc,gx-no-cache=1484600877692 HTTP/1.1" 200 29
192.168.10.17 - - [16/Jan/2017:17:04:58 -0300] "POST /cormun/servlet/solicitudot?gx-no-cache=1484600877712 HTTP/1.1" 200 1261
192.168.10.17 - - [16/Jan/2017:17:04:58 -0300] "POST /cormun/servlet/solicitudot?gx-no-cache=1484600877776 HTTP/1.1" 200 1144
192.168.10.17 - - [16/Jan/2017:17:05:09 -0300] "POST /cormun/servlet/solicitudot?gx-no-cache=1484600888815 HTTP/1.1" 200 1261
192.168.10.17 - - [16/Jan/2017:17:05:09 -0300] "POST /cormun/servlet/solicitudot?gx-no-cache=1484600888895 HTTP/1.1" 200 1144
192.168.10.17 - - [16/Jan/2017:17:05:09 -0300] "GET /cormun/servlet/solicitudot?c430985bf64d0c9660232402a04655c1ce484bdc25a6e58e8cd201b0026689a7e9f8149868b964a73aef5a22d59c84d206bb11202ff9c3de02d6e217f72470c865ba564f2f5b91689148b0ca10ad40a636dd2d4a1770412cb358930dab1037af16a896f988cd35234cad09fe397b73d261ff37b3b140849f6d653a926a55434b7c07603a43885788c832c48d8f5ea575122ff0df33a0db4ae096dd20f559a51f5737624353a4d76916395b4c45a1dc99,gx-no-cache=1484600888933 HTTP/1.1" 200 30
192.168.10.17 - - [16/Jan/2017:17:05:10 -0300] "POST /cormun/servlet/solicitudot?6d3cd17835508dbde6c544b6f5b0582c,INS,0,0,,gx-no-cache=1484600888958 HTTP/1.1" 200 93
192.168.10.17 - - [16/Jan/2017:17:05:10 -0300] "GET /cormun/servlet/hpexe_return? HTTP/1.1" 200 1005
192.168.10.17 - - [16/Jan/2017:17:05:10 -0300] "GET /cormun/servlet/trsolicitudot HTTP/1.1" 200 10175
192.168.10.17 - - [16/Jan/2017:17:05:11 -0300] "GET /cormun/servlet/trsolicitudot HTTP/1.1" 200 10171
192.168.10.89 - - [16/Jan/2017:17:05:11 -0300] "POST /cormun/servlet/trsolicitudgral?addac70396df76dbf06aafff0adb3362,,gx-no-cache=1484600414928 HTTP/1.1" 200 6462
192.168.10.89 - - [16/Jan/2017:17:05:16 -0300] "GET /cormun/servlet/solicitudgral?UPD,2017,3906, HTTP/1.1" 200 12124
192.168.10.89 - - [16/Jan/2017:17:05:18 -0300] "POST /cormun/servlet/solicitudgral?gx-no-cache=1484600421794 HTTP/1.1" 200 3188
192.168.10.89 - - [16/Jan/2017:17:05:18 -0300] "GET /cormun/servlet/solicitudgral?54fd36cabec530888785601c911e66e8d9722ababc0603e1ef732dc1a62030518e09177bb37381d6efa6f3622f8567ae95fae3d9744ddb4ca6ff5f10480125cd06c1bb2a21a1edd14738127da19fb68846a42ed72c48b9b739d2e0534da8caee44e8ef6066703828b349f93ee7e31dc3c0bc1c0e22dc21dda97a5f92894f82c44b220bd0265ed9f9cfaa760fc03733df4996a5fca64e7150688aa15c18083025b54ec2ec60aafe369c42ea231ac7b04750e63f512a47da30df75cd056eeb7b994a5a52dcd8f231b2fae29c04398de5ff27301a7861bc16ba1aaa71f4a65ce2138a8e5b59229b535ef669f5056ad9e64c35679ee8a6662566fb857a8b32e62f270d2f55af14971d742f76205615a00fb690e773b0968ef76386120915b888397a706fb51c3ed107a4395991fa5154738f204f47848f1d48453c3d04bb9a18d9cb19ae9dbe636f5079d48fe59510760073,gx-no-cache=1484600422005 HTTP/1.1" 200 258
192.168.10.89 - - [16/Jan/2017:17:05:23 -0300] "GET /cormun/servlet/solicitudgral?54fd36cabec530888785601c911e66e82d5683945bd9eeb2273c122e027ec59e2ba5e06410691eff0190060537ec7d682c8ae5f36d60023b0e8401938232c5a6e796814b856600e347ae379925b2f7c0b646bf66c39e11703514ce699bbb44beb8994695dcbc0577485caac77e7cf1fe6b04eac5d1f3acb7ff8ad7a5fa0237d6ceedc5f13402f584aac0bc8a71240178ff238f41dedf8103e64d59883130f1c6838b15a641d19bb8306c7dc1989c7a882e0a10b9a90e5a025949fa8d5532a833d91c2867bd62eb3ae4fd8de4bc79d77a7829c5affb96ba0bf7deb3a358e236090b27457f1c255ef9d3cd7abf07b1feb7a5213e2c030f7466ccf52938a6652a90d752fff3c2bb0b0d6f178e3414f01afcb172f8be7161bbbd07737e386daccc8f48700c3abc8f805396bc5fc3edcfe2474695297760fa08c847c54d66af88e4862742dc57dcbd7599e168e4d3b2fd7bf2fa559bb8b08db5e00673a9382aa85a3309a9f6215c47c4367c15e8f33252af03aac4b7d060b17a6922f57729a764aff8895a098defb73bba1007d2b90924d68cc28a47289686873d108f09bc9fa771816fb7265eb6948c31813f4baabf7a49864685c74c4c530488fc1758407e4502a81968ac5e8717ac8a8d095a356b4bb0c64d2348dbeb548f1a95d60ff711cefc06efd0b3307cbf56a37fc7cb945ea5ae09cfffd42638ce729a1be22b37e7c726641d5e618af2dc7e954b0377bef96aff581d60a8778fbaec20825d14bf00a28b1f14ff91e75f8d87d72cb4fbb58a8045a5,gx-no-cache=1484600427521 HTTP/1.1" 200 48
192.168.10.89 - - [16/Jan/2017:17:05:25 -0300] "POST /cormun/servlet/solicitudgral?addac70396df76dbf06aafff0adb3362,UPD,2017,3906,,gx-no-cache=1484600429100 HTTP/1.1" 200 10525
192.168.10.89 - - [16/Jan/2017:17:05:26 -0300] "GET /cormun/servlet/solicitudgral?54fd36cabec530888785601c911e66e84423ef04ac6623890d55a42e64c085427eacf131a09748d1d64dbfa0ae69f07538e9cb700dec3fa1ff71cb7e55644eb8b7db65a3d6c0bb53901aa2f422328b8ed6d2920d2381588c972544e1716fe3e0ccc13b8aaa29506f519654c6910347b72213895b7dda516c12500782ed78bc74b77ae64ec63e2a0127391b71d801204eb6d4127aff326e41151674561687b5bf,gx-no-cache=1484600429778 HTTP/1.1" 200 29
192.168.10.89 - - [16/Jan/2017:17:05:26 -0300] "POST /cormun/servlet/solicitudgral?gx-no-cache=1484600429812 HTTP/1.1" 200 1235
192.168.10.89 - - [16/Jan/2017:17:05:26 -0300] "POST /cormun/servlet/solicitudgral?gx-no-cache=1484600429856 HTTP/1.1" 200 1140
192.168.10.17 - - [16/Jan/2017:17:05:33 -0300] "GET /cormun/servlet/trcontratosolicitud? HTTP/1.1" 200 12041
192.168.10.17 - - [16/Jan/2017:17:05:33 -0300] "GET /cormun/static/gxcfg.js?20171317451682 HTTP/1.1" 200 953
192.168.10.17 - - [16/Jan/2017:17:05:33 -0300] "GET /cormun/static/trcontratosolicitud.js?20171317452124 HTTP/1.1" 200 28173
192.168.10.17 - - [16/Jan/2017:17:05:34 -0300] "GET /cormun//static/Resources/PXToolsGridNew.png HTTP/1.1" 200 2949
192.168.10.17 - - [16/Jan/2017:17:05:34 -0300] "GET /cormun//static/Resources/PXToolsActionDisabled.gif HTTP/1.1" 200 53
192.168.10.17 - - [16/Jan/2017:17:05:34 -0300] "GET /cormun/servlet/trcontratosolicitud? HTTP/1.1" 200 12050
192.168.10.17 - - [16/Jan/2017:17:05:45 -0300] "POST /cormun/servlet/trcontratosolicitud?6d3cd17835508dbde6c544b6f5b0582c,,gx-no-cache=1484600923977 HTTP/1.1" 200 5029
192.168.10.89 - - [16/Jan/2017:17:05:45 -0300] "POST /cormun/servlet/solicitudgral?addac70396df76dbf06aafff0adb3362,UPD,2017,3906,,gx-no-cache=1484600449297 HTTP/1.1" 200 93
192.168.10.89 - - [16/Jan/2017:17:05:45 -0300] "GET /cormun/servlet/hpexe_return? HTTP/1.1" 200 1009
192.168.10.89 - - [16/Jan/2017:17:05:47 -0300] "GET /cormun/servlet/trsolicitudgral? HTTP/1.1" 200 9580
192.168.10.89 - - [16/Jan/2017:17:05:57 -0300] "POST /cormun/servlet/trsolicitudgral?addac70396df76dbf06aafff0adb3362,,gx-no-cache=1484600460492 HTTP/1.1" 200 6481
192.168.10.89 - - [16/Jan/2017:17:06:05 -0300] "GET /cormun/servlet/solicitudgral2?UPD,2017,3911, HTTP/1.1" 200 12263
192.168.10.89 - - [16/Jan/2017:17:06:07 -0300] "POST /cormun/servlet/solicitudgral2?gx-no-cache=1484600471244 HTTP/1.1" 200 3188
192.168.10.89 - - [16/Jan/2017:17:06:07 -0300] "GET /cormun/servlet/solicitudgral2?54fd36cabec530888785601c911e66e8d9722ababc0603e1ef732dc1a62030518e09177bb37381d6efa6f3622f8567ae95fae3d9744ddb4ca6ff5f10480125cd06c1bb2a21a1edd14738127da19fb68829b5fc7e10e25523886bc463e18ceea444e8ef6066703828b349f93ee7e31dc3c0bc1c0e22dc21dda97a5f92894f82c44b220bd0265ed9f9cfaa760fc03733df4996a5fca64e7150688aa15c18083025b54ec2ec60aafe369c42ea231ac7b04750e63f512a47da30df75cd056eeb7b994a5a52dcd8f231b2fae29c04398de5ff27301a7861bc16ba1aaa71f4a65ce2138a8e5b59229b535ef669f5056ad9e64c35679ee8a6662566fb857a8b32e62f270d2f55af14971d742f76205615a00fb690e773b0968ef76386120915b888397a706fb51c3ed107a4395991fa5154738f204f47848f1d48453c3d04bb9a18d9cb19ae9dbe636f5079d48fe59510760073,gx-no-cache=1484600471438 HTTP/1.1" 200 257
192.168.10.89 - - [16/Jan/2017:17:06:07 -0300] "POST /cormun/servlet/solicitudgral2?gx-no-cache=1484600471470 HTTP/1.1" 200 1340
192.168.10.89 - - [16/Jan/2017:17:06:07 -0300] "GET /cormun/servlet/solicitudgral2?54fd36cabec530888785601c911e66e8d12ddc9bec0e9dc0d675a34cd9fa1af7b7284e2b94889bd46d43ab8db75c450f95fae3d9744ddb4ca6ff5f10480125cdb0a050797b933681b78929a062c4c1247c0b328a4aa4e980c95f77fd5d18043fa055fb36dfb9b09f9105ab2cce6cf220,gx-no-cache=1484600471516 HTTP/1.1" 200 41
192.168.10.89 - - [16/Jan/2017:17:06:10 -0300] "POST /cormun/servlet/solicitudgral2?addac70396df76dbf06aafff0adb3362,UPD,2017,3911,,gx-no-cache=1484600474052 HTTP/1.1" 200 10549
192.168.10.17 - - [16/Jan/2017:17:06:17 -0300] "GET /cormun/servlet/solicitudotcontratos?INS,2017,0,13224041,8,2,2016,3619,PRORETENCION,201612,20,*, HTTP/1.1" 200 9533
192.168.10.89 - - [16/Jan/2017:17:06:17 -0300] "GET /cormun/servlet/solicitudgral2?54fd36cabec530888785601c911e66e84423ef04ac6623890d55a42e64c085427eacf131a09748d1d64dbfa0ae69f07538e9cb700dec3fa1ff71cb7e55644eb8b7db65a3d6c0bb53901aa2f422328b8ed6d2920d2381588c972544e1716fe3e0ccc13b8aaa29506f519654c6910347b72213895b7dda516c12500782ed78bc74b77ae64ec63e2a0127391b71d801204eb6d4127aff326e41151674561687b5bf,gx-no-cache=1484600480720 HTTP/1.1" 200 29
192.168.10.89 - - [16/Jan/2017:17:06:17 -0300] "POST /cormun/servlet/solicitudgral2?gx-no-cache=1484600480755 HTTP/1.1" 200 1236
192.168.10.89 - - [16/Jan/2017:17:06:17 -0300] "POST /cormun/servlet/solicitudgral2?gx-no-cache=1484600480798 HTTP/1.1" 200 1140
192.168.10.89 - - [16/Jan/2017:17:06:17 -0300] "GET /cormun/servlet/solicitudgral2?54fd36cabec530888785601c911e66e8a61576d97d6c461e88b4c35eb4932e5ac303ab85efaa706d3318530314ce4aed28c51a15659c8c311c3cc7365819d429af6c7c753e1431af44a5957315e529b9c0339e935f0733a0d59778cde9149a2a68dbd9485951bc57252a4ae9ab3f2adf60b5df7b57e56fa4080b70d6ef50a9f6,gx-no-cache=1484600480833 HTTP/1.1" 200 30
192.168.10.17 - - [16/Jan/2017:17:06:17 -0300] "GET /cormun/static/gxcfg.js?201711020431995 HTTP/1.1" 200 953
192.168.10.89 - - [16/Jan/2017:17:06:17 -0300] "POST /cormun/servlet/solicitudgral2?addac70396df76dbf06aafff0adb3362,UPD,2017,3911,,gx-no-cache=1484600480860 HTTP/1.1" 200 93
192.168.10.89 - - [16/Jan/2017:17:06:17 -0300] "GET /cormun/servlet/hpexe_return? HTTP/1.1" 200 1011
192.168.10.17 - - [16/Jan/2017:17:06:17 -0300] "GET /cormun/static/solicitudotcontratos.js?201711020432118 HTTP/1.1" 200 42790
192.168.10.17 - - [16/Jan/2017:17:06:18 -0300] "GET /cormun/servlet/solicitudotcontratos?INS,2017,0,13224041,8,2,2016,3619,PRORETENCION,201612,20,*, HTTP/1.1" 200 9565
192.168.10.89 - - [16/Jan/2017:17:06:18 -0300] "GET /cormun/servlet/trsolicitudgral? HTTP/1.1" 200 9603
192.168.10.17 - - [16/Jan/2017:17:06:20 -0300] "GET /cormun/servlet/solicitudotcontratos?c430985bf64d0c9660232402a04655c176f02391e2a847ce795ea879eb40eacb3ac120d834bf31b6bb365416091b8419,gx-no-cache=1484600959835 HTTP/1.1" 200 30
192.168.10.17 - - [16/Jan/2017:17:06:20 -0300] "GET /cormun/servlet/solicitudotcontratos?c430985bf64d0c9660232402a04655c1fc3084fec2e983af98557c45b208e4e8c2c831c5a28549453ce4ba36e038a379e9ec986ed0e1e0be1be2e92e82d7bcde8c7911e030a04cf320cc0c879fe20adcf6a677486e46821c922ed1407405989386ee1a471ad42ab1d5f74165a1a02655f8e07a145e452f4ca209181db3857625,gx-no-cache=1484600959862 HTTP/1.1" 200 48
192.168.10.17 - - [16/Jan/2017:17:06:20 -0300] "GET /cormun/servlet/solicitudotcontratos?c430985bf64d0c9660232402a04655c1940837ae95c4a66ac27caed6fa4ee783db94748317c43b8aaccc5bdb101b5faf,gx-no-cache=1484600959923 HTTP/1.1" 200 30
192.168.10.17 - - [16/Jan/2017:17:06:20 -0300] "GET /cormun/servlet/solicitudotcontratos?c430985bf64d0c9660232402a04655c11ac3fd589495299e35c865b00d753436f8dc56a5dab6fcc2b0888d5f0cf367cb057c2f1541ab9401f87cdb0236ef2aa1032e027964b2e5c44f92b674dfb57dff35f7e9b9f39855de76cc47e8c19c1605e1f3453e1e499d19729673bce03a3225,gx-no-cache=1484600959949 HTTP/1.1" 200 30
192.168.10.17 - - [16/Jan/2017:17:06:20 -0300] "GET /cormun/servlet/solicitudotcontratos?c430985bf64d0c9660232402a04655c1fc742c50e01ca4b9512fd678ee835d1fb78476fa2c34387e005a96308b8f2476897ad50eb3c58ee203fd6360a3ab1ef15de12fb909dc4442206d3632bf5ebdadbb63fa35a37b3b45d98e2715b40b1113bb37920a15e7bb694af3f73c03e80dc565243a77bd6612543cf3cbb04b1477cb878f66fa7fc7967bb894d91316a1a1e3a7f20e85b2089fec608b63f2624597d1caf9ff3398df91aa2c0a7181f6ae2b7d9aa0c5ce0cdab4baf75958f53d51d1bee05bc2d4a7dc24fa0f28be69c29434220465aa536f6a420d7a8b1aac51fc796a753e8bc56fe066ff51e2e7c5bac3f2fa72beb4468155b2451af4e34b6ea3458404b732f1c041b0922582911b25e0668ceec47953ebf741c7c8c27b8773425e6b6c226feaf9ecc546cb44cea5c8f195013270671c814eede5095ba7dc8915bf8cb2dcd2e2a67f9445244eabee661d77fb07cecde9298a9f9335348b5248dbcb27f8acc89cf9334cc9f50a9915f0db115908ca7c69a28405052ed7ea2056201eb0227361f5ec2e1a7334f7b92e2c2734fe25eab74745c1c6832c75399ac53c7b5a3de3ddf0b51a39089a73b16c264a2a479431d24834d01427043228c220f3b2ace5a63bc42d1d597f18c486c3f062f8bd1f5db6ef8e39f2dbf4a3dc8ce6c9b90e65a3781925d7cb0f9a85d677a3fe23f0d0cbdfbdcf22575a1d548f2f9750f8f4336fbd9e7e4daba8a218fb706b5d1a021d620b9ce2b412a09637695e4a03abc5b525e051c09e438c981475231f64844d5538d4163ac5459536a692806ddc9771,gx-no-cache=1484600959989 HTTP/1.1" 200 84
192.168.10.17 - - [16/Jan/2017:17:06:25 -0300] "POST /cormun/servlet/solicitudotcontratos?6d3cd17835508dbde6c544b6f5b0582c,INS,2017,0,13224041,8,2,2016,3619,PRORETENCION,201612,20,*,,gx-no-cache=1484600964547 HTTP/1.1" 200 10391
192.168.10.17 - - [16/Jan/2017:17:06:25 -0300] "POST /cormun/servlet/solicitudotcontratos?gx-no-cache=1484600964778 HTTP/1.1" 200 1263
192.168.10.17 - - [16/Jan/2017:17:06:25 -0300] "POST /cormun/servlet/solicitudotcontratos?gx-no-cache=1484600964814 HTTP/1.1" 200 1140
192.168.10.17 - - [16/Jan/2017:17:06:25 -0300] "GET /cormun/servlet/solicitudotcontratos?c430985bf64d0c9660232402a04655c1335365e3ba421a0cb879cc05d6bbd74cc82d7433e5e199805d1aa0cd522787e77fdff122130fedbcf52c7c9efd9008f8a28132ddf9bf50b53786f97ab5a6b91da412dcacdc145eb471f2117ba7b2d527f8ebb5db7a57b9605fec93a7f073e1be5bcfde1ae3093c2ade49b651599e6347,gx-no-cache=1484600964856 HTTP/1.1" 200 30
192.168.10.17 - - [16/Jan/2017:17:06:26 -0300] "POST /cormun/servlet/solicitudotcontratos?6d3cd17835508dbde6c544b6f5b0582c,INS,2017,0,13224041,8,2,2016,3619,PRORETENCION,201612,20,*,,gx-no-cache=1484600964872 HTTP/1.1" 200 93
192.168.10.17 - - [16/Jan/2017:17:06:26 -0300] "GET /cormun/servlet/hpexe_return? HTTP/1.1" 200 1051
192.168.10.17 - - [16/Jan/2017:17:06:26 -0300] "GET /cormun/servlet/trcontratosolicitud? HTTP/1.1" 200 7330
192.168.10.17 - - [16/Jan/2017:17:06:27 -0300] "GET /cormun/servlet/trcontratosolicitud? HTTP/1.1" 200 7327
192.168.10.17 - - [16/Jan/2017:17:06:29 -0300] "GET /cormun/servlet/solicitudotcontratos?INS,2017,0,13224041,8,6,2016,4046,LEY+SEP,201612,6,*, HTTP/1.1" 200 9531
192.168.10.89 - - [16/Jan/2017:17:06:29 -0300] "POST /cormun/servlet/trsolicitudgral?addac70396df76dbf06aafff0adb3362,,gx-no-cache=1484600493208 HTTP/1.1" 200 6457
192.168.10.17 - - [16/Jan/2017:17:06:30 -0300] "GET /cormun/servlet/solicitudotcontratos?INS,2017,0,13224041,8,6,2016,4046,LEY+SEP,201612,6,*, HTTP/1.1" 200 9565
192.168.10.17 - - [16/Jan/2017:17:06:32 -0300] "GET /cormun/servlet/solicitudotcontratos?c430985bf64d0c9660232402a04655c176f02391e2a847ce795ea879eb40eacb3ac120d834bf31b6bb365416091b8419,gx-no-cache=1484600971200 HTTP/1.1" 200 30
192.168.10.17 - - [16/Jan/2017:17:06:32 -0300] "GET /cormun/servlet/solicitudotcontratos?c430985bf64d0c9660232402a04655c1fc3084fec2e983af98557c45b208e4e8c2c831c5a28549453ce4ba36e038a379e9ec986ed0e1e0be1be2e92e82d7bcde8c7911e030a04cf320cc0c879fe20adc2e549beca02ee7fef559edac4d3b60ea66c1ae5bae4dbfbb713a384894791f14e3143b9d3b335f7eda24f8350b77748d,gx-no-cache=1484600971242 HTTP/1.1" 200 50
192.168.10.17 - - [16/Jan/2017:17:06:32 -0300] "GET /cormun/servlet/solicitudotcontratos?c430985bf64d0c9660232402a04655c1940837ae95c4a66ac27caed6fa4ee7832fa80d5bbbf1b0b31623f91c545bdf16,gx-no-cache=1484600971273 HTTP/1.1" 200 30
192.168.10.17 - - [16/Jan/2017:17:06:32 -0300] "GET /cormun/servlet/solicitudotcontratos?c430985bf64d0c9660232402a04655c11ac3fd589495299e35c865b00d753436f8dc56a5dab6fcc2b0888d5f0cf367cb057c2f1541ab9401f87cdb0236ef2aa1032e027964b2e5c44f92b674dfb57dffca7ee223d6075580103633c5eacf5427e1f3453e1e499d19729673bce03a3225,gx-no-cache=1484600971292 HTTP/1.1" 200 30
192.168.10.17 - - [16/Jan/2017:17:06:32 -0300] "GET /cormun/servlet/solicitudotcontratos?c430985bf64d0c9660232402a04655c1fc742c50e01ca4b9512fd678ee835d1fb78476fa2c34387e005a96308b8f24767208b6e13f1420d5fcab9d9357a1b980057c2f1541ab9401f87cdb0236ef2aa10bbff62f338eccc7f7924fc72a21d70edb30f06bdb7faea04ae02930be277a7c1c99e57bfbc169f28cbd271957ca05b5034b8beac8c6b22ae6ccd8aa9d8b5dc70031e234b8277a4d59433ad4e3e3f9ea7208b6e13f1420d5fcab9d9357a1b980d27fd9cdd960ad00625450704d9961ddac29185e66f3eed7d6649760f98f9828fd4e7143e906c767bcff10ce9f5758945850a38a2093cdca8ca6fce03be74032352a8a464eb40c6d124645c089c021631b13c5e26fb274b11bc97eb28c5b7e9c29fad2eda6ea86c2e1e1e5b20b286aaa97a44b4020758d0f56b72077fa6d6d82f6d8267bbd2080853a36e36ad23798acb6ec8277ddb111e663e003d6d7dc3f9b72beb4468155b2451af4e34b6ea34584d0920c1a343acaef7204f8fd371c50130fb557cf2b0caf65746ea1091b75dd30f5d059d1299fc62b95fe346106edbfcdf56ec46b8f69a341bc4185982d31ff7dae91dd4edad4d32d46c2514fdec1041456e81a15e6b0bbcba20ff0274c45dfc25bf420956fa602023450dd17842077c7fa1e9f192cc83b30104faadeeacb9b63ba34134015430f52a7f02e6ba13f6f7fb60d321d03d8fc7789787e8862437f807c71d1938c924d7fe53a068d72f60a27ae14d024d21f124097402b4ad5a859349303e7ad9d8d9d1f54477126eea184052513137f74ab48d016ca67a2b4a809b9,gx-no-cache=1484600971316 HTTP/1.1" 200 79
192.168.10.17 - - [16/Jan/2017:17:06:35 -0300] "POST /cormun/servlet/solicitudotcontratos?6d3cd17835508dbde6c544b6f5b0582c,INS,2017,0,13224041,8,6,2016,4046,LEY+SEP,201612,6,*,,gx-no-cache=1484600974504 HTTP/1.1" 200 10394
192.168.10.17 - - [16/Jan/2017:17:06:35 -0300] "POST /cormun/servlet/solicitudotcontratos?gx-no-cache=1484600974844 HTTP/1.1" 200 1264
192.168.10.17 - - [16/Jan/2017:17:06:35 -0300] "POST /cormun/servlet/solicitudotcontratos?gx-no-cache=1484600974907 HTTP/1.1" 200 1140
192.168.10.17 - - [16/Jan/2017:17:06:35 -0300] "GET /cormun/servlet/solicitudotcontratos?c430985bf64d0c9660232402a04655c1335365e3ba421a0cb879cc05d6bbd74cc82d7433e5e199805d1aa0cd522787e77fdff122130fedbcf52c7c9efd9008f8a28132ddf9bf50b53786f97ab5a6b91da412dcacdc145eb471f2117ba7b2d527f8ebb5db7a57b9605fec93a7f073e1be5bcfde1ae3093c2ade49b651599e6347,gx-no-cache=1484600974950 HTTP/1.1" 200 30
192.168.10.17 - - [16/Jan/2017:17:06:36 -0300] "POST /cormun/servlet/solicitudotcontratos?6d3cd17835508dbde6c544b6f5b0582c,INS,2017,0,13224041,8,6,2016,4046,LEY+SEP,201612,6,*,,gx-no-cache=1484600974973 HTTP/1.1" 200 93
192.168.10.17 - - [16/Jan/2017:17:06:36 -0300] "GET /cormun/servlet/hpexe_return? HTTP/1.1" 200 1046
192.168.10.17 - - [16/Jan/2017:17:06:36 -0300] "GET /cormun/servlet/trcontratosolicitud HTTP/1.1" 200 7196
192.168.10.17 - - [16/Jan/2017:17:06:37 -0300] "GET /cormun/servlet/trcontratosolicitud HTTP/1.1" 200 7192
192.168.10.89 - - [16/Jan/2017:17:06:37 -0300] "GET /cormun/servlet/solicitudgral?UPD,2017,3912, HTTP/1.1" 200 12134
192.168.10.89 - - [16/Jan/2017:17:06:39 -0300] "POST /cormun/servlet/solicitudgral?gx-no-cache=1484600503403 HTTP/1.1" 200 3194
192.168.10.89 - - [16/Jan/2017:17:06:40 -0300] "GET /cormun/servlet/solicitudgral?54fd36cabec530888785601c911e66e8d9722ababc0603e1ef732dc1a62030518e09177bb37381d6efa6f3622f8567ae95fae3d9744ddb4ca6ff5f10480125cd06c1bb2a21a1edd14738127da19fb68829b5fc7e10e25523886bc463e18ceea444e8ef6066703828b349f93ee7e31dc3c0bc1c0e22dc21dda97a5f92894f82c44b220bd0265ed9f9cfaa760fc03733df4996a5fca64e7150688aa15c18083025b54ec2ec60aafe369c42ea231ac7b04750e63f512a47da30df75cd056eeb7b994a5a52dcd8f231b2fae29c04398de5ff27301a7861bc16ba1aaa71f4a65ce2138a8e5b59229b535ef669f5056ad9e64c35679ee8a6662566fb857a8b32e62f270d2f55af14971d742f76205615a00fb690e773b0968ef76386120915b888397a706fb51c3ed107a4395991fa5154738f204f47848f1d48453c3d04bb9a18d9cb19ae9dbe636f5079d48fe59510760073,gx-no-cache=1484600503638 HTTP/1.1" 200 257
