192.168.10.43 - - [16/Jan/2017:12:03:29 -0300] "GET /cormun/servlet/solicitudotcontratos?492c95618f9353151a9c5aed5b066d32af7eb0a684a8a4f819a751d714fe685f94f0815fc0bb1e8e2f9e8b2704f05e248d355414b82182eb0e60cbf3a687784f5a6117583d9037eb12117beb7b6e080e8b4d8f4aa3018dcb770cbdb13499f5bb7836e1e1eb12311dd1404049e2865aa1dfc481433899ffa677b37a5bace5d14c1bcc369e79b8709bd7069283e1256b470558d616abfbdfbf1186bb87dde9ec348d355414b82182eb0e60cbf3a687784f991d7458079e6635b1a36ac2e3f761b977dcda3b77cd18ab06bfa2a98620cf09c855bd5a6e3dc09f8125b273ec802ee04799951263e4374216bbffa17ecf3f81a7d0f0ca30fd2c3b47a4cc07c898a6580674923b5350b9379db2fc7c14755e159836e4685313f192bb33413db8f70c8b2762f609f18f139259ce94e9606f499d4565c945403e89ea8eba0b1f9e9eeb8f77f506da056f056d804b691cc3f30741ae36b26092db1413907964148d5d3421f433bb66962c355a8f3ee1bda6e2d7c6abc5acf6bbc1666f87fd4ba8e37444c5caf3a514e3104cecf2f991af4cf833f62ce665bfd0dc60ff5d7ccb70fe4d8c33e186f12a9703876eadfd7769ba5eb0bf8d34d46f1d3cf333acad46303bcaaa1b97222f80dc6c9a485fd701aff1953751589bca7d06447a309464fbda2e54240c3b2bda20ddbb8a7bc3a1ba3dbeb292a65dba08fbe737f614d60b0194ecc49ff1b0fb70a68a20e62a999cd2f23b256785dbfdcd960e6e9613bf6fbc9a5c7c45840a3ade0a66ecdaa18faea9cb21b2bfb0bdf92c12218cba802ced4f3648dbb485,gx-no-cache=1484582312655 HTTP/1.1" 200 79
192.168.10.43 - - [16/Jan/2017:12:03:31 -0300] "POST /cormun/servlet/solicitudotcontratos?f44279d6d200a464c142fc5386eda286,INS,2017,0,11231871,2,6,2016,2775,LEY+SEP,201612,4,B,,gx-no-cache=1484582314785 HTTP/1.1" 200 10404
192.168.10.43 - - [16/Jan/2017:12:03:31 -0300] "POST /cormun/servlet/solicitudotcontratos?gx-no-cache=1484582315089 HTTP/1.1" 200 1266
192.168.10.43 - - [16/Jan/2017:12:03:31 -0300] "POST /cormun/servlet/solicitudotcontratos?gx-no-cache=1484582315128 HTTP/1.1" 200 1141
192.168.10.43 - - [16/Jan/2017:12:03:31 -0300] "GET /cormun/servlet/solicitudotcontratos?492c95618f9353151a9c5aed5b066d32df97bc70e00ada85cd3df6df895628003af85ecba6b264b06568321ebf641e392e5a62a6faef7424efaec84815acd7e7d08c4010ee053e48714a010327c1cdfcf6d14ba13fb5c0c8a9e86ab4de0b308662eaa5fcc18f3b0d511532effb4754f718d2694979cc905801bec672a8a563ed,gx-no-cache=1484582315162 HTTP/1.1" 200 30
192.168.10.43 - - [16/Jan/2017:12:03:31 -0300] "POST /cormun/servlet/solicitudotcontratos?f44279d6d200a464c142fc5386eda286,INS,2017,0,11231871,2,6,2016,2775,LEY+SEP,201612,4,B,,gx-no-cache=1484582315183 HTTP/1.1" 200 93
192.168.10.43 - - [16/Jan/2017:12:03:31 -0300] "GET /cormun/servlet/hpexe_return? HTTP/1.1" 200 1070
192.168.10.43 - - [16/Jan/2017:12:03:32 -0300] "GET /cormun/servlet/trcontratosolicitud?gx-no-cache=1484582298956 HTTP/1.1" 200 6513
192.168.10.43 - - [16/Jan/2017:12:03:32 -0300] "GET /cormun/servlet/trcontratosolicitud?gx-no-cache=1484582298956 HTTP/1.1" 200 6531
192.168.10.89 - - [16/Jan/2017:12:03:38 -0300] "POST /cormun/servlet/trsolicitudgral?a7c0c1898efa31dfb5d60831ac5022a2,,gx-no-cache=1484582321516 HTTP/1.1" 200 13643
192.168.10.89 - - [16/Jan/2017:12:03:45 -0300] "POST /cormun/servlet/trsolicitudgral?a7c0c1898efa31dfb5d60831ac5022a2,,gx-no-cache=1484582328751 HTTP/1.1" 200 6745
186.103.159.46 - - [16/Jan/2017:12:03:47 -0300] "POST /cormun/servlet/hlogin?0a0d6f26c8082d958c51629bf2ae8355,gx-no-cache=1484579102370 HTTP/1.1" 200 437
192.168.10.89 - - [16/Jan/2017:12:03:54 -0300] "POST /cormun/servlet/trsolicitudgral?a7c0c1898efa31dfb5d60831ac5022a2,,gx-no-cache=1484582338246 HTTP/1.1" 200 13644
186.103.159.46 - - [16/Jan/2017:12:03:56 -0300] "POST /cormun/servlet/hlogin?0a0d6f26c8082d958c51629bf2ae8355,gx-no-cache=1484579111087 HTTP/1.1" 200 437
192.168.10.89 - - [16/Jan/2017:12:04:29 -0300] "POST /cormun/servlet/trsolicitudgral?a7c0c1898efa31dfb5d60831ac5022a2,,gx-no-cache=1484582373009 HTTP/1.1" 200 5233
192.168.10.89 - - [16/Jan/2017:12:04:33 -0300] "POST /cormun/servlet/trsolicitudgral?a7c0c1898efa31dfb5d60831ac5022a2,,gx-no-cache=1484582377458 HTTP/1.1" 200 5226
186.103.159.46 - - [16/Jan/2017:12:04:36 -0300] "POST /cormun/servlet/hlogin?0a0d6f26c8082d958c51629bf2ae8355,gx-no-cache=1484579151307 HTTP/1.1" 200 90
186.103.159.46 - - [16/Jan/2017:12:04:36 -0300] "GET /cormun/servlet/hpexe_link HTTP/1.1" 200 950
186.103.159.46 - - [16/Jan/2017:12:04:37 -0300] "GET /cormun/static/gxcfg.js?201612218515529 HTTP/1.1" 200 953
186.103.159.46 - - [16/Jan/2017:12:04:37 -0300] "GET /cormun/static/hpexe_link.js?201612218515532 HTTP/1.1" 200 625
186.103.159.46 - - [16/Jan/2017:12:04:37 -0300] "GET /cormun/servlet/hhome HTTP/1.1" 200 3684
186.103.159.46 - - [16/Jan/2017:12:04:39 -0300] "GET /cormun/servlet/hhome HTTP/1.1" 200 3681
186.103.159.46 - - [16/Jan/2017:12:04:39 -0300] "GET /cormun/static/SmoothNavMenu/resources/images/down.gif HTTP/1.1" 200 854
192.168.10.43 - - [16/Jan/2017:12:04:47 -0300] "POST /cormun/servlet/trcontratosolicitud?f44279d6d200a464c142fc5386eda286,gx-no-cache=1484582298956,gx-no-cache=1484582390715 HTTP/1.1" 200 4905
186.103.159.46 - - [16/Jan/2017:12:04:47 -0300] "GET /cormun/servlet/trlicencias? HTTP/1.1" 200 6522
186.103.159.46 - - [16/Jan/2017:12:04:47 -0300] "GET /cormun/static/gxui/gxui-all.css?120300 HTTP/1.1" 200 2179
186.103.159.46 - - [16/Jan/2017:12:04:47 -0300] "GET /cormun/static/calendar-system.css?85620 HTTP/1.1" 200 5572
186.103.159.46 - - [16/Jan/2017:12:04:47 -0300] "GET /cormun/static/gxcfg.js?2016122619301429 HTTP/1.1" 200 953
186.103.159.46 - - [16/Jan/2017:12:04:47 -0300] "GET /cormun/static/calendar-setup.js?85251 HTTP/1.1" 200 2588
186.103.159.46 - - [16/Jan/2017:12:04:47 -0300] "GET /cormun/static/calendar.js?85251 HTTP/1.1" 200 26246
186.103.159.46 - - [16/Jan/2017:12:04:48 -0300] "GET /cormun/static/Shared/ext/resources/css/ext-all.css?215870 HTTP/1.1" 200 416045
186.103.159.46 - - [16/Jan/2017:12:04:48 -0300] "GET /cormun/static/gxdec.js?85251 HTTP/1.1" 200 19579
186.103.159.46 - - [16/Jan/2017:12:04:48 -0300] "GET /cormun/static/trlicencias.js?2016122619301919 HTTP/1.1" 200 37916
186.103.159.46 - - [16/Jan/2017:12:04:48 -0300] "GET /cormun/static/Resources/PXTools/calendar.png HTTP/1.1" 200 1306
186.103.159.46 - - [16/Jan/2017:12:04:49 -0300] "GET /cormun/static/Resources/PXToolsDataSearch.png HTTP/1.1" 200 419
186.103.159.46 - - [16/Jan/2017:12:04:49 -0300] "GET /cormun/static/Resources/PXToolsGridFirstDisabled.gif HTTP/1.1" 200 100
186.103.159.46 - - [16/Jan/2017:12:04:49 -0300] "GET /cormun/static/Resources/PXToolsGridPreviousDisabled.gif HTTP/1.1" 200 90
186.103.159.46 - - [16/Jan/2017:12:04:49 -0300] "GET /cormun/static/Resources/PXToolsGridNextDisabled.gif HTTP/1.1" 200 90
186.103.159.46 - - [16/Jan/2017:12:04:49 -0300] "GET /cormun/static/Resources/PXToolsGridLastDisabled.gif HTTP/1.1" 200 98
186.103.159.46 - - [16/Jan/2017:12:04:49 -0300] "GET /cormun/static/Resources/PXToolsGridPage.gif HTTP/1.1" 200 725
186.103.159.46 - - [16/Jan/2017:12:04:49 -0300] "GET /cormun/static/Resources/PXToolsActionExcel.png HTTP/1.1" 200 3187
186.103.159.46 - - [16/Jan/2017:12:04:49 -0300] "GET /cormun/static/Resources/PXToolsGridNew.png HTTP/1.1" 200 2949
186.103.159.46 - - [16/Jan/2017:12:04:50 -0300] "GET /cormun/static/calendar-es.js?85251 HTTP/1.1" 200 1901
192.168.10.43 - - [16/Jan/2017:12:04:50 -0300] "GET /cormun/servlet/solicitudotcontratos?INS,2017,0,11871926,3,2,2016,5445,NADA,201612,21,M, HTTP/1.1" 200 9596
192.168.10.43 - - [16/Jan/2017:12:04:51 -0300] "GET /cormun/servlet/solicitudotcontratos?INS,2017,0,11871926,3,2,2016,5445,NADA,201612,21,M, HTTP/1.1" 200 9605
186.103.159.46 - - [16/Jan/2017:12:04:51 -0300] "GET /cormun/static/Resources/asc.gif HTTP/1.1" 200 67
186.103.159.46 - - [16/Jan/2017:12:04:51 -0300] "GET /cormun/static/Resources/desc.gif HTTP/1.1" 200 65
186.103.159.46 - - [16/Jan/2017:12:04:51 -0300] "GET /cormun/servlet/trlicencias? HTTP/1.1" 200 6521
192.168.10.43 - - [16/Jan/2017:12:04:51 -0300] "GET /cormun/servlet/solicitudotcontratos?492c95618f9353151a9c5aed5b066d3208667627dae560fcad3df7d0ef749dab5d774251b78731b656abeac8071d1e6b,gx-no-cache=1484582395496 HTTP/1.1" 200 30
192.168.10.43 - - [16/Jan/2017:12:04:51 -0300] "GET /cormun/servlet/solicitudotcontratos?492c95618f9353151a9c5aed5b066d32314183f1c260133f52d8dcdcb0b5969d72797d46f29e1c796a53a0a4b59e281b632a47cf70dfcd8e0786b3709e7600b889b33e721beb5462b05d7f74fd9365666e4aa3225af147dd33814ffefd46e244f7e9335361236d90e72239d944b734f4fb921c0f9cb52c699a966030b3e6e143,gx-no-cache=1484582395523 HTTP/1.1" 200 48
192.168.10.43 - - [16/Jan/2017:12:04:51 -0300] "GET /cormun/servlet/solicitudotcontratos?492c95618f9353151a9c5aed5b066d32dfda9ff054d5ce5ac09ea70b19f11bc415ac98e277827e8e90c3b2d579d12ecc,gx-no-cache=1484582395548 HTTP/1.1" 200 30
192.168.10.43 - - [16/Jan/2017:12:04:51 -0300] "GET /cormun/servlet/solicitudotcontratos?492c95618f9353151a9c5aed5b066d32e97dd64f795ee00f331199fe6aeaebcb3a9e9c4c175a2bb0393a83b8185070a95a6117583d9037eb12117beb7b6e080ef1c6667e10738a3f9f8cb519a68ff4cfbf980f772d00d3abe9f84bd0cfd956f75ec3030a1a801171c0c66a6a753e628b,gx-no-cache=1484582395570 HTTP/1.1" 200 30
192.168.10.43 - - [16/Jan/2017:12:04:51 -0300] "GET /cormun/servlet/solicitudotcontratos?492c95618f9353151a9c5aed5b066d32af7eb0a684a8a4f819a751d714fe685f94f0815fc0bb1e8e2f9e8b2704f05e244e85d25bcdebaf64671ccf13308d899291cb377dfb237d5c4f61e19c7c2588f45baa36e21b597ee67b6f7bcd0d89afe13c1c1eacdd010c322038b640e849612a5bb76040b91f4b059402871e5374f88e4559548f10aff6e85330cdc2d7befa432341b89edfd30bdeffe27800bd976c460a608ff25039cf69481062bf56d5e3909b776a8cb370f488b5e36ef72e64047b0dbf5c0f12484c47fea7655787a1de421a52113a41a0bdc4c9a560b1a3ae6889d76396438cea23c24587a93c121f59385669dd12f1acc9b5bd006b97b21dd0b466bd6432f4ed61ea12b8faa511c8403f3c55a138ce5c6a0df40f60b4b4262b9399f79e3aebb64187da8ec9111c541b609836e4685313f192bb33413db8f70c8b2add409685752813c0b6105b8a415f0af482b3b80bc3ba83eb438706e6ddb7f05b072b9749a194602d3ec77ec47ddf7c6c006d6455ecf6c2c0f1733588b008f66c07a318b903ca09c88d33fc892c82958b08f14e9f4e952fb4ca98d022476fab0344c10164733237569d6e6afc23fcd6f3695fae8e457f67a8c98c129862479a9e220d186bb8ad16ba8529ea052869b002c2462a5571442f5ee9a31d63f30f808bef1706f09dba9590e0e1e0255dedbb8b08f14e9f4e952fb4ca98d022476fab4a4bbb6db7aefe758bc90690f454efa98ee56f687af4045ed634ecdcccfdad7b3ab11efff80342049cbe71f8a8285e6cffd31c8a4bc430a65469b85de961d39b,gx-no-cache=1484582395600 HTTP/1.1" 200 72
186.103.159.46 - - [16/Jan/2017:12:04:52 -0300] "GET /cormun/static/Shared/ext/resources/themes/images/default/tools/tool-sprites.gif HTTP/1.1" 200 5434
186.103.159.46 - - [16/Jan/2017:12:04:52 -0300] "GET /cormun/static/Shared/ext/resources/themes/images/default/panel/bg-headersPanel.png HTTP/1.1" 200 255
192.168.10.43 - - [16/Jan/2017:12:04:54 -0300] "POST /cormun/servlet/solicitudotcontratos?f44279d6d200a464c142fc5386eda286,INS,2017,0,11871926,3,2,2016,5445,NADA,201612,21,M,,gx-no-cache=1484582398315 HTTP/1.1" 200 10393
192.168.10.43 - - [16/Jan/2017:12:04:55 -0300] "POST /cormun/servlet/solicitudotcontratos?gx-no-cache=1484582398619 HTTP/1.1" 200 1264
192.168.10.43 - - [16/Jan/2017:12:04:55 -0300] "POST /cormun/servlet/solicitudotcontratos?gx-no-cache=1484582398659 HTTP/1.1" 200 1141
192.168.10.43 - - [16/Jan/2017:12:04:55 -0300] "GET /cormun/servlet/solicitudotcontratos?492c95618f9353151a9c5aed5b066d32df97bc70e00ada85cd3df6df895628003af85ecba6b264b06568321ebf641e392e5a62a6faef7424efaec84815acd7e7d08c4010ee053e48714a010327c1cdfcf6d14ba13fb5c0c8a9e86ab4de0b308662eaa5fcc18f3b0d511532effb4754f718d2694979cc905801bec672a8a563ed,gx-no-cache=1484582398693 HTTP/1.1" 200 30
192.168.10.43 - - [16/Jan/2017:12:04:55 -0300] "POST /cormun/servlet/solicitudotcontratos?f44279d6d200a464c142fc5386eda286,INS,2017,0,11871926,3,2,2016,5445,NADA,201612,21,M,,gx-no-cache=1484582398714 HTTP/1.1" 200 93
192.168.10.43 - - [16/Jan/2017:12:04:55 -0300] "GET /cormun/servlet/hpexe_return? HTTP/1.1" 200 1068
192.168.10.43 - - [16/Jan/2017:12:04:55 -0300] "GET /cormun/servlet/trcontratosolicitud?gx-no-cache=1484582298956 HTTP/1.1" 200 7279
192.168.10.43 - - [16/Jan/2017:12:04:56 -0300] "GET /cormun/servlet/trcontratosolicitud?gx-no-cache=1484582298956 HTTP/1.1" 200 7297
192.168.10.43 - - [16/Jan/2017:12:04:58 -0300] "GET /cormun/servlet/solicitudotcontratos?INS,2017,0,11871926,3,6,2016,5446,LEY+SEP,201612,2,M, HTTP/1.1" 200 9598
192.168.10.43 - - [16/Jan/2017:12:04:58 -0300] "GET /cormun/servlet/solicitudotcontratos?INS,2017,0,11871926,3,6,2016,5446,LEY+SEP,201612,2,M, HTTP/1.1" 200 9610
192.168.10.43 - - [16/Jan/2017:12:04:59 -0300] "GET /cormun/servlet/solicitudotcontratos?492c95618f9353151a9c5aed5b066d3208667627dae560fcad3df7d0ef749dab5d774251b78731b656abeac8071d1e6b,gx-no-cache=1484582402633 HTTP/1.1" 200 30
192.168.10.43 - - [16/Jan/2017:12:04:59 -0300] "GET /cormun/servlet/solicitudotcontratos?492c95618f9353151a9c5aed5b066d32314183f1c260133f52d8dcdcb0b5969d72797d46f29e1c796a53a0a4b59e281b632a47cf70dfcd8e0786b3709e7600b889b33e721beb5462b05d7f74fd93656669ba5a89d03dc25dabf603df11395cfacc3eb30a8474c3c4d2a2d12bbc1a3befc3d27827af10a76c2c3b95d726106f8e,gx-no-cache=1484582402676 HTTP/1.1" 200 50
192.168.10.89 - - [16/Jan/2017:12:04:59 -0300] "POST /cormun/servlet/trsolicitudgral?a7c0c1898efa31dfb5d60831ac5022a2,,gx-no-cache=1484582402609 HTTP/1.1" 200 6458
192.168.10.43 - - [16/Jan/2017:12:04:59 -0300] "GET /cormun/servlet/solicitudotcontratos?492c95618f9353151a9c5aed5b066d32dfda9ff054d5ce5ac09ea70b19f11bc43d615bacc3faecf920378309eab81fbe,gx-no-cache=1484582402722 HTTP/1.1" 200 30
192.168.10.43 - - [16/Jan/2017:12:04:59 -0300] "GET /cormun/servlet/solicitudotcontratos?492c95618f9353151a9c5aed5b066d32e97dd64f795ee00f331199fe6aeaebcb3a9e9c4c175a2bb0393a83b8185070a95a6117583d9037eb12117beb7b6e080ef1c6667e10738a3f9f8cb519a68ff4cf3db97ff73b4edd84e7757506ab6b61a35ec3030a1a801171c0c66a6a753e628b,gx-no-cache=1484582402783 HTTP/1.1" 200 30
192.168.10.43 - - [16/Jan/2017:12:04:59 -0300] "GET /cormun/servlet/solicitudotcontratos?492c95618f9353151a9c5aed5b066d32af7eb0a684a8a4f819a751d714fe685f94f0815fc0bb1e8e2f9e8b2704f05e248d355414b82182eb0e60cbf3a687784f5a6117583d9037eb12117beb7b6e080e8b4d8f4aa3018dcb770cbdb13499f5bb7836e1e1eb12311dd1404049e2865aa1dfc481433899ffa677b37a5bace5d14c1bcc369e79b8709bd7069283e1256b470558d616abfbdfbf1186bb87dde9ec348d355414b82182eb0e60cbf3a687784f991d7458079e6635b1a36ac2e3f761b977dcda3b77cd18ab06bfa2a98620cf09c855bd5a6e3dc09f8125b273ec802ee04799951263e4374216bbffa17ecf3f81a7d0f0ca30fd2c3b47a4cc07c898a6580674923b5350b9379db2fc7c14755e159836e4685313f192bb33413db8f70c8b2762f609f18f139259ce94e9606f499d4565c945403e89ea8eba0b1f9e9eeb8f77f506da056f056d804b691cc3f30741ae36b26092db1413907964148d5d3421f433bb66962c355a8f3ee1bda6e2d7c6abc5acf6bbc1666f87fd4ba8e37444c5caf3a514e3104cecf2f991af4cf833f62ce665bfd0dc60ff5d7ccb70fe4d8c33e186f12a9703876eadfd7769ba5eb0bf8d34d46f1d3cf333acad46303bcaaa1b97222f80dc6c9a485fd701aff1953751589bca7d06447a309464fbda2e54240c3b2bda20ddbb8a7bc3a1ba3dbeb292a65dba08fbe737f614d60b0194ecc49ff1b0fb70a68a20e62a999cd2f23b256785dbfdcd960e6e9613bf6fbc9a5c7c45840a3ade0a66ecdaa18faea9cb21b2bfb0bdf92c12218cba802ced4f3648dbb485,gx-no-cache=1484582402818 HTTP/1.1" 200 79
192.168.10.43 - - [16/Jan/2017:12:05:01 -0300] "POST /cormun/servlet/solicitudotcontratos?f44279d6d200a464c142fc5386eda286,INS,2017,0,11871926,3,6,2016,5446,LEY+SEP,201612,2,M,,gx-no-cache=1484582405194 HTTP/1.1" 200 10399
192.168.10.43 - - [16/Jan/2017:12:05:01 -0300] "POST /cormun/servlet/solicitudotcontratos?gx-no-cache=1484582405481 HTTP/1.1" 200 1264
192.168.10.43 - - [16/Jan/2017:12:05:01 -0300] "POST /cormun/servlet/solicitudotcontratos?gx-no-cache=1484582405550 HTTP/1.1" 200 1141
192.168.10.43 - - [16/Jan/2017:12:05:01 -0300] "GET /cormun/servlet/solicitudotcontratos?492c95618f9353151a9c5aed5b066d32df97bc70e00ada85cd3df6df895628003af85ecba6b264b06568321ebf641e392e5a62a6faef7424efaec84815acd7e7d08c4010ee053e48714a010327c1cdfcf6d14ba13fb5c0c8a9e86ab4de0b308662eaa5fcc18f3b0d511532effb4754f718d2694979cc905801bec672a8a563ed,gx-no-cache=1484582405591 HTTP/1.1" 200 30
192.168.10.43 - - [16/Jan/2017:12:05:02 -0300] "POST /cormun/servlet/solicitudotcontratos?f44279d6d200a464c142fc5386eda286,INS,2017,0,11871926,3,6,2016,5446,LEY+SEP,201612,2,M,,gx-no-cache=1484582405617 HTTP/1.1" 200 93
192.168.10.43 - - [16/Jan/2017:12:05:02 -0300] "GET /cormun/servlet/hpexe_return? HTTP/1.1" 200 1071
192.168.10.43 - - [16/Jan/2017:12:05:02 -0300] "GET /cormun/servlet/trcontratosolicitud?gx-no-cache=1484582298956 HTTP/1.1" 200 6512
192.168.10.43 - - [16/Jan/2017:12:05:02 -0300] "GET /cormun/servlet/trcontratosolicitud?gx-no-cache=1484582298956 HTTP/1.1" 200 6529
192.168.10.89 - - [16/Jan/2017:12:05:10 -0300] "GET /cormun/servlet/hlogin HTTP/1.1" 200 1736
186.103.159.46 - - [16/Jan/2017:12:05:20 -0300] "GET /cormun/servlet/trpermisosgoce? HTTP/1.1" 200 6441
186.103.159.46 - - [16/Jan/2017:12:05:20 -0300] "GET /cormun/static/gxcfg.js?201612262011714 HTTP/1.1" 200 953
186.103.159.46 - - [16/Jan/2017:12:05:21 -0300] "GET /cormun/static/trpermisosgoce.js?201612262012096 HTTP/1.1" 200 31909
186.103.159.46 - - [16/Jan/2017:12:05:22 -0300] "GET /cormun/servlet/trpermisosgoce? HTTP/1.1" 200 6441
186.103.159.46 - - [16/Jan/2017:12:05:23 -0300] "POST /cormun/servlet/acontrolpreferencessavestate?None,CA-JAR,true HTTP/1.1" 200 35
192.168.10.89 - - [16/Jan/2017:12:05:24 -0300] "POST /cormun/servlet/hlogin?a7c0c1898efa31dfb5d60831ac5022a2,gx-no-cache=1484582428352 HTTP/1.1" 200 454
192.168.10.89 - - [16/Jan/2017:12:05:28 -0300] "POST /cormun/servlet/hlogin?a7c0c1898efa31dfb5d60831ac5022a2,gx-no-cache=1484582432022 HTTP/1.1" 200 90
192.168.10.89 - - [16/Jan/2017:12:05:28 -0300] "GET /cormun/servlet/hpexe_link HTTP/1.1" 200 953
186.103.159.46 - - [16/Jan/2017:12:05:29 -0300] "GET /cormun/servlet/trpermisosingoce? HTTP/1.1" 200 6479
186.103.159.46 - - [16/Jan/2017:12:05:30 -0300] "GET /cormun/static/gxcfg.js?2016111619312653 HTTP/1.1" 200 953
186.103.159.46 - - [16/Jan/2017:12:05:30 -0300] "GET /cormun/static/trpermisosingoce.js?2016111619313084 HTTP/1.1" 200 31498
192.168.10.89 - - [16/Jan/2017:12:05:30 -0300] "GET /cormun/servlet/hhome HTTP/1.1" 200 3890
186.103.159.46 - - [16/Jan/2017:12:05:31 -0300] "GET /cormun/servlet/trpermisosingoce? HTTP/1.1" 200 6479
186.103.159.46 - - [16/Jan/2017:12:05:32 -0300] "POST /cormun/servlet/acontrolpreferencessavestate?None,CA-JAR,true HTTP/1.1" 200 35
192.168.10.89 - - [16/Jan/2017:12:05:36 -0300] "GET /cormun/servlet/trcontratosolicitud? HTTP/1.1" 200 12344
186.103.159.46 - - [16/Jan/2017:12:05:37 -0300] "GET /cormun/servlet/tratrazos? HTTP/1.1" 200 6478
186.103.159.46 - - [16/Jan/2017:12:05:37 -0300] "GET /cormun/static/gxcfg.js?2016111619465317 HTTP/1.1" 200 953
186.103.159.46 - - [16/Jan/2017:12:05:37 -0300] "GET /cormun/static/tratrazos.js?2016111619465747 HTTP/1.1" 200 30414
186.103.159.46 - - [16/Jan/2017:12:05:39 -0300] "GET /cormun/servlet/tratrazos? HTTP/1.1" 200 6478
186.103.159.46 - - [16/Jan/2017:12:05:40 -0300] "POST /cormun/servlet/acontrolpreferencessavestate?None,CA-JAR,true HTTP/1.1" 200 35
192.168.10.89 - - [16/Jan/2017:12:05:44 -0300] "POST /cormun/servlet/trcontratosolicitud?a7c0c1898efa31dfb5d60831ac5022a2,,gx-no-cache=1484582448069 HTTP/1.1" 200 3951
192.168.10.89 - - [16/Jan/2017:12:05:50 -0300] "POST /cormun/servlet/trcontratosolicitud?a7c0c1898efa31dfb5d60831ac5022a2,,gx-no-cache=1484582454239 HTTP/1.1" 200 4711
186.103.159.46 - - [16/Jan/2017:12:06:07 -0300] "POST /cormun/servlet/tratrazos?0a0d6f26c8082d958c51629bf2ae8355,,gx-no-cache=1484579241216 HTTP/1.1" 200 3858
192.168.10.89 - - [16/Jan/2017:12:06:10 -0300] "POST /cormun/servlet/trcontratosolicitud?a7c0c1898efa31dfb5d60831ac5022a2,,gx-no-cache=1484582474370 HTTP/1.1" 200 10059
186.103.159.46 - - [16/Jan/2017:12:06:15 -0300] "GET /cormun/static/menuarrow.gif HTTP/1.1" 404 1015
186.103.159.46 - - [16/Jan/2017:12:06:25 -0300] "GET /cormun/servlet/tratrazos? HTTP/1.1" 200 6493
186.103.159.46 - - [16/Jan/2017:12:06:27 -0300] "GET /cormun/servlet/tratrazos? HTTP/1.1" 200 6493
192.168.10.43 - - [16/Jan/2017:12:06:28 -0300] "POST /cormun/servlet/trcontratosolicitud?f44279d6d200a464c142fc5386eda286,gx-no-cache=1484582298956,gx-no-cache=1484582491758 HTTP/1.1" 200 4744
192.168.10.89 - - [16/Jan/2017:12:06:30 -0300] "GET /cormun/servlet/hlogin HTTP/1.1" 200 1738
192.168.10.43 - - [16/Jan/2017:12:06:34 -0300] "GET /cormun/servlet/solicitudotcontratos?INS,2017,0,12292297,9,6,2016,1563,NADA,201612,5,M, HTTP/1.1" 200 9580
192.168.10.43 - - [16/Jan/2017:12:06:35 -0300] "GET /cormun/servlet/solicitudotcontratos?INS,2017,0,12292297,9,6,2016,1563,NADA,201612,5,M, HTTP/1.1" 200 9589
192.168.10.43 - - [16/Jan/2017:12:06:35 -0300] "GET /cormun/servlet/solicitudotcontratos?492c95618f9353151a9c5aed5b066d3298e289e15fba06f233155f3ce3a48ed75d774251b78731b656abeac8071d1e6b,gx-no-cache=1484582499493 HTTP/1.1" 200 30
192.168.10.43 - - [16/Jan/2017:12:06:35 -0300] "GET /cormun/servlet/solicitudotcontratos?492c95618f9353151a9c5aed5b066d32314183f1c260133f52d8dcdcb0b5969d72797d46f29e1c796a53a0a4b59e281b632a47cf70dfcd8e0786b3709e7600b889b33e721beb5462b05d7f74fd93656669ba5a89d03dc25dabf603df11395cfacc3eb30a8474c3c4d2a2d12bbc1a3befc3d27827af10a76c2c3b95d726106f8e,gx-no-cache=1484582499519 HTTP/1.1" 200 50
192.168.10.43 - - [16/Jan/2017:12:06:35 -0300] "GET /cormun/servlet/solicitudotcontratos?492c95618f9353151a9c5aed5b066d326a04370022208e1682ef4d328ff9316f6eecac424e653005323d71e1e44b4949,gx-no-cache=1484582499545 HTTP/1.1" 200 30
192.168.10.43 - - [16/Jan/2017:12:06:35 -0300] "GET /cormun/servlet/solicitudotcontratos?492c95618f9353151a9c5aed5b066d32e97dd64f795ee00f331199fe6aeaebcb3a9e9c4c175a2bb0393a83b8185070a95a6117583d9037eb12117beb7b6e080ef1c6667e10738a3f9f8cb519a68ff4cf3db97ff73b4edd84e7757506ab6b61a35ec3030a1a801171c0c66a6a753e628b,gx-no-cache=1484582499569 HTTP/1.1" 200 30
192.168.10.43 - - [16/Jan/2017:12:06:35 -0300] "GET /cormun/servlet/solicitudotcontratos?492c95618f9353151a9c5aed5b066d32af7eb0a684a8a4f819a751d714fe685f94f0815fc0bb1e8e2f9e8b2704f05e244e85d25bcdebaf64671ccf13308d899291cb377dfb237d5c4f61e19c7c2588f45baa36e21b597ee67b6f7bcd0d89afe13c1c1eacdd010c322038b640e849612a5bb76040b91f4b059402871e5374f88e4559548f10aff6e85330cdc2d7befa432341b89edfd30bdeffe27800bd976c460a608ff25039cf69481062bf56d5e3909b776a8cb370f488b5e36ef72e64047b0dbf5c0f12484c47fea7655787a1de421a52113a41a0bdc4c9a560b1a3ae6889d76396438cea23c24587a93c121f59385669dd12f1acc9b5bd006b97b21dd0b466bd6432f4ed61ea12b8faa511c8403f3c55a138ce5c6a0df40f60b4b4262b9399f79e3aebb64187da8ec9111c541b609836e4685313f192bb33413db8f70c8b2add409685752813c0b6105b8a415f0af482b3b80bc3ba83eb438706e6ddb7f05b072b9749a194602d3ec77ec47ddf7c6c006d6455ecf6c2c0f1733588b008f66c07a318b903ca09c88d33fc892c82958b08f14e9f4e952fb4ca98d022476fab0344c10164733237569d6e6afc23fcd6f3695fae8e457f67a8c98c129862479a9e220d186bb8ad16ba8529ea052869b002c2462a5571442f5ee9a31d63f30f808bef1706f09dba9590e0e1e0255dedbb8b08f14e9f4e952fb4ca98d022476fab4a4bbb6db7aefe758bc90690f454efa98ee56f687af4045ed634ecdcccfdad7b3ab11efff80342049cbe71f8a8285e6cffd31c8a4bc430a65469b85de961d39b,gx-no-cache=1484582499599 HTTP/1.1" 200 72
192.168.10.43 - - [16/Jan/2017:12:06:38 -0300] "POST /cormun/servlet/solicitudotcontratos?f44279d6d200a464c142fc5386eda286,INS,2017,0,12292297,9,6,2016,1563,NADA,201612,5,M,,gx-no-cache=1484582502182 HTTP/1.1" 200 10372
192.168.10.43 - - [16/Jan/2017:12:06:38 -0300] "POST /cormun/servlet/solicitudotcontratos?gx-no-cache=1484582502488 HTTP/1.1" 200 1264
192.168.10.43 - - [16/Jan/2017:12:06:38 -0300] "POST /cormun/servlet/solicitudotcontratos?gx-no-cache=1484582502556 HTTP/1.1" 200 1141
192.168.10.43 - - [16/Jan/2017:12:06:38 -0300] "GET /cormun/servlet/solicitudotcontratos?492c95618f9353151a9c5aed5b066d32df97bc70e00ada85cd3df6df895628003af85ecba6b264b06568321ebf641e392e5a62a6faef7424efaec84815acd7e7d08c4010ee053e48714a010327c1cdfcf6d14ba13fb5c0c8a9e86ab4de0b308662eaa5fcc18f3b0d511532effb4754f718d2694979cc905801bec672a8a563ed,gx-no-cache=1484582502599 HTTP/1.1" 200 30
192.168.10.43 - - [16/Jan/2017:12:06:39 -0300] "POST /cormun/servlet/solicitudotcontratos?f44279d6d200a464c142fc5386eda286,INS,2017,0,12292297,9,6,2016,1563,NADA,201612,5,M,,gx-no-cache=1484582502632 HTTP/1.1" 200 93
192.168.10.43 - - [16/Jan/2017:12:06:39 -0300] "GET /cormun/servlet/hpexe_return? HTTP/1.1" 200 1067
192.168.10.89 - - [16/Jan/2017:12:06:39 -0300] "POST /cormun/servlet/hlogin?a7c0c1898efa31dfb5d60831ac5022a2,gx-no-cache=1484582502902 HTTP/1.1" 200 90
192.168.10.89 - - [16/Jan/2017:12:06:39 -0300] "GET /cormun/servlet/hpexe_link HTTP/1.1" 200 953
192.168.10.43 - - [16/Jan/2017:12:06:39 -0300] "GET /cormun/servlet/trcontratosolicitud?gx-no-cache=1484582298956 HTTP/1.1" 200 6513
192.168.10.43 - - [16/Jan/2017:12:06:39 -0300] "GET /cormun/servlet/trcontratosolicitud?gx-no-cache=1484582298956 HTTP/1.1" 200 6530
192.168.10.89 - - [16/Jan/2017:12:06:41 -0300] "GET /cormun/servlet/hhome HTTP/1.1" 200 4341
192.168.10.89 - - [16/Jan/2017:12:06:45 -0300] "GET /cormun/servlet/trsolicitudgral? HTTP/1.1" 200 9585
192.168.10.89 - - [16/Jan/2017:12:06:51 -0300] "POST /cormun/servlet/trsolicitudgral?a7c0c1898efa31dfb5d60831ac5022a2,,gx-no-cache=1484582514493 HTTP/1.1" 200 13643
192.168.10.43 - - [16/Jan/2017:12:06:53 -0300] "POST /cormun/servlet/trcontratosolicitud?f44279d6d200a464c142fc5386eda286,gx-no-cache=1484582298956,gx-no-cache=1484582517441 HTTP/1.1" 200 5095
192.168.10.89 - - [16/Jan/2017:12:07:17 -0300] "POST /cormun/servlet/trsolicitudgral?a7c0c1898efa31dfb5d60831ac5022a2,,gx-no-cache=1484582540690 HTTP/1.1" 200 5225
192.168.10.43 - - [16/Jan/2017:12:07:49 -0300] "GET /cormun/servlet/solicitudotcontratos?INS,2017,0,16840648,7,6,2016,1797,NADA,201612,26,M, HTTP/1.1" 200 9603
192.168.10.43 - - [16/Jan/2017:12:07:50 -0300] "GET /cormun/servlet/solicitudotcontratos?INS,2017,0,16840648,7,6,2016,1797,NADA,201612,26,M, HTTP/1.1" 200 9613
192.168.10.43 - - [16/Jan/2017:12:07:50 -0300] "GET /cormun/servlet/solicitudotcontratos?492c95618f9353151a9c5aed5b066d3254481e597086dc3fb2f92433da1ba4db5d774251b78731b656abeac8071d1e6b,gx-no-cache=1484582574176 HTTP/1.1" 200 30
192.168.10.43 - - [16/Jan/2017:12:07:50 -0300] "GET /cormun/servlet/solicitudotcontratos?492c95618f9353151a9c5aed5b066d32314183f1c260133f52d8dcdcb0b5969d72797d46f29e1c796a53a0a4b59e281b632a47cf70dfcd8e0786b3709e7600b889b33e721beb5462b05d7f74fd93656669ba5a89d03dc25dabf603df11395cfacc3eb30a8474c3c4d2a2d12bbc1a3befc3d27827af10a76c2c3b95d726106f8e,gx-no-cache=1484582574202 HTTP/1.1" 200 50
192.168.10.43 - - [16/Jan/2017:12:07:50 -0300] "GET /cormun/servlet/solicitudotcontratos?492c95618f9353151a9c5aed5b066d322fd02e79e4a36c090531017469c316b763519b3e2f92fbe92655a1db713b762a,gx-no-cache=1484582574238 HTTP/1.1" 200 30
192.168.10.43 - - [16/Jan/2017:12:07:50 -0300] "GET /cormun/servlet/solicitudotcontratos?492c95618f9353151a9c5aed5b066d32e97dd64f795ee00f331199fe6aeaebcb3a9e9c4c175a2bb0393a83b8185070a95a6117583d9037eb12117beb7b6e080ef1c6667e10738a3f9f8cb519a68ff4cf3db97ff73b4edd84e7757506ab6b61a35ec3030a1a801171c0c66a6a753e628b,gx-no-cache=1484582574261 HTTP/1.1" 200 30
192.168.10.43 - - [16/Jan/2017:12:07:50 -0300] "GET /cormun/servlet/solicitudotcontratos?492c95618f9353151a9c5aed5b066d32af7eb0a684a8a4f819a751d714fe685f94f0815fc0bb1e8e2f9e8b2704f05e244e85d25bcdebaf64671ccf13308d899291cb377dfb237d5c4f61e19c7c2588f45baa36e21b597ee67b6f7bcd0d89afe13c1c1eacdd010c322038b640e849612a5bb76040b91f4b059402871e5374f88e4559548f10aff6e85330cdc2d7befa432341b89edfd30bdeffe27800bd976c460a608ff25039cf69481062bf56d5e3909b776a8cb370f488b5e36ef72e64047b0dbf5c0f12484c47fea7655787a1de421a52113a41a0bdc4c9a560b1a3ae6889d76396438cea23c24587a93c121f59385669dd12f1acc9b5bd006b97b21dd0b466bd6432f4ed61ea12b8faa511c8403f3c55a138ce5c6a0df40f60b4b4262b9399f79e3aebb64187da8ec9111c541b609836e4685313f192bb33413db8f70c8b2add409685752813c0b6105b8a415f0af482b3b80bc3ba83eb438706e6ddb7f05b072b9749a194602d3ec77ec47ddf7c6c006d6455ecf6c2c0f1733588b008f66c07a318b903ca09c88d33fc892c82958b08f14e9f4e952fb4ca98d022476fab0344c10164733237569d6e6afc23fcd6f3695fae8e457f67a8c98c129862479a9e220d186bb8ad16ba8529ea052869b002c2462a5571442f5ee9a31d63f30f808bef1706f09dba9590e0e1e0255dedbb8b08f14e9f4e952fb4ca98d022476fab4a4bbb6db7aefe758bc90690f454efa98ee56f687af4045ed634ecdcccfdad7b3ab11efff80342049cbe71f8a8285e6cffd31c8a4bc430a65469b85de961d39b,gx-no-cache=1484582574292 HTTP/1.1" 200 72
192.168.10.43 - - [16/Jan/2017:12:07:53 -0300] "POST /cormun/servlet/solicitudotcontratos?gx-no-cache=1484582577105 HTTP/1.1" 200 79
192.168.10.89 - - [16/Jan/2017:12:07:54 -0300] "GET /cormun/static/menuarrow.gif HTTP/1.1" 404 1015
192.168.10.89 - - [16/Jan/2017:12:07:58 -0300] "POST /cormun/servlet/trsolicitudgral?a7c0c1898efa31dfb5d60831ac5022a2,,gx-no-cache=1484582581707 HTTP/1.1" 200 6777
192.168.10.43 - - [16/Jan/2017:12:07:59 -0300] "POST /cormun/servlet/solicitudotcontratos?f44279d6d200a464c142fc5386eda286,INS,2017,0,16840648,7,6,2016,1797,NADA,201612,26,M,,gx-no-cache=1484582583411 HTTP/1.1" 200 10411
192.168.10.43 - - [16/Jan/2017:12:08:00 -0300] "POST /cormun/servlet/solicitudotcontratos?gx-no-cache=1484582583708 HTTP/1.1" 200 1265
192.168.10.43 - - [16/Jan/2017:12:08:00 -0300] "POST /cormun/servlet/solicitudotcontratos?gx-no-cache=1484582583748 HTTP/1.1" 200 1141
192.168.10.43 - - [16/Jan/2017:12:08:00 -0300] "GET /cormun/servlet/solicitudotcontratos?492c95618f9353151a9c5aed5b066d32df97bc70e00ada85cd3df6df895628003af85ecba6b264b06568321ebf641e392e5a62a6faef7424efaec84815acd7e7d08c4010ee053e48714a010327c1cdfcf6d14ba13fb5c0c8a9e86ab4de0b308662eaa5fcc18f3b0d511532effb4754f718d2694979cc905801bec672a8a563ed,gx-no-cache=1484582583784 HTTP/1.1" 200 30
192.168.10.43 - - [16/Jan/2017:12:08:00 -0300] "POST /cormun/servlet/solicitudotcontratos?f44279d6d200a464c142fc5386eda286,INS,2017,0,16840648,7,6,2016,1797,NADA,201612,26,M,,gx-no-cache=1484582583808 HTTP/1.1" 200 93
192.168.10.43 - - [16/Jan/2017:12:08:00 -0300] "GET /cormun/servlet/hpexe_return? HTTP/1.1" 200 1069
192.168.10.43 - - [16/Jan/2017:12:08:00 -0300] "GET /cormun/servlet/trcontratosolicitud?gx-no-cache=1484582298956 HTTP/1.1" 200 7451
192.168.10.43 - - [16/Jan/2017:12:08:01 -0300] "GET /cormun/servlet/trcontratosolicitud?gx-no-cache=1484582298956 HTTP/1.1" 200 7471
192.168.10.43 - - [16/Jan/2017:12:08:02 -0300] "GET /cormun/servlet/trsolicitudot? HTTP/1.1" 200 6977
192.168.10.89 - - [16/Jan/2017:12:08:03 -0300] "POST /cormun/servlet/trsolicitudgral?a7c0c1898efa31dfb5d60831ac5022a2,,gx-no-cache=1484582586631 HTTP/1.1" 200 20621
192.168.10.43 - - [16/Jan/2017:12:08:03 -0300] "GET /cormun/servlet/trsolicitudot? HTTP/1.1" 200 6957
192.168.10.43 - - [16/Jan/2017:12:08:08 -0300] "GET /cormun/servlet/solicitudot?INS,0,0, HTTP/1.1" 200 12781
192.168.10.43 - - [16/Jan/2017:12:08:09 -0300] "GET /cormun/servlet/solicitudot?INS,0,0, HTTP/1.1" 200 12785
192.168.10.89 - - [16/Jan/2017:12:08:15 -0300] "POST /cormun/servlet/trsolicitudgral?a7c0c1898efa31dfb5d60831ac5022a2,,gx-no-cache=1484582598575 HTTP/1.1" 200 7038
192.168.10.43 - - [16/Jan/2017:12:08:18 -0300] "GET /cormun/servlet/prfichaempleado?,MD,,gxPopupLevel%3D0%3B HTTP/1.1" 200 8891
186.103.159.46 - - [16/Jan/2017:12:08:22 -0300] "GET /cormun/servlet/trrenuncias? HTTP/1.1" 200 6431
186.103.159.46 - - [16/Jan/2017:12:08:23 -0300] "GET /cormun/static/gxcfg.js?201612218563964 HTTP/1.1" 200 953
186.103.159.46 - - [16/Jan/2017:12:08:23 -0300] "GET /cormun/static/trrenuncias.js?201612218564318 HTTP/1.1" 200 28329
186.103.159.46 - - [16/Jan/2017:12:08:25 -0300] "GET /cormun/servlet/trrenuncias? HTTP/1.1" 200 6431
192.168.10.89 - - [16/Jan/2017:12:08:25 -0300] "GET /cormun/servlet/solicitudgral?UPD,2017,4166, HTTP/1.1" 200 12137
192.168.10.43 - - [16/Jan/2017:12:08:26 -0300] "POST /cormun/servlet/prfichaempleado?f44279d6d200a464c142fc5386eda286,,MD,,gxPopupLevel%3D0%3B,gx-no-cache=1484582609725 HTTP/1.1" 200 3465
186.103.159.46 - - [16/Jan/2017:12:08:26 -0300] "POST /cormun/servlet/acontrolpreferencessavestate?None,CA-JAR,true HTTP/1.1" 200 35
192.168.10.89 - - [16/Jan/2017:12:08:28 -0300] "POST /cormun/servlet/solicitudgral?gx-no-cache=1484582611606 HTTP/1.1" 200 3186
192.168.10.89 - - [16/Jan/2017:12:08:28 -0300] "GET /cormun/servlet/solicitudgral?f48b11de35019c6aa6a345e1e75e7871ad58cd87b770e102992c15c991b066303d0371805f20bf341a7a6a30a22c2693606714ca25ba3fce1a1bea8670f1c786d4c590d3161752959956da79c4982b8acc6acabb74c790c7b3936075a960980feb352f1603a4682b0d800919070ad1701ca0753b5f26184547e4a69257e1de46200ccffcee9b055267d0418f7f106d106d8a9f8fa06e5319ef4ee677cfbf426770f9b40ae2ec99ef46e298fe50d8595b999b912a817fea38f39f4c052a938c230dadfabe940596414a53643d679832fa44f0b58eb92a2aa753beb052deb63d7bfbac5d590b1f4d679e82bbd84077b1e3b965d7fe0e8a8410b5e14fedb5423ebeba98ae9d2aa799749a51554758a53e9b8cce3f5c16fa7cc8d718ed131d444c0ef77d542ccb84c259b450cf6bf05e48ba66b106a66072af941efbecf76844f313731dce569a6aedb62c1d4f5244247f44,gx-no-cache=1484582611843 HTTP/1.1" 200 257
192.168.10.43 - - [16/Jan/2017:12:08:29 -0300] "POST /cormun/servlet/solicitudot?gx-no-cache=1484582613064 HTTP/1.1" 200 3186
192.168.10.43 - - [16/Jan/2017:12:08:29 -0300] "POST /cormun/servlet/solicitudot?f44279d6d200a464c142fc5386eda286,INS,0,0,,gx-no-cache=1484582613235 HTTP/1.1" 200 9937
192.168.10.43 - - [16/Jan/2017:12:08:30 -0300] "GET /cormun/servlet/solicitudot?492c95618f9353151a9c5aed5b066d3254481e597086dc3fb2f92433da1ba4db5ec3030a1a801171c0c66a6a753e628b,gx-no-cache=1484582614011 HTTP/1.1" 200 30
192.168.10.43 - - [16/Jan/2017:12:08:30 -0300] "POST /cormun/servlet/solicitudot?gx-no-cache=1484582614085 HTTP/1.1" 200 255
192.168.10.43 - - [16/Jan/2017:12:08:30 -0300] "GET /cormun/servlet/solicitudot?492c95618f9353151a9c5aed5b066d32185fae5e25a53a8f4c93a37570f7c8748edf56fe819dc17f508100faeed67e55eb47f2730d33a1dd4cbad3bab2023444363e7f1149e27f28d070c1a319c2b5531d8d15db45cc650dab136ebbb7548305dc3cd490cb7383695424f3f592f4758d352ff31682c28ff90110edfb022f523180b89dc914b36a9f6a8ccfe78b7ece6e12efb4523ef4497421db88cb7b50b03235df726313bf5cccde5aceed0339c36c68b0a62d945f72c95dd449c2c061434839762a535f769b28be11459b187020ed005fda9f87aa4574c91eb139f54f50a0796dcd4a9d310f14d57e459cd6e981a36d1e1ac54e2b4de50dcaa40973fc1bda21357a68ca85be84cd903caf9addc389b9974024f17d4bc23325f7801074434a8205a2bfed7faf5b3a4eeed01a9507df2742bedd76601078efe3da9089567cf2f15f4f1e3e24d0f1f0193fc2ec0746d36d9a0ad5a3b75c538eb80dc01cb90a934e6381c006287be86854b5210f259e8154acaa9c031becc9f0177fc65de935cb,gx-no-cache=1484582614191 HTTP/1.1" 200 30
192.168.10.43 - - [16/Jan/2017:12:08:32 -0300] "POST /cormun/servlet/solicitudot?gx-no-cache=1484582615720 HTTP/1.1" 200 30
186.103.159.46 - - [16/Jan/2017:12:08:33 -0300] "GET /cormun/servlet/trpermisosgoce? HTTP/1.1" 200 6463
192.168.10.89 - - [16/Jan/2017:12:08:33 -0300] "GET /cormun/servlet/solicitudgral?f48b11de35019c6aa6a345e1e75e78712fa62052f00ad7f10040eeabea44a843f333ad9667644733ef86572e1d2984a1d10ec41c266251c9f2120907343b46bc9b7ec039e35201aee53827233d6e87af5cd7f98bc024226e4a329d1a20ed2bc8f4a56a2b7a3c737820caab1f1ec4e8ebcfd251c33ccf920aa5cc4bca3624e9362df7f2de803918e7d717e64a92e4c7a6cbee63fc6724fc2d61945c24762736c50121d8f78a6e68ff69bbcef5054611e5f42c87ba0b4c519ead354a049c7eaac691760ef8e366416d592b34c22f9cbaab9d4a747c5f41941c353194ff70156627d3ef7d84b8254afdd98f0057b2da4927724f634dbad977868454423c330fae8e25eeda1d6cd3123c1e11c90a947db956d6491d0ca3fafa11787afddca51fce908b2a6aedca2c2b31a78b9a68c0ed1f0c03586f7a99d5283a958e6556f8db556cea02e1cc6641925cbfb6f3fb9c0bf7bbcefb16832780b7d993efe9dab514eaa7b00aa74c8cead0b2309764fed3b2412c07a6d1aa8cb64362ef705de0facb7c0c3383288e34d36d2444bd7298087791757e017c691ae2ba861e734eccdf2e09871125ebb52c2ac23c542244ecd5342d4939c776d1d38f7c43183d8914afd622fac8fa4279501f83f083062d7fe113d55bd89c598f4af99bbc2bbac4206d004dc4a61c7d7f28bac5fe3c0a713639731194a89270cb247f8a89a94e8ad5ec1ea0197976ffe82606ccd8c1f0882951ffab3d07eac6089622ccd91c4a1096e1d28630999f937ac2eef7c9e6cc1a7142c40e92,gx-no-cache=1484582617514 HTTP/1.1" 200 48
192.168.10.43 - - [16/Jan/2017:12:08:34 -0300] "POST /cormun/servlet/solicitudot?gx-no-cache=1484582618009 HTTP/1.1" 200 1280
192.168.10.43 - - [16/Jan/2017:12:08:34 -0300] "POST /cormun/servlet/solicitudot?gx-no-cache=1484582618127 HTTP/1.1" 200 38
186.103.159.46 - - [16/Jan/2017:12:08:34 -0300] "GET /cormun/servlet/trpermisosgoce? HTTP/1.1" 200 6463
192.168.10.89 - - [16/Jan/2017:12:08:36 -0300] "POST /cormun/servlet/solicitudgral?a7c0c1898efa31dfb5d60831ac5022a2,UPD,2017,4166,,gx-no-cache=1484582619927 HTTP/1.1" 200 10523
192.168.10.89 - - [16/Jan/2017:12:08:37 -0300] "GET /cormun/servlet/solicitudgral?f48b11de35019c6aa6a345e1e75e78714863f641597f1e108ec87794df1650860224527f6fe403d30348c74c0238b3b60bfa0083d6b81ce62c3ee8b5dd473e27b8f612e6525e25fbe987a14753f7c989979bae60377a1cca269917ed7c10a30589ce817587447748f236c9a78697ee8fc87cbe9fe8347be68d1e942d951795d079840c0114dd76fbf07479e7a283482ce6d418aba87666746c5ebf9a77f1dd95,gx-no-cache=1484582621044 HTTP/1.1" 200 29
192.168.10.89 - - [16/Jan/2017:12:08:37 -0300] "POST /cormun/servlet/solicitudgral?gx-no-cache=1484582621081 HTTP/1.1" 200 1236
192.168.10.89 - - [16/Jan/2017:12:08:37 -0300] "POST /cormun/servlet/solicitudgral?gx-no-cache=1484582621122 HTTP/1.1" 200 1141
192.168.10.43 - - [16/Jan/2017:12:08:40 -0300] "GET /cormun/servlet/solicitudot?492c95618f9353151a9c5aed5b066d3268dc9727380ecf0dea1d9c57893db8020760eda477593febfec1c575d291a7d233ea6f867902038498eeb6668371301620d2aa9fecb18400d90802d1a25d34aa72fe09f564d55060e2985b8f09b0f00e9229e9b5e2ee206611a5834ea275d494f4944833cf68719753d03cb18103f5a39a451625cfa3b5ccd9b2bfb0379355ac86a54190963226203817b121608b1f81c566540c72de7e067ac92006512574e33e4bded9e328d03dcfd5da4b77f21338703725650914d2a9254bb00fed68aa78,gx-no-cache=1484582624443 HTTP/1.1" 200 29
192.168.10.43 - - [16/Jan/2017:12:08:44 -0300] "POST /cormun/servlet/solicitudot?gx-no-cache=1484582628599 HTTP/1.1" 200 1263
192.168.10.43 - - [16/Jan/2017:12:08:45 -0300] "POST /cormun/servlet/solicitudot?gx-no-cache=1484582628684 HTTP/1.1" 200 1144
192.168.10.89 - - [16/Jan/2017:12:08:53 -0300] "POST /cormun/servlet/solicitudgral?a7c0c1898efa31dfb5d60831ac5022a2,UPD,2017,4166,,gx-no-cache=1484582637455 HTTP/1.1" 200 93
192.168.10.89 - - [16/Jan/2017:12:08:53 -0300] "GET /cormun/servlet/hpexe_return? HTTP/1.1" 200 1011
192.168.10.89 - - [16/Jan/2017:12:08:55 -0300] "GET /cormun/servlet/trsolicitudgral? HTTP/1.1" 200 10188
192.168.10.43 - - [16/Jan/2017:12:08:58 -0300] "GET /cormun/static/menuarrow.gif HTTP/1.1" 404 1015
192.168.10.89 - - [16/Jan/2017:12:09:04 -0300] "POST /cormun/servlet/trsolicitudgral?a7c0c1898efa31dfb5d60831ac5022a2,,gx-no-cache=1484582647893 HTTP/1.1" 200 6488
192.168.10.89 - - [16/Jan/2017:12:09:06 -0300] "GET /cormun/servlet/solicitudgral2?UPD,2017,4208, HTTP/1.1" 200 12269
192.168.10.89 - - [16/Jan/2017:12:09:09 -0300] "POST /cormun/servlet/solicitudgral2?gx-no-cache=1484582653054 HTTP/1.1" 200 3171
192.168.10.89 - - [16/Jan/2017:12:09:09 -0300] "GET /cormun/servlet/solicitudgral2?f48b11de35019c6aa6a345e1e75e7871ad58cd87b770e102992c15c991b066303d0371805f20bf341a7a6a30a22c2693606714ca25ba3fce1a1bea8670f1c786d4c590d3161752959956da79c4982b8a91e09f2ee7a29299bbe1cc4d2c38f6deeb352f1603a4682b0d800919070ad1701ca0753b5f26184547e4a69257e1de46200ccffcee9b055267d0418f7f106d106d8a9f8fa06e5319ef4ee677cfbf426770f9b40ae2ec99ef46e298fe50d8595b999b912a817fea38f39f4c052a938c230dadfabe940596414a53643d679832fa44f0b58eb92a2aa753beb052deb63d7bfbac5d590b1f4d679e82bbd84077b1e3b965d7fe0e8a8410b5e14fedb5423ebeba98ae9d2aa799749a51554758a53e9b8cce3f5c16fa7cc8d718ed131d444c0ef77d542ccb84c259b450cf6bf05e48ba66b106a66072af941efbecf76844f313731dce569a6aedb62c1d4f5244247f44,gx-no-cache=1484582653372 HTTP/1.1" 200 298
192.168.10.89 - - [16/Jan/2017:12:09:09 -0300] "POST /cormun/servlet/solicitudgral2?gx-no-cache=1484582653410 HTTP/1.1" 200 1340
192.168.10.89 - - [16/Jan/2017:12:09:09 -0300] "GET /cormun/servlet/solicitudgral2?f48b11de35019c6aa6a345e1e75e7871d231a9cf73349874da510db81d9081138240f161dd401cd9da51a1a3b1e1ed0b606714ca25ba3fce1a1bea8670f1c786fb263c54003f96b3c4613e6946c5f6d346b4703baead9f7906792f227dedb9ca8926885a80a3efe82978bfdb1e89f5d8,gx-no-cache=1484582653455 HTTP/1.1" 200 41
192.168.10.89 - - [16/Jan/2017:12:09:17 -0300] "POST /cormun/servlet/solicitudgral2?a7c0c1898efa31dfb5d60831ac5022a2,UPD,2017,4208,,gx-no-cache=1484582660617 HTTP/1.1" 200 10567
192.168.10.89 - - [16/Jan/2017:12:09:18 -0300] "GET /cormun/servlet/solicitudgral2?f48b11de35019c6aa6a345e1e75e78716916e00f190e846279bcd10f87ca0c850224527f6fe403d30348c74c0238b3b66275b9fda3fa6cbc16a792b6fadba60b330aa7b1cbc0a3fa1d6ef1b6a1cb21d56e73fde7fa9cef5c31cb3276acab703d3df3086bca4f3ab2b43794b4af52116c,gx-no-cache=1484582662453 HTTP/1.1" 200 29
192.168.10.89 - - [16/Jan/2017:12:09:18 -0300] "POST /cormun/servlet/solicitudgral2?gx-no-cache=1484582662481 HTTP/1.1" 200 1237
192.168.10.89 - - [16/Jan/2017:12:09:18 -0300] "POST /cormun/servlet/solicitudgral2?gx-no-cache=1484582662539 HTTP/1.1" 200 1141
192.168.10.89 - - [16/Jan/2017:12:09:18 -0300] "GET /cormun/servlet/solicitudgral2?f48b11de35019c6aa6a345e1e75e78715b36b0721d9e37f9d9aafd24cb184af29a17e8778684d831c017e61cfbccbd529ab1777978092a0ae16c2d5debc48a86b9e84887345c50a6e7c328d252fe9f5602cc538d81f1fa364e6f6b8cd205e62aad5d4c2a0156a04be41235375a7c3c2e54683e7a295fb27d5a43d8f0332f8211,gx-no-cache=1484582662586 HTTP/1.1" 200 30
192.168.10.43 - - [16/Jan/2017:12:09:20 -0300] "GET /cormun/servlet/solicitudot?492c95618f9353151a9c5aed5b066d322eb709f2beadcfa226fa1e5f1c9551dfae9cf02e81928660001b47787989011e1dc3fb2d7dc6ba8dfab06d671a3e8ab83e00df56ca82db09ea80a3186e28ac123d21cb12423f681cc32db5525567296be99efc91d82eb38284a956f4ae0e204b22997482d521c68888dd994749d010ade1872c0715e36f3d00b52c83deb6fc102560285ca6335f81e80b854e05726ae61a0882bc54a1b2f43a27161b7bb3638a,gx-no-cache=1484582664334 HTTP/1.1" 200 30
192.168.10.43 - - [16/Jan/2017:12:09:20 -0300] "POST /cormun/servlet/solicitudot?f44279d6d200a464c142fc5386eda286,INS,0,0,,gx-no-cache=1484582664374 HTTP/1.1" 200 93
192.168.10.43 - - [16/Jan/2017:12:09:20 -0300] "GET /cormun/servlet/hpexe_return? HTTP/1.1" 200 1008
192.168.10.43 - - [16/Jan/2017:12:09:21 -0300] "GET /cormun/servlet/trsolicitudot HTTP/1.1" 200 8253
192.168.10.43 - - [16/Jan/2017:12:09:21 -0300] "GET /cormun/servlet/trsolicitudot HTTP/1.1" 200 8249
192.168.10.89 - - [16/Jan/2017:12:09:24 -0300] "POST /cormun/servlet/solicitudgral2?a7c0c1898efa31dfb5d60831ac5022a2,UPD,2017,4208,,gx-no-cache=1484582667908 HTTP/1.1" 200 93
192.168.10.89 - - [16/Jan/2017:12:09:24 -0300] "GET /cormun/servlet/hpexe_return? HTTP/1.1" 200 1013
192.168.10.89 - - [16/Jan/2017:12:09:25 -0300] "GET /cormun/servlet/trsolicitudgral? HTTP/1.1" 200 9632
192.168.10.43 - - [16/Jan/2017:12:09:28 -0300] "POST /cormun/servlet/trsolicitudot?f44279d6d200a464c142fc5386eda286,gx-no-cache=1484582672247 HTTP/1.1" 200 4311
192.168.10.43 - - [16/Jan/2017:12:09:28 -0300] "GET /cormun/static/Shared/jqueryui/images/ui-bg_highlight-soft_100_c6c2c8_1x100.png HTTP/1.1" 404 1117
192.168.10.43 - - [16/Jan/2017:12:09:28 -0300] "GET /cormun/static/Shared/jqueryui/images/ui-icons_82798d_256x240.png HTTP/1.1" 404 1089
192.168.10.43 - - [16/Jan/2017:12:09:28 -0300] "GET /cormun/static/Shared/jqueryui/images/ui-icons_8d78a5_256x240.png HTTP/1.1" 404 1089
192.168.10.43 - - [16/Jan/2017:12:09:28 -0300] "GET /cormun/static/Shared/jqueryui/images/ui-bg_flat_55_fafafa_40x100.png HTTP/1.1" 404 1097
192.168.10.43 - - [16/Jan/2017:12:09:28 -0300] "POST /cormun/servlet/trsolicitudot?f44279d6d200a464c142fc5386eda286,gx-no-cache=1484582672475 HTTP/1.1" 200 4088
186.103.159.46 - - [16/Jan/2017:12:09:30 -0300] "GET /cormun/static/Resources/PXToolsHeaderActionsLeft.png HTTP/1.1" 200 1118
186.103.159.46 - - [16/Jan/2017:12:09:30 -0300] "GET /cormun/static/Resources/PXToolsHeaderHome.png HTTP/1.1" 200 4147
186.103.159.46 - - [16/Jan/2017:12:09:30 -0300] "GET /cormun/static/Resources/PXToolsHeaderLogin.png HTTP/1.1" 200 4279
186.103.159.46 - - [16/Jan/2017:12:09:30 -0300] "GET /cormun/static/Resources/PXToolsHeaderPreferences.png HTTP/1.1" 200 4189
186.103.159.46 - - [16/Jan/2017:12:09:30 -0300] "GET /cormun/static/Resources/PXToolsHeaderSecurity.png HTTP/1.1" 200 4166
186.103.159.46 - - [16/Jan/2017:12:09:30 -0300] "GET /cormun/static/Resources/PXToolsHeaderActionsRight.png HTTP/1.1" 200 1201
186.103.159.46 - - [16/Jan/2017:12:09:30 -0300] "GET /cormun/static/SmoothNavMenu/resources/images/down.gif HTTP/1.1" 200 854
186.103.159.46 - - [16/Jan/2017:12:09:30 -0300] "GET /cormun/static/Resources/PXTools/calendar.png HTTP/1.1" 200 1306
186.103.159.46 - - [16/Jan/2017:12:09:30 -0300] "GET /cormun/static/Resources/PXToolsGridNew.png HTTP/1.1" 200 2949
192.168.10.43 - - [16/Jan/2017:12:09:31 -0300] "GET /cormun/servlet/trautorizarsolicitud? HTTP/1.1" 200 8180
192.168.10.43 - - [16/Jan/2017:12:09:31 -0300] "GET /cormun/servlet/trautorizarsolicitud? HTTP/1.1" 200 8179
186.103.159.46 - - [16/Jan/2017:12:09:32 -0300] "GET /cormun/static/Resources/PXToolsDataSearch.png HTTP/1.1" 200 419
186.103.159.46 - - [16/Jan/2017:12:09:32 -0300] "GET /cormun/static/Resources/PXToolsGridFirstDisabled.gif HTTP/1.1" 200 100
186.103.159.46 - - [16/Jan/2017:12:09:32 -0300] "GET /cormun/static/Resources/PXToolsGridPreviousDisabled.gif HTTP/1.1" 200 90
186.103.159.46 - - [16/Jan/2017:12:09:32 -0300] "GET /cormun/static/Resources/PXToolsGridNextDisabled.gif HTTP/1.1" 200 90
186.103.159.46 - - [16/Jan/2017:12:09:32 -0300] "GET /cormun/static/Resources/PXToolsGridLastDisabled.gif HTTP/1.1" 200 98
186.103.159.46 - - [16/Jan/2017:12:09:32 -0300] "GET /cormun/static/Resources/PXToolsGridPage.gif HTTP/1.1" 200 725
186.103.159.46 - - [16/Jan/2017:12:09:32 -0300] "GET /cormun/static/Resources/PXToolsActionExcel.png HTTP/1.1" 200 3187
192.168.10.43 - - [16/Jan/2017:12:09:34 -0300] "POST /cormun/servlet/trautorizarsolicitud?f44279d6d200a464c142fc5386eda286,,gx-no-cache=1484582678230 HTTP/1.1" 200 4291
192.168.10.43 - - [16/Jan/2017:12:09:34 -0300] "GET /cormun/static/Shared/jqueryui/images/ui-bg_highlight-soft_100_c6c2c8_1x100.png HTTP/1.1" 404 1117
192.168.10.43 - - [16/Jan/2017:12:09:34 -0300] "GET /cormun/static/Shared/jqueryui/images/ui-icons_82798d_256x240.png HTTP/1.1" 404 1089
192.168.10.43 - - [16/Jan/2017:12:09:34 -0300] "GET /cormun/static/Shared/jqueryui/images/ui-bg_flat_55_fafafa_40x100.png HTTP/1.1" 404 1097
192.168.10.43 - - [16/Jan/2017:12:09:34 -0300] "GET /cormun/static/Shared/jqueryui/images/ui-icons_8d78a5_256x240.png HTTP/1.1" 404 1089
192.168.10.43 - - [16/Jan/2017:12:09:34 -0300] "POST /cormun/servlet/trautorizarsolicitud?f44279d6d200a464c142fc5386eda286,,gx-no-cache=1484582678436 HTTP/1.1" 200 4069
192.168.10.89 - - [16/Jan/2017:12:09:36 -0300] "POST /cormun/servlet/trsolicitudgral?a7c0c1898efa31dfb5d60831ac5022a2,,gx-no-cache=1484582679783 HTTP/1.1" 200 6784
192.168.10.43 - - [16/Jan/2017:12:09:37 -0300] "GET /cormun/servlet/trcontratosolicitud? HTTP/1.1" 200 7448
192.168.10.43 - - [16/Jan/2017:12:09:37 -0300] "GET /cormun/servlet/trcontratosolicitud? HTTP/1.1" 200 7447
192.168.10.89 - - [16/Jan/2017:12:09:40 -0300] "GET /cormun/servlet/solicitudgral2?UPD,2017,4170, HTTP/1.1" 200 12325
192.168.10.89 - - [16/Jan/2017:12:09:43 -0300] "POST /cormun/servlet/solicitudgral2?gx-no-cache=1484582686858 HTTP/1.1" 200 3211
192.168.10.89 - - [16/Jan/2017:12:09:43 -0300] "GET /cormun/servlet/solicitudgral2?f48b11de35019c6aa6a345e1e75e7871ad58cd87b770e102992c15c991b066303d0371805f20bf341a7a6a30a22c2693606714ca25ba3fce1a1bea8670f1c786d4c590d3161752959956da79c4982b8acc6acabb74c790c7b3936075a960980feb352f1603a4682b0d800919070ad1701ca0753b5f26184547e4a69257e1de46200ccffcee9b055267d0418f7f106d106d8a9f8fa06e5319ef4ee677cfbf426770f9b40ae2ec99ef46e298fe50d8595b999b912a817fea38f39f4c052a938c230dadfabe940596414a53643d679832fa44f0b58eb92a2aa753beb052deb63d7bfbac5d590b1f4d679e82bbd84077b1e3b965d7fe0e8a8410b5e14fedb5423ebeba98ae9d2aa799749a51554758a53e9b8cce3f5c16fa7cc8d718ed131d444c0ef77d542ccb84c259b450cf6bf05e48ba66b106a66072af941efbecf76844f313731dce569a6aedb62c1d4f5244247f44,gx-no-cache=1484582687086 HTTP/1.1" 200 257
192.168.10.89 - - [16/Jan/2017:12:09:43 -0300] "POST /cormun/servlet/solicitudgral2?gx-no-cache=1484582687118 HTTP/1.1" 200 1340
192.168.10.89 - - [16/Jan/2017:12:09:43 -0300] "GET /cormun/servlet/solicitudgral2?f48b11de35019c6aa6a345e1e75e7871d231a9cf73349874da510db81d9081138240f161dd401cd9da51a1a3b1e1ed0b606714ca25ba3fce1a1bea8670f1c786fb263c54003f96b3c4613e6946c5f6d346b4703baead9f7906792f227dedb9ca8926885a80a3efe82978bfdb1e89f5d8,gx-no-cache=1484582687177 HTTP/1.1" 200 41
192.168.10.43 - - [16/Jan/2017:12:09:44 -0300] "POST /cormun/servlet/trcontratosolicitud?f44279d6d200a464c142fc5386eda286,,gx-no-cache=1484582688136 HTTP/1.1" 200 5876
192.168.10.89 - - [16/Jan/2017:12:09:49 -0300] "POST /cormun/servlet/solicitudgral2?a7c0c1898efa31dfb5d60831ac5022a2,UPD,2017,4170,,gx-no-cache=1484582693257 HTTP/1.1" 200 10580
192.168.10.89 - - [16/Jan/2017:12:09:52 -0300] "GET /cormun/servlet/solicitudgral2?f48b11de35019c6aa6a345e1e75e78714863f641597f1e108ec87794df1650860224527f6fe403d30348c74c0238b3b60bfa0083d6b81ce62c3ee8b5dd473e27b8f612e6525e25fbe987a14753f7c989979bae60377a1cca269917ed7c10a30589ce817587447748f236c9a78697ee8fc87cbe9fe8347be68d1e942d951795d079840c0114dd76fbf07479e7a283482ce6d418aba87666746c5ebf9a77f1dd95,gx-no-cache=1484582696140 HTTP/1.1" 200 29
192.168.10.89 - - [16/Jan/2017:12:09:52 -0300] "POST /cormun/servlet/solicitudgral2?gx-no-cache=1484582696180 HTTP/1.1" 200 1236
192.168.10.89 - - [16/Jan/2017:12:09:52 -0300] "POST /cormun/servlet/solicitudgral2?gx-no-cache=1484582696221 HTTP/1.1" 200 1141
192.168.10.89 - - [16/Jan/2017:12:09:52 -0300] "GET /cormun/servlet/solicitudgral2?f48b11de35019c6aa6a345e1e75e78715b36b0721d9e37f9d9aafd24cb184af29a17e8778684d831c017e61cfbccbd529ab1777978092a0ae16c2d5debc48a86b9e84887345c50a6e7c328d252fe9f5602cc538d81f1fa364e6f6b8cd205e62aad5d4c2a0156a04be41235375a7c3c2e54683e7a295fb27d5a43d8f0332f8211,gx-no-cache=1484582696256 HTTP/1.1" 200 30
192.168.10.89 - - [16/Jan/2017:12:09:52 -0300] "POST /cormun/servlet/solicitudgral2?a7c0c1898efa31dfb5d60831ac5022a2,UPD,2017,4170,,gx-no-cache=1484582696281 HTTP/1.1" 200 93
192.168.10.89 - - [16/Jan/2017:12:09:52 -0300] "GET /cormun/servlet/hpexe_return? HTTP/1.1" 200 1013
