192.168.10.89 - - [16/Jan/2017:11:00:20 -0300] "GET /cormun/servlet/solicitudot?f48b11de35019c6aa6a345e1e75e7871dfe1cdb9e744936578d2f118e56c383caeba80113b859b38722def3f199f88d9fc114142aa1aa9c91e47c30383eafbb6d10ec41c266251c9f2120907343b46bc8e42064520fcbef235df1db95e2505d17b1d42f60fe87f18a289aaf60b99be7e391176db0c19351ff80d1b07f7f5b2576017f398dab1acc1275e891fcd6ae65ea164012ee3e7ffe3ca614bc6f5be13018064e7ed3f2c0ec80f9c4f319661e4ae,gx-no-cache=1484578524039 HTTP/1.1" 200 30
192.168.10.43 - - [16/Jan/2017:11:00:21 -0300] "POST /cormun/servlet/trsolicitudot?f44279d6d200a464c142fc5386eda286,,gx-no-cache=1484578525209 HTTP/1.1" 200 7928
192.168.10.89 - - [16/Jan/2017:11:00:23 -0300] "POST /cormun/servlet/solicitudot?a7c0c1898efa31dfb5d60831ac5022a2,INS,0,0,,gx-no-cache=1484578526874 HTTP/1.1" 200 93
192.168.10.89 - - [16/Jan/2017:11:00:23 -0300] "GET /cormun/servlet/hpexe_return? HTTP/1.1" 200 1024
192.168.10.89 - - [16/Jan/2017:11:00:24 -0300] "GET /cormun/servlet/trsolicitudot?gx-no-cache=1484578311098 HTTP/1.1" 200 8800
192.168.10.43 - - [16/Jan/2017:11:00:31 -0300] "GET /cormun/servlet/vesolicitudot?2017,4512,, HTTP/1.1" 200 8166
192.168.10.89 - - [16/Jan/2017:11:00:31 -0300] "GET /cormun/servlet/solicitudot?INS,0,0, HTTP/1.1" 200 12719
192.168.10.43 - - [16/Jan/2017:11:00:31 -0300] "GET /cormun/static/gxcfg.js?20161221854299 HTTP/1.1" 200 953
192.168.10.43 - - [16/Jan/2017:11:00:31 -0300] "GET /cormun/pexe_scrolldiv.js HTTP/1.1" 404 1009
192.168.10.43 - - [16/Jan/2017:11:00:31 -0300] "GET /cormun/static/vesolicitudot.js?20161221854352 HTTP/1.1" 200 6091
192.168.10.43 - - [16/Jan/2017:11:00:31 -0300] "GET /cormun/static/hwcviewtabs.js?201612218431866 HTTP/1.1" 304 -
192.168.10.43 - - [16/Jan/2017:11:00:31 -0300] "GET /cormun/static/hpexe_tabsview.js?201610171694228 HTTP/1.1" 304 -
192.168.10.43 - - [16/Jan/2017:11:00:31 -0300] "GET /cormun/static/tbsolicitudot01.js?20171111228337 HTTP/1.1" 200 28340
192.168.10.43 - - [16/Jan/2017:11:00:32 -0300] "GET /cormun/servlet/vesolicitudot?2017,4512,, HTTP/1.1" 200 8165
192.168.10.89 - - [16/Jan/2017:11:00:40 -0300] "GET /cormun/servlet/prfichaempleado?,MD,,gxPopupLevel%3D0%3B HTTP/1.1" 200 8790
192.168.10.43 - - [16/Jan/2017:11:00:44 -0300] "GET /cormun/servlet/trsolicitudot? HTTP/1.1" 200 10854
192.168.10.43 - - [16/Jan/2017:11:00:45 -0300] "GET /cormun/servlet/trsolicitudot? HTTP/1.1" 200 10854
192.168.10.89 - - [16/Jan/2017:11:00:46 -0300] "POST /cormun/servlet/prfichaempleado?a7c0c1898efa31dfb5d60831ac5022a2,,MD,,gxPopupLevel%3D0%3B,gx-no-cache=1484578549967 HTTP/1.1" 200 3409
192.168.10.89 - - [16/Jan/2017:11:00:48 -0300] "POST /cormun/servlet/solicitudot?gx-no-cache=1484578551927 HTTP/1.1" 200 3166
192.168.10.89 - - [16/Jan/2017:11:00:48 -0300] "POST /cormun/servlet/solicitudot?a7c0c1898efa31dfb5d60831ac5022a2,INS,0,0,,gx-no-cache=1484578552202 HTTP/1.1" 200 9945
192.168.10.89 - - [16/Jan/2017:11:00:51 -0300] "GET /cormun/servlet/solicitudot?f48b11de35019c6aa6a345e1e75e7871db2643a2ec68ee98718e5aa0cb6004368b2a0ad028fcbd153d22f49623e1ccf1,gx-no-cache=1484578554924 HTTP/1.1" 200 30
192.168.10.89 - - [16/Jan/2017:11:00:51 -0300] "POST /cormun/servlet/solicitudot?gx-no-cache=1484578554969 HTTP/1.1" 200 255
192.168.10.89 - - [16/Jan/2017:11:00:51 -0300] "GET /cormun/servlet/solicitudot?f48b11de35019c6aa6a345e1e75e7871d8cbbe9e53b40f6df2a77814b02f0f3303f053ab7013575d64db3ea58a0bb19594cd5a16e6e1e347ec9c1000c1f2c0880075a79b9cb17915f298a5ed4ed6888bcaffa18123bd3e55a37b5a4a8d8ab5e7275a896102c667a9354c8c39cecd6bc5d1bc5e52c7be1eb5d67a0d2de02ee703e5b469ca69faeaf1df7a43e720bb3ebc98170d27e11f185594f325f973fcb6efd2252b0cb4d34a647071c673754b49ea8a9510f09ef3a31de3fb935cd309aa031b2f8ba035a63d60ce6d827286f764865cdeb76fb40500c19e60d4ce2228d4f3f75faba4cdadb7e2342fcb96810765dce4c00f7a551a20c43a0a185de5706f0452ba373fa110bef88fb68cd02a79a9119479cb77e852adb0e48809f595a3e2f9bbf4f65e7596042ef043e3d29f75e1231925b3a7f9b472eeabaf4ac1769c2536e8e4aaaa4c7a20d473f8bb482057064bbed1a3fc14c0aeb40ea7f9d6648b4cd08c3bf96132a25959bc1a8dc35dd5b01f7e14543dd0aa7be4d5f6a19c9b2df417,gx-no-cache=1484578554999 HTTP/1.1" 200 30
192.168.10.43 - - [16/Jan/2017:11:00:52 -0300] "POST /cormun/servlet/trsolicitudot?f44279d6d200a464c142fc5386eda286,,gx-no-cache=1484578555851 HTTP/1.1" 200 4120
192.168.10.89 - - [16/Jan/2017:11:00:52 -0300] "POST /cormun/servlet/solicitudot?gx-no-cache=1484578556183 HTTP/1.1" 200 30
192.168.10.89 - - [16/Jan/2017:11:00:54 -0300] "GET /cormun/servlet/prsolicitudot?16497984,,,,,MD,,gxPopupLevel%3D0%3B HTTP/1.1" 200 6298
192.168.10.43 - - [16/Jan/2017:11:00:54 -0300] "GET /cormun/servlet/solicitudot?INS,0,0, HTTP/1.1" 200 12780
192.168.10.43 - - [16/Jan/2017:11:00:54 -0300] "GET /cormun/servlet/solicitudot?INS,0,0, HTTP/1.1" 200 12785
192.168.10.89 - - [16/Jan/2017:11:00:58 -0300] "POST /cormun/servlet/solicitudot?gx-no-cache=1484578561712 HTTP/1.1" 200 1278
192.168.10.89 - - [16/Jan/2017:11:00:58 -0300] "POST /cormun/servlet/solicitudot?gx-no-cache=1484578561848 HTTP/1.1" 200 38
192.168.10.89 - - [16/Jan/2017:11:00:58 -0300] "GET /cormun/servlet/solicitudot?f48b11de35019c6aa6a345e1e75e7871cb2c4a5863c5e57907ebc82d0f3ac181ecde57d65411752edc970e06e4dbc86a61854f23dfe4dedaca12d392ba02871d9cc1a789f8b2fed8ffed659369871ef7564aecaeda90b7ff579926d254aab49fdaaa4fe9666bfd1f754032cf62bde7619bc4198158bfcf370efa676199c8f1a2a9d5bdd6feb0927043b05a7302e0dcd8aa980b1a833580749dee1d8237a33e6d,gx-no-cache=1484578561878 HTTP/1.1" 200 29
192.168.10.89 - - [16/Jan/2017:11:00:58 -0300] "POST /cormun/servlet/solicitudot?gx-no-cache=1484578561903 HTTP/1.1" 200 1261
192.168.10.89 - - [16/Jan/2017:11:00:58 -0300] "POST /cormun/servlet/solicitudot?gx-no-cache=1484578561945 HTTP/1.1" 200 1143
192.168.10.43 - - [16/Jan/2017:11:01:04 -0300] "GET /cormun/servlet/prfichaempleado?,MD,,gxPopupLevel%3D0%3B HTTP/1.1" 200 8891
192.168.10.89 - - [16/Jan/2017:11:01:06 -0300] "GET /cormun/servlet/solicitudot?f48b11de35019c6aa6a345e1e75e7871cb2c4a5863c5e57907ebc82d0f3ac181ecde57d65411752edc970e06e4dbc86a61854f23dfe4dedaca12d392ba02871d9cc1a789f8b2fed8ffed659369871ef7564aecaeda90b7ff579926d254aab49fdaaa4fe9666bfd1f754032cf62bde7619bc4198158bfcf370efa676199c8f1a2a9d5bdd6feb0927043b05a7302e0dcd8aa980b1a833580749dee1d8237a33e6d,gx-no-cache=1484578569989 HTTP/1.1" 200 29
192.168.10.89 - - [16/Jan/2017:11:01:06 -0300] "POST /cormun/servlet/solicitudot?gx-no-cache=1484578570022 HTTP/1.1" 200 1260
192.168.10.89 - - [16/Jan/2017:11:01:07 -0300] "POST /cormun/servlet/solicitudot?gx-no-cache=1484578570783 HTTP/1.1" 200 1143
192.168.10.89 - - [16/Jan/2017:11:01:08 -0300] "GET /cormun/servlet/solicitudot?f48b11de35019c6aa6a345e1e75e78710728ed54e4a205b8bdc2e1516462ec581483138f838c8b32a9ba19785db58fa3c0f8d37f4814fde6607914a42d76f765030950263908abe17ee94ee85269d307ad9e3d2ae88b779031c55630ac51b7531fc8238628fdfab976994ee525e851ea04da0a801acc06f390982cdd2847ddcea1111c794b55b1b9781419a1c0dceb93e97b187aee5d24d587d506f697a1fd6f840e49f1797191882d696962a8f2c89a,gx-no-cache=1484578572055 HTTP/1.1" 200 30
192.168.10.89 - - [16/Jan/2017:11:01:11 -0300] "POST /cormun/servlet/solicitudot?a7c0c1898efa31dfb5d60831ac5022a2,INS,0,0,,gx-no-cache=1484578574945 HTTP/1.1" 200 93
192.168.10.89 - - [16/Jan/2017:11:01:11 -0300] "GET /cormun/servlet/hpexe_return? HTTP/1.1" 200 1024
192.168.10.89 - - [16/Jan/2017:11:01:12 -0300] "GET /cormun/servlet/trsolicitudot?gx-no-cache=1484578311098 HTTP/1.1" 200 9236
192.168.10.43 - - [16/Jan/2017:11:01:12 -0300] "POST /cormun/servlet/prfichaempleado?f44279d6d200a464c142fc5386eda286,,MD,,gxPopupLevel%3D0%3B,gx-no-cache=1484578576426 HTTP/1.1" 200 3407
192.168.10.43 - - [16/Jan/2017:11:01:15 -0300] "POST /cormun/servlet/solicitudot?gx-no-cache=1484578579532 HTTP/1.1" 200 3169
192.168.10.43 - - [16/Jan/2017:11:01:16 -0300] "POST /cormun/servlet/solicitudot?f44279d6d200a464c142fc5386eda286,INS,0,0,,gx-no-cache=1484578579704 HTTP/1.1" 200 9912
192.168.10.43 - - [16/Jan/2017:11:01:17 -0300] "GET /cormun/servlet/solicitudot?492c95618f9353151a9c5aed5b066d3232db93d64a62e31cacbb8b4b631fa87c5ec3030a1a801171c0c66a6a753e628b,gx-no-cache=1484578581165 HTTP/1.1" 200 30
192.168.10.43 - - [16/Jan/2017:11:01:17 -0300] "POST /cormun/servlet/solicitudot?gx-no-cache=1484578581240 HTTP/1.1" 200 240
192.168.10.43 - - [16/Jan/2017:11:01:17 -0300] "GET /cormun/servlet/solicitudot?492c95618f9353151a9c5aed5b066d32185fae5e25a53a8f4c93a37570f7c8747a3d51dd0d962e9f5ddb014bd73b8c87eb47f2730d33a1dd4cbad3bab2023444363e7f1149e27f28d070c1a319c2b5531d8d15db45cc650dab136ebbb7548305dc3cd490cb7383695424f3f592f4758d352ff31682c28ff90110edfb022f523180b89dc914b36a9f6a8ccfe78b7ece6e12efb4523ef4497421db88cb7b50b03235df726313bf5cccde5aceed0339c36c68b0a62d945f72c95dd449c2c061434839762a535f769b28be11459b187020ed005fda9f87aa4574c91eb139f54f50a0796dcd4a9d310f14d57e459cd6e981a36d1e1ac54e2b4de50dcaa40973fc1bda21357a68ca85be84cd903caf9addc38965e729e1cf3d05342a2ae9e9ad1b53ffcdbd9ff27b8449e89768f44291a5297ad598fc73a01f45dcd1313b279da01c2da58d52b1d39aacedd58823e77288fa48e5fce216affb741ccfa7d0d65319095876bc46f2d832022491c885d5ae66c0a7512c66350e35c920cb1cdbc44cf5e137,gx-no-cache=1484578581335 HTTP/1.1" 200 30
192.168.10.89 - - [16/Jan/2017:11:01:19 -0300] "GET /cormun/servlet/solicitudot?INS,0,0, HTTP/1.1" 200 12719
192.168.10.89 - - [16/Jan/2017:11:01:28 -0300] "GET /cormun/servlet/prfichaempleado?,MD,,gxPopupLevel%3D0%3B HTTP/1.1" 200 8790
192.168.10.43 - - [16/Jan/2017:11:01:31 -0300] "GET /cormun/servlet/trcontratosolicitud? HTTP/1.1" 200 6517
192.168.10.43 - - [16/Jan/2017:11:01:32 -0300] "GET /cormun/servlet/trcontratosolicitud? HTTP/1.1" 200 6512
192.168.10.89 - - [16/Jan/2017:11:01:34 -0300] "POST /cormun/servlet/prfichaempleado?a7c0c1898efa31dfb5d60831ac5022a2,,MD,,gxPopupLevel%3D0%3B,gx-no-cache=1484578598119 HTTP/1.1" 200 3407
192.168.10.89 - - [16/Jan/2017:11:01:37 -0300] "POST /cormun/servlet/solicitudot?gx-no-cache=1484578600699 HTTP/1.1" 200 3184
192.168.10.89 - - [16/Jan/2017:11:01:37 -0300] "POST /cormun/servlet/solicitudot?a7c0c1898efa31dfb5d60831ac5022a2,INS,0,0,,gx-no-cache=1484578600964 HTTP/1.1" 200 9955
192.168.10.89 - - [16/Jan/2017:11:01:38 -0300] "GET /cormun/servlet/solicitudot?f48b11de35019c6aa6a345e1e75e787176039cf106177b1418d467c07b2090ce8b2a0ad028fcbd153d22f49623e1ccf1,gx-no-cache=1484578602356 HTTP/1.1" 200 30
192.168.10.89 - - [16/Jan/2017:11:01:38 -0300] "POST /cormun/servlet/solicitudot?gx-no-cache=1484578602400 HTTP/1.1" 200 255
192.168.10.89 - - [16/Jan/2017:11:01:38 -0300] "GET /cormun/servlet/solicitudot?f48b11de35019c6aa6a345e1e75e7871d8cbbe9e53b40f6df2a77814b02f0f3303f053ab7013575d64db3ea58a0bb19594cd5a16e6e1e347ec9c1000c1f2c0880075a79b9cb17915f298a5ed4ed6888bcaffa18123bd3e55a37b5a4a8d8ab5e7275a896102c667a9354c8c39cecd6bc5d1bc5e52c7be1eb5d67a0d2de02ee703e5b469ca69faeaf1df7a43e720bb3ebc98170d27e11f185594f325f973fcb6efd2252b0cb4d34a647071c673754b49ea8a9510f09ef3a31de3fb935cd309aa031b2f8ba035a63d60ce6d827286f764865cdeb76fb40500c19e60d4ce2228d4f3f75faba4cdadb7e2342fcb96810765dce4c00f7a551a20c43a0a185de5706f0452ba373fa110bef88fb68cd02a79a9119479cb77e852adb0e48809f595a3e2f9bbf4f65e7596042ef043e3d29f75e1231925b3a7f9b472eeabaf4ac1769c2536e8e4aaaa4c7a20d473f8bb482057064bbed1a3fc14c0aeb40ea7f9d6648b4cd08c3bf96132a25959bc1a8dc35dd5b01f7e14543dd0aa7be4d5f6a19c9b2df417,gx-no-cache=1484578602435 HTTP/1.1" 200 30
192.168.10.89 - - [16/Jan/2017:11:01:40 -0300] "POST /cormun/servlet/solicitudot?gx-no-cache=1484578603676 HTTP/1.1" 200 30
192.168.10.43 - - [16/Jan/2017:11:01:41 -0300] "POST /cormun/servlet/trcontratosolicitud?f44279d6d200a464c142fc5386eda286,,gx-no-cache=1484578604638 HTTP/1.1" 200 4993
192.168.10.89 - - [16/Jan/2017:11:01:41 -0300] "GET /cormun/servlet/prsolicitudot?16828151,,,,,MD,,gxPopupLevel%3D0%3B HTTP/1.1" 200 6047
192.168.10.89 - - [16/Jan/2017:11:01:44 -0300] "POST /cormun/servlet/solicitudot?gx-no-cache=1484578608429 HTTP/1.1" 200 1278
192.168.10.89 - - [16/Jan/2017:11:01:44 -0300] "POST /cormun/servlet/solicitudot?gx-no-cache=1484578608574 HTTP/1.1" 200 38
192.168.10.89 - - [16/Jan/2017:11:01:44 -0300] "GET /cormun/servlet/solicitudot?f48b11de35019c6aa6a345e1e75e7871cb2c4a5863c5e57907ebc82d0f3ac181ecde57d65411752edc970e06e4dbc86a61854f23dfe4dedaca12d392ba02871d9cc1a789f8b2fed8ffed659369871ef7564aecaeda90b7ff579926d254aab49fdaaa4fe9666bfd1f754032cf62bde7619bc4198158bfcf370efa676199c8f1a2a9d5bdd6feb0927043b05a7302e0dcd8aa980b1a833580749dee1d8237a33e6d,gx-no-cache=1484578608605 HTTP/1.1" 200 29
192.168.10.89 - - [16/Jan/2017:11:01:44 -0300] "POST /cormun/servlet/solicitudot?gx-no-cache=1484578608631 HTTP/1.1" 200 1261
192.168.10.89 - - [16/Jan/2017:11:01:45 -0300] "POST /cormun/servlet/solicitudot?gx-no-cache=1484578608673 HTTP/1.1" 200 1143
192.168.10.89 - - [16/Jan/2017:11:01:54 -0300] "GET /cormun/servlet/solicitudot?f48b11de35019c6aa6a345e1e75e7871cb2c4a5863c5e57907ebc82d0f3ac181ecde57d65411752edc970e06e4dbc86a61854f23dfe4dedaca12d392ba02871d9cc1a789f8b2fed8ffed659369871ef7564aecaeda90b7ff579926d254aab49fdaaa4fe9666bfd1f754032cf62bde7619bc4198158bfcf370efa676199c8f1a2a9d5bdd6feb0927043b05a7302e0dcd8aa980b1a833580749dee1d8237a33e6d,gx-no-cache=1484578618461 HTTP/1.1" 200 29
192.168.10.89 - - [16/Jan/2017:11:01:54 -0300] "POST /cormun/servlet/solicitudot?gx-no-cache=1484578618498 HTTP/1.1" 200 1261
192.168.10.89 - - [16/Jan/2017:11:01:55 -0300] "POST /cormun/servlet/solicitudot?gx-no-cache=1484578618958 HTTP/1.1" 200 1143
192.168.10.89 - - [16/Jan/2017:11:01:56 -0300] "GET /cormun/servlet/solicitudot?f48b11de35019c6aa6a345e1e75e78716c56b9a88dcf99ad48cedb78a25b561dffa5d600a23d4ddcc7b79524b732db96c0f8d37f4814fde6607914a42d76f765030950263908abe17ee94ee85269d307ad9e3d2ae88b779031c55630ac51b7531fc8238628fdfab976994ee525e851ea04da0a801acc06f390982cdd2847ddcea1111c794b55b1b9781419a1c0dceb93e97b187aee5d24d587d506f697a1fd6f840e49f1797191882d696962a8f2c89a,gx-no-cache=1484578620300 HTTP/1.1" 200 30
192.168.10.89 - - [16/Jan/2017:11:01:59 -0300] "POST /cormun/servlet/solicitudot?a7c0c1898efa31dfb5d60831ac5022a2,INS,0,0,,gx-no-cache=1484578622857 HTTP/1.1" 200 93
192.168.10.89 - - [16/Jan/2017:11:01:59 -0300] "GET /cormun/servlet/hpexe_return? HTTP/1.1" 200 1024
192.168.10.89 - - [16/Jan/2017:11:02:00 -0300] "GET /cormun/servlet/trsolicitudot?gx-no-cache=1484578311098 HTTP/1.1" 200 9563
192.168.10.89 - - [16/Jan/2017:11:02:07 -0300] "GET /cormun/servlet/solicitudot?INS,0,0, HTTP/1.1" 200 12718
192.168.10.89 - - [16/Jan/2017:11:02:16 -0300] "GET /cormun/servlet/prfichaempleado?,MD,,gxPopupLevel%3D0%3B HTTP/1.1" 200 8790
192.168.10.89 - - [16/Jan/2017:11:02:21 -0300] "POST /cormun/servlet/prfichaempleado?a7c0c1898efa31dfb5d60831ac5022a2,,MD,,gxPopupLevel%3D0%3B,gx-no-cache=1484578645549 HTTP/1.1" 200 3406
192.168.10.89 - - [16/Jan/2017:11:02:24 -0300] "POST /cormun/servlet/solicitudot?gx-no-cache=1484578647620 HTTP/1.1" 200 3164
192.168.10.89 - - [16/Jan/2017:11:02:24 -0300] "POST /cormun/servlet/solicitudot?a7c0c1898efa31dfb5d60831ac5022a2,INS,0,0,,gx-no-cache=1484578647852 HTTP/1.1" 200 9904
192.168.10.89 - - [16/Jan/2017:11:02:25 -0300] "GET /cormun/servlet/solicitudot?f48b11de35019c6aa6a345e1e75e7871ea9effd7b496cd1bcf9048488c07381f8b2a0ad028fcbd153d22f49623e1ccf1,gx-no-cache=1484578649568 HTTP/1.1" 200 30
192.168.10.89 - - [16/Jan/2017:11:02:25 -0300] "POST /cormun/servlet/solicitudot?gx-no-cache=1484578649608 HTTP/1.1" 200 240
192.168.10.89 - - [16/Jan/2017:11:02:25 -0300] "GET /cormun/servlet/solicitudot?f48b11de35019c6aa6a345e1e75e7871d8cbbe9e53b40f6df2a77814b02f0f332da3147a50dd1b9d0336d1ef2b06832d94cd5a16e6e1e347ec9c1000c1f2c0880075a79b9cb17915f298a5ed4ed6888bcaffa18123bd3e55a37b5a4a8d8ab5e7275a896102c667a9354c8c39cecd6bc5d1bc5e52c7be1eb5d67a0d2de02ee703e5b469ca69faeaf1df7a43e720bb3ebc98170d27e11f185594f325f973fcb6efd2252b0cb4d34a647071c673754b49ea8a9510f09ef3a31de3fb935cd309aa031b2f8ba035a63d60ce6d827286f764865cdeb76fb40500c19e60d4ce2228d4f3f75faba4cdadb7e2342fcb96810765dc85ddad27ecef481f5e6414373184d74552ba373fa110bef88fb68cd02a79a9115f1cb61f2f1a7112464b4c9fe31f90bec21df622a60d7e77f567bf464eed42b6b50ff0689283b3283d8c57efcf8a276a3fd656e6682217556d88f76014f6e4c6b1309b53a41e3ed0935d261f7a024e0b976350951f08ad1021a2296a11dd1ba093571fd60c1e8254aad9bf2586cd061e,gx-no-cache=1484578649646 HTTP/1.1" 200 30
192.168.10.89 - - [16/Jan/2017:11:02:27 -0300] "POST /cormun/servlet/solicitudot?gx-no-cache=1484578650989 HTTP/1.1" 200 30
192.168.10.43 - - [16/Jan/2017:11:02:31 -0300] "POST /cormun/servlet/trcontratosolicitud?f44279d6d200a464c142fc5386eda286,,gx-no-cache=1484578654695 HTTP/1.1" 200 4921
192.168.10.89 - - [16/Jan/2017:11:02:35 -0300] "POST /cormun/servlet/solicitudot?gx-no-cache=1484578659000 HTTP/1.1" 200 235
192.168.10.89 - - [16/Jan/2017:11:02:35 -0300] "POST /cormun/servlet/solicitudot?gx-no-cache=1484578659063 HTTP/1.1" 200 38
192.168.10.89 - - [16/Jan/2017:11:02:42 -0300] "GET /cormun/servlet/solicitudot?f48b11de35019c6aa6a345e1e75e7871cb2c4a5863c5e57907ebc82d0f3ac181ecde57d65411752edc970e06e4dbc86a831f73c2be5e1395638e4d0bb706fc7d89911396ae81dc0c24b6e7fca0a2fe2b0d624d14bc0dbe9fa526d6cb0f9461faec1fe2d7477775472c9056681bf2d196,gx-no-cache=1484578666103 HTTP/1.1" 200 29
192.168.10.89 - - [16/Jan/2017:11:02:42 -0300] "POST /cormun/servlet/solicitudot?gx-no-cache=1484578666154 HTTP/1.1" 200 605
192.168.10.89 - - [16/Jan/2017:11:02:44 -0300] "POST /cormun/servlet/solicitudot?gx-no-cache=1484578668345 HTTP/1.1" 200 1144
192.168.10.43 - - [16/Jan/2017:11:02:49 -0300] "POST /cormun/servlet/trcontratosolicitud?f44279d6d200a464c142fc5386eda286,,gx-no-cache=1484578673031 HTTP/1.1" 200 4899
192.168.10.89 - - [16/Jan/2017:11:03:01 -0300] "GET /cormun/servlet/solicitudot?f48b11de35019c6aa6a345e1e75e7871c9e0ae17101ee6b457433f599f1c06f0aeba80113b859b38722def3f199f88d9fc114142aa1aa9c91e47c30383eafbb6d10ec41c266251c9f2120907343b46bc8e42064520fcbef235df1db95e2505d17b1d42f60fe87f18a289aaf60b99be7e391176db0c19351ff80d1b07f7f5b2576017f398dab1acc1275e891fcd6ae65ea164012ee3e7ffe3ca614bc6f5be13018064e7ed3f2c0ec80f9c4f319661e4ae,gx-no-cache=1484578685004 HTTP/1.1" 200 30
192.168.10.89 - - [16/Jan/2017:11:03:03 -0300] "POST /cormun/servlet/solicitudot?a7c0c1898efa31dfb5d60831ac5022a2,INS,0,0,,gx-no-cache=1484578687384 HTTP/1.1" 200 93
192.168.10.89 - - [16/Jan/2017:11:03:03 -0300] "GET /cormun/servlet/hpexe_return? HTTP/1.1" 200 1024
192.168.10.89 - - [16/Jan/2017:11:03:04 -0300] "GET /cormun/servlet/trsolicitudot?gx-no-cache=1484578311098 HTTP/1.1" 200 9867
192.168.10.89 - - [16/Jan/2017:11:03:08 -0300] "POST /cormun/servlet/trsolicitudot?a7c0c1898efa31dfb5d60831ac5022a2,gx-no-cache=1484578311098,gx-no-cache=1484578692189 HTTP/1.1" 200 6871
192.168.10.89 - - [16/Jan/2017:11:03:09 -0300] "POST /cormun/servlet/trsolicitudot?a7c0c1898efa31dfb5d60831ac5022a2,gx-no-cache=1484578311098,gx-no-cache=1484578692719 HTTP/1.1" 200 6813
192.168.10.89 - - [16/Jan/2017:11:03:09 -0300] "GET /cormun/static/Shared/jqueryui/images/ui-icons_8d78a5_256x240.png HTTP/1.1" 404 1089
192.168.10.89 - - [16/Jan/2017:11:03:09 -0300] "GET /cormun/static/Shared/jqueryui/images/ui-bg_highlight-soft_100_c6c2c8_1x100.png HTTP/1.1" 404 1117
192.168.10.89 - - [16/Jan/2017:11:03:09 -0300] "GET /cormun/static/Shared/jqueryui/images/ui-bg_flat_55_fafafa_40x100.png HTTP/1.1" 404 1097
192.168.10.89 - - [16/Jan/2017:11:03:09 -0300] "GET /cormun/static/Shared/jqueryui/images/ui-icons_82798d_256x240.png HTTP/1.1" 404 1089
192.168.10.89 - - [16/Jan/2017:11:03:11 -0300] "POST /cormun/servlet/trsolicitudot?a7c0c1898efa31dfb5d60831ac5022a2,gx-no-cache=1484578311098,gx-no-cache=1484578694984 HTTP/1.1" 200 6539
192.168.10.89 - - [16/Jan/2017:11:03:12 -0300] "POST /cormun/servlet/trsolicitudot?a7c0c1898efa31dfb5d60831ac5022a2,gx-no-cache=1484578311098,gx-no-cache=1484578695662 HTTP/1.1" 200 6483
192.168.10.89 - - [16/Jan/2017:11:03:13 -0300] "POST /cormun/servlet/trsolicitudot?a7c0c1898efa31dfb5d60831ac5022a2,gx-no-cache=1484578311098,gx-no-cache=1484578697316 HTTP/1.1" 200 6094
192.168.10.89 - - [16/Jan/2017:11:03:14 -0300] "POST /cormun/servlet/trsolicitudot?a7c0c1898efa31dfb5d60831ac5022a2,gx-no-cache=1484578311098,gx-no-cache=1484578698092 HTTP/1.1" 200 6034
192.168.10.89 - - [16/Jan/2017:11:03:16 -0300] "POST /cormun/servlet/trsolicitudot?a7c0c1898efa31dfb5d60831ac5022a2,gx-no-cache=1484578311098,gx-no-cache=1484578699996 HTTP/1.1" 200 5775
192.168.10.89 - - [16/Jan/2017:11:03:17 -0300] "POST /cormun/servlet/trsolicitudot?a7c0c1898efa31dfb5d60831ac5022a2,gx-no-cache=1484578311098,gx-no-cache=1484578700844 HTTP/1.1" 200 5717
192.168.10.89 - - [16/Jan/2017:11:03:19 -0300] "POST /cormun/servlet/trsolicitudot?a7c0c1898efa31dfb5d60831ac5022a2,gx-no-cache=1484578311098,gx-no-cache=1484578702922 HTTP/1.1" 200 5430
192.168.10.89 - - [16/Jan/2017:11:03:20 -0300] "POST /cormun/servlet/trsolicitudot?a7c0c1898efa31dfb5d60831ac5022a2,gx-no-cache=1484578311098,gx-no-cache=1484578703739 HTTP/1.1" 200 5373
192.168.10.89 - - [16/Jan/2017:11:03:22 -0300] "POST /cormun/servlet/trsolicitudot?a7c0c1898efa31dfb5d60831ac5022a2,gx-no-cache=1484578311098,gx-no-cache=1484578705865 HTTP/1.1" 200 4323
192.168.10.89 - - [16/Jan/2017:11:03:23 -0300] "POST /cormun/servlet/trsolicitudot?a7c0c1898efa31dfb5d60831ac5022a2,gx-no-cache=1484578311098,gx-no-cache=1484578706623 HTTP/1.1" 200 4095
192.168.10.89 - - [16/Jan/2017:11:03:30 -0300] "GET /cormun/servlet/solicitudot?INS,0,0, HTTP/1.1" 200 12719
192.168.10.89 - - [16/Jan/2017:11:03:39 -0300] "GET /cormun/servlet/prfichaempleado?,MD,,gxPopupLevel%3D0%3B HTTP/1.1" 200 8790
192.168.10.89 - - [16/Jan/2017:11:03:45 -0300] "POST /cormun/servlet/prfichaempleado?a7c0c1898efa31dfb5d60831ac5022a2,,MD,,gxPopupLevel%3D0%3B,gx-no-cache=1484578729150 HTTP/1.1" 200 3569
192.168.10.89 - - [16/Jan/2017:11:03:50 -0300] "POST /cormun/servlet/solicitudot?gx-no-cache=1484578734100 HTTP/1.1" 200 3177
192.168.10.89 - - [16/Jan/2017:11:03:50 -0300] "POST /cormun/servlet/solicitudot?a7c0c1898efa31dfb5d60831ac5022a2,INS,0,0,,gx-no-cache=1484578734395 HTTP/1.1" 200 9934
192.168.10.89 - - [16/Jan/2017:11:03:56 -0300] "GET /cormun/servlet/solicitudot?f48b11de35019c6aa6a345e1e75e7871d261363cc9d2c026f276757231debf198b2a0ad028fcbd153d22f49623e1ccf1,gx-no-cache=1484578739910 HTTP/1.1" 200 30
192.168.10.89 - - [16/Jan/2017:11:03:56 -0300] "POST /cormun/servlet/solicitudot?gx-no-cache=1484578739949 HTTP/1.1" 200 256
192.168.10.89 - - [16/Jan/2017:11:03:56 -0300] "GET /cormun/servlet/solicitudot?f48b11de35019c6aa6a345e1e75e7871d8cbbe9e53b40f6df2a77814b02f0f33091ea1bc8e6ac9210ff88f5cd54c178d94cd5a16e6e1e347ec9c1000c1f2c0880075a79b9cb17915f298a5ed4ed6888bcaffa18123bd3e55a37b5a4a8d8ab5e7275a896102c667a9354c8c39cecd6bc5d1bc5e52c7be1eb5d67a0d2de02ee703e5b469ca69faeaf1df7a43e720bb3ebc98170d27e11f185594f325f973fcb6efd2252b0cb4d34a647071c673754b49ea8a9510f09ef3a31de3fb935cd309aa031b2f8ba035a63d60ce6d827286f764865cdeb76fb40500c19e60d4ce2228d4f3f75faba4cdadb7e2342fcb96810765dc85ddad27ecef481f5e6414373184d74552ba373fa110bef88fb68cd02a79a9115f1cb61f2f1a7112464b4c9fe31f90bec21df622a60d7e77f567bf464eed42b6b50ff0689283b3283d8c57efcf8a276a3fd656e6682217556d88f76014f6e4c6b1309b53a41e3ed0935d261f7a024e0b976350951f08ad1021a2296a11dd1ba093571fd60c1e8254aad9bf2586cd061e,gx-no-cache=1484578739979 HTTP/1.1" 200 30
192.168.10.89 - - [16/Jan/2017:11:03:57 -0300] "POST /cormun/servlet/solicitudot?gx-no-cache=1484578741344 HTTP/1.1" 200 30
192.168.10.43 - - [16/Jan/2017:11:04:07 -0300] "POST /cormun/servlet/trcontratosolicitud?f44279d6d200a464c142fc5386eda286,,gx-no-cache=1484578751188 HTTP/1.1" 200 4915
192.168.10.43 - - [16/Jan/2017:11:04:16 -0300] "GET /cormun/servlet/solicitudotcontratos?INS,2017,0,17477633,4,2,2016,1528,NADA,201612,22,M, HTTP/1.1" 200 9581
192.168.10.43 - - [16/Jan/2017:11:04:17 -0300] "GET /cormun/servlet/solicitudotcontratos?INS,2017,0,17477633,4,2,2016,1528,NADA,201612,22,M, HTTP/1.1" 200 9613
192.168.10.89 - - [16/Jan/2017:11:04:17 -0300] "POST /cormun/servlet/solicitudot?gx-no-cache=1484578760840 HTTP/1.1" 200 30
192.168.10.89 - - [16/Jan/2017:11:04:17 -0300] "POST /cormun/servlet/solicitudot?gx-no-cache=1484578760897 HTTP/1.1" 200 30
192.168.10.43 - - [16/Jan/2017:11:04:17 -0300] "GET /cormun/servlet/solicitudotcontratos?492c95618f9353151a9c5aed5b066d3218ba164fbbefcf06d15567b9a60acc3d5d774251b78731b656abeac8071d1e6b,gx-no-cache=1484578761162 HTTP/1.1" 200 30
192.168.10.43 - - [16/Jan/2017:11:04:17 -0300] "GET /cormun/servlet/solicitudotcontratos?492c95618f9353151a9c5aed5b066d32314183f1c260133f52d8dcdcb0b5969d72797d46f29e1c796a53a0a4b59e281b632a47cf70dfcd8e0786b3709e7600b889b33e721beb5462b05d7f74fd9365666e4aa3225af147dd33814ffefd46e244f7e9335361236d90e72239d944b734f4fb921c0f9cb52c699a966030b3e6e143,gx-no-cache=1484578761191 HTTP/1.1" 200 48
192.168.10.43 - - [16/Jan/2017:11:04:17 -0300] "GET /cormun/servlet/solicitudotcontratos?492c95618f9353151a9c5aed5b066d32de4bd9cbf8af391a70c374ddb306a4279871f53f63a7b2230cc72be2ef3ce79e,gx-no-cache=1484578761219 HTTP/1.1" 200 30
192.168.10.43 - - [16/Jan/2017:11:04:17 -0300] "GET /cormun/servlet/solicitudotcontratos?492c95618f9353151a9c5aed5b066d32e97dd64f795ee00f331199fe6aeaebcb3a9e9c4c175a2bb0393a83b8185070a95a6117583d9037eb12117beb7b6e080ef1c6667e10738a3f9f8cb519a68ff4cfbf980f772d00d3abe9f84bd0cfd956f75ec3030a1a801171c0c66a6a753e628b,gx-no-cache=1484578761240 HTTP/1.1" 200 30
192.168.10.43 - - [16/Jan/2017:11:04:17 -0300] "GET /cormun/servlet/solicitudotcontratos?492c95618f9353151a9c5aed5b066d32af7eb0a684a8a4f819a751d714fe685f94f0815fc0bb1e8e2f9e8b2704f05e244e85d25bcdebaf64671ccf13308d899291cb377dfb237d5c4f61e19c7c2588f45baa36e21b597ee67b6f7bcd0d89afe13c1c1eacdd010c322038b640e849612a5bb76040b91f4b059402871e5374f88e4559548f10aff6e85330cdc2d7befa432341b89edfd30bdeffe27800bd976c460a608ff25039cf69481062bf56d5e3909b776a8cb370f488b5e36ef72e64047b0dbf5c0f12484c47fea7655787a1de421a52113a41a0bdc4c9a560b1a3ae6889d76396438cea23c24587a93c121f59385669dd12f1acc9b5bd006b97b21dd0b466bd6432f4ed61ea12b8faa511c8403f3c55a138ce5c6a0df40f60b4b4262b9399f79e3aebb64187da8ec9111c541b609836e4685313f192bb33413db8f70c8b2add409685752813c0b6105b8a415f0af482b3b80bc3ba83eb438706e6ddb7f05b072b9749a194602d3ec77ec47ddf7c6c006d6455ecf6c2c0f1733588b008f66c07a318b903ca09c88d33fc892c82958b08f14e9f4e952fb4ca98d022476fab0344c10164733237569d6e6afc23fcd6f3695fae8e457f67a8c98c129862479a9e220d186bb8ad16ba8529ea052869b002c2462a5571442f5ee9a31d63f30f808bef1706f09dba9590e0e1e0255dedbb8b08f14e9f4e952fb4ca98d022476fab4a4bbb6db7aefe758bc90690f454efa98ee56f687af4045ed634ecdcccfdad7b3ab11efff80342049cbe71f8a8285e6cffd31c8a4bc430a65469b85de961d39b,gx-no-cache=1484578761267 HTTP/1.1" 200 72
192.168.10.89 - - [16/Jan/2017:11:04:20 -0300] "POST /cormun/servlet/solicitudot?gx-no-cache=1484578764205 HTTP/1.1" 200 30
192.168.10.43 - - [16/Jan/2017:11:04:21 -0300] "POST /cormun/servlet/solicitudotcontratos?f44279d6d200a464c142fc5386eda286,INS,2017,0,17477633,4,2,2016,1528,NADA,201612,22,M,,gx-no-cache=1484578765503 HTTP/1.1" 200 10365
192.168.10.43 - - [16/Jan/2017:11:04:22 -0300] "POST /cormun/servlet/solicitudotcontratos?gx-no-cache=1484578765772 HTTP/1.1" 200 1263
192.168.10.43 - - [16/Jan/2017:11:04:22 -0300] "POST /cormun/servlet/solicitudotcontratos?gx-no-cache=1484578765848 HTTP/1.1" 200 1140
192.168.10.43 - - [16/Jan/2017:11:04:22 -0300] "GET /cormun/servlet/solicitudotcontratos?492c95618f9353151a9c5aed5b066d32df97bc70e00ada85cd3df6df895628003af85ecba6b264b06568321ebf641e392e5a62a6faef7424efaec84815acd7e7d08c4010ee053e48714a010327c1cdfcf6d14ba13fb5c0c8a9e86ab4de0b308662eaa5fcc18f3b0d511532effb4754f718d2694979cc905801bec672a8a563ed,gx-no-cache=1484578765933 HTTP/1.1" 200 30
192.168.10.43 - - [16/Jan/2017:11:04:22 -0300] "POST /cormun/servlet/solicitudotcontratos?f44279d6d200a464c142fc5386eda286,INS,2017,0,17477633,4,2,2016,1528,NADA,201612,22,M,,gx-no-cache=1484578765959 HTTP/1.1" 200 93
192.168.10.43 - - [16/Jan/2017:11:04:22 -0300] "GET /cormun/servlet/hpexe_return? HTTP/1.1" 200 1048
192.168.10.43 - - [16/Jan/2017:11:04:22 -0300] "GET /cormun/servlet/trcontratosolicitud? HTTP/1.1" 200 7284
192.168.10.43 - - [16/Jan/2017:11:04:23 -0300] "GET /cormun/servlet/trcontratosolicitud? HTTP/1.1" 200 7280
192.168.10.89 - - [16/Jan/2017:11:04:24 -0300] "POST /cormun/servlet/solicitudot?gx-no-cache=1484578767987 HTTP/1.1" 200 1278
192.168.10.89 - - [16/Jan/2017:11:04:24 -0300] "POST /cormun/servlet/solicitudot?gx-no-cache=1484578768164 HTTP/1.1" 200 38
192.168.10.43 - - [16/Jan/2017:11:04:25 -0300] "GET /cormun/servlet/solicitudotcontratos?INS,2017,0,17477633,4,6,2016,2782,LEY+SEP,201612,9,M, HTTP/1.1" 200 9586
192.168.10.43 - - [16/Jan/2017:11:04:25 -0300] "GET /cormun/servlet/solicitudotcontratos?INS,2017,0,17477633,4,6,2016,2782,LEY+SEP,201612,9,M, HTTP/1.1" 200 9621
192.168.10.43 - - [16/Jan/2017:11:04:26 -0300] "GET /cormun/servlet/solicitudotcontratos?492c95618f9353151a9c5aed5b066d3218ba164fbbefcf06d15567b9a60acc3d5d774251b78731b656abeac8071d1e6b,gx-no-cache=1484578769967 HTTP/1.1" 200 30
192.168.10.43 - - [16/Jan/2017:11:04:26 -0300] "GET /cormun/servlet/solicitudotcontratos?492c95618f9353151a9c5aed5b066d32314183f1c260133f52d8dcdcb0b5969d72797d46f29e1c796a53a0a4b59e281b632a47cf70dfcd8e0786b3709e7600b889b33e721beb5462b05d7f74fd93656669ba5a89d03dc25dabf603df11395cfacc3eb30a8474c3c4d2a2d12bbc1a3befc3d27827af10a76c2c3b95d726106f8e,gx-no-cache=1484578770008 HTTP/1.1" 200 50
192.168.10.43 - - [16/Jan/2017:11:04:26 -0300] "GET /cormun/servlet/solicitudotcontratos?492c95618f9353151a9c5aed5b066d32de4bd9cbf8af391a70c374ddb306a4270ddb3e017cf0c0854145243564006cbd,gx-no-cache=1484578770040 HTTP/1.1" 200 30
192.168.10.43 - - [16/Jan/2017:11:04:26 -0300] "GET /cormun/servlet/solicitudotcontratos?492c95618f9353151a9c5aed5b066d32e97dd64f795ee00f331199fe6aeaebcb3a9e9c4c175a2bb0393a83b8185070a95a6117583d9037eb12117beb7b6e080ef1c6667e10738a3f9f8cb519a68ff4cf3db97ff73b4edd84e7757506ab6b61a35ec3030a1a801171c0c66a6a753e628b,gx-no-cache=1484578770092 HTTP/1.1" 200 30
192.168.10.43 - - [16/Jan/2017:11:04:26 -0300] "GET /cormun/servlet/solicitudotcontratos?492c95618f9353151a9c5aed5b066d32af7eb0a684a8a4f819a751d714fe685f94f0815fc0bb1e8e2f9e8b2704f05e248d355414b82182eb0e60cbf3a687784f5a6117583d9037eb12117beb7b6e080e8b4d8f4aa3018dcb770cbdb13499f5bb7836e1e1eb12311dd1404049e2865aa1dfc481433899ffa677b37a5bace5d14c1bcc369e79b8709bd7069283e1256b470558d616abfbdfbf1186bb87dde9ec348d355414b82182eb0e60cbf3a687784f991d7458079e6635b1a36ac2e3f761b977dcda3b77cd18ab06bfa2a98620cf09c855bd5a6e3dc09f8125b273ec802ee04799951263e4374216bbffa17ecf3f81a7d0f0ca30fd2c3b47a4cc07c898a6580674923b5350b9379db2fc7c14755e159836e4685313f192bb33413db8f70c8b2762f609f18f139259ce94e9606f499d4565c945403e89ea8eba0b1f9e9eeb8f77f506da056f056d804b691cc3f30741ae36b26092db1413907964148d5d3421f433bb66962c355a8f3ee1bda6e2d7c6abc5acf6bbc1666f87fd4ba8e37444c5caf3a514e3104cecf2f991af4cf833f62ce665bfd0dc60ff5d7ccb70fe4d8c33e186f12a9703876eadfd7769ba5eb0bf8d34d46f1d3cf333acad46303bcaaa1b97222f80dc6c9a485fd701aff1953751589bca7d06447a309464fbda2e54240c3b2bda20ddbb8a7bc3a1ba3dbeb292a65dba08fbe737f614d60b0194ecc49ff1b0fb70a68a20e62a999cd2f23b256785dbfdcd960e6e9613bf6fbc9a5c7c45840a3ade0a66ecdaa18faea9cb21b2bfb0bdf92c12218cba802ced4f3648dbb485,gx-no-cache=1484578770133 HTTP/1.1" 200 79
192.168.10.43 - - [16/Jan/2017:11:04:30 -0300] "POST /cormun/servlet/solicitudotcontratos?f44279d6d200a464c142fc5386eda286,INS,2017,0,17477633,4,6,2016,2782,LEY+SEP,201612,9,M,,gx-no-cache=1484578773551 HTTP/1.1" 200 10380
192.168.10.43 - - [16/Jan/2017:11:04:30 -0300] "POST /cormun/servlet/solicitudotcontratos?gx-no-cache=1484578773820 HTTP/1.1" 200 1263
192.168.10.43 - - [16/Jan/2017:11:04:30 -0300] "POST /cormun/servlet/solicitudotcontratos?gx-no-cache=1484578773864 HTTP/1.1" 200 1140
192.168.10.43 - - [16/Jan/2017:11:04:30 -0300] "GET /cormun/servlet/solicitudotcontratos?492c95618f9353151a9c5aed5b066d32df97bc70e00ada85cd3df6df895628003af85ecba6b264b06568321ebf641e392e5a62a6faef7424efaec84815acd7e7d08c4010ee053e48714a010327c1cdfcf6d14ba13fb5c0c8a9e86ab4de0b308662eaa5fcc18f3b0d511532effb4754f718d2694979cc905801bec672a8a563ed,gx-no-cache=1484578773898 HTTP/1.1" 200 30
192.168.10.43 - - [16/Jan/2017:11:04:30 -0300] "POST /cormun/servlet/solicitudotcontratos?f44279d6d200a464c142fc5386eda286,INS,2017,0,17477633,4,6,2016,2782,LEY+SEP,201612,9,M,,gx-no-cache=1484578773919 HTTP/1.1" 200 93
192.168.10.43 - - [16/Jan/2017:11:04:30 -0300] "GET /cormun/servlet/hpexe_return? HTTP/1.1" 200 1050
192.168.10.43 - - [16/Jan/2017:11:04:30 -0300] "GET /cormun/servlet/trcontratosolicitud HTTP/1.1" 200 6517
192.168.10.43 - - [16/Jan/2017:11:04:31 -0300] "GET /cormun/servlet/trcontratosolicitud HTTP/1.1" 200 6513
192.168.10.89 - - [16/Jan/2017:11:04:32 -0300] "GET /cormun/servlet/solicitudot?f48b11de35019c6aa6a345e1e75e7871cb2c4a5863c5e57907ebc82d0f3ac181ecde57d65411752edc970e06e4dbc86a831f73c2be5e1395638e4d0bb706fc7d89911396ae81dc0c24b6e7fca0a2fe2b0d624d14bc0dbe9fa526d6cb0f9461faec1fe2d7477775472c9056681bf2d196,gx-no-cache=1484578775990 HTTP/1.1" 200 29
192.168.10.89 - - [16/Jan/2017:11:04:32 -0300] "POST /cormun/servlet/solicitudot?gx-no-cache=1484578776051 HTTP/1.1" 200 1262
192.168.10.89 - - [16/Jan/2017:11:04:32 -0300] "POST /cormun/servlet/solicitudot?gx-no-cache=1484578776112 HTTP/1.1" 200 1144
192.168.10.89 - - [16/Jan/2017:11:04:36 -0300] "GET /cormun/servlet/solicitudot?f48b11de35019c6aa6a345e1e75e78719df8de6d89937a50e21c656c5a4c8880aeba80113b859b38722def3f199f88d9fc114142aa1aa9c91e47c30383eafbb6d10ec41c266251c9f2120907343b46bc8e42064520fcbef235df1db95e2505d17b1d42f60fe87f18a289aaf60b99be7e391176db0c19351ff80d1b07f7f5b2576017f398dab1acc1275e891fcd6ae65ea164012ee3e7ffe3ca614bc6f5be13018064e7ed3f2c0ec80f9c4f319661e4ae,gx-no-cache=1484578779986 HTTP/1.1" 200 30
192.168.10.89 - - [16/Jan/2017:11:04:39 -0300] "POST /cormun/servlet/solicitudot?a7c0c1898efa31dfb5d60831ac5022a2,INS,0,0,,gx-no-cache=1484578783281 HTTP/1.1" 200 93
192.168.10.89 - - [16/Jan/2017:11:04:39 -0300] "GET /cormun/servlet/hpexe_return? HTTP/1.1" 200 1024
192.168.10.89 - - [16/Jan/2017:11:04:40 -0300] "GET /cormun/servlet/trsolicitudot?gx-no-cache=1484578311098 HTTP/1.1" 200 8093
192.168.10.43 - - [16/Jan/2017:11:04:41 -0300] "POST /cormun/servlet/trcontratosolicitud?f44279d6d200a464c142fc5386eda286,gx-no-cache=1484578784916 HTTP/1.1" 200 5027
192.168.10.43 - - [16/Jan/2017:11:04:47 -0300] "GET /cormun/servlet/solicitudotcontratos?INS,2017,0,17079231,9,2,2016,2111,NADA,201612,39,M, HTTP/1.1" 200 9572
192.168.10.43 - - [16/Jan/2017:11:04:48 -0300] "GET /cormun/servlet/solicitudotcontratos?INS,2017,0,17079231,9,2,2016,2111,NADA,201612,39,M, HTTP/1.1" 200 9604
192.168.10.43 - - [16/Jan/2017:11:04:48 -0300] "GET /cormun/servlet/solicitudotcontratos?492c95618f9353151a9c5aed5b066d3233ab111965f4d8883f9e561be79286055d774251b78731b656abeac8071d1e6b,gx-no-cache=1484578792222 HTTP/1.1" 200 30
192.168.10.43 - - [16/Jan/2017:11:04:48 -0300] "GET /cormun/servlet/solicitudotcontratos?492c95618f9353151a9c5aed5b066d32314183f1c260133f52d8dcdcb0b5969d72797d46f29e1c796a53a0a4b59e281b632a47cf70dfcd8e0786b3709e7600b889b33e721beb5462b05d7f74fd9365666e4aa3225af147dd33814ffefd46e244f7e9335361236d90e72239d944b734f4fb921c0f9cb52c699a966030b3e6e143,gx-no-cache=1484578792262 HTTP/1.1" 200 48
192.168.10.43 - - [16/Jan/2017:11:04:48 -0300] "GET /cormun/servlet/solicitudotcontratos?492c95618f9353151a9c5aed5b066d32a19b0573503327dd631a8d80488fe53d8165d2f34c611a4ef297bc9f240a3366,gx-no-cache=1484578792303 HTTP/1.1" 200 30
192.168.10.43 - - [16/Jan/2017:11:04:48 -0300] "GET /cormun/servlet/solicitudotcontratos?492c95618f9353151a9c5aed5b066d32e97dd64f795ee00f331199fe6aeaebcb3a9e9c4c175a2bb0393a83b8185070a95a6117583d9037eb12117beb7b6e080ef1c6667e10738a3f9f8cb519a68ff4cfbf980f772d00d3abe9f84bd0cfd956f75ec3030a1a801171c0c66a6a753e628b,gx-no-cache=1484578792328 HTTP/1.1" 200 30
192.168.10.43 - - [16/Jan/2017:11:04:48 -0300] "GET /cormun/servlet/solicitudotcontratos?492c95618f9353151a9c5aed5b066d32af7eb0a684a8a4f819a751d714fe685f94f0815fc0bb1e8e2f9e8b2704f05e244e85d25bcdebaf64671ccf13308d899291cb377dfb237d5c4f61e19c7c2588f45baa36e21b597ee67b6f7bcd0d89afe13c1c1eacdd010c322038b640e849612a5bb76040b91f4b059402871e5374f88e4559548f10aff6e85330cdc2d7befa432341b89edfd30bdeffe27800bd976c460a608ff25039cf69481062bf56d5e3909b776a8cb370f488b5e36ef72e64047b0dbf5c0f12484c47fea7655787a1de421a52113a41a0bdc4c9a560b1a3ae6889d76396438cea23c24587a93c121f59385669dd12f1acc9b5bd006b97b21dd0b466bd6432f4ed61ea12b8faa511c8403f3c55a138ce5c6a0df40f60b4b4262b9399f79e3aebb64187da8ec9111c541b609836e4685313f192bb33413db8f70c8b2add409685752813c0b6105b8a415f0af482b3b80bc3ba83eb438706e6ddb7f05b072b9749a194602d3ec77ec47ddf7c6c006d6455ecf6c2c0f1733588b008f66c07a318b903ca09c88d33fc892c82958b08f14e9f4e952fb4ca98d022476fab0344c10164733237569d6e6afc23fcd6f3695fae8e457f67a8c98c129862479a9e220d186bb8ad16ba8529ea052869b002c2462a5571442f5ee9a31d63f30f808bef1706f09dba9590e0e1e0255dedbb8b08f14e9f4e952fb4ca98d022476fab4a4bbb6db7aefe758bc90690f454efa98ee56f687af4045ed634ecdcccfdad7b3ab11efff80342049cbe71f8a8285e6cffd31c8a4bc430a65469b85de961d39b,gx-no-cache=1484578792362 HTTP/1.1" 200 72
192.168.10.89 - - [16/Jan/2017:11:04:53 -0300] "GET /cormun/servlet/solicitudot?INS,0,0, HTTP/1.1" 200 12719
192.168.10.43 - - [16/Jan/2017:11:04:54 -0300] "POST /cormun/servlet/solicitudotcontratos?f44279d6d200a464c142fc5386eda286,INS,2017,0,17079231,9,2,2016,2111,NADA,201612,39,M,,gx-no-cache=1484578797787 HTTP/1.1" 200 10367
192.168.10.43 - - [16/Jan/2017:11:04:54 -0300] "POST /cormun/servlet/solicitudotcontratos?gx-no-cache=1484578798077 HTTP/1.1" 200 1263
192.168.10.43 - - [16/Jan/2017:11:04:54 -0300] "POST /cormun/servlet/solicitudotcontratos?gx-no-cache=1484578798118 HTTP/1.1" 200 1140
192.168.10.43 - - [16/Jan/2017:11:04:54 -0300] "GET /cormun/servlet/solicitudotcontratos?492c95618f9353151a9c5aed5b066d32df97bc70e00ada85cd3df6df895628003af85ecba6b264b06568321ebf641e392e5a62a6faef7424efaec84815acd7e7d08c4010ee053e48714a010327c1cdfcf6d14ba13fb5c0c8a9e86ab4de0b308662eaa5fcc18f3b0d511532effb4754f718d2694979cc905801bec672a8a563ed,gx-no-cache=1484578798152 HTTP/1.1" 200 30
192.168.10.43 - - [16/Jan/2017:11:04:54 -0300] "POST /cormun/servlet/solicitudotcontratos?f44279d6d200a464c142fc5386eda286,INS,2017,0,17079231,9,2,2016,2111,NADA,201612,39,M,,gx-no-cache=1484578798173 HTTP/1.1" 200 93
192.168.10.43 - - [16/Jan/2017:11:04:54 -0300] "GET /cormun/servlet/hpexe_return? HTTP/1.1" 200 1070
192.168.10.43 - - [16/Jan/2017:11:04:54 -0300] "GET /cormun/servlet/trcontratosolicitud?gx-no-cache=1484578784916 HTTP/1.1" 200 7404
192.168.10.43 - - [16/Jan/2017:11:04:55 -0300] "GET /cormun/servlet/trcontratosolicitud?gx-no-cache=1484578784916 HTTP/1.1" 200 7421
192.168.10.89 - - [16/Jan/2017:11:05:02 -0300] "GET /cormun/servlet/prfichaempleado?,MD,,gxPopupLevel%3D0%3B HTTP/1.1" 200 8790
192.168.10.43 - - [16/Jan/2017:11:05:08 -0300] "GET /cormun/servlet/solicitudotcontratos?INS,2017,0,17079231,9,6,2016,4047,LEY+SEP,201612,3,M, HTTP/1.1" 200 9603
192.168.10.43 - - [16/Jan/2017:11:05:08 -0300] "GET /cormun/servlet/solicitudotcontratos?INS,2017,0,17079231,9,6,2016,4047,LEY+SEP,201612,3,M, HTTP/1.1" 200 9616
192.168.10.43 - - [16/Jan/2017:11:05:09 -0300] "GET /cormun/servlet/solicitudotcontratos?492c95618f9353151a9c5aed5b066d3233ab111965f4d8883f9e561be79286055d774251b78731b656abeac8071d1e6b,gx-no-cache=1484578812980 HTTP/1.1" 200 30
192.168.10.43 - - [16/Jan/2017:11:05:09 -0300] "GET /cormun/servlet/solicitudotcontratos?492c95618f9353151a9c5aed5b066d32314183f1c260133f52d8dcdcb0b5969d72797d46f29e1c796a53a0a4b59e281b632a47cf70dfcd8e0786b3709e7600b889b33e721beb5462b05d7f74fd93656669ba5a89d03dc25dabf603df11395cfacc3eb30a8474c3c4d2a2d12bbc1a3befc3d27827af10a76c2c3b95d726106f8e,gx-no-cache=1484578813007 HTTP/1.1" 200 50
192.168.10.43 - - [16/Jan/2017:11:05:09 -0300] "GET /cormun/servlet/solicitudotcontratos?492c95618f9353151a9c5aed5b066d32a19b0573503327dd631a8d80488fe53d5a234ed3b3814438f32a83dae27a3daa,gx-no-cache=1484578813036 HTTP/1.1" 200 30
192.168.10.43 - - [16/Jan/2017:11:05:09 -0300] "GET /cormun/servlet/solicitudotcontratos?492c95618f9353151a9c5aed5b066d32e97dd64f795ee00f331199fe6aeaebcb3a9e9c4c175a2bb0393a83b8185070a95a6117583d9037eb12117beb7b6e080ef1c6667e10738a3f9f8cb519a68ff4cf3db97ff73b4edd84e7757506ab6b61a35ec3030a1a801171c0c66a6a753e628b,gx-no-cache=1484578813061 HTTP/1.1" 200 30
192.168.10.43 - - [16/Jan/2017:11:05:09 -0300] "GET /cormun/servlet/solicitudotcontratos?492c95618f9353151a9c5aed5b066d32af7eb0a684a8a4f819a751d714fe685f94f0815fc0bb1e8e2f9e8b2704f05e248d355414b82182eb0e60cbf3a687784f5a6117583d9037eb12117beb7b6e080e8b4d8f4aa3018dcb770cbdb13499f5bb7836e1e1eb12311dd1404049e2865aa1dfc481433899ffa677b37a5bace5d14c1bcc369e79b8709bd7069283e1256b470558d616abfbdfbf1186bb87dde9ec348d355414b82182eb0e60cbf3a687784f991d7458079e6635b1a36ac2e3f761b977dcda3b77cd18ab06bfa2a98620cf09c855bd5a6e3dc09f8125b273ec802ee04799951263e4374216bbffa17ecf3f81a7d0f0ca30fd2c3b47a4cc07c898a6580674923b5350b9379db2fc7c14755e159836e4685313f192bb33413db8f70c8b2762f609f18f139259ce94e9606f499d4565c945403e89ea8eba0b1f9e9eeb8f77f506da056f056d804b691cc3f30741ae36b26092db1413907964148d5d3421f433bb66962c355a8f3ee1bda6e2d7c6abc5acf6bbc1666f87fd4ba8e37444c5caf3a514e3104cecf2f991af4cf833f62ce665bfd0dc60ff5d7ccb70fe4d8c33e186f12a9703876eadfd7769ba5eb0bf8d34d46f1d3cf333acad46303bcaaa1b97222f80dc6c9a485fd701aff1953751589bca7d06447a309464fbda2e54240c3b2bda20ddbb8a7bc3a1ba3dbeb292a65dba08fbe737f614d60b0194ecc49ff1b0fb70a68a20e62a999cd2f23b256785dbfdcd960e6e9613bf6fbc9a5c7c45840a3ade0a66ecdaa18faea9cb21b2bfb0bdf92c12218cba802ced4f3648dbb485,gx-no-cache=1484578813092 HTTP/1.1" 200 79
192.168.10.89 - - [16/Jan/2017:11:05:09 -0300] "POST /cormun/servlet/prfichaempleado?a7c0c1898efa31dfb5d60831ac5022a2,,MD,,gxPopupLevel%3D0%3B,gx-no-cache=1484578813264 HTTP/1.1" 200 3408
192.168.10.89 - - [16/Jan/2017:11:05:13 -0300] "POST /cormun/servlet/solicitudot?gx-no-cache=1484578816787 HTTP/1.1" 200 3146
192.168.10.89 - - [16/Jan/2017:11:05:13 -0300] "POST /cormun/servlet/solicitudot?a7c0c1898efa31dfb5d60831ac5022a2,INS,0,0,,gx-no-cache=1484578817053 HTTP/1.1" 200 9931
192.168.10.43 - - [16/Jan/2017:11:05:13 -0300] "POST /cormun/servlet/solicitudotcontratos?f44279d6d200a464c142fc5386eda286,INS,2017,0,17079231,9,6,2016,4047,LEY+SEP,201612,3,M,,gx-no-cache=1484578817239 HTTP/1.1" 200 10407
192.168.10.43 - - [16/Jan/2017:11:05:13 -0300] "POST /cormun/servlet/solicitudotcontratos?gx-no-cache=1484578817516 HTTP/1.1" 200 1263
192.168.10.43 - - [16/Jan/2017:11:05:13 -0300] "POST /cormun/servlet/solicitudotcontratos?gx-no-cache=1484578817555 HTTP/1.1" 200 1140
192.168.10.43 - - [16/Jan/2017:11:05:13 -0300] "GET /cormun/servlet/solicitudotcontratos?492c95618f9353151a9c5aed5b066d32df97bc70e00ada85cd3df6df895628003af85ecba6b264b06568321ebf641e392e5a62a6faef7424efaec84815acd7e7d08c4010ee053e48714a010327c1cdfcf6d14ba13fb5c0c8a9e86ab4de0b308662eaa5fcc18f3b0d511532effb4754f718d2694979cc905801bec672a8a563ed,gx-no-cache=1484578817590 HTTP/1.1" 200 30
192.168.10.43 - - [16/Jan/2017:11:05:14 -0300] "POST /cormun/servlet/solicitudotcontratos?f44279d6d200a464c142fc5386eda286,INS,2017,0,17079231,9,6,2016,4047,LEY+SEP,201612,3,M,,gx-no-cache=1484578817612 HTTP/1.1" 200 93
192.168.10.43 - - [16/Jan/2017:11:05:14 -0300] "GET /cormun/servlet/hpexe_return? HTTP/1.1" 200 1072
192.168.10.43 - - [16/Jan/2017:11:05:14 -0300] "GET /cormun/servlet/trcontratosolicitud?gx-no-cache=1484578784916 HTTP/1.1" 200 7271
192.168.10.43 - - [16/Jan/2017:11:05:14 -0300] "GET /cormun/servlet/trcontratosolicitud?gx-no-cache=1484578784916 HTTP/1.1" 200 7289
192.168.10.43 - - [16/Jan/2017:11:05:28 -0300] "POST /cormun/servlet/trcontratosolicitud?f44279d6d200a464c142fc5386eda286,gx-no-cache=1484578784916,gx-no-cache=1484578832082 HTTP/1.1" 200 4915
192.168.10.43 - - [16/Jan/2017:11:06:14 -0300] "GET /cormun/servlet/trsolicitudot? HTTP/1.1" 200 6978
192.168.10.43 - - [16/Jan/2017:11:06:15 -0300] "GET /cormun/servlet/trsolicitudot? HTTP/1.1" 200 6957
192.168.10.43 - - [16/Jan/2017:11:06:25 -0300] "GET /cormun/servlet/solicitudot?INS,0,0, HTTP/1.1" 200 12779
192.168.10.43 - - [16/Jan/2017:11:06:25 -0300] "GET /cormun/servlet/solicitudot?INS,0,0, HTTP/1.1" 200 12784
192.168.10.43 - - [16/Jan/2017:11:06:34 -0300] "GET /cormun/servlet/prfichaempleado?,MD,,gxPopupLevel%3D0%3B HTTP/1.1" 200 8891
192.168.10.43 - - [16/Jan/2017:11:06:40 -0300] "POST /cormun/servlet/prfichaempleado?f44279d6d200a464c142fc5386eda286,,MD,,gxPopupLevel%3D0%3B,gx-no-cache=1484578903691 HTTP/1.1" 200 4011
192.168.10.43 - - [16/Jan/2017:11:06:48 -0300] "POST /cormun/servlet/solicitudot?gx-no-cache=1484578911624 HTTP/1.1" 200 3157
192.168.10.43 - - [16/Jan/2017:11:06:48 -0300] "POST /cormun/servlet/solicitudot?f44279d6d200a464c142fc5386eda286,INS,0,0,,gx-no-cache=1484578911790 HTTP/1.1" 200 9922
192.168.10.43 - - [16/Jan/2017:11:06:48 -0300] "GET /cormun/servlet/solicitudot?492c95618f9353151a9c5aed5b066d3241c0fa7b231d691f7b6f157e797f5ceab9f1f619bf4378616cabd4ead433d107,gx-no-cache=1484578912623 HTTP/1.1" 200 30
192.168.10.43 - - [16/Jan/2017:11:06:51 -0300] "POST /cormun/servlet/solicitudot?gx-no-cache=1484578914729 HTTP/1.1" 200 255
192.168.10.43 - - [16/Jan/2017:11:06:51 -0300] "GET /cormun/servlet/solicitudot?492c95618f9353151a9c5aed5b066d32185fae5e25a53a8f4c93a37570f7c8748edf56fe819dc17f508100faeed67e55eb47f2730d33a1dd4cbad3bab2023444363e7f1149e27f28d070c1a319c2b5531d8d15db45cc650dab136ebbb7548305dc3cd490cb7383695424f3f592f4758d352ff31682c28ff90110edfb022f523180b89dc914b36a9f6a8ccfe78b7ece6e12efb4523ef4497421db88cb7b50b03235df726313bf5cccde5aceed0339c36c68b0a62d945f72c95dd449c2c061434839762a535f769b28be11459b187020ed005fda9f87aa4574c91eb139f54f50a0796dcd4a9d310f14d57e459cd6e981a36d1e1ac54e2b4de50dcaa40973fc1bda21357a68ca85be84cd903caf9addc389b9974024f17d4bc23325f7801074434a8205a2bfed7faf5b3a4eeed01a9507df2742bedd76601078efe3da9089567cf2f15f4f1e3e24d0f1f0193fc2ec0746d36d9a0ad5a3b75c538eb80dc01cb90a934e6381c006287be86854b5210f259e8154acaa9c031becc9f0177fc65de935cb,gx-no-cache=1484578914851 HTTP/1.1" 200 30
192.168.10.43 - - [16/Jan/2017:11:06:55 -0300] "POST /cormun/servlet/solicitudot?gx-no-cache=1484578919001 HTTP/1.1" 200 30
192.168.10.43 - - [16/Jan/2017:11:06:57 -0300] "GET /cormun/servlet/prcontratosol?6862513,,,,,MD,,gxPopupLevel%3D0%3B HTTP/1.1" 200 5988
192.168.10.43 - - [16/Jan/2017:11:06:57 -0300] "GET /cormun/static/gxcfg.js?2016102711553248 HTTP/1.1" 200 953
192.168.10.43 - - [16/Jan/2017:11:06:57 -0300] "GET /cormun/static/prcontratosol.js?2016102711553411 HTTP/1.1" 304 -
192.168.10.43 - - [16/Jan/2017:11:07:00 -0300] "POST /cormun/servlet/solicitudot?gx-no-cache=1484578924080 HTTP/1.1" 200 1277
192.168.10.43 - - [16/Jan/2017:11:07:00 -0300] "POST /cormun/servlet/solicitudot?gx-no-cache=1484578924219 HTTP/1.1" 200 38
192.168.10.43 - - [16/Jan/2017:11:07:00 -0300] "GET /cormun/servlet/solicitudot?492c95618f9353151a9c5aed5b066d3268dc9727380ecf0dea1d9c57893db8020760eda477593febfec1c575d291a7d2e791c5bd55981ce046684ed1d4a3c84420d2aa9fecb18400d90802d1a25d34aa72fe09f564d55060e2985b8f09b0f00e9229e9b5e2ee206611a5834ea275d494f4944833cf68719753d03cb18103f5a39a451625cfa3b5ccd9b2bfb0379355ac86a54190963226203817b121608b1f81c566540c72de7e067ac92006512574e33e4bded9e328d03dcfd5da4b77f21338703725650914d2a9254bb00fed68aa78,gx-no-cache=1484578924312 HTTP/1.1" 200 29
192.168.10.43 - - [16/Jan/2017:11:07:00 -0300] "POST /cormun/servlet/solicitudot?gx-no-cache=1484578924355 HTTP/1.1" 200 1261
192.168.10.43 - - [16/Jan/2017:11:07:00 -0300] "POST /cormun/servlet/solicitudot?gx-no-cache=1484578924454 HTTP/1.1" 200 1143
192.168.10.43 - - [16/Jan/2017:11:07:10 -0300] "POST /cormun/servlet/solicitudot?gx-no-cache=1484578933902 HTTP/1.1" 200 1261
192.168.10.43 - - [16/Jan/2017:11:07:10 -0300] "POST /cormun/servlet/solicitudot?gx-no-cache=1484578933955 HTTP/1.1" 200 1143
192.168.10.89 - - [16/Jan/2017:11:07:17 -0300] "GET /cormun/servlet/solicitudot?f48b11de35019c6aa6a345e1e75e78710ea218ae176ad22498ff0403e9d7a55d8b2a0ad028fcbd153d22f49623e1ccf1,gx-no-cache=1484578941250 HTTP/1.1" 200 30
192.168.10.89 - - [16/Jan/2017:11:07:19 -0300] "POST /cormun/servlet/solicitudot?gx-no-cache=1484578943353 HTTP/1.1" 200 255
192.168.10.89 - - [16/Jan/2017:11:07:19 -0300] "GET /cormun/servlet/solicitudot?f48b11de35019c6aa6a345e1e75e7871d8cbbe9e53b40f6df2a77814b02f0f3303f053ab7013575d64db3ea58a0bb19594cd5a16e6e1e347ec9c1000c1f2c0880075a79b9cb17915f298a5ed4ed6888bcaffa18123bd3e55a37b5a4a8d8ab5e7275a896102c667a9354c8c39cecd6bc5d1bc5e52c7be1eb5d67a0d2de02ee703e5b469ca69faeaf1df7a43e720bb3ebc98170d27e11f185594f325f973fcb6efd2252b0cb4d34a647071c673754b49ea8a9510f09ef3a31de3fb935cd309aa031b2f8ba035a63d60ce6d827286f764865cdeb76fb40500c19e60d4ce2228d4f3f75faba4cdadb7e2342fcb96810765dce4c00f7a551a20c43a0a185de5706f0452ba373fa110bef88fb68cd02a79a9119479cb77e852adb0e48809f595a3e2f9bbf4f65e7596042ef043e3d29f75e1231925b3a7f9b472eeabaf4ac1769c2536e8e4aaaa4c7a20d473f8bb482057064bbed1a3fc14c0aeb40ea7f9d6648b4cd08c3bf96132a25959bc1a8dc35dd5b01f7e14543dd0aa7be4d5f6a19c9b2df417,gx-no-cache=1484578943392 HTTP/1.1" 200 30
192.168.10.43 - - [16/Jan/2017:11:07:20 -0300] "GET /cormun/servlet/solicitudot?492c95618f9353151a9c5aed5b066d327a7ae1d43da90e7411931984a6968956c1ffdce8f0c2b67bcab4dc349e845458042db908a46fe3bed5ff63193760f24a55cc2fec1041b08f0d9fc525b33587005e0df5d0eec909dc4d6c986b536f6cf502c0d1533f1fa7bd053b1030ed523d789f5d61fca7b24596398f4cb24ace5479c89885d4ceb9fc8ca28a2e1cbf9d2dc36a66766c06ccd25595a6f4866d76c9235447345707b29623d4e2a6756b8ca00f,gx-no-cache=1484578944314 HTTP/1.1" 200 30
192.168.10.43 - - [16/Jan/2017:11:07:20 -0300] "POST /cormun/servlet/solicitudot?f44279d6d200a464c142fc5386eda286,INS,0,0,,gx-no-cache=1484578944365 HTTP/1.1" 200 93
192.168.10.43 - - [16/Jan/2017:11:07:20 -0300] "GET /cormun/servlet/hpexe_return? HTTP/1.1" 200 1008
192.168.10.43 - - [16/Jan/2017:11:07:21 -0300] "GET /cormun/servlet/trsolicitudot HTTP/1.1" 200 8263
192.168.10.89 - - [16/Jan/2017:11:07:21 -0300] "POST /cormun/servlet/solicitudot?gx-no-cache=1484578944773 HTTP/1.1" 200 30
192.168.10.43 - - [16/Jan/2017:11:07:21 -0300] "GET /cormun/servlet/trsolicitudot HTTP/1.1" 200 8259
