192.168.10.108 - - [12/Jan/2017:15:48:43 -0300] "POST /cormun/servlet/trcontratosolicitud?e8e2db0b4ed76cc4490523e868af9b3f,gx-no-cache=1484246993086 HTTP/1.1" 200 4706
192.168.10.108 - - [12/Jan/2017:15:48:55 -0300] "POST /cormun/servlet/trcontratosolicitud?e8e2db0b4ed76cc4490523e868af9b3f,gx-no-cache=1484247005560 HTTP/1.1" 200 4747
192.168.10.108 - - [12/Jan/2017:15:48:59 -0300] "GET /cormun/servlet/solicitudotcontratos?INS,2017,0,16621149,2,2,2016,2144,NADA,201612,18,M, HTTP/1.1" 200 9503
192.168.10.108 - - [12/Jan/2017:15:49:00 -0300] "GET /cormun/servlet/solicitudotcontratos?INS,2017,0,16621149,2,2,2016,2144,NADA,201612,18,M, HTTP/1.1" 200 9535
192.168.10.108 - - [12/Jan/2017:15:49:00 -0300] "GET /cormun/servlet/solicitudotcontratos?fd1127174a7cec5d27d7598dc595ec989df1c8ae2a0c6236d66ffde30ea25941323e13ba30b05ee4f511b210f57e0361,gx-no-cache=1484247010526 HTTP/1.1" 200 30
192.168.10.108 - - [12/Jan/2017:15:49:00 -0300] "GET /cormun/servlet/solicitudotcontratos?fd1127174a7cec5d27d7598dc595ec9809b2572cca296de8f964c0e4fcbc9ba419f301fe29f487aea4ed291f89b7f79c1bb8cf72093175b7b89854cbc80ebe28e10c4b4a628e4382bdaa6eb9db960e3a995cbc788cd1747384ef4cccd6e6f6d1ee9898a01e6c25f81a0b17a911e938d17f6ea15c573cd310e6ebed0b3d48a34a,gx-no-cache=1484247010567 HTTP/1.1" 200 48
192.168.10.108 - - [12/Jan/2017:15:49:00 -0300] "GET /cormun/servlet/solicitudotcontratos?fd1127174a7cec5d27d7598dc595ec9859c131c83210e1447d7b4560c361c88fff0e2c6fd43ad191e97a8eb7e0d38734,gx-no-cache=1484247010596 HTTP/1.1" 200 30
192.168.10.108 - - [12/Jan/2017:15:49:00 -0300] "GET /cormun/servlet/solicitudotcontratos?fd1127174a7cec5d27d7598dc595ec9849a401579cd2565c745f15b2c22f323b20e76860459a6f7f8fe9df3d36a3d1e326f2c7ea9c6419e5b22d07ff888d4fde290f6d951ecadfb3c2484780dc492e78e4fdc75726cd22fd6592830924e527df1de152344c77a5eaefd7c6605080ff04,gx-no-cache=1484247010621 HTTP/1.1" 200 30
192.168.10.108 - - [12/Jan/2017:15:49:00 -0300] "GET /cormun/servlet/solicitudotcontratos?fd1127174a7cec5d27d7598dc595ec980a71b9aac731360468142acd91f0028743a0c935445d8a663c72c391a56055ae734063bda2096237329ce226a11f08f9c1de74a11008132061cc482a8602c79114b44b53039462c736f204fe80bdddb1a24362ca83f52f142a0f7cdab022edf59866924055f4de58b9f8ae55611650cb262465b6000cdcd7252b0c8f84f037011ee73f5419c5c57c1829f36230dd0c2d4355f8bb4a99fe2fa36fc0c92763f03e0275de0d2549f156db31afe7fbe5402c3eb428e0ef4efdd6a95551d819d253be7c0078560670231de54cd33614328ea3a5f8fad9dbcaa35818a58a9840ecfdd2b997e916fa102eb231ad716afbfc377ba0184c88682798ca12107264534ffd892a8365f79b59e2686771a807f30a441e67a652eea31f66f0dfdbbc41cabfafc3fe16ad958d7e77fd3b68dc2a9e3b2b886982256b132d19b1a1f9ef694b2b46b1b04b31bfe3d25885ea8703b04e470a169a5ad00ddc0b7cfd4d4dd6752f47c50be88066383f93948b2fe97b65e22542bd7548a970051de9a43e85cfa9262424bf4d51b350207634fe0d07fc77cddf7b31fe6fc16693605cf19de35c111fa347f93bcd58c836a7e24638f4acdf83c49e5dd74416aada4fbcf2f290d4834a366bc3657e869868dd43bc68822fd70bab79c06a442a01161e2c034a664973c5bc28254d51b350207634fe0d07fc77cddf7b31ea95e24cfe7f7ea6aafa68f93cb4b5d4fe66427350ad3d4796309b83738cf31e3f51ca8105919256304baf1e871834fdc270ab3ddf57cd970c7afa3354c559ef,gx-no-cache=1484247010656 HTTP/1.1" 200 72
192.168.10.89 - - [12/Jan/2017:15:49:25 -0300] "GET /cormun/servlet/trsolicitudgral? HTTP/1.1" 200 9918
192.168.10.89 - - [12/Jan/2017:15:49:37 -0300] "POST /cormun/servlet/trsolicitudgral?bfc9e969caf0c5cd3cb5014224877e1f,,gx-no-cache=1484250282839 HTTP/1.1" 200 6525
192.168.10.89 - - [12/Jan/2017:15:49:37 -0300] "POST /cormun/servlet/trsolicitudgral?bfc9e969caf0c5cd3cb5014224877e1f,,gx-no-cache=1484250283223 HTTP/1.1" 200 6466
192.168.10.89 - - [12/Jan/2017:15:49:38 -0300] "GET /cormun/static/Shared/jqueryui/images/ui-icons_8d78a5_256x240.png HTTP/1.1" 404 1089
192.168.10.89 - - [12/Jan/2017:15:49:38 -0300] "GET /cormun/static/Shared/jqueryui/images/ui-bg_flat_55_fafafa_40x100.png HTTP/1.1" 404 1097
192.168.10.89 - - [12/Jan/2017:15:49:38 -0300] "GET /cormun/static/Shared/jqueryui/images/ui-bg_highlight-soft_100_c6c2c8_1x100.png HTTP/1.1" 404 1117
192.168.10.89 - - [12/Jan/2017:15:49:38 -0300] "GET /cormun/static/Shared/jqueryui/images/ui-icons_82798d_256x240.png HTTP/1.1" 404 1089
192.168.10.108 - - [12/Jan/2017:15:49:48 -0300] "POST /cormun/servlet/solicitudotcontratos?e8e2db0b4ed76cc4490523e868af9b3f,INS,2017,0,16621149,2,2,2016,2144,NADA,201612,18,M,,gx-no-cache=1484247057608 HTTP/1.1" 200 10372
192.168.10.108 - - [12/Jan/2017:15:49:48 -0300] "POST /cormun/servlet/solicitudotcontratos?gx-no-cache=1484247057875 HTTP/1.1" 200 1263
192.168.10.108 - - [12/Jan/2017:15:49:48 -0300] "POST /cormun/servlet/solicitudotcontratos?gx-no-cache=1484247057915 HTTP/1.1" 200 1141
192.168.10.108 - - [12/Jan/2017:15:49:48 -0300] "GET /cormun/servlet/solicitudotcontratos?fd1127174a7cec5d27d7598dc595ec9803155db16791bd8d2e4496207dca105182e59ad249a56ca690caf24401a42acd184ef2495bab48bdb177196c0fc3eaaf154d34c152dc2a5573945c435c084c17279225c4499adbbf93027e422af78b5062afa3286d6cb045c13d7615b723a2fb993e2fa7f566476f6120403033038ff2,gx-no-cache=1484247057949 HTTP/1.1" 200 30
192.168.10.108 - - [12/Jan/2017:15:49:48 -0300] "POST /cormun/servlet/solicitudotcontratos?e8e2db0b4ed76cc4490523e868af9b3f,INS,2017,0,16621149,2,2,2016,2144,NADA,201612,18,M,,gx-no-cache=1484247057971 HTTP/1.1" 200 93
192.168.10.108 - - [12/Jan/2017:15:49:48 -0300] "GET /cormun/servlet/hpexe_return? HTTP/1.1" 200 1068
192.168.10.108 - - [12/Jan/2017:15:49:48 -0300] "GET /cormun/servlet/trcontratosolicitud?gx-no-cache=1484247005560 HTTP/1.1" 200 6431
192.168.10.108 - - [12/Jan/2017:15:49:49 -0300] "GET /cormun/servlet/trcontratosolicitud?gx-no-cache=1484247005560 HTTP/1.1" 200 6447
192.168.10.89 - - [12/Jan/2017:15:50:03 -0300] "POST /cormun/servlet/trsolicitudgral?bfc9e969caf0c5cd3cb5014224877e1f,,gx-no-cache=1484250308905 HTTP/1.1" 200 7175
192.168.10.108 - - [12/Jan/2017:15:50:15 -0300] "POST /cormun/servlet/trcontratosolicitud?e8e2db0b4ed76cc4490523e868af9b3f,gx-no-cache=1484247005560,gx-no-cache=1484247084851 HTTP/1.1" 200 4704
192.168.10.104 - - [12/Jan/2017:15:50:21 -0300] "GET /cormun/servlet/trsolicitudot? HTTP/1.1" 200 6897
192.168.10.104 - - [12/Jan/2017:15:50:22 -0300] "GET /cormun/servlet/trsolicitudot? HTTP/1.1" 200 6897
192.168.10.89 - - [12/Jan/2017:15:50:26 -0300] "POST /cormun/servlet/trsolicitudgral?bfc9e969caf0c5cd3cb5014224877e1f,,gx-no-cache=1484250331415 HTTP/1.1" 200 115
192.168.10.89 - - [12/Jan/2017:15:50:26 -0300] "GET /cormun/servlet/solicitudotlog?INS,2017,3673,0,REC, HTTP/1.1" 200 6118
192.168.10.89 - - [12/Jan/2017:15:50:27 -0300] "GET /cormun/servlet/solicitudotlog?4b2c5864727e54db428c007bf0f93562324d92168f2fc15939663f629cb9038ed899ad9f0cd7137c30be17e1025a302838b7693481cab4be35a8b8b9feabf76ead99d56135308fb84b64bce7e118c78498a364c661f9220078cfdf8faee0daa83846b211d0ba41733f8710776c502c7aef60cda26af93cfd0a5cc78535b687b97aba25f49a4f909b68dcc47758517bf95279f0f36b602eb736fbac0c8cec540e,gx-no-cache=1484250332967 HTTP/1.1" 200 94
192.168.10.108 - - [12/Jan/2017:15:50:30 -0300] "POST /cormun/servlet/trcontratosolicitud?e8e2db0b4ed76cc4490523e868af9b3f,gx-no-cache=1484247005560,gx-no-cache=1484247099897 HTTP/1.1" 200 4904
192.168.10.89 - - [12/Jan/2017:15:50:31 -0300] "POST /cormun/servlet/solicitudotlog?bfc9e969caf0c5cd3cb5014224877e1f,INS,2017,3673,0,REC,,gx-no-cache=1484250336606 HTTP/1.1" 200 93
192.168.10.89 - - [12/Jan/2017:15:50:31 -0300] "GET /cormun/servlet/hpexe_return? HTTP/1.1" 200 1024
192.168.10.89 - - [12/Jan/2017:15:50:31 -0300] "GET /cormun/servlet/trsolicitudgral? HTTP/1.1" 200 9960
192.168.10.89 - - [12/Jan/2017:15:50:36 -0300] "POST /cormun/servlet/trsolicitudgral?bfc9e969caf0c5cd3cb5014224877e1f,,gx-no-cache=1484250341426 HTTP/1.1" 200 115
192.168.10.89 - - [12/Jan/2017:15:50:36 -0300] "GET /cormun/servlet/solicitudotlog?INS,2017,3669,0,REC, HTTP/1.1" 200 6118
192.168.10.89 - - [12/Jan/2017:15:50:37 -0300] "GET /cormun/servlet/solicitudotlog?4b2c5864727e54db428c007bf0f935623a0323307ac9f05dbac2fd66dd43b9d6d899ad9f0cd7137c30be17e1025a302838b7693481cab4be35a8b8b9feabf76ead99d56135308fb84b64bce7e118c78498a364c661f9220078cfdf8faee0daa83846b211d0ba41733f8710776c502c7aef60cda26af93cfd0a5cc78535b687b97aba25f49a4f909b68dcc47758517bf95279f0f36b602eb736fbac0c8cec540e,gx-no-cache=1484250342848 HTTP/1.1" 200 94
192.168.10.99 - - [12/Jan/2017:15:50:38 -0300] "GET /cormun/servlet/trautorizarot? HTTP/1.1" 200 9375
192.168.10.99 - - [12/Jan/2017:15:50:39 -0300] "GET /cormun/static/gxcfg.js?201711112285127 HTTP/1.1" 200 953
192.168.10.99 - - [12/Jan/2017:15:50:39 -0300] "GET /cormun/static/trautorizarot.js?201711112285948 HTTP/1.1" 200 53939
192.168.10.99 - - [12/Jan/2017:15:50:39 -0300] "GET /cormun//static/Resources/PXToolsDataSearchRemember.gif HTTP/1.1" 200 1153
192.168.10.89 - - [12/Jan/2017:15:50:40 -0300] "POST /cormun/servlet/solicitudotlog?bfc9e969caf0c5cd3cb5014224877e1f,INS,2017,3669,0,REC,,gx-no-cache=1484250345681 HTTP/1.1" 200 93
192.168.10.89 - - [12/Jan/2017:15:50:40 -0300] "GET /cormun/servlet/hpexe_return? HTTP/1.1" 200 1024
192.168.10.104 - - [12/Jan/2017:15:50:40 -0300] "GET /cormun/servlet/solicitudot?INS,0,0, HTTP/1.1" 200 12742
192.168.10.89 - - [12/Jan/2017:15:50:40 -0300] "GET /cormun/servlet/trsolicitudgral HTTP/1.1" 200 9603
192.168.10.104 - - [12/Jan/2017:15:50:41 -0300] "GET /cormun/servlet/solicitudot?INS,0,0, HTTP/1.1" 200 12747
192.168.10.89 - - [12/Jan/2017:15:50:44 -0300] "POST /cormun/servlet/trsolicitudgral?bfc9e969caf0c5cd3cb5014224877e1f,gx-no-cache=1484250349968 HTTP/1.1" 200 115
192.168.10.89 - - [12/Jan/2017:15:50:44 -0300] "GET /cormun/servlet/solicitudotlog?INS,2017,3656,0,REC, HTTP/1.1" 200 6117
192.168.10.89 - - [12/Jan/2017:15:50:46 -0300] "GET /cormun/servlet/solicitudotlog?4b2c5864727e54db428c007bf0f9356233c4797aefeb82c9c26d4f5f0fe3c305d899ad9f0cd7137c30be17e1025a302838b7693481cab4be35a8b8b9feabf76ead99d56135308fb84b64bce7e118c78498a364c661f9220078cfdf8faee0daa83846b211d0ba41733f8710776c502c7aef60cda26af93cfd0a5cc78535b687b97aba25f49a4f909b68dcc47758517bf95279f0f36b602eb736fbac0c8cec540e,gx-no-cache=1484250351450 HTTP/1.1" 200 94
192.168.10.99 - - [12/Jan/2017:15:50:47 -0300] "GET /cormun/servlet/trsolicitudgral? HTTP/1.1" 200 9394
192.168.10.108 - - [12/Jan/2017:15:50:48 -0300] "GET /cormun/servlet/solicitudotcontratos?INS,2017,0,13109954,1,2,2016,147,NADA,201612,42,M, HTTP/1.1" 200 9499
192.168.10.89 - - [12/Jan/2017:15:50:48 -0300] "POST /cormun/servlet/solicitudotlog?bfc9e969caf0c5cd3cb5014224877e1f,INS,2017,3656,0,REC,,gx-no-cache=1484250354233 HTTP/1.1" 200 93
192.168.10.89 - - [12/Jan/2017:15:50:48 -0300] "GET /cormun/servlet/hpexe_return? HTTP/1.1" 200 1024
192.168.10.108 - - [12/Jan/2017:15:50:48 -0300] "GET /cormun/servlet/solicitudotcontratos?INS,2017,0,13109954,1,2,2016,147,NADA,201612,42,M, HTTP/1.1" 200 9510
192.168.10.108 - - [12/Jan/2017:15:50:49 -0300] "GET /cormun/servlet/solicitudotcontratos?fd1127174a7cec5d27d7598dc595ec980a24c97a28a2f0fcb2f82862db0e74f4323e13ba30b05ee4f511b210f57e0361,gx-no-cache=1484247119112 HTTP/1.1" 200 30
192.168.10.108 - - [12/Jan/2017:15:50:49 -0300] "GET /cormun/servlet/solicitudotcontratos?fd1127174a7cec5d27d7598dc595ec9809b2572cca296de8f964c0e4fcbc9ba419f301fe29f487aea4ed291f89b7f79c1bb8cf72093175b7b89854cbc80ebe28e10c4b4a628e4382bdaa6eb9db960e3a995cbc788cd1747384ef4cccd6e6f6d1ee9898a01e6c25f81a0b17a911e938d17f6ea15c573cd310e6ebed0b3d48a34a,gx-no-cache=1484247119135 HTTP/1.1" 200 48
192.168.10.108 - - [12/Jan/2017:15:50:49 -0300] "GET /cormun/servlet/solicitudotcontratos?fd1127174a7cec5d27d7598dc595ec98507e80f6411301e2e6363c68628273c2c5ff299d8a31a166b31eb1f0afec7bbc,gx-no-cache=1484247119158 HTTP/1.1" 200 30
192.168.10.108 - - [12/Jan/2017:15:50:49 -0300] "GET /cormun/servlet/solicitudotcontratos?fd1127174a7cec5d27d7598dc595ec9849a401579cd2565c745f15b2c22f323b20e76860459a6f7f8fe9df3d36a3d1e326f2c7ea9c6419e5b22d07ff888d4fde290f6d951ecadfb3c2484780dc492e78e4fdc75726cd22fd6592830924e527df1de152344c77a5eaefd7c6605080ff04,gx-no-cache=1484247119178 HTTP/1.1" 200 30
192.168.10.108 - - [12/Jan/2017:15:50:49 -0300] "GET /cormun/servlet/solicitudotcontratos?fd1127174a7cec5d27d7598dc595ec980a71b9aac731360468142acd91f0028743a0c935445d8a663c72c391a56055ae734063bda2096237329ce226a11f08f9c1de74a11008132061cc482a8602c79114b44b53039462c736f204fe80bdddb1a24362ca83f52f142a0f7cdab022edf59866924055f4de58b9f8ae55611650cb262465b6000cdcd7252b0c8f84f037011ee73f5419c5c57c1829f36230dd0c2d4355f8bb4a99fe2fa36fc0c92763f03e0275de0d2549f156db31afe7fbe5402c3eb428e0ef4efdd6a95551d819d253be7c0078560670231de54cd33614328ea3a5f8fad9dbcaa35818a58a9840ecfdd2b997e916fa102eb231ad716afbfc377ba0184c88682798ca12107264534ffd892a8365f79b59e2686771a807f30a441e67a652eea31f66f0dfdbbc41cabfafc3fe16ad958d7e77fd3b68dc2a9e3b2b886982256b132d19b1a1f9ef694b2b46b1b04b31bfe3d25885ea8703b04e470a169a5ad00ddc0b7cfd4d4dd6752f47c50be88066383f93948b2fe97b65e22542bd7548a970051de9a43e85cfa9262424bf4d51b350207634fe0d07fc77cddf7b31fe6fc16693605cf19de35c111fa347f93bcd58c836a7e24638f4acdf83c49e5dd74416aada4fbcf2f290d4834a366bc3657e869868dd43bc68822fd70bab79c06a442a01161e2c034a664973c5bc28254d51b350207634fe0d07fc77cddf7b31ea95e24cfe7f7ea6aafa68f93cb4b5d4fe66427350ad3d4796309b83738cf31e3f51ca8105919256304baf1e871834fdc270ab3ddf57cd970c7afa3354c559ef,gx-no-cache=1484247119205 HTTP/1.1" 200 72
192.168.10.89 - - [12/Jan/2017:15:50:49 -0300] "GET /cormun/servlet/trsolicitudgral HTTP/1.1" 200 8347
192.168.10.89 - - [12/Jan/2017:15:50:54 -0300] "GET /cormun/servlet/hlogin HTTP/1.1" 200 1740
192.168.10.108 - - [12/Jan/2017:15:50:58 -0300] "POST /cormun/servlet/solicitudotcontratos?e8e2db0b4ed76cc4490523e868af9b3f,INS,2017,0,13109954,1,2,2016,147,NADA,201612,42,M,,gx-no-cache=1484247128546 HTTP/1.1" 200 10377
192.168.10.108 - - [12/Jan/2017:15:50:59 -0300] "POST /cormun/servlet/solicitudotcontratos?gx-no-cache=1484247128834 HTTP/1.1" 200 1263
192.168.10.108 - - [12/Jan/2017:15:50:59 -0300] "POST /cormun/servlet/solicitudotcontratos?gx-no-cache=1484247128892 HTTP/1.1" 200 1140
192.168.10.108 - - [12/Jan/2017:15:50:59 -0300] "GET /cormun/servlet/solicitudotcontratos?fd1127174a7cec5d27d7598dc595ec9803155db16791bd8d2e4496207dca105182e59ad249a56ca690caf24401a42acd184ef2495bab48bdb177196c0fc3eaaf154d34c152dc2a5573945c435c084c17279225c4499adbbf93027e422af78b5062afa3286d6cb045c13d7615b723a2fb993e2fa7f566476f6120403033038ff2,gx-no-cache=1484247128930 HTTP/1.1" 200 30
192.168.10.108 - - [12/Jan/2017:15:50:59 -0300] "POST /cormun/servlet/solicitudotcontratos?e8e2db0b4ed76cc4490523e868af9b3f,INS,2017,0,13109954,1,2,2016,147,NADA,201612,42,M,,gx-no-cache=1484247128955 HTTP/1.1" 200 93
192.168.10.108 - - [12/Jan/2017:15:50:59 -0300] "GET /cormun/servlet/hpexe_return? HTTP/1.1" 200 1068
192.168.10.108 - - [12/Jan/2017:15:50:59 -0300] "GET /cormun/servlet/trcontratosolicitud?gx-no-cache=1484247005560 HTTP/1.1" 200 7188
192.168.10.108 - - [12/Jan/2017:15:51:00 -0300] "GET /cormun/servlet/trcontratosolicitud?gx-no-cache=1484247005560 HTTP/1.1" 200 7204
192.168.10.89 - - [12/Jan/2017:15:51:03 -0300] "POST /cormun/servlet/hlogin?bfc9e969caf0c5cd3cb5014224877e1f,gx-no-cache=1484250368851 HTTP/1.1" 200 453
192.168.10.104 - - [12/Jan/2017:15:51:04 -0300] "GET /cormun/servlet/prfichaempleado?,MD,,gxPopupLevel%3D0%3B HTTP/1.1" 200 8837
192.168.10.104 - - [12/Jan/2017:15:51:05 -0300] "GET /cormun/static/gxcfg.js?2016102420561687 HTTP/1.1" 304 -
192.168.10.99 - - [12/Jan/2017:15:51:05 -0300] "POST /cormun/servlet/trsolicitudgral?7f6e065f67953da3bb6c432d4d2233af,,gx-no-cache=1484250370767 HTTP/1.1" 200 16112
192.168.10.89 - - [12/Jan/2017:15:51:08 -0300] "POST /cormun/servlet/hlogin?bfc9e969caf0c5cd3cb5014224877e1f,gx-no-cache=1484250373976 HTTP/1.1" 200 90
192.168.10.89 - - [12/Jan/2017:15:51:08 -0300] "GET /cormun/servlet/hpexe_link HTTP/1.1" 200 956
192.168.10.89 - - [12/Jan/2017:15:51:09 -0300] "GET /cormun/servlet/hhome HTTP/1.1" 200 3974
192.168.10.104 - - [12/Jan/2017:15:51:10 -0300] "GET /cormun/servlet/trsolicitudot? HTTP/1.1" 200 6897
192.168.10.104 - - [12/Jan/2017:15:51:11 -0300] "GET /cormun/servlet/trsolicitudot? HTTP/1.1" 200 6897
192.168.10.89 - - [12/Jan/2017:15:51:16 -0300] "GET /cormun/servlet/trcontratosolicitud? HTTP/1.1" 200 6504
192.168.10.108 - - [12/Jan/2017:15:51:20 -0300] "POST /cormun/servlet/trcontratosolicitud?e8e2db0b4ed76cc4490523e868af9b3f,gx-no-cache=1484247005560,gx-no-cache=1484247149916 HTTP/1.1" 200 4702
192.168.10.99 - - [12/Jan/2017:15:51:23 -0300] "GET /cormun/servlet/trautorizarot? HTTP/1.1" 200 9375
192.168.10.89 - - [12/Jan/2017:15:51:31 -0300] "POST /cormun/servlet/trcontratosolicitud?bfc9e969caf0c5cd3cb5014224877e1f,,gx-no-cache=1484250397145 HTTP/1.1" 200 3948
192.168.10.104 - - [12/Jan/2017:15:51:34 -0300] "GET /cormun/servlet/trcontratosolicitud? HTTP/1.1" 200 11688
192.168.10.89 - - [12/Jan/2017:15:51:34 -0300] "GET /cormun/servlet/trcontratosolicitud? HTTP/1.1" 200 6503
192.168.10.104 - - [12/Jan/2017:15:51:34 -0300] "GET /cormun/servlet/trcontratosolicitud? HTTP/1.1" 200 11692
192.168.10.108 - - [12/Jan/2017:15:51:35 -0300] "POST /cormun/servlet/trcontratosolicitud?e8e2db0b4ed76cc4490523e868af9b3f,gx-no-cache=1484247005560,gx-no-cache=1484247165357 HTTP/1.1" 200 5207
192.168.10.89 - - [12/Jan/2017:15:51:38 -0300] "POST /cormun/servlet/trcontratosolicitud?bfc9e969caf0c5cd3cb5014224877e1f,,gx-no-cache=1484250403823 HTTP/1.1" 200 7965
192.168.10.104 - - [12/Jan/2017:15:51:44 -0300] "POST /cormun/servlet/trcontratosolicitud?395b141d0f6da8fdfeb9120a1f55d336,,gx-no-cache=1484247180970 HTTP/1.1" 200 4666
192.168.10.89 - - [12/Jan/2017:15:51:54 -0300] "GET /cormun/servlet/trsolicitudot? HTTP/1.1" 200 6943
192.168.10.89 - - [12/Jan/2017:15:51:54 -0300] "GET /cormun/static/gxcfg.js?201711111592844 HTTP/1.1" 304 -
192.168.10.89 - - [12/Jan/2017:15:51:54 -0300] "GET /cormun/static/trsolicitudot.js?201711111593735 HTTP/1.1" 304 -
192.168.10.89 - - [12/Jan/2017:15:51:57 -0300] "GET /cormun/servlet/solicitudot?INS,0,0, HTTP/1.1" 200 12778
192.168.10.89 - - [12/Jan/2017:15:51:57 -0300] "GET /cormun/static/gxcfg.js?201711112293351 HTTP/1.1" 304 -
192.168.10.89 - - [12/Jan/2017:15:51:57 -0300] "GET /cormun/static/solicitudot.js?201711112293529 HTTP/1.1" 304 -
192.168.10.108 - - [12/Jan/2017:15:52:03 -0300] "GET /cormun/servlet/solicitudotcontratos?INS,2017,0,10940177,3,6,2016,1627,NADA,201612,1,M, HTTP/1.1" 200 9503
192.168.10.108 - - [12/Jan/2017:15:52:04 -0300] "GET /cormun/servlet/solicitudotcontratos?INS,2017,0,10940177,3,6,2016,1627,NADA,201612,1,M, HTTP/1.1" 200 9513
192.168.10.108 - - [12/Jan/2017:15:52:05 -0300] "GET /cormun/servlet/solicitudotcontratos?fd1127174a7cec5d27d7598dc595ec984942d4af607b1aa9b4e5bdaef5ed9a16323e13ba30b05ee4f511b210f57e0361,gx-no-cache=1484247194920 HTTP/1.1" 200 30
192.168.10.108 - - [12/Jan/2017:15:52:05 -0300] "GET /cormun/servlet/solicitudotcontratos?fd1127174a7cec5d27d7598dc595ec9809b2572cca296de8f964c0e4fcbc9ba419f301fe29f487aea4ed291f89b7f79c1bb8cf72093175b7b89854cbc80ebe28e10c4b4a628e4382bdaa6eb9db960e3ae4f46449471f9e4900369e3dc449308a69f131b7645cf5e71b927404cb4e2a053464a19cc24345c3a0fda4d80611165a,gx-no-cache=1484247194947 HTTP/1.1" 200 50
192.168.10.108 - - [12/Jan/2017:15:52:05 -0300] "GET /cormun/servlet/solicitudotcontratos?fd1127174a7cec5d27d7598dc595ec98b2e96267bbe8d9f980c591ab4a0016fc5c10935c6931c0aedd1327fb1bab5bd0,gx-no-cache=1484247194971 HTTP/1.1" 200 30
192.168.10.108 - - [12/Jan/2017:15:52:05 -0300] "GET /cormun/servlet/solicitudotcontratos?fd1127174a7cec5d27d7598dc595ec9849a401579cd2565c745f15b2c22f323b20e76860459a6f7f8fe9df3d36a3d1e326f2c7ea9c6419e5b22d07ff888d4fde290f6d951ecadfb3c2484780dc492e787717088362070dfa4b9627829dc6c08e1de152344c77a5eaefd7c6605080ff04,gx-no-cache=1484247194994 HTTP/1.1" 200 30
192.168.10.108 - - [12/Jan/2017:15:52:05 -0300] "GET /cormun/servlet/solicitudotcontratos?fd1127174a7cec5d27d7598dc595ec980a71b9aac731360468142acd91f0028743a0c935445d8a663c72c391a56055ae734063bda2096237329ce226a11f08f9c1de74a11008132061cc482a8602c79114b44b53039462c736f204fe80bdddb1a24362ca83f52f142a0f7cdab022edf59866924055f4de58b9f8ae55611650cb262465b6000cdcd7252b0c8f84f037011ee73f5419c5c57c1829f36230dd0c2d4355f8bb4a99fe2fa36fc0c92763f03e0275de0d2549f156db31afe7fbe5402c3eb428e0ef4efdd6a95551d819d253be7c0078560670231de54cd33614328ea3a5f8fad9dbcaa35818a58a9840ecfdd2b997e916fa102eb231ad716afbfc377ba0184c88682798ca12107264534ffd892a8365f79b59e2686771a807f30a441e67a652eea31f66f0dfdbbc41cabfafc3fe16ad958d7e77fd3b68dc2a9e3b2b886982256b132d19b1a1f9ef694b2b46b1b04b31bfe3d25885ea8703b04e470a169a5ad00ddc0b7cfd4d4dd6752f47c50be88066383f93948b2fe97b65e22542bd7548a970051de9a43e85cfa9262424bf4d51b350207634fe0d07fc77cddf7b31fe6fc16693605cf19de35c111fa347f93bcd58c836a7e24638f4acdf83c49e5dd74416aada4fbcf2f290d4834a366bc3657e869868dd43bc68822fd70bab79c06a442a01161e2c034a664973c5bc28254d51b350207634fe0d07fc77cddf7b31ea95e24cfe7f7ea6aafa68f93cb4b5d4fe66427350ad3d4796309b83738cf31e3f51ca8105919256304baf1e871834fdc270ab3ddf57cd970c7afa3354c559ef,gx-no-cache=1484247195026 HTTP/1.1" 200 72
192.168.10.89 - - [12/Jan/2017:15:52:07 -0300] "GET /cormun/servlet/prfichaempleado?,MD,,gxPopupLevel%3D0%3B HTTP/1.1" 200 8890
192.168.10.89 - - [12/Jan/2017:15:52:07 -0300] "GET /cormun/static/gxcfg.js?2016102420561687 HTTP/1.1" 304 -
192.168.10.108 - - [12/Jan/2017:15:52:10 -0300] "POST /cormun/servlet/solicitudotcontratos?e8e2db0b4ed76cc4490523e868af9b3f,INS,2017,0,10940177,3,6,2016,1627,NADA,201612,1,M,,gx-no-cache=1484247200116 HTTP/1.1" 200 10377
192.168.10.108 - - [12/Jan/2017:15:52:10 -0300] "POST /cormun/servlet/solicitudotcontratos?gx-no-cache=1484247200382 HTTP/1.1" 200 1263
192.168.10.108 - - [12/Jan/2017:15:52:10 -0300] "POST /cormun/servlet/solicitudotcontratos?gx-no-cache=1484247200438 HTTP/1.1" 200 1141
192.168.10.108 - - [12/Jan/2017:15:52:10 -0300] "GET /cormun/servlet/solicitudotcontratos?fd1127174a7cec5d27d7598dc595ec9803155db16791bd8d2e4496207dca105182e59ad249a56ca690caf24401a42acd184ef2495bab48bdb177196c0fc3eaaf154d34c152dc2a5573945c435c084c17279225c4499adbbf93027e422af78b5062afa3286d6cb045c13d7615b723a2fb993e2fa7f566476f6120403033038ff2,gx-no-cache=1484247200481 HTTP/1.1" 200 30
192.168.10.108 - - [12/Jan/2017:15:52:10 -0300] "POST /cormun/servlet/solicitudotcontratos?e8e2db0b4ed76cc4490523e868af9b3f,INS,2017,0,10940177,3,6,2016,1627,NADA,201612,1,M,,gx-no-cache=1484247200508 HTTP/1.1" 200 93
192.168.10.108 - - [12/Jan/2017:15:52:11 -0300] "GET /cormun/servlet/hpexe_return? HTTP/1.1" 200 1067
192.168.10.108 - - [12/Jan/2017:15:52:11 -0300] "GET /cormun/servlet/trcontratosolicitud?gx-no-cache=1484247005560 HTTP/1.1" 200 7525
192.168.10.108 - - [12/Jan/2017:15:52:11 -0300] "GET /cormun/servlet/trcontratosolicitud?gx-no-cache=1484247005560 HTTP/1.1" 200 7542
192.168.10.89 - - [12/Jan/2017:15:52:17 -0300] "POST /cormun/servlet/prfichaempleado?bfc9e969caf0c5cd3cb5014224877e1f,,MD,,gxPopupLevel%3D0%3B,gx-no-cache=1484250442378 HTTP/1.1" 200 3412
192.168.10.89 - - [12/Jan/2017:15:52:19 -0300] "POST /cormun/servlet/solicitudot?gx-no-cache=1484250444632 HTTP/1.1" 200 3180
192.168.10.89 - - [12/Jan/2017:15:52:19 -0300] "POST /cormun/servlet/solicitudot?bfc9e969caf0c5cd3cb5014224877e1f,INS,0,0,,gx-no-cache=1484250444870 HTTP/1.1" 200 9938
192.168.10.89 - - [12/Jan/2017:15:52:21 -0300] "GET /cormun/servlet/solicitudot?4b2c5864727e54db428c007bf0f9356209f82ea55195655891003dc543c52c0ffd8b2ca58b9055b15102399c88966047,gx-no-cache=1484250446867 HTTP/1.1" 200 30
192.168.10.89 - - [12/Jan/2017:15:52:21 -0300] "POST /cormun/servlet/solicitudot?gx-no-cache=1484250446912 HTTP/1.1" 200 255
192.168.10.89 - - [12/Jan/2017:15:52:21 -0300] "GET /cormun/servlet/solicitudot?4b2c5864727e54db428c007bf0f9356225e6dd3b7247658d4e4b83a83e4c518aa31df0478abaee8d9e0221761ca35fd7fec0cab5e1a76730af158cfa0a9e83466a002189e3d8a69c6ad88096c6777b6fec7fcffbf132235051194dd2d7089ecde69033f94a8cdb89ab01cbbc533fea1737dcfc3be41d6e084695f68e6e1cb9e0919884051115eca4ada6a69540ce2e0e2d1498e8b1ebbc41d3520e109457b5d1fb9ffcb9df193d0a9b4584d6d229489851bb69d211f380a941d8bb6ac95978d782c0dcd64eeb2b31b1bb0fdba81785ba3d7969120d7e788bdd267aa3a79e68aa7d0b545a8725ea3d7f5795bde2355d813b4741f170498605552212f567b2ab57570900f2f631d0ee4aa411ffdd5823cbb22b63c16c676a696629a81f2f667bdf25a9121663e9704f167d2ca91f298af8a4f9fc103e6e1e4e04a0f1b5c18db4a4be15ec1b653d66f247f424d81e364228dbde34fe6332c2a79997df2193bb7c7d6a71f6a3855e3ccca4307a37247901573869a98fd120660fa952daadaa837700,gx-no-cache=1484250446958 HTTP/1.1" 200 30
192.168.10.89 - - [12/Jan/2017:15:52:22 -0300] "POST /cormun/servlet/solicitudot?gx-no-cache=1484250448317 HTTP/1.1" 200 30
192.168.10.89 - - [12/Jan/2017:15:52:25 -0300] "GET /cormun/servlet/prcontratosol?7349358,,,,,MD,,gxPopupLevel%3D0%3B HTTP/1.1" 200 5977
192.168.10.89 - - [12/Jan/2017:15:52:25 -0300] "GET /cormun/static/gxcfg.js?2016102711553248 HTTP/1.1" 304 -
192.168.10.108 - - [12/Jan/2017:15:52:26 -0300] "GET /cormun/servlet/solicitudotcontratos?INS,2017,0,13099025,8,2,2016,1637,NADA,201612,44,*, HTTP/1.1" 200 9512
192.168.10.108 - - [12/Jan/2017:15:52:27 -0300] "GET /cormun/servlet/solicitudotcontratos?INS,2017,0,13099025,8,2,2016,1637,NADA,201612,44,*, HTTP/1.1" 200 9524
192.168.10.89 - - [12/Jan/2017:15:52:27 -0300] "POST /cormun/servlet/solicitudot?gx-no-cache=1484250453053 HTTP/1.1" 200 1278
192.168.10.108 - - [12/Jan/2017:15:52:27 -0300] "GET /cormun/servlet/solicitudotcontratos?fd1127174a7cec5d27d7598dc595ec984b15c332c739f25827bebce983354bbf323e13ba30b05ee4f511b210f57e0361,gx-no-cache=1484247217400 HTTP/1.1" 200 30
192.168.10.108 - - [12/Jan/2017:15:52:27 -0300] "GET /cormun/servlet/solicitudotcontratos?fd1127174a7cec5d27d7598dc595ec9809b2572cca296de8f964c0e4fcbc9ba4a42400fddb52a9fd86c94cfaa8a1767e1bb8cf72093175b7b89854cbc80ebe28e38c65f5697006f06eb635e0022b3c7c995cbc788cd1747384ef4cccd6e6f6d1ee9898a01e6c25f81a0b17a911e938d17f6ea15c573cd310e6ebed0b3d48a34a,gx-no-cache=1484247217440 HTTP/1.1" 200 48
192.168.10.108 - - [12/Jan/2017:15:52:27 -0300] "GET /cormun/servlet/solicitudotcontratos?fd1127174a7cec5d27d7598dc595ec9823cbdc83311e95f32f3bd74fde6b5dd86b61debf1788a3ec4a5287e082e7deee,gx-no-cache=1484247217480 HTTP/1.1" 200 30
192.168.10.108 - - [12/Jan/2017:15:52:27 -0300] "GET /cormun/servlet/solicitudotcontratos?fd1127174a7cec5d27d7598dc595ec9849a401579cd2565c745f15b2c22f323b20e76860459a6f7f8fe9df3d36a3d1e326f2c7ea9c6419e5b22d07ff888d4fde290f6d951ecadfb3c2484780dc492e78e4fdc75726cd22fd6592830924e527df1de152344c77a5eaefd7c6605080ff04,gx-no-cache=1484247217505 HTTP/1.1" 200 30
192.168.10.89 - - [12/Jan/2017:15:52:27 -0300] "POST /cormun/servlet/solicitudot?gx-no-cache=1484250453197 HTTP/1.1" 200 38
192.168.10.108 - - [12/Jan/2017:15:52:27 -0300] "GET /cormun/servlet/solicitudotcontratos?fd1127174a7cec5d27d7598dc595ec980a71b9aac731360468142acd91f0028743a0c935445d8a663c72c391a56055ae734063bda2096237329ce226a11f08f9c1de74a11008132061cc482a8602c79114b44b53039462c736f204fe80bdddb1a24362ca83f52f142a0f7cdab022edf59866924055f4de58b9f8ae55611650cb262465b6000cdcd7252b0c8f84f037011ee73f5419c5c57c1829f36230dd0c2d4355f8bb4a99fe2fa36fc0c92763f03e0275de0d2549f156db31afe7fbe5402c3eb428e0ef4efdd6a95551d819d253be7c0078560670231de54cd33614328ea3a5f8fad9dbcaa35818a58a9840ecfdd2b997e916fa102eb231ad716afbfc377ba0184c88682798ca12107264534ffd892a8365f79b59e2686771a807f30a441e67a652eea31f66f0dfdbbc41cabfafc3fe16ad958d7e77fd3b68dc2a9e3b2b886982256b132d19b1a1f9ef694b2b46b1b04b31bfe3d25885ea8703b04e470a169a5ad00ddc0b7cfd4d4dd6752f47c50be88066383f93948b2fe97b65e22542bd7548a970051de9a43e85cfa9262424bf4d51b350207634fe0d07fc77cddf7b31fe6fc16693605cf19de35c111fa347f93bcd58c836a7e24638f4acdf83c49e5dd74416aada4fbcf2f290d4834a366bc3657e869868dd43bc68822fd70bab79c06a442a01161e2c034a664973c5bc28254d51b350207634fe0d07fc77cddf7b31ea95e24cfe7f7ea6aafa68f93cb4b5d4fe66427350ad3d4796309b83738cf31e3f51ca8105919256304baf1e871834fdc270ab3ddf57cd970c7afa3354c559ef,gx-no-cache=1484247217538 HTTP/1.1" 200 72
192.168.10.89 - - [12/Jan/2017:15:52:27 -0300] "GET /cormun/servlet/solicitudot?4b2c5864727e54db428c007bf0f93562a9041da0894b91189889e63fe047ca5ed899ad9f0cd7137c30be17e1025a302820e2227c91545be10deac862cf65d8ebddc2cbc370ce73e7869c42951fb2e0fbf15b6c3c299535797f8a360017c6d924f580b1b95e55ee2e2af19878d638dfd4d593cf00d7fee58618af4544bcb1bea818bc643db5a5bd4a494ca801fae4d5e02b65d9b2d15678c1c8a4e364c8d451b2,gx-no-cache=1484250453240 HTTP/1.1" 200 29
192.168.10.89 - - [12/Jan/2017:15:52:27 -0300] "POST /cormun/servlet/solicitudot?gx-no-cache=1484250453267 HTTP/1.1" 200 1261
192.168.10.89 - - [12/Jan/2017:15:52:28 -0300] "POST /cormun/servlet/solicitudot?gx-no-cache=1484250453403 HTTP/1.1" 200 1143
192.168.10.108 - - [12/Jan/2017:15:52:35 -0300] "POST /cormun/servlet/solicitudotcontratos?e8e2db0b4ed76cc4490523e868af9b3f,INS,2017,0,13099025,8,2,2016,1637,NADA,201612,44,*,,gx-no-cache=1484247225208 HTTP/1.1" 200 10371
192.168.10.108 - - [12/Jan/2017:15:52:35 -0300] "POST /cormun/servlet/solicitudotcontratos?gx-no-cache=1484247225456 HTTP/1.1" 200 1263
192.168.10.108 - - [12/Jan/2017:15:52:35 -0300] "POST /cormun/servlet/solicitudotcontratos?gx-no-cache=1484247225494 HTTP/1.1" 200 1137
192.168.10.108 - - [12/Jan/2017:15:52:35 -0300] "GET /cormun/servlet/solicitudotcontratos?fd1127174a7cec5d27d7598dc595ec9803155db16791bd8d2e4496207dca105182e59ad249a56ca690caf24401a42acd184ef2495bab48bdb177196c0fc3eaaf154d34c152dc2a5573945c435c084c17279225c4499adbbf93027e422af78b5062afa3286d6cb045c13d7615b723a2fb993e2fa7f566476f6120403033038ff2,gx-no-cache=1484247225527 HTTP/1.1" 200 30
192.168.10.108 - - [12/Jan/2017:15:52:36 -0300] "POST /cormun/servlet/solicitudotcontratos?e8e2db0b4ed76cc4490523e868af9b3f,INS,2017,0,13099025,8,2,2016,1637,NADA,201612,44,*,,gx-no-cache=1484247225547 HTTP/1.1" 200 93
192.168.10.108 - - [12/Jan/2017:15:52:36 -0300] "GET /cormun/servlet/hpexe_return? HTTP/1.1" 200 1069
192.168.10.108 - - [12/Jan/2017:15:52:36 -0300] "GET /cormun/servlet/trcontratosolicitud?gx-no-cache=1484247005560 HTTP/1.1" 200 7361
192.168.10.108 - - [12/Jan/2017:15:52:36 -0300] "GET /cormun/servlet/trcontratosolicitud?gx-no-cache=1484247005560 HTTP/1.1" 200 7378
192.168.10.89 - - [12/Jan/2017:15:52:38 -0300] "POST /cormun/servlet/solicitudot?gx-no-cache=1484250463830 HTTP/1.1" 200 1261
192.168.10.89 - - [12/Jan/2017:15:52:38 -0300] "POST /cormun/servlet/solicitudot?gx-no-cache=1484250463878 HTTP/1.1" 200 1143
192.168.10.89 - - [12/Jan/2017:15:52:42 -0300] "GET /cormun/servlet/solicitudot?4b2c5864727e54db428c007bf0f93562d13bd4cd48630594408973077dcc9fc557e8ed8a2bbbbc11f951e4c1448489ef1e2c3144941affcc9e55266444bf432e5f61f4e3a8b5ec0afea098e2ef3d80dc569cbbe872d48f561d3304d9651390f2e7a6bfd1b8e0bdd829a605d3977a2e0e8f781be1fbbaf4d0a8c330bd6e5b455d935e15d20d261429a18fd5e6217d29a6653bd4773fed17214005a7d60fac1bce3913f43f88654242a2f24a8dad4f785b,gx-no-cache=1484250468052 HTTP/1.1" 200 30
192.168.10.104 - - [12/Jan/2017:15:52:45 -0300] "GET /cormun/servlet/trsolicitudot? HTTP/1.1" 200 6897
192.168.10.104 - - [12/Jan/2017:15:52:45 -0300] "GET /cormun/servlet/trsolicitudot? HTTP/1.1" 200 6897
192.168.10.108 - - [12/Jan/2017:15:52:47 -0300] "POST /cormun/servlet/trcontratosolicitud?e8e2db0b4ed76cc4490523e868af9b3f,gx-no-cache=1484247005560,gx-no-cache=1484247237373 HTTP/1.1" 200 3944
192.168.10.89 - - [12/Jan/2017:15:52:48 -0300] "POST /cormun/servlet/solicitudot?bfc9e969caf0c5cd3cb5014224877e1f,INS,0,0,,gx-no-cache=1484250473671 HTTP/1.1" 200 93
192.168.10.89 - - [12/Jan/2017:15:52:48 -0300] "GET /cormun/servlet/hpexe_return? HTTP/1.1" 200 1008
192.168.10.89 - - [12/Jan/2017:15:52:49 -0300] "GET /cormun/servlet/trsolicitudot HTTP/1.1" 200 8256
192.168.10.104 - - [12/Jan/2017:15:52:49 -0300] "GET /cormun/servlet/trcontratosolicitud? HTTP/1.1" 200 7214
192.168.10.104 - - [12/Jan/2017:15:52:50 -0300] "GET /cormun/servlet/trcontratosolicitud? HTTP/1.1" 200 7218
192.168.10.108 - - [12/Jan/2017:15:52:51 -0300] "POST /cormun/servlet/trcontratosolicitud?e8e2db0b4ed76cc4490523e868af9b3f,gx-no-cache=1484247005560,gx-no-cache=1484247240885 HTTP/1.1" 200 3944
192.168.10.89 - - [12/Jan/2017:15:52:52 -0300] "GET /cormun/servlet/solicitudot?INS,0,0, HTTP/1.1" 200 12778
192.168.10.89 - - [12/Jan/2017:15:53:04 -0300] "GET /cormun/servlet/prfichaempleado?,MD,,gxPopupLevel%3D0%3B HTTP/1.1" 200 8890
192.168.10.104 - - [12/Jan/2017:15:53:07 -0300] "POST /cormun/servlet/trcontratosolicitud?395b141d0f6da8fdfeb9120a1f55d336,,gx-no-cache=1484247263618 HTTP/1.1" 200 9141
192.168.10.89 - - [12/Jan/2017:15:53:12 -0300] "POST /cormun/servlet/prfichaempleado?bfc9e969caf0c5cd3cb5014224877e1f,,MD,,gxPopupLevel%3D0%3B,gx-no-cache=1484250497429 HTTP/1.1" 200 3463
192.168.10.89 - - [12/Jan/2017:15:53:15 -0300] "POST /cormun/servlet/solicitudot?gx-no-cache=1484250500796 HTTP/1.1" 200 3199
192.168.10.108 - - [12/Jan/2017:15:53:15 -0300] "POST /cormun/servlet/trcontratosolicitud?e8e2db0b4ed76cc4490523e868af9b3f,gx-no-cache=1484247005560,gx-no-cache=1484247265022 HTTP/1.1" 200 3949
192.168.10.89 - - [12/Jan/2017:15:53:15 -0300] "POST /cormun/servlet/solicitudot?bfc9e969caf0c5cd3cb5014224877e1f,INS,0,0,,gx-no-cache=1484250501315 HTTP/1.1" 200 9952
192.168.10.89 - - [12/Jan/2017:15:53:19 -0300] "GET /cormun/servlet/solicitudot?4b2c5864727e54db428c007bf0f9356216325198fd75d3466d70f642a3132f3afd8b2ca58b9055b15102399c88966047,gx-no-cache=1484250504576 HTTP/1.1" 200 30
192.168.10.89 - - [12/Jan/2017:15:53:19 -0300] "POST /cormun/servlet/solicitudot?gx-no-cache=1484250504621 HTTP/1.1" 200 255
192.168.10.89 - - [12/Jan/2017:15:53:19 -0300] "GET /cormun/servlet/solicitudot?4b2c5864727e54db428c007bf0f9356225e6dd3b7247658d4e4b83a83e4c518aa31df0478abaee8d9e0221761ca35fd7fec0cab5e1a76730af158cfa0a9e83466a002189e3d8a69c6ad88096c6777b6fec7fcffbf132235051194dd2d7089ecde69033f94a8cdb89ab01cbbc533fea1737dcfc3be41d6e084695f68e6e1cb9e0919884051115eca4ada6a69540ce2e0e2d1498e8b1ebbc41d3520e109457b5d1fb9ffcb9df193d0a9b4584d6d229489851bb69d211f380a941d8bb6ac95978d782c0dcd64eeb2b31b1bb0fdba81785ba3d7969120d7e788bdd267aa3a79e68aa7d0b545a8725ea3d7f5795bde2355d813b4741f170498605552212f567b2ab57570900f2f631d0ee4aa411ffdd5823cbb22b63c16c676a696629a81f2f667bdf25a9121663e9704f167d2ca91f298af8a4f9fc103e6e1e4e04a0f1b5c18db4a4be15ec1b653d66f247f424d81e364228dbde34fe6332c2a79997df2193bb7c7d6a71f6a3855e3ccca4307a37247901573869a98fd120660fa952daadaa837700,gx-no-cache=1484250504654 HTTP/1.1" 200 30
192.168.10.89 - - [12/Jan/2017:15:53:20 -0300] "POST /cormun/servlet/solicitudot?gx-no-cache=1484250506055 HTTP/1.1" 200 30
192.168.10.89 - - [12/Jan/2017:15:53:27 -0300] "GET /cormun/servlet/prsolicitudot?8491815,,,,,MD,,gxPopupLevel%3D0%3B HTTP/1.1" 200 6004
192.168.10.89 - - [12/Jan/2017:15:53:27 -0300] "GET /cormun/static/gxcfg.js?20161221854215 HTTP/1.1" 304 -
192.168.10.89 - - [12/Jan/2017:15:53:27 -0300] "GET /cormun/static/prsolicitudot.js?201612218542259 HTTP/1.1" 304 -
192.168.10.89 - - [12/Jan/2017:15:53:31 -0300] "POST /cormun/servlet/solicitudot?gx-no-cache=1484250516789 HTTP/1.1" 200 1278
192.168.10.89 - - [12/Jan/2017:15:53:31 -0300] "POST /cormun/servlet/solicitudot?gx-no-cache=1484250516943 HTTP/1.1" 200 38
192.168.10.89 - - [12/Jan/2017:15:53:31 -0300] "GET /cormun/servlet/solicitudot?4b2c5864727e54db428c007bf0f93562a9041da0894b91189889e63fe047ca5ed899ad9f0cd7137c30be17e1025a302820e2227c91545be10deac862cf65d8ebddc2cbc370ce73e7869c42951fb2e0fbf15b6c3c299535797f8a360017c6d924f580b1b95e55ee2e2af19878d638dfd4d593cf00d7fee58618af4544bcb1bea818bc643db5a5bd4a494ca801fae4d5e02b65d9b2d15678c1c8a4e364c8d451b2,gx-no-cache=1484250516974 HTTP/1.1" 200 29
192.168.10.89 - - [12/Jan/2017:15:53:31 -0300] "POST /cormun/servlet/solicitudot?gx-no-cache=1484250516999 HTTP/1.1" 200 1261
192.168.10.89 - - [12/Jan/2017:15:53:31 -0300] "POST /cormun/servlet/solicitudot?gx-no-cache=1484250517051 HTTP/1.1" 200 1144
192.168.10.89 - - [12/Jan/2017:15:53:39 -0300] "POST /cormun/servlet/solicitudot?gx-no-cache=1484250524717 HTTP/1.1" 200 1261
192.168.10.89 - - [12/Jan/2017:15:53:39 -0300] "POST /cormun/servlet/solicitudot?gx-no-cache=1484250524764 HTTP/1.1" 200 1144
192.168.10.89 - - [12/Jan/2017:15:53:39 -0300] "GET /cormun/servlet/solicitudot?4b2c5864727e54db428c007bf0f93562eb59ecea045544f7345c083d2cda1a72df754344a004f949fe1e70a527a2852c1e2c3144941affcc9e55266444bf432e5f61f4e3a8b5ec0afea098e2ef3d80dc569cbbe872d48f561d3304d9651390f2e7a6bfd1b8e0bdd829a605d3977a2e0e8f781be1fbbaf4d0a8c330bd6e5b455d935e15d20d261429a18fd5e6217d29a6653bd4773fed17214005a7d60fac1bce3913f43f88654242a2f24a8dad4f785b,gx-no-cache=1484250524810 HTTP/1.1" 200 30
192.168.10.89 - - [12/Jan/2017:15:53:42 -0300] "POST /cormun/servlet/solicitudot?bfc9e969caf0c5cd3cb5014224877e1f,INS,0,0,,gx-no-cache=1484250527555 HTTP/1.1" 200 93
192.168.10.89 - - [12/Jan/2017:15:53:42 -0300] "GET /cormun/servlet/hpexe_return? HTTP/1.1" 200 1008
192.168.10.89 - - [12/Jan/2017:15:53:42 -0300] "GET /cormun/servlet/trsolicitudot HTTP/1.1" 200 8649
192.168.10.89 - - [12/Jan/2017:15:53:46 -0300] "GET /cormun/servlet/solicitudot?INS,0,0, HTTP/1.1" 200 12779
192.168.10.108 - - [12/Jan/2017:15:53:52 -0300] "POST /cormun/servlet/trcontratosolicitud?e8e2db0b4ed76cc4490523e868af9b3f,gx-no-cache=1484247005560,gx-no-cache=1484247302053 HTTP/1.1" 200 6030
192.168.10.89 - - [12/Jan/2017:15:54:00 -0300] "GET /cormun/servlet/prfichaempleado?,MD,,gxPopupLevel%3D0%3B HTTP/1.1" 200 8890
192.168.10.89 - - [12/Jan/2017:15:54:11 -0300] "POST /cormun/servlet/prfichaempleado?bfc9e969caf0c5cd3cb5014224877e1f,,MD,,gxPopupLevel%3D0%3B,gx-no-cache=1484250548686 HTTP/1.1" 200 5992
192.168.10.89 - - [12/Jan/2017:15:54:22 -0300] "POST /cormun/servlet/prfichaempleado?bfc9e969caf0c5cd3cb5014224877e1f,,MD,,gxPopupLevel%3D0%3B,gx-no-cache=1484250559671 HTTP/1.1" 200 5990
192.168.10.104 - - [12/Jan/2017:15:54:28 -0300] "GET /cormun/servlet/solicitudotcontratos?INS,2017,0,15524420,8,2,2016,4860,LEY+SEP,201612,8,*, HTTP/1.1" 200 9512
192.168.10.104 - - [12/Jan/2017:15:54:28 -0300] "GET /cormun/static/gxcfg.js?201711020431995 HTTP/1.1" 304 -
192.168.10.104 - - [12/Jan/2017:15:54:28 -0300] "GET /cormun/static/solicitudotcontratos.js?201711020432118 HTTP/1.1" 304 -
192.168.10.104 - - [12/Jan/2017:15:54:29 -0300] "GET /cormun/servlet/solicitudotcontratos?INS,2017,0,15524420,8,2,2016,4860,LEY+SEP,201612,8,*, HTTP/1.1" 200 9546
192.168.10.89 - - [12/Jan/2017:15:54:29 -0300] "POST /cormun/servlet/prfichaempleado?bfc9e969caf0c5cd3cb5014224877e1f,,MD,,gxPopupLevel%3D0%3B,gx-no-cache=1484250574390 HTTP/1.1" 200 3397
192.168.10.104 - - [12/Jan/2017:15:54:29 -0300] "GET /cormun/servlet/solicitudotcontratos?2afd4a9863ad72e2e0580782e75f772250a0cd568676e574844c99d2cfa3362d762e8634dbeda155c7a324c9f4de4c1e,gx-no-cache=1484247345858 HTTP/1.1" 200 30
192.168.10.104 - - [12/Jan/2017:15:54:29 -0300] "GET /cormun/servlet/solicitudotcontratos?2afd4a9863ad72e2e0580782e75f7722fe20d327836cd129408126e5a6bae0cc62e6339456acd2471bab24436552f258f831d355e8582b581e6586fac315df4ee40bf3f1d23cae4256e3c2029733c9e03bd1000ec1e1cd434b7f1e7388b81145c607b36819a36116cb7d3d758f5494e3e6720a034ee7d30551111523dcadb82c,gx-no-cache=1484247345882 HTTP/1.1" 200 48
192.168.10.104 - - [12/Jan/2017:15:54:29 -0300] "GET /cormun/servlet/solicitudotcontratos?2afd4a9863ad72e2e0580782e75f77223811a06b900d8e0fae1a7ce93a48fd2d3819d665f9909899e1fa8a34aa4ca333,gx-no-cache=1484247345906 HTTP/1.1" 200 30
192.168.10.104 - - [12/Jan/2017:15:54:29 -0300] "GET /cormun/servlet/solicitudotcontratos?2afd4a9863ad72e2e0580782e75f772248dbbc4fbb60f3f98e70546a17b57014875d55f281c34b0f876f7adf2690b2564cb66c898fed53d44aada983aa0356866754d4d2e6727228b973cb84fa98af98bc4c4b48172c34096870f75fcd72ba9f940f1e226129ad788e9ac1781ee04df5,gx-no-cache=1484247345928 HTTP/1.1" 200 30
192.168.10.104 - - [12/Jan/2017:15:54:29 -0300] "GET /cormun/servlet/solicitudotcontratos?2afd4a9863ad72e2e0580782e75f77223e9e2b951c3e03fb3ec770d15e0e95a638b2254203581d532c569635ac59e8856e74debc46d1b4316cd8bb486b0173bd4cb66c898fed53d44aada983aa0356868a1d9b8369dcc6b5f0296bd83b2953bfdc5934bb4ec79ea21672bb6849cd2062f775c83119434adb9d130736fff591250651fa3e9d16437b47959dbfab363b162ac2a85a3701ead61d3f7199521447f06e74debc46d1b4316cd8bb486b0173bd1686d7db208104a9ea26cc2a37c0f03480801c024eea45d8fabc9a701630f011df760f53eedbd06c2bffd849507084e2a7a3f1e78e574b6ff3b01bee88ea3e720460b0ccbc44cffcbee065e4ca61c1460dc737fa8d80e33f08ce8aeeefc730cad0275a04d94a0941491b6f694f8ff0012f431dd828f73af3d8d867f459bebe36ecbec9d24510c274b8c00541fba544064973a330b284c01bd4eee61d597034743918e5f7ec58c232a7b0b3cc393f222c2062470822dc8ecd686d508a887ee34c4a4bd4f121006ef2aac4bf584ac8d6a76499feb0a891fa474decfdf06ffc475f04744ccbbaedf9b051dcfe24c2262e5b577e4a99dc2802700e06d0d7a2633643ee649f50879a3844a65fc9ad5ac84e58b6379ba9bffe7cca37579a13145a50976a88ec8680459a1b26151ce975ac11ad506f79724d963a58481b4d5062de106ec2c00ee145078256581ab12c89da63fe812e54aeb6546e0a0dddac4d769f75e2c224d854965bf9b1fe26e1568ee62a941e4a18911353b36694316ded47875430126df4def5943807baf5f95f85b8be5b,gx-no-cache=1484247345958 HTTP/1.1" 200 79
192.168.10.89 - - [12/Jan/2017:15:54:31 -0300] "POST /cormun/servlet/solicitudot?gx-no-cache=1484250576678 HTTP/1.1" 200 3175
192.168.10.89 - - [12/Jan/2017:15:54:31 -0300] "POST /cormun/servlet/solicitudot?bfc9e969caf0c5cd3cb5014224877e1f,INS,0,0,,gx-no-cache=1484250576903 HTTP/1.1" 200 9925
192.168.10.89 - - [12/Jan/2017:15:54:33 -0300] "GET /cormun/servlet/solicitudot?4b2c5864727e54db428c007bf0f9356201d51e86d043dd06f96b47077e1b73610e8ec19387d3f09996303b69d62528b9,gx-no-cache=1484250579077 HTTP/1.1" 200 30
192.168.10.89 - - [12/Jan/2017:15:54:33 -0300] "POST /cormun/servlet/solicitudot?gx-no-cache=1484250579119 HTTP/1.1" 200 255
192.168.10.89 - - [12/Jan/2017:15:54:33 -0300] "GET /cormun/servlet/solicitudot?4b2c5864727e54db428c007bf0f9356225e6dd3b7247658d4e4b83a83e4c518aa31df0478abaee8d9e0221761ca35fd7fec0cab5e1a76730af158cfa0a9e83466a002189e3d8a69c6ad88096c6777b6fec7fcffbf132235051194dd2d7089ecde69033f94a8cdb89ab01cbbc533fea1737dcfc3be41d6e084695f68e6e1cb9e0919884051115eca4ada6a69540ce2e0e2d1498e8b1ebbc41d3520e109457b5d1fb9ffcb9df193d0a9b4584d6d229489851bb69d211f380a941d8bb6ac95978d782c0dcd64eeb2b31b1bb0fdba81785ba3d7969120d7e788bdd267aa3a79e68aa7d0b545a8725ea3d7f5795bde2355d813b4741f170498605552212f567b2ab57570900f2f631d0ee4aa411ffdd5823cbb22b63c16c676a696629a81f2f667bdf25a9121663e9704f167d2ca91f298af8a4f9fc103e6e1e4e04a0f1b5c18db4a4be15ec1b653d66f247f424d81e364228dbde34fe6332c2a79997df2193bb7c7d6a71f6a3855e3ccca4307a37247901573869a98fd120660fa952daadaa837700,gx-no-cache=1484250579149 HTTP/1.1" 200 30
192.168.10.89 - - [12/Jan/2017:15:54:34 -0300] "POST /cormun/servlet/solicitudot?gx-no-cache=1484250580328 HTTP/1.1" 200 30
192.168.10.89 - - [12/Jan/2017:15:54:36 -0300] "GET /cormun/servlet/prcontratosol?10697377,,,,,MD,,gxPopupLevel%3D0%3B HTTP/1.1" 200 5979
192.168.10.89 - - [12/Jan/2017:15:54:38 -0300] "POST /cormun/servlet/solicitudot?gx-no-cache=1484250583618 HTTP/1.1" 200 1278
192.168.10.89 - - [12/Jan/2017:15:54:38 -0300] "POST /cormun/servlet/solicitudot?gx-no-cache=1484250583810 HTTP/1.1" 200 38
192.168.10.89 - - [12/Jan/2017:15:54:38 -0300] "GET /cormun/servlet/solicitudot?4b2c5864727e54db428c007bf0f93562a9041da0894b91189889e63fe047ca5ed899ad9f0cd7137c30be17e1025a302820e2227c91545be10deac862cf65d8ebddc2cbc370ce73e7869c42951fb2e0fbf15b6c3c299535797f8a360017c6d924f580b1b95e55ee2e2af19878d638dfd4d593cf00d7fee58618af4544bcb1bea818bc643db5a5bd4a494ca801fae4d5e02b65d9b2d15678c1c8a4e364c8d451b2,gx-no-cache=1484250583839 HTTP/1.1" 200 29
192.168.10.89 - - [12/Jan/2017:15:54:38 -0300] "POST /cormun/servlet/solicitudot?gx-no-cache=1484250583863 HTTP/1.1" 200 1261
192.168.10.89 - - [12/Jan/2017:15:54:38 -0300] "POST /cormun/servlet/solicitudot?gx-no-cache=1484250583902 HTTP/1.1" 200 1143
192.168.10.104 - - [12/Jan/2017:15:54:42 -0300] "POST /cormun/servlet/solicitudotcontratos?395b141d0f6da8fdfeb9120a1f55d336,INS,2017,0,15524420,8,2,2016,4860,LEY+SEP,201612,8,*,,gx-no-cache=1484247358364 HTTP/1.1" 200 10347
192.168.10.89 - - [12/Jan/2017:15:54:46 -0300] "POST /cormun/servlet/solicitudot?gx-no-cache=1484250591484 HTTP/1.1" 200 1261
192.168.10.89 - - [12/Jan/2017:15:54:46 -0300] "POST /cormun/servlet/solicitudot?gx-no-cache=1484250591542 HTTP/1.1" 200 1143
192.168.10.89 - - [12/Jan/2017:15:54:49 -0300] "GET /cormun/servlet/solicitudot?4b2c5864727e54db428c007bf0f93562ddba184402b4a11725bec570c70c3afa3af9dc906eea23f213c5f45c480a81b91e2c3144941affcc9e55266444bf432e5f61f4e3a8b5ec0afea098e2ef3d80dc569cbbe872d48f561d3304d9651390f2e7a6bfd1b8e0bdd829a605d3977a2e0e8f781be1fbbaf4d0a8c330bd6e5b455d935e15d20d261429a18fd5e6217d29a6653bd4773fed17214005a7d60fac1bce3913f43f88654242a2f24a8dad4f785b,gx-no-cache=1484250594546 HTTP/1.1" 200 30
192.168.10.89 - - [12/Jan/2017:15:54:52 -0300] "POST /cormun/servlet/solicitudot?bfc9e969caf0c5cd3cb5014224877e1f,INS,0,0,,gx-no-cache=1484250597254 HTTP/1.1" 200 93
192.168.10.89 - - [12/Jan/2017:15:54:52 -0300] "GET /cormun/servlet/hpexe_return? HTTP/1.1" 200 1008
192.168.10.89 - - [12/Jan/2017:15:54:52 -0300] "GET /cormun/servlet/trsolicitudot HTTP/1.1" 200 8982
192.168.10.104 - - [12/Jan/2017:15:54:53 -0300] "POST /cormun/servlet/solicitudotcontratos?gx-no-cache=1484247370332 HTTP/1.1" 200 1263
192.168.10.104 - - [12/Jan/2017:15:54:54 -0300] "POST /cormun/servlet/solicitudotcontratos?gx-no-cache=1484247370410 HTTP/1.1" 200 1140
192.168.10.104 - - [12/Jan/2017:15:54:54 -0300] "GET /cormun/servlet/solicitudotcontratos?2afd4a9863ad72e2e0580782e75f772241f711e8b1247414eb90ab30fbb602d1e443debc7ca1b5241bc96c514c72a0d5cfd7dd1697d34281b3b51c9043ecf0a7c98d638b7fec10bbb5780bc427f3debfbb4453174f389d5cc47762205f7bc9d8267649050e465fcb19eaa50e10b8887ad817e2bc8ec73e55ba44c8515d614f18,gx-no-cache=1484247370475 HTTP/1.1" 200 30
192.168.10.104 - - [12/Jan/2017:15:54:54 -0300] "POST /cormun/servlet/solicitudotcontratos?395b141d0f6da8fdfeb9120a1f55d336,INS,2017,0,15524420,8,2,2016,4860,LEY+SEP,201612,8,*,,gx-no-cache=1484247370503 HTTP/1.1" 200 93
192.168.10.104 - - [12/Jan/2017:15:54:54 -0300] "GET /cormun/servlet/hpexe_return? HTTP/1.1" 200 1047
192.168.10.104 - - [12/Jan/2017:15:54:54 -0300] "GET /cormun/servlet/trcontratosolicitud? HTTP/1.1" 200 11578
192.168.10.104 - - [12/Jan/2017:15:54:55 -0300] "GET /cormun/servlet/trcontratosolicitud? HTTP/1.1" 200 11578
192.168.10.89 - - [12/Jan/2017:15:55:01 -0300] "POST /cormun/servlet/trsolicitudot?bfc9e969caf0c5cd3cb5014224877e1f,gx-no-cache=1484250606028 HTTP/1.1" 200 5845
192.168.10.89 - - [12/Jan/2017:15:55:01 -0300] "POST /cormun/servlet/trsolicitudot?bfc9e969caf0c5cd3cb5014224877e1f,gx-no-cache=1484250606886 HTTP/1.1" 200 5789
192.168.10.89 - - [12/Jan/2017:15:55:01 -0300] "GET /cormun/static/Shared/jqueryui/images/ui-icons_82798d_256x240.png HTTP/1.1" 404 1089
192.168.10.89 - - [12/Jan/2017:15:55:01 -0300] "GET /cormun/static/Shared/jqueryui/images/ui-bg_flat_55_fafafa_40x100.png HTTP/1.1" 404 1097
192.168.10.89 - - [12/Jan/2017:15:55:01 -0300] "GET /cormun/static/Shared/jqueryui/images/ui-bg_highlight-soft_100_c6c2c8_1x100.png HTTP/1.1" 404 1117
192.168.10.89 - - [12/Jan/2017:15:55:01 -0300] "GET /cormun/static/Shared/jqueryui/images/ui-icons_8d78a5_256x240.png HTTP/1.1" 404 1089
192.168.10.89 - - [12/Jan/2017:15:55:02 -0300] "POST /cormun/servlet/trsolicitudot?bfc9e969caf0c5cd3cb5014224877e1f,gx-no-cache=1484250608014 HTTP/1.1" 200 5468
192.168.10.89 - - [12/Jan/2017:15:55:03 -0300] "POST /cormun/servlet/trsolicitudot?bfc9e969caf0c5cd3cb5014224877e1f,gx-no-cache=1484250608462 HTTP/1.1" 200 5409
192.168.10.89 - - [12/Jan/2017:15:55:04 -0300] "POST /cormun/servlet/trsolicitudot?bfc9e969caf0c5cd3cb5014224877e1f,gx-no-cache=1484250609759 HTTP/1.1" 200 4328
192.168.10.89 - - [12/Jan/2017:15:55:04 -0300] "POST /cormun/servlet/trsolicitudot?bfc9e969caf0c5cd3cb5014224877e1f,gx-no-cache=1484250610240 HTTP/1.1" 200 4090
192.168.10.89 - - [12/Jan/2017:15:55:07 -0300] "GET /cormun/servlet/trautorizarsolicitud? HTTP/1.1" 200 8931
192.168.10.89 - - [12/Jan/2017:15:55:07 -0300] "GET /cormun/static/gxcfg.js?20171111229471 HTTP/1.1" 304 -
192.168.10.89 - - [12/Jan/2017:15:55:07 -0300] "GET /cormun/static/trautorizarsolicitud.js?201711112291232 HTTP/1.1" 304 -
192.168.10.89 - - [12/Jan/2017:15:55:10 -0300] "POST /cormun/servlet/trautorizarsolicitud?bfc9e969caf0c5cd3cb5014224877e1f,,gx-no-cache=1484250615672 HTTP/1.1" 200 5823
192.168.10.89 - - [12/Jan/2017:15:55:10 -0300] "POST /cormun/servlet/trautorizarsolicitud?bfc9e969caf0c5cd3cb5014224877e1f,,gx-no-cache=1484250616106 HTTP/1.1" 200 5768
192.168.10.89 - - [12/Jan/2017:15:55:11 -0300] "GET /cormun/static/Shared/jqueryui/images/ui-bg_highlight-soft_100_c6c2c8_1x100.png HTTP/1.1" 404 1117
192.168.10.89 - - [12/Jan/2017:15:55:11 -0300] "GET /cormun/static/Shared/jqueryui/images/ui-icons_8d78a5_256x240.png HTTP/1.1" 404 1089
192.168.10.89 - - [12/Jan/2017:15:55:11 -0300] "GET /cormun/static/Shared/jqueryui/images/ui-icons_82798d_256x240.png HTTP/1.1" 404 1089
192.168.10.89 - - [12/Jan/2017:15:55:11 -0300] "GET /cormun/static/Shared/jqueryui/images/ui-bg_flat_55_fafafa_40x100.png HTTP/1.1" 404 1097
192.168.10.89 - - [12/Jan/2017:15:55:11 -0300] "POST /cormun/servlet/trautorizarsolicitud?bfc9e969caf0c5cd3cb5014224877e1f,,gx-no-cache=1484250617196 HTTP/1.1" 200 5441
192.168.10.89 - - [12/Jan/2017:15:55:12 -0300] "POST /cormun/servlet/trautorizarsolicitud?bfc9e969caf0c5cd3cb5014224877e1f,,gx-no-cache=1484250617654 HTTP/1.1" 200 5385
192.168.10.89 - - [12/Jan/2017:15:55:13 -0300] "POST /cormun/servlet/trautorizarsolicitud?bfc9e969caf0c5cd3cb5014224877e1f,,gx-no-cache=1484250618552 HTTP/1.1" 200 4308
192.168.10.89 - - [12/Jan/2017:15:55:13 -0300] "POST /cormun/servlet/trautorizarsolicitud?bfc9e969caf0c5cd3cb5014224877e1f,,gx-no-cache=1484250619167 HTTP/1.1" 200 4072
192.168.10.89 - - [12/Jan/2017:15:55:23 -0300] "GET /cormun/servlet/hlogin HTTP/1.1" 200 1745
192.168.10.89 - - [12/Jan/2017:15:55:29 -0300] "POST /cormun/servlet/hlogin?bfc9e969caf0c5cd3cb5014224877e1f,gx-no-cache=1484250635185 HTTP/1.1" 200 90
192.168.10.89 - - [12/Jan/2017:15:55:29 -0300] "GET /cormun/servlet/hpexe_link HTTP/1.1" 200 956
192.168.10.89 - - [12/Jan/2017:15:55:31 -0300] "GET /cormun/servlet/hhome HTTP/1.1" 200 4345
192.168.10.89 - - [12/Jan/2017:15:55:38 -0300] "GET /cormun/servlet/trsolicitudgral? HTTP/1.1" 200 10289
