192.168.10.104 - - [12/Jan/2017:15:33:24 -0300] "GET /cormun/static/calendar.js?85251 HTTP/1.1" 304 -
192.168.10.104 - - [12/Jan/2017:15:33:24 -0300] "GET /cormun/static/calendar-setup.js?85251 HTTP/1.1" 304 -
192.168.10.104 - - [12/Jan/2017:15:33:24 -0300] "GET /cormun/static/calendar-es.js?85251 HTTP/1.1" 304 -
192.168.10.104 - - [12/Jan/2017:15:33:24 -0300] "GET /cormun/static/gxcfg.js?20171317451682 HTTP/1.1" 304 -
192.168.10.104 - - [12/Jan/2017:15:33:25 -0300] "GET /cormun/static/messages.spa.js?85251 HTTP/1.1" 304 -
192.168.10.104 - - [12/Jan/2017:15:33:25 -0300] "GET /cormun/static/gxdec.js?85251 HTTP/1.1" 304 -
192.168.10.104 - - [12/Jan/2017:15:33:25 -0300] "GET /cormun/static/trcontratosolicitud.js?20171317452124 HTTP/1.1" 304 -
192.168.10.104 - - [12/Jan/2017:15:33:26 -0300] "GET /cormun/servlet/hlogin HTTP/1.1" 200 1760
192.168.10.104 - - [12/Jan/2017:15:33:26 -0300] "GET /cormun/servlet/trcontratosolicitud?gx-no-cache=1483643439261 HTTP/1.1" 200 12680
192.168.10.104 - - [12/Jan/2017:15:33:26 -0300] "GET /cormun/static/gxcfg.js?201612216162538 HTTP/1.1" 304 -
192.168.10.89 - - [12/Jan/2017:15:33:27 -0300] "POST /cormun/servlet/solicitudgral?bfc9e969caf0c5cd3cb5014224877e1f,UPD,2017,3675,,gx-no-cache=1484249313258 HTTP/1.1" 200 10525
192.168.10.108 - - [12/Jan/2017:15:33:28 -0300] "POST /cormun/servlet/solicitudotcontratos?e8e2db0b4ed76cc4490523e868af9b3f,INS,2017,0,18104513,2,2,2016,2952,LEY+SEP,201612,22,*,,gx-no-cache=1484246077698 HTTP/1.1" 200 10375
192.168.10.108 - - [12/Jan/2017:15:33:28 -0300] "POST /cormun/servlet/solicitudotcontratos?gx-no-cache=1484246077957 HTTP/1.1" 200 1264
192.168.10.108 - - [12/Jan/2017:15:33:28 -0300] "POST /cormun/servlet/solicitudotcontratos?gx-no-cache=1484246077998 HTTP/1.1" 200 1140
192.168.10.108 - - [12/Jan/2017:15:33:28 -0300] "GET /cormun/servlet/solicitudotcontratos?fd1127174a7cec5d27d7598dc595ec9803155db16791bd8d2e4496207dca105182e59ad249a56ca690caf24401a42acd184ef2495bab48bdb177196c0fc3eaaf154d34c152dc2a5573945c435c084c17279225c4499adbbf93027e422af78b5062afa3286d6cb045c13d7615b723a2fb993e2fa7f566476f6120403033038ff2,gx-no-cache=1484246078033 HTTP/1.1" 200 30
192.168.10.108 - - [12/Jan/2017:15:33:28 -0300] "POST /cormun/servlet/solicitudotcontratos?e8e2db0b4ed76cc4490523e868af9b3f,INS,2017,0,18104513,2,2,2016,2952,LEY+SEP,201612,22,*,,gx-no-cache=1484246078055 HTTP/1.1" 200 93
192.168.10.108 - - [12/Jan/2017:15:33:28 -0300] "GET /cormun/servlet/hpexe_return? HTTP/1.1" 200 1073
192.168.10.108 - - [12/Jan/2017:15:33:28 -0300] "GET /cormun/servlet/trcontratosolicitud?gx-no-cache=1484246019997 HTTP/1.1" 200 6450
192.168.10.108 - - [12/Jan/2017:15:33:29 -0300] "GET /cormun/servlet/trcontratosolicitud?gx-no-cache=1484246019997 HTTP/1.1" 200 6467
192.168.10.89 - - [12/Jan/2017:15:33:33 -0300] "GET /cormun/servlet/solicitudgral?4b2c5864727e54db428c007bf0f935623d2732a66d9d1cb93ddc922b1ae5a4e6fac5598e5538289ffbe3ca7b28de4b1c209d8c02f27ff88a92a539e4925f5abf9a785d244e3a0c73a2a159b234d04889882f5e09ba352284ab4ba6df6e150fdd5b45a0c45ae4daa1c845931db57345368f781be1fbbaf4d0a8c330bd6e5b455d90d207827ea9ce7114be7f51cac5e39eeafda66dba3c37e630c0eb1602dce126,gx-no-cache=1484249319335 HTTP/1.1" 200 29
192.168.10.89 - - [12/Jan/2017:15:33:34 -0300] "POST /cormun/servlet/solicitudgral?gx-no-cache=1484249319376 HTTP/1.1" 200 1235
192.168.10.89 - - [12/Jan/2017:15:33:34 -0300] "POST /cormun/servlet/solicitudgral?gx-no-cache=1484249319417 HTTP/1.1" 200 1141
192.168.10.89 - - [12/Jan/2017:15:33:34 -0300] "POST /cormun/servlet/solicitudgral?bfc9e969caf0c5cd3cb5014224877e1f,UPD,2017,3675,,gx-no-cache=1484249319459 HTTP/1.1" 200 93
192.168.10.89 - - [12/Jan/2017:15:33:34 -0300] "GET /cormun/servlet/hpexe_return? HTTP/1.1" 200 1015
192.168.10.89 - - [12/Jan/2017:15:33:34 -0300] "GET /cormun/servlet/trsolicitudgral? HTTP/1.1" 200 9609
192.168.10.89 - - [12/Jan/2017:15:33:41 -0300] "POST /cormun/servlet/trsolicitudgral?bfc9e969caf0c5cd3cb5014224877e1f,,gx-no-cache=1484249326410 HTTP/1.1" 200 5463
192.168.10.89 - - [12/Jan/2017:15:33:41 -0300] "POST /cormun/servlet/trsolicitudgral?bfc9e969caf0c5cd3cb5014224877e1f,,gx-no-cache=1484249326747 HTTP/1.1" 200 5225
192.168.10.108 - - [12/Jan/2017:15:33:42 -0300] "POST /cormun/servlet/trcontratosolicitud?e8e2db0b4ed76cc4490523e868af9b3f,gx-no-cache=1484246019997,gx-no-cache=1484246091673 HTTP/1.1" 200 4758
192.168.10.89 - - [12/Jan/2017:15:33:42 -0300] "GET /cormun/static/Shared/jqueryui/images/ui-icons_8d78a5_256x240.png HTTP/1.1" 404 1089
192.168.10.89 - - [12/Jan/2017:15:33:42 -0300] "GET /cormun/static/Shared/jqueryui/images/ui-bg_highlight-soft_100_c6c2c8_1x100.png HTTP/1.1" 404 1117
192.168.10.89 - - [12/Jan/2017:15:33:42 -0300] "GET /cormun/static/Shared/jqueryui/images/ui-icons_82798d_256x240.png HTTP/1.1" 404 1089
192.168.10.89 - - [12/Jan/2017:15:33:42 -0300] "GET /cormun/static/Shared/jqueryui/images/ui-bg_flat_55_fafafa_40x100.png HTTP/1.1" 404 1097
192.168.10.108 - - [12/Jan/2017:15:33:48 -0300] "GET /cormun/servlet/solicitudotcontratos?INS,2017,0,19020616,5,2,2016,4565,LEY+SEP,201612,30,*, HTTP/1.1" 200 9535
192.168.10.108 - - [12/Jan/2017:15:33:49 -0300] "GET /cormun/servlet/solicitudotcontratos?INS,2017,0,19020616,5,2,2016,4565,LEY+SEP,201612,30,*, HTTP/1.1" 200 9549
192.168.10.108 - - [12/Jan/2017:15:33:49 -0300] "GET /cormun/servlet/solicitudotcontratos?fd1127174a7cec5d27d7598dc595ec98a53d4a2cc95f9fc4f6cc51c0f743d993323e13ba30b05ee4f511b210f57e0361,gx-no-cache=1484246099703 HTTP/1.1" 200 30
192.168.10.108 - - [12/Jan/2017:15:33:50 -0300] "GET /cormun/servlet/solicitudotcontratos?fd1127174a7cec5d27d7598dc595ec9809b2572cca296de8f964c0e4fcbc9ba4678846fe4fdc3e660321d4e73cbc29431bb8cf72093175b7b89854cbc80ebe2876a29d8ad6216a48ecd5a123f046a613995cbc788cd1747384ef4cccd6e6f6d1ee9898a01e6c25f81a0b17a911e938d17f6ea15c573cd310e6ebed0b3d48a34a,gx-no-cache=1484246099732 HTTP/1.1" 200 48
192.168.10.108 - - [12/Jan/2017:15:33:50 -0300] "GET /cormun/servlet/solicitudotcontratos?fd1127174a7cec5d27d7598dc595ec980cfaea7535116441190e2fc8410be4675bb08117f98b13eb83f114bdd7af835c,gx-no-cache=1484246099761 HTTP/1.1" 200 30
192.168.10.108 - - [12/Jan/2017:15:33:50 -0300] "GET /cormun/servlet/solicitudotcontratos?fd1127174a7cec5d27d7598dc595ec9849a401579cd2565c745f15b2c22f323b20e76860459a6f7f8fe9df3d36a3d1e326f2c7ea9c6419e5b22d07ff888d4fde290f6d951ecadfb3c2484780dc492e78e4fdc75726cd22fd6592830924e527df1de152344c77a5eaefd7c6605080ff04,gx-no-cache=1484246099786 HTTP/1.1" 200 30
192.168.10.108 - - [12/Jan/2017:15:33:50 -0300] "GET /cormun/servlet/solicitudotcontratos?fd1127174a7cec5d27d7598dc595ec980a71b9aac731360468142acd91f0028743a0c935445d8a663c72c391a56055aeae915e2583494d950343205afb9c56b426f2c7ea9c6419e5b22d07ff888d4fde113e7e15e13efe269f78c93af9d5c57312c0f94cfde76251c9595a14b034dc0e040d27da3ce6020ce4a4b5238c650c0477d0dfd3f43662a9c99e6a1aa386335091d89414e49edcfd4fdb0842be74b091ae915e2583494d950343205afb9c56b48f524fc9880cf88cfeec0a7db28829e32a3eccb6d10aa41ae809a36bd6d156392c57b35cd5edf22b3701da0081dbba8b695c5b85e4f934df365ef1d6e60a7dc83d8ede4a5e54e661fc15a3490f2c501b1b4565b1cfd473a6bd41bd507f3970d6fe16ad958d7e77fd3b68dc2a9e3b2b88c9ec250910b71fa5934f5832b9ea3de1db06a488f4ec7cebbcc494cdac98174eb0620e361e57f6589ed13f25a15c7917818c5a54550cae5785e9815524efd03cf2c27793af159033c4436fcba25f61f59de858343c1409d183a2cfd659e306ec7089e5ee8ec469b60a9b5077569fe5d0b77accf8c63431d56f1fc92ae791b7e4c7ead9e1369c9bb9ac1cac334dc9ca7677b3c378e6dd42e8becb0e762f2017a07fd4328d89fb0e53c874f80f58f23665bc88619edc5052931d570271ec2af579db032d7df82182dd46a397f9eb1e848b1b15186b9e66afd0bdb7ac06b7167c682c331e33eec530eaa061edde182fdb1673aa0fd151927d59c039f6b02d5532156e3e1d6c5e4bc29db8b17c249bec15970cd87b08daabc37160ab17c0d63b421b,gx-no-cache=1484246099869 HTTP/1.1" 200 79
192.168.10.89 - - [12/Jan/2017:15:33:50 -0300] "POST /cormun/servlet/trsolicitudgral?bfc9e969caf0c5cd3cb5014224877e1f,,gx-no-cache=1484249335721 HTTP/1.1" 200 6479
192.168.10.89 - - [12/Jan/2017:15:33:57 -0300] "GET /cormun/servlet/solicitudgral?UPD,2017,3661, HTTP/1.1" 200 12133
192.168.10.108 - - [12/Jan/2017:15:33:57 -0300] "POST /cormun/servlet/solicitudotcontratos?e8e2db0b4ed76cc4490523e868af9b3f,INS,2017,0,19020616,5,2,2016,4565,LEY+SEP,201612,30,*,,gx-no-cache=1484246107051 HTTP/1.1" 200 10378
192.168.10.108 - - [12/Jan/2017:15:33:57 -0300] "POST /cormun/servlet/solicitudotcontratos?gx-no-cache=1484246107302 HTTP/1.1" 200 1263
192.168.10.108 - - [12/Jan/2017:15:33:57 -0300] "POST /cormun/servlet/solicitudotcontratos?gx-no-cache=1484246107358 HTTP/1.1" 200 1139
192.168.10.108 - - [12/Jan/2017:15:33:57 -0300] "GET /cormun/servlet/solicitudotcontratos?fd1127174a7cec5d27d7598dc595ec9803155db16791bd8d2e4496207dca105182e59ad249a56ca690caf24401a42acd184ef2495bab48bdb177196c0fc3eaaf154d34c152dc2a5573945c435c084c17279225c4499adbbf93027e422af78b5062afa3286d6cb045c13d7615b723a2fb993e2fa7f566476f6120403033038ff2,gx-no-cache=1484246107402 HTTP/1.1" 200 30
192.168.10.108 - - [12/Jan/2017:15:33:57 -0300] "POST /cormun/servlet/solicitudotcontratos?e8e2db0b4ed76cc4490523e868af9b3f,INS,2017,0,19020616,5,2,2016,4565,LEY+SEP,201612,30,*,,gx-no-cache=1484246107428 HTTP/1.1" 200 93
192.168.10.108 - - [12/Jan/2017:15:33:57 -0300] "GET /cormun/servlet/hpexe_return? HTTP/1.1" 200 1074
192.168.10.108 - - [12/Jan/2017:15:33:58 -0300] "GET /cormun/servlet/trcontratosolicitud?gx-no-cache=1484246019997 HTTP/1.1" 200 6450
192.168.10.108 - - [12/Jan/2017:15:33:58 -0300] "GET /cormun/servlet/trcontratosolicitud?gx-no-cache=1484246019997 HTTP/1.1" 200 6467
192.168.10.89 - - [12/Jan/2017:15:33:59 -0300] "POST /cormun/servlet/solicitudgral?gx-no-cache=1484249343916 HTTP/1.1" 200 3189
192.168.10.89 - - [12/Jan/2017:15:33:59 -0300] "GET /cormun/servlet/solicitudgral?4b2c5864727e54db428c007bf0f935625bf72a1123698e80f7521f96cc4230122b9ea7e1b572b41e0b122bf58bcff426119ae788bb797dc0073e4740dcd15989ce4413610464d654519db35be7b29862a885f183d8de25d0ec453ab36081e5cb32792e7a2692cbc1290df0fb3f8f356cf9156e1abcc36962c05a73c80276fc34673011ba5a216159f08e2fda1bcc28d8e3c66813ed8c7f765ee219765a126337e6b6fdb6b8329ca4e49d9c1ad9232a441d62ff416a3396e8ad50a5e4d04aff01ccff5232870872b1de12752ee3888c8b61213ad1e1b47eaec4e7f3b0651e3172872f6857dc48dfc063692aa0598807af37999f384657b1a4943ad09d06591db87e24056953b09454cb4c2068f0933d00c9e68cfcd059a8cc5362b758977d70384b8a3a6560e06ff79d46a3c9719281cd61959c1e7f92a3c32b6b01d6971b5bd6c8be1448d4eac2321ea482ce195ba5f6,gx-no-cache=1484249344724 HTTP/1.1" 200 257
192.168.10.89 - - [12/Jan/2017:15:34:02 -0300] "GET /cormun/servlet/solicitudgral?4b2c5864727e54db428c007bf0f93562716a5b5f3dcd8dc38398ef83525fd4ed30c566bad22e8c0807341f6deac2aa4a41a92c28dddb36aee04cf7b0139e132448b315b928dabd71fe4b15d0d5eeae0f5f66687ebe369bc78616b441ca647fad73f008c4061243f888d5499565bc240af2e95f0c1f91b25a8c17539aff6f8a55c5a880a9b9e6e48decac20bd503806d601ad7c379b41b390a038ba33e164af52f934da59416114ee65b450ca16d7600c1a5ec86253937aa52f407ffe4e6be72c50f9a0957e8c78edf055c7a1dd8bb48c6577a605c7f4e62da56e6e61988ec435e5f901a3bff5b4eb56949d23d6a800d4caa2cc6acc5ca60d2e2d7b57bc4b0577a5706021f8ef56465b9922cdb4b086ac94f03f4dba2666bdfa816b639a571bc1035262a02ee2ba100ad0a631d1f0151625f286684a2e19e72ddc4e09abfc24d538613434167edd78e7d1af3c871159ed0a59f82dae6f4d91f6248486aff2352ee50cac94a4701d545d12880b874281ec09b0405100ce3d0e051cb51c50af8f27b5bced984cefb4c4816f66265246e33c352ffba41d8f49a901b49d1309252e72c148e2a2996e0464b5bc51c3674956a8fa584ff7e10bfd15609d1844ab0ecf3aa2f2ba440132df9f8111ec5dc7931adc5bde59868f78723ec843bdad1cf7eb4fd0481b17d7df355133f13056b312278ff097a8771762442791c0c9a78775b9c8479ffea8e42a12b7cbe9a744fd663651c81046120bf192bf832da1d8b9fd35b3c6aeff61fb1b2c2a9f58f2778838f865,gx-no-cache=1484249347602 HTTP/1.1" 200 48
192.168.10.89 - - [12/Jan/2017:15:34:04 -0300] "POST /cormun/servlet/solicitudgral?bfc9e969caf0c5cd3cb5014224877e1f,UPD,2017,3661,,gx-no-cache=1484249350266 HTTP/1.1" 200 10513
192.168.10.108 - - [12/Jan/2017:15:34:09 -0300] "POST /cormun/servlet/trcontratosolicitud?e8e2db0b4ed76cc4490523e868af9b3f,gx-no-cache=1484246019997,gx-no-cache=1484246118643 HTTP/1.1" 200 4754
192.168.10.104 - - [12/Jan/2017:15:34:11 -0300] "POST /cormun/servlet/hlogin?395b141d0f6da8fdfeb9120a1f55d336,gx-no-cache=1484246128352 HTTP/1.1" 200 90
192.168.10.104 - - [12/Jan/2017:15:34:11 -0300] "GET /cormun/servlet/hpexe_link HTTP/1.1" 200 980
192.168.10.104 - - [12/Jan/2017:15:34:12 -0300] "GET /cormun/static/gxcfg.js?201612218515529 HTTP/1.1" 304 -
192.168.10.104 - - [12/Jan/2017:15:34:12 -0300] "GET /cormun/servlet/trcontratosolicitud?gx-no-cache=1483643439261 HTTP/1.1" 200 11682
192.168.10.104 - - [12/Jan/2017:15:34:13 -0300] "GET /cormun/servlet/trcontratosolicitud?gx-no-cache=1483643439261 HTTP/1.1" 200 11700
192.168.10.108 - - [12/Jan/2017:15:34:13 -0300] "GET /cormun/servlet/solicitudotcontratos?INS,2017,0,11983436,8,2,2016,2859,LEY+SEP,201612,30,*, HTTP/1.1" 200 9538
192.168.10.108 - - [12/Jan/2017:15:34:13 -0300] "GET /cormun/servlet/solicitudotcontratos?INS,2017,0,11983436,8,2,2016,2859,LEY+SEP,201612,30,*, HTTP/1.1" 200 9553
192.168.10.104 - - [12/Jan/2017:15:34:14 -0300] "POST /cormun/servlet/acontrolpreferencessavestate?None,WPE%C3%91A,true HTTP/1.1" 200 35
192.168.10.108 - - [12/Jan/2017:15:34:14 -0300] "GET /cormun/servlet/solicitudotcontratos?fd1127174a7cec5d27d7598dc595ec98da0ffb21218dc98840de790392b13a62323e13ba30b05ee4f511b210f57e0361,gx-no-cache=1484246123900 HTTP/1.1" 200 30
192.168.10.108 - - [12/Jan/2017:15:34:14 -0300] "GET /cormun/servlet/solicitudotcontratos?fd1127174a7cec5d27d7598dc595ec9809b2572cca296de8f964c0e4fcbc9ba4678846fe4fdc3e660321d4e73cbc29431bb8cf72093175b7b89854cbc80ebe2876a29d8ad6216a48ecd5a123f046a613995cbc788cd1747384ef4cccd6e6f6d1ee9898a01e6c25f81a0b17a911e938d17f6ea15c573cd310e6ebed0b3d48a34a,gx-no-cache=1484246123941 HTTP/1.1" 200 48
192.168.10.108 - - [12/Jan/2017:15:34:14 -0300] "GET /cormun/servlet/solicitudotcontratos?fd1127174a7cec5d27d7598dc595ec980b3209ea3c5d7ceb8306dd43c64b60cd7084f8923387a3774331f7302a30fba1,gx-no-cache=1484246123972 HTTP/1.1" 200 30
192.168.10.108 - - [12/Jan/2017:15:34:14 -0300] "GET /cormun/servlet/solicitudotcontratos?fd1127174a7cec5d27d7598dc595ec9849a401579cd2565c745f15b2c22f323b20e76860459a6f7f8fe9df3d36a3d1e326f2c7ea9c6419e5b22d07ff888d4fde290f6d951ecadfb3c2484780dc492e78e4fdc75726cd22fd6592830924e527df1de152344c77a5eaefd7c6605080ff04,gx-no-cache=1484246123997 HTTP/1.1" 200 30
192.168.10.108 - - [12/Jan/2017:15:34:14 -0300] "GET /cormun/servlet/solicitudotcontratos?fd1127174a7cec5d27d7598dc595ec980a71b9aac731360468142acd91f0028743a0c935445d8a663c72c391a56055aeae915e2583494d950343205afb9c56b426f2c7ea9c6419e5b22d07ff888d4fde113e7e15e13efe269f78c93af9d5c57312c0f94cfde76251c9595a14b034dc0e040d27da3ce6020ce4a4b5238c650c0477d0dfd3f43662a9c99e6a1aa386335091d89414e49edcfd4fdb0842be74b091ae915e2583494d950343205afb9c56b48f524fc9880cf88cfeec0a7db28829e32a3eccb6d10aa41ae809a36bd6d156392c57b35cd5edf22b3701da0081dbba8b695c5b85e4f934df365ef1d6e60a7dc83d8ede4a5e54e661fc15a3490f2c501b1b4565b1cfd473a6bd41bd507f3970d6fe16ad958d7e77fd3b68dc2a9e3b2b88c9ec250910b71fa5934f5832b9ea3de1db06a488f4ec7cebbcc494cdac98174eb0620e361e57f6589ed13f25a15c7917818c5a54550cae5785e9815524efd03cf2c27793af159033c4436fcba25f61f59de858343c1409d183a2cfd659e306ec7089e5ee8ec469b60a9b5077569fe5d0b77accf8c63431d56f1fc92ae791b7e4c7ead9e1369c9bb9ac1cac334dc9ca7677b3c378e6dd42e8becb0e762f2017a07fd4328d89fb0e53c874f80f58f23665bc88619edc5052931d570271ec2af579db032d7df82182dd46a397f9eb1e848b1b15186b9e66afd0bdb7ac06b7167c682c331e33eec530eaa061edde182fdb1673aa0fd151927d59c039f6b02d5532156e3e1d6c5e4bc29db8b17c249bec15970cd87b08daabc37160ab17c0d63b421b,gx-no-cache=1484246124029 HTTP/1.1" 200 79
192.168.10.89 - - [12/Jan/2017:15:34:15 -0300] "GET /cormun/servlet/solicitudgral?4b2c5864727e54db428c007bf0f935623d2732a66d9d1cb93ddc922b1ae5a4e6fac5598e5538289ffbe3ca7b28de4b1c209d8c02f27ff88a92a539e4925f5abf9a785d244e3a0c73a2a159b234d04889882f5e09ba352284ab4ba6df6e150fdd5b45a0c45ae4daa1c845931db57345368f781be1fbbaf4d0a8c330bd6e5b455d90d207827ea9ce7114be7f51cac5e39eeafda66dba3c37e630c0eb1602dce126,gx-no-cache=1484249360509 HTTP/1.1" 200 29
192.168.10.89 - - [12/Jan/2017:15:34:15 -0300] "POST /cormun/servlet/solicitudgral?gx-no-cache=1484249360542 HTTP/1.1" 200 1235
192.168.10.89 - - [12/Jan/2017:15:34:15 -0300] "POST /cormun/servlet/solicitudgral?gx-no-cache=1484249360584 HTTP/1.1" 200 1141
192.168.10.89 - - [12/Jan/2017:15:34:15 -0300] "POST /cormun/servlet/solicitudgral?bfc9e969caf0c5cd3cb5014224877e1f,UPD,2017,3661,,gx-no-cache=1484249360626 HTTP/1.1" 200 93
192.168.10.89 - - [12/Jan/2017:15:34:15 -0300] "GET /cormun/servlet/hpexe_return? HTTP/1.1" 200 1015
192.168.10.89 - - [12/Jan/2017:15:34:16 -0300] "GET /cormun/servlet/trsolicitudgral? HTTP/1.1" 200 9600
192.168.10.108 - - [12/Jan/2017:15:34:17 -0300] "POST /cormun/servlet/solicitudotcontratos?e8e2db0b4ed76cc4490523e868af9b3f,INS,2017,0,11983436,8,2,2016,2859,LEY+SEP,201612,30,*,,gx-no-cache=1484246126697 HTTP/1.1" 200 10373
192.168.10.108 - - [12/Jan/2017:15:34:17 -0300] "POST /cormun/servlet/solicitudotcontratos?gx-no-cache=1484246126951 HTTP/1.1" 200 1263
192.168.10.108 - - [12/Jan/2017:15:34:17 -0300] "POST /cormun/servlet/solicitudotcontratos?gx-no-cache=1484246127005 HTTP/1.1" 200 1139
192.168.10.108 - - [12/Jan/2017:15:34:17 -0300] "GET /cormun/servlet/solicitudotcontratos?fd1127174a7cec5d27d7598dc595ec9803155db16791bd8d2e4496207dca105182e59ad249a56ca690caf24401a42acd184ef2495bab48bdb177196c0fc3eaaf154d34c152dc2a5573945c435c084c17279225c4499adbbf93027e422af78b5062afa3286d6cb045c13d7615b723a2fb993e2fa7f566476f6120403033038ff2,gx-no-cache=1484246127049 HTTP/1.1" 200 30
192.168.10.108 - - [12/Jan/2017:15:34:17 -0300] "POST /cormun/servlet/solicitudotcontratos?e8e2db0b4ed76cc4490523e868af9b3f,INS,2017,0,11983436,8,2,2016,2859,LEY+SEP,201612,30,*,,gx-no-cache=1484246127073 HTTP/1.1" 200 93
192.168.10.108 - - [12/Jan/2017:15:34:17 -0300] "GET /cormun/servlet/hpexe_return? HTTP/1.1" 200 1074
192.168.10.108 - - [12/Jan/2017:15:34:17 -0300] "GET /cormun/servlet/trcontratosolicitud?gx-no-cache=1484246019997 HTTP/1.1" 200 6451
192.168.10.108 - - [12/Jan/2017:15:34:18 -0300] "GET /cormun/servlet/trcontratosolicitud?gx-no-cache=1484246019997 HTTP/1.1" 200 6468
192.168.10.89 - - [12/Jan/2017:15:34:22 -0300] "POST /cormun/servlet/trsolicitudgral?bfc9e969caf0c5cd3cb5014224877e1f,,gx-no-cache=1484249368257 HTTP/1.1" 200 5454
192.168.10.89 - - [12/Jan/2017:15:34:23 -0300] "POST /cormun/servlet/trsolicitudgral?bfc9e969caf0c5cd3cb5014224877e1f,,gx-no-cache=1484249368599 HTTP/1.1" 200 5226
192.168.10.89 - - [12/Jan/2017:15:34:23 -0300] "GET /cormun/static/Shared/jqueryui/images/ui-bg_highlight-soft_100_c6c2c8_1x100.png HTTP/1.1" 404 1117
192.168.10.89 - - [12/Jan/2017:15:34:23 -0300] "GET /cormun/static/Shared/jqueryui/images/ui-icons_82798d_256x240.png HTTP/1.1" 404 1089
192.168.10.89 - - [12/Jan/2017:15:34:23 -0300] "GET /cormun/static/Shared/jqueryui/images/ui-icons_8d78a5_256x240.png HTTP/1.1" 404 1089
192.168.10.89 - - [12/Jan/2017:15:34:23 -0300] "GET /cormun/static/Shared/jqueryui/images/ui-bg_flat_55_fafafa_40x100.png HTTP/1.1" 404 1097
192.168.10.104 - - [12/Jan/2017:15:34:25 -0300] "GET /cormun/servlet/trcontratosolicitud? HTTP/1.1" 200 11705
192.168.10.104 - - [12/Jan/2017:15:34:26 -0300] "GET /cormun/servlet/trcontratosolicitud? HTTP/1.1" 200 11683
192.168.10.108 - - [12/Jan/2017:15:34:28 -0300] "POST /cormun/servlet/trcontratosolicitud?e8e2db0b4ed76cc4490523e868af9b3f,gx-no-cache=1484246019997,gx-no-cache=1484246138179 HTTP/1.1" 200 4763
192.168.10.108 - - [12/Jan/2017:15:34:32 -0300] "GET /cormun/servlet/solicitudotcontratos?INS,2017,0,17877099,3,2,2015,4093,LEY+SEP,201612,30,*, HTTP/1.1" 200 9538
192.168.10.108 - - [12/Jan/2017:15:34:33 -0300] "GET /cormun/servlet/solicitudotcontratos?INS,2017,0,17877099,3,2,2015,4093,LEY+SEP,201612,30,*, HTTP/1.1" 200 9552
192.168.10.108 - - [12/Jan/2017:15:34:33 -0300] "GET /cormun/servlet/solicitudotcontratos?fd1127174a7cec5d27d7598dc595ec986c69198c2ce5771728c69c54241f302b323e13ba30b05ee4f511b210f57e0361,gx-no-cache=1484246143318 HTTP/1.1" 200 30
192.168.10.108 - - [12/Jan/2017:15:34:33 -0300] "GET /cormun/servlet/solicitudotcontratos?fd1127174a7cec5d27d7598dc595ec9809b2572cca296de8f964c0e4fcbc9ba4678846fe4fdc3e660321d4e73cbc29431bb8cf72093175b7b89854cbc80ebe2876a29d8ad6216a48ecd5a123f046a613995cbc788cd1747384ef4cccd6e6f6d1ee9898a01e6c25f81a0b17a911e938d17f6ea15c573cd310e6ebed0b3d48a34a,gx-no-cache=1484246143345 HTTP/1.1" 200 48
192.168.10.108 - - [12/Jan/2017:15:34:33 -0300] "GET /cormun/servlet/solicitudotcontratos?fd1127174a7cec5d27d7598dc595ec98cc08b59327955e30f8f2452c1260bcf3008cb35937c1effc1f2555b8452ea9d4,gx-no-cache=1484246143371 HTTP/1.1" 200 30
192.168.10.108 - - [12/Jan/2017:15:34:33 -0300] "GET /cormun/servlet/solicitudotcontratos?fd1127174a7cec5d27d7598dc595ec9849a401579cd2565c745f15b2c22f323b20e76860459a6f7f8fe9df3d36a3d1e326f2c7ea9c6419e5b22d07ff888d4fde290f6d951ecadfb3c2484780dc492e78e4fdc75726cd22fd6592830924e527df1de152344c77a5eaefd7c6605080ff04,gx-no-cache=1484246143397 HTTP/1.1" 200 30
192.168.10.108 - - [12/Jan/2017:15:34:33 -0300] "GET /cormun/servlet/solicitudotcontratos?fd1127174a7cec5d27d7598dc595ec980a71b9aac731360468142acd91f0028743a0c935445d8a663c72c391a56055aeae915e2583494d950343205afb9c56b426f2c7ea9c6419e5b22d07ff888d4fde113e7e15e13efe269f78c93af9d5c57312c0f94cfde76251c9595a14b034dc0e040d27da3ce6020ce4a4b5238c650c0477d0dfd3f43662a9c99e6a1aa386335091d89414e49edcfd4fdb0842be74b091ae915e2583494d950343205afb9c56b48f524fc9880cf88cfeec0a7db28829e32a3eccb6d10aa41ae809a36bd6d156392c57b35cd5edf22b3701da0081dbba8b695c5b85e4f934df365ef1d6e60a7dc83d8ede4a5e54e661fc15a3490f2c501b1b4565b1cfd473a6bd41bd507f3970d6fe16ad958d7e77fd3b68dc2a9e3b2b88c9ec250910b71fa5934f5832b9ea3de1db06a488f4ec7cebbcc494cdac98174eb0620e361e57f6589ed13f25a15c7917818c5a54550cae5785e9815524efd03cf2c27793af159033c4436fcba25f61f59de858343c1409d183a2cfd659e306ec7089e5ee8ec469b60a9b5077569fe5d0b77accf8c63431d56f1fc92ae791b7e4c7ead9e1369c9bb9ac1cac334dc9ca7677b3c378e6dd42e8becb0e762f2017a07fd4328d89fb0e53c874f80f58f23665bc88619edc5052931d570271ec2af579db032d7df82182dd46a397f9eb1e848b1b15186b9e66afd0bdb7ac06b7167c682c331e33eec530eaa061edde182fdb1673aa0fd151927d59c039f6b02d5532156e3e1d6c5e4bc29db8b17c249bec15970cd87b08daabc37160ab17c0d63b421b,gx-no-cache=1484246143430 HTTP/1.1" 200 79
192.168.10.89 - - [12/Jan/2017:15:34:35 -0300] "POST /cormun/servlet/trsolicitudgral?bfc9e969caf0c5cd3cb5014224877e1f,,gx-no-cache=1484249381156 HTTP/1.1" 200 6475
192.168.10.108 - - [12/Jan/2017:15:34:37 -0300] "POST /cormun/servlet/solicitudotcontratos?e8e2db0b4ed76cc4490523e868af9b3f,INS,2017,0,17877099,3,2,2015,4093,LEY+SEP,201612,30,*,,gx-no-cache=1484246146751 HTTP/1.1" 200 10383
192.168.10.108 - - [12/Jan/2017:15:34:37 -0300] "POST /cormun/servlet/solicitudotcontratos?gx-no-cache=1484246147006 HTTP/1.1" 200 1263
192.168.10.108 - - [12/Jan/2017:15:34:37 -0300] "POST /cormun/servlet/solicitudotcontratos?gx-no-cache=1484246147047 HTTP/1.1" 200 1139
192.168.10.108 - - [12/Jan/2017:15:34:37 -0300] "GET /cormun/servlet/solicitudotcontratos?fd1127174a7cec5d27d7598dc595ec9803155db16791bd8d2e4496207dca105182e59ad249a56ca690caf24401a42acd184ef2495bab48bdb177196c0fc3eaaf154d34c152dc2a5573945c435c084c17279225c4499adbbf93027e422af78b5062afa3286d6cb045c13d7615b723a2fb993e2fa7f566476f6120403033038ff2,gx-no-cache=1484246147143 HTTP/1.1" 200 30
192.168.10.108 - - [12/Jan/2017:15:34:37 -0300] "POST /cormun/servlet/solicitudotcontratos?e8e2db0b4ed76cc4490523e868af9b3f,INS,2017,0,17877099,3,2,2015,4093,LEY+SEP,201612,30,*,,gx-no-cache=1484246147238 HTTP/1.1" 200 93
192.168.10.108 - - [12/Jan/2017:15:34:37 -0300] "GET /cormun/servlet/hpexe_return? HTTP/1.1" 200 1075
192.168.10.108 - - [12/Jan/2017:15:34:38 -0300] "GET /cormun/servlet/trcontratosolicitud?gx-no-cache=1484246019997 HTTP/1.1" 200 6451
192.168.10.108 - - [12/Jan/2017:15:34:39 -0300] "GET /cormun/servlet/trcontratosolicitud?gx-no-cache=1484246019997 HTTP/1.1" 200 6468
192.168.10.89 - - [12/Jan/2017:15:34:42 -0300] "GET /cormun/servlet/solicitudgral?UPD,2017,3642, HTTP/1.1" 200 12140
192.168.10.89 - - [12/Jan/2017:15:34:44 -0300] "POST /cormun/servlet/solicitudgral?gx-no-cache=1484249389374 HTTP/1.1" 200 3182
192.168.10.89 - - [12/Jan/2017:15:34:44 -0300] "GET /cormun/servlet/solicitudgral?4b2c5864727e54db428c007bf0f935625bf72a1123698e80f7521f96cc4230122b9ea7e1b572b41e0b122bf58bcff426119ae788bb797dc0073e4740dcd15989ce4413610464d654519db35be7b29862a885f183d8de25d0ec453ab36081e5cb32792e7a2692cbc1290df0fb3f8f356cf9156e1abcc36962c05a73c80276fc34673011ba5a216159f08e2fda1bcc28d8e3c66813ed8c7f765ee219765a126337e6b6fdb6b8329ca4e49d9c1ad9232a441d62ff416a3396e8ad50a5e4d04aff01ccff5232870872b1de12752ee3888c8b61213ad1e1b47eaec4e7f3b0651e3172872f6857dc48dfc063692aa0598807af37999f384657b1a4943ad09d06591db87e24056953b09454cb4c2068f0933d00c9e68cfcd059a8cc5362b758977d70384b8a3a6560e06ff79d46a3c9719281cd61959c1e7f92a3c32b6b01d6971b5bd6c8be1448d4eac2321ea482ce195ba5f6,gx-no-cache=1484249389604 HTTP/1.1" 200 257
192.168.10.89 - - [12/Jan/2017:15:34:46 -0300] "GET /cormun/servlet/solicitudgral?4b2c5864727e54db428c007bf0f93562716a5b5f3dcd8dc38398ef83525fd4ed30c566bad22e8c0807341f6deac2aa4a41a92c28dddb36aee04cf7b0139e132448b315b928dabd71fe4b15d0d5eeae0f5f66687ebe369bc78616b441ca647fad73f008c4061243f888d5499565bc240af2e95f0c1f91b25a8c17539aff6f8a55c5a880a9b9e6e48decac20bd503806d601ad7c379b41b390a038ba33e164af52f934da59416114ee65b450ca16d7600c1a5ec86253937aa52f407ffe4e6be72c50f9a0957e8c78edf055c7a1dd8bb48c6577a605c7f4e62da56e6e61988ec435e5f901a3bff5b4eb56949d23d6a800d4caa2cc6acc5ca60d2e2d7b57bc4b0577a5706021f8ef56465b9922cdb4b086ac94f03f4dba2666bdfa816b639a571bc1035262a02ee2ba100ad0a631d1f0151625f286684a2e19e72ddc4e09abfc24d538613434167edd78e7d1af3c871159ed0a59f82dae6f4d91f6248486aff2352ee50cac94a4701d545d12880b874281ec09b0405100ce3d0e051cb51c50af8f27b5bced984cefb4c4816f66265246e33c352ffba41d8f49a901b49d1309252e72c148e2a2996e0464b5bc51c3674956a8fa584ff7e10bfd15609d1844ab0ecf3aa2f2ba440132df9f8111ec5dc7931adc5bde59868f78723ec843bdad1cf7eb4fd0481b17d7df355133f13056b312278ff097a8771762442791c0c9a78775b9c8479ffea8e42a12b7cbe9a744fd663651c81046120bf192bf832da1d8b9fd35b3c6aeff61fb1b2c2a9f58f2778838f865,gx-no-cache=1484249391666 HTTP/1.1" 200 48
192.168.10.89 - - [12/Jan/2017:15:34:48 -0300] "POST /cormun/servlet/solicitudgral?bfc9e969caf0c5cd3cb5014224877e1f,UPD,2017,3642,,gx-no-cache=1484249393615 HTTP/1.1" 200 10513
192.168.10.89 - - [12/Jan/2017:15:34:56 -0300] "GET /cormun/servlet/solicitudgral?4b2c5864727e54db428c007bf0f935623d2732a66d9d1cb93ddc922b1ae5a4e6fac5598e5538289ffbe3ca7b28de4b1c209d8c02f27ff88a92a539e4925f5abf9a785d244e3a0c73a2a159b234d04889882f5e09ba352284ab4ba6df6e150fdd5b45a0c45ae4daa1c845931db57345368f781be1fbbaf4d0a8c330bd6e5b455d90d207827ea9ce7114be7f51cac5e39eeafda66dba3c37e630c0eb1602dce126,gx-no-cache=1484249401898 HTTP/1.1" 200 29
192.168.10.89 - - [12/Jan/2017:15:34:56 -0300] "POST /cormun/servlet/solicitudgral?gx-no-cache=1484249401938 HTTP/1.1" 200 1236
192.168.10.89 - - [12/Jan/2017:15:34:56 -0300] "POST /cormun/servlet/solicitudgral?gx-no-cache=1484249401998 HTTP/1.1" 200 1141
192.168.10.89 - - [12/Jan/2017:15:34:56 -0300] "POST /cormun/servlet/solicitudgral?bfc9e969caf0c5cd3cb5014224877e1f,UPD,2017,3642,,gx-no-cache=1484249402052 HTTP/1.1" 200 93
192.168.10.89 - - [12/Jan/2017:15:34:56 -0300] "GET /cormun/servlet/hpexe_return? HTTP/1.1" 200 1016
192.168.10.89 - - [12/Jan/2017:15:34:57 -0300] "GET /cormun/servlet/trsolicitudgral? HTTP/1.1" 200 9602
192.168.10.89 - - [12/Jan/2017:15:35:00 -0300] "POST /cormun/servlet/trsolicitudgral?bfc9e969caf0c5cd3cb5014224877e1f,,gx-no-cache=1484249405339 HTTP/1.1" 200 5458
192.168.10.89 - - [12/Jan/2017:15:35:00 -0300] "POST /cormun/servlet/trsolicitudgral?bfc9e969caf0c5cd3cb5014224877e1f,,gx-no-cache=1484249405693 HTTP/1.1" 200 5227
192.168.10.89 - - [12/Jan/2017:15:35:00 -0300] "GET /cormun/static/Shared/jqueryui/images/ui-bg_highlight-soft_100_c6c2c8_1x100.png HTTP/1.1" 404 1117
192.168.10.89 - - [12/Jan/2017:15:35:00 -0300] "GET /cormun/static/Shared/jqueryui/images/ui-icons_82798d_256x240.png HTTP/1.1" 404 1089
192.168.10.89 - - [12/Jan/2017:15:35:00 -0300] "GET /cormun/static/Shared/jqueryui/images/ui-icons_8d78a5_256x240.png HTTP/1.1" 404 1089
192.168.10.89 - - [12/Jan/2017:15:35:00 -0300] "GET /cormun/static/Shared/jqueryui/images/ui-bg_flat_55_fafafa_40x100.png HTTP/1.1" 404 1097
192.168.10.108 - - [12/Jan/2017:15:35:06 -0300] "POST /cormun/servlet/trcontratosolicitud?e8e2db0b4ed76cc4490523e868af9b3f,gx-no-cache=1484246019997,gx-no-cache=1484246176433 HTTP/1.1" 200 4747
192.168.10.89 - - [12/Jan/2017:15:35:07 -0300] "POST /cormun/servlet/trsolicitudgral?bfc9e969caf0c5cd3cb5014224877e1f,,gx-no-cache=1484249412643 HTTP/1.1" 200 6472
192.168.10.108 - - [12/Jan/2017:15:35:10 -0300] "GET /cormun/servlet/solicitudotcontratos?INS,2017,0,10363308,7,2,2016,2189,NADA,201612,44,*, HTTP/1.1" 200 9536
192.168.10.108 - - [12/Jan/2017:15:35:11 -0300] "GET /cormun/servlet/solicitudotcontratos?INS,2017,0,10363308,7,2,2016,2189,NADA,201612,44,*, HTTP/1.1" 200 9547
192.168.10.108 - - [12/Jan/2017:15:35:12 -0300] "GET /cormun/servlet/solicitudotcontratos?fd1127174a7cec5d27d7598dc595ec9878820cbc1d4f20e041faa24d981ea737323e13ba30b05ee4f511b210f57e0361,gx-no-cache=1484246181763 HTTP/1.1" 200 30
192.168.10.108 - - [12/Jan/2017:15:35:12 -0300] "GET /cormun/servlet/solicitudotcontratos?fd1127174a7cec5d27d7598dc595ec9809b2572cca296de8f964c0e4fcbc9ba4a42400fddb52a9fd86c94cfaa8a1767e1bb8cf72093175b7b89854cbc80ebe28e38c65f5697006f06eb635e0022b3c7c995cbc788cd1747384ef4cccd6e6f6d1ee9898a01e6c25f81a0b17a911e938d17f6ea15c573cd310e6ebed0b3d48a34a,gx-no-cache=1484246181789 HTTP/1.1" 200 48
192.168.10.108 - - [12/Jan/2017:15:35:12 -0300] "GET /cormun/servlet/solicitudotcontratos?fd1127174a7cec5d27d7598dc595ec986344359d6c7c4157712c636365843476c4b50b6e409d40e397d61fc77fdd09b7,gx-no-cache=1484246181814 HTTP/1.1" 200 30
192.168.10.108 - - [12/Jan/2017:15:35:12 -0300] "GET /cormun/servlet/solicitudotcontratos?fd1127174a7cec5d27d7598dc595ec9849a401579cd2565c745f15b2c22f323b20e76860459a6f7f8fe9df3d36a3d1e326f2c7ea9c6419e5b22d07ff888d4fde290f6d951ecadfb3c2484780dc492e78e4fdc75726cd22fd6592830924e527df1de152344c77a5eaefd7c6605080ff04,gx-no-cache=1484246181836 HTTP/1.1" 200 30
192.168.10.108 - - [12/Jan/2017:15:35:12 -0300] "GET /cormun/servlet/solicitudotcontratos?fd1127174a7cec5d27d7598dc595ec980a71b9aac731360468142acd91f0028743a0c935445d8a663c72c391a56055ae734063bda2096237329ce226a11f08f9c1de74a11008132061cc482a8602c79114b44b53039462c736f204fe80bdddb1a24362ca83f52f142a0f7cdab022edf59866924055f4de58b9f8ae55611650cb262465b6000cdcd7252b0c8f84f037011ee73f5419c5c57c1829f36230dd0c2d4355f8bb4a99fe2fa36fc0c92763f03e0275de0d2549f156db31afe7fbe5402c3eb428e0ef4efdd6a95551d819d253be7c0078560670231de54cd33614328ea3a5f8fad9dbcaa35818a58a9840ecfdd2b997e916fa102eb231ad716afbfc377ba0184c88682798ca12107264534ffd892a8365f79b59e2686771a807f30a441e67a652eea31f66f0dfdbbc41cabfafc3fe16ad958d7e77fd3b68dc2a9e3b2b886982256b132d19b1a1f9ef694b2b46b1b04b31bfe3d25885ea8703b04e470a169a5ad00ddc0b7cfd4d4dd6752f47c50be88066383f93948b2fe97b65e22542bd7548a970051de9a43e85cfa9262424bf4d51b350207634fe0d07fc77cddf7b31fe6fc16693605cf19de35c111fa347f93bcd58c836a7e24638f4acdf83c49e5dd74416aada4fbcf2f290d4834a366bc3657e869868dd43bc68822fd70bab79c06a442a01161e2c034a664973c5bc28254d51b350207634fe0d07fc77cddf7b31ea95e24cfe7f7ea6aafa68f93cb4b5d4fe66427350ad3d4796309b83738cf31e3f51ca8105919256304baf1e871834fdc270ab3ddf57cd970c7afa3354c559ef,gx-no-cache=1484246181866 HTTP/1.1" 200 72
192.168.10.108 - - [12/Jan/2017:15:35:17 -0300] "POST /cormun/servlet/solicitudotcontratos?e8e2db0b4ed76cc4490523e868af9b3f,INS,2017,0,10363308,7,2,2016,2189,NADA,201612,44,*,,gx-no-cache=1484246187454 HTTP/1.1" 200 10386
192.168.10.108 - - [12/Jan/2017:15:35:18 -0300] "POST /cormun/servlet/solicitudotcontratos?gx-no-cache=1484246187734 HTTP/1.1" 200 1262
192.168.10.108 - - [12/Jan/2017:15:35:18 -0300] "POST /cormun/servlet/solicitudotcontratos?gx-no-cache=1484246187773 HTTP/1.1" 200 1139
192.168.10.89 - - [12/Jan/2017:15:35:21 -0300] "POST /cormun/servlet/trsolicitudgral?bfc9e969caf0c5cd3cb5014224877e1f,,gx-no-cache=1484249426719 HTTP/1.1" 200 5456
192.168.10.89 - - [12/Jan/2017:15:35:21 -0300] "POST /cormun/servlet/trsolicitudgral?bfc9e969caf0c5cd3cb5014224877e1f,,gx-no-cache=1484249427178 HTTP/1.1" 200 5227
192.168.10.104 - - [12/Jan/2017:15:35:22 -0300] "GET /cormun/servlet/trsolicitudot? HTTP/1.1" 200 6897
192.168.10.104 - - [12/Jan/2017:15:35:22 -0300] "GET /cormun/static/gxcfg.js?201711111592844 HTTP/1.1" 304 -
192.168.10.104 - - [12/Jan/2017:15:35:22 -0300] "GET /cormun/static/trsolicitudot.js?201711111593735 HTTP/1.1" 304 -
192.168.10.104 - - [12/Jan/2017:15:35:22 -0300] "GET /cormun/servlet/trsolicitudot? HTTP/1.1" 200 6897
192.168.10.104 - - [12/Jan/2017:15:35:26 -0300] "GET /cormun/servlet/solicitudot?INS,0,0, HTTP/1.1" 200 12741
192.168.10.104 - - [12/Jan/2017:15:35:26 -0300] "GET /cormun/static/gxcfg.js?201711112293351 HTTP/1.1" 304 -
192.168.10.104 - - [12/Jan/2017:15:35:26 -0300] "GET /cormun/static/solicitudot.js?201711112293529 HTTP/1.1" 304 -
192.168.10.104 - - [12/Jan/2017:15:35:27 -0300] "GET /cormun/servlet/solicitudot?INS,0,0, HTTP/1.1" 200 12746
192.168.10.89 - - [12/Jan/2017:15:35:30 -0300] "POST /cormun/servlet/trsolicitudgral?bfc9e969caf0c5cd3cb5014224877e1f,,gx-no-cache=1484249435836 HTTP/1.1" 200 6483
192.168.10.89 - - [12/Jan/2017:15:35:45 -0300] "POST /cormun/servlet/trsolicitudgral?bfc9e969caf0c5cd3cb5014224877e1f,,gx-no-cache=1484249451268 HTTP/1.1" 200 5465
192.168.10.89 - - [12/Jan/2017:15:35:46 -0300] "POST /cormun/servlet/trsolicitudgral?bfc9e969caf0c5cd3cb5014224877e1f,,gx-no-cache=1484249451875 HTTP/1.1" 200 5227
192.168.10.108 - - [12/Jan/2017:15:35:48 -0300] "GET /cormun/servlet/solicitudotcontratos?fd1127174a7cec5d27d7598dc595ec9803155db16791bd8d2e4496207dca105182e59ad249a56ca690caf24401a42acd184ef2495bab48bdb177196c0fc3eaaf154d34c152dc2a5573945c435c084c17279225c4499adbbf93027e422af78b5062afa3286d6cb045c13d7615b723a2fb993e2fa7f566476f6120403033038ff2,gx-no-cache=1484246218458 HTTP/1.1" 200 30
192.168.10.108 - - [12/Jan/2017:15:35:48 -0300] "POST /cormun/servlet/solicitudotcontratos?e8e2db0b4ed76cc4490523e868af9b3f,INS,2017,0,10363308,7,2,2016,2189,NADA,201612,44,*,,gx-no-cache=1484246218498 HTTP/1.1" 200 93
192.168.10.108 - - [12/Jan/2017:15:35:49 -0300] "GET /cormun/servlet/hpexe_return? HTTP/1.1" 200 1069
192.168.10.104 - - [12/Jan/2017:15:35:49 -0300] "POST /cormun/servlet/solicitudot?gx-no-cache=1484246225476 HTTP/1.1" 200 3163
192.168.10.108 - - [12/Jan/2017:15:35:49 -0300] "GET /cormun/servlet/trcontratosolicitud?gx-no-cache=1484246019997 HTTP/1.1" 200 6452
192.168.10.104 - - [12/Jan/2017:15:35:49 -0300] "POST /cormun/servlet/solicitudot?395b141d0f6da8fdfeb9120a1f55d336,INS,0,0,,gx-no-cache=1484246225654 HTTP/1.1" 200 9942
192.168.10.108 - - [12/Jan/2017:15:35:49 -0300] "GET /cormun/servlet/trcontratosolicitud?gx-no-cache=1484246019997 HTTP/1.1" 200 6469
192.168.10.104 - - [12/Jan/2017:15:35:58 -0300] "GET /cormun/servlet/solicitudot?2afd4a9863ad72e2e0580782e75f772250a0cd568676e574844c99d2cfa3362d940f1e226129ad788e9ac1781ee04df5,gx-no-cache=1484246234889 HTTP/1.1" 200 30
192.168.10.104 - - [12/Jan/2017:15:35:58 -0300] "POST /cormun/servlet/solicitudot?gx-no-cache=1484246234955 HTTP/1.1" 200 297
192.168.10.104 - - [12/Jan/2017:15:35:58 -0300] "GET /cormun/servlet/solicitudot?2afd4a9863ad72e2e0580782e75f77220a325d69c9073b1bd4f2f9c2d51c83fd95ace747b17702d808fa157b7a4d5fd3a531cf7071136c4ddfe4e86857d335418ec18e94cc521508b66638c7ee110ec368e3f1f3a5a96e792bf3d9fe854281d55ddb3c64659c701a04ed601ce7f66d6801833d54ad4e8ff3e34c276ac22d78e95126d758c2ee2349408c9d59938651c455c621f7d8c8a519c05b9e7433a6aeb0f69cf055b2241d1e3cea1ebc8e8d941acf540dd2fde91bc577bbe2c1b111e33ec2bc12b619affd00cb6961619387d763c67917d0fcca893d0655c19c3e98919acbc91ea52643cdc946f116f33440662c306f2c8fd7d4343205ab08529cde11d38cb279efc9af30f453cddc234e69213ccd969b27db31b9fe1b0589d5b8655da1c5ba8ccf559eff629794ff3d77b735e3f2c047a6313e0155ec11c4d083fcb774548aecd247c3a844ab052a7a32da1e0e37709030f366c4379de07bc446fdc80595bbdeb819fece12b753b504ba0afa8d59d7641eaa4da0ac0ab3d54e722d932dfad13b757713a6da7e434e9ec907a4c9,gx-no-cache=1484246235050 HTTP/1.1" 200 30
192.168.10.104 - - [12/Jan/2017:15:36:02 -0300] "POST /cormun/servlet/solicitudot?gx-no-cache=1484246239168 HTTP/1.1" 200 30
192.168.10.104 - - [12/Jan/2017:15:36:09 -0300] "GET /cormun/servlet/prcontratosol?15524420,,,,,MD,,gxPopupLevel%3D0%3B HTTP/1.1" 200 5936
192.168.10.104 - - [12/Jan/2017:15:36:09 -0300] "GET /cormun/static/gxcfg.js?2016102711553248 HTTP/1.1" 304 -
192.168.10.104 - - [12/Jan/2017:15:36:13 -0300] "POST /cormun/servlet/solicitudot?gx-no-cache=1484246249953 HTTP/1.1" 200 1277
192.168.10.104 - - [12/Jan/2017:15:36:13 -0300] "POST /cormun/servlet/solicitudot?gx-no-cache=1484246250072 HTTP/1.1" 200 38
192.168.10.104 - - [12/Jan/2017:15:36:13 -0300] "GET /cormun/servlet/solicitudot?2afd4a9863ad72e2e0580782e75f7722e1e4ae5084d10d4bc0c6942bf8dab5c6e629bf81fc4f53ccde5741ac7d3b82d3f59e05c078b68d3dc6751d3b119a42dd1ac18b51313183b1731b45577042c873d8f70aa1695636df3fd04beb50165b61d9567c513759d8454b1c81cfe29b41ca,gx-no-cache=1484246250159 HTTP/1.1" 200 29
192.168.10.104 - - [12/Jan/2017:15:36:13 -0300] "POST /cormun/servlet/solicitudot?gx-no-cache=1484246250183 HTTP/1.1" 200 1260
192.168.10.104 - - [12/Jan/2017:15:36:13 -0300] "POST /cormun/servlet/solicitudot?gx-no-cache=1484246250244 HTTP/1.1" 200 1143
192.168.10.108 - - [12/Jan/2017:15:36:17 -0300] "GET /cormun/servlet/trcontratosolicitud? HTTP/1.1" 200 6469
192.168.10.108 - - [12/Jan/2017:15:36:18 -0300] "GET /cormun/servlet/trcontratosolicitud? HTTP/1.1" 200 6448
192.168.10.104 - - [12/Jan/2017:15:36:34 -0300] "POST /cormun/servlet/solicitudot?gx-no-cache=1484246271172 HTTP/1.1" 200 1277
192.168.10.104 - - [12/Jan/2017:15:36:34 -0300] "POST /cormun/servlet/solicitudot?gx-no-cache=1484246271236 HTTP/1.1" 200 41
192.168.10.108 - - [12/Jan/2017:15:36:40 -0300] "GET /cormun/servlet/trcontratounov2? HTTP/1.1" 200 16698
192.168.10.108 - - [12/Jan/2017:15:36:40 -0300] "GET /cormun/static/gxcfg.js?201612281114880 HTTP/1.1" 200 953
192.168.10.108 - - [12/Jan/2017:15:36:40 -0300] "GET /cormun/static/trcontratounov2.js?2016122811141421 HTTP/1.1" 200 38423
192.168.10.108 - - [12/Jan/2017:15:36:40 -0300] "GET /cormun/static/Resources/PXToolsAddSelectedAction.png HTTP/1.1" 200 3660
192.168.10.108 - - [12/Jan/2017:15:36:41 -0300] "GET /cormun/servlet/trcontratounov2? HTTP/1.1" 200 16698
192.168.10.108 - - [12/Jan/2017:15:36:42 -0300] "POST /cormun/servlet/acontrolpreferencessavestate?None,JCORNEJO,true HTTP/1.1" 200 35
192.168.10.104 - - [12/Jan/2017:15:36:49 -0300] "POST /cormun/servlet/solicitudot?gx-no-cache=1484246286183 HTTP/1.1" 200 1260
192.168.10.104 - - [12/Jan/2017:15:36:53 -0300] "POST /cormun/servlet/solicitudot?gx-no-cache=1484246289644 HTTP/1.1" 200 1143
192.168.10.89 - - [12/Jan/2017:15:36:57 -0300] "POST /cormun/servlet/trsolicitudgral?bfc9e969caf0c5cd3cb5014224877e1f,,gx-no-cache=1484249522396 HTTP/1.1" 200 6470
192.168.10.89 - - [12/Jan/2017:15:37:02 -0300] "POST /cormun/servlet/trsolicitudgral?bfc9e969caf0c5cd3cb5014224877e1f,,gx-no-cache=1484249528134 HTTP/1.1" 200 115
192.168.10.89 - - [12/Jan/2017:15:37:02 -0300] "GET /cormun/servlet/solicitudotlog?INS,2016,3046,0,REC, HTTP/1.1" 200 6118
192.168.10.89 - - [12/Jan/2017:15:37:02 -0300] "GET /cormun/static/gxcfg.js?201612218471193 HTTP/1.1" 304 -
192.168.10.89 - - [12/Jan/2017:15:37:03 -0300] "GET /cormun/static/solicitudotlog.js?20161221847122 HTTP/1.1" 304 -
192.168.10.89 - - [12/Jan/2017:15:37:04 -0300] "GET /cormun/servlet/solicitudotlog?4b2c5864727e54db428c007bf0f935624bb2a5cf91481170a2d39ee894a9d031d899ad9f0cd7137c30be17e1025a302838b7693481cab4be35a8b8b9feabf76ead99d56135308fb84b64bce7e118c78498a364c661f9220078cfdf8faee0daa83846b211d0ba41733f8710776c502c7aef60cda26af93cfd0a5cc78535b687b97aba25f49a4f909b68dcc47758517bf95279f0f36b602eb736fbac0c8cec540e,gx-no-cache=1484249529716 HTTP/1.1" 200 94
192.168.10.108 - - [12/Jan/2017:15:37:12 -0300] "POST /cormun/servlet/trcontratounov2?e8e2db0b4ed76cc4490523e868af9b3f,,gx-no-cache=1484246302545 HTTP/1.1" 200 7335
192.168.10.89 - - [12/Jan/2017:15:37:32 -0300] "POST /cormun/servlet/solicitudotlog?bfc9e969caf0c5cd3cb5014224877e1f,INS,2016,3046,0,REC,,gx-no-cache=1484249557726 HTTP/1.1" 200 93
192.168.10.89 - - [12/Jan/2017:15:37:32 -0300] "GET /cormun/servlet/hpexe_return? HTTP/1.1" 200 1024
192.168.10.89 - - [12/Jan/2017:15:37:32 -0300] "GET /cormun/static/gxcfg.js?2016101716175148 HTTP/1.1" 304 -
192.168.10.89 - - [12/Jan/2017:15:37:33 -0300] "GET /cormun/servlet/trsolicitudgral? HTTP/1.1" 200 8364
192.168.10.108 - - [12/Jan/2017:15:37:34 -0300] "POST /cormun/servlet/trcontratounov2?e8e2db0b4ed76cc4490523e868af9b3f,,gx-no-cache=1484246323811 HTTP/1.1" 200 5573
192.168.10.108 - - [12/Jan/2017:15:37:42 -0300] "GET /cormun/servlet/trcontratosolicitud? HTTP/1.1" 200 6456
192.168.10.108 - - [12/Jan/2017:15:37:43 -0300] "GET /cormun/servlet/trcontratosolicitud? HTTP/1.1" 200 6455
192.168.10.89 - - [12/Jan/2017:15:37:44 -0300] "POST /cormun/servlet/trsolicitudgral?bfc9e969caf0c5cd3cb5014224877e1f,,gx-no-cache=1484249569710 HTTP/1.1" 200 6493
192.168.10.108 - - [12/Jan/2017:15:37:50 -0300] "POST /cormun/servlet/trcontratosolicitud?e8e2db0b4ed76cc4490523e868af9b3f,,gx-no-cache=1484246340267 HTTP/1.1" 200 4933
192.168.10.108 - - [12/Jan/2017:15:37:54 -0300] "GET /cormun/servlet/solicitudotcontratos?INS,2017,0,9404476,6,6,2016,2858,LEY+SEP,201612,9,*, HTTP/1.1" 200 9524
192.168.10.108 - - [12/Jan/2017:15:37:55 -0300] "GET /cormun/servlet/solicitudotcontratos?INS,2017,0,9404476,6,6,2016,2858,LEY+SEP,201612,9,*, HTTP/1.1" 200 9556
192.168.10.108 - - [12/Jan/2017:15:37:55 -0300] "GET /cormun/servlet/solicitudotcontratos?fd1127174a7cec5d27d7598dc595ec989ee3763374b69a37620e489226f9f083ccf6978aa248da1a73fa44ba3ddd1d28,gx-no-cache=1484246345257 HTTP/1.1" 200 30
192.168.10.108 - - [12/Jan/2017:15:37:55 -0300] "GET /cormun/servlet/solicitudotcontratos?fd1127174a7cec5d27d7598dc595ec9809b2572cca296de8f964c0e4fcbc9ba4a42400fddb52a9fd86c94cfaa8a1767e1bb8cf72093175b7b89854cbc80ebe28e38c65f5697006f06eb635e0022b3c7ce4f46449471f9e4900369e3dc449308a69f131b7645cf5e71b927404cb4e2a053464a19cc24345c3a0fda4d80611165a,gx-no-cache=1484246345281 HTTP/1.1" 200 50
192.168.10.108 - - [12/Jan/2017:15:37:55 -0300] "GET /cormun/servlet/solicitudotcontratos?fd1127174a7cec5d27d7598dc595ec98d7bcb596f5c8661ed5afb9ee4cbf04f9fe14306cc3a750f88d283ca714a77cbe,gx-no-cache=1484246345306 HTTP/1.1" 200 30
192.168.10.108 - - [12/Jan/2017:15:37:55 -0300] "GET /cormun/servlet/solicitudotcontratos?fd1127174a7cec5d27d7598dc595ec9849a401579cd2565c745f15b2c22f323b20e76860459a6f7f8fe9df3d36a3d1e326f2c7ea9c6419e5b22d07ff888d4fde290f6d951ecadfb3c2484780dc492e787717088362070dfa4b9627829dc6c08e1de152344c77a5eaefd7c6605080ff04,gx-no-cache=1484246345328 HTTP/1.1" 200 30
192.168.10.108 - - [12/Jan/2017:15:37:55 -0300] "GET /cormun/servlet/solicitudotcontratos?fd1127174a7cec5d27d7598dc595ec980a71b9aac731360468142acd91f0028743a0c935445d8a663c72c391a56055aeae915e2583494d950343205afb9c56b426f2c7ea9c6419e5b22d07ff888d4fde113e7e15e13efe269f78c93af9d5c57312c0f94cfde76251c9595a14b034dc0e040d27da3ce6020ce4a4b5238c650c0477d0dfd3f43662a9c99e6a1aa386335091d89414e49edcfd4fdb0842be74b091ae915e2583494d950343205afb9c56b48f524fc9880cf88cfeec0a7db28829e32a3eccb6d10aa41ae809a36bd6d156392c57b35cd5edf22b3701da0081dbba8b695c5b85e4f934df365ef1d6e60a7dc83d8ede4a5e54e661fc15a3490f2c501b1b4565b1cfd473a6bd41bd507f3970d6fe16ad958d7e77fd3b68dc2a9e3b2b88c9ec250910b71fa5934f5832b9ea3de1db06a488f4ec7cebbcc494cdac98174eb0620e361e57f6589ed13f25a15c7917818c5a54550cae5785e9815524efd03cf2c27793af159033c4436fcba25f61f59de858343c1409d183a2cfd659e306ec7089e5ee8ec469b60a9b5077569fe5d0b77accf8c63431d56f1fc92ae791b7e4c7ead9e1369c9bb9ac1cac334dc9ca7677b3c378e6dd42e8becb0e762f2017a07fd4328d89fb0e53c874f80f58f23665bc88619edc5052931d570271ec2af579db032d7df82182dd46a397f9eb1e848b1b15186b9e66afd0bdb7ac06b7167c682c331e33eec530eaa061edde182fdb1673aa0fd151927d59c039f6b02d5532156e3e1d6c5e4bc29db8b17c249bec15970cd87b08daabc37160ab17c0d63b421b,gx-no-cache=1484246345356 HTTP/1.1" 200 79
192.168.10.108 - - [12/Jan/2017:15:38:06 -0300] "POST /cormun/servlet/solicitudotcontratos?e8e2db0b4ed76cc4490523e868af9b3f,INS,2017,0,9404476,6,6,2016,2858,LEY+SEP,201612,9,*,,gx-no-cache=1484246355832 HTTP/1.1" 200 10354
192.168.10.108 - - [12/Jan/2017:15:38:06 -0300] "POST /cormun/servlet/solicitudotcontratos?gx-no-cache=1484246356087 HTTP/1.1" 200 1264
192.168.10.108 - - [12/Jan/2017:15:38:06 -0300] "POST /cormun/servlet/solicitudotcontratos?gx-no-cache=1484246356126 HTTP/1.1" 200 1140
192.168.10.108 - - [12/Jan/2017:15:38:06 -0300] "GET /cormun/servlet/solicitudotcontratos?fd1127174a7cec5d27d7598dc595ec9803155db16791bd8d2e4496207dca105182e59ad249a56ca690caf24401a42acd184ef2495bab48bdb177196c0fc3eaaf154d34c152dc2a5573945c435c084c17279225c4499adbbf93027e422af78b5062afa3286d6cb045c13d7615b723a2fb993e2fa7f566476f6120403033038ff2,gx-no-cache=1484246356160 HTTP/1.1" 200 30
192.168.10.108 - - [12/Jan/2017:15:38:06 -0300] "POST /cormun/servlet/solicitudotcontratos?e8e2db0b4ed76cc4490523e868af9b3f,INS,2017,0,9404476,6,6,2016,2858,LEY+SEP,201612,9,*,,gx-no-cache=1484246356180 HTTP/1.1" 200 93
192.168.10.108 - - [12/Jan/2017:15:38:06 -0300] "GET /cormun/servlet/hpexe_return? HTTP/1.1" 200 1052
192.168.10.108 - - [12/Jan/2017:15:38:06 -0300] "GET /cormun/servlet/trcontratosolicitud? HTTP/1.1" 200 7172
192.168.10.108 - - [12/Jan/2017:15:38:07 -0300] "GET /cormun/servlet/trcontratosolicitud? HTTP/1.1" 200 7168
192.168.10.89 - - [12/Jan/2017:15:38:15 -0300] "POST /cormun/servlet/trsolicitudgral?bfc9e969caf0c5cd3cb5014224877e1f,,gx-no-cache=1484249600605 HTTP/1.1" 200 5457
192.168.10.89 - - [12/Jan/2017:15:38:15 -0300] "POST /cormun/servlet/trsolicitudgral?bfc9e969caf0c5cd3cb5014224877e1f,,gx-no-cache=1484249600971 HTTP/1.1" 200 5220
192.168.10.89 - - [12/Jan/2017:15:38:15 -0300] "GET /cormun/static/Shared/jqueryui/images/ui-icons_82798d_256x240.png HTTP/1.1" 404 1089
192.168.10.89 - - [12/Jan/2017:15:38:15 -0300] "GET /cormun/static/Shared/jqueryui/images/ui-bg_highlight-soft_100_c6c2c8_1x100.png HTTP/1.1" 404 1117
192.168.10.89 - - [12/Jan/2017:15:38:15 -0300] "GET /cormun/static/Shared/jqueryui/images/ui-bg_flat_55_fafafa_40x100.png HTTP/1.1" 404 1097
192.168.10.89 - - [12/Jan/2017:15:38:15 -0300] "GET /cormun/static/Shared/jqueryui/images/ui-icons_8d78a5_256x240.png HTTP/1.1" 404 1089
192.168.10.108 - - [12/Jan/2017:15:38:20 -0300] "GET /cormun/servlet/trcontratounov2? HTTP/1.1" 200 7932
192.168.10.108 - - [12/Jan/2017:15:38:21 -0300] "GET /cormun/servlet/trcontratounov2? HTTP/1.1" 200 7932
192.168.10.108 - - [12/Jan/2017:15:38:32 -0300] "POST /cormun/servlet/trcontratounov2?e8e2db0b4ed76cc4490523e868af9b3f,,gx-no-cache=1484246382225 HTTP/1.1" 200 5564
192.168.10.108 - - [12/Jan/2017:15:38:33 -0300] "POST /cormun/servlet/trcontratounov2?e8e2db0b4ed76cc4490523e868af9b3f,,gx-no-cache=1484246383577 HTTP/1.1" 200 5564
192.168.10.108 - - [12/Jan/2017:15:38:37 -0300] "POST /cormun/servlet/trcontratounov2?e8e2db0b4ed76cc4490523e868af9b3f,,gx-no-cache=1484246387489 HTTP/1.1" 200 5562
192.168.10.108 - - [12/Jan/2017:15:38:43 -0300] "GET /cormun/servlet/trcontratoobservaciondir? HTTP/1.1" 200 6115
192.168.10.108 - - [12/Jan/2017:15:38:43 -0300] "GET /cormun/static/gxcfg.js?201612218551235 HTTP/1.1" 200 953
192.168.10.108 - - [12/Jan/2017:15:38:43 -0300] "GET /cormun/static/trcontratoobservaciondir.js?201612218551533 HTTP/1.1" 200 27122
192.168.10.108 - - [12/Jan/2017:15:38:44 -0300] "GET /cormun/servlet/trcontratoobservaciondir? HTTP/1.1" 200 6114
192.168.10.108 - - [12/Jan/2017:15:38:45 -0300] "POST /cormun/servlet/acontrolpreferencessavestate?None,JCORNEJO,true HTTP/1.1" 200 35
192.168.10.108 - - [12/Jan/2017:15:38:47 -0300] "GET /cormun/servlet/trcontratosolicitud? HTTP/1.1" 200 7184
192.168.10.108 - - [12/Jan/2017:15:38:47 -0300] "GET /cormun/servlet/trcontratosolicitud? HTTP/1.1" 200 7184
192.168.10.108 - - [12/Jan/2017:15:38:54 -0300] "GET /cormun/servlet/trcontratounov2? HTTP/1.1" 200 7940
192.168.10.108 - - [12/Jan/2017:15:38:55 -0300] "GET /cormun/servlet/trcontratounov2? HTTP/1.1" 200 7940
192.168.10.89 - - [12/Jan/2017:15:39:01 -0300] "POST /cormun/servlet/trsolicitudgral?bfc9e969caf0c5cd3cb5014224877e1f,,gx-no-cache=1484249646353 HTTP/1.1" 200 7063
192.168.10.89 - - [12/Jan/2017:15:39:10 -0300] "GET /cormun/servlet/solicitudgral2?UPD,2017,3669, HTTP/1.1" 200 12285
192.168.10.89 - - [12/Jan/2017:15:39:10 -0300] "GET /cormun/static/gxcfg.js?20171221425315 HTTP/1.1" 304 -
192.168.10.89 - - [12/Jan/2017:15:39:10 -0300] "GET /cormun/static/solicitudgral2.js?20171221425397 HTTP/1.1" 304 -
192.168.10.89 - - [12/Jan/2017:15:39:11 -0300] "POST /cormun/servlet/solicitudgral2?gx-no-cache=1484249657295 HTTP/1.1" 200 3185
192.168.10.89 - - [12/Jan/2017:15:39:12 -0300] "GET /cormun/servlet/solicitudgral2?4b2c5864727e54db428c007bf0f935625bf72a1123698e80f7521f96cc4230122b9ea7e1b572b41e0b122bf58bcff426119ae788bb797dc0073e4740dcd15989ce4413610464d654519db35be7b29862a885f183d8de25d0ec453ab36081e5cb32792e7a2692cbc1290df0fb3f8f356cf9156e1abcc36962c05a73c80276fc34673011ba5a216159f08e2fda1bcc28d8e3c66813ed8c7f765ee219765a126337e6b6fdb6b8329ca4e49d9c1ad9232a441d62ff416a3396e8ad50a5e4d04aff01ccff5232870872b1de12752ee3888c8b61213ad1e1b47eaec4e7f3b0651e3172872f6857dc48dfc063692aa0598807af37999f384657b1a4943ad09d06591db87e24056953b09454cb4c2068f0933d00c9e68cfcd059a8cc5362b758977d70384b8a3a6560e06ff79d46a3c9719281cd61959c1e7f92a3c32b6b01d6971b5bd6c8be1448d4eac2321ea482ce195ba5f6,gx-no-cache=1484249657533 HTTP/1.1" 200 257
192.168.10.89 - - [12/Jan/2017:15:39:12 -0300] "POST /cormun/servlet/solicitudgral2?gx-no-cache=1484249657563 HTTP/1.1" 200 1340
