192.168.10.17 - - [11/Jan/2017:16:24:55 -0300] "GET /cormun/servlet/solicitudotcontratos?3c9296fdc938b0d8a1734ca6b161ff2e0f47c8779d79ae9df28b08d0f629df2770de885516cdd5248d1ddca3ac17757e,gx-no-cache=1484166466041 HTTP/1.1" 200 30
192.168.10.17 - - [11/Jan/2017:16:24:55 -0300] "GET /cormun/servlet/solicitudotcontratos?3c9296fdc938b0d8a1734ca6b161ff2e21a812d55e6f1675b81e0af90e1727f0efd196905904c4812196fca1fd7d6215e16a30c5cb9835d7b6570fe8ffee0dddc4a211df8697ba099ee45049200316367522a56c2ddf9b23f94cdc6cb23bacea42d6e5ee10df92d66863fe6bf2ceae16,gx-no-cache=1484166466057 HTTP/1.1" 200 30
192.168.10.17 - - [11/Jan/2017:16:24:56 -0300] "GET /cormun/servlet/solicitudotcontratos?3c9296fdc938b0d8a1734ca6b161ff2e9b97bc2eb48b9c5ee86bdcf317c2f056dd1766d4bf00577f293a11c69b809617ca0f22beb00c42d98746dd9cdede2babe16a30c5cb9835d7b6570fe8ffee0ddd3332e288e136010bddaf1383e7bd6ccdcc6bbebfd5ce3be555419525932d970c302860aba67f0b2bfb39a015a055500d16d1bfa291110fa5e8ea575a072e82c16221dbeb40b7e4cf10d5878e89d625b7ca0f22beb00c42d98746dd9cdede2bab8114ea4df95ec11363560a21c1a224cbfbafbb0d64f18a60293655924136fb0331e62f08e76517098b6c5011333f03e3e877c01895ad1927b3a2ecb6f8c5f3933cf0af420f536230530f7dc0d296469e2e442417b98ba0a8283c1cc854bce52c15ac8651f74f4b256e8bf0f81f0a27a643f34c31e8505a0e77ade1c1027ee4de0c84654ee80bbb256a7bd41ca924161583dbcb88e99c4b45810b146136883f0e41d26f231f85099c664b3f5c8796e74bf934ff89face614dcfc6a32bf30752bf8d12a935b676ca5168f52206701dfb4774523709a92db80ff348eb7e6f7419179ebfa1ac53c906ba0578650d5afb405f88565a701eb99489f8396b03fe8f82526f3d639d235edc1e01d601c3a2c77c4ac8b0427af90f38e1c12f4597409088cec88f5fd83473315d5f3a3ab4eadb57e1a175e4a4b1ec937eff60a25d29484e4345a1d32f37f65af26b7a1194de3cb613e1148d7168649a5b4da39af0d4db1f9c755bda200a65ea18d2afe8cf0efca6170fe9e6faa0a06de3092413cfe2496b23bd798dccd29b90a6fe4c5b99fb7b2e39,gx-no-cache=1484166466075 HTTP/1.1" 200 79
192.168.10.17 - - [11/Jan/2017:16:24:57 -0300] "POST /cormun/servlet/solicitudotcontratos?ed4d1d598f6b46ef90469ac70acb05eb,INS,2017,0,17948281,9,2,2016,2708,LEY+SEP,201612,20,*,,gx-no-cache=1484166467711 HTTP/1.1" 200 10377
192.168.10.17 - - [11/Jan/2017:16:24:57 -0300] "POST /cormun/servlet/solicitudotcontratos?gx-no-cache=1484166467967 HTTP/1.1" 200 1264
192.168.10.17 - - [11/Jan/2017:16:24:58 -0300] "POST /cormun/servlet/solicitudotcontratos?gx-no-cache=1484166468044 HTTP/1.1" 200 1140
192.168.10.17 - - [11/Jan/2017:16:24:58 -0300] "GET /cormun/servlet/solicitudotcontratos?3c9296fdc938b0d8a1734ca6b161ff2eb16cf0da1c27174d0a2ff678bd684d3aefcf79414bb68baaee66d500e68f60c42354ee25cf7fd40a4b2e4e1fd80a00d9800f39ff5ce74c7f4cad5321e997413bbc380db5432b78dffeef2a52737a58f749b0437810b667750e442c48dcd3ee1acb485aa6f9b1977ae85be4e53cfef189,gx-no-cache=1484166468096 HTTP/1.1" 200 30
192.168.10.17 - - [11/Jan/2017:16:24:58 -0300] "POST /cormun/servlet/solicitudotcontratos?ed4d1d598f6b46ef90469ac70acb05eb,INS,2017,0,17948281,9,2,2016,2708,LEY+SEP,201612,20,*,,gx-no-cache=1484166468118 HTTP/1.1" 200 93
192.168.10.17 - - [11/Jan/2017:16:24:58 -0300] "GET /cormun/servlet/hpexe_return? HTTP/1.1" 200 1070
192.168.10.17 - - [11/Jan/2017:16:24:58 -0300] "GET /cormun/servlet/trcontratosolicitud?gx-no-cache=1484165424221 HTTP/1.1" 200 6417
192.168.10.43 - - [11/Jan/2017:16:25:00 -0300] "GET /cormun/servlet/prsolicitudot?16250701,,,,,MD,,gxPopupLevel%3D0%3B HTTP/1.1" 200 5873
192.168.10.43 - - [11/Jan/2017:16:25:00 -0300] "GET /cormun/static/gxcfg.js?20161221854215 HTTP/1.1" 200 953
192.168.10.43 - - [11/Jan/2017:16:25:01 -0300] "GET /cormun/static/prsolicitudot.js?201612218542259 HTTP/1.1" 200 13680
192.168.10.122 - - [11/Jan/2017:16:25:02 -0300] "POST /cormun/servlet/trsolicitudot?ff36c5a07aab5927c50818fcc20b828d,,gx-no-cache=1484162774208 HTTP/1.1" 200 4117
192.168.10.43 - - [11/Jan/2017:16:25:02 -0300] "POST /cormun/servlet/acontrolpreferencessavestate?None,CF-19,true HTTP/1.1" 200 35
192.168.10.122 - - [11/Jan/2017:16:25:11 -0300] "POST /cormun/servlet/trsolicitudot?ff36c5a07aab5927c50818fcc20b828d,,gx-no-cache=1484162783233 HTTP/1.1" 200 15834
192.168.10.123 - - [11/Jan/2017:16:25:12 -0300] "GET /cormun/servlet/solicitudotcontratos?INS,2017,0,17378428,7,2,2016,1758,NADA,201612,34,*, HTTP/1.1" 200 9540
192.168.10.123 - - [11/Jan/2017:16:25:13 -0300] "GET /cormun/servlet/solicitudotcontratos?INS,2017,0,17378428,7,2,2016,1758,NADA,201612,34,*, HTTP/1.1" 200 9550
192.168.10.123 - - [11/Jan/2017:16:25:14 -0300] "GET /cormun/servlet/solicitudotcontratos?8cc89d0a997669d68fa3d2bfb6e7d0819cb6497953851b02100257f1841807084ef53c3230bc8e8aae5c57ca3e08fd7b,gx-no-cache=1484162790169 HTTP/1.1" 200 30
192.168.10.123 - - [11/Jan/2017:16:25:14 -0300] "GET /cormun/servlet/solicitudotcontratos?8cc89d0a997669d68fa3d2bfb6e7d08122681cca58bc8da9c0091ac41d839cba6c84e79f03ca96beb282808c5b9fd2cc7d32cee042afcc90b0f03a297123fe979ddb901848823f036951935dde23f08027deca93a53076d153fc394cc7e2596a6282a46532ed27e2edf6462d73d5058da280c8b0db64cfd8339fe0a26925bd40,gx-no-cache=1484162790199 HTTP/1.1" 200 48
192.168.10.123 - - [11/Jan/2017:16:25:14 -0300] "GET /cormun/servlet/solicitudotcontratos?8cc89d0a997669d68fa3d2bfb6e7d0814afb55015cdf19c212dfb4053893f6f94715419ef4106cf8c37174e2bfdd2b3c,gx-no-cache=1484162790227 HTTP/1.1" 200 30
192.168.10.123 - - [11/Jan/2017:16:25:14 -0300] "GET /cormun/servlet/solicitudotcontratos?8cc89d0a997669d68fa3d2bfb6e7d08173ae588970978534b1fac027a7c25976a6b3409029f205c5eb9d8d60758ce29cfb4f2a6207841122557f57878141cbef7247e2323761a5a69a3d9db52e74b0e5e5bab460640976dab6493fd57cdcda88dfa68c28a615198048ae17c9d93f5dcc,gx-no-cache=1484162790252 HTTP/1.1" 200 30
192.168.10.123 - - [11/Jan/2017:16:25:14 -0300] "GET /cormun/servlet/solicitudotcontratos?8cc89d0a997669d68fa3d2bfb6e7d0818e1a2adb8200261591d605f22fbb38156bf7ca0fe86dfe18560c46b6589e83a812dcae38e5e48730be921b809de18e6f6951487132b6e35b28dd1004ede25b62ec1df7277b8670bd27573ed03cef278c9046a9ee504bf9d8aec4b44868e8e5c6afe438f143f7343464c2a29619593ef33d1777ec0efb68ac7befe1fc0ecaa3e47950107e770c7cfd5a6d8cfbc33b63d81b2cd07b31a7389d910b720a939639390ca74330424f8428d230d94d989bf369bd3f14f2f22092eb8af50bf709591ac4b942a4e91137b2e128a365454f22b3752cb335aa390d330b09d36d7778b6d2151d4a8301a741ac650edcbedea80858a8f610fd06c3efee0355b6dadee37779d2d9b8b1c9a212708eb5187ce9eb39709df385789d2b11726a3045d0fc510c3100808544ee9d8d660a9ad7f5f681478d78b89117a2c968b21290ffb927e14ad47042206ce2106549fb03ca0bb308211fb785650ff3027938794cdf423fb792a4b8ed41acb48a45da1f92d3889be96141db4c4167087cdacb56cea8f7a9d392b6aab846079fa06af9de5ca28a36bf95b82f77f39bfbcb304f96ea182a962a946f35b064065703f052b5d05dea1ce6f444dbd0f279ac0a7f40e3ffca45318cfafa8bea932f2e32a5b0cc72f76940d3ba9d4edc3679413fa21b4bfaaa2ba1240469d6b846079fa06af9de5ca28a36bf95b82f797d843b209a35a21e0e3fa82875c6da586e3256aba53d40ebff8dc05c4a8d72b24cc09ed44c31d29d587d7a76686e1c04be84940009d4e382638594f157c897,gx-no-cache=1484162790288 HTTP/1.1" 200 72
192.168.10.43 - - [11/Jan/2017:16:25:14 -0300] "GET /cormun/servlet/solicitudot?d767355118ca304d2680e65a482f3a956bea8643467f838051aed7e662be91a6,gx-no-cache=1484166019674 HTTP/1.1" 200 20
192.168.10.43 - - [11/Jan/2017:16:25:14 -0300] "POST /cormun/servlet/solicitudot?gx-no-cache=1484166019768 HTTP/1.1" 200 1278
192.168.10.43 - - [11/Jan/2017:16:25:14 -0300] "POST /cormun/servlet/solicitudot?gx-no-cache=1484166019883 HTTP/1.1" 200 41
192.168.10.43 - - [11/Jan/2017:16:25:14 -0300] "POST /cormun/servlet/solicitudot?gx-no-cache=1484166020033 HTTP/1.1" 200 1261
192.168.10.43 - - [11/Jan/2017:16:25:14 -0300] "POST /cormun/servlet/solicitudot?gx-no-cache=1484166020123 HTTP/1.1" 200 1144
192.168.10.17 - - [11/Jan/2017:16:25:19 -0300] "POST /cormun/servlet/trcontratosolicitud?ed4d1d598f6b46ef90469ac70acb05eb,gx-no-cache=1484165424221,gx-no-cache=1484166489723 HTTP/1.1" 200 4942
192.168.10.17 - - [11/Jan/2017:16:25:25 -0300] "GET /cormun/servlet/solicitudotcontratos?INS,2017,0,7448903,6,2,2016,448,NADA,201612,30,*, HTTP/1.1" 200 9487
192.168.10.17 - - [11/Jan/2017:16:25:26 -0300] "GET /cormun/servlet/solicitudotcontratos?3c9296fdc938b0d8a1734ca6b161ff2ec10e5741fb8f2b2d865521100c428c966a3532590ca6fcd80790cb88f12351c4,gx-no-cache=1484166496746 HTTP/1.1" 200 30
192.168.10.17 - - [11/Jan/2017:16:25:26 -0300] "GET /cormun/servlet/solicitudotcontratos?3c9296fdc938b0d8a1734ca6b161ff2e95c7e9a6f139f5c94650ad877259aaa54f706bee78233490fa875a0f3d868744c8cc310f74af0fbd248499a9593930e2908f76d5f56e7451c6ba441cdd2cd538dd2f879a4c46ca0e5bb762c03c76e90ff15c75575a5e41622bc92464c7996f7e544a01ac90abe4cb120b0e66b96716b0,gx-no-cache=1484166496761 HTTP/1.1" 200 48
192.168.10.17 - - [11/Jan/2017:16:25:26 -0300] "GET /cormun/servlet/solicitudotcontratos?3c9296fdc938b0d8a1734ca6b161ff2eb777d705f0b4a43bc9ec77a5c13cf451ad03f6a9c43ae987d4df7fbba5e787c5,gx-no-cache=1484166496777 HTTP/1.1" 200 30
192.168.10.17 - - [11/Jan/2017:16:25:26 -0300] "GET /cormun/servlet/solicitudotcontratos?3c9296fdc938b0d8a1734ca6b161ff2e21a812d55e6f1675b81e0af90e1727f0efd196905904c4812196fca1fd7d6215e16a30c5cb9835d7b6570fe8ffee0dddc4a211df8697ba099ee45049200316367522a56c2ddf9b23f94cdc6cb23bacea42d6e5ee10df92d66863fe6bf2ceae16,gx-no-cache=1484166496792 HTTP/1.1" 200 30
192.168.10.17 - - [11/Jan/2017:16:25:26 -0300] "GET /cormun/servlet/solicitudotcontratos?3c9296fdc938b0d8a1734ca6b161ff2e9b97bc2eb48b9c5ee86bdcf317c2f056dd1766d4bf00577f293a11c69b8096174077cefc274c86916e787082913841866eb6200086927b78acd43fbdc8965217e275da0efd0262c63c47fa5f1ab731b0c7085fd08f189691280f69ceee77c65ca5fe690e25803bb840db04372a9abfa9c6b8fabe40e57a08d126483f4c50aa953c66d71fe1cb2f13f7c7bc985e45eabcba4f3da429b2565fcc43222e804b55db349f9c045afaa826ce1ca782f39262a02a2a83c77a51028cc3390080bb7e8f8924087ddc59cd814ecbe8861213baf4ef77d62c7c5b7b25867e29292138dc12c9c8458c97cc96de1adf571ad0a80c6636e65ed464fc558165e27b5f8d509d2210bf80a4be38d1c88b7a11397e5db335dfcccffd60f4e9b20b0ddc0adb6d990ed615ac8651f74f4b256e8bf0f81f0a27a67596e4c32bd0fc24bc723a60a163a9f8b7266c6ac43c53ac14e57a2b325dbc5c22f7671cff7f892894636a909504c67369bc545fde1c2a56f83cf28886e5d9fa82bef2184d5d3cfc1defa61ddbeffa380c1e30c3a5fdbe6efeaac3f85ad569547d425089fd65d2455614150854bfeab46773341f272a9f648b38e0a1472b1614b6fdc1137cdcf25bc36d60129ad3cfec26c8b0c5cf7568e862053de30d541c222d34f5fdd8f3f870ad1ddfc7441c586a0c1e30c3a5fdbe6efeaac3f85ad5695431c4bb0cbb7516c62e2bcc76f99e57b4931b7a6baed4442189a409b583b620dfc638b578e84870cea1150e05b23339929e2876d432765fd486e408ab8c9fee97,gx-no-cache=1484166496813 HTTP/1.1" 200 72
192.168.10.17 - - [11/Jan/2017:16:25:32 -0300] "POST /cormun/servlet/solicitudotcontratos?ed4d1d598f6b46ef90469ac70acb05eb,INS,2017,0,7448903,6,2,2016,448,NADA,201612,30,*,,gx-no-cache=1484166502015 HTTP/1.1" 200 10354
192.168.10.17 - - [11/Jan/2017:16:25:32 -0300] "POST /cormun/servlet/solicitudotcontratos?gx-no-cache=1484166502229 HTTP/1.1" 200 1263
192.168.10.17 - - [11/Jan/2017:16:25:32 -0300] "POST /cormun/servlet/solicitudotcontratos?gx-no-cache=1484166502265 HTTP/1.1" 200 1141
192.168.10.17 - - [11/Jan/2017:16:25:32 -0300] "GET /cormun/servlet/solicitudotcontratos?3c9296fdc938b0d8a1734ca6b161ff2eb16cf0da1c27174d0a2ff678bd684d3aefcf79414bb68baaee66d500e68f60c42354ee25cf7fd40a4b2e4e1fd80a00d9800f39ff5ce74c7f4cad5321e997413bbc380db5432b78dffeef2a52737a58f749b0437810b667750e442c48dcd3ee1acb485aa6f9b1977ae85be4e53cfef189,gx-no-cache=1484166502296 HTTP/1.1" 200 30
192.168.10.43 - - [11/Jan/2017:16:25:34 -0300] "GET /cormun/servlet/solicitudot?13643c86b6af28e26d8c94af7690729be6c521e738089db5590b4f80aa017bf1a857f2e6114e2671b3280861ad223bd3779e6dd36e90cae980c1e9c1beb5b9a93379b51b47dba401b5c3b3cf28ee77c4462f850aac9f1d1ea4904c683b0274594ea83870c3b387b59f093a5f433e1360d17c446547dd264ac134250b425b5cdeccafa7ce67583144320b05cc54d67beab86fbc67b0482811b3269a816b6276f97afbb88d2378447610e709d8076e9a39,gx-no-cache=1484166038261 HTTP/1.1" 200 30
192.168.10.17 - - [11/Jan/2017:16:25:34 -0300] "POST /cormun/servlet/solicitudotcontratos?ed4d1d598f6b46ef90469ac70acb05eb,INS,2017,0,7448903,6,2,2016,448,NADA,201612,30,*,,gx-no-cache=1484166502316 HTTP/1.1" 200 93
192.168.10.17 - - [11/Jan/2017:16:25:34 -0300] "GET /cormun/servlet/hpexe_return? HTTP/1.1" 200 1065
192.168.10.43 - - [11/Jan/2017:16:25:34 -0300] "POST /cormun/servlet/solicitudot?0b829dbb60492a0a6ddbc89783a493d4,INS,0,0,,gx-no-cache=1484166039650 HTTP/1.1" 200 93
192.168.10.43 - - [11/Jan/2017:16:25:34 -0300] "GET /cormun/servlet/hpexe_return? HTTP/1.1" 200 991
192.168.10.17 - - [11/Jan/2017:16:25:34 -0300] "GET /cormun/servlet/trcontratosolicitud?gx-no-cache=1484165424221 HTTP/1.1" 200 7121
192.168.10.43 - - [11/Jan/2017:16:25:34 -0300] "GET /cormun/servlet/trsolicitudot HTTP/1.1" 200 8005
192.168.10.43 - - [11/Jan/2017:16:25:35 -0300] "GET /cormun//static/Resources/PXToolsGridDelete.png HTTP/1.1" 200 357
192.168.10.43 - - [11/Jan/2017:16:25:35 -0300] "GET /cormun//static/Resources/PXToolsGridUpdate.png HTTP/1.1" 200 2984
192.168.10.43 - - [11/Jan/2017:16:25:35 -0300] "GET /cormun//static/Resources/PXTools/ActionInsert.png HTTP/1.1" 200 1482
192.168.10.43 - - [11/Jan/2017:16:25:35 -0300] "GET /cormun//static/Resources/PXToolsActionView.png HTTP/1.1" 200 2995
192.168.10.43 - - [11/Jan/2017:16:25:35 -0300] "GET /cormun//static/Resources/PXToolsRemoveAllAction.png HTTP/1.1" 200 3558
192.168.10.123 - - [11/Jan/2017:16:25:37 -0300] "POST /cormun/servlet/solicitudotcontratos?40ef48580ccbe6b08910396243e1ef20,INS,2017,0,17378428,7,2,2016,1758,NADA,201612,34,*,,gx-no-cache=1484162813100 HTTP/1.1" 200 10372
192.168.10.123 - - [11/Jan/2017:16:25:37 -0300] "POST /cormun/servlet/solicitudotcontratos?gx-no-cache=1484162813364 HTTP/1.1" 200 1263
192.168.10.123 - - [11/Jan/2017:16:25:37 -0300] "POST /cormun/servlet/solicitudotcontratos?gx-no-cache=1484162813440 HTTP/1.1" 200 1141
192.168.10.123 - - [11/Jan/2017:16:25:37 -0300] "GET /cormun/servlet/solicitudotcontratos?8cc89d0a997669d68fa3d2bfb6e7d081e02309de187ae8ced254c818b71479d7bf0d0c6f13f0f75b7a63dcad5f20f6af08fee8e211f4e2f5b39159b3a72c6739e13cd84462cc3356198798a396ea151d96c050ece13cba633c7a7529efede26393371b6569a6b5e9890f5390521e116031f9280d5dd6500587543fd3c451d149,gx-no-cache=1484162813478 HTTP/1.1" 200 30
192.168.10.123 - - [11/Jan/2017:16:25:37 -0300] "POST /cormun/servlet/solicitudotcontratos?40ef48580ccbe6b08910396243e1ef20,INS,2017,0,17378428,7,2,2016,1758,NADA,201612,34,*,,gx-no-cache=1484162813500 HTTP/1.1" 200 93
192.168.10.123 - - [11/Jan/2017:16:25:37 -0300] "GET /cormun/servlet/hpexe_return? HTTP/1.1" 200 1072
192.168.10.123 - - [11/Jan/2017:16:25:37 -0300] "GET /cormun/servlet/trcontratosolicitud?gx-no-cache=1484161889384 HTTP/1.1" 200 12169
192.168.10.123 - - [11/Jan/2017:16:25:38 -0300] "GET /cormun/servlet/trcontratosolicitud?gx-no-cache=1484161889384 HTTP/1.1" 200 12176
192.168.10.123 - - [11/Jan/2017:16:25:42 -0300] "GET /cormun/servlet/trsolicitudot? HTTP/1.1" 200 8505
192.168.10.123 - - [11/Jan/2017:16:25:43 -0300] "GET /cormun/static/gxcfg.js?201711111592844 HTTP/1.1" 304 -
192.168.10.123 - - [11/Jan/2017:16:25:43 -0300] "GET /cormun/static/trsolicitudot.js?201711111593735 HTTP/1.1" 304 -
192.168.10.123 - - [11/Jan/2017:16:25:43 -0300] "GET /cormun//static/Resources/PXToolsActionView.png HTTP/1.1" 200 2995
192.168.10.123 - - [11/Jan/2017:16:25:43 -0300] "GET /cormun//static/Resources/PXToolsGridUpdate.png HTTP/1.1" 200 2984
192.168.10.123 - - [11/Jan/2017:16:25:43 -0300] "GET /cormun//static/Resources/PXToolsGridDelete.png HTTP/1.1" 200 357
192.168.10.123 - - [11/Jan/2017:16:25:43 -0300] "GET /cormun//static/Resources/PXToolsRemoveAllAction.png HTTP/1.1" 200 3558
192.168.10.123 - - [11/Jan/2017:16:25:43 -0300] "GET /cormun//static/Resources/PXTools/ActionInsert.png HTTP/1.1" 200 1482
192.168.10.123 - - [11/Jan/2017:16:25:43 -0300] "GET /cormun/servlet/trsolicitudot? HTTP/1.1" 200 8483
192.168.10.17 - - [11/Jan/2017:16:25:43 -0300] "POST /cormun/servlet/trcontratosolicitud?ed4d1d598f6b46ef90469ac70acb05eb,gx-no-cache=1484165424221,gx-no-cache=1484166513595 HTTP/1.1" 200 4769
192.168.10.17 - - [11/Jan/2017:16:25:47 -0300] "GET /cormun/servlet/solicitudotcontratos?INS,2017,0,18105193,0,2,2016,2705,LEY+SEP,201612,30,*, HTTP/1.1" 200 9511
192.168.10.17 - - [11/Jan/2017:16:25:49 -0300] "GET /cormun/servlet/solicitudotcontratos?3c9296fdc938b0d8a1734ca6b161ff2ed4ae54e97f8c4b4374682fd739c7737a8cf7a0c0a2b2106d5f8cb8ec95d81472,gx-no-cache=1484166519217 HTTP/1.1" 200 30
192.168.10.17 - - [11/Jan/2017:16:25:49 -0300] "GET /cormun/servlet/solicitudotcontratos?3c9296fdc938b0d8a1734ca6b161ff2e95c7e9a6f139f5c94650ad877259aaa5e833a05aadaa73802ec48c10f1ecfb12c8cc310f74af0fbd248499a9593930e207c3a5bb290a7856704b79bd1469c9b2dd2f879a4c46ca0e5bb762c03c76e90ff15c75575a5e41622bc92464c7996f7e544a01ac90abe4cb120b0e66b96716b0,gx-no-cache=1484166519233 HTTP/1.1" 200 48
192.168.10.17 - - [11/Jan/2017:16:25:49 -0300] "GET /cormun/servlet/solicitudotcontratos?3c9296fdc938b0d8a1734ca6b161ff2e511066a7eef37cd664cf6febb1af701259334615caab90b53208c6f273f2e584,gx-no-cache=1484166519249 HTTP/1.1" 200 30
192.168.10.17 - - [11/Jan/2017:16:25:49 -0300] "GET /cormun/servlet/solicitudotcontratos?3c9296fdc938b0d8a1734ca6b161ff2e21a812d55e6f1675b81e0af90e1727f0efd196905904c4812196fca1fd7d6215e16a30c5cb9835d7b6570fe8ffee0dddc4a211df8697ba099ee45049200316367522a56c2ddf9b23f94cdc6cb23bacea42d6e5ee10df92d66863fe6bf2ceae16,gx-no-cache=1484166519265 HTTP/1.1" 200 30
192.168.10.17 - - [11/Jan/2017:16:25:49 -0300] "GET /cormun/servlet/solicitudotcontratos?3c9296fdc938b0d8a1734ca6b161ff2e9b97bc2eb48b9c5ee86bdcf317c2f056dd1766d4bf00577f293a11c69b809617ca0f22beb00c42d98746dd9cdede2babe16a30c5cb9835d7b6570fe8ffee0ddd3332e288e136010bddaf1383e7bd6ccdcc6bbebfd5ce3be555419525932d970c302860aba67f0b2bfb39a015a055500d16d1bfa291110fa5e8ea575a072e82c16221dbeb40b7e4cf10d5878e89d625b7ca0f22beb00c42d98746dd9cdede2bab8114ea4df95ec11363560a21c1a224cbfbafbb0d64f18a60293655924136fb0331e62f08e76517098b6c5011333f03e3e877c01895ad1927b3a2ecb6f8c5f3933cf0af420f536230530f7dc0d296469e2e442417b98ba0a8283c1cc854bce52c15ac8651f74f4b256e8bf0f81f0a27a643f34c31e8505a0e77ade1c1027ee4de0c84654ee80bbb256a7bd41ca924161583dbcb88e99c4b45810b146136883f0e41d26f231f85099c664b3f5c8796e74bf934ff89face614dcfc6a32bf30752bf8d12a935b676ca5168f52206701dfb4774523709a92db80ff348eb7e6f7419179ebfa1ac53c906ba0578650d5afb405f88565a701eb99489f8396b03fe8f82526f3d639d235edc1e01d601c3a2c77c4ac8b0427af90f38e1c12f4597409088cec88f5fd83473315d5f3a3ab4eadb57e1a175e4a4b1ec937eff60a25d29484e4345a1d32f37f65af26b7a1194de3cb613e1148d7168649a5b4da39af0d4db1f9c755bda200a65ea18d2afe8cf0efca6170fe9e6faa0a06de3092413cfe2496b23bd798dccd29b90a6fe4c5b99fb7b2e39,gx-no-cache=1484166519284 HTTP/1.1" 200 79
192.168.10.17 - - [11/Jan/2017:16:25:50 -0300] "POST /cormun/servlet/solicitudotcontratos?ed4d1d598f6b46ef90469ac70acb05eb,INS,2017,0,18105193,0,2,2016,2705,LEY+SEP,201612,30,*,,gx-no-cache=1484166520247 HTTP/1.1" 200 10379
192.168.10.17 - - [11/Jan/2017:16:25:50 -0300] "POST /cormun/servlet/solicitudotcontratos?gx-no-cache=1484166520494 HTTP/1.1" 200 1263
192.168.10.17 - - [11/Jan/2017:16:25:50 -0300] "POST /cormun/servlet/solicitudotcontratos?gx-no-cache=1484166520529 HTTP/1.1" 200 1139
192.168.10.17 - - [11/Jan/2017:16:25:50 -0300] "GET /cormun/servlet/solicitudotcontratos?3c9296fdc938b0d8a1734ca6b161ff2eb16cf0da1c27174d0a2ff678bd684d3aefcf79414bb68baaee66d500e68f60c42354ee25cf7fd40a4b2e4e1fd80a00d9800f39ff5ce74c7f4cad5321e997413bbc380db5432b78dffeef2a52737a58f749b0437810b667750e442c48dcd3ee1acb485aa6f9b1977ae85be4e53cfef189,gx-no-cache=1484166520559 HTTP/1.1" 200 30
192.168.10.17 - - [11/Jan/2017:16:25:50 -0300] "POST /cormun/servlet/solicitudotcontratos?ed4d1d598f6b46ef90469ac70acb05eb,INS,2017,0,18105193,0,2,2016,2705,LEY+SEP,201612,30,*,,gx-no-cache=1484166520578 HTTP/1.1" 200 93
192.168.10.17 - - [11/Jan/2017:16:25:50 -0300] "GET /cormun/servlet/hpexe_return? HTTP/1.1" 200 1069
192.168.10.17 - - [11/Jan/2017:16:25:51 -0300] "GET /cormun/servlet/trcontratosolicitud?gx-no-cache=1484165424221 HTTP/1.1" 200 6422
192.168.10.43 - - [11/Jan/2017:16:26:03 -0300] "GET /cormun/servlet/solicitudot?INS,0,0, HTTP/1.1" 200 12536
192.168.10.123 - - [11/Jan/2017:16:26:08 -0300] "POST /cormun/servlet/trsolicitudot?40ef48580ccbe6b08910396243e1ef20,,gx-no-cache=1484162844290 HTTP/1.1" 200 4131
192.168.10.123 - - [11/Jan/2017:16:26:11 -0300] "GET /cormun/servlet/solicitudot?INS,0,0, HTTP/1.1" 200 12722
192.168.10.123 - - [11/Jan/2017:16:26:11 -0300] "GET /cormun/static/gxcfg.js?201711112293351 HTTP/1.1" 304 -
192.168.10.123 - - [11/Jan/2017:16:26:11 -0300] "GET /cormun/static/solicitudot.js?201711112293529 HTTP/1.1" 304 -
192.168.10.123 - - [11/Jan/2017:16:26:15 -0300] "GET /cormun/servlet/solicitudot?INS,0,0, HTTP/1.1" 200 12727
192.168.10.43 - - [11/Jan/2017:16:26:19 -0300] "POST /cormun/servlet/solicitudot?gx-no-cache=1484166084489 HTTP/1.1" 200 3181
192.168.10.43 - - [11/Jan/2017:16:26:19 -0300] "POST /cormun/servlet/solicitudot?0b829dbb60492a0a6ddbc89783a493d4,INS,0,0,,gx-no-cache=1484166084785 HTTP/1.1" 200 9736
192.168.10.123 - - [11/Jan/2017:16:26:25 -0300] "POST /cormun/servlet/solicitudot?gx-no-cache=1484162861573 HTTP/1.1" 200 3185
192.168.10.123 - - [11/Jan/2017:16:26:25 -0300] "POST /cormun/servlet/solicitudot?40ef48580ccbe6b08910396243e1ef20,INS,0,0,,gx-no-cache=1484162861770 HTTP/1.1" 200 9947
192.168.10.43 - - [11/Jan/2017:16:26:30 -0300] "GET /cormun/servlet/solicitudot?13643c86b6af28e26d8c94af7690729bf3a4dfe9a8315db642ad23207559fd15b00986c4d31ad3e6c9d2e8341c541001,gx-no-cache=1484166095580 HTTP/1.1" 200 30
192.168.10.43 - - [11/Jan/2017:16:26:30 -0300] "POST /cormun/servlet/solicitudot?gx-no-cache=1484166095674 HTTP/1.1" 200 255
192.168.10.43 - - [11/Jan/2017:16:26:30 -0300] "GET /cormun/servlet/solicitudot?13643c86b6af28e26d8c94af7690729b7d4336c5499b1575b42500447d24afd17b0c2da7a66a50024493652bb22c0c3fb981f6846a577cf4b8ca167362baf61d2bf3bc1695b87bd89550a4214b9680f50a9480cce911a550c9321ef12203ab9cdeda6e95edd6de9aa473a36d3959ccf65079df8333916156ce5432f4d8436cd5be676340cd19966045ccf0a32290d924bae515710f9540efd9d17f75cdb59886e997806ce83fe5a9b4a60da406e829c66b244470ca7b99eceac995d819390697c9d3df588c461def69854ca7813b3f76e4eb2e34454f70fecaf2c5dbfb9e69cc90376abb6c444f68ad23d892514faae71310d4b548b21f3126070a9dd06d1ceab51845ee29011c0c4f90256f09bcfcb66e3a367843b8a9e7ef4cf5cd7a71be97c29e39b8544d481640b69a48816356594806141cb26d0f0fdc311d4e7049b964420439053d8fe154127d121751eb7d363b3d161b4ed196a9f79e6e521ca49a4c60eeff8fb6090d458179214cd052784d5cec2bebe565df49a2bb621c2f44c6a2,gx-no-cache=1484166095783 HTTP/1.1" 200 30
192.168.10.123 - - [11/Jan/2017:16:26:31 -0300] "GET /cormun/servlet/solicitudot?8cc89d0a997669d68fa3d2bfb6e7d0819cb6497953851b02100257f184180708dfa68c28a615198048ae17c9d93f5dcc,gx-no-cache=1484162867926 HTTP/1.1" 200 30
192.168.10.123 - - [11/Jan/2017:16:26:31 -0300] "POST /cormun/servlet/solicitudot?gx-no-cache=1484162867989 HTTP/1.1" 200 297
192.168.10.123 - - [11/Jan/2017:16:26:31 -0300] "GET /cormun/servlet/solicitudot?8cc89d0a997669d68fa3d2bfb6e7d08152512f6b11216ab0b5bc9373e89a850982231f32fa10b193d9f4adbe222c9efa80bedca0c7c2ef5343889d507b382bbc357be3bc85eb9dfdac25f0e12d599947602781457d1594ab6728e624c4390c5efa0113b2815e4a173b8c620cdb51937a0b886b8fdfc1d09714cafc328a22e7dd761312e407f7b8da92dfb35710b99f372746469a0079dcd915f42e883bb45f94fc0d5a87aaf5a09fbcd1593f9aaa0ea0441ba19e4c098c9be67f5ae5dec8debc807d057f74a59f4413b409a69744281303f96e36565d3aff36d114cce13b51ed5912116bebbb7143570a3e92d77d81db73fd4b855566ffba9c6a9b809ce60769ec77182e920f3f496002ea4ec5f50e016260f7b0d7fd03887a9a4e98e97c7d3a8b14e9039280b23e4c0b72a1ee73f2f3baff239de5a2900927403cd64dc5c36366e44a566315c683605b611f723e804813bb27be0d0e438530c3f744d9e14d00d3fd1d2bf23c114cbd84d2e59a73d4cc14697970fd3c665020a6a43cc136e17d4d5211574a74f54c2c3b2c574a68bca3,gx-no-cache=1484162868097 HTTP/1.1" 200 30
192.168.10.43 - - [11/Jan/2017:16:26:32 -0300] "POST /cormun/servlet/solicitudot?gx-no-cache=1484166097624 HTTP/1.1" 200 30
192.168.10.43 - - [11/Jan/2017:16:26:35 -0300] "GET /cormun/servlet/prpersonalsolicitud?13718866,,,,,MD,,gxPopupLevel%3D0%3B HTTP/1.1" 200 5586
192.168.10.123 - - [11/Jan/2017:16:26:39 -0300] "POST /cormun/servlet/solicitudot?gx-no-cache=1484162874947 HTTP/1.1" 200 30
192.168.10.122 - - [11/Jan/2017:16:26:40 -0300] "GET /cormun/servlet/trcontratosolicitud? HTTP/1.1" 200 9320
192.168.10.122 - - [11/Jan/2017:16:26:40 -0300] "GET /cormun/static/gxcfg.js?20171317451682 HTTP/1.1" 304 -
192.168.10.43 - - [11/Jan/2017:16:26:41 -0300] "GET /cormun/servlet/solicitudot?d767355118ca304d2680e65a482f3a956bea8643467f838051aed7e662be91a6,gx-no-cache=1484166106688 HTTP/1.1" 200 20
192.168.10.43 - - [11/Jan/2017:16:26:41 -0300] "POST /cormun/servlet/solicitudot?gx-no-cache=1484166106859 HTTP/1.1" 200 256
192.168.10.122 - - [11/Jan/2017:16:26:41 -0300] "GET /cormun/servlet/trcontratosolicitud? HTTP/1.1" 200 9314
192.168.10.43 - - [11/Jan/2017:16:26:41 -0300] "GET /cormun/servlet/solicitudot?13643c86b6af28e26d8c94af7690729b7d4336c5499b1575b42500447d24afd17b0c2da7a66a50024493652bb22c0c3fb981f6846a577cf4b8ca167362baf61d2bf3bc1695b87bd89550a4214b9680f50a9480cce911a550c9321ef12203ab9cdeda6e95edd6de9aa473a36d3959ccf65079df8333916156ce5432f4d8436cd5be676340cd19966045ccf0a32290d924bae515710f9540efd9d17f75cdb59886e997806ce83fe5a9b4a60da406e829c66b244470ca7b99eceac995d819390697c9d3df588c461def69854ca7813b3f76e4eb2e34454f70fecaf2c5dbfb9e69cc90376abb6c444f68ad23d892514faae71310d4b548b21f3126070a9dd06d1ceab51845ee29011c0c4f90256f09bcfcb66e3a367843b8a9e7ef4cf5cd7a71be97c29e39b8544d481640b69a48816356594806141cb26d0f0fdc311d4e7049b964420439053d8fe154127d121751eb7d363b3d161b4ed196a9f79e6e521ca49a4c60eeff8fb6090d458179214cd052784dcfd7e0220ffd794d8ca60b6066f6e90f,gx-no-cache=1484166107072 HTTP/1.1" 200 30
192.168.10.43 - - [11/Jan/2017:16:26:41 -0300] "POST /cormun/servlet/solicitudot?gx-no-cache=1484166107172 HTTP/1.1" 200 30
192.168.10.43 - - [11/Jan/2017:16:26:41 -0300] "POST /cormun/servlet/solicitudot?gx-no-cache=1484166107262 HTTP/1.1" 200 1278
192.168.10.43 - - [11/Jan/2017:16:26:42 -0300] "POST /cormun/servlet/solicitudot?gx-no-cache=1484166107460 HTTP/1.1" 200 38
192.168.10.43 - - [11/Jan/2017:16:26:42 -0300] "GET /cormun/servlet/solicitudot?13643c86b6af28e26d8c94af7690729b4ede81631b76e843de3225fbc486961679145a53f82f46251c39d1b8a93a58f962742334900f6171ba4f5ca4ea0ee1f0d2926cdf62dd1d60a19ed6cfb74c29d7e0b9c1c3dbec8eef71788f9b76ec4e8854a17f5e3f3aecb10ff325a8de1a310a3da13fdf962811837dd46f368938e7888178075da1ae88fd4c91dced33a9b4fa8117515701cb2ea749a6cad62d27850f,gx-no-cache=1484166107553 HTTP/1.1" 200 29
192.168.10.43 - - [11/Jan/2017:16:26:42 -0300] "POST /cormun/servlet/solicitudot?gx-no-cache=1484166107616 HTTP/1.1" 200 1261
192.168.10.43 - - [11/Jan/2017:16:26:42 -0300] "POST /cormun/servlet/solicitudot?gx-no-cache=1484166107709 HTTP/1.1" 200 1144
192.168.10.123 - - [11/Jan/2017:16:26:43 -0300] "POST /cormun/servlet/solicitudot?gx-no-cache=1484162879184 HTTP/1.1" 200 1277
192.168.10.123 - - [11/Jan/2017:16:26:43 -0300] "POST /cormun/servlet/solicitudot?gx-no-cache=1484162879274 HTTP/1.1" 200 38
192.168.10.43 - - [11/Jan/2017:16:26:53 -0300] "POST /cormun/servlet/solicitudot?gx-no-cache=1484166118520 HTTP/1.1" 200 1278
192.168.10.43 - - [11/Jan/2017:16:26:53 -0300] "POST /cormun/servlet/solicitudot?gx-no-cache=1484166118614 HTTP/1.1" 200 38
192.168.10.123 - - [11/Jan/2017:16:26:55 -0300] "GET /cormun/servlet/solicitudot?8cc89d0a997669d68fa3d2bfb6e7d081027cb0ba1eee848829142cbce33692dc4d47ff1a44a1db9c2b428f83d052a62e789afb204ba1f77fef33eb1f3292368e655f466b5215bcc164c17233d7e994c34717c982cc97a929155902f57147f7cf4571e13c60fada97026f2ef46133df82,gx-no-cache=1484162891314 HTTP/1.1" 200 29
192.168.10.123 - - [11/Jan/2017:16:26:55 -0300] "POST /cormun/servlet/solicitudot?gx-no-cache=1484162891345 HTTP/1.1" 200 1261
192.168.10.123 - - [11/Jan/2017:16:26:55 -0300] "POST /cormun/servlet/solicitudot?gx-no-cache=1484162891425 HTTP/1.1" 200 1144
192.168.10.123 - - [11/Jan/2017:16:26:55 -0300] "GET /cormun/static/menuarrow.gif HTTP/1.1" 404 1015
192.168.10.123 - - [11/Jan/2017:16:26:58 -0300] "POST /cormun/servlet/solicitudot?gx-no-cache=1484162894602 HTTP/1.1" 200 1261
192.168.10.123 - - [11/Jan/2017:16:26:58 -0300] "POST /cormun/servlet/solicitudot?gx-no-cache=1484162894683 HTTP/1.1" 200 1144
192.168.10.43 - - [11/Jan/2017:16:27:00 -0300] "POST /cormun/servlet/solicitudot?gx-no-cache=1484166126211 HTTP/1.1" 200 1261
192.168.10.43 - - [11/Jan/2017:16:27:00 -0300] "POST /cormun/servlet/solicitudot?gx-no-cache=1484166126336 HTTP/1.1" 200 1144
192.168.10.122 - - [11/Jan/2017:16:27:09 -0300] "GET /cormun/servlet/trvisualizadoreventos? HTTP/1.1" 200 6665
192.168.10.122 - - [11/Jan/2017:16:27:09 -0300] "GET /cormun/static/gxcfg.js?2016101716203350 HTTP/1.1" 200 953
192.168.10.123 - - [11/Jan/2017:16:27:09 -0300] "GET /cormun/servlet/solicitudot?8cc89d0a997669d68fa3d2bfb6e7d0819b27e8463b8af45b3aded748030e6225dd07675fc7454029088c9a9f94a70108e69e3cca04622a69ff6aec9351dfb29429ce265623f222815d14489bb3c475dc53eb00b0ec73b58d1fad8e1691d86a1b34689b6be3c546851dc5088818fcb94bbc4552ca79b712b4946261e15cf6bfb6bafd9d4e7bb253ac7c00cafb424a4f3b6ede990362b1001356650eadd36b2301fc1eff175fd1aacdd2beb25a7b3e8d3e,gx-no-cache=1484162905891 HTTP/1.1" 200 30
192.168.10.122 - - [11/Jan/2017:16:27:09 -0300] "GET /cormun/static/trvisualizadoreventos.js?2016101716203614 HTTP/1.1" 200 19309
192.168.10.122 - - [11/Jan/2017:16:27:09 -0300] "GET /cormun/static/Resources/PXToolsActionPrint.png HTTP/1.1" 200 3317
192.168.10.122 - - [11/Jan/2017:16:27:10 -0300] "GET /cormun/servlet/trvisualizadoreventos? HTTP/1.1" 200 6664
192.168.10.122 - - [11/Jan/2017:16:27:14 -0300] "GET /cormun/servlet/trautorizarsolicitud? HTTP/1.1" 200 6841
192.168.10.122 - - [11/Jan/2017:16:27:14 -0300] "GET /cormun/static/gxcfg.js?20171111229471 HTTP/1.1" 200 953
192.168.10.122 - - [11/Jan/2017:16:27:14 -0300] "GET /cormun/static/trautorizarsolicitud.js?201711112291232 HTTP/1.1" 200 53096
192.168.10.122 - - [11/Jan/2017:16:27:15 -0300] "GET /cormun/servlet/trautorizarsolicitud? HTTP/1.1" 200 6841
192.168.10.43 - - [11/Jan/2017:16:27:19 -0300] "GET /cormun/servlet/solicitudot?13643c86b6af28e26d8c94af7690729ba95d23b2a6d73a53fdcaa599e7db88ba27b840e91b2936a07ccbdcbd938c67727142a5bd2211d9460e32efc705e2755b79b7b97c703d12338f0a298d4f7299d4696c290e358a7b88094bb688732d655c9c6b59f3aeb7c4dafe1170f77ce3c62d6e93bb0f46e2c91843d4bcb0d2603caaecd319b68cb20633351777ab32729ff8a1e51062c2fa933c607b66312858319728a8b7ae80de660678274ea1b80ae5c2,gx-no-cache=1484166144759 HTTP/1.1" 200 30
192.168.10.122 - - [11/Jan/2017:16:27:20 -0300] "GET /cormun/static/menuarrow.gif HTTP/1.1" 404 1015
192.168.10.122 - - [11/Jan/2017:16:27:26 -0300] "POST /cormun/servlet/trautorizarsolicitud?ff36c5a07aab5927c50818fcc20b828d,,gx-no-cache=1484162918306 HTTP/1.1" 200 4088
192.168.10.43 - - [11/Jan/2017:16:27:31 -0300] "POST /cormun/servlet/solicitudot?0b829dbb60492a0a6ddbc89783a493d4,INS,0,0,,gx-no-cache=1484166156600 HTTP/1.1" 200 11102
192.168.10.43 - - [11/Jan/2017:16:27:31 -0300] "GET /cormun/static/Shared/jqueryui/images/ui-bg_flat_55_994d53_40x100.png HTTP/1.1" 404 1097
192.168.10.43 - - [11/Jan/2017:16:27:31 -0300] "GET /cormun/static/Shared/jqueryui/images/ui-icons_82798d_256x240.png HTTP/1.1" 404 1089
192.168.10.43 - - [11/Jan/2017:16:27:31 -0300] "GET /cormun/static/Shared/jqueryui/images/ui-bg_highlight-soft_100_c6c2c8_1x100.png HTTP/1.1" 404 1117
192.168.10.43 - - [11/Jan/2017:16:27:31 -0300] "GET /cormun/static/Shared/jqueryui/images/ui-icons_ebccce_256x240.png HTTP/1.1" 404 1089
192.168.10.122 - - [11/Jan/2017:16:27:38 -0300] "POST /cormun/servlet/trautorizarsolicitud?ff36c5a07aab5927c50818fcc20b828d,,gx-no-cache=1484162925011 HTTP/1.1" 200 15804
192.168.10.43 - - [11/Jan/2017:16:27:38 -0300] "GET /cormun/servlet/prpersonalsolicitud?13718866,,,,,MD,,gxPopupLevel%3D0%3B HTTP/1.1" 200 5586
192.168.10.122 - - [11/Jan/2017:16:27:49 -0300] "GET /cormun/servlet/trvisualizadoreventos? HTTP/1.1" 200 6665
192.168.10.122 - - [11/Jan/2017:16:27:50 -0300] "GET /cormun/servlet/trvisualizadoreventos? HTTP/1.1" 200 6664
192.168.10.122 - - [11/Jan/2017:16:27:53 -0300] "GET /cormun/static/menuarrow.gif HTTP/1.1" 404 1015
192.168.10.123 - - [11/Jan/2017:16:27:56 -0300] "POST /cormun/servlet/solicitudot?40ef48580ccbe6b08910396243e1ef20,INS,0,0,,gx-no-cache=1484162951972 HTTP/1.1" 200 93
192.168.10.123 - - [11/Jan/2017:16:27:56 -0300] "GET /cormun/servlet/hpexe_return? HTTP/1.1" 200 1010
192.168.10.123 - - [11/Jan/2017:16:27:56 -0300] "GET /cormun/servlet/trsolicitudot? HTTP/1.1" 200 6896
192.168.10.123 - - [11/Jan/2017:16:27:56 -0300] "GET /cormun/servlet/trsolicitudot? HTTP/1.1" 200 6893
192.168.10.122 - - [11/Jan/2017:16:28:00 -0300] "POST /cormun/servlet/trvisualizadoreventos?ff36c5a07aab5927c50818fcc20b828d,,gx-no-cache=1484162952279 HTTP/1.1" 200 3949
192.168.10.122 - - [11/Jan/2017:16:28:09 -0300] "GET /cormun/servlet/trsolicitudot? HTTP/1.1" 200 18610
192.168.10.122 - - [11/Jan/2017:16:28:10 -0300] "GET /cormun/servlet/trsolicitudot? HTTP/1.1" 200 18609
192.168.10.123 - - [11/Jan/2017:16:28:10 -0300] "GET /cormun/servlet/trautorizarsolicitud? HTTP/1.1" 200 6836
192.168.10.123 - - [11/Jan/2017:16:28:11 -0300] "GET /cormun/static/gxcfg.js?20171111229471 HTTP/1.1" 304 -
192.168.10.123 - - [11/Jan/2017:16:28:11 -0300] "GET /cormun/static/trautorizarsolicitud.js?201711112291232 HTTP/1.1" 304 -
192.168.10.123 - - [11/Jan/2017:16:28:11 -0300] "GET /cormun/servlet/trautorizarsolicitud? HTTP/1.1" 200 6836
192.168.10.123 - - [11/Jan/2017:16:28:24 -0300] "POST /cormun/servlet/trautorizarsolicitud?40ef48580ccbe6b08910396243e1ef20,,gx-no-cache=1484162980434 HTTP/1.1" 200 4105
192.168.10.122 - - [11/Jan/2017:16:28:25 -0300] "POST /cormun/servlet/trsolicitudot?ff36c5a07aab5927c50818fcc20b828d,,gx-no-cache=1484162977585 HTTP/1.1" 200 4129
192.168.10.122 - - [11/Jan/2017:16:28:36 -0300] "POST /cormun/servlet/trsolicitudot?ff36c5a07aab5927c50818fcc20b828d,,gx-no-cache=1484162982736 HTTP/1.1" 200 15835
192.168.10.43 - - [11/Jan/2017:16:28:36 -0300] "GET /cormun/servlet/solicitudot?d767355118ca304d2680e65a482f3a956bea8643467f838051aed7e662be91a6,gx-no-cache=1484166222276 HTTP/1.1" 200 20
192.168.10.43 - - [11/Jan/2017:16:28:41 -0300] "GET /cormun/servlet/prpersonalsolicitud?13718866,,,,,MD,,gxPopupLevel%3D0%3B HTTP/1.1" 200 5586
192.168.10.17 - - [11/Jan/2017:16:28:49 -0300] "POST /cormun/servlet/trcontratosolicitud?ed4d1d598f6b46ef90469ac70acb05eb,gx-no-cache=1484165424221,gx-no-cache=1484166699682 HTTP/1.1" 200 10204
192.168.10.123 - - [11/Jan/2017:16:28:49 -0300] "POST /cormun/servlet/trautorizarsolicitud?40ef48580ccbe6b08910396243e1ef20,,gx-no-cache=1484163005855 HTTP/1.1" 200 4118
192.168.10.43 - - [11/Jan/2017:16:28:52 -0300] "POST /cormun/servlet/prpersonalsolicitud?0b829dbb60492a0a6ddbc89783a493d4,13718866,,,,,MD,,gxPopupLevel%3D0%3B,gx-no-cache=1484166237339 HTTP/1.1" 200 3054
192.168.10.43 - - [11/Jan/2017:16:28:54 -0300] "GET /cormun/servlet/solicitudot?d767355118ca304d2680e65a482f3a956bea8643467f838051aed7e662be91a6,gx-no-cache=1484166239788 HTTP/1.1" 200 20
192.168.10.43 - - [11/Jan/2017:16:28:55 -0300] "GET /cormun/servlet/prpersonalsolicitud?13718866,,,,,MD,,gxPopupLevel%3D0%3B HTTP/1.1" 200 5586
192.168.10.123 - - [11/Jan/2017:16:28:56 -0300] "POST /cormun/servlet/trautorizarsolicitud?40ef48580ccbe6b08910396243e1ef20,,gx-no-cache=1484163010751 HTTP/1.1" 200 110
192.168.10.123 - - [11/Jan/2017:16:28:56 -0300] "GET /cormun/AutorizarSolicitud-1161.xls HTTP/1.1" 200 4608
192.168.10.122 - - [11/Jan/2017:16:29:07 -0300] "GET /cormun/servlet/vesolicitudot?2017,4184,, HTTP/1.1" 200 8154
192.168.10.122 - - [11/Jan/2017:16:29:08 -0300] "GET /cormun/pexe_scrolldiv.js HTTP/1.1" 404 1009
192.168.10.122 - - [11/Jan/2017:16:29:08 -0300] "GET /cormun/static/gxcfg.js?20161221854299 HTTP/1.1" 200 953
192.168.10.122 - - [11/Jan/2017:16:29:08 -0300] "GET /cormun/static/vesolicitudot.js?20161221854352 HTTP/1.1" 200 6091
192.168.10.122 - - [11/Jan/2017:16:29:08 -0300] "GET /cormun/pexe_scrolldiv.js HTTP/1.1" 404 1009
192.168.10.122 - - [11/Jan/2017:16:29:08 -0300] "GET /cormun/static/hwcviewtabs.js?201612218431866 HTTP/1.1" 200 1074
192.168.10.122 - - [11/Jan/2017:16:29:08 -0300] "GET /cormun/static/hpexe_tabsview.js?201610171694228 HTTP/1.1" 200 1661
192.168.10.122 - - [11/Jan/2017:16:29:08 -0300] "GET /cormun/static/tbsolicitudot01.js?20171111228337 HTTP/1.1" 200 28340
192.168.10.122 - - [11/Jan/2017:16:29:08 -0300] "GET /cormun/static/Resources/PXToolsTabFirstSelected.png HTTP/1.1" 200 1259
192.168.10.122 - - [11/Jan/2017:16:29:08 -0300] "GET /cormun/static/Resources/PXToolsTabLastUnselected.png HTTP/1.1" 200 1291
192.168.10.122 - - [11/Jan/2017:16:29:08 -0300] "GET /cormun/static/Resources/PXToolsTabPrevious.gif HTTP/1.1" 200 172
192.168.10.122 - - [11/Jan/2017:16:29:10 -0300] "GET /cormun/static/Resources/PXToolsTabNext.gif HTTP/1.1" 200 168
192.168.10.89 - - [11/Jan/2017:16:29:10 -0300] "GET /cormun/servlet/hlogin HTTP/1.1" 200 1741
192.168.10.122 - - [11/Jan/2017:16:29:10 -0300] "GET /cormun/static/Resources/PXToolsTabUnselectedUnselected.png HTTP/1.1" 200 1459
192.168.10.122 - - [11/Jan/2017:16:29:10 -0300] "GET /cormun/static/Resources/PXToolsTabSelectedUnselected.png HTTP/1.1" 200 1428
192.168.10.122 - - [11/Jan/2017:16:29:10 -0300] "GET /cormun/static/Resources/PXToolsTabBackUnselected.png HTTP/1.1" 200 1175
192.168.10.122 - - [11/Jan/2017:16:29:10 -0300] "GET /cormun/static/Resources/PXToolsTabBackSelected.png HTTP/1.1" 200 1157
192.168.10.122 - - [11/Jan/2017:16:29:10 -0300] "GET /cormun/static/calendar-system.css HTTP/1.1" 200 5572
192.168.10.122 - - [11/Jan/2017:16:29:10 -0300] "GET /cormun/servlet/vesolicitudot?2017,4184,, HTTP/1.1" 200 8152
192.168.10.122 - - [11/Jan/2017:16:29:14 -0300] "POST /cormun/servlet/vesolicitudot?ff36c5a07aab5927c50818fcc20b828d,2017,4184,,,gx-no-cache=1484163025531 HTTP/1.1" 200 93
192.168.10.122 - - [11/Jan/2017:16:29:14 -0300] "GET /cormun/servlet/hpexe_return? HTTP/1.1" 200 1010
192.168.10.122 - - [11/Jan/2017:16:29:14 -0300] "GET /cormun/servlet/trsolicitudot? HTTP/1.1" 200 18613
192.168.10.122 - - [11/Jan/2017:16:29:15 -0300] "GET /cormun/servlet/trsolicitudot? HTTP/1.1" 200 18609
192.168.10.123 - - [11/Jan/2017:16:29:17 -0300] "GET /cormun/servlet/trautorizarsolicitud? HTTP/1.1" 200 6876
192.168.10.123 - - [11/Jan/2017:16:29:18 -0300] "GET /cormun/servlet/trautorizarsolicitud? HTTP/1.1" 200 6876
192.168.10.89 - - [11/Jan/2017:16:29:19 -0300] "POST /cormun/servlet/hlogin?6d5685d6852f73bbc5d1b11f78c5fc2b,gx-no-cache=1484166264727 HTTP/1.1" 200 90
192.168.10.89 - - [11/Jan/2017:16:29:19 -0300] "GET /cormun/servlet/hpexe_link HTTP/1.1" 200 955
192.168.10.89 - - [11/Jan/2017:16:29:20 -0300] "GET /cormun/servlet/hhome HTTP/1.1" 200 4010
192.168.10.89 - - [11/Jan/2017:16:29:28 -0300] "GET /cormun/servlet/trcontratosolicitud? HTTP/1.1" 200 11456
192.168.10.123 - - [11/Jan/2017:16:29:28 -0300] "POST /cormun/servlet/trautorizarsolicitud?40ef48580ccbe6b08910396243e1ef20,,gx-no-cache=1484163040365 HTTP/1.1" 200 4118
192.168.10.122 - - [11/Jan/2017:16:29:28 -0300] "GET /cormun/servlet/trsolicitudot? HTTP/1.1" 200 18609
192.168.10.122 - - [11/Jan/2017:16:29:29 -0300] "GET /cormun/servlet/trsolicitudot? HTTP/1.1" 200 18609
192.168.10.89 - - [11/Jan/2017:16:29:34 -0300] "GET /cormun/servlet/solicitudotcontratos?INS,2017,0,10231567,7,6,2016,2898,LEY+SEP,201612,4,*, HTTP/1.1" 200 9604
192.168.10.89 - - [11/Jan/2017:16:29:35 -0300] "GET /cormun/static/gxcfg.js?201711020431995 HTTP/1.1" 304 -
192.168.10.89 - - [11/Jan/2017:16:29:36 -0300] "GET /cormun/servlet/solicitudotcontratos?d2af1f191358106e5a4d9091a1269525a39606de0127078e33e4c6e3a1a54edc40e2168d742c97b54448af55d67d86fa,gx-no-cache=1484166282143 HTTP/1.1" 200 30
192.168.10.89 - - [11/Jan/2017:16:29:36 -0300] "GET /cormun/servlet/solicitudotcontratos?d2af1f191358106e5a4d9091a126952572eb6c16935e706f5244804e6cf60f7fa96b4641ab91cf8db3f4e2782552b84746cb3f1db575ce7b9ca862029e295abfff1c6f7c50ac8061d97977da6cd110486526849bc324f1a58e24c15690ca19c6d8c1f43a5745f7f8a34ffc5b9c565448bbb38bb530745fcd44211bd7375b79bc,gx-no-cache=1484166282167 HTTP/1.1" 200 50
192.168.10.89 - - [11/Jan/2017:16:29:36 -0300] "GET /cormun/servlet/solicitudotcontratos?d2af1f191358106e5a4d9091a12695255db5f66de8832129014ff66347d0a569615e92b5ed89b842e55f0e4aafb12a7a,gx-no-cache=1484166282190 HTTP/1.1" 200 30
192.168.10.89 - - [11/Jan/2017:16:29:36 -0300] "GET /cormun/servlet/solicitudotcontratos?d2af1f191358106e5a4d9091a1269525a7119964834acc679c4f57da80a55243b34631e74b3c9367d807d3a385b022fa2e91a23474d5c5576f0de93e82b57b8daf813a3208f57a920234bea1cbf474adbd4c0b40464b8bc9efd144f63debb1cab7c5c7b60b722f0a9bd71a63c3c08dbe,gx-no-cache=1484166282211 HTTP/1.1" 200 30
192.168.10.89 - - [11/Jan/2017:16:29:36 -0300] "GET /cormun/servlet/solicitudotcontratos?d2af1f191358106e5a4d9091a12695250669c38d48ee337f9f7daf67d3a4492d8ca45e54e76daec5df69a0707dbbdd9190800b760f8bb161b371dbfa8f07c8c12e91a23474d5c5576f0de93e82b57b8d9c575d955f6304500ac6152322fb4808dc9a558f9623d3a828c48399a74354aa0c9c0a3cdc64fea34bd3693279acee9c123b739ae9114bceb605e882a5751c7017b3b57e1e8e8e9be5f237f78bd476b990800b760f8bb161b371dbfa8f07c8c1fd41b636c724f7b399eaedea1ceae51fd9244af155cbe18a562244e471349712796ae1e99c0348360d0640e4ae5a48bfd4f80f66a78423e1577eef61a8e2006c471c431b3cbbd82d11845ec737e9498075426624a43e639fd4a063cc6c8989ee83278256a0b254370bbf24fac629b98fc7cb2367719e379adac12a15c3e50c001aae2f1b9535aaa73b46a186baef700cec6876c18cdfe490fc4240b4a839269a97e76b241ca9805fd05c9cbab872e9cc9c124ab14cf5734bc89f98d5b0363de2fd548f6c89268b6d780509951b1c0e5bc10c9d45f2b1e91d816d746f590faa5bfd8048605b54f75a00ee5b405d1def5de7a29f83c5016bd2f983a44d0ab93cca6dbcd790bba5b551514900b3fc4f1840c64f6b035adb18f3336d8b367466271d3eb31ea08362d1d56e204feb7314d08effadfd392d7111b574d7ebd1f4d41bd505b4533a9ea2f3fe0f2c3758ea05373b4724b19847030c0471afa025840f28a55190edcb8b141b6f1bca58cc2081cb674f4b78735c4059e5abe8cc88cbb2bf995843025a3de493cc97c2cc0081c66d4f,gx-no-cache=1484166282237 HTTP/1.1" 200 79
192.168.10.89 - - [11/Jan/2017:16:29:41 -0300] "POST /cormun/servlet/solicitudotcontratos?6d5685d6852f73bbc5d1b11f78c5fc2b,INS,2017,0,10231567,7,6,2016,2898,LEY+SEP,201612,4,*,,gx-no-cache=1484166286510 HTTP/1.1" 200 10348
192.168.10.89 - - [11/Jan/2017:16:29:41 -0300] "POST /cormun/servlet/solicitudotcontratos?gx-no-cache=1484166286856 HTTP/1.1" 200 1263
192.168.10.89 - - [11/Jan/2017:16:29:41 -0300] "POST /cormun/servlet/solicitudotcontratos?gx-no-cache=1484166286901 HTTP/1.1" 200 1140
192.168.10.89 - - [11/Jan/2017:16:29:41 -0300] "GET /cormun/servlet/solicitudotcontratos?d2af1f191358106e5a4d9091a1269525ce0c52bc8c60dcd3a8f0fa2fd5b4c6919f91238fc063a55c869167ba789809954709c1bf525ecd2e0a5fdde22bcfae6640ea898a54871758396da078fa4605f1c8e3e54b0831ba437caa6f8a434a09c06a80715092020fe8fb851f246bec3e891dd2ad61e0e6aa2fb6a7b30278a8c796,gx-no-cache=1484166286996 HTTP/1.1" 200 30
192.168.10.89 - - [11/Jan/2017:16:29:41 -0300] "POST /cormun/servlet/solicitudotcontratos?6d5685d6852f73bbc5d1b11f78c5fc2b,INS,2017,0,10231567,7,6,2016,2898,LEY+SEP,201612,4,*,,gx-no-cache=1484166287071 HTTP/1.1" 200 93
192.168.10.89 - - [11/Jan/2017:16:29:42 -0300] "GET /cormun/servlet/hpexe_return? HTTP/1.1" 200 1050
192.168.10.89 - - [11/Jan/2017:16:29:42 -0300] "GET /cormun/servlet/trcontratosolicitud HTTP/1.1" 200 11289
192.168.10.123 - - [11/Jan/2017:16:29:45 -0300] "GET /cormun/servlet/trcontratosolicitud? HTTP/1.1" 200 12151
192.168.10.123 - - [11/Jan/2017:16:29:46 -0300] "GET /cormun/servlet/trcontratosolicitud? HTTP/1.1" 200 12167
192.168.10.122 - - [11/Jan/2017:16:29:58 -0300] "GET /cormun/servlet/trvisualizadoreventos? HTTP/1.1" 200 6676
192.168.10.122 - - [11/Jan/2017:16:30:00 -0300] "GET /cormun/servlet/trvisualizadoreventos? HTTP/1.1" 200 6676
192.168.10.123 - - [11/Jan/2017:16:30:00 -0300] "GET /cormun/servlet/solicitudotcontratos?INS,2017,0,12517376,4,2,2016,4685,LEY+SEP,201612,40,*, HTTP/1.1" 200 9501
192.168.10.123 - - [11/Jan/2017:16:30:01 -0300] "GET /cormun/servlet/solicitudotcontratos?INS,2017,0,12517376,4,2,2016,4685,LEY+SEP,201612,40,*, HTTP/1.1" 200 9537
192.168.10.123 - - [11/Jan/2017:16:30:02 -0300] "GET /cormun/servlet/solicitudotcontratos?8cc89d0a997669d68fa3d2bfb6e7d081c7a609ae9da06b442da78306a2cfc7a84ef53c3230bc8e8aae5c57ca3e08fd7b,gx-no-cache=1484163078125 HTTP/1.1" 200 30
192.168.10.123 - - [11/Jan/2017:16:30:02 -0300] "GET /cormun/servlet/solicitudotcontratos?8cc89d0a997669d68fa3d2bfb6e7d08122681cca58bc8da9c0091ac41d839cba112087e686b2a9e7864eb92127aa23097d32cee042afcc90b0f03a297123fe972ebbd9c20c776251da0011ae6372ea9127deca93a53076d153fc394cc7e2596a6282a46532ed27e2edf6462d73d5058da280c8b0db64cfd8339fe0a26925bd40,gx-no-cache=1484163078155 HTTP/1.1" 200 48
192.168.10.123 - - [11/Jan/2017:16:30:02 -0300] "GET /cormun/servlet/solicitudotcontratos?8cc89d0a997669d68fa3d2bfb6e7d08182bf5f58c8831bb21e4c558475e2e4e84560a18b8e225a9d22e0652e1565fbdd,gx-no-cache=1484163078183 HTTP/1.1" 200 30
192.168.10.123 - - [11/Jan/2017:16:30:02 -0300] "GET /cormun/servlet/solicitudotcontratos?8cc89d0a997669d68fa3d2bfb6e7d08173ae588970978534b1fac027a7c25976a6b3409029f205c5eb9d8d60758ce29cfb4f2a6207841122557f57878141cbef7247e2323761a5a69a3d9db52e74b0e5e5bab460640976dab6493fd57cdcda88dfa68c28a615198048ae17c9d93f5dcc,gx-no-cache=1484163078208 HTTP/1.1" 200 30
192.168.10.123 - - [11/Jan/2017:16:30:02 -0300] "GET /cormun/servlet/solicitudotcontratos?8cc89d0a997669d68fa3d2bfb6e7d0818e1a2adb8200261591d605f22fbb38156bf7ca0fe86dfe18560c46b6589e83a86e852892cab274fa7d67ee3a44cf3c41fb4f2a6207841122557f57878141cbef8765b34be1eff526c47f2057ab3b2444654c17eda1cee7f9f0951cffff0d45ed88d7287cd379f350a47e66235c47061005f70254b826765a50e894ae5a543b360687acab623f587ff4c55223e7f91f616e852892cab274fa7d67ee3a44cf3c415fce4b2dfacc1aac5131246b5c644548cc93c8b7c94b2fe0826e8d990a18829266c293f48164a36ce8c221f38a642e51d9d33f7427a1f7e53b64998dabc8aab77c3338b65f7ecac9bf21a6eeaaaf9c749389c478b40b242ae0f86663f3b53ef2808544ee9d8d660a9ad7f5f681478d782e37f0afbdf0495301568d677895374cedc4b1d80fae552cd4a1888c5ebf22c87b00b4ad25eeb2f2b8a224acba24adf89afd31346a963d05f365bb9617e9478983e5284476318d99d81c130fee1733bf9b32aca2aecbf7eb0498509c3098793383e84f636d9da937c473df231606794b36ee38ebc361d7bcc863802c6242fbb399a2b740b2e98a27c5fa8c4822a9355e617dbaaeb861e913b77fdb1e25c6cc1a4fc68fd0e3545727e39c4c5331cd2d6adaa047f7d94424824cf16643be0ded9434981b30a38f1e28575490fda87042d734f6fcd91106be85ba1f6557750233bda3e4ca2c139a95f09fde3b3c97ee1c1e476484144b9729bfee18fe58f9d4db4e6e9fc1448b980b511c48c4f63a2ac391ab14256466ded8e25ab3cc60651801c3,gx-no-cache=1484163078244 HTTP/1.1" 200 79
192.168.10.122 - - [11/Jan/2017:16:30:05 -0300] "POST /cormun/servlet/trvisualizadoreventos?ff36c5a07aab5927c50818fcc20b828d,,gx-no-cache=1484163077571 HTTP/1.1" 200 3945
192.168.10.122 - - [11/Jan/2017:16:30:06 -0300] "POST /cormun/servlet/trvisualizadoreventos?ff36c5a07aab5927c50818fcc20b828d,,gx-no-cache=1484163078135 HTTP/1.1" 200 3945
192.168.10.122 - - [11/Jan/2017:16:30:07 -0300] "POST /cormun/servlet/trvisualizadoreventos?ff36c5a07aab5927c50818fcc20b828d,,gx-no-cache=1484163079115 HTTP/1.1" 200 3945
192.168.10.122 - - [11/Jan/2017:16:30:07 -0300] "POST /cormun/servlet/trvisualizadoreventos?ff36c5a07aab5927c50818fcc20b828d,,gx-no-cache=1484163079483 HTTP/1.1" 200 3945
192.168.10.43 - - [11/Jan/2017:16:30:11 -0300] "GET /cormun/servlet/solicitudot?d767355118ca304d2680e65a482f3a956bea8643467f838051aed7e662be91a6,gx-no-cache=1484166316643 HTTP/1.1" 200 20
192.168.10.122 - - [11/Jan/2017:16:30:13 -0300] "POST /cormun/servlet/trvisualizadoreventos?ff36c5a07aab5927c50818fcc20b828d,,gx-no-cache=1484163085125 HTTP/1.1" 200 3947
192.168.10.123 - - [11/Jan/2017:16:30:13 -0300] "POST /cormun/servlet/solicitudotcontratos?40ef48580ccbe6b08910396243e1ef20,INS,2017,0,12517376,4,2,2016,4685,LEY+SEP,201612,40,*,,gx-no-cache=1484163089607 HTTP/1.1" 200 10346
192.168.10.123 - - [11/Jan/2017:16:30:13 -0300] "POST /cormun/servlet/solicitudotcontratos?gx-no-cache=1484163089921 HTTP/1.1" 200 1263
192.168.10.123 - - [11/Jan/2017:16:30:13 -0300] "POST /cormun/servlet/solicitudotcontratos?gx-no-cache=1484163089960 HTTP/1.1" 200 1140
192.168.10.123 - - [11/Jan/2017:16:30:13 -0300] "GET /cormun/servlet/solicitudotcontratos?8cc89d0a997669d68fa3d2bfb6e7d081e02309de187ae8ced254c818b71479d7bf0d0c6f13f0f75b7a63dcad5f20f6af08fee8e211f4e2f5b39159b3a72c6739e13cd84462cc3356198798a396ea151d96c050ece13cba633c7a7529efede26393371b6569a6b5e9890f5390521e116031f9280d5dd6500587543fd3c451d149,gx-no-cache=1484163089996 HTTP/1.1" 200 30
192.168.10.123 - - [11/Jan/2017:16:30:14 -0300] "POST /cormun/servlet/solicitudotcontratos?40ef48580ccbe6b08910396243e1ef20,INS,2017,0,12517376,4,2,2016,4685,LEY+SEP,201612,40,*,,gx-no-cache=1484163090017 HTTP/1.1" 200 93
192.168.10.123 - - [11/Jan/2017:16:30:14 -0300] "GET /cormun/servlet/hpexe_return? HTTP/1.1" 200 1054
192.168.10.123 - - [11/Jan/2017:16:30:14 -0300] "GET /cormun/servlet/trcontratosolicitud HTTP/1.1" 200 12016
192.168.10.123 - - [11/Jan/2017:16:30:15 -0300] "GET /cormun/servlet/trcontratosolicitud HTTP/1.1" 200 12014
192.168.10.122 - - [11/Jan/2017:16:30:17 -0300] "POST /cormun/servlet/trvisualizadoreventos?ff36c5a07aab5927c50818fcc20b828d,,gx-no-cache=1484163088303 HTTP/1.1" 200 3945
192.168.10.122 - - [11/Jan/2017:16:30:20 -0300] "POST /cormun/servlet/trvisualizadoreventos?ff36c5a07aab5927c50818fcc20b828d,,gx-no-cache=1484163092559 HTTP/1.1" 200 3945
192.168.10.43 - - [11/Jan/2017:16:30:21 -0300] "POST /cormun/servlet/solicitudot?0b829dbb60492a0a6ddbc89783a493d4,INS,0,0,,gx-no-cache=1484166326886 HTTP/1.1" 200 11144
192.168.10.43 - - [11/Jan/2017:16:30:24 -0300] "GET /cormun/servlet/prpersonalsolicitud?13718866,,,,,MD,,gxPopupLevel%3D0%3B HTTP/1.1" 200 5586
192.168.10.122 - - [11/Jan/2017:16:30:24 -0300] "POST /cormun/servlet/trvisualizadoreventos?ff36c5a07aab5927c50818fcc20b828d,,gx-no-cache=1484163096192 HTTP/1.1" 200 3945
192.168.10.122 - - [11/Jan/2017:16:30:27 -0300] "POST /cormun/servlet/trvisualizadoreventos?ff36c5a07aab5927c50818fcc20b828d,,gx-no-cache=1484163099312 HTTP/1.1" 200 3945
