192.168.10.123 - - [11/Jan/2017:16:30:29 -0300] "GET /cormun/servlet/solicitudotcontratos?INS,2017,0,14202805,0,2,2016,2252,LEY+SEP,201612,34,*, HTTP/1.1" 200 9502
192.168.10.43 - - [11/Jan/2017:16:30:35 -0300] "GET /cormun/servlet/solicitudot?d767355118ca304d2680e65a482f3a956bea8643467f838051aed7e662be91a6,gx-no-cache=1484166336168 HTTP/1.1" 200 20
192.168.10.123 - - [11/Jan/2017:16:30:35 -0300] "GET /cormun/servlet/solicitudotcontratos?8cc89d0a997669d68fa3d2bfb6e7d0814144660e79dbf417fd7c257b9c7d2b394ef53c3230bc8e8aae5c57ca3e08fd7b,gx-no-cache=1484163106634 HTTP/1.1" 200 30
192.168.10.123 - - [11/Jan/2017:16:30:35 -0300] "GET /cormun/servlet/solicitudotcontratos?INS,2017,0,14202805,0,2,2016,2252,LEY+SEP,201612,34,*, HTTP/1.1" 200 9537
192.168.10.122 - - [11/Jan/2017:16:30:35 -0300] "POST /cormun/servlet/trvisualizadoreventos?ff36c5a07aab5927c50818fcc20b828d,,gx-no-cache=1484163103408 HTTP/1.1" 200 3944
192.168.10.123 - - [11/Jan/2017:16:30:35 -0300] "GET /cormun/servlet/solicitudotcontratos?8cc89d0a997669d68fa3d2bfb6e7d08122681cca58bc8da9c0091ac41d839cba112087e686b2a9e7864eb92127aa23097d32cee042afcc90b0f03a297123fe972ebbd9c20c776251da0011ae6372ea9127deca93a53076d153fc394cc7e2596a6282a46532ed27e2edf6462d73d5058da280c8b0db64cfd8339fe0a26925bd40,gx-no-cache=1484163111166 HTTP/1.1" 200 48
192.168.10.123 - - [11/Jan/2017:16:30:35 -0300] "GET /cormun/servlet/solicitudotcontratos?8cc89d0a997669d68fa3d2bfb6e7d08131d3e3c050ff0910acd2284e5f8f5d11fd9dec56cad812351584412e223f92dc,gx-no-cache=1484163111246 HTTP/1.1" 200 30
192.168.10.123 - - [11/Jan/2017:16:30:35 -0300] "GET /cormun/servlet/solicitudotcontratos?8cc89d0a997669d68fa3d2bfb6e7d08173ae588970978534b1fac027a7c25976a6b3409029f205c5eb9d8d60758ce29cfb4f2a6207841122557f57878141cbef7247e2323761a5a69a3d9db52e74b0e5e5bab460640976dab6493fd57cdcda88dfa68c28a615198048ae17c9d93f5dcc,gx-no-cache=1484163111266 HTTP/1.1" 200 30
192.168.10.123 - - [11/Jan/2017:16:30:35 -0300] "GET /cormun/servlet/solicitudotcontratos?8cc89d0a997669d68fa3d2bfb6e7d0818e1a2adb8200261591d605f22fbb38156bf7ca0fe86dfe18560c46b6589e83a86e852892cab274fa7d67ee3a44cf3c41fb4f2a6207841122557f57878141cbef8765b34be1eff526c47f2057ab3b2444654c17eda1cee7f9f0951cffff0d45ed88d7287cd379f350a47e66235c47061005f70254b826765a50e894ae5a543b360687acab623f587ff4c55223e7f91f616e852892cab274fa7d67ee3a44cf3c415fce4b2dfacc1aac5131246b5c644548cc93c8b7c94b2fe0826e8d990a18829266c293f48164a36ce8c221f38a642e51d9d33f7427a1f7e53b64998dabc8aab77c3338b65f7ecac9bf21a6eeaaaf9c749389c478b40b242ae0f86663f3b53ef2808544ee9d8d660a9ad7f5f681478d782e37f0afbdf0495301568d677895374cedc4b1d80fae552cd4a1888c5ebf22c87b00b4ad25eeb2f2b8a224acba24adf89afd31346a963d05f365bb9617e9478983e5284476318d99d81c130fee1733bf9b32aca2aecbf7eb0498509c3098793383e84f636d9da937c473df231606794b36ee38ebc361d7bcc863802c6242fbb399a2b740b2e98a27c5fa8c4822a9355e617dbaaeb861e913b77fdb1e25c6cc1a4fc68fd0e3545727e39c4c5331cd2d6adaa047f7d94424824cf16643be0ded9434981b30a38f1e28575490fda87042d734f6fcd91106be85ba1f6557750233bda3e4ca2c139a95f09fde3b3c97ee1c1e476484144b9729bfee18fe58f9d4db4e6e9fc1448b980b511c48c4f63a2ac391ab14256466ded8e25ab3cc60651801c3,gx-no-cache=1484163111292 HTTP/1.1" 200 79
192.168.10.43 - - [11/Jan/2017:16:30:36 -0300] "GET /cormun/servlet/prpersonalsolicitud?13718866,,,,,MD,,gxPopupLevel%3D0%3B HTTP/1.1" 200 5586
192.168.10.122 - - [11/Jan/2017:16:30:38 -0300] "GET /cormun/static/menuarrow.gif HTTP/1.1" 404 1015
192.168.10.122 - - [11/Jan/2017:16:30:43 -0300] "POST /cormun/servlet/trvisualizadoreventos?ff36c5a07aab5927c50818fcc20b828d,,gx-no-cache=1484163115325 HTTP/1.1" 200 3944
192.168.10.123 - - [11/Jan/2017:16:30:43 -0300] "POST /cormun/servlet/solicitudotcontratos?40ef48580ccbe6b08910396243e1ef20,INS,2017,0,14202805,0,2,2016,2252,LEY+SEP,201612,34,*,,gx-no-cache=1484163119822 HTTP/1.1" 200 10349
192.168.10.123 - - [11/Jan/2017:16:30:43 -0300] "POST /cormun/servlet/solicitudotcontratos?gx-no-cache=1484163120071 HTTP/1.1" 200 1264
192.168.10.123 - - [11/Jan/2017:16:30:44 -0300] "POST /cormun/servlet/solicitudotcontratos?gx-no-cache=1484163120109 HTTP/1.1" 200 1140
192.168.10.123 - - [11/Jan/2017:16:30:44 -0300] "GET /cormun/servlet/solicitudotcontratos?8cc89d0a997669d68fa3d2bfb6e7d081e02309de187ae8ced254c818b71479d7bf0d0c6f13f0f75b7a63dcad5f20f6af08fee8e211f4e2f5b39159b3a72c6739e13cd84462cc3356198798a396ea151d96c050ece13cba633c7a7529efede26393371b6569a6b5e9890f5390521e116031f9280d5dd6500587543fd3c451d149,gx-no-cache=1484163120143 HTTP/1.1" 200 30
192.168.10.123 - - [11/Jan/2017:16:30:44 -0300] "POST /cormun/servlet/solicitudotcontratos?40ef48580ccbe6b08910396243e1ef20,INS,2017,0,14202805,0,2,2016,2252,LEY+SEP,201612,34,*,,gx-no-cache=1484163120165 HTTP/1.1" 200 93
192.168.10.123 - - [11/Jan/2017:16:30:44 -0300] "GET /cormun/servlet/hpexe_return? HTTP/1.1" 200 1054
192.168.10.123 - - [11/Jan/2017:16:30:44 -0300] "GET /cormun/servlet/trcontratosolicitud HTTP/1.1" 200 11922
192.168.10.123 - - [11/Jan/2017:16:30:44 -0300] "GET /cormun/static/gxcfg.js?20171317451682 HTTP/1.1" 304 -
192.168.10.123 - - [11/Jan/2017:16:30:45 -0300] "GET /cormun/servlet/trcontratosolicitud HTTP/1.1" 200 11921
192.168.10.122 - - [11/Jan/2017:16:30:47 -0300] "POST /cormun/servlet/trvisualizadoreventos?ff36c5a07aab5927c50818fcc20b828d,,gx-no-cache=1484163119577 HTTP/1.1" 200 3946
192.168.10.122 - - [11/Jan/2017:16:30:52 -0300] "POST /cormun/servlet/trvisualizadoreventos?ff36c5a07aab5927c50818fcc20b828d,,gx-no-cache=1484163124474 HTTP/1.1" 200 3946
192.168.10.123 - - [11/Jan/2017:16:30:54 -0300] "GET /cormun/servlet/solicitudotcontratos?INS,2017,0,14202805,0,6,2016,2904,LEY+SEP,201612,6,*, HTTP/1.1" 200 9493
192.168.10.123 - - [11/Jan/2017:16:30:55 -0300] "GET /cormun/servlet/solicitudotcontratos?INS,2017,0,14202805,0,6,2016,2904,LEY+SEP,201612,6,*, HTTP/1.1" 200 9525
192.168.10.123 - - [11/Jan/2017:16:30:55 -0300] "GET /cormun/servlet/solicitudotcontratos?8cc89d0a997669d68fa3d2bfb6e7d0814144660e79dbf417fd7c257b9c7d2b394ef53c3230bc8e8aae5c57ca3e08fd7b,gx-no-cache=1484163131957 HTTP/1.1" 200 30
192.168.10.123 - - [11/Jan/2017:16:30:55 -0300] "GET /cormun/servlet/solicitudotcontratos?8cc89d0a997669d68fa3d2bfb6e7d08122681cca58bc8da9c0091ac41d839cba112087e686b2a9e7864eb92127aa23097d32cee042afcc90b0f03a297123fe972ebbd9c20c776251da0011ae6372ea91d675ec70b13c65d451e784a6e438881625a8ff1db5e4aa414e68abe4d4150137f6943e3d640ec00785720357f68feac0,gx-no-cache=1484163131993 HTTP/1.1" 200 50
192.168.10.123 - - [11/Jan/2017:16:30:55 -0300] "GET /cormun/servlet/solicitudotcontratos?8cc89d0a997669d68fa3d2bfb6e7d08131d3e3c050ff0910acd2284e5f8f5d11d86ef365aeb4ccab0f86017e9d641ae6,gx-no-cache=1484163132035 HTTP/1.1" 200 30
192.168.10.123 - - [11/Jan/2017:16:30:55 -0300] "GET /cormun/servlet/solicitudotcontratos?8cc89d0a997669d68fa3d2bfb6e7d08173ae588970978534b1fac027a7c25976a6b3409029f205c5eb9d8d60758ce29cfb4f2a6207841122557f57878141cbef7247e2323761a5a69a3d9db52e74b0e54866d6dcb554ab62837a76db929a7471dfa68c28a615198048ae17c9d93f5dcc,gx-no-cache=1484163132062 HTTP/1.1" 200 30
192.168.10.123 - - [11/Jan/2017:16:30:55 -0300] "GET /cormun/servlet/solicitudotcontratos?8cc89d0a997669d68fa3d2bfb6e7d0818e1a2adb8200261591d605f22fbb38156bf7ca0fe86dfe18560c46b6589e83a86e852892cab274fa7d67ee3a44cf3c41fb4f2a6207841122557f57878141cbef8765b34be1eff526c47f2057ab3b2444654c17eda1cee7f9f0951cffff0d45ed88d7287cd379f350a47e66235c47061005f70254b826765a50e894ae5a543b360687acab623f587ff4c55223e7f91f616e852892cab274fa7d67ee3a44cf3c415fce4b2dfacc1aac5131246b5c644548cc93c8b7c94b2fe0826e8d990a18829266c293f48164a36ce8c221f38a642e51d9d33f7427a1f7e53b64998dabc8aab77c3338b65f7ecac9bf21a6eeaaaf9c749389c478b40b242ae0f86663f3b53ef2808544ee9d8d660a9ad7f5f681478d782e37f0afbdf0495301568d677895374cedc4b1d80fae552cd4a1888c5ebf22c87b00b4ad25eeb2f2b8a224acba24adf89afd31346a963d05f365bb9617e9478983e5284476318d99d81c130fee1733bf9b32aca2aecbf7eb0498509c3098793383e84f636d9da937c473df231606794b36ee38ebc361d7bcc863802c6242fbb399a2b740b2e98a27c5fa8c4822a9355e617dbaaeb861e913b77fdb1e25c6cc1a4fc68fd0e3545727e39c4c5331cd2d6adaa047f7d94424824cf16643be0ded9434981b30a38f1e28575490fda87042d734f6fcd91106be85ba1f6557750233bda3e4ca2c139a95f09fde3b3c97ee1c1e476484144b9729bfee18fe58f9d4db4e6e9fc1448b980b511c48c4f63a2ac391ab14256466ded8e25ab3cc60651801c3,gx-no-cache=1484163132093 HTTP/1.1" 200 79
192.168.10.122 - - [11/Jan/2017:16:30:59 -0300] "POST /cormun/servlet/trvisualizadoreventos?ff36c5a07aab5927c50818fcc20b828d,,gx-no-cache=1484163131423 HTTP/1.1" 200 3946
192.168.10.123 - - [11/Jan/2017:16:31:03 -0300] "POST /cormun/servlet/solicitudotcontratos?40ef48580ccbe6b08910396243e1ef20,INS,2017,0,14202805,0,6,2016,2904,LEY+SEP,201612,6,*,,gx-no-cache=1484163139701 HTTP/1.1" 200 93
192.168.10.123 - - [11/Jan/2017:16:31:03 -0300] "GET /cormun/servlet/hpexe_return? HTTP/1.1" 200 1051
192.168.10.122 - - [11/Jan/2017:16:31:03 -0300] "POST /cormun/servlet/trvisualizadoreventos?ff36c5a07aab5927c50818fcc20b828d,,gx-no-cache=1484163135639 HTTP/1.1" 200 3948
192.168.10.123 - - [11/Jan/2017:16:31:03 -0300] "GET /cormun/servlet/trcontratosolicitud HTTP/1.1" 200 11926
192.168.10.123 - - [11/Jan/2017:16:31:04 -0300] "GET /cormun/servlet/trcontratosolicitud HTTP/1.1" 200 11908
192.168.10.122 - - [11/Jan/2017:16:31:08 -0300] "POST /cormun/servlet/trvisualizadoreventos?ff36c5a07aab5927c50818fcc20b828d,,gx-no-cache=1484163138248 HTTP/1.1" 200 3947
192.168.10.122 - - [11/Jan/2017:16:31:12 -0300] "POST /cormun/servlet/trvisualizadoreventos?ff36c5a07aab5927c50818fcc20b828d,,gx-no-cache=1484163143888 HTTP/1.1" 200 3947
192.168.10.43 - - [11/Jan/2017:16:31:19 -0300] "GET /cormun/servlet/solicitudot?d767355118ca304d2680e65a482f3a956bea8643467f838051aed7e662be91a6,gx-no-cache=1484166384506 HTTP/1.1" 200 20
192.168.10.122 - - [11/Jan/2017:16:31:22 -0300] "POST /cormun/servlet/trvisualizadoreventos?ff36c5a07aab5927c50818fcc20b828d,,gx-no-cache=1484163153868 HTTP/1.1" 200 3944
192.168.10.122 - - [11/Jan/2017:16:31:24 -0300] "POST /cormun/servlet/trvisualizadoreventos?ff36c5a07aab5927c50818fcc20b828d,,gx-no-cache=1484163156023 HTTP/1.1" 200 3946
192.168.10.123 - - [11/Jan/2017:16:31:32 -0300] "GET /cormun/servlet/solicitudotcontratos?INS,2017,0,15191180,3,6,2016,4195,INTEGRACION,201612,4,*, HTTP/1.1" 200 9516
192.168.10.123 - - [11/Jan/2017:16:31:33 -0300] "GET /cormun/servlet/solicitudotcontratos?INS,2017,0,15191180,3,6,2016,4195,INTEGRACION,201612,4,*, HTTP/1.1" 200 9548
192.168.10.123 - - [11/Jan/2017:16:31:33 -0300] "GET /cormun/servlet/solicitudotcontratos?8cc89d0a997669d68fa3d2bfb6e7d081ca52b5345c96f77b36d3ba11657a63634ef53c3230bc8e8aae5c57ca3e08fd7b,gx-no-cache=1484163169872 HTTP/1.1" 200 30
192.168.10.123 - - [11/Jan/2017:16:31:33 -0300] "GET /cormun/servlet/solicitudotcontratos?8cc89d0a997669d68fa3d2bfb6e7d08122681cca58bc8da9c0091ac41d839cba6c84e79f03ca96beb282808c5b9fd2cc7d32cee042afcc90b0f03a297123fe979ddb901848823f036951935dde23f080d675ec70b13c65d451e784a6e438881625a8ff1db5e4aa414e68abe4d4150137f6943e3d640ec00785720357f68feac0,gx-no-cache=1484163169912 HTTP/1.1" 200 50
192.168.10.123 - - [11/Jan/2017:16:31:33 -0300] "GET /cormun/servlet/solicitudotcontratos?8cc89d0a997669d68fa3d2bfb6e7d0814fc70da2fa86f95fa643601728e15a8625294e6595fa752c12053124c87fd223,gx-no-cache=1484163169956 HTTP/1.1" 200 30
192.168.10.123 - - [11/Jan/2017:16:31:33 -0300] "GET /cormun/servlet/solicitudotcontratos?8cc89d0a997669d68fa3d2bfb6e7d08173ae588970978534b1fac027a7c25976a6b3409029f205c5eb9d8d60758ce29cfb4f2a6207841122557f57878141cbef7247e2323761a5a69a3d9db52e74b0e54866d6dcb554ab62837a76db929a7471dfa68c28a615198048ae17c9d93f5dcc,gx-no-cache=1484163169982 HTTP/1.1" 200 30
192.168.10.123 - - [11/Jan/2017:16:31:33 -0300] "GET /cormun/servlet/solicitudotcontratos?8cc89d0a997669d68fa3d2bfb6e7d0818e1a2adb8200261591d605f22fbb38156bf7ca0fe86dfe18560c46b6589e83a88abee39d8ddca30a17494f5f698c540faab702bda6dba2948a2aeb4d0613d5106638aec0e2faf66cca2ada8ea7bd26c281eaf39af33289136201cda560d06a10035979ff1b67735b1e6b38a4baced3f654f55f74d176733e8d7f0eedf9c154955de0a25c1b0e9aa106d48a69d4e8bc2d1d666fc3aa6e45d4dd7a32978b339e40d1b5d4948cfe751c26b5703fe16e951ccd073da0e90fdb3f8da0c0ae2e9be815d9863bddd6afdc420451bff307ad3e5fb23dd6e20ea497e2706e249d7efc931e2a6ed87622012cecd4adf9cd26365ed76a6e7a6b6cd6ee04bdfeb43a75f37517a5575e5b4d877aab736dc24ea1b586f2e2cb07261b0daff80453e8f8cb1a5d7610950c7c7d4012df7ff9bb29d50e2d63a1796775408c15dfadab003dc4bf1f3c0c95207a68ddc3a2dddf66e7ca31def3ea77d3c81b249299697ae1ff2e967416bf41a2ec69fab4b0bf2c2d4d6b8f22ac906d2298acd5ea3c5f692657dc7dda544eff8b07d1dcedb5323ce0e2bc13fe7a172381bf9bc0ee2c8a8036f290176a6ecef048be7310356cba599d0a2f109ff7d80696b309fe89b0a26733db9bf4e0229676c34da67e7147daea40cbda8c5c90324d890a6ac82b4081093896f31d5cc594ffaf2afaef746a086a32a8c551a8d30db17ae4d7d872a7237b5fd74de16e6e83fe6986827f045153410126af93e0d4644fbba314b28f9a36f4a2f15c92dba24a71db40996fa3168b4cf4bfc18ebacf,gx-no-cache=1484163170014 HTTP/1.1" 200 83
192.168.10.43 - - [11/Jan/2017:16:31:36 -0300] "GET /cormun/servlet/prpersonalsolicitud?13718866,,,,,MD,,gxPopupLevel%3D0%3B HTTP/1.1" 200 5586
192.168.10.123 - - [11/Jan/2017:16:31:43 -0300] "POST /cormun/servlet/solicitudotcontratos?40ef48580ccbe6b08910396243e1ef20,INS,2017,0,15191180,3,6,2016,4195,INTEGRACION,201612,4,*,,gx-no-cache=1484163179487 HTTP/1.1" 200 10367
192.168.10.123 - - [11/Jan/2017:16:31:43 -0300] "POST /cormun/servlet/solicitudotcontratos?gx-no-cache=1484163179750 HTTP/1.1" 200 1262
192.168.10.123 - - [11/Jan/2017:16:31:43 -0300] "POST /cormun/servlet/solicitudotcontratos?gx-no-cache=1484163179792 HTTP/1.1" 200 1140
192.168.10.123 - - [11/Jan/2017:16:31:43 -0300] "GET /cormun/servlet/solicitudotcontratos?8cc89d0a997669d68fa3d2bfb6e7d081e02309de187ae8ced254c818b71479d7bf0d0c6f13f0f75b7a63dcad5f20f6af08fee8e211f4e2f5b39159b3a72c6739e13cd84462cc3356198798a396ea151d96c050ece13cba633c7a7529efede26393371b6569a6b5e9890f5390521e116031f9280d5dd6500587543fd3c451d149,gx-no-cache=1484163179826 HTTP/1.1" 200 30
192.168.10.123 - - [11/Jan/2017:16:31:43 -0300] "POST /cormun/servlet/solicitudotcontratos?40ef48580ccbe6b08910396243e1ef20,INS,2017,0,15191180,3,6,2016,4195,INTEGRACION,201612,4,*,,gx-no-cache=1484163179846 HTTP/1.1" 200 93
192.168.10.123 - - [11/Jan/2017:16:31:43 -0300] "GET /cormun/servlet/hpexe_return? HTTP/1.1" 200 1056
192.168.10.123 - - [11/Jan/2017:16:31:44 -0300] "GET /cormun/servlet/trcontratosolicitud HTTP/1.1" 200 11816
192.168.10.123 - - [11/Jan/2017:16:31:44 -0300] "GET /cormun/servlet/trcontratosolicitud HTTP/1.1" 200 11811
192.168.10.43 - - [11/Jan/2017:16:31:47 -0300] "GET /cormun/servlet/solicitudot?d767355118ca304d2680e65a482f3a956bea8643467f838051aed7e662be91a6,gx-no-cache=1484166412439 HTTP/1.1" 200 20
192.168.10.43 - - [11/Jan/2017:16:31:51 -0300] "POST /cormun/servlet/solicitudot?0b829dbb60492a0a6ddbc89783a493d4,INS,0,0,,gx-no-cache=1484166416597 HTTP/1.1" 200 93
192.168.10.43 - - [11/Jan/2017:16:31:51 -0300] "GET /cormun/servlet/hpexe_return? HTTP/1.1" 200 991
192.168.10.43 - - [11/Jan/2017:16:31:51 -0300] "GET /cormun/servlet/trsolicitudot HTTP/1.1" 200 8005
192.168.10.123 - - [11/Jan/2017:16:32:03 -0300] "GET /cormun/servlet/solicitudotcontratos?INS,2017,0,11889720,k,2,2016,2247,LEY+SEP,201612,38,*, HTTP/1.1" 200 9529
192.168.10.123 - - [11/Jan/2017:16:32:04 -0300] "GET /cormun/servlet/solicitudotcontratos?INS,2017,0,11889720,k,2,2016,2247,LEY+SEP,201612,38,*, HTTP/1.1" 200 9566
192.168.10.123 - - [11/Jan/2017:16:32:04 -0300] "GET /cormun/servlet/solicitudotcontratos?8cc89d0a997669d68fa3d2bfb6e7d08123df68d98d4bd7c11d83fd9f879822e34ef53c3230bc8e8aae5c57ca3e08fd7b,gx-no-cache=1484163200573 HTTP/1.1" 200 30
192.168.10.123 - - [11/Jan/2017:16:32:04 -0300] "GET /cormun/servlet/solicitudotcontratos?8cc89d0a997669d68fa3d2bfb6e7d08122681cca58bc8da9c0091ac41d839cba112087e686b2a9e7864eb92127aa23097d32cee042afcc90b0f03a297123fe972ebbd9c20c776251da0011ae6372ea9127deca93a53076d153fc394cc7e2596a6282a46532ed27e2edf6462d73d5058da280c8b0db64cfd8339fe0a26925bd40,gx-no-cache=1484163200615 HTTP/1.1" 200 48
192.168.10.123 - - [11/Jan/2017:16:32:04 -0300] "GET /cormun/servlet/solicitudotcontratos?8cc89d0a997669d68fa3d2bfb6e7d081fb075190b81085a974c3dd14e460f4c374bd11085706b84c18b151e87a8a9a7e,gx-no-cache=1484163200658 HTTP/1.1" 200 30
192.168.10.123 - - [11/Jan/2017:16:32:04 -0300] "GET /cormun/servlet/solicitudotcontratos?8cc89d0a997669d68fa3d2bfb6e7d08173ae588970978534b1fac027a7c25976a6b3409029f205c5eb9d8d60758ce29cfb4f2a6207841122557f57878141cbef7247e2323761a5a69a3d9db52e74b0e5e5bab460640976dab6493fd57cdcda88dfa68c28a615198048ae17c9d93f5dcc,gx-no-cache=1484163200688 HTTP/1.1" 200 30
192.168.10.123 - - [11/Jan/2017:16:32:04 -0300] "GET /cormun/servlet/solicitudotcontratos?8cc89d0a997669d68fa3d2bfb6e7d0818e1a2adb8200261591d605f22fbb38156bf7ca0fe86dfe18560c46b6589e83a86e852892cab274fa7d67ee3a44cf3c41fb4f2a6207841122557f57878141cbef8765b34be1eff526c47f2057ab3b2444654c17eda1cee7f9f0951cffff0d45ed88d7287cd379f350a47e66235c47061005f70254b826765a50e894ae5a543b360687acab623f587ff4c55223e7f91f616e852892cab274fa7d67ee3a44cf3c415fce4b2dfacc1aac5131246b5c644548cc93c8b7c94b2fe0826e8d990a18829266c293f48164a36ce8c221f38a642e51d9d33f7427a1f7e53b64998dabc8aab77c3338b65f7ecac9bf21a6eeaaaf9c749389c478b40b242ae0f86663f3b53ef2808544ee9d8d660a9ad7f5f681478d782e37f0afbdf0495301568d677895374cedc4b1d80fae552cd4a1888c5ebf22c87b00b4ad25eeb2f2b8a224acba24adf89afd31346a963d05f365bb9617e9478983e5284476318d99d81c130fee1733bf9b32aca2aecbf7eb0498509c3098793383e84f636d9da937c473df231606794b36ee38ebc361d7bcc863802c6242fbb399a2b740b2e98a27c5fa8c4822a9355e617dbaaeb861e913b77fdb1e25c6cc1a4fc68fd0e3545727e39c4c5331cd2d6adaa047f7d94424824cf16643be0ded9434981b30a38f1e28575490fda87042d734f6fcd91106be85ba1f6557750233bda3e4ca2c139a95f09fde3b3c97ee1c1e476484144b9729bfee18fe58f9d4db4e6e9fc1448b980b511c48c4f63a2ac391ab14256466ded8e25ab3cc60651801c3,gx-no-cache=1484163200722 HTTP/1.1" 200 79
192.168.10.123 - - [11/Jan/2017:16:32:13 -0300] "POST /cormun/servlet/solicitudotcontratos?40ef48580ccbe6b08910396243e1ef20,INS,2017,0,11889720,k,2,2016,2247,LEY+SEP,201612,38,*,,gx-no-cache=1484163208986 HTTP/1.1" 200 10372
192.168.10.123 - - [11/Jan/2017:16:32:13 -0300] "POST /cormun/servlet/solicitudotcontratos?gx-no-cache=1484163209245 HTTP/1.1" 200 1263
192.168.10.123 - - [11/Jan/2017:16:32:13 -0300] "POST /cormun/servlet/solicitudotcontratos?gx-no-cache=1484163209284 HTTP/1.1" 200 1139
192.168.10.123 - - [11/Jan/2017:16:32:13 -0300] "GET /cormun/servlet/solicitudotcontratos?8cc89d0a997669d68fa3d2bfb6e7d081e02309de187ae8ced254c818b71479d7bf0d0c6f13f0f75b7a63dcad5f20f6af08fee8e211f4e2f5b39159b3a72c6739e13cd84462cc3356198798a396ea151d96c050ece13cba633c7a7529efede26393371b6569a6b5e9890f5390521e116031f9280d5dd6500587543fd3c451d149,gx-no-cache=1484163209318 HTTP/1.1" 200 30
192.168.10.122 - - [11/Jan/2017:16:32:18 -0300] "GET /cormun/servlet/hlogin HTTP/1.1" 200 1740
192.168.10.122 - - [11/Jan/2017:16:32:18 -0300] "GET /cormun/static/gxcfg.js?201612216162538 HTTP/1.1" 304 -
192.168.10.123 - - [11/Jan/2017:16:32:18 -0300] "POST /cormun/servlet/solicitudotcontratos?40ef48580ccbe6b08910396243e1ef20,INS,2017,0,11889720,k,2,2016,2247,LEY+SEP,201612,38,*,,gx-no-cache=1484163209338 HTTP/1.1" 200 93
192.168.10.123 - - [11/Jan/2017:16:32:18 -0300] "GET /cormun/servlet/hpexe_return? HTTP/1.1" 200 1056
192.168.10.123 - - [11/Jan/2017:16:32:18 -0300] "GET /cormun/servlet/trcontratosolicitud HTTP/1.1" 200 11707
192.168.10.123 - - [11/Jan/2017:16:32:19 -0300] "GET /cormun/servlet/trcontratosolicitud HTTP/1.1" 200 11706
192.168.10.43 - - [11/Jan/2017:16:32:22 -0300] "POST /cormun/servlet/trsolicitudot?0b829dbb60492a0a6ddbc89783a493d4,gx-no-cache=1484166448124 HTTP/1.1" 200 4126
192.168.10.43 - - [11/Jan/2017:16:32:23 -0300] "GET /cormun/static/Shared/jqueryui/images/ui-icons_8d78a5_256x240.png HTTP/1.1" 404 1089
192.168.10.43 - - [11/Jan/2017:16:32:23 -0300] "GET /cormun/static/Shared/jqueryui/images/ui-bg_flat_55_fafafa_40x100.png HTTP/1.1" 404 1097
192.168.10.43 - - [11/Jan/2017:16:32:23 -0300] "GET /cormun/static/Shared/jqueryui/images/ui-icons_82798d_256x240.png HTTP/1.1" 404 1089
192.168.10.43 - - [11/Jan/2017:16:32:23 -0300] "GET /cormun/static/Shared/jqueryui/images/ui-bg_highlight-soft_100_c6c2c8_1x100.png HTTP/1.1" 404 1117
192.168.10.43 - - [11/Jan/2017:16:32:23 -0300] "POST /cormun/servlet/trsolicitudot?0b829dbb60492a0a6ddbc89783a493d4,gx-no-cache=1484166448561 HTTP/1.1" 200 3899
192.168.10.43 - - [11/Jan/2017:16:32:33 -0300] "GET /cormun/servlet/solicitudot?INS,0,0, HTTP/1.1" 200 12535
192.168.10.123 - - [11/Jan/2017:16:32:40 -0300] "GET /cormun/servlet/solicitudotcontratos?INS,2017,0,11171407,K,6,2016,1897,NADA,201612,12,*, HTTP/1.1" 200 9521
192.168.10.123 - - [11/Jan/2017:16:32:41 -0300] "GET /cormun/servlet/solicitudotcontratos?INS,2017,0,11171407,K,6,2016,1897,NADA,201612,12,*, HTTP/1.1" 200 9553
192.168.10.123 - - [11/Jan/2017:16:32:41 -0300] "GET /cormun/servlet/solicitudotcontratos?8cc89d0a997669d68fa3d2bfb6e7d081aed2d980a980649554fd846588eaed104ef53c3230bc8e8aae5c57ca3e08fd7b,gx-no-cache=1484163237548 HTTP/1.1" 200 30
192.168.10.123 - - [11/Jan/2017:16:32:41 -0300] "GET /cormun/servlet/solicitudotcontratos?8cc89d0a997669d68fa3d2bfb6e7d08122681cca58bc8da9c0091ac41d839cba6c84e79f03ca96beb282808c5b9fd2cc7d32cee042afcc90b0f03a297123fe979ddb901848823f036951935dde23f080d675ec70b13c65d451e784a6e438881625a8ff1db5e4aa414e68abe4d4150137f6943e3d640ec00785720357f68feac0,gx-no-cache=1484163237575 HTTP/1.1" 200 50
192.168.10.123 - - [11/Jan/2017:16:32:41 -0300] "GET /cormun/servlet/solicitudotcontratos?8cc89d0a997669d68fa3d2bfb6e7d08169e9f741ba7bd1c51c4ea8558da1845d97d9e11e3ffaa8769406a518ca9a800a,gx-no-cache=1484163237602 HTTP/1.1" 200 30
192.168.10.123 - - [11/Jan/2017:16:32:41 -0300] "GET /cormun/servlet/solicitudotcontratos?8cc89d0a997669d68fa3d2bfb6e7d08173ae588970978534b1fac027a7c25976a6b3409029f205c5eb9d8d60758ce29cfb4f2a6207841122557f57878141cbef7247e2323761a5a69a3d9db52e74b0e54866d6dcb554ab62837a76db929a7471dfa68c28a615198048ae17c9d93f5dcc,gx-no-cache=1484163237628 HTTP/1.1" 200 30
192.168.10.123 - - [11/Jan/2017:16:32:41 -0300] "GET /cormun/servlet/solicitudotcontratos?8cc89d0a997669d68fa3d2bfb6e7d0818e1a2adb8200261591d605f22fbb38156bf7ca0fe86dfe18560c46b6589e83a812dcae38e5e48730be921b809de18e6f6951487132b6e35b28dd1004ede25b62ec1df7277b8670bd27573ed03cef278c9046a9ee504bf9d8aec4b44868e8e5c6afe438f143f7343464c2a29619593ef33d1777ec0efb68ac7befe1fc0ecaa3e47950107e770c7cfd5a6d8cfbc33b63d81b2cd07b31a7389d910b720a939639390ca74330424f8428d230d94d989bf369bd3f14f2f22092eb8af50bf709591ac4b942a4e91137b2e128a365454f22b3752cb335aa390d330b09d36d7778b6d2151d4a8301a741ac650edcbedea80858a8f610fd06c3efee0355b6dadee37779d2d9b8b1c9a212708eb5187ce9eb39709df385789d2b11726a3045d0fc510c3100808544ee9d8d660a9ad7f5f681478d78b89117a2c968b21290ffb927e14ad47042206ce2106549fb03ca0bb308211fb785650ff3027938794cdf423fb792a4b8ed41acb48a45da1f92d3889be96141db4c4167087cdacb56cea8f7a9d392b6aab846079fa06af9de5ca28a36bf95b82f77f39bfbcb304f96ea182a962a946f35b064065703f052b5d05dea1ce6f444dbd0f279ac0a7f40e3ffca45318cfafa8bea932f2e32a5b0cc72f76940d3ba9d4edc3679413fa21b4bfaaa2ba1240469d6b846079fa06af9de5ca28a36bf95b82f797d843b209a35a21e0e3fa82875c6da586e3256aba53d40ebff8dc05c4a8d72b24cc09ed44c31d29d587d7a76686e1c04be84940009d4e382638594f157c897,gx-no-cache=1484163237662 HTTP/1.1" 200 72
192.168.10.43 - - [11/Jan/2017:16:32:48 -0300] "POST /cormun/servlet/solicitudot?gx-no-cache=1484166473337 HTTP/1.1" 200 3181
192.168.10.43 - - [11/Jan/2017:16:32:48 -0300] "POST /cormun/servlet/solicitudot?0b829dbb60492a0a6ddbc89783a493d4,INS,0,0,,gx-no-cache=1484166473586 HTTP/1.1" 200 9736
192.168.10.123 - - [11/Jan/2017:16:32:50 -0300] "POST /cormun/servlet/solicitudotcontratos?40ef48580ccbe6b08910396243e1ef20,INS,2017,0,11171407,K,6,2016,1897,NADA,201612,12,*,,gx-no-cache=1484163246394 HTTP/1.1" 200 10360
192.168.10.123 - - [11/Jan/2017:16:32:50 -0300] "POST /cormun/servlet/solicitudotcontratos?gx-no-cache=1484163246653 HTTP/1.1" 200 1263
192.168.10.123 - - [11/Jan/2017:16:32:50 -0300] "POST /cormun/servlet/solicitudotcontratos?gx-no-cache=1484163246694 HTTP/1.1" 200 1141
192.168.10.123 - - [11/Jan/2017:16:32:50 -0300] "GET /cormun/servlet/solicitudotcontratos?8cc89d0a997669d68fa3d2bfb6e7d081e02309de187ae8ced254c818b71479d7bf0d0c6f13f0f75b7a63dcad5f20f6af08fee8e211f4e2f5b39159b3a72c6739e13cd84462cc3356198798a396ea151d96c050ece13cba633c7a7529efede26393371b6569a6b5e9890f5390521e116031f9280d5dd6500587543fd3c451d149,gx-no-cache=1484163246729 HTTP/1.1" 200 30
192.168.10.123 - - [11/Jan/2017:16:32:50 -0300] "POST /cormun/servlet/solicitudotcontratos?40ef48580ccbe6b08910396243e1ef20,INS,2017,0,11171407,K,6,2016,1897,NADA,201612,12,*,,gx-no-cache=1484163246748 HTTP/1.1" 200 93
192.168.10.123 - - [11/Jan/2017:16:32:50 -0300] "GET /cormun/servlet/hpexe_return? HTTP/1.1" 200 1051
192.168.10.123 - - [11/Jan/2017:16:32:51 -0300] "GET /cormun/servlet/trcontratosolicitud HTTP/1.1" 200 11579
192.168.10.43 - - [11/Jan/2017:16:32:51 -0300] "GET /cormun/servlet/solicitudot?13643c86b6af28e26d8c94af7690729bf3a4dfe9a8315db642ad23207559fd15b00986c4d31ad3e6c9d2e8341c541001,gx-no-cache=1484166476987 HTTP/1.1" 200 30
192.168.10.43 - - [11/Jan/2017:16:32:51 -0300] "POST /cormun/servlet/solicitudot?gx-no-cache=1484166477128 HTTP/1.1" 200 255
192.168.10.123 - - [11/Jan/2017:16:32:51 -0300] "GET /cormun/servlet/trcontratosolicitud HTTP/1.1" 200 11579
192.168.10.43 - - [11/Jan/2017:16:32:51 -0300] "GET /cormun/servlet/solicitudot?13643c86b6af28e26d8c94af7690729b7d4336c5499b1575b42500447d24afd17b0c2da7a66a50024493652bb22c0c3fb981f6846a577cf4b8ca167362baf61d2bf3bc1695b87bd89550a4214b9680f50a9480cce911a550c9321ef12203ab9cdeda6e95edd6de9aa473a36d3959ccf65079df8333916156ce5432f4d8436cd5be676340cd19966045ccf0a32290d924bae515710f9540efd9d17f75cdb59886e997806ce83fe5a9b4a60da406e829c66b244470ca7b99eceac995d819390697c9d3df588c461def69854ca7813b3f76e4eb2e34454f70fecaf2c5dbfb9e69cc90376abb6c444f68ad23d892514faae71310d4b548b21f3126070a9dd06d1ceab51845ee29011c0c4f90256f09bcfcb66e3a367843b8a9e7ef4cf5cd7a71be97c29e39b8544d481640b69a48816356594806141cb26d0f0fdc311d4e7049b964420439053d8fe154127d121751eb7d363b3d161b4ed196a9f79e6e521ca49a4c60eeff8fb6090d458179214cd052784d5cec2bebe565df49a2bb621c2f44c6a2,gx-no-cache=1484166477237 HTTP/1.1" 200 30
192.168.10.43 - - [11/Jan/2017:16:32:53 -0300] "POST /cormun/servlet/solicitudot?gx-no-cache=1484166478922 HTTP/1.1" 200 30
192.168.10.123 - - [11/Jan/2017:16:32:57 -0300] "GET /cormun/servlet/trsolicitudot? HTTP/1.1" 200 6893
192.168.10.43 - - [11/Jan/2017:16:32:57 -0300] "GET /cormun/servlet/prpersonalsolicitud?13718866,,,,,MD,,gxPopupLevel%3D0%3B HTTP/1.1" 200 5586
192.168.10.123 - - [11/Jan/2017:16:32:57 -0300] "GET /cormun/servlet/trsolicitudot? HTTP/1.1" 200 6893
192.168.10.43 - - [11/Jan/2017:16:33:12 -0300] "GET /cormun/servlet/solicitudot?d767355118ca304d2680e65a482f3a956bea8643467f838051aed7e662be91a6,gx-no-cache=1484166487049 HTTP/1.1" 200 20
192.168.10.123 - - [11/Jan/2017:16:33:44 -0300] "POST /cormun/servlet/trsolicitudot?40ef48580ccbe6b08910396243e1ef20,,gx-no-cache=1484163294338 HTTP/1.1" 200 4125
192.168.10.43 - - [11/Jan/2017:16:33:44 -0300] "POST /cormun/servlet/solicitudot?gx-no-cache=1484166497891 HTTP/1.1" 200 1278
192.168.10.43 - - [11/Jan/2017:16:33:44 -0300] "POST /cormun/servlet/solicitudot?gx-no-cache=1484166530144 HTTP/1.1" 200 38
192.168.10.43 - - [11/Jan/2017:16:33:44 -0300] "GET /cormun/servlet/solicitudot?13643c86b6af28e26d8c94af7690729b4ede81631b76e843de3225fbc486961679145a53f82f46251c39d1b8a93a58f962742334900f6171ba4f5ca4ea0ee1f0d2926cdf62dd1d60a19ed6cfb74c29d7e0b9c1c3dbec8eef71788f9b76ec4e8854a17f5e3f3aecb10ff325a8de1a310a3da13fdf962811837dd46f368938e7888178075da1ae88fd4c91dced33a9b4fa8117515701cb2ea749a6cad62d27850f,gx-no-cache=1484166530347 HTTP/1.1" 200 29
192.168.10.43 - - [11/Jan/2017:16:33:45 -0300] "POST /cormun/servlet/solicitudot?gx-no-cache=1484166530410 HTTP/1.1" 200 1261
192.168.10.43 - - [11/Jan/2017:16:33:45 -0300] "POST /cormun/servlet/solicitudot?gx-no-cache=1484166530493 HTTP/1.1" 200 1144
192.168.10.123 - - [11/Jan/2017:16:33:54 -0300] "POST /cormun/servlet/trsolicitudot?40ef48580ccbe6b08910396243e1ef20,,gx-no-cache=1484163310062 HTTP/1.1" 200 4131
192.168.10.123 - - [11/Jan/2017:16:34:01 -0300] "GET /cormun/servlet/trsolicitudot? HTTP/1.1" 200 6910
192.168.10.123 - - [11/Jan/2017:16:34:02 -0300] "GET /cormun/servlet/trsolicitudot? HTTP/1.1" 200 6910
192.168.10.123 - - [11/Jan/2017:16:34:06 -0300] "GET /cormun/servlet/solicitudot?INS,0,0, HTTP/1.1" 200 12722
192.168.10.123 - - [11/Jan/2017:16:34:07 -0300] "GET /cormun/servlet/solicitudot?INS,0,0, HTTP/1.1" 200 12726
192.168.10.123 - - [11/Jan/2017:16:34:19 -0300] "POST /cormun/servlet/solicitudot?gx-no-cache=1484163335112 HTTP/1.1" 200 3081
192.168.10.123 - - [11/Jan/2017:16:34:19 -0300] "POST /cormun/servlet/solicitudot?40ef48580ccbe6b08910396243e1ef20,INS,0,0,,gx-no-cache=1484163335273 HTTP/1.1" 200 9832
192.168.10.123 - - [11/Jan/2017:16:34:20 -0300] "GET /cormun/servlet/solicitudot?8cc89d0a997669d68fa3d2bfb6e7d081b656f8c46cd4504324a18cd5f60c638edfa68c28a615198048ae17c9d93f5dcc,gx-no-cache=1484163336290 HTTP/1.1" 200 111
192.168.10.123 - - [11/Jan/2017:16:34:20 -0300] "GET /cormun/static/Shared/jqueryui/images/ui-icons_82798d_256x240.png HTTP/1.1" 404 1089
192.168.10.123 - - [11/Jan/2017:16:34:20 -0300] "GET /cormun/static/Shared/jqueryui/images/ui-bg_highlight-soft_100_c6c2c8_1x100.png HTTP/1.1" 404 1117
192.168.10.123 - - [11/Jan/2017:16:34:20 -0300] "GET /cormun/static/Shared/jqueryui/images/ui-icons_ebccce_256x240.png HTTP/1.1" 404 1089
192.168.10.123 - - [11/Jan/2017:16:34:20 -0300] "GET /cormun/static/Shared/jqueryui/images/ui-bg_flat_55_994d53_40x100.png HTTP/1.1" 404 1097
192.168.10.123 - - [11/Jan/2017:16:34:52 -0300] "GET /cormun/servlet/prfichaempleado?,MD,,gxPopupLevel%3D0%3B HTTP/1.1" 200 8819
192.168.10.123 - - [11/Jan/2017:16:34:52 -0300] "GET /cormun/static/gxcfg.js?2016102420561687 HTTP/1.1" 200 953
192.168.10.123 - - [11/Jan/2017:16:34:52 -0300] "GET /cormun/static/prfichaempleado.js?201610242056198 HTTP/1.1" 304 -
192.168.10.123 - - [11/Jan/2017:16:34:52 -0300] "GET /cormun/static/hmpwkw011.js?201612218515582 HTTP/1.1" 304 -
192.168.10.123 - - [11/Jan/2017:16:34:52 -0300] "GET /cormun/static/menusearch.js?201610171694467 HTTP/1.1" 304 -
192.168.10.43 - - [11/Jan/2017:16:34:53 -0300] "GET /cormun/servlet/hlogin HTTP/1.1" 200 1714
192.168.10.43 - - [11/Jan/2017:16:34:53 -0300] "GET /cormun/static/gxcfg.js?201612216162538 HTTP/1.1" 200 953
192.168.10.43 - - [11/Jan/2017:16:34:53 -0300] "GET /cormun/static/gxtimezone.js?85251 HTTP/1.1" 200 5781
192.168.10.43 - - [11/Jan/2017:16:34:53 -0300] "GET /cormun/static/Resources/Spanish/PXTools.css?167811 HTTP/1.1" 200 89042
192.168.10.43 - - [11/Jan/2017:16:34:54 -0300] "GET /cormun/static/messages.spa.js?85251 HTTP/1.1" 200 30736
192.168.10.43 - - [11/Jan/2017:16:34:54 -0300] "GET /cormun/static/gxgral.js?85251 HTTP/1.1" 200 384558
192.168.10.43 - - [11/Jan/2017:16:34:54 -0300] "GET /cormun/static/hlogin.js?201612216162555 HTTP/1.1" 200 2136
192.168.10.43 - - [11/Jan/2017:16:34:54 -0300] "GET /cormun/static/Resources/ComunLogin.png HTTP/1.1" 200 17326
192.168.10.43 - - [11/Jan/2017:16:34:54 -0300] "GET /cormun/static/Resources/PXToolsLoginBackground.png HTTP/1.1" 200 1164
192.168.10.43 - - [11/Jan/2017:16:34:54 -0300] "GET /cormun/static/Resources/PXToolsLoginTop.png HTTP/1.1" 200 1337
192.168.10.43 - - [11/Jan/2017:16:34:54 -0300] "GET /cormun/static/Resources/PXToolsButtonRight21.png HTTP/1.1" 200 1283
192.168.10.43 - - [11/Jan/2017:16:34:54 -0300] "GET /cormun/static/Resources/PXToolsLoginBottom.png HTTP/1.1" 200 1389
192.168.10.43 - - [11/Jan/2017:16:34:54 -0300] "GET /cormun/static/Resources/PXToolsButtonBackground2.png HTTP/1.1" 200 1181
192.168.10.43 - - [11/Jan/2017:16:34:54 -0300] "GET /cormun/static/Resources/PXToolsButtonLeft21.png HTTP/1.1" 200 1287
192.168.10.43 - - [11/Jan/2017:16:34:54 -0300] "GET /cormun/static/Resources/indicator.gif HTTP/1.1" 200 1553
192.168.10.43 - - [11/Jan/2017:16:34:54 -0300] "GET /cormun/servlet/hlogin HTTP/1.1" 200 1724
192.168.10.43 - - [11/Jan/2017:16:34:54 -0300] "GET /cormun/static/gxcfg.js?201612216162538 HTTP/1.1" 304 -
192.168.10.43 - - [11/Jan/2017:16:34:54 -0300] "GET /favicon.ico HTTP/1.1" 200 21630
192.168.10.123 - - [11/Jan/2017:16:35:03 -0300] "POST /cormun/servlet/prfichaempleado?40ef48580ccbe6b08910396243e1ef20,,MD,,gxPopupLevel%3D0%3B,gx-no-cache=1484163379031 HTTP/1.1" 200 3688
192.168.10.43 - - [11/Jan/2017:16:35:09 -0300] "POST /cormun/servlet/hlogin?439c38082ad3712cde637b917509081d,gx-no-cache=1484166615172 HTTP/1.1" 200 90
192.168.10.43 - - [11/Jan/2017:16:35:09 -0300] "GET /cormun/servlet/hpexe_link HTTP/1.1" 200 948
192.168.10.43 - - [11/Jan/2017:16:35:09 -0300] "GET /cormun/static/Resources/Spanish/PXTools.css?18365030 HTTP/1.1" 200 89042
192.168.10.43 - - [11/Jan/2017:16:35:09 -0300] "GET /cormun/static/gxcfg.js?201612218515529 HTTP/1.1" 200 953
192.168.10.43 - - [11/Jan/2017:16:35:09 -0300] "GET /cormun/static/hpexe_link.js?201612218515532 HTTP/1.1" 200 625
192.168.10.43 - - [11/Jan/2017:16:35:10 -0300] "GET /cormun/servlet/hhome HTTP/1.1" 200 3734
192.168.10.43 - - [11/Jan/2017:16:35:10 -0300] "GET /cormun/static/gxcfg.js?201612218515568 HTTP/1.1" 200 953
192.168.10.43 - - [11/Jan/2017:16:35:10 -0300] "GET /cormun/static/SmoothNavMenu/resources/ddsmoothmenu.css?1112540 HTTP/1.1" 200 2223
192.168.10.43 - - [11/Jan/2017:16:35:10 -0300] "GET /cormun/static/SmoothNavMenu/resources/ddsmoothmenu-v.css?1112540 HTTP/1.1" 200 1188
192.168.10.43 - - [11/Jan/2017:16:35:10 -0300] "GET /cormun/static/scaMessage/css/jquery.pnotify.default.css?1816380 HTTP/1.1" 200 1707
192.168.10.43 - - [11/Jan/2017:16:35:10 -0300] "GET /cormun/static/PXToolsJavascripts/pexe_autoreload.js HTTP/1.1" 200 1762
192.168.10.43 - - [11/Jan/2017:16:35:10 -0300] "GET /cormun/static/PXToolsJavascripts/pexe_cookies.js HTTP/1.1" 200 792
192.168.10.43 - - [11/Jan/2017:16:35:10 -0300] "GET /cormun/static/PXToolsJavascripts/pexe_link.js HTTP/1.1" 200 5671
192.168.10.43 - - [11/Jan/2017:16:35:10 -0300] "GET /cormun/static/PXToolsJavascripts/pexe_menudivfix.js HTTP/1.1" 200 333
192.168.10.43 - - [11/Jan/2017:16:35:10 -0300] "GET /cormun/static/PXToolsJavascripts/pexe_menus.js HTTP/1.1" 200 1286
192.168.10.43 - - [11/Jan/2017:16:35:10 -0300] "GET /cormun/static/PXToolsJavascripts/pexe_grid.js HTTP/1.1" 200 7559
192.168.10.43 - - [11/Jan/2017:16:35:10 -0300] "GET /cormun/static/PXToolsJavascripts/pexe_layers.js HTTP/1.1" 200 4114
192.168.10.43 - - [11/Jan/2017:16:35:10 -0300] "GET /cormun/static/PXToolsJavascripts/pexe_oav.js HTTP/1.1" 200 645
192.168.10.43 - - [11/Jan/2017:16:35:10 -0300] "GET /cormun/static/PXToolsJavascripts/pexe_oavdivfix.js HTTP/1.1" 200 639
192.168.10.43 - - [11/Jan/2017:16:35:10 -0300] "GET /cormun/static/PXToolsJavascripts/pexe_griddivfix.js HTTP/1.1" 200 6644
192.168.10.43 - - [11/Jan/2017:16:35:10 -0300] "GET /cormun/static/PXToolsJavascripts/pexe_picture.js HTTP/1.1" 200 689
192.168.10.43 - - [11/Jan/2017:16:35:10 -0300] "GET /cormun/static/PXToolsJavascripts/pexe_tabdivfix.js HTTP/1.1" 200 876
192.168.10.43 - - [11/Jan/2017:16:35:10 -0300] "GET /cormun/static/PXToolsJavascripts/pexe_tabs.js HTTP/1.1" 200 3748
192.168.10.43 - - [11/Jan/2017:16:35:10 -0300] "GET /cormun/static/Shared/jqueryui/jquery-ui.min.css?1345370 HTTP/1.1" 200 30288
192.168.10.43 - - [11/Jan/2017:16:35:10 -0300] "GET /cormun/static/PXToolsJavascripts/pexe_upload.js HTTP/1.1" 200 1423
192.168.10.43 - - [11/Jan/2017:16:35:10 -0300] "GET /cormun/static/PXToolsJavascripts/PXToolsJavascriptsRender.js HTTP/1.1" 200 367
192.168.10.43 - - [11/Jan/2017:16:35:10 -0300] "GET /cormun/static/PXToolsJavascripts/pexe_windows.js HTTP/1.1" 200 15207
192.168.10.43 - - [11/Jan/2017:16:35:10 -0300] "GET /cormun/static/PXToolsJavascripts/pexe_popup.js HTTP/1.1" 200 13458
192.168.10.43 - - [11/Jan/2017:16:35:10 -0300] "GET /cormun/static/PXToolsJavascripts/pexe_scrolldiv.js HTTP/1.1" 200 4138
192.168.10.43 - - [11/Jan/2017:16:35:10 -0300] "GET /cormun/static/RunJS/RunJS.js HTTP/1.1" 200 288
192.168.10.43 - - [11/Jan/2017:16:35:10 -0300] "GET /cormun/static/Shared/ext/locale/ext-lang-en.js HTTP/1.1" 200 10940
192.168.10.43 - - [11/Jan/2017:16:35:10 -0300] "GET /cormun/static/hhome.js?201612218515573 HTTP/1.1" 200 777
192.168.10.43 - - [11/Jan/2017:16:35:10 -0300] "GET /cormun/static/hpexe_recentlink.js?201610171694390 HTTP/1.1" 200 2144
192.168.10.43 - - [11/Jan/2017:16:35:10 -0300] "GET /cormun/static/hwchdr01.js?201612218432057 HTTP/1.1" 200 1183
192.168.10.43 - - [11/Jan/2017:16:35:10 -0300] "GET /cormun/static/Resources/PXToolsHeaderActionsBackground.png HTTP/1.1" 200 484
192.168.10.43 - - [11/Jan/2017:16:35:10 -0300] "GET /cormun/static/Resources/PXToolsDataTitle.png HTTP/1.1" 200 1173
192.168.10.43 - - [11/Jan/2017:16:35:10 -0300] "GET /cormun/static/Resources/PXToolsHeaderPreferences.png HTTP/1.1" 200 4189
192.168.10.43 - - [11/Jan/2017:16:35:10 -0300] "GET /cormun/static/Resources/PXToolsHeaderBackground2.png HTTP/1.1" 200 1174
192.168.10.43 - - [11/Jan/2017:16:35:10 -0300] "GET /cormun/static/Resources/PXToolsHeaderHome.png HTTP/1.1" 200 4147
192.168.10.43 - - [11/Jan/2017:16:35:10 -0300] "GET /cormun/static/Resources/PXToolsHeaderLogin.png HTTP/1.1" 200 4279
192.168.10.43 - - [11/Jan/2017:16:35:10 -0300] "GET /cormun/static/Resources/PXToolsFooterBackground2.png HTTP/1.1" 200 1172
192.168.10.43 - - [11/Jan/2017:16:35:10 -0300] "GET /cormun/static/Resources/PXToolsHeaderSecurity.png HTTP/1.1" 200 4166
192.168.10.43 - - [11/Jan/2017:16:35:10 -0300] "GET /cormun/static/Resources/logo4.png HTTP/1.1" 200 6582
192.168.10.43 - - [11/Jan/2017:16:35:10 -0300] "GET /cormun/static/Resources/PXToolsHeaderActionsLeft.png HTTP/1.1" 200 1118
192.168.10.43 - - [11/Jan/2017:16:35:10 -0300] "GET /cormun/static/Resources/PXToolsHeaderActionsRight.png HTTP/1.1" 200 1201
192.168.10.43 - - [11/Jan/2017:16:35:10 -0300] "GET /cormun/static/hpexe_scripts.js?201612218432016 HTTP/1.1" 200 1544
192.168.10.43 - - [11/Jan/2017:16:35:10 -0300] "GET /cormun/static/hpexe_messagepopupcomponent.js?20161017169425 HTTP/1.1" 200 605
192.168.10.43 - - [11/Jan/2017:16:35:10 -0300] "GET /cormun/static/hpexe_messagecontroller.js?201610171694323 HTTP/1.1" 200 870
192.168.10.43 - - [11/Jan/2017:16:35:10 -0300] "GET /cormun/static/hpexe_messagegenexuscomponent.js?201612218431816 HTTP/1.1" 200 587
192.168.10.43 - - [11/Jan/2017:16:35:10 -0300] "GET /cormun/static/gxui/gxui-all.js HTTP/1.1" 200 107772
192.168.10.43 - - [11/Jan/2017:16:35:10 -0300] "GET /cormun/static/cmcontrolpreferences.js?201612218431999 HTTP/1.1" 200 1375
192.168.10.43 - - [11/Jan/2017:16:35:10 -0300] "GET /cormun/static/SmoothNavMenu/resources/ddsmoothmenu.js HTTP/1.1" 200 12712
192.168.10.43 - - [11/Jan/2017:16:35:10 -0300] "GET /cormun/static/SmoothNavMenu/resources/SmoothNavMenuRender.js HTTP/1.1" 200 5951
192.168.10.43 - - [11/Jan/2017:16:35:10 -0300] "GET /cormun/static/Shared/jquery/jquery-1.4.2.min.js HTTP/1.1" 200 72174
192.168.10.43 - - [11/Jan/2017:16:35:10 -0300] "GET /cormun/static/Shared/ext/ext-all.js HTTP/1.1" 200 1289687
192.168.10.43 - - [11/Jan/2017:16:35:10 -0300] "GET /cormun/static/Shared/jquery/jquery-1.10.2.min.js HTTP/1.1" 200 273199
192.168.10.43 - - [11/Jan/2017:16:35:10 -0300] "GET /cormun/static/scaMessage/js/jquery.pnotify.min.js HTTP/1.1" 200 13038
192.168.10.43 - - [11/Jan/2017:16:35:10 -0300] "GET /cormun/static/Shared/jqueryui/jquery-ui.min.js HTTP/1.1" 200 240427
192.168.10.43 - - [11/Jan/2017:16:35:11 -0300] "GET /cormun/static/scaMessage/scaMessageRender.js HTTP/1.1" 200 11977
192.168.10.43 - - [11/Jan/2017:16:35:11 -0300] "GET /cormun/static/hmpwkw03.js?20161221852152 HTTP/1.1" 200 3965
192.168.10.123 - - [11/Jan/2017:16:35:12 -0300] "POST /cormun/servlet/solicitudot?gx-no-cache=1484163388350 HTTP/1.1" 200 3191
192.168.10.123 - - [11/Jan/2017:16:35:12 -0300] "POST /cormun/servlet/solicitudot?40ef48580ccbe6b08910396243e1ef20,INS,0,0,,gx-no-cache=1484163388501 HTTP/1.1" 200 10008
192.168.10.43 - - [11/Jan/2017:16:35:13 -0300] "GET /cormun/servlet/hhome HTTP/1.1" 200 3731
192.168.10.43 - - [11/Jan/2017:16:35:13 -0300] "GET /cormun/static/SmoothNavMenu/resources/images/down.gif HTTP/1.1" 200 854
192.168.10.43 - - [11/Jan/2017:16:35:17 -0300] "GET /cormun/servlet/trsolicitudot? HTTP/1.1" 200 6666
192.168.10.43 - - [11/Jan/2017:16:35:18 -0300] "GET /cormun/static/gxui/gxui-all.css?120300 HTTP/1.1" 200 2179
192.168.10.43 - - [11/Jan/2017:16:35:18 -0300] "GET /cormun/static/calendar-system.css?85620 HTTP/1.1" 200 5572
192.168.10.43 - - [11/Jan/2017:16:35:18 -0300] "GET /cormun/static/gxcfg.js?201711111592844 HTTP/1.1" 200 953
192.168.10.43 - - [11/Jan/2017:16:35:18 -0300] "GET /cormun/static/calendar-setup.js?85251 HTTP/1.1" 200 2588
192.168.10.43 - - [11/Jan/2017:16:35:18 -0300] "GET /cormun/static/calendar-es.js?85251 HTTP/1.1" 200 1901
192.168.10.43 - - [11/Jan/2017:16:35:18 -0300] "GET /cormun/static/calendar.js?85251 HTTP/1.1" 200 26246
192.168.10.123 - - [11/Jan/2017:16:35:18 -0300] "GET /cormun/servlet/solicitudot?8cc89d0a997669d68fa3d2bfb6e7d081aed2d980a980649554fd846588eaed10dfa68c28a615198048ae17c9d93f5dcc,gx-no-cache=1484163394176 HTTP/1.1" 200 30
192.168.10.43 - - [11/Jan/2017:16:35:18 -0300] "GET /cormun/static/gxdec.js?85251 HTTP/1.1" 200 19579
192.168.10.43 - - [11/Jan/2017:16:35:18 -0300] "GET /cormun/static/Shared/ext/resources/css/ext-all.css?215870 HTTP/1.1" 200 416045
192.168.10.123 - - [11/Jan/2017:16:35:18 -0300] "POST /cormun/servlet/solicitudot?gx-no-cache=1484163394242 HTTP/1.1" 200 297
192.168.10.43 - - [11/Jan/2017:16:35:18 -0300] "GET /cormun/static/trsolicitudot.js?201711111593735 HTTP/1.1" 200 53117
192.168.10.123 - - [11/Jan/2017:16:35:18 -0300] "GET /cormun/servlet/solicitudot?8cc89d0a997669d68fa3d2bfb6e7d08152512f6b11216ab0b5bc9373e89a850982231f32fa10b193d9f4adbe222c9efa80bedca0c7c2ef5343889d507b382bbc357be3bc85eb9dfdac25f0e12d599947602781457d1594ab6728e624c4390c5efa0113b2815e4a173b8c620cdb51937a0b886b8fdfc1d09714cafc328a22e7dd761312e407f7b8da92dfb35710b99f372746469a0079dcd915f42e883bb45f94fc0d5a87aaf5a09fbcd1593f9aaa0ea0441ba19e4c098c9be67f5ae5dec8debc807d057f74a59f4413b409a69744281303f96e36565d3aff36d114cce13b51ed5912116bebbb7143570a3e92d77d81db73fd4b855566ffba9c6a9b809ce60769ec77182e920f3f496002ea4ec5f50e016260f7b0d7fd03887a9a4e98e97c7d3a8b14e9039280b23e4c0b72a1ee73f2f3baff239de5a2900927403cd64dc5c36366e44a566315c683605b611f723e804813bb27be0d0e438530c3f744d9e14d00d3fd1d2bf23c114cbd84d2e59a73d4cc14697970fd3c665020a6a43cc136e17d4d5211574a74f54c2c3b2c574a68bca3,gx-no-cache=1484163394342 HTTP/1.1" 200 30
192.168.10.43 - - [11/Jan/2017:16:35:18 -0300] "GET /cormun/static/Resources/PXTools/calendar.png HTTP/1.1" 200 1306
192.168.10.43 - - [11/Jan/2017:16:35:18 -0300] "GET /cormun/static/Resources/PXToolsDataSearch.png HTTP/1.1" 200 419
192.168.10.43 - - [11/Jan/2017:16:35:18 -0300] "GET /cormun/static/Resources/PXToolsGridFirstDisabled.gif HTTP/1.1" 200 100
192.168.10.43 - - [11/Jan/2017:16:35:18 -0300] "GET /cormun/static/Resources/PXToolsGridPreviousDisabled.gif HTTP/1.1" 200 90
192.168.10.43 - - [11/Jan/2017:16:35:18 -0300] "GET /cormun/static/Resources/PXToolsGridNextDisabled.gif HTTP/1.1" 200 90
192.168.10.43 - - [11/Jan/2017:16:35:18 -0300] "GET /cormun/static/Resources/PXToolsGridLastDisabled.gif HTTP/1.1" 200 98
192.168.10.43 - - [11/Jan/2017:16:35:18 -0300] "GET /cormun/static/Resources/PXToolsGridPage.gif HTTP/1.1" 200 725
192.168.10.43 - - [11/Jan/2017:16:35:18 -0300] "GET /cormun/static/Resources/PXToolsActionExcel.png HTTP/1.1" 200 3187
192.168.10.43 - - [11/Jan/2017:16:35:18 -0300] "GET /cormun/static/Resources/PXToolsGridNew.png HTTP/1.1" 200 2949
192.168.10.43 - - [11/Jan/2017:16:35:19 -0300] "GET /cormun/static/Resources/asc.gif HTTP/1.1" 200 67
192.168.10.43 - - [11/Jan/2017:16:35:19 -0300] "GET /cormun/static/Resources/desc.gif HTTP/1.1" 200 65
192.168.10.43 - - [11/Jan/2017:16:35:19 -0300] "GET /cormun/servlet/trsolicitudot? HTTP/1.1" 200 6667
192.168.10.43 - - [11/Jan/2017:16:35:19 -0300] "GET /cormun/static/Shared/ext/resources/themes/images/default/tools/tool-sprites.gif HTTP/1.1" 200 5434
192.168.10.43 - - [11/Jan/2017:16:35:19 -0300] "GET /cormun/static/Shared/ext/resources/themes/images/default/panel/bg-headersPanel.png HTTP/1.1" 200 255
192.168.10.123 - - [11/Jan/2017:16:35:20 -0300] "POST /cormun/servlet/solicitudot?gx-no-cache=1484163396501 HTTP/1.1" 200 30
192.168.10.43 - - [11/Jan/2017:16:35:21 -0300] "GET /cormun/servlet/solicitudot?INS,0,0, HTTP/1.1" 200 12542
192.168.10.43 - - [11/Jan/2017:16:35:21 -0300] "GET /cormun/static/gxcfg.js?201711112293351 HTTP/1.1" 200 953
192.168.10.43 - - [11/Jan/2017:16:35:21 -0300] "GET /cormun/static/Resources/prompt.gif HTTP/1.1" 200 902
192.168.10.43 - - [11/Jan/2017:16:35:21 -0300] "GET /cormun/static/solicitudot.js?201711112293529 HTTP/1.1" 200 63948
192.168.10.43 - - [11/Jan/2017:16:35:22 -0300] "GET /cormun/servlet/solicitudot?INS,0,0, HTTP/1.1" 200 12547
192.168.10.17 - - [11/Jan/2017:16:35:24 -0300] "GET /cormun/servlet/hlogin HTTP/1.1" 200 1761
192.168.10.123 - - [11/Jan/2017:16:35:25 -0300] "POST /cormun/servlet/solicitudot?gx-no-cache=1484163401392 HTTP/1.1" 200 1277
192.168.10.123 - - [11/Jan/2017:16:35:25 -0300] "POST /cormun/servlet/solicitudot?gx-no-cache=1484163401528 HTTP/1.1" 200 38
192.168.10.123 - - [11/Jan/2017:16:35:48 -0300] "GET /cormun/servlet/solicitudot?8cc89d0a997669d68fa3d2bfb6e7d081027cb0ba1eee848829142cbce33692dc4d47ff1a44a1db9c2b428f83d052a62e789afb204ba1f77fef33eb1f3292368e655f466b5215bcc164c17233d7e994c34717c982cc97a929155902f57147f7cf4571e13c60fada97026f2ef46133df82,gx-no-cache=1484163410286 HTTP/1.1" 200 29
192.168.10.43 - - [11/Jan/2017:16:35:49 -0300] "POST /cormun/servlet/solicitudot?gx-no-cache=1484166638595 HTTP/1.1" 200 3181
192.168.10.123 - - [11/Jan/2017:16:35:49 -0300] "POST /cormun/servlet/solicitudot?gx-no-cache=1484163425084 HTTP/1.1" 200 1261
192.168.10.123 - - [11/Jan/2017:16:35:49 -0300] "POST /cormun/servlet/solicitudot?gx-no-cache=1484163425163 HTTP/1.1" 200 1144
192.168.10.123 - - [11/Jan/2017:16:35:49 -0300] "GET /cormun/static/menuarrow.gif HTTP/1.1" 404 1015
192.168.10.123 - - [11/Jan/2017:16:35:49 -0300] "POST /cormun/servlet/solicitudot?gx-no-cache=1484163425267 HTTP/1.1" 200 1261
192.168.10.43 - - [11/Jan/2017:16:35:49 -0300] "POST /cormun/servlet/solicitudot?439c38082ad3712cde637b917509081d,INS,0,0,,gx-no-cache=1484166654489 HTTP/1.1" 200 9742
192.168.10.123 - - [11/Jan/2017:16:35:49 -0300] "POST /cormun/servlet/solicitudot?gx-no-cache=1484163425314 HTTP/1.1" 200 1144
192.168.10.43 - - [11/Jan/2017:16:35:54 -0300] "GET /cormun/servlet/solicitudot?1946000ba6052b3ca32b7f9ddcf0903f6c05717edc01db657387fa97ae7c99ab53399768cdbe9e2ac073fcbdbc7c1ea4,gx-no-cache=1484166659538 HTTP/1.1" 200 30
192.168.10.43 - - [11/Jan/2017:16:35:54 -0300] "POST /cormun/servlet/solicitudot?gx-no-cache=1484166659597 HTTP/1.1" 200 255
192.168.10.43 - - [11/Jan/2017:16:35:54 -0300] "GET /cormun/servlet/solicitudot?1946000ba6052b3ca32b7f9ddcf0903f8e485bbefc2e6e0aee3ca5aecf84dc95b6c56a7ab320d4d0ee01d20783272995377b65c8433779575475325ca228111b4ad81d88c5b3177a2a247973afe49b3db821de09550ab3d02d707a198eba154e7d04979d4c6f335cb8a42c5731509ecd2ab2da9c625b21599be049aa504d09bdaa062ad9ab819311282bc8ef07c664f1e6152ed3bb24427181f16348694ab11b440a4b585f6948f605b3197349de4843903f748f49cd07748617669f23432d498152e68815aa59e480da5fe8beac4cf59d3203a98420c8abc5214fc598d8c7503a134ede8b6758d5e921f61eba2fd7cd58678d82da3459e24615b48730cd407a00f49c673359078612394cc7ab41dfb74ae0959f2d2344d6affc3e02e9db8369f24d91921080a26bc978c0ca4b0f1f128170fc3a4e5dd4439a17807b511c7932c309bc9e6d3627a10a96413e686805e48aa4181cec8ddebe2ca394a9591f8bce60bde24b0b9e4b9a1f9f144f64ec4a01e6784c0fd9cc94d948ee3ba10f35a402,gx-no-cache=1484166659703 HTTP/1.1" 200 30
192.168.10.43 - - [11/Jan/2017:16:35:56 -0300] "POST /cormun/servlet/solicitudot?gx-no-cache=1484166662054 HTTP/1.1" 200 30
192.168.10.43 - - [11/Jan/2017:16:36:03 -0300] "GET /cormun/static/Resources/resize.gif HTTP/1.1" 200 77
192.168.10.43 - - [11/Jan/2017:16:36:03 -0300] "GET /cormun/servlet/prcontratosol?13718866,,,,,MD,,gxPopupLevel%3D0%3B HTTP/1.1" 200 5921
192.168.10.43 - - [11/Jan/2017:16:36:03 -0300] "GET /cormun/static/gxcfg.js?2016102711553248 HTTP/1.1" 200 953
192.168.10.43 - - [11/Jan/2017:16:36:03 -0300] "GET /cormun/static/prcontratosol.js?2016102711553411 HTTP/1.1" 200 14084
192.168.10.43 - - [11/Jan/2017:16:36:03 -0300] "GET /cormun/static/hmpwkw011.js?201612218515582 HTTP/1.1" 200 1968
192.168.10.43 - - [11/Jan/2017:16:36:03 -0300] "GET /cormun/static/menusearch.js?201610171694467 HTTP/1.1" 200 1424
192.168.10.43 - - [11/Jan/2017:16:36:03 -0300] "GET /cormun/static/Resources/PXToolsMenuSearch.png HTTP/1.1" 200 2914
192.168.10.43 - - [11/Jan/2017:16:36:03 -0300] "GET /cormun/static/Resources/PXToolsMenuSearchCancel.png HTTP/1.1" 200 2972
192.168.10.43 - - [11/Jan/2017:16:36:03 -0300] "GET /cormun/static/Resources/PXToolsGridFirst.gif HTTP/1.1" 200 379
192.168.10.43 - - [11/Jan/2017:16:36:03 -0300] "GET /cormun/static/Resources/PXToolsGridPrevious.gif HTTP/1.1" 200 369
192.168.10.43 - - [11/Jan/2017:16:36:03 -0300] "GET /cormun/static/Resources/PXToolsGridNext.gif HTTP/1.1" 200 369
192.168.10.43 - - [11/Jan/2017:16:36:03 -0300] "GET /cormun/static/Resources/PXToolsGridLast.gif HTTP/1.1" 200 370
192.168.10.43 - - [11/Jan/2017:16:36:05 -0300] "POST /cormun/servlet/acontrolpreferencessavestate?None,CF-19,true HTTP/1.1" 200 35
192.168.10.43 - - [11/Jan/2017:16:36:08 -0300] "POST /cormun/servlet/solicitudot?gx-no-cache=1484166673566 HTTP/1.1" 200 1278
192.168.10.43 - - [11/Jan/2017:16:36:08 -0300] "POST /cormun/servlet/solicitudot?gx-no-cache=1484166673624 HTTP/1.1" 200 38
