186.79.153.208 - - [11/Jan/2017:09:56:23 -0300] "GET /cormun/servlet/solicitudotadjuntos?cac1d31418ed4cf5b411aaa8287ef3537e4b72181d2a94b5b9a756680c50bc245bb99f2c925cba5da33ccfbcbf7c1360,gx-no-cache=1484139458512 HTTP/1.1" 200 30
186.79.153.208 - - [11/Jan/2017:09:56:23 -0300] "POST /cormun/servlet/solicitudotadjuntos?992e3c57df67bdacf0a9fd8a95ddf2ee,INS,2017,4046,,1,,gx-no-cache=1484139458648 HTTP/1.1" 200 3798
186.79.153.208 - - [11/Jan/2017:09:56:25 -0300] "POST /cormun/servlet/solicitudotadjuntos?gx-no-cache=1484139461252 HTTP/1.1" 200 26
186.79.153.208 - - [11/Jan/2017:09:56:38 -0300] "GET /cormun/servlet/solicitudotadjuntos?cac1d31418ed4cf5b411aaa8287ef3536945aa18eb3c50e2f117561dea524180,gx-no-cache=1484139473615 HTTP/1.1" 200 30
186.79.153.208 - - [11/Jan/2017:09:56:38 -0300] "GET /cormun/servlet/solicitudotadjuntos?cac1d31418ed4cf5b411aaa8287ef3536945aa18eb3c50e2f117561dea524180,gx-no-cache=1484139473732 HTTP/1.1" 200 30
186.79.153.208 - - [11/Jan/2017:09:56:42 -0300] "POST /cormun/servlet/solicitudotadjuntos?992e3c57df67bdacf0a9fd8a95ddf2ee,INS,2017,4046,,1, HTTP/1.1" 200 116
186.79.153.208 - - [11/Jan/2017:09:56:42 -0300] "GET /cormun/servlet/hpexe_return? HTTP/1.1" 200 1030
186.79.153.208 - - [11/Jan/2017:09:56:43 -0300] "GET /cormun/servlet/trsolicitudadjuntos?2017,4046, HTTP/1.1" 200 8087
186.79.153.208 - - [11/Jan/2017:09:56:44 -0300] "GET /cormun/servlet/trsolicitudadjuntos?2017,4046, HTTP/1.1" 200 8081
186.79.153.208 - - [11/Jan/2017:09:56:46 -0300] "GET /cormun/servlet/solicitudotadjuntos?INS,2017,4046,,1, HTTP/1.1" 200 5984
186.79.153.208 - - [11/Jan/2017:09:56:47 -0300] "GET /cormun/static/about:blank HTTP/1.1" 404 1011
186.79.153.208 - - [11/Jan/2017:09:56:48 -0300] "GET /cormun/servlet/solicitudotadjuntos?INS,2017,4046,,1, HTTP/1.1" 200 5977
186.79.153.208 - - [11/Jan/2017:09:56:48 -0300] "GET /cormun/servlet/solicitudotadjuntos?cac1d31418ed4cf5b411aaa8287ef3537e4b72181d2a94b5b9a756680c50bc245bb99f2c925cba5da33ccfbcbf7c1360,gx-no-cache=1484139483963 HTTP/1.1" 200 30
186.79.153.208 - - [11/Jan/2017:09:56:48 -0300] "POST /cormun/servlet/solicitudotadjuntos?992e3c57df67bdacf0a9fd8a95ddf2ee,INS,2017,4046,,1,,gx-no-cache=1484139484053 HTTP/1.1" 200 3798
186.79.153.208 - - [11/Jan/2017:09:56:52 -0300] "POST /cormun/servlet/solicitudotadjuntos?gx-no-cache=1484139487556 HTTP/1.1" 200 26
192.168.10.89 - - [11/Jan/2017:09:56:52 -0300] "GET /cormun/servlet/solicitudot?INS,0,0, HTTP/1.1" 200 12709
186.79.153.208 - - [11/Jan/2017:09:56:58 -0300] "GET /cormun/servlet/solicitudotadjuntos?cac1d31418ed4cf5b411aaa8287ef3536945aa18eb3c50e2f117561dea524180,gx-no-cache=1484139494102 HTTP/1.1" 200 30
186.79.153.208 - - [11/Jan/2017:09:56:58 -0300] "GET /cormun/servlet/solicitudotadjuntos?cac1d31418ed4cf5b411aaa8287ef3536945aa18eb3c50e2f117561dea524180,gx-no-cache=1484139494342 HTTP/1.1" 200 30
192.168.10.89 - - [11/Jan/2017:09:57:04 -0300] "GET /cormun/servlet/prfichaempleado?,MD,,gxPopupLevel%3D0%3B HTTP/1.1" 200 8821
186.79.153.208 - - [11/Jan/2017:09:57:12 -0300] "POST /cormun/servlet/solicitudotadjuntos?992e3c57df67bdacf0a9fd8a95ddf2ee,INS,2017,4046,,1, HTTP/1.1" 200 116
192.168.10.89 - - [11/Jan/2017:09:57:13 -0300] "POST /cormun/servlet/prfichaempleado?36428dd09e6b23fedaab118395b77b14,,MD,,gxPopupLevel%3D0%3B,gx-no-cache=1484142738546 HTTP/1.1" 200 3460
186.79.153.208 - - [11/Jan/2017:09:57:13 -0300] "GET /cormun/servlet/hpexe_return? HTTP/1.1" 200 1030
186.79.153.208 - - [11/Jan/2017:09:57:13 -0300] "GET /cormun/servlet/trsolicitudadjuntos?2017,4046, HTTP/1.1" 200 8287
186.79.153.208 - - [11/Jan/2017:09:57:15 -0300] "GET /cormun/servlet/trsolicitudadjuntos?2017,4046, HTTP/1.1" 200 8284
192.168.10.89 - - [11/Jan/2017:09:57:15 -0300] "POST /cormun/servlet/solicitudot?gx-no-cache=1484142741362 HTTP/1.1" 200 3179
192.168.10.89 - - [11/Jan/2017:09:57:16 -0300] "POST /cormun/servlet/solicitudot?36428dd09e6b23fedaab118395b77b14,INS,0,0,,gx-no-cache=1484142741682 HTTP/1.1" 200 9920
186.79.153.208 - - [11/Jan/2017:09:57:18 -0300] "GET /cormun/servlet/solicitudotadjuntos?INS,2017,4046,,1, HTTP/1.1" 200 5983
192.168.10.89 - - [11/Jan/2017:09:57:19 -0300] "GET /cormun/servlet/solicitudot?a7f69ef5dcc42b11865ffa8f1326724a79bd688019af9ddabb03550a4622a55c785cd3ca0f78a3614c242e10b161d69c,gx-no-cache=1484142744910 HTTP/1.1" 200 30
192.168.10.89 - - [11/Jan/2017:09:57:19 -0300] "POST /cormun/servlet/solicitudot?gx-no-cache=1484142744947 HTTP/1.1" 200 255
192.168.10.89 - - [11/Jan/2017:09:57:19 -0300] "GET /cormun/servlet/solicitudot?a7f69ef5dcc42b11865ffa8f1326724aa4697d0cabb2beb76d919194bed66461be61e2989ec817f77ff7c03a7f2b9d4d21ea6dd8fadb87fb382997ce107664595b2b4e8e367e0df9f2a9b6cc5569f13a78d101e6a3a5689ab7b407767cb6a441a82b7ca756919ec8a991eb05b1a696776dd52ceee3ca181e97d97a298f17cce1e0085c3bbce9e26f1ba46f5ff56108e75136668ed7c9c7880d0ec04de708c7fd948f945214b1167ee6165a9cec52714371a37c5e8de033e27604f7ba6d2df01a97d75ae45a35c15e95488c2dd41bb12da146deb24cf2f8e0030c42ee84c1b32cbd20d53d77d9f36077a4d782fd14a06c90251b34a659d7d45bd5759ad558d6045f76bb30725f5b91e6f14f080c0f1beee4685a9c772a0b5bb206c1ec3c0d83cdd52e22173d80f2d0c0b13c73530b9ef9691ef5306c6c04234da1685c11044d53f40c06d13df673e94c0102539ff23e30277ff223f920618b8d0f87f3eacd89624cf54a23e33b589e6d3c75de3499fc07a856689988814c817bf9784bdd6c3bb2,gx-no-cache=1484142744977 HTTP/1.1" 200 30
186.79.153.208 - - [11/Jan/2017:09:57:19 -0300] "GET /cormun/static/about:blank HTTP/1.1" 404 1011
186.79.153.208 - - [11/Jan/2017:09:57:19 -0300] "GET /cormun/servlet/solicitudotadjuntos?INS,2017,4046,,1, HTTP/1.1" 200 5976
186.79.153.208 - - [11/Jan/2017:09:57:20 -0300] "GET /cormun/servlet/solicitudotadjuntos?cac1d31418ed4cf5b411aaa8287ef3537e4b72181d2a94b5b9a756680c50bc245bb99f2c925cba5da33ccfbcbf7c1360,gx-no-cache=1484139515720 HTTP/1.1" 200 30
192.168.10.89 - - [11/Jan/2017:09:57:21 -0300] "POST /cormun/servlet/solicitudot?gx-no-cache=1484142746485 HTTP/1.1" 200 30
186.79.153.208 - - [11/Jan/2017:09:57:21 -0300] "POST /cormun/servlet/solicitudotadjuntos?992e3c57df67bdacf0a9fd8a95ddf2ee,INS,2017,4046,,1,,gx-no-cache=1484139515877 HTTP/1.1" 200 3796
186.79.153.208 - - [11/Jan/2017:09:57:25 -0300] "POST /cormun/servlet/solicitudotadjuntos?gx-no-cache=1484139520965 HTTP/1.1" 200 26
192.168.10.89 - - [11/Jan/2017:09:57:29 -0300] "POST /cormun/servlet/solicitudot?gx-no-cache=1484142754683 HTTP/1.1" 200 235
192.168.10.89 - - [11/Jan/2017:09:57:29 -0300] "POST /cormun/servlet/solicitudot?gx-no-cache=1484142754742 HTTP/1.1" 200 38
186.79.153.208 - - [11/Jan/2017:09:57:36 -0300] "GET /cormun/servlet/solicitudotadjuntos?cac1d31418ed4cf5b411aaa8287ef3536945aa18eb3c50e2f117561dea524180,gx-no-cache=1484139531421 HTTP/1.1" 200 30
186.79.153.208 - - [11/Jan/2017:09:57:36 -0300] "GET /cormun/servlet/solicitudotadjuntos?cac1d31418ed4cf5b411aaa8287ef3536945aa18eb3c50e2f117561dea524180,gx-no-cache=1484139531598 HTTP/1.1" 200 30
192.168.10.89 - - [11/Jan/2017:09:57:36 -0300] "GET /cormun/servlet/solicitudot?a7f69ef5dcc42b11865ffa8f1326724ac5d7ce92b459c573f230dfe29953f5cf3e4984511ee9be8443de2154c7650d8e9311056f93a143485d733e9c68a102d49c5f8ae68240e32d9d611f39339df78865136a49c34c9434ef45d16b86b38f46d64cf43a968ddb6aac48e7b91fda3594e22ec4b3fe90306821032e0f8e779101425565ef57f12abe31ca892ec96c7b187ce69c8ae6fa348d0b0a1137e363cab0,gx-no-cache=1484142761994 HTTP/1.1" 200 29
192.168.10.89 - - [11/Jan/2017:09:57:37 -0300] "POST /cormun/servlet/solicitudot?gx-no-cache=1484142763100 HTTP/1.1" 200 605
192.168.10.89 - - [11/Jan/2017:09:57:39 -0300] "POST /cormun/servlet/solicitudot?gx-no-cache=1484142765333 HTTP/1.1" 200 1144
186.79.153.208 - - [11/Jan/2017:09:57:41 -0300] "POST /cormun/servlet/solicitudotadjuntos?992e3c57df67bdacf0a9fd8a95ddf2ee,INS,2017,4046,,1, HTTP/1.1" 200 116
186.79.153.208 - - [11/Jan/2017:09:57:41 -0300] "GET /cormun/servlet/hpexe_return? HTTP/1.1" 200 1030
186.79.153.208 - - [11/Jan/2017:09:57:42 -0300] "GET /cormun/servlet/trsolicitudadjuntos?2017,4046, HTTP/1.1" 200 8423
186.79.153.208 - - [11/Jan/2017:09:57:43 -0300] "GET /cormun/servlet/trsolicitudadjuntos?2017,4046, HTTP/1.1" 200 8421
186.79.153.208 - - [11/Jan/2017:09:57:45 -0300] "GET /cormun/servlet/solicitudotadjuntos?INS,2017,4046,,1, HTTP/1.1" 200 5983
186.79.153.208 - - [11/Jan/2017:09:57:46 -0300] "GET /cormun/static/about:blank HTTP/1.1" 404 1011
186.79.153.208 - - [11/Jan/2017:09:57:47 -0300] "GET /cormun/servlet/solicitudotadjuntos?INS,2017,4046,,1, HTTP/1.1" 200 5976
186.79.153.208 - - [11/Jan/2017:09:57:47 -0300] "GET /cormun/servlet/solicitudotadjuntos?cac1d31418ed4cf5b411aaa8287ef3537e4b72181d2a94b5b9a756680c50bc245bb99f2c925cba5da33ccfbcbf7c1360,gx-no-cache=1484139543171 HTTP/1.1" 200 30
186.79.153.208 - - [11/Jan/2017:09:57:48 -0300] "POST /cormun/servlet/solicitudotadjuntos?992e3c57df67bdacf0a9fd8a95ddf2ee,INS,2017,4046,,1,,gx-no-cache=1484139543383 HTTP/1.1" 200 3796
186.79.153.208 - - [11/Jan/2017:09:57:51 -0300] "POST /cormun/servlet/solicitudotadjuntos?gx-no-cache=1484139546848 HTTP/1.1" 200 26
192.168.10.89 - - [11/Jan/2017:09:57:55 -0300] "GET /cormun/servlet/solicitudot?a7f69ef5dcc42b11865ffa8f1326724acb77dd72f400017fd6d60a5f02493e5b51b50492c2d55f99f54882b2783fd6b0a7641e09a052725b015f1a36767939d8f9446a6c6526c8f3a399df3934cb9f2b7a94ed388a03dd2bcd2da12b40d07a04579754321f777f2effa4dfa6f4897a5effc5cb9f968de0ac4f22ffcb04fee62f961fa456062a60c65f37a80b483ffdeab99215bb130f5b0534a9144bd3927f21d6e5a965539922a07b391974032e8e51,gx-no-cache=1484142781444 HTTP/1.1" 200 30
186.79.153.208 - - [11/Jan/2017:09:57:57 -0300] "GET /cormun/servlet/solicitudotadjuntos?cac1d31418ed4cf5b411aaa8287ef3536945aa18eb3c50e2f117561dea524180,gx-no-cache=1484139552637 HTTP/1.1" 200 30
186.79.153.208 - - [11/Jan/2017:09:57:57 -0300] "GET /cormun/servlet/solicitudotadjuntos?cac1d31418ed4cf5b411aaa8287ef3536945aa18eb3c50e2f117561dea524180,gx-no-cache=1484139552757 HTTP/1.1" 200 30
192.168.10.89 - - [11/Jan/2017:09:58:00 -0300] "POST /cormun/servlet/solicitudot?36428dd09e6b23fedaab118395b77b14,INS,0,0,,gx-no-cache=1484142785837 HTTP/1.1" 200 93
192.168.10.89 - - [11/Jan/2017:09:58:00 -0300] "GET /cormun/servlet/hpexe_return? HTTP/1.1" 200 1009
192.168.10.89 - - [11/Jan/2017:09:58:01 -0300] "GET /cormun/servlet/trsolicitudot HTTP/1.1" 200 8120
186.79.153.208 - - [11/Jan/2017:09:58:03 -0300] "POST /cormun/servlet/solicitudotadjuntos?992e3c57df67bdacf0a9fd8a95ddf2ee,INS,2017,4046,,1, HTTP/1.1" 200 116
186.79.153.208 - - [11/Jan/2017:09:58:03 -0300] "GET /cormun/servlet/hpexe_return? HTTP/1.1" 200 1030
186.79.153.208 - - [11/Jan/2017:09:58:04 -0300] "GET /cormun/servlet/trsolicitudadjuntos?2017,4046, HTTP/1.1" 200 8551
186.79.153.208 - - [11/Jan/2017:09:58:05 -0300] "GET /cormun/servlet/trsolicitudadjuntos?2017,4046, HTTP/1.1" 200 8548
186.79.153.208 - - [11/Jan/2017:09:58:07 -0300] "GET /cormun/servlet/solicitudotadjuntos?INS,2017,4046,,1, HTTP/1.1" 200 5984
186.79.153.208 - - [11/Jan/2017:09:58:08 -0300] "GET /cormun/static/about:blank HTTP/1.1" 404 1011
192.168.10.89 - - [11/Jan/2017:09:58:09 -0300] "POST /cormun/servlet/trsolicitudot?36428dd09e6b23fedaab118395b77b14,gx-no-cache=1484142794593 HTTP/1.1" 200 4224
186.79.153.208 - - [11/Jan/2017:09:58:09 -0300] "GET /cormun/servlet/solicitudotadjuntos?INS,2017,4046,,1, HTTP/1.1" 200 5977
192.168.10.89 - - [11/Jan/2017:09:58:09 -0300] "POST /cormun/servlet/trsolicitudot?36428dd09e6b23fedaab118395b77b14,gx-no-cache=1484142794939 HTTP/1.1" 200 4071
192.168.10.89 - - [11/Jan/2017:09:58:09 -0300] "GET /cormun/static/Shared/jqueryui/images/ui-icons_8d78a5_256x240.png HTTP/1.1" 404 1089
192.168.10.89 - - [11/Jan/2017:09:58:09 -0300] "GET /cormun/static/Shared/jqueryui/images/ui-bg_highlight-soft_100_c6c2c8_1x100.png HTTP/1.1" 404 1117
192.168.10.89 - - [11/Jan/2017:09:58:09 -0300] "GET /cormun/static/Shared/jqueryui/images/ui-bg_flat_55_fafafa_40x100.png HTTP/1.1" 404 1097
192.168.10.89 - - [11/Jan/2017:09:58:09 -0300] "GET /cormun/static/Shared/jqueryui/images/ui-icons_82798d_256x240.png HTTP/1.1" 404 1089
186.79.153.208 - - [11/Jan/2017:09:58:09 -0300] "GET /cormun/servlet/solicitudotadjuntos?cac1d31418ed4cf5b411aaa8287ef3537e4b72181d2a94b5b9a756680c50bc245bb99f2c925cba5da33ccfbcbf7c1360,gx-no-cache=1484139565383 HTTP/1.1" 200 30
186.79.153.208 - - [11/Jan/2017:09:58:10 -0300] "POST /cormun/servlet/solicitudotadjuntos?992e3c57df67bdacf0a9fd8a95ddf2ee,INS,2017,4046,,1,,gx-no-cache=1484139565519 HTTP/1.1" 200 3797
192.168.10.89 - - [11/Jan/2017:09:58:13 -0300] "GET /cormun/servlet/trautorizarsolicitud? HTTP/1.1" 200 8069
186.79.153.208 - - [11/Jan/2017:09:58:13 -0300] "POST /cormun/servlet/solicitudotadjuntos?gx-no-cache=1484139568956 HTTP/1.1" 200 26
192.168.10.89 - - [11/Jan/2017:09:58:16 -0300] "POST /cormun/servlet/trautorizarsolicitud?36428dd09e6b23fedaab118395b77b14,,gx-no-cache=1484142802023 HTTP/1.1" 200 4203
192.168.10.89 - - [11/Jan/2017:09:58:16 -0300] "POST /cormun/servlet/trautorizarsolicitud?36428dd09e6b23fedaab118395b77b14,,gx-no-cache=1484142802342 HTTP/1.1" 200 4055
192.168.10.89 - - [11/Jan/2017:09:58:17 -0300] "GET /cormun/static/Shared/jqueryui/images/ui-bg_flat_55_fafafa_40x100.png HTTP/1.1" 404 1097
192.168.10.89 - - [11/Jan/2017:09:58:17 -0300] "GET /cormun/static/Shared/jqueryui/images/ui-icons_82798d_256x240.png HTTP/1.1" 404 1089
192.168.10.89 - - [11/Jan/2017:09:58:17 -0300] "GET /cormun/static/Shared/jqueryui/images/ui-bg_highlight-soft_100_c6c2c8_1x100.png HTTP/1.1" 404 1117
192.168.10.89 - - [11/Jan/2017:09:58:17 -0300] "GET /cormun/static/Shared/jqueryui/images/ui-icons_8d78a5_256x240.png HTTP/1.1" 404 1089
186.79.153.208 - - [11/Jan/2017:09:58:20 -0300] "GET /cormun/servlet/solicitudotadjuntos?cac1d31418ed4cf5b411aaa8287ef3536945aa18eb3c50e2f117561dea524180,gx-no-cache=1484139575719 HTTP/1.1" 200 30
186.79.153.208 - - [11/Jan/2017:09:58:20 -0300] "GET /cormun/servlet/solicitudotadjuntos?cac1d31418ed4cf5b411aaa8287ef3536945aa18eb3c50e2f117561dea524180,gx-no-cache=1484139576010 HTTP/1.1" 200 30
186.79.153.208 - - [11/Jan/2017:09:58:31 -0300] "POST /cormun/servlet/solicitudotadjuntos?992e3c57df67bdacf0a9fd8a95ddf2ee,INS,2017,4046,,1, HTTP/1.1" 200 116
186.79.153.208 - - [11/Jan/2017:09:58:31 -0300] "GET /cormun/servlet/hpexe_return? HTTP/1.1" 200 1030
186.79.153.208 - - [11/Jan/2017:09:58:32 -0300] "GET /cormun/servlet/trsolicitudadjuntos?2017,4046, HTTP/1.1" 200 8717
186.79.153.208 - - [11/Jan/2017:09:58:33 -0300] "GET /cormun/servlet/trsolicitudadjuntos?2017,4046, HTTP/1.1" 200 8716
186.79.153.208 - - [11/Jan/2017:09:58:36 -0300] "GET /cormun/servlet/solicitudotadjuntos?INS,2017,4046,,1, HTTP/1.1" 200 5984
186.79.153.208 - - [11/Jan/2017:09:58:36 -0300] "GET /cormun/static/about:blank HTTP/1.1" 404 1011
186.79.153.208 - - [11/Jan/2017:09:58:37 -0300] "GET /cormun/servlet/solicitudotadjuntos?INS,2017,4046,,1, HTTP/1.1" 200 5977
186.79.153.208 - - [11/Jan/2017:09:58:37 -0300] "GET /cormun/servlet/solicitudotadjuntos?cac1d31418ed4cf5b411aaa8287ef3537e4b72181d2a94b5b9a756680c50bc245bb99f2c925cba5da33ccfbcbf7c1360,gx-no-cache=1484139593371 HTTP/1.1" 200 30
186.79.153.208 - - [11/Jan/2017:09:58:38 -0300] "POST /cormun/servlet/solicitudotadjuntos?992e3c57df67bdacf0a9fd8a95ddf2ee,INS,2017,4046,,1,,gx-no-cache=1484139593494 HTTP/1.1" 200 3797
192.168.10.89 - - [11/Jan/2017:09:58:40 -0300] "GET /cormun/servlet/trcontratosolicitud? HTTP/1.1" 200 12889
186.79.153.208 - - [11/Jan/2017:09:58:41 -0300] "POST /cormun/servlet/solicitudotadjuntos?gx-no-cache=1484139596102 HTTP/1.1" 200 26
186.79.153.208 - - [11/Jan/2017:09:58:47 -0300] "GET /cormun/servlet/solicitudotadjuntos?cac1d31418ed4cf5b411aaa8287ef3536945aa18eb3c50e2f117561dea524180,gx-no-cache=1484139603262 HTTP/1.1" 200 30
186.79.153.208 - - [11/Jan/2017:09:58:48 -0300] "GET /cormun/servlet/solicitudotadjuntos?cac1d31418ed4cf5b411aaa8287ef3536945aa18eb3c50e2f117561dea524180,gx-no-cache=1484139603459 HTTP/1.1" 200 30
192.168.10.89 - - [11/Jan/2017:09:58:48 -0300] "POST /cormun/servlet/trcontratosolicitud?36428dd09e6b23fedaab118395b77b14,,gx-no-cache=1484142833956 HTTP/1.1" 200 4771
192.168.10.89 - - [11/Jan/2017:09:58:51 -0300] "GET /cormun/servlet/solicitudotcontratos?INS,2017,0,13946883,K,2,2016,2351,LEY+SEP,201612,38,B, HTTP/1.1" 200 9526
192.168.10.89 - - [11/Jan/2017:09:58:52 -0300] "GET /cormun/servlet/solicitudotcontratos?a7f69ef5dcc42b11865ffa8f1326724a91a057808493de5ed2402c41d707d44369152251ee45da8fb2676b637ea4abbe,gx-no-cache=1484142838444 HTTP/1.1" 200 30
192.168.10.89 - - [11/Jan/2017:09:58:52 -0300] "GET /cormun/servlet/solicitudotcontratos?a7f69ef5dcc42b11865ffa8f1326724aa4b9c1a52364efbccb5ec53b0688158db07e20fad95180e3a93b9b5ea7af32fbb3491b397a8bb6e44f976131b7b24aaa5a8a84b12845108e9d22366d80a77a9875a8c59e5375c6dfe0dc0145d2641d02488b73e9a7591c1351b2ebae579759d8fbf2846f2ead8f6ef73a417d07f3ed7d,gx-no-cache=1484142838470 HTTP/1.1" 200 48
192.168.10.89 - - [11/Jan/2017:09:58:53 -0300] "GET /cormun/servlet/solicitudotcontratos?a7f69ef5dcc42b11865ffa8f1326724a1e714a18f16e87cf75768736a08855f9ee2d4a6238a16f7b6fea1259a23098ed,gx-no-cache=1484142838493 HTTP/1.1" 200 30
192.168.10.89 - - [11/Jan/2017:09:58:53 -0300] "GET /cormun/servlet/solicitudotcontratos?a7f69ef5dcc42b11865ffa8f1326724a1e5601dc44cf64c43a36910550e53aae368c17348e15f4e9477f2ca7e87bcc21873322e9e1d320479f488b14eb7aeb78b5250e10772d9d74e83f22a5101749f0523bfe1399fe9500f0ec69dc00d082fb785cd3ca0f78a3614c242e10b161d69c,gx-no-cache=1484142838512 HTTP/1.1" 200 30
192.168.10.89 - - [11/Jan/2017:09:58:53 -0300] "GET /cormun/servlet/solicitudotcontratos?a7f69ef5dcc42b11865ffa8f1326724a89ffc7def0e80f53260bf756676c5dcc53f5d26d607a806c37084f361887531f6a4838094b4a2db44ce2d99b349153bd873322e9e1d320479f488b14eb7aeb786dcb1491db0a149b8d76a0f7db3fb446a52dd1cc29623e38c5b4ba7664804622416869f8bd1ae608ec39b1cc6320ae95dd320cdac6e96f5c385f0bf2b852f903f5d698e49dfeee92bc967210e19118476a4838094b4a2db44ce2d99b349153bd22e7b1df34dfcbd1f45688e2967ddeec04f46ec55c3779373db27b30dcb0e32a82bfe8c3d3dafab86d02689add6281c06c778aed3cce56fe4918e524de006fccb87ac4f496a3ec9189374af61db1fd100f647eaf0272c7aab51bd2b808ce3e51514e5c3f3584bb3c67d203bff4cc259c5092da690be5f67a595016d199ca7a283e5147ad7a0ebcadaf531fdfb185a82221b4b74da7786fbb784dda2ff338f1b889acfcc60b285b283ac51e2a48a0c49f790c0a088e4e41fe472f4bacda0bcd9a57045fce3c0fe1e50730ef7f0cbbefb5f5b855a36cc292dbaa225926d1c4267788da775d2a6d692a8efaf4b53dea4ca080b793ab6fde011af96f17a959ca05b58da201a92d787f70beef3053a33128d91b40f374a58348bee6aac8b8426790560f90cd43e8c7a68ea321625c59a485ee04cfd3ab11b987136691d68000520a0a8d66e7ae1378a69fdca19458aa65546bbfd500533b4f59d612c6929f1634e68d8885886516d02868092e358cc54e31dcb0610f52dc7e931686bd177d825894849155253b9209d3e3dc00751484973c2f,gx-no-cache=1484142838535 HTTP/1.1" 200 79
186.79.153.208 - - [11/Jan/2017:09:58:56 -0300] "POST /cormun/servlet/solicitudotadjuntos?992e3c57df67bdacf0a9fd8a95ddf2ee,INS,2017,4046,,1, HTTP/1.1" 200 116
192.168.10.89 - - [11/Jan/2017:09:58:57 -0300] "POST /cormun/servlet/solicitudotcontratos?36428dd09e6b23fedaab118395b77b14,INS,2017,0,13946883,K,2,2016,2351,LEY+SEP,201612,38,B,,gx-no-cache=1484142842411 HTTP/1.1" 200 10382
186.79.153.208 - - [11/Jan/2017:09:58:57 -0300] "GET /cormun/servlet/hpexe_return? HTTP/1.1" 200 1030
192.168.10.89 - - [11/Jan/2017:09:58:57 -0300] "POST /cormun/servlet/solicitudotcontratos?gx-no-cache=1484142842687 HTTP/1.1" 200 1264
192.168.10.89 - - [11/Jan/2017:09:58:57 -0300] "POST /cormun/servlet/solicitudotcontratos?gx-no-cache=1484142842728 HTTP/1.1" 200 1140
186.79.153.208 - - [11/Jan/2017:09:58:57 -0300] "GET /cormun/servlet/trsolicitudadjuntos?2017,4046, HTTP/1.1" 200 8922
186.79.153.208 - - [11/Jan/2017:09:58:59 -0300] "GET /cormun/servlet/trsolicitudadjuntos?2017,4046, HTTP/1.1" 200 8917
186.79.153.208 - - [11/Jan/2017:09:59:02 -0300] "GET /cormun/servlet/trsolicitudot? HTTP/1.1" 200 8130
186.79.153.208 - - [11/Jan/2017:09:59:04 -0300] "GET /cormun/servlet/trsolicitudot? HTTP/1.1" 200 8124
186.79.153.208 - - [11/Jan/2017:09:59:08 -0300] "POST /cormun/servlet/trsolicitudot?992e3c57df67bdacf0a9fd8a95ddf2ee,,gx-no-cache=1484139623700 HTTP/1.1" 200 4243
186.79.153.208 - - [11/Jan/2017:09:59:08 -0300] "GET /cormun/static/Shared/jqueryui/images/ui-bg_highlight-soft_100_c6c2c8_1x100.png HTTP/1.1" 404 1117
186.79.153.208 - - [11/Jan/2017:09:59:09 -0300] "GET /cormun/static/Shared/jqueryui/images/ui-icons_82798d_256x240.png HTTP/1.1" 404 1089
186.79.153.208 - - [11/Jan/2017:09:59:09 -0300] "GET /cormun/static/Shared/jqueryui/images/ui-icons_8d78a5_256x240.png HTTP/1.1" 404 1089
186.79.153.208 - - [11/Jan/2017:09:59:09 -0300] "GET /cormun/static/Shared/jqueryui/images/ui-bg_flat_55_fafafa_40x100.png HTTP/1.1" 404 1097
186.79.153.208 - - [11/Jan/2017:09:59:09 -0300] "POST /cormun/servlet/trsolicitudot?992e3c57df67bdacf0a9fd8a95ddf2ee,,gx-no-cache=1484139624437 HTTP/1.1" 200 4096
186.79.153.208 - - [11/Jan/2017:09:59:12 -0300] "GET /cormun/servlet/trautorizarsolicitud? HTTP/1.1" 200 8069
186.79.153.208 - - [11/Jan/2017:09:59:12 -0300] "GET /cormun/static/gxcfg.js?201612218532664 HTTP/1.1" 200 953
186.79.153.208 - - [11/Jan/2017:09:59:12 -0300] "GET /cormun/static/trautorizarsolicitud.js?20161221853328 HTTP/1.1" 200 44565
186.79.153.208 - - [11/Jan/2017:09:59:13 -0300] "GET /cormun/servlet/trautorizarsolicitud? HTTP/1.1" 200 8069
192.168.10.89 - - [11/Jan/2017:09:59:15 -0300] "GET /cormun/servlet/solicitudotcontratos?a7f69ef5dcc42b11865ffa8f1326724ade0da7f4bc10b15af6f5aa08a1b42491968a56163c63cd374ffb0c7f0d52201321fddb055e7cfdf3dd83e240598bba22bdd1615cc382f5ceb224b3ed5b2b217d3bfd2f9a2aabb47c2b920d9acb37306933eb1282e7ed5831ac18cb0bdf188b6b83b1e9b8503d85baa98adcf44f6202ac,gx-no-cache=1484142860726 HTTP/1.1" 200 30
192.168.10.89 - - [11/Jan/2017:09:59:15 -0300] "POST /cormun/servlet/solicitudotcontratos?36428dd09e6b23fedaab118395b77b14,INS,2017,0,13946883,K,2,2016,2351,LEY+SEP,201612,38,B,,gx-no-cache=1484142860785 HTTP/1.1" 200 93
192.168.10.89 - - [11/Jan/2017:09:59:15 -0300] "GET /cormun/servlet/hpexe_return? HTTP/1.1" 200 1054
186.79.153.208 - - [11/Jan/2017:09:59:15 -0300] "POST /cormun/servlet/trautorizarsolicitud?992e3c57df67bdacf0a9fd8a95ddf2ee,,gx-no-cache=1484139630844 HTTP/1.1" 200 4203
192.168.10.89 - - [11/Jan/2017:09:59:16 -0300] "GET /cormun/servlet/trcontratosolicitud? HTTP/1.1" 200 6460
186.79.153.208 - - [11/Jan/2017:09:59:16 -0300] "POST /cormun/servlet/trautorizarsolicitud?992e3c57df67bdacf0a9fd8a95ddf2ee,,gx-no-cache=1484139631473 HTTP/1.1" 200 4060
192.168.10.89 - - [11/Jan/2017:09:59:37 -0300] "POST /cormun/servlet/trcontratosolicitud?36428dd09e6b23fedaab118395b77b14,,gx-no-cache=1484142883186 HTTP/1.1" 200 4910
192.168.10.89 - - [11/Jan/2017:10:01:15 -0300] "GET /cormun/servlet/solicitudotcontratos?INS,2017,0,12694104,8,6,2016,3163,INTEGRACION,201612,14,B, HTTP/1.1" 200 9481
192.168.10.89 - - [11/Jan/2017:10:01:17 -0300] "GET /cormun/servlet/solicitudotcontratos?a7f69ef5dcc42b11865ffa8f1326724a8952806adba89567c7ff556eb1e260b369152251ee45da8fb2676b637ea4abbe,gx-no-cache=1484142983055 HTTP/1.1" 200 30
192.168.10.89 - - [11/Jan/2017:10:01:17 -0300] "GET /cormun/servlet/solicitudotcontratos?a7f69ef5dcc42b11865ffa8f1326724aa4b9c1a52364efbccb5ec53b0688158db07e20fad95180e3a93b9b5ea7af32fbb3491b397a8bb6e44f976131b7b24aaa5a8a84b12845108e9d22366d80a77a9816aa0c5e12d6390d1b4e507c98bf33c399bcf252cda8f9c97c40d7aa2acee01fc1488f9bf36e5310a4619d8bb02c8d59,gx-no-cache=1484142983091 HTTP/1.1" 200 50
192.168.10.89 - - [11/Jan/2017:10:01:17 -0300] "GET /cormun/servlet/solicitudotcontratos?a7f69ef5dcc42b11865ffa8f1326724aad5faa41c4bd08e1a910bdffc924c3d9633a8738f9b7066e89b9d095f97c88d0,gx-no-cache=1484142983117 HTTP/1.1" 200 30
192.168.10.89 - - [11/Jan/2017:10:01:17 -0300] "GET /cormun/servlet/solicitudotcontratos?a7f69ef5dcc42b11865ffa8f1326724a1e5601dc44cf64c43a36910550e53aae368c17348e15f4e9477f2ca7e87bcc21873322e9e1d320479f488b14eb7aeb78b5250e10772d9d74e83f22a5101749f075dca63ae60f6d077469eed7fbdfed70785cd3ca0f78a3614c242e10b161d69c,gx-no-cache=1484142983138 HTTP/1.1" 200 30
192.168.10.89 - - [11/Jan/2017:10:01:17 -0300] "GET /cormun/servlet/solicitudotcontratos?a7f69ef5dcc42b11865ffa8f1326724a89ffc7def0e80f53260bf756676c5dcc53f5d26d607a806c37084f361887531f6c910db7ea3a18dd11f4ba0f0bd0be0d5d70d018142f576371d9427c38a47b7707472250320be20e1fc5149c192d3ff5d2940f4c150377744aea1455bf903863c862704d65c7237039a9bb868fc58ed474c49e2334e03cb0801dbd0c5df71e5b601fcc222437da6d8f6671d2c912ff569fb135eb7fbb0c37ea89253e8f6f6240fadd99e2fe210737cc047eae76d6f6a598e67dd8bf4e97afc551b5bbb6944a670b291ee15ff818d5d632fc69a8c9bac646b5518f2f582401962a006b1a5f05cde9ac3f2faded7879ac6c164d8d28d11019c1e5b92e15dd1d3925043b4594370afed3cf465f6a157f4a6419e22a2d39382e0d73a39393fc887eb433572cede6c2c8fd97c5a37aceea14e63d0d508b7833ded4c998d31c720a34f1d1790c99facd5b2d02945aa059c53e9e3101f866b3f45d9bdade510faeb3ca16fa4988f3af1e0e017307c181ec4e4831035ba7ff1003227448611ad8a73ca4b1bcdc218c5392af74a2665838748d7230e6b07c2dbb04822bf871a65058b05a5c8922157ca5ce3c24b229141969c69471392403154bfc43fa901290b37e65c94ed92e34294c383583db7fe5962f62de8831c3f73ba8b9a8ef36a89b6dc8af741fe6a37b68c756d4388408fbbcca660ce00f8ac52f177170b520053aca0d5e5a6a723843e1c7e7272080dda2a153abe744dee07b100830431b02b9bc15ae22c5310707d760ea06af00ce559867bff7a1ac482a255c9df0,gx-no-cache=1484142983161 HTTP/1.1" 200 83
192.168.10.89 - - [11/Jan/2017:10:01:31 -0300] "POST /cormun/servlet/solicitudotcontratos?36428dd09e6b23fedaab118395b77b14,INS,2017,0,12694104,8,6,2016,3163,INTEGRACION,201612,14,B,,gx-no-cache=1484142996349 HTTP/1.1" 200 10357
192.168.10.89 - - [11/Jan/2017:10:01:31 -0300] "POST /cormun/servlet/solicitudotcontratos?gx-no-cache=1484142996637 HTTP/1.1" 200 1262
192.168.10.89 - - [11/Jan/2017:10:01:31 -0300] "POST /cormun/servlet/solicitudotcontratos?gx-no-cache=1484142996678 HTTP/1.1" 200 1140
192.168.10.89 - - [11/Jan/2017:10:01:31 -0300] "GET /cormun/servlet/solicitudotcontratos?a7f69ef5dcc42b11865ffa8f1326724ade0da7f4bc10b15af6f5aa08a1b42491968a56163c63cd374ffb0c7f0d52201321fddb055e7cfdf3dd83e240598bba22bdd1615cc382f5ceb224b3ed5b2b217d3bfd2f9a2aabb47c2b920d9acb37306933eb1282e7ed5831ac18cb0bdf188b6b83b1e9b8503d85baa98adcf44f6202ac,gx-no-cache=1484142996713 HTTP/1.1" 200 30
192.168.10.89 - - [11/Jan/2017:10:01:31 -0300] "POST /cormun/servlet/solicitudotcontratos?36428dd09e6b23fedaab118395b77b14,INS,2017,0,12694104,8,6,2016,3163,INTEGRACION,201612,14,B,,gx-no-cache=1484142996737 HTTP/1.1" 200 93
192.168.10.89 - - [11/Jan/2017:10:01:31 -0300] "GET /cormun/servlet/hpexe_return? HTTP/1.1" 200 1055
192.168.10.89 - - [11/Jan/2017:10:01:32 -0300] "GET /cormun/servlet/trcontratosolicitud? HTTP/1.1" 200 7166
91.196.50.33 - - [11/Jan/2017:10:04:16 -0300] "GET /testproxy.php HTTP/1.1" 404 987
192.168.10.89 - - [11/Jan/2017:10:04:43 -0300] "POST /cormun/servlet/trcontratosolicitud?36428dd09e6b23fedaab118395b77b14,,gx-no-cache=1484143188435 HTTP/1.1" 200 4753
192.168.10.89 - - [11/Jan/2017:10:04:48 -0300] "GET /cormun/servlet/solicitudotcontratos?INS,2017,0,17503733,0,2,2016,2180,INTEGRACION,201612,42,B, HTTP/1.1" 200 9481
192.168.10.89 - - [11/Jan/2017:10:04:50 -0300] "GET /cormun/servlet/solicitudotcontratos?a7f69ef5dcc42b11865ffa8f1326724a2fb3629f92c73bf8d1e35dadafb7ae8869152251ee45da8fb2676b637ea4abbe,gx-no-cache=1484143196038 HTTP/1.1" 200 30
192.168.10.89 - - [11/Jan/2017:10:04:50 -0300] "GET /cormun/servlet/solicitudotcontratos?a7f69ef5dcc42b11865ffa8f1326724aa4b9c1a52364efbccb5ec53b0688158d6d3b2512b4b51d73cdb43bb095724983b3491b397a8bb6e44f976131b7b24aaa60226ad961acaac294e021a917a3191375a8c59e5375c6dfe0dc0145d2641d02488b73e9a7591c1351b2ebae579759d8fbf2846f2ead8f6ef73a417d07f3ed7d,gx-no-cache=1484143196063 HTTP/1.1" 200 48
192.168.10.89 - - [11/Jan/2017:10:04:50 -0300] "GET /cormun/servlet/solicitudotcontratos?a7f69ef5dcc42b11865ffa8f1326724a73d2339afcb0783a165ad91b3685e7e1889a769c1eba85ba43a0a2d2eea511e6,gx-no-cache=1484143196091 HTTP/1.1" 200 30
192.168.10.89 - - [11/Jan/2017:10:04:50 -0300] "GET /cormun/servlet/solicitudotcontratos?a7f69ef5dcc42b11865ffa8f1326724a1e5601dc44cf64c43a36910550e53aae368c17348e15f4e9477f2ca7e87bcc21873322e9e1d320479f488b14eb7aeb78b5250e10772d9d74e83f22a5101749f0523bfe1399fe9500f0ec69dc00d082fb785cd3ca0f78a3614c242e10b161d69c,gx-no-cache=1484143196114 HTTP/1.1" 200 30
192.168.10.89 - - [11/Jan/2017:10:04:50 -0300] "GET /cormun/servlet/solicitudotcontratos?a7f69ef5dcc42b11865ffa8f1326724a89ffc7def0e80f53260bf756676c5dcc53f5d26d607a806c37084f361887531f6c910db7ea3a18dd11f4ba0f0bd0be0d5d70d018142f576371d9427c38a47b7707472250320be20e1fc5149c192d3ff5d2940f4c150377744aea1455bf903863c862704d65c7237039a9bb868fc58ed474c49e2334e03cb0801dbd0c5df71e5b601fcc222437da6d8f6671d2c912ff569fb135eb7fbb0c37ea89253e8f6f6240fadd99e2fe210737cc047eae76d6f6a598e67dd8bf4e97afc551b5bbb6944a670b291ee15ff818d5d632fc69a8c9bac646b5518f2f582401962a006b1a5f05cde9ac3f2faded7879ac6c164d8d28d11019c1e5b92e15dd1d3925043b4594370afed3cf465f6a157f4a6419e22a2d39382e0d73a39393fc887eb433572cede6c2c8fd97c5a37aceea14e63d0d508b7833ded4c998d31c720a34f1d1790c99facd5b2d02945aa059c53e9e3101f866b3f45d9bdade510faeb3ca16fa4988f3af1e0e017307c181ec4e4831035ba7ff1003227448611ad8a73ca4b1bcdc218c5392af74a2665838748d7230e6b07c2dbb04822bf871a65058b05a5c8922157ca5ce3c24b229141969c69471392403154bfc43fa901290b37e65c94ed92e34294c383583db7fe5962f62de8831c3f73ba8b9a8ef36a89b6dc8af741fe6a37b68c756d4388408fbbcca660ce00f8ac52f177170b520053aca0d5e5a6a723843e1c7e7272080dda2a153abe744dee07b100830431b02b9bc15ae22c5310707d760ea06af00ce559867bff7a1ac482a255c9df0,gx-no-cache=1484143196141 HTTP/1.1" 200 83
192.168.10.89 - - [11/Jan/2017:10:04:56 -0300] "POST /cormun/servlet/solicitudotcontratos?36428dd09e6b23fedaab118395b77b14,INS,2017,0,17503733,0,2,2016,2180,INTEGRACION,201612,42,B,,gx-no-cache=1484143201593 HTTP/1.1" 200 10364
192.168.10.89 - - [11/Jan/2017:10:04:56 -0300] "POST /cormun/servlet/solicitudotcontratos?gx-no-cache=1484143201866 HTTP/1.1" 200 1262
192.168.10.89 - - [11/Jan/2017:10:04:56 -0300] "POST /cormun/servlet/solicitudotcontratos?gx-no-cache=1484143201909 HTTP/1.1" 200 1140
192.168.10.89 - - [11/Jan/2017:10:04:56 -0300] "GET /cormun/servlet/solicitudotcontratos?a7f69ef5dcc42b11865ffa8f1326724ade0da7f4bc10b15af6f5aa08a1b42491968a56163c63cd374ffb0c7f0d52201321fddb055e7cfdf3dd83e240598bba22bdd1615cc382f5ceb224b3ed5b2b217d3bfd2f9a2aabb47c2b920d9acb37306933eb1282e7ed5831ac18cb0bdf188b6b83b1e9b8503d85baa98adcf44f6202ac,gx-no-cache=1484143201945 HTTP/1.1" 200 30
192.168.10.89 - - [11/Jan/2017:10:04:56 -0300] "POST /cormun/servlet/solicitudotcontratos?36428dd09e6b23fedaab118395b77b14,INS,2017,0,17503733,0,2,2016,2180,INTEGRACION,201612,42,B,,gx-no-cache=1484143201970 HTTP/1.1" 200 93
192.168.10.89 - - [11/Jan/2017:10:04:56 -0300] "GET /cormun/servlet/hpexe_return? HTTP/1.1" 200 1055
192.168.10.89 - - [11/Jan/2017:10:04:57 -0300] "GET /cormun/servlet/trcontratosolicitud? HTTP/1.1" 200 6452
192.168.10.89 - - [11/Jan/2017:10:05:04 -0300] "POST /cormun/servlet/trcontratosolicitud?36428dd09e6b23fedaab118395b77b14,,gx-no-cache=1484143209408 HTTP/1.1" 200 4910
192.168.10.89 - - [11/Jan/2017:10:07:02 -0300] "GET /cormun/servlet/solicitudotcontratos?INS,2017,0,17107590,4,2,2016,2857,INTEGRACION,201612,12,B, HTTP/1.1" 200 9513
192.168.10.89 - - [11/Jan/2017:10:07:04 -0300] "GET /cormun/servlet/solicitudotcontratos?a7f69ef5dcc42b11865ffa8f1326724a95ce2b6d86fe161878cb66681c2692a769152251ee45da8fb2676b637ea4abbe,gx-no-cache=1484143329689 HTTP/1.1" 200 30
192.168.10.89 - - [11/Jan/2017:10:07:04 -0300] "GET /cormun/servlet/solicitudotcontratos?a7f69ef5dcc42b11865ffa8f1326724aa4b9c1a52364efbccb5ec53b0688158db07e20fad95180e3a93b9b5ea7af32fbb3491b397a8bb6e44f976131b7b24aaa5a8a84b12845108e9d22366d80a77a9875a8c59e5375c6dfe0dc0145d2641d02488b73e9a7591c1351b2ebae579759d8fbf2846f2ead8f6ef73a417d07f3ed7d,gx-no-cache=1484143329712 HTTP/1.1" 200 48
192.168.10.89 - - [11/Jan/2017:10:07:04 -0300] "GET /cormun/servlet/solicitudotcontratos?a7f69ef5dcc42b11865ffa8f1326724acad18e46a547d64d386fcaee872182f4f07324104346e34d409b670cda0206d0,gx-no-cache=1484143329735 HTTP/1.1" 200 30
192.168.10.89 - - [11/Jan/2017:10:07:04 -0300] "GET /cormun/servlet/solicitudotcontratos?a7f69ef5dcc42b11865ffa8f1326724a1e5601dc44cf64c43a36910550e53aae368c17348e15f4e9477f2ca7e87bcc21873322e9e1d320479f488b14eb7aeb78b5250e10772d9d74e83f22a5101749f0523bfe1399fe9500f0ec69dc00d082fb785cd3ca0f78a3614c242e10b161d69c,gx-no-cache=1484143329754 HTTP/1.1" 200 30
192.168.10.89 - - [11/Jan/2017:10:07:04 -0300] "GET /cormun/servlet/solicitudotcontratos?a7f69ef5dcc42b11865ffa8f1326724a89ffc7def0e80f53260bf756676c5dcc53f5d26d607a806c37084f361887531f6c910db7ea3a18dd11f4ba0f0bd0be0d5d70d018142f576371d9427c38a47b7707472250320be20e1fc5149c192d3ff5d2940f4c150377744aea1455bf903863c862704d65c7237039a9bb868fc58ed474c49e2334e03cb0801dbd0c5df71e5b601fcc222437da6d8f6671d2c912ff569fb135eb7fbb0c37ea89253e8f6f6240fadd99e2fe210737cc047eae76d6f6a598e67dd8bf4e97afc551b5bbb6944a670b291ee15ff818d5d632fc69a8c9bac646b5518f2f582401962a006b1a5f05cde9ac3f2faded7879ac6c164d8d28d11019c1e5b92e15dd1d3925043b4594370afed3cf465f6a157f4a6419e22a2d39382e0d73a39393fc887eb433572cede6c2c8fd97c5a37aceea14e63d0d508b7833ded4c998d31c720a34f1d1790c99facd5b2d02945aa059c53e9e3101f866b3f45d9bdade510faeb3ca16fa4988f3af1e0e017307c181ec4e4831035ba7ff1003227448611ad8a73ca4b1bcdc218c5392af74a2665838748d7230e6b07c2dbb04822bf871a65058b05a5c8922157ca5ce3c24b229141969c69471392403154bfc43fa901290b37e65c94ed92e34294c383583db7fe5962f62de8831c3f73ba8b9a8ef36a89b6dc8af741fe6a37b68c756d4388408fbbcca660ce00f8ac52f177170b520053aca0d5e5a6a723843e1c7e7272080dda2a153abe744dee07b100830431b02b9bc15ae22c5310707d760ea06af00ce559867bff7a1ac482a255c9df0,gx-no-cache=1484143329776 HTTP/1.1" 200 83
192.168.10.89 - - [11/Jan/2017:10:07:11 -0300] "POST /cormun/servlet/solicitudotcontratos?36428dd09e6b23fedaab118395b77b14,INS,2017,0,17107590,4,2,2016,2857,INTEGRACION,201612,12,B,,gx-no-cache=1484143336600 HTTP/1.1" 200 10380
192.168.10.89 - - [11/Jan/2017:10:07:11 -0300] "POST /cormun/servlet/solicitudotcontratos?gx-no-cache=1484143336874 HTTP/1.1" 200 1262
192.168.10.89 - - [11/Jan/2017:10:07:11 -0300] "POST /cormun/servlet/solicitudotcontratos?gx-no-cache=1484143336915 HTTP/1.1" 200 1140
192.168.10.89 - - [11/Jan/2017:10:07:11 -0300] "GET /cormun/servlet/solicitudotcontratos?a7f69ef5dcc42b11865ffa8f1326724ade0da7f4bc10b15af6f5aa08a1b42491968a56163c63cd374ffb0c7f0d52201321fddb055e7cfdf3dd83e240598bba22bdd1615cc382f5ceb224b3ed5b2b217d3bfd2f9a2aabb47c2b920d9acb37306933eb1282e7ed5831ac18cb0bdf188b6b83b1e9b8503d85baa98adcf44f6202ac,gx-no-cache=1484143336950 HTTP/1.1" 200 30
192.168.10.89 - - [11/Jan/2017:10:07:11 -0300] "POST /cormun/servlet/solicitudotcontratos?36428dd09e6b23fedaab118395b77b14,INS,2017,0,17107590,4,2,2016,2857,INTEGRACION,201612,12,B,,gx-no-cache=1484143336974 HTTP/1.1" 200 93
192.168.10.89 - - [11/Jan/2017:10:07:11 -0300] "GET /cormun/servlet/hpexe_return? HTTP/1.1" 200 1056
192.168.10.89 - - [11/Jan/2017:10:07:12 -0300] "GET /cormun/servlet/trcontratosolicitud? HTTP/1.1" 200 7219
192.168.10.89 - - [11/Jan/2017:10:07:20 -0300] "POST /cormun/servlet/trcontratosolicitud?36428dd09e6b23fedaab118395b77b14,,gx-no-cache=1484143346166 HTTP/1.1" 200 4758
192.168.10.89 - - [11/Jan/2017:10:07:26 -0300] "GET /cormun/servlet/solicitudotcontratos?INS,2017,0,13500483,9,2,2016,2359,LEY+SEP,201612,30,*, HTTP/1.1" 200 9521
192.168.10.89 - - [11/Jan/2017:10:07:28 -0300] "GET /cormun/servlet/solicitudotcontratos?a7f69ef5dcc42b11865ffa8f1326724a8a3cd9b174a8bc6fdced7342b3eaae6569152251ee45da8fb2676b637ea4abbe,gx-no-cache=1484143354122 HTTP/1.1" 200 30
192.168.10.89 - - [11/Jan/2017:10:07:28 -0300] "GET /cormun/servlet/solicitudotcontratos?a7f69ef5dcc42b11865ffa8f1326724aa4b9c1a52364efbccb5ec53b0688158d6d3b2512b4b51d73cdb43bb095724983b3491b397a8bb6e44f976131b7b24aaa60226ad961acaac294e021a917a3191375a8c59e5375c6dfe0dc0145d2641d02488b73e9a7591c1351b2ebae579759d8fbf2846f2ead8f6ef73a417d07f3ed7d,gx-no-cache=1484143354148 HTTP/1.1" 200 48
192.168.10.89 - - [11/Jan/2017:10:07:28 -0300] "GET /cormun/servlet/solicitudotcontratos?a7f69ef5dcc42b11865ffa8f1326724afd88805c8276e77ab0f6f7bca432098fb654afb70900623e8151f851047f3196,gx-no-cache=1484143354175 HTTP/1.1" 200 30
192.168.10.89 - - [11/Jan/2017:10:07:28 -0300] "GET /cormun/servlet/solicitudotcontratos?a7f69ef5dcc42b11865ffa8f1326724a1e5601dc44cf64c43a36910550e53aae368c17348e15f4e9477f2ca7e87bcc21873322e9e1d320479f488b14eb7aeb78b5250e10772d9d74e83f22a5101749f0523bfe1399fe9500f0ec69dc00d082fb785cd3ca0f78a3614c242e10b161d69c,gx-no-cache=1484143354197 HTTP/1.1" 200 30
192.168.10.89 - - [11/Jan/2017:10:07:28 -0300] "GET /cormun/servlet/solicitudotcontratos?a7f69ef5dcc42b11865ffa8f1326724a89ffc7def0e80f53260bf756676c5dcc53f5d26d607a806c37084f361887531f6a4838094b4a2db44ce2d99b349153bd873322e9e1d320479f488b14eb7aeb786dcb1491db0a149b8d76a0f7db3fb446a52dd1cc29623e38c5b4ba7664804622416869f8bd1ae608ec39b1cc6320ae95dd320cdac6e96f5c385f0bf2b852f903f5d698e49dfeee92bc967210e19118476a4838094b4a2db44ce2d99b349153bd22e7b1df34dfcbd1f45688e2967ddeec04f46ec55c3779373db27b30dcb0e32a82bfe8c3d3dafab86d02689add6281c06c778aed3cce56fe4918e524de006fccb87ac4f496a3ec9189374af61db1fd100f647eaf0272c7aab51bd2b808ce3e51514e5c3f3584bb3c67d203bff4cc259c5092da690be5f67a595016d199ca7a283e5147ad7a0ebcadaf531fdfb185a82221b4b74da7786fbb784dda2ff338f1b889acfcc60b285b283ac51e2a48a0c49f790c0a088e4e41fe472f4bacda0bcd9a57045fce3c0fe1e50730ef7f0cbbefb5f5b855a36cc292dbaa225926d1c4267788da775d2a6d692a8efaf4b53dea4ca080b793ab6fde011af96f17a959ca05b58da201a92d787f70beef3053a33128d91b40f374a58348bee6aac8b8426790560f90cd43e8c7a68ea321625c59a485ee04cfd3ab11b987136691d68000520a0a8d66e7ae1378a69fdca19458aa65546bbfd500533b4f59d612c6929f1634e68d8885886516d02868092e358cc54e31dcb0610f52dc7e931686bd177d825894849155253b9209d3e3dc00751484973c2f,gx-no-cache=1484143354225 HTTP/1.1" 200 79
192.168.10.89 - - [11/Jan/2017:10:07:33 -0300] "POST /cormun/servlet/solicitudotcontratos?36428dd09e6b23fedaab118395b77b14,INS,2017,0,13500483,9,2,2016,2359,LEY+SEP,201612,30,*,,gx-no-cache=1484143358478 HTTP/1.1" 200 10364
192.168.10.89 - - [11/Jan/2017:10:07:33 -0300] "POST /cormun/servlet/solicitudotcontratos?gx-no-cache=1484143358816 HTTP/1.1" 200 1264
192.168.10.89 - - [11/Jan/2017:10:07:33 -0300] "POST /cormun/servlet/solicitudotcontratos?gx-no-cache=1484143358871 HTTP/1.1" 200 1140
192.168.10.89 - - [11/Jan/2017:10:07:33 -0300] "GET /cormun/servlet/solicitudotcontratos?a7f69ef5dcc42b11865ffa8f1326724ade0da7f4bc10b15af6f5aa08a1b42491968a56163c63cd374ffb0c7f0d52201321fddb055e7cfdf3dd83e240598bba22bdd1615cc382f5ceb224b3ed5b2b217d3bfd2f9a2aabb47c2b920d9acb37306933eb1282e7ed5831ac18cb0bdf188b6b83b1e9b8503d85baa98adcf44f6202ac,gx-no-cache=1484143358907 HTTP/1.1" 200 30
192.168.10.89 - - [11/Jan/2017:10:07:33 -0300] "POST /cormun/servlet/solicitudotcontratos?36428dd09e6b23fedaab118395b77b14,INS,2017,0,13500483,9,2,2016,2359,LEY+SEP,201612,30,*,,gx-no-cache=1484143358960 HTTP/1.1" 200 93
192.168.10.89 - - [11/Jan/2017:10:07:33 -0300] "GET /cormun/servlet/hpexe_return? HTTP/1.1" 200 1054
192.168.10.89 - - [11/Jan/2017:10:07:34 -0300] "GET /cormun/servlet/trcontratosolicitud? HTTP/1.1" 200 6460
192.168.10.89 - - [11/Jan/2017:10:08:53 -0300] "POST /cormun/servlet/trcontratosolicitud?36428dd09e6b23fedaab118395b77b14,,gx-no-cache=1484143438607 HTTP/1.1" 200 5019
192.168.10.89 - - [11/Jan/2017:10:09:27 -0300] "GET /cormun/servlet/solicitudotcontratos?INS,2017,0,17080289,6,2,2016,2182,INTEGRACION,201612,11,*, HTTP/1.1" 200 9522
192.168.10.89 - - [11/Jan/2017:10:09:28 -0300] "GET /cormun/servlet/solicitudotcontratos?a7f69ef5dcc42b11865ffa8f1326724ad64b9fa2fe91ce05e3157c4bf81830e969152251ee45da8fb2676b637ea4abbe,gx-no-cache=1484143474402 HTTP/1.1" 200 30
192.168.10.89 - - [11/Jan/2017:10:09:28 -0300] "GET /cormun/servlet/solicitudotcontratos?a7f69ef5dcc42b11865ffa8f1326724aa4b9c1a52364efbccb5ec53b0688158d11251c0773a12bbb53b2585539f548a6b3491b397a8bb6e44f976131b7b24aaa8e27667464fa77f1ffd191bc2ae945b275a8c59e5375c6dfe0dc0145d2641d02488b73e9a7591c1351b2ebae579759d8fbf2846f2ead8f6ef73a417d07f3ed7d,gx-no-cache=1484143474428 HTTP/1.1" 200 48
192.168.10.89 - - [11/Jan/2017:10:09:28 -0300] "GET /cormun/servlet/solicitudotcontratos?a7f69ef5dcc42b11865ffa8f1326724a9e7e1e1ac18ce55b8d79f5b8c3f62ae6a0bf10c6a5784989555a7d1b7c6deb1b,gx-no-cache=1484143474455 HTTP/1.1" 200 30
192.168.10.89 - - [11/Jan/2017:10:09:28 -0300] "GET /cormun/servlet/solicitudotcontratos?a7f69ef5dcc42b11865ffa8f1326724a1e5601dc44cf64c43a36910550e53aae368c17348e15f4e9477f2ca7e87bcc21873322e9e1d320479f488b14eb7aeb78b5250e10772d9d74e83f22a5101749f0523bfe1399fe9500f0ec69dc00d082fb785cd3ca0f78a3614c242e10b161d69c,gx-no-cache=1484143474478 HTTP/1.1" 200 30
192.168.10.89 - - [11/Jan/2017:10:09:29 -0300] "GET /cormun/servlet/solicitudotcontratos?a7f69ef5dcc42b11865ffa8f1326724a89ffc7def0e80f53260bf756676c5dcc53f5d26d607a806c37084f361887531f6c910db7ea3a18dd11f4ba0f0bd0be0d5d70d018142f576371d9427c38a47b7707472250320be20e1fc5149c192d3ff5d2940f4c150377744aea1455bf903863c862704d65c7237039a9bb868fc58ed474c49e2334e03cb0801dbd0c5df71e5b601fcc222437da6d8f6671d2c912ff569fb135eb7fbb0c37ea89253e8f6f6240fadd99e2fe210737cc047eae76d6f6a598e67dd8bf4e97afc551b5bbb6944a670b291ee15ff818d5d632fc69a8c9bac646b5518f2f582401962a006b1a5f05cde9ac3f2faded7879ac6c164d8d28d11019c1e5b92e15dd1d3925043b4594370afed3cf465f6a157f4a6419e22a2d39382e0d73a39393fc887eb433572cede6c2c8fd97c5a37aceea14e63d0d508b7833ded4c998d31c720a34f1d1790c99facd5b2d02945aa059c53e9e3101f866b3f45d9bdade510faeb3ca16fa4988f3af1e0e017307c181ec4e4831035ba7ff1003227448611ad8a73ca4b1bcdc218c5392af74a2665838748d7230e6b07c2dbb04822bf871a65058b05a5c8922157ca5ce3c24b229141969c69471392403154bfc43fa901290b37e65c94ed92e34294c383583db7fe5962f62de8831c3f73ba8b9a8ef36a89b6dc8af741fe6a37b68c756d4388408fbbcca660ce00f8ac52f177170b520053aca0d5e5a6a723843e1c7e7272080dda2a153abe744dee07b100830431b02b9bc15ae22c5310707d760ea06af00ce559867bff7a1ac482a255c9df0,gx-no-cache=1484143474504 HTTP/1.1" 200 83
192.168.10.89 - - [11/Jan/2017:10:09:30 -0300] "POST /cormun/servlet/solicitudotcontratos?gx-no-cache=1484143476424 HTTP/1.1" 200 79
192.168.10.89 - - [11/Jan/2017:10:09:40 -0300] "POST /cormun/servlet/solicitudotcontratos?36428dd09e6b23fedaab118395b77b14,INS,2017,0,17080289,6,2,2016,2182,INTEGRACION,201612,11,*,,gx-no-cache=1484143485307 HTTP/1.1" 200 10371
192.168.10.89 - - [11/Jan/2017:10:09:40 -0300] "POST /cormun/servlet/solicitudotcontratos?gx-no-cache=1484143485653 HTTP/1.1" 200 1263
192.168.10.89 - - [11/Jan/2017:10:09:40 -0300] "POST /cormun/servlet/solicitudotcontratos?gx-no-cache=1484143485718 HTTP/1.1" 200 1140
192.168.10.89 - - [11/Jan/2017:10:09:40 -0300] "GET /cormun/servlet/solicitudotcontratos?a7f69ef5dcc42b11865ffa8f1326724ade0da7f4bc10b15af6f5aa08a1b42491968a56163c63cd374ffb0c7f0d52201321fddb055e7cfdf3dd83e240598bba22bdd1615cc382f5ceb224b3ed5b2b217d3bfd2f9a2aabb47c2b920d9acb37306933eb1282e7ed5831ac18cb0bdf188b6b83b1e9b8503d85baa98adcf44f6202ac,gx-no-cache=1484143485780 HTTP/1.1" 200 30
192.168.10.89 - - [11/Jan/2017:10:09:40 -0300] "POST /cormun/servlet/solicitudotcontratos?36428dd09e6b23fedaab118395b77b14,INS,2017,0,17080289,6,2,2016,2182,INTEGRACION,201612,11,*,,gx-no-cache=1484143485804 HTTP/1.1" 200 93
192.168.10.89 - - [11/Jan/2017:10:09:40 -0300] "GET /cormun/servlet/hpexe_return? HTTP/1.1" 200 1056
192.168.10.89 - - [11/Jan/2017:10:09:41 -0300] "GET /cormun/servlet/trcontratosolicitud? HTTP/1.1" 200 7350
192.168.10.89 - - [11/Jan/2017:10:09:53 -0300] "GET /cormun/servlet/solicitudotcontratos?INS,2017,0,17080289,6,6,2016,4317,INTEGRACION,201612,11,*, HTTP/1.1" 200 9524
192.168.10.89 - - [11/Jan/2017:10:09:55 -0300] "GET /cormun/servlet/solicitudotcontratos?a7f69ef5dcc42b11865ffa8f1326724ad64b9fa2fe91ce05e3157c4bf81830e969152251ee45da8fb2676b637ea4abbe,gx-no-cache=1484143501259 HTTP/1.1" 200 30
192.168.10.89 - - [11/Jan/2017:10:09:55 -0300] "GET /cormun/servlet/solicitudotcontratos?a7f69ef5dcc42b11865ffa8f1326724aa4b9c1a52364efbccb5ec53b0688158d11251c0773a12bbb53b2585539f548a6b3491b397a8bb6e44f976131b7b24aaa8e27667464fa77f1ffd191bc2ae945b216aa0c5e12d6390d1b4e507c98bf33c399bcf252cda8f9c97c40d7aa2acee01fc1488f9bf36e5310a4619d8bb02c8d59,gx-no-cache=1484143501282 HTTP/1.1" 200 50
192.168.10.89 - - [11/Jan/2017:10:09:55 -0300] "GET /cormun/servlet/solicitudotcontratos?a7f69ef5dcc42b11865ffa8f1326724a9e7e1e1ac18ce55b8d79f5b8c3f62ae69aec7e0d9a0c7b0332ec2542c7c8274a,gx-no-cache=1484143501303 HTTP/1.1" 200 30
192.168.10.89 - - [11/Jan/2017:10:09:55 -0300] "GET /cormun/servlet/solicitudotcontratos?a7f69ef5dcc42b11865ffa8f1326724a1e5601dc44cf64c43a36910550e53aae368c17348e15f4e9477f2ca7e87bcc21873322e9e1d320479f488b14eb7aeb78b5250e10772d9d74e83f22a5101749f075dca63ae60f6d077469eed7fbdfed70785cd3ca0f78a3614c242e10b161d69c,gx-no-cache=1484143501322 HTTP/1.1" 200 30
192.168.10.89 - - [11/Jan/2017:10:09:55 -0300] "GET /cormun/servlet/solicitudotcontratos?a7f69ef5dcc42b11865ffa8f1326724a89ffc7def0e80f53260bf756676c5dcc53f5d26d607a806c37084f361887531f6c910db7ea3a18dd11f4ba0f0bd0be0d5d70d018142f576371d9427c38a47b7707472250320be20e1fc5149c192d3ff5d2940f4c150377744aea1455bf903863c862704d65c7237039a9bb868fc58ed474c49e2334e03cb0801dbd0c5df71e5b601fcc222437da6d8f6671d2c912ff569fb135eb7fbb0c37ea89253e8f6f6240fadd99e2fe210737cc047eae76d6f6a598e67dd8bf4e97afc551b5bbb6944a670b291ee15ff818d5d632fc69a8c9bac646b5518f2f582401962a006b1a5f05cde9ac3f2faded7879ac6c164d8d28d11019c1e5b92e15dd1d3925043b4594370afed3cf465f6a157f4a6419e22a2d39382e0d73a39393fc887eb433572cede6c2c8fd97c5a37aceea14e63d0d508b7833ded4c998d31c720a34f1d1790c99facd5b2d02945aa059c53e9e3101f866b3f45d9bdade510faeb3ca16fa4988f3af1e0e017307c181ec4e4831035ba7ff1003227448611ad8a73ca4b1bcdc218c5392af74a2665838748d7230e6b07c2dbb04822bf871a65058b05a5c8922157ca5ce3c24b229141969c69471392403154bfc43fa901290b37e65c94ed92e34294c383583db7fe5962f62de8831c3f73ba8b9a8ef36a89b6dc8af741fe6a37b68c756d4388408fbbcca660ce00f8ac52f177170b520053aca0d5e5a6a723843e1c7e7272080dda2a153abe744dee07b100830431b02b9bc15ae22c5310707d760ea06af00ce559867bff7a1ac482a255c9df0,gx-no-cache=1484143501344 HTTP/1.1" 200 83
192.168.10.89 - - [11/Jan/2017:10:10:00 -0300] "POST /cormun/servlet/solicitudotcontratos?36428dd09e6b23fedaab118395b77b14,INS,2017,0,17080289,6,6,2016,4317,INTEGRACION,201612,11,*,,gx-no-cache=1484143505365 HTTP/1.1" 200 10375
192.168.10.89 - - [11/Jan/2017:10:10:00 -0300] "POST /cormun/servlet/solicitudotcontratos?gx-no-cache=1484143505677 HTTP/1.1" 200 1262
192.168.10.89 - - [11/Jan/2017:10:10:00 -0300] "POST /cormun/servlet/solicitudotcontratos?gx-no-cache=1484143505720 HTTP/1.1" 200 1140
192.168.10.89 - - [11/Jan/2017:10:10:00 -0300] "GET /cormun/servlet/solicitudotcontratos?a7f69ef5dcc42b11865ffa8f1326724ade0da7f4bc10b15af6f5aa08a1b42491968a56163c63cd374ffb0c7f0d52201321fddb055e7cfdf3dd83e240598bba22bdd1615cc382f5ceb224b3ed5b2b217d3bfd2f9a2aabb47c2b920d9acb37306933eb1282e7ed5831ac18cb0bdf188b6b83b1e9b8503d85baa98adcf44f6202ac,gx-no-cache=1484143505755 HTTP/1.1" 200 30
192.168.10.89 - - [11/Jan/2017:10:10:00 -0300] "POST /cormun/servlet/solicitudotcontratos?36428dd09e6b23fedaab118395b77b14,INS,2017,0,17080289,6,6,2016,4317,INTEGRACION,201612,11,*,,gx-no-cache=1484143505778 HTTP/1.1" 200 93
192.168.10.89 - - [11/Jan/2017:10:10:00 -0300] "GET /cormun/servlet/hpexe_return? HTTP/1.1" 200 1055
192.168.10.89 - - [11/Jan/2017:10:10:01 -0300] "GET /cormun/servlet/trcontratosolicitud HTTP/1.1" 200 7210
192.168.10.89 - - [11/Jan/2017:10:10:13 -0300] "POST /cormun/servlet/trcontratosolicitud?36428dd09e6b23fedaab118395b77b14,gx-no-cache=1484143519284 HTTP/1.1" 200 4753
192.168.10.89 - - [11/Jan/2017:10:10:19 -0300] "GET /cormun/servlet/solicitudotcontratos?INS,2017,0,15738238,1,2,2016,5992,INTEGRACION,201612,32,*, HTTP/1.1" 200 9524
192.168.10.89 - - [11/Jan/2017:10:10:21 -0300] "GET /cormun/servlet/solicitudotcontratos?a7f69ef5dcc42b11865ffa8f1326724a3860c5b355690f4ea474d6eb59565de469152251ee45da8fb2676b637ea4abbe,gx-no-cache=1484143526543 HTTP/1.1" 200 30
192.168.10.89 - - [11/Jan/2017:10:10:21 -0300] "GET /cormun/servlet/solicitudotcontratos?a7f69ef5dcc42b11865ffa8f1326724aa4b9c1a52364efbccb5ec53b0688158d11251c0773a12bbb53b2585539f548a6b3491b397a8bb6e44f976131b7b24aaa8e27667464fa77f1ffd191bc2ae945b275a8c59e5375c6dfe0dc0145d2641d02488b73e9a7591c1351b2ebae579759d8fbf2846f2ead8f6ef73a417d07f3ed7d,gx-no-cache=1484143526569 HTTP/1.1" 200 48
192.168.10.89 - - [11/Jan/2017:10:10:21 -0300] "GET /cormun/servlet/solicitudotcontratos?a7f69ef5dcc42b11865ffa8f1326724ab15182f0bcd33fa1cd7a413f082e1b4b6c68549f3d1f69b3f110de14f97d0ec5,gx-no-cache=1484143526592 HTTP/1.1" 200 30
192.168.10.89 - - [11/Jan/2017:10:10:21 -0300] "GET /cormun/servlet/solicitudotcontratos?a7f69ef5dcc42b11865ffa8f1326724a1e5601dc44cf64c43a36910550e53aae368c17348e15f4e9477f2ca7e87bcc21873322e9e1d320479f488b14eb7aeb78b5250e10772d9d74e83f22a5101749f0523bfe1399fe9500f0ec69dc00d082fb785cd3ca0f78a3614c242e10b161d69c,gx-no-cache=1484143526611 HTTP/1.1" 200 30
