192.168.10.123 - - [11/Jan/2017:16:15:43 -0300] "GET /cormun/servlet/solicitudotcontratos?8cc89d0a997669d68fa3d2bfb6e7d08173ae588970978534b1fac027a7c25976a6b3409029f205c5eb9d8d60758ce29cfb4f2a6207841122557f57878141cbef7247e2323761a5a69a3d9db52e74b0e54866d6dcb554ab62837a76db929a7471dfa68c28a615198048ae17c9d93f5dcc,gx-no-cache=1484162219468 HTTP/1.1" 200 30
192.168.10.123 - - [11/Jan/2017:16:15:43 -0300] "GET /cormun/servlet/solicitudotcontratos?8cc89d0a997669d68fa3d2bfb6e7d0818e1a2adb8200261591d605f22fbb38156bf7ca0fe86dfe18560c46b6589e83a86e852892cab274fa7d67ee3a44cf3c41fb4f2a6207841122557f57878141cbef8765b34be1eff526c47f2057ab3b2444654c17eda1cee7f9f0951cffff0d45ed88d7287cd379f350a47e66235c47061005f70254b826765a50e894ae5a543b360687acab623f587ff4c55223e7f91f616e852892cab274fa7d67ee3a44cf3c415fce4b2dfacc1aac5131246b5c644548cc93c8b7c94b2fe0826e8d990a18829266c293f48164a36ce8c221f38a642e51d9d33f7427a1f7e53b64998dabc8aab77c3338b65f7ecac9bf21a6eeaaaf9c749389c478b40b242ae0f86663f3b53ef2808544ee9d8d660a9ad7f5f681478d782e37f0afbdf0495301568d677895374cedc4b1d80fae552cd4a1888c5ebf22c87b00b4ad25eeb2f2b8a224acba24adf89afd31346a963d05f365bb9617e9478983e5284476318d99d81c130fee1733bf9b32aca2aecbf7eb0498509c3098793383e84f636d9da937c473df231606794b36ee38ebc361d7bcc863802c6242fbb399a2b740b2e98a27c5fa8c4822a9355e617dbaaeb861e913b77fdb1e25c6cc1a4fc68fd0e3545727e39c4c5331cd2d6adaa047f7d94424824cf16643be0ded9434981b30a38f1e28575490fda87042d734f6fcd91106be85ba1f6557750233bda3e4ca2c139a95f09fde3b3c97ee1c1e476484144b9729bfee18fe58f9d4db4e6e9fc1448b980b511c48c4f63a2ac391ab14256466ded8e25ab3cc60651801c3,gx-no-cache=1484162219506 HTTP/1.1" 200 79
192.168.10.17 - - [11/Jan/2017:16:15:43 -0300] "POST /cormun/servlet/trcontratosolicitud?ed4d1d598f6b46ef90469ac70acb05eb,gx-no-cache=1484165424221,gx-no-cache=1484165913270 HTTP/1.1" 200 11508
192.168.10.17 - - [11/Jan/2017:16:15:51 -0300] "POST /cormun/servlet/trcontratosolicitud?ed4d1d598f6b46ef90469ac70acb05eb,gx-no-cache=1484165424221,gx-no-cache=1484165921182 HTTP/1.1" 200 4709
192.168.10.123 - - [11/Jan/2017:16:15:56 -0300] "POST /cormun/servlet/solicitudotcontratos?40ef48580ccbe6b08910396243e1ef20,INS,2017,0,17129319,7,6,2016,2662,LEY+SEP,201612,2,B,,gx-no-cache=1484162232712 HTTP/1.1" 200 10416
192.168.10.123 - - [11/Jan/2017:16:15:56 -0300] "POST /cormun/servlet/solicitudotcontratos?gx-no-cache=1484162232996 HTTP/1.1" 200 1263
192.168.10.123 - - [11/Jan/2017:16:15:56 -0300] "POST /cormun/servlet/solicitudotcontratos?gx-no-cache=1484162233034 HTTP/1.1" 200 1141
192.168.10.123 - - [11/Jan/2017:16:15:56 -0300] "GET /cormun/servlet/solicitudotcontratos?8cc89d0a997669d68fa3d2bfb6e7d081e02309de187ae8ced254c818b71479d7bf0d0c6f13f0f75b7a63dcad5f20f6af08fee8e211f4e2f5b39159b3a72c6739e13cd84462cc3356198798a396ea151d96c050ece13cba633c7a7529efede26393371b6569a6b5e9890f5390521e116031f9280d5dd6500587543fd3c451d149,gx-no-cache=1484162233069 HTTP/1.1" 200 30
192.168.10.123 - - [11/Jan/2017:16:15:57 -0300] "POST /cormun/servlet/solicitudotcontratos?40ef48580ccbe6b08910396243e1ef20,INS,2017,0,17129319,7,6,2016,2662,LEY+SEP,201612,2,B,,gx-no-cache=1484162233089 HTTP/1.1" 200 93
192.168.10.123 - - [11/Jan/2017:16:15:57 -0300] "GET /cormun/servlet/hpexe_return? HTTP/1.1" 200 1074
192.168.10.123 - - [11/Jan/2017:16:16:06 -0300] "GET /cormun/servlet/trcontratosolicitud?gx-no-cache=1484161889384 HTTP/1.1" 200 13217
192.168.10.17 - - [11/Jan/2017:16:16:06 -0300] "POST /cormun/servlet/trcontratosolicitud?ed4d1d598f6b46ef90469ac70acb05eb,gx-no-cache=1484165424221,gx-no-cache=1484165933085 HTTP/1.1" 200 11508
192.168.10.123 - - [11/Jan/2017:16:16:07 -0300] "GET /cormun/servlet/trcontratosolicitud?gx-no-cache=1484161889384 HTTP/1.1" 200 13259
192.168.10.123 - - [11/Jan/2017:16:16:13 -0300] "GET /cormun/servlet/solicitudotcontratos?INS,2017,0,17129319,7,2,2016,1863,NADA,201612,26,B, HTTP/1.1" 200 9536
192.168.10.123 - - [11/Jan/2017:16:16:14 -0300] "GET /cormun/servlet/solicitudotcontratos?INS,2017,0,17129319,7,2,2016,1863,NADA,201612,26,B, HTTP/1.1" 200 9546
192.168.10.123 - - [11/Jan/2017:16:16:14 -0300] "GET /cormun/servlet/solicitudotcontratos?8cc89d0a997669d68fa3d2bfb6e7d081864f4518b653f24263bf567714b24eec4ef53c3230bc8e8aae5c57ca3e08fd7b,gx-no-cache=1484162251017 HTTP/1.1" 200 30
192.168.10.123 - - [11/Jan/2017:16:16:14 -0300] "GET /cormun/servlet/solicitudotcontratos?8cc89d0a997669d68fa3d2bfb6e7d08122681cca58bc8da9c0091ac41d839cbaf11f43e45906b28366d7d5a24aa275f67d32cee042afcc90b0f03a297123fe97174702c52de092b58ed5d806a04996ff27deca93a53076d153fc394cc7e2596a6282a46532ed27e2edf6462d73d5058da280c8b0db64cfd8339fe0a26925bd40,gx-no-cache=1484162251050 HTTP/1.1" 200 48
192.168.10.123 - - [11/Jan/2017:16:16:14 -0300] "GET /cormun/servlet/solicitudotcontratos?8cc89d0a997669d68fa3d2bfb6e7d08159f77e51321b9162558fd3703ce024aed6d84330d2055816d2c1895d4adeb3aa,gx-no-cache=1484162251077 HTTP/1.1" 200 30
192.168.10.123 - - [11/Jan/2017:16:16:14 -0300] "GET /cormun/servlet/solicitudotcontratos?8cc89d0a997669d68fa3d2bfb6e7d08173ae588970978534b1fac027a7c25976a6b3409029f205c5eb9d8d60758ce29cfb4f2a6207841122557f57878141cbef7247e2323761a5a69a3d9db52e74b0e5e5bab460640976dab6493fd57cdcda88dfa68c28a615198048ae17c9d93f5dcc,gx-no-cache=1484162251103 HTTP/1.1" 200 30
192.168.10.123 - - [11/Jan/2017:16:16:15 -0300] "GET /cormun/servlet/solicitudotcontratos?8cc89d0a997669d68fa3d2bfb6e7d0818e1a2adb8200261591d605f22fbb38156bf7ca0fe86dfe18560c46b6589e83a812dcae38e5e48730be921b809de18e6f6951487132b6e35b28dd1004ede25b62ec1df7277b8670bd27573ed03cef278c9046a9ee504bf9d8aec4b44868e8e5c6afe438f143f7343464c2a29619593ef33d1777ec0efb68ac7befe1fc0ecaa3e47950107e770c7cfd5a6d8cfbc33b63d81b2cd07b31a7389d910b720a939639390ca74330424f8428d230d94d989bf369bd3f14f2f22092eb8af50bf709591ac4b942a4e91137b2e128a365454f22b3752cb335aa390d330b09d36d7778b6d2151d4a8301a741ac650edcbedea80858a8f610fd06c3efee0355b6dadee37779d2d9b8b1c9a212708eb5187ce9eb39709df385789d2b11726a3045d0fc510c3100808544ee9d8d660a9ad7f5f681478d78b89117a2c968b21290ffb927e14ad47042206ce2106549fb03ca0bb308211fb785650ff3027938794cdf423fb792a4b8ed41acb48a45da1f92d3889be96141db4c4167087cdacb56cea8f7a9d392b6aab846079fa06af9de5ca28a36bf95b82f77f39bfbcb304f96ea182a962a946f35b064065703f052b5d05dea1ce6f444dbd0f279ac0a7f40e3ffca45318cfafa8bea932f2e32a5b0cc72f76940d3ba9d4edc3679413fa21b4bfaaa2ba1240469d6b846079fa06af9de5ca28a36bf95b82f797d843b209a35a21e0e3fa82875c6da586e3256aba53d40ebff8dc05c4a8d72b24cc09ed44c31d29d587d7a76686e1c04be84940009d4e382638594f157c897,gx-no-cache=1484162251138 HTTP/1.1" 200 72
192.168.10.17 - - [11/Jan/2017:16:16:16 -0300] "POST /cormun/servlet/trcontratosolicitud?ed4d1d598f6b46ef90469ac70acb05eb,gx-no-cache=1484165424221,gx-no-cache=1484165945893 HTTP/1.1" 200 4699
192.168.10.17 - - [11/Jan/2017:16:16:25 -0300] "POST /cormun/servlet/trcontratosolicitud?ed4d1d598f6b46ef90469ac70acb05eb,gx-no-cache=1484165424221,gx-no-cache=1484165955805 HTTP/1.1" 200 11498
192.168.10.123 - - [11/Jan/2017:16:16:28 -0300] "POST /cormun/servlet/solicitudotcontratos?40ef48580ccbe6b08910396243e1ef20,INS,2017,0,17129319,7,2,2016,1863,NADA,201612,26,B,,gx-no-cache=1484162264499 HTTP/1.1" 200 10403
192.168.10.123 - - [11/Jan/2017:16:16:28 -0300] "POST /cormun/servlet/solicitudotcontratos?gx-no-cache=1484162264781 HTTP/1.1" 200 1263
192.168.10.123 - - [11/Jan/2017:16:16:28 -0300] "POST /cormun/servlet/solicitudotcontratos?gx-no-cache=1484162264820 HTTP/1.1" 200 1141
192.168.10.123 - - [11/Jan/2017:16:16:28 -0300] "GET /cormun/servlet/solicitudotcontratos?8cc89d0a997669d68fa3d2bfb6e7d081e02309de187ae8ced254c818b71479d7bf0d0c6f13f0f75b7a63dcad5f20f6af08fee8e211f4e2f5b39159b3a72c6739e13cd84462cc3356198798a396ea151d96c050ece13cba633c7a7529efede26393371b6569a6b5e9890f5390521e116031f9280d5dd6500587543fd3c451d149,gx-no-cache=1484162264854 HTTP/1.1" 200 30
192.168.10.123 - - [11/Jan/2017:16:16:28 -0300] "POST /cormun/servlet/solicitudotcontratos?40ef48580ccbe6b08910396243e1ef20,INS,2017,0,17129319,7,2,2016,1863,NADA,201612,26,B,,gx-no-cache=1484162264874 HTTP/1.1" 200 93
192.168.10.123 - - [11/Jan/2017:16:16:28 -0300] "GET /cormun/servlet/hpexe_return? HTTP/1.1" 200 1071
192.168.10.123 - - [11/Jan/2017:16:16:29 -0300] "GET /cormun/servlet/trcontratosolicitud?gx-no-cache=1484161889384 HTTP/1.1" 200 13131
192.168.10.123 - - [11/Jan/2017:16:16:32 -0300] "GET /cormun/servlet/trcontratosolicitud?gx-no-cache=1484161889384 HTTP/1.1" 200 13144
192.168.10.17 - - [11/Jan/2017:16:16:35 -0300] "POST /cormun/servlet/trcontratosolicitud?ed4d1d598f6b46ef90469ac70acb05eb,gx-no-cache=1484165424221,gx-no-cache=1484165964901 HTTP/1.1" 200 3953
192.168.10.123 - - [11/Jan/2017:16:16:40 -0300] "GET /cormun/servlet/solicitudotcontratos?INS,2017,0,17129319,7,6,2016,1864,INTEGRACION,201612,3,B, HTTP/1.1" 200 9537
192.168.10.123 - - [11/Jan/2017:16:16:40 -0300] "GET /cormun/servlet/solicitudotcontratos?INS,2017,0,17129319,7,6,2016,1864,INTEGRACION,201612,3,B, HTTP/1.1" 200 9546
192.168.10.123 - - [11/Jan/2017:16:16:41 -0300] "GET /cormun/servlet/solicitudotcontratos?8cc89d0a997669d68fa3d2bfb6e7d081864f4518b653f24263bf567714b24eec4ef53c3230bc8e8aae5c57ca3e08fd7b,gx-no-cache=1484162277251 HTTP/1.1" 200 30
192.168.10.123 - - [11/Jan/2017:16:16:41 -0300] "GET /cormun/servlet/solicitudotcontratos?8cc89d0a997669d68fa3d2bfb6e7d08122681cca58bc8da9c0091ac41d839cbaf11f43e45906b28366d7d5a24aa275f67d32cee042afcc90b0f03a297123fe97174702c52de092b58ed5d806a04996ffd675ec70b13c65d451e784a6e438881625a8ff1db5e4aa414e68abe4d4150137f6943e3d640ec00785720357f68feac0,gx-no-cache=1484162277277 HTTP/1.1" 200 50
192.168.10.123 - - [11/Jan/2017:16:16:41 -0300] "GET /cormun/servlet/solicitudotcontratos?8cc89d0a997669d68fa3d2bfb6e7d08159f77e51321b9162558fd3703ce024aecd166877fb1bf8450809e2f8eebe2be0,gx-no-cache=1484162277306 HTTP/1.1" 200 30
192.168.10.123 - - [11/Jan/2017:16:16:41 -0300] "GET /cormun/servlet/solicitudotcontratos?8cc89d0a997669d68fa3d2bfb6e7d08173ae588970978534b1fac027a7c25976a6b3409029f205c5eb9d8d60758ce29cfb4f2a6207841122557f57878141cbef7247e2323761a5a69a3d9db52e74b0e54866d6dcb554ab62837a76db929a7471dfa68c28a615198048ae17c9d93f5dcc,gx-no-cache=1484162277331 HTTP/1.1" 200 30
192.168.10.123 - - [11/Jan/2017:16:16:41 -0300] "GET /cormun/servlet/solicitudotcontratos?8cc89d0a997669d68fa3d2bfb6e7d0818e1a2adb8200261591d605f22fbb38156bf7ca0fe86dfe18560c46b6589e83a88abee39d8ddca30a17494f5f698c540faab702bda6dba2948a2aeb4d0613d5106638aec0e2faf66cca2ada8ea7bd26c281eaf39af33289136201cda560d06a10035979ff1b67735b1e6b38a4baced3f654f55f74d176733e8d7f0eedf9c154955de0a25c1b0e9aa106d48a69d4e8bc2d1d666fc3aa6e45d4dd7a32978b339e40d1b5d4948cfe751c26b5703fe16e951ccd073da0e90fdb3f8da0c0ae2e9be815d9863bddd6afdc420451bff307ad3e5fb23dd6e20ea497e2706e249d7efc931e2a6ed87622012cecd4adf9cd26365ed76a6e7a6b6cd6ee04bdfeb43a75f37517a5575e5b4d877aab736dc24ea1b586f2e2cb07261b0daff80453e8f8cb1a5d7610950c7c7d4012df7ff9bb29d50e2d63a1796775408c15dfadab003dc4bf1f3c0c95207a68ddc3a2dddf66e7ca31def3ea77d3c81b249299697ae1ff2e967416bf41a2ec69fab4b0bf2c2d4d6b8f22ac906d2298acd5ea3c5f692657dc7dda544eff8b07d1dcedb5323ce0e2bc13fe7a172381bf9bc0ee2c8a8036f290176a6ecef048be7310356cba599d0a2f109ff7d80696b309fe89b0a26733db9bf4e0229676c34da67e7147daea40cbda8c5c90324d890a6ac82b4081093896f31d5cc594ffaf2afaef746a086a32a8c551a8d30db17ae4d7d872a7237b5fd74de16e6e83fe6986827f045153410126af93e0d4644fbba314b28f9a36f4a2f15c92dba24a71db40996fa3168b4cf4bfc18ebacf,gx-no-cache=1484162277365 HTTP/1.1" 200 83
192.168.10.89 - - [11/Jan/2017:16:16:41 -0300] "GET /cormun/servlet/hlogin HTTP/1.1" 200 1744
192.168.10.89 - - [11/Jan/2017:16:16:41 -0300] "GET /cormun/static/gxcfg.js?201612216162538 HTTP/1.1" 304 -
192.168.10.43 - - [11/Jan/2017:16:16:44 -0300] "POST /cormun/servlet/hlogin?0b829dbb60492a0a6ddbc89783a493d4,gx-no-cache=1484165509511 HTTP/1.1" 200 439
192.168.10.43 - - [11/Jan/2017:16:16:49 -0300] "POST /cormun/servlet/hlogin?0b829dbb60492a0a6ddbc89783a493d4,gx-no-cache=1484165515034 HTTP/1.1" 200 439
192.168.10.17 - - [11/Jan/2017:16:16:56 -0300] "POST /cormun/servlet/trcontratosolicitud?ed4d1d598f6b46ef90469ac70acb05eb,gx-no-cache=1484165424221,gx-no-cache=1484165986349 HTTP/1.1" 200 11501
192.168.10.43 - - [11/Jan/2017:16:16:56 -0300] "POST /cormun/servlet/hlogin?0b829dbb60492a0a6ddbc89783a493d4,gx-no-cache=1484165522194 HTTP/1.1" 200 439
192.168.10.17 - - [11/Jan/2017:16:17:11 -0300] "POST /cormun/servlet/trcontratosolicitud?ed4d1d598f6b46ef90469ac70acb05eb,gx-no-cache=1484165424221,gx-no-cache=1484166001357 HTTP/1.1" 200 4707
192.168.10.43 - - [11/Jan/2017:16:17:12 -0300] "POST /cormun/servlet/hlogin?0b829dbb60492a0a6ddbc89783a493d4,gx-no-cache=1484165537420 HTTP/1.1" 200 438
192.168.10.17 - - [11/Jan/2017:16:17:19 -0300] "POST /cormun/servlet/trcontratosolicitud?ed4d1d598f6b46ef90469ac70acb05eb,gx-no-cache=1484165424221,gx-no-cache=1484166008908 HTTP/1.1" 200 11502
192.168.10.123 - - [11/Jan/2017:16:17:20 -0300] "POST /cormun/servlet/solicitudotcontratos?40ef48580ccbe6b08910396243e1ef20,INS,2017,0,17129319,7,6,2016,1864,INTEGRACION,201612,3,B,,gx-no-cache=1484162316801 HTTP/1.1" 200 93
192.168.10.123 - - [11/Jan/2017:16:17:20 -0300] "GET /cormun/servlet/hpexe_return? HTTP/1.1" 200 1077
192.168.10.123 - - [11/Jan/2017:16:17:21 -0300] "GET /cormun/servlet/trcontratosolicitud?gx-no-cache=1484161889384 HTTP/1.1" 200 13129
192.168.10.123 - - [11/Jan/2017:16:17:21 -0300] "GET /cormun/static/gxcfg.js?20171317451682 HTTP/1.1" 304 -
192.168.10.123 - - [11/Jan/2017:16:17:21 -0300] "GET /cormun/servlet/trcontratosolicitud?gx-no-cache=1484161889384 HTTP/1.1" 200 13155
192.168.10.43 - - [11/Jan/2017:16:17:27 -0300] "POST /cormun/servlet/hlogin?0b829dbb60492a0a6ddbc89783a493d4,gx-no-cache=1484165552755 HTTP/1.1" 200 438
192.168.10.17 - - [11/Jan/2017:16:17:32 -0300] "POST /cormun/servlet/trcontratosolicitud?ed4d1d598f6b46ef90469ac70acb05eb,gx-no-cache=1484165424221,gx-no-cache=1484166019275 HTTP/1.1" 200 11495
192.168.10.89 - - [11/Jan/2017:16:17:49 -0300] "POST /cormun/servlet/hlogin?6d5685d6852f73bbc5d1b11f78c5fc2b,gx-no-cache=1484165574451 HTTP/1.1" 200 90
192.168.10.89 - - [11/Jan/2017:16:17:49 -0300] "GET /cormun/servlet/hpexe_link HTTP/1.1" 200 955
192.168.10.89 - - [11/Jan/2017:16:17:49 -0300] "GET /cormun/static/gxcfg.js?201612218515529 HTTP/1.1" 304 -
192.168.10.89 - - [11/Jan/2017:16:17:49 -0300] "GET /cormun/servlet/hhome HTTP/1.1" 200 4010
192.168.10.89 - - [11/Jan/2017:16:17:49 -0300] "GET /cormun/static/gxcfg.js?201612218515568 HTTP/1.1" 304 -
192.168.10.17 - - [11/Jan/2017:16:17:52 -0300] "POST /cormun/servlet/trcontratosolicitud?ed4d1d598f6b46ef90469ac70acb05eb,gx-no-cache=1484165424221,gx-no-cache=1484166042333 HTTP/1.1" 200 4710
192.168.10.89 - - [11/Jan/2017:16:17:52 -0300] "GET /cormun/servlet/trcontratosolicitud? HTTP/1.1" 200 11450
192.168.10.89 - - [11/Jan/2017:16:17:52 -0300] "GET /cormun/static/gxcfg.js?20171317451682 HTTP/1.1" 304 -
192.168.10.43 - - [11/Jan/2017:16:17:54 -0300] "POST /cormun/servlet/hlogin?0b829dbb60492a0a6ddbc89783a493d4,gx-no-cache=1484165579977 HTTP/1.1" 200 90
192.168.10.43 - - [11/Jan/2017:16:17:54 -0300] "GET /cormun/servlet/hpexe_link HTTP/1.1" 200 939
192.168.10.43 - - [11/Jan/2017:16:17:55 -0300] "GET /cormun/servlet/hhome HTTP/1.1" 200 3712
192.168.10.89 - - [11/Jan/2017:16:18:01 -0300] "POST /cormun/servlet/trcontratosolicitud?6d5685d6852f73bbc5d1b11f78c5fc2b,,gx-no-cache=1484165586371 HTTP/1.1" 200 3948
192.168.10.17 - - [11/Jan/2017:16:18:01 -0300] "POST /cormun/servlet/trcontratosolicitud?ed4d1d598f6b46ef90469ac70acb05eb,gx-no-cache=1484165424221,gx-no-cache=1484166051548 HTTP/1.1" 200 11508
192.168.10.89 - - [11/Jan/2017:16:18:05 -0300] "POST /cormun/servlet/trcontratosolicitud?6d5685d6852f73bbc5d1b11f78c5fc2b,,gx-no-cache=1484165590485 HTTP/1.1" 200 8861
192.168.10.43 - - [11/Jan/2017:16:18:07 -0300] "GET /cormun/servlet/trsolicitudot? HTTP/1.1" 200 6666
192.168.10.89 - - [11/Jan/2017:16:18:09 -0300] "GET /cormun/servlet/trsolicitudot? HTTP/1.1" 200 6975
192.168.10.43 - - [11/Jan/2017:16:18:10 -0300] "GET /cormun/servlet/solicitudot?INS,0,0, HTTP/1.1" 200 12527
192.168.10.89 - - [11/Jan/2017:16:18:19 -0300] "GET /cormun/servlet/solicitudot?INS,0,0, HTTP/1.1" 200 12813
192.168.10.89 - - [11/Jan/2017:16:18:19 -0300] "GET /cormun/static/gxcfg.js?201711112293351 HTTP/1.1" 304 -
192.168.10.89 - - [11/Jan/2017:16:18:19 -0300] "GET /cormun/static/solicitudot.js?201711112293529 HTTP/1.1" 304 -
192.168.10.122 - - [11/Jan/2017:16:18:20 -0300] "GET /cormun/servlet/trsolicitudot? HTTP/1.1" 200 6920
192.168.10.122 - - [11/Jan/2017:16:18:20 -0300] "GET /cormun/static/gxcfg.js?201711111592844 HTTP/1.1" 200 953
192.168.10.122 - - [11/Jan/2017:16:18:20 -0300] "GET /cormun/static/trsolicitudot.js?201711111593735 HTTP/1.1" 200 53117
192.168.10.122 - - [11/Jan/2017:16:18:20 -0300] "GET /cormun/static/Resources/PXToolsActionExcel.png HTTP/1.1" 200 3187
192.168.10.122 - - [11/Jan/2017:16:18:20 -0300] "GET /cormun/static/Resources/PXToolsGridNew.png HTTP/1.1" 200 2949
192.168.10.122 - - [11/Jan/2017:16:18:21 -0300] "GET /cormun/servlet/trsolicitudot? HTTP/1.1" 200 6898
192.168.10.43 - - [11/Jan/2017:16:18:21 -0300] "POST /cormun/servlet/solicitudot?gx-no-cache=1484165606693 HTTP/1.1" 200 3188
192.168.10.122 - - [11/Jan/2017:16:18:26 -0300] "GET /cormun/static/menuarrow.gif HTTP/1.1" 404 1015
192.168.10.43 - - [11/Jan/2017:16:18:26 -0300] "POST /cormun/servlet/solicitudot?0b829dbb60492a0a6ddbc89783a493d4,INS,0,0,,gx-no-cache=1484165606974 HTTP/1.1" 200 9740
192.168.10.43 - - [11/Jan/2017:16:18:30 -0300] "GET /cormun/servlet/solicitudot?13643c86b6af28e26d8c94af7690729b0d309141a4550d30583d86424b97d921b00986c4d31ad3e6c9d2e8341c541001,gx-no-cache=1484165615882 HTTP/1.1" 200 30
192.168.10.43 - - [11/Jan/2017:16:18:30 -0300] "POST /cormun/servlet/solicitudot?gx-no-cache=1484165615975 HTTP/1.1" 200 255
192.168.10.43 - - [11/Jan/2017:16:18:30 -0300] "GET /cormun/servlet/solicitudot?13643c86b6af28e26d8c94af7690729b7d4336c5499b1575b42500447d24afd17b0c2da7a66a50024493652bb22c0c3fb981f6846a577cf4b8ca167362baf61d2bf3bc1695b87bd89550a4214b9680f50a9480cce911a550c9321ef12203ab9cdeda6e95edd6de9aa473a36d3959ccf65079df8333916156ce5432f4d8436cd5be676340cd19966045ccf0a32290d924bae515710f9540efd9d17f75cdb59886e997806ce83fe5a9b4a60da406e829c66b244470ca7b99eceac995d819390697c9d3df588c461def69854ca7813b3f76e4eb2e34454f70fecaf2c5dbfb9e69cc90376abb6c444f68ad23d892514faae71310d4b548b21f3126070a9dd06d1ceab51845ee29011c0c4f90256f09bcfcb66e3a367843b8a9e7ef4cf5cd7a71be97c29e39b8544d481640b69a48816356594806141cb26d0f0fdc311d4e7049b964420439053d8fe154127d121751eb7d363b3d161b4ed196a9f79e6e521ca49a4c60eeff8fb6090d458179214cd052784d5cec2bebe565df49a2bb621c2f44c6a2,gx-no-cache=1484165616147 HTTP/1.1" 200 30
192.168.10.89 - - [11/Jan/2017:16:18:36 -0300] "GET /cormun/servlet/prfichaempleado?,MD,,gxPopupLevel%3D0%3B HTTP/1.1" 200 8933
192.168.10.89 - - [11/Jan/2017:16:18:36 -0300] "GET /cormun/static/gxcfg.js?2016102420561687 HTTP/1.1" 304 -
192.168.10.43 - - [11/Jan/2017:16:18:41 -0300] "POST /cormun/servlet/solicitudot?gx-no-cache=1484165626537 HTTP/1.1" 200 30
192.168.10.89 - - [11/Jan/2017:16:18:46 -0300] "POST /cormun/servlet/prfichaempleado?6d5685d6852f73bbc5d1b11f78c5fc2b,,MD,,gxPopupLevel%3D0%3B,gx-no-cache=1484165631995 HTTP/1.1" 200 3408
192.168.10.89 - - [11/Jan/2017:16:18:51 -0300] "POST /cormun/servlet/solicitudot?gx-no-cache=1484165636527 HTTP/1.1" 200 3202
192.168.10.89 - - [11/Jan/2017:16:18:51 -0300] "POST /cormun/servlet/solicitudot?6d5685d6852f73bbc5d1b11f78c5fc2b,INS,0,0,,gx-no-cache=1484165636770 HTTP/1.1" 200 9948
192.168.10.89 - - [11/Jan/2017:16:18:54 -0300] "GET /cormun/servlet/solicitudot?d2af1f191358106e5a4d9091a12695251466f60ceb735a749f639c4be2753f640edbc997fed2ce5f7e8d26648f2fe270,gx-no-cache=1484165639718 HTTP/1.1" 200 30
192.168.10.89 - - [11/Jan/2017:16:18:54 -0300] "POST /cormun/servlet/solicitudot?gx-no-cache=1484165639755 HTTP/1.1" 200 256
192.168.10.89 - - [11/Jan/2017:16:18:54 -0300] "GET /cormun/servlet/solicitudot?d2af1f191358106e5a4d9091a12695253745f9df511717e7d6ddd0d360713bcf98d12907e4cc917c452f81ea89e8e33f5c687707311b8b0f978afecd73f9b8ec71cf5929b264e70e1b6ef01de5ce768092b77f9cde8212256a8e2845d31dcde7306109ef42e0bb94aa6b37ec76f5f3b318f69c208a2d6c52821a7b081cf076b8622fb61f835cc925e99f0308b0ef863583afe2d7c873e54f2d5462c367ab919a2f2258105654f6a02330ba056d3a7b87cbca65a7e1e515ca4b0ee08ec34cca0006c561328b04dfe2bd3fc6960b58ab3662d2236a389d83c484d297e8a8db5f7590950bc1b81b5e0aa6e99d4d6191e8758ac91414b1ce248a2d757ceee63b1131d47d73e0cc5f91ae6234d59502a9b0b8f89827dffb0c641827bebbdf51925a001bf2a327a361924ce51e41843f5a1d7443079df4d6fe42833f7f832f257064cfbaa2cb59590059e05cc231cfe2c040a3b7b1baa6b371f01849ee0dbd2a2d2facdf835b48bc4c77fdd90ca4289e5b0fd5d90cdadf7248e651bdfa27781c52c177,gx-no-cache=1484165639808 HTTP/1.1" 200 30
192.168.10.89 - - [11/Jan/2017:16:18:56 -0300] "POST /cormun/servlet/solicitudot?gx-no-cache=1484165641429 HTTP/1.1" 200 30
192.168.10.122 - - [11/Jan/2017:16:18:56 -0300] "POST /cormun/servlet/trsolicitudot?ff36c5a07aab5927c50818fcc20b828d,,gx-no-cache=1484162408063 HTTP/1.1" 200 4137
192.168.10.122 - - [11/Jan/2017:16:18:59 -0300] "POST /cormun/servlet/trsolicitudot?ff36c5a07aab5927c50818fcc20b828d,,gx-no-cache=1484162411367 HTTP/1.1" 200 4137
192.168.10.89 - - [11/Jan/2017:16:19:00 -0300] "GET /cormun/servlet/prsolicitudot?9037430,,,,,MD,,gxPopupLevel%3D0%3B HTTP/1.1" 200 6178
192.168.10.89 - - [11/Jan/2017:16:19:00 -0300] "GET /cormun/static/gxcfg.js?20161221854215 HTTP/1.1" 304 -
46.174.191.30 - - [11/Jan/2017:16:19:00 -0300] "GET / HTTP/1.0" 200 11197
192.168.10.43 - - [11/Jan/2017:16:19:02 -0300] "POST /cormun/servlet/solicitudot?gx-no-cache=1484165648345 HTTP/1.1" 200 1278
192.168.10.43 - - [11/Jan/2017:16:19:03 -0300] "POST /cormun/servlet/solicitudot?gx-no-cache=1484165648455 HTTP/1.1" 200 38
192.168.10.122 - - [11/Jan/2017:16:19:04 -0300] "GET /cormun/servlet/solicitudot?INS,0,0, HTTP/1.1" 200 12737
192.168.10.122 - - [11/Jan/2017:16:19:04 -0300] "GET /cormun/static/gxcfg.js?201711112293351 HTTP/1.1" 200 953
192.168.10.122 - - [11/Jan/2017:16:19:04 -0300] "GET /cormun/static/solicitudot.js?201711112293529 HTTP/1.1" 200 63948
192.168.10.122 - - [11/Jan/2017:16:19:04 -0300] "GET /cormun/servlet/solicitudot?INS,0,0, HTTP/1.1" 200 12742
192.168.10.17 - - [11/Jan/2017:16:19:08 -0300] "POST /cormun/servlet/trcontratosolicitud?ed4d1d598f6b46ef90469ac70acb05eb,gx-no-cache=1484165424221,gx-no-cache=1484166118316 HTTP/1.1" 200 4918
192.168.10.89 - - [11/Jan/2017:16:19:08 -0300] "POST /cormun/servlet/solicitudot?gx-no-cache=1484165654011 HTTP/1.1" 200 1278
192.168.10.89 - - [11/Jan/2017:16:19:08 -0300] "POST /cormun/servlet/solicitudot?gx-no-cache=1484165654182 HTTP/1.1" 200 38
192.168.10.89 - - [11/Jan/2017:16:19:08 -0300] "GET /cormun/servlet/solicitudot?d2af1f191358106e5a4d9091a12695254316e1515d8054634db8c6f3073b5f426a9a96b7b6168b9c585db88d2b9cdf6c58a3fd05a48750d5b97a07f5b87fa06d286a413f0008e33b41e60866063d491988eab5632a7bc77b5c32eff9b394f81c9719899b69f7932d77064ef2b9ae86a7499e56a57130235f91f1c00cf71dc1b87b95089df9e8c82f95e25ed54c13ad44301d5d76e8355df8b82948a318715469,gx-no-cache=1484165654219 HTTP/1.1" 200 29
192.168.10.89 - - [11/Jan/2017:16:19:08 -0300] "POST /cormun/servlet/solicitudot?gx-no-cache=1484165654245 HTTP/1.1" 200 1261
192.168.10.89 - - [11/Jan/2017:16:19:08 -0300] "POST /cormun/servlet/solicitudot?gx-no-cache=1484165654287 HTTP/1.1" 200 1143
192.168.10.122 - - [11/Jan/2017:16:19:08 -0300] "POST /cormun/servlet/solicitudot?gx-no-cache=1484162420699 HTTP/1.1" 200 3141
192.168.10.122 - - [11/Jan/2017:16:19:08 -0300] "GET /cormun/static/Shared/jqueryui/images/ui-bg_flat_55_994d53_40x100.png HTTP/1.1" 404 1097
192.168.10.122 - - [11/Jan/2017:16:19:08 -0300] "GET /cormun/static/Shared/jqueryui/images/ui-icons_ebccce_256x240.png HTTP/1.1" 404 1089
192.168.10.122 - - [11/Jan/2017:16:19:08 -0300] "GET /cormun/static/Shared/jqueryui/images/ui-bg_highlight-soft_100_c6c2c8_1x100.png HTTP/1.1" 404 1117
192.168.10.122 - - [11/Jan/2017:16:19:08 -0300] "GET /cormun/static/Shared/jqueryui/images/ui-icons_82798d_256x240.png HTTP/1.1" 404 1089
192.168.10.122 - - [11/Jan/2017:16:19:09 -0300] "GET /cormun/servlet/solicitudot?8c022ad052a1b392f4d265618baa2fca3f3a73a77ffcc42bd8a1b3abb89584e5,gx-no-cache=1484162420826 HTTP/1.1" 200 111
192.168.10.122 - - [11/Jan/2017:16:19:11 -0300] "GET /cormun/static/Resources/resize.gif HTTP/1.1" 200 77
192.168.10.43 - - [11/Jan/2017:16:19:20 -0300] "GET /cormun/servlet/solicitudot?13643c86b6af28e26d8c94af7690729b4ede81631b76e843de3225fbc486961679145a53f82f46251c39d1b8a93a58f962742334900f6171ba4f5ca4ea0ee1f0d2926cdf62dd1d60a19ed6cfb74c29d7e0b9c1c3dbec8eef71788f9b76ec4e8854a17f5e3f3aecb10ff325a8de1a310a3da13fdf962811837dd46f368938e7888178075da1ae88fd4c91dced33a9b4fa8117515701cb2ea749a6cad62d27850f,gx-no-cache=1484165661839 HTTP/1.1" 200 29
192.168.10.89 - - [11/Jan/2017:16:19:21 -0300] "POST /cormun/servlet/solicitudot?gx-no-cache=1484165664604 HTTP/1.1" 200 1261
192.168.10.43 - - [11/Jan/2017:16:19:21 -0300] "POST /cormun/servlet/solicitudot?gx-no-cache=1484165666488 HTTP/1.1" 200 1261
192.168.10.89 - - [11/Jan/2017:16:19:21 -0300] "POST /cormun/servlet/solicitudot?gx-no-cache=1484165666520 HTTP/1.1" 200 1143
192.168.10.89 - - [11/Jan/2017:16:19:21 -0300] "GET /cormun/servlet/solicitudot?d2af1f191358106e5a4d9091a126952538a62318ec743e27284647c9b193e54935821f1f8f081c550c44e2dc954e730e8a0543754ebb4885e0acab913fd51e07be6f33c831b2774f1e4900cfc0e016e4dc04fc98900b2779613c68bce9fe5f185a885c910fa36cb5b20bba475d8dab41d156b5454f42f7a8de41ece4b1463c18824ad538b1a88fb40ef8949b4abad3d10a03b2764c1d5b99c5f955d7c55d7e129c36572153ed49aa041b9807328293ac,gx-no-cache=1484165666622 HTTP/1.1" 200 30
192.168.10.43 - - [11/Jan/2017:16:19:21 -0300] "POST /cormun/servlet/solicitudot?gx-no-cache=1484165666597 HTTP/1.1" 200 1144
192.168.10.17 - - [11/Jan/2017:16:19:21 -0300] "GET /cormun/servlet/solicitudotcontratos?INS,2017,0,11364586,5,6,2016,1702,NADA,201612,8,*, HTTP/1.1" 200 9493
192.168.10.17 - - [11/Jan/2017:16:19:22 -0300] "GET /cormun/servlet/solicitudotcontratos?3c9296fdc938b0d8a1734ca6b161ff2e52beb3f641c601378af531a6ad5af5258cf7a0c0a2b2106d5f8cb8ec95d81472,gx-no-cache=1484166132881 HTTP/1.1" 200 30
192.168.10.17 - - [11/Jan/2017:16:19:22 -0300] "GET /cormun/servlet/solicitudotcontratos?3c9296fdc938b0d8a1734ca6b161ff2e95c7e9a6f139f5c94650ad877259aaa54f706bee78233490fa875a0f3d868744c8cc310f74af0fbd248499a9593930e2908f76d5f56e7451c6ba441cdd2cd5382cb3fab28720f16d78f42f267bbe6145e4016120cf53acd00b4f06a8a9b3156975c9c293975fb223396107225a2bca6d,gx-no-cache=1484166132899 HTTP/1.1" 200 50
192.168.10.17 - - [11/Jan/2017:16:19:22 -0300] "GET /cormun/servlet/solicitudotcontratos?3c9296fdc938b0d8a1734ca6b161ff2e075df223679bad024ed3a136f0647eecb9814c96d00df5bc3aa79b16c4f130ee,gx-no-cache=1484166132916 HTTP/1.1" 200 30
192.168.10.17 - - [11/Jan/2017:16:19:22 -0300] "GET /cormun/servlet/solicitudotcontratos?3c9296fdc938b0d8a1734ca6b161ff2e21a812d55e6f1675b81e0af90e1727f0efd196905904c4812196fca1fd7d6215e16a30c5cb9835d7b6570fe8ffee0dddc4a211df8697ba099ee45049200316366b601c5afe2dec6fdfba27df9d84366942d6e5ee10df92d66863fe6bf2ceae16,gx-no-cache=1484166132933 HTTP/1.1" 200 30
192.168.10.17 - - [11/Jan/2017:16:19:22 -0300] "GET /cormun/servlet/solicitudotcontratos?3c9296fdc938b0d8a1734ca6b161ff2e9b97bc2eb48b9c5ee86bdcf317c2f056dd1766d4bf00577f293a11c69b8096174077cefc274c86916e787082913841866eb6200086927b78acd43fbdc8965217e275da0efd0262c63c47fa5f1ab731b0c7085fd08f189691280f69ceee77c65ca5fe690e25803bb840db04372a9abfa9c6b8fabe40e57a08d126483f4c50aa953c66d71fe1cb2f13f7c7bc985e45eabcba4f3da429b2565fcc43222e804b55db349f9c045afaa826ce1ca782f39262a02a2a83c77a51028cc3390080bb7e8f8924087ddc59cd814ecbe8861213baf4ef77d62c7c5b7b25867e29292138dc12c9c8458c97cc96de1adf571ad0a80c6636e65ed464fc558165e27b5f8d509d2210bf80a4be38d1c88b7a11397e5db335dfcccffd60f4e9b20b0ddc0adb6d990ed615ac8651f74f4b256e8bf0f81f0a27a67596e4c32bd0fc24bc723a60a163a9f8b7266c6ac43c53ac14e57a2b325dbc5c22f7671cff7f892894636a909504c67369bc545fde1c2a56f83cf28886e5d9fa82bef2184d5d3cfc1defa61ddbeffa380c1e30c3a5fdbe6efeaac3f85ad569547d425089fd65d2455614150854bfeab46773341f272a9f648b38e0a1472b1614b6fdc1137cdcf25bc36d60129ad3cfec26c8b0c5cf7568e862053de30d541c222d34f5fdd8f3f870ad1ddfc7441c586a0c1e30c3a5fdbe6efeaac3f85ad5695431c4bb0cbb7516c62e2bcc76f99e57b4931b7a6baed4442189a409b583b620dfc638b578e84870cea1150e05b23339929e2876d432765fd486e408ab8c9fee97,gx-no-cache=1484166132953 HTTP/1.1" 200 72
192.168.10.17 - - [11/Jan/2017:16:19:25 -0300] "POST /cormun/servlet/solicitudotcontratos?ed4d1d598f6b46ef90469ac70acb05eb,INS,2017,0,11364586,5,6,2016,1702,NADA,201612,8,*,,gx-no-cache=1484166134906 HTTP/1.1" 200 10374
192.168.10.17 - - [11/Jan/2017:16:19:25 -0300] "POST /cormun/servlet/solicitudotcontratos?gx-no-cache=1484166135149 HTTP/1.1" 200 1263
192.168.10.17 - - [11/Jan/2017:16:19:25 -0300] "POST /cormun/servlet/solicitudotcontratos?gx-no-cache=1484166135226 HTTP/1.1" 200 1141
192.168.10.17 - - [11/Jan/2017:16:19:25 -0300] "GET /cormun/servlet/solicitudotcontratos?3c9296fdc938b0d8a1734ca6b161ff2eb16cf0da1c27174d0a2ff678bd684d3aefcf79414bb68baaee66d500e68f60c42354ee25cf7fd40a4b2e4e1fd80a00d9800f39ff5ce74c7f4cad5321e997413bbc380db5432b78dffeef2a52737a58f749b0437810b667750e442c48dcd3ee1acb485aa6f9b1977ae85be4e53cfef189,gx-no-cache=1484166135279 HTTP/1.1" 200 30
192.168.10.122 - - [11/Jan/2017:16:19:25 -0300] "GET /cormun/servlet/prfichaempleado?,MD,,gxPopupLevel%3D0%3B HTTP/1.1" 200 8835
192.168.10.122 - - [11/Jan/2017:16:19:25 -0300] "GET /cormun/static/gxcfg.js?2016102420561687 HTTP/1.1" 200 953
192.168.10.122 - - [11/Jan/2017:16:19:25 -0300] "GET /cormun/static/Resources/PXToolsMenuSearch.png HTTP/1.1" 200 2914
192.168.10.122 - - [11/Jan/2017:16:19:25 -0300] "GET /cormun/static/Resources/PXToolsMenuSearchCancel.png HTTP/1.1" 200 2972
192.168.10.122 - - [11/Jan/2017:16:19:25 -0300] "GET /cormun/static/hmpwkw011.js?201612218515582 HTTP/1.1" 200 1968
192.168.10.122 - - [11/Jan/2017:16:19:25 -0300] "GET /cormun/static/menusearch.js?201610171694467 HTTP/1.1" 200 1424
192.168.10.122 - - [11/Jan/2017:16:19:25 -0300] "GET /cormun/static/prfichaempleado.js?201610242056198 HTTP/1.1" 200 16015
192.168.10.17 - - [11/Jan/2017:16:19:25 -0300] "POST /cormun/servlet/solicitudotcontratos?ed4d1d598f6b46ef90469ac70acb05eb,INS,2017,0,11364586,5,6,2016,1702,NADA,201612,8,*,,gx-no-cache=1484166135306 HTTP/1.1" 200 93
192.168.10.17 - - [11/Jan/2017:16:19:25 -0300] "GET /cormun/servlet/hpexe_return? HTTP/1.1" 200 1067
192.168.10.17 - - [11/Jan/2017:16:19:25 -0300] "GET /cormun/servlet/trcontratosolicitud?gx-no-cache=1484165424221 HTTP/1.1" 200 7131
192.168.10.43 - - [11/Jan/2017:16:19:26 -0300] "POST /cormun/servlet/solicitudot?gx-no-cache=1484165671823 HTTP/1.1" 200 1261
192.168.10.43 - - [11/Jan/2017:16:19:28 -0300] "POST /cormun/servlet/solicitudot?gx-no-cache=1484165674070 HTTP/1.1" 200 1144
192.168.10.17 - - [11/Jan/2017:16:19:37 -0300] "POST /cormun/servlet/trcontratosolicitud?ed4d1d598f6b46ef90469ac70acb05eb,gx-no-cache=1484165424221,gx-no-cache=1484166147164 HTTP/1.1" 200 4748
192.168.10.89 - - [11/Jan/2017:16:19:40 -0300] "POST /cormun/servlet/solicitudot?6d5685d6852f73bbc5d1b11f78c5fc2b,INS,0,0,,gx-no-cache=1484165685259 HTTP/1.1" 200 93
192.168.10.89 - - [11/Jan/2017:16:19:40 -0300] "GET /cormun/servlet/hpexe_return? HTTP/1.1" 200 1008
192.168.10.89 - - [11/Jan/2017:16:19:40 -0300] "GET /cormun/static/gxcfg.js?2016101716175148 HTTP/1.1" 304 -
192.168.10.89 - - [11/Jan/2017:16:19:45 -0300] "GET /cormun/servlet/trsolicitudot HTTP/1.1" 200 8293
192.168.10.43 - - [11/Jan/2017:16:19:47 -0300] "GET /cormun/servlet/solicitudot?13643c86b6af28e26d8c94af7690729be6c521e738089db5590b4f80aa017bf17fe62da2a1ac97f91db51a8736b4a3951e8a2afb671d368586017915844262bd3379b51b47dba401b5c3b3cf28ee77c4462f850aac9f1d1ea4904c683b0274594ea83870c3b387b59f093a5f433e1360d17c446547dd264ac134250b425b5cdeccafa7ce67583144320b05cc54d67beab86fbc67b0482811b3269a816b6276f91488a113c4e9a41398de68dacdbaa6cb,gx-no-cache=1484165692930 HTTP/1.1" 200 30
192.168.10.17 - - [11/Jan/2017:16:19:49 -0300] "GET /cormun/servlet/solicitudotcontratos?INS,2017,0,9525569,8,2,2016,446,NADA,201612,38,*, HTTP/1.1" 200 9493
192.168.10.17 - - [11/Jan/2017:16:19:50 -0300] "GET /cormun/servlet/solicitudotcontratos?3c9296fdc938b0d8a1734ca6b161ff2ed2f20dd0c00277bcbf26976462f9e4c06a3532590ca6fcd80790cb88f12351c4,gx-no-cache=1484166160902 HTTP/1.1" 200 30
192.168.10.17 - - [11/Jan/2017:16:19:50 -0300] "GET /cormun/servlet/solicitudotcontratos?3c9296fdc938b0d8a1734ca6b161ff2e95c7e9a6f139f5c94650ad877259aaa54f706bee78233490fa875a0f3d868744c8cc310f74af0fbd248499a9593930e2908f76d5f56e7451c6ba441cdd2cd538dd2f879a4c46ca0e5bb762c03c76e90ff15c75575a5e41622bc92464c7996f7e544a01ac90abe4cb120b0e66b96716b0,gx-no-cache=1484166160917 HTTP/1.1" 200 48
192.168.10.17 - - [11/Jan/2017:16:19:50 -0300] "GET /cormun/servlet/solicitudotcontratos?3c9296fdc938b0d8a1734ca6b161ff2e55e8364716d2ec9e6697a0c2464271e30a2a69fd7da44d7da7193bbc534d26ad,gx-no-cache=1484166160934 HTTP/1.1" 200 30
192.168.10.17 - - [11/Jan/2017:16:19:50 -0300] "GET /cormun/servlet/solicitudotcontratos?3c9296fdc938b0d8a1734ca6b161ff2e21a812d55e6f1675b81e0af90e1727f0efd196905904c4812196fca1fd7d6215e16a30c5cb9835d7b6570fe8ffee0dddc4a211df8697ba099ee45049200316367522a56c2ddf9b23f94cdc6cb23bacea42d6e5ee10df92d66863fe6bf2ceae16,gx-no-cache=1484166160949 HTTP/1.1" 200 30
192.168.10.17 - - [11/Jan/2017:16:19:50 -0300] "GET /cormun/servlet/solicitudotcontratos?3c9296fdc938b0d8a1734ca6b161ff2e9b97bc2eb48b9c5ee86bdcf317c2f056dd1766d4bf00577f293a11c69b8096174077cefc274c86916e787082913841866eb6200086927b78acd43fbdc8965217e275da0efd0262c63c47fa5f1ab731b0c7085fd08f189691280f69ceee77c65ca5fe690e25803bb840db04372a9abfa9c6b8fabe40e57a08d126483f4c50aa953c66d71fe1cb2f13f7c7bc985e45eabcba4f3da429b2565fcc43222e804b55db349f9c045afaa826ce1ca782f39262a02a2a83c77a51028cc3390080bb7e8f8924087ddc59cd814ecbe8861213baf4ef77d62c7c5b7b25867e29292138dc12c9c8458c97cc96de1adf571ad0a80c6636e65ed464fc558165e27b5f8d509d2210bf80a4be38d1c88b7a11397e5db335dfcccffd60f4e9b20b0ddc0adb6d990ed615ac8651f74f4b256e8bf0f81f0a27a67596e4c32bd0fc24bc723a60a163a9f8b7266c6ac43c53ac14e57a2b325dbc5c22f7671cff7f892894636a909504c67369bc545fde1c2a56f83cf28886e5d9fa82bef2184d5d3cfc1defa61ddbeffa380c1e30c3a5fdbe6efeaac3f85ad569547d425089fd65d2455614150854bfeab46773341f272a9f648b38e0a1472b1614b6fdc1137cdcf25bc36d60129ad3cfec26c8b0c5cf7568e862053de30d541c222d34f5fdd8f3f870ad1ddfc7441c586a0c1e30c3a5fdbe6efeaac3f85ad5695431c4bb0cbb7516c62e2bcc76f99e57b4931b7a6baed4442189a409b583b620dfc638b578e84870cea1150e05b23339929e2876d432765fd486e408ab8c9fee97,gx-no-cache=1484166160968 HTTP/1.1" 200 72
192.168.10.17 - - [11/Jan/2017:16:19:52 -0300] "POST /cormun/servlet/solicitudotcontratos?ed4d1d598f6b46ef90469ac70acb05eb,INS,2017,0,9525569,8,2,2016,446,NADA,201612,38,*,,gx-no-cache=1484166162832 HTTP/1.1" 200 10371
192.168.10.17 - - [11/Jan/2017:16:19:53 -0300] "POST /cormun/servlet/solicitudotcontratos?gx-no-cache=1484166163040 HTTP/1.1" 200 1263
192.168.10.17 - - [11/Jan/2017:16:19:53 -0300] "POST /cormun/servlet/solicitudotcontratos?gx-no-cache=1484166163085 HTTP/1.1" 200 1140
192.168.10.17 - - [11/Jan/2017:16:19:53 -0300] "GET /cormun/servlet/solicitudotcontratos?3c9296fdc938b0d8a1734ca6b161ff2eb16cf0da1c27174d0a2ff678bd684d3aefcf79414bb68baaee66d500e68f60c42354ee25cf7fd40a4b2e4e1fd80a00d9800f39ff5ce74c7f4cad5321e997413bbc380db5432b78dffeef2a52737a58f749b0437810b667750e442c48dcd3ee1acb485aa6f9b1977ae85be4e53cfef189,gx-no-cache=1484166163160 HTTP/1.1" 200 30
192.168.10.17 - - [11/Jan/2017:16:19:53 -0300] "POST /cormun/servlet/solicitudotcontratos?ed4d1d598f6b46ef90469ac70acb05eb,INS,2017,0,9525569,8,2,2016,446,NADA,201612,38,*,,gx-no-cache=1484166163189 HTTP/1.1" 200 93
192.168.10.17 - - [11/Jan/2017:16:19:53 -0300] "GET /cormun/servlet/hpexe_return? HTTP/1.1" 200 1066
192.168.10.17 - - [11/Jan/2017:16:19:53 -0300] "GET /cormun/servlet/trcontratosolicitud?gx-no-cache=1484165424221 HTTP/1.1" 200 6420
192.168.10.122 - - [11/Jan/2017:16:19:55 -0300] "POST /cormun/servlet/prfichaempleado?ff36c5a07aab5927c50818fcc20b828d,,MD,,gxPopupLevel%3D0%3B,gx-no-cache=1484162467070 HTTP/1.1" 200 4058
192.168.10.43 - - [11/Jan/2017:16:19:58 -0300] "POST /cormun/servlet/solicitudot?0b829dbb60492a0a6ddbc89783a493d4,INS,0,0,,gx-no-cache=1484165703913 HTTP/1.1" 200 11076
192.168.10.43 - - [11/Jan/2017:16:19:58 -0300] "GET /cormun/static/Shared/jqueryui/images/ui-bg_highlight-soft_100_c6c2c8_1x100.png HTTP/1.1" 404 1117
192.168.10.43 - - [11/Jan/2017:16:19:59 -0300] "GET /cormun/static/Shared/jqueryui/images/ui-icons_82798d_256x240.png HTTP/1.1" 404 1089
192.168.10.43 - - [11/Jan/2017:16:19:59 -0300] "GET /cormun/static/Shared/jqueryui/images/ui-bg_flat_55_994d53_40x100.png HTTP/1.1" 404 1097
192.168.10.43 - - [11/Jan/2017:16:19:59 -0300] "GET /cormun/static/Shared/jqueryui/images/ui-icons_ebccce_256x240.png HTTP/1.1" 404 1089
192.168.10.89 - - [11/Jan/2017:16:19:59 -0300] "POST /cormun/servlet/trsolicitudot?6d5685d6852f73bbc5d1b11f78c5fc2b,gx-no-cache=1484165704732 HTTP/1.1" 200 4335
192.168.10.89 - - [11/Jan/2017:16:19:59 -0300] "POST /cormun/servlet/trsolicitudot?6d5685d6852f73bbc5d1b11f78c5fc2b,gx-no-cache=1484165705115 HTTP/1.1" 200 4086
192.168.10.89 - - [11/Jan/2017:16:19:59 -0300] "GET /cormun/static/Shared/jqueryui/images/ui-icons_8d78a5_256x240.png HTTP/1.1" 404 1089
192.168.10.89 - - [11/Jan/2017:16:19:59 -0300] "GET /cormun/static/Shared/jqueryui/images/ui-bg_flat_55_fafafa_40x100.png HTTP/1.1" 404 1097
192.168.10.89 - - [11/Jan/2017:16:19:59 -0300] "GET /cormun/static/Shared/jqueryui/images/ui-icons_82798d_256x240.png HTTP/1.1" 404 1089
192.168.10.89 - - [11/Jan/2017:16:20:00 -0300] "GET /cormun/static/Shared/jqueryui/images/ui-bg_highlight-soft_100_c6c2c8_1x100.png HTTP/1.1" 404 1117
192.168.10.89 - - [11/Jan/2017:16:20:01 -0300] "GET /cormun/servlet/trautorizarsolicitud? HTTP/1.1" 200 8242
192.168.10.89 - - [11/Jan/2017:16:20:01 -0300] "GET /cormun/static/gxcfg.js?20171111229471 HTTP/1.1" 304 -
192.168.10.89 - - [11/Jan/2017:16:20:01 -0300] "GET /cormun/static/trautorizarsolicitud.js?201711112291232 HTTP/1.1" 304 -
192.168.10.122 - - [11/Jan/2017:16:20:02 -0300] "POST /cormun/servlet/solicitudot?gx-no-cache=1484162474343 HTTP/1.1" 200 3172
192.168.10.17 - - [11/Jan/2017:16:20:02 -0300] "POST /cormun/servlet/trcontratosolicitud?ed4d1d598f6b46ef90469ac70acb05eb,gx-no-cache=1484165424221,gx-no-cache=1484166172609 HTTP/1.1" 200 3952
192.168.10.122 - - [11/Jan/2017:16:20:02 -0300] "POST /cormun/servlet/solicitudot?ff36c5a07aab5927c50818fcc20b828d,INS,0,0,,gx-no-cache=1484162474524 HTTP/1.1" 200 9900
192.168.10.122 - - [11/Jan/2017:16:20:02 -0300] "GET /cormun/servlet/solicitudot?8c022ad052a1b392f4d265618baa2fcab8051017236edbe372c4dc13b90d5c84e83efadc532a7fd57df5d63085a26716,gx-no-cache=1484162474763 HTTP/1.1" 200 30
192.168.10.89 - - [11/Jan/2017:16:20:04 -0300] "POST /cormun/servlet/trautorizarsolicitud?6d5685d6852f73bbc5d1b11f78c5fc2b,,gx-no-cache=1484165709976 HTTP/1.1" 200 4315
192.168.10.89 - - [11/Jan/2017:16:20:04 -0300] "POST /cormun/servlet/trautorizarsolicitud?6d5685d6852f73bbc5d1b11f78c5fc2b,,gx-no-cache=1484165710321 HTTP/1.1" 200 4068
192.168.10.89 - - [11/Jan/2017:16:20:05 -0300] "GET /cormun/static/Shared/jqueryui/images/ui-icons_8d78a5_256x240.png HTTP/1.1" 404 1089
192.168.10.89 - - [11/Jan/2017:16:20:05 -0300] "GET /cormun/static/Shared/jqueryui/images/ui-bg_highlight-soft_100_c6c2c8_1x100.png HTTP/1.1" 404 1117
192.168.10.89 - - [11/Jan/2017:16:20:05 -0300] "GET /cormun/static/Shared/jqueryui/images/ui-icons_82798d_256x240.png HTTP/1.1" 404 1089
192.168.10.89 - - [11/Jan/2017:16:20:05 -0300] "GET /cormun/static/Shared/jqueryui/images/ui-bg_flat_55_fafafa_40x100.png HTTP/1.1" 404 1097
192.168.10.122 - - [11/Jan/2017:16:20:08 -0300] "POST /cormun/servlet/solicitudot?gx-no-cache=1484162480070 HTTP/1.1" 200 256
192.168.10.122 - - [11/Jan/2017:16:20:08 -0300] "GET /cormun/servlet/solicitudot?8c022ad052a1b392f4d265618baa2fca55b0cd9447f9e8afc5fbce6f38e8dc5c0cde284b677d48a92e6f006816f40f045337255b95a6f6cb2721a50780dedfe6f378d78fbf745ce6d65d80a95a202342425602cae4c9babaf789365f84df68849a6ab8604f739c2e938aabb2867c0af65aabfff8835714a2b3d89703f0bb3fd00227fbd67d319e6a17c33b361a4332c4d1c1e78d4aacc9041ba3104064182e74ebab22ce03ac2a29fd85887c7c6bbc36ba79b66ea63012c79f6b2729d8adb69733e4e25755ebd26a11384f9e62e15cc060f7a46b040bc9ef39d6faacffb7a6b3087d01e8f2a70f0996e74ccb2d82e68caabe6b84fb66f941398722c3a29f0a6c1ab9b0b1a840170847c9602f6d9ef84df84acb9d2cdcb3265deb6eedc757995eb3efc2e140f51272bf5c2b9d89a5ff9f1d186b2c04a751bd13805745e91ff9450a7f563fc0c8db837feb44b0650e7cdaee820ed26533e724f259130aca53c96e8329261be6253d748775e27581744ad6c5f28ce7edfe9c1c1484677814071027,gx-no-cache=1484162480177 HTTP/1.1" 200 30
192.168.10.43 - - [11/Jan/2017:16:20:10 -0300] "GET /cormun/servlet/prpersonalsolicitud?16250701,,,,,MD,,gxPopupLevel%3D0%3B HTTP/1.1" 200 5579
192.168.10.122 - - [11/Jan/2017:16:20:12 -0300] "POST /cormun/servlet/solicitudot?gx-no-cache=1484162483990 HTTP/1.1" 200 30
192.168.10.43 - - [11/Jan/2017:16:20:12 -0300] "POST /cormun/servlet/acontrolpreferencessavestate?None,CF-19,true HTTP/1.1" 200 35
192.168.10.17 - - [11/Jan/2017:16:20:13 -0300] "POST /cormun/servlet/trcontratosolicitud?ed4d1d598f6b46ef90469ac70acb05eb,gx-no-cache=1484165424221,gx-no-cache=1484166183050 HTTP/1.1" 200 3952
192.168.10.43 - - [11/Jan/2017:16:20:15 -0300] "GET /cormun/servlet/solicitudot?d767355118ca304d2680e65a482f3a956bea8643467f838051aed7e662be91a6,gx-no-cache=1484165720651 HTTP/1.1" 200 20
192.168.10.122 - - [11/Jan/2017:16:20:16 -0300] "POST /cormun/servlet/solicitudot?gx-no-cache=1484162487833 HTTP/1.1" 200 235
192.168.10.122 - - [11/Jan/2017:16:20:16 -0300] "POST /cormun/servlet/solicitudot?gx-no-cache=1484162487965 HTTP/1.1" 200 38
192.168.10.17 - - [11/Jan/2017:16:20:22 -0300] "POST /cormun/servlet/trcontratosolicitud?ed4d1d598f6b46ef90469ac70acb05eb,gx-no-cache=1484165424221,gx-no-cache=1484166192775 HTTP/1.1" 200 11286
192.168.10.122 - - [11/Jan/2017:16:20:35 -0300] "GET /cormun/servlet/solicitudot?8c022ad052a1b392f4d265618baa2fcafd9efc2e70b8d7e9245a30d0710e1bf1db22f5d2727b3f8b07ae5711fcc36f27a0f9d06f9fb0db23edfef959a994f7941bdfd39c7c1d95bc2b9b894bc217b9752a4db79f7c96b4d707bb039f6b897bf10caefbc4cde7f1c4abdc3fdfbae7f6da,gx-no-cache=1484162507425 HTTP/1.1" 200 29
192.168.10.122 - - [11/Jan/2017:16:20:35 -0300] "POST /cormun/servlet/solicitudot?gx-no-cache=1484162507455 HTTP/1.1" 200 605
192.168.10.122 - - [11/Jan/2017:16:20:35 -0300] "POST /cormun/servlet/solicitudot?gx-no-cache=1484162507571 HTTP/1.1" 200 480
192.168.10.122 - - [11/Jan/2017:16:20:51 -0300] "GET /cormun/servlet/solicitudot?8c022ad052a1b392f4d265618baa2fcaab250a99862154538842156a06e33f14f1e1938022ac70050034f8b57502a8f8d6f9963d759709f79add7fd2a8013dda3a521521ad0500c84cffc0315682936166bfd8022985e8ac62c892633356acd8364a39ba60382c8637c39abbda36a631a5668be829f1db3188876d6bce5d4ab49fa57d945c0f5b76c8b51c6852d04a913bf762ffe7804cd05cb97c2b7879695ddd0dca49496c582ac8942d7c7dcaa7a8,gx-no-cache=1484162523536 HTTP/1.1" 200 30
192.168.10.17 - - [11/Jan/2017:16:20:53 -0300] "POST /cormun/servlet/trcontratosolicitud?ed4d1d598f6b46ef90469ac70acb05eb,gx-no-cache=1484165424221,gx-no-cache=1484166223450 HTTP/1.1" 200 4924
192.168.10.122 - - [11/Jan/2017:16:21:02 -0300] "POST /cormun/servlet/solicitudot?gx-no-cache=1484162534075 HTTP/1.1" 200 1144
192.168.10.17 - - [11/Jan/2017:16:21:03 -0300] "GET /cormun/servlet/solicitudotcontratos?INS,2017,0,13944404,3,2,2016,2693,LEY+SEP,201612,20,*, HTTP/1.1" 200 9497
192.168.10.17 - - [11/Jan/2017:16:21:04 -0300] "GET /cormun/servlet/solicitudotcontratos?3c9296fdc938b0d8a1734ca6b161ff2e147220db717bd3ca9d75cc853d76c67e8cf7a0c0a2b2106d5f8cb8ec95d81472,gx-no-cache=1484166234279 HTTP/1.1" 200 30
192.168.10.17 - - [11/Jan/2017:16:21:04 -0300] "GET /cormun/servlet/solicitudotcontratos?3c9296fdc938b0d8a1734ca6b161ff2e95c7e9a6f139f5c94650ad877259aaa5e833a05aadaa73802ec48c10f1ecfb12c8cc310f74af0fbd248499a9593930e207c3a5bb290a7856704b79bd1469c9b2dd2f879a4c46ca0e5bb762c03c76e90ff15c75575a5e41622bc92464c7996f7e544a01ac90abe4cb120b0e66b96716b0,gx-no-cache=1484166234295 HTTP/1.1" 200 48
192.168.10.17 - - [11/Jan/2017:16:21:04 -0300] "GET /cormun/servlet/solicitudotcontratos?3c9296fdc938b0d8a1734ca6b161ff2efb9e1e3cc63afb168f9046fcba030208054fbb09b19f17020ac27ba5089c77ef,gx-no-cache=1484166234310 HTTP/1.1" 200 30
192.168.10.17 - - [11/Jan/2017:16:21:04 -0300] "GET /cormun/servlet/solicitudotcontratos?3c9296fdc938b0d8a1734ca6b161ff2e21a812d55e6f1675b81e0af90e1727f0efd196905904c4812196fca1fd7d6215e16a30c5cb9835d7b6570fe8ffee0dddc4a211df8697ba099ee45049200316367522a56c2ddf9b23f94cdc6cb23bacea42d6e5ee10df92d66863fe6bf2ceae16,gx-no-cache=1484166234325 HTTP/1.1" 200 30
192.168.10.17 - - [11/Jan/2017:16:21:04 -0300] "GET /cormun/servlet/solicitudotcontratos?3c9296fdc938b0d8a1734ca6b161ff2e9b97bc2eb48b9c5ee86bdcf317c2f056dd1766d4bf00577f293a11c69b809617ca0f22beb00c42d98746dd9cdede2babe16a30c5cb9835d7b6570fe8ffee0ddd3332e288e136010bddaf1383e7bd6ccdcc6bbebfd5ce3be555419525932d970c302860aba67f0b2bfb39a015a055500d16d1bfa291110fa5e8ea575a072e82c16221dbeb40b7e4cf10d5878e89d625b7ca0f22beb00c42d98746dd9cdede2bab8114ea4df95ec11363560a21c1a224cbfbafbb0d64f18a60293655924136fb0331e62f08e76517098b6c5011333f03e3e877c01895ad1927b3a2ecb6f8c5f3933cf0af420f536230530f7dc0d296469e2e442417b98ba0a8283c1cc854bce52c15ac8651f74f4b256e8bf0f81f0a27a643f34c31e8505a0e77ade1c1027ee4de0c84654ee80bbb256a7bd41ca924161583dbcb88e99c4b45810b146136883f0e41d26f231f85099c664b3f5c8796e74bf934ff89face614dcfc6a32bf30752bf8d12a935b676ca5168f52206701dfb4774523709a92db80ff348eb7e6f7419179ebfa1ac53c906ba0578650d5afb405f88565a701eb99489f8396b03fe8f82526f3d639d235edc1e01d601c3a2c77c4ac8b0427af90f38e1c12f4597409088cec88f5fd83473315d5f3a3ab4eadb57e1a175e4a4b1ec937eff60a25d29484e4345a1d32f37f65af26b7a1194de3cb613e1148d7168649a5b4da39af0d4db1f9c755bda200a65ea18d2afe8cf0efca6170fe9e6faa0a06de3092413cfe2496b23bd798dccd29b90a6fe4c5b99fb7b2e39,gx-no-cache=1484166234345 HTTP/1.1" 200 79
192.168.10.17 - - [11/Jan/2017:16:21:06 -0300] "POST /cormun/servlet/solicitudotcontratos?ed4d1d598f6b46ef90469ac70acb05eb,INS,2017,0,13944404,3,2,2016,2693,LEY+SEP,201612,20,*,,gx-no-cache=1484166236201 HTTP/1.1" 200 10375
192.168.10.17 - - [11/Jan/2017:16:21:06 -0300] "POST /cormun/servlet/solicitudotcontratos?gx-no-cache=1484166236429 HTTP/1.1" 200 1264
192.168.10.17 - - [11/Jan/2017:16:21:06 -0300] "POST /cormun/servlet/solicitudotcontratos?gx-no-cache=1484166236504 HTTP/1.1" 200 1140
192.168.10.17 - - [11/Jan/2017:16:21:06 -0300] "GET /cormun/servlet/solicitudotcontratos?3c9296fdc938b0d8a1734ca6b161ff2eb16cf0da1c27174d0a2ff678bd684d3aefcf79414bb68baaee66d500e68f60c42354ee25cf7fd40a4b2e4e1fd80a00d9800f39ff5ce74c7f4cad5321e997413bbc380db5432b78dffeef2a52737a58f749b0437810b667750e442c48dcd3ee1acb485aa6f9b1977ae85be4e53cfef189,gx-no-cache=1484166236565 HTTP/1.1" 200 30
192.168.10.17 - - [11/Jan/2017:16:21:06 -0300] "POST /cormun/servlet/solicitudotcontratos?ed4d1d598f6b46ef90469ac70acb05eb,INS,2017,0,13944404,3,2,2016,2693,LEY+SEP,201612,20,*,,gx-no-cache=1484166236585 HTTP/1.1" 200 93
192.168.10.17 - - [11/Jan/2017:16:21:06 -0300] "GET /cormun/servlet/hpexe_return? HTTP/1.1" 200 1069
192.168.10.17 - - [11/Jan/2017:16:21:07 -0300] "GET /cormun/servlet/trcontratosolicitud?gx-no-cache=1484165424221 HTTP/1.1" 200 7178
192.168.10.17 - - [11/Jan/2017:16:21:10 -0300] "GET /cormun/servlet/solicitudotcontratos?INS,2017,0,13944404,3,6,2016,3150,INTEGRACION,201612,21,*, HTTP/1.1" 200 9495
192.168.10.17 - - [11/Jan/2017:16:21:11 -0300] "GET /cormun/servlet/solicitudotcontratos?3c9296fdc938b0d8a1734ca6b161ff2e147220db717bd3ca9d75cc853d76c67e8cf7a0c0a2b2106d5f8cb8ec95d81472,gx-no-cache=1484166241511 HTTP/1.1" 200 30
192.168.10.17 - - [11/Jan/2017:16:21:11 -0300] "GET /cormun/servlet/solicitudotcontratos?3c9296fdc938b0d8a1734ca6b161ff2e95c7e9a6f139f5c94650ad877259aaa5e833a05aadaa73802ec48c10f1ecfb12c8cc310f74af0fbd248499a9593930e207c3a5bb290a7856704b79bd1469c9b22cb3fab28720f16d78f42f267bbe6145e4016120cf53acd00b4f06a8a9b3156975c9c293975fb223396107225a2bca6d,gx-no-cache=1484166241527 HTTP/1.1" 200 50
192.168.10.17 - - [11/Jan/2017:16:21:11 -0300] "GET /cormun/servlet/solicitudotcontratos?3c9296fdc938b0d8a1734ca6b161ff2efb9e1e3cc63afb168f9046fcba03020880e99aaddb082b3ee8736d6150813356,gx-no-cache=1484166241543 HTTP/1.1" 200 30
192.168.10.17 - - [11/Jan/2017:16:21:11 -0300] "GET /cormun/servlet/solicitudotcontratos?3c9296fdc938b0d8a1734ca6b161ff2e21a812d55e6f1675b81e0af90e1727f0efd196905904c4812196fca1fd7d6215e16a30c5cb9835d7b6570fe8ffee0dddc4a211df8697ba099ee45049200316366b601c5afe2dec6fdfba27df9d84366942d6e5ee10df92d66863fe6bf2ceae16,gx-no-cache=1484166241559 HTTP/1.1" 200 30
192.168.10.17 - - [11/Jan/2017:16:21:11 -0300] "GET /cormun/servlet/solicitudotcontratos?3c9296fdc938b0d8a1734ca6b161ff2e9b97bc2eb48b9c5ee86bdcf317c2f056dd1766d4bf00577f293a11c69b8096170ed1739b05626b9ed5e38d579bdda6a288fed1b8cb3b0a3d60d5df0b8747dab0ee96a1cf070db0729220d0bb2469f610dca0fda722ff736b9835c2ecc883b1fcec3f2f5a55a439d579ef9d43c514bb24e4a90ba28f9d547e3f96b6746e22b158808d6292164a619229a5a12a2b9107b5ecb205c58808026c921be164b3a7929fc98e8bcd7c2cfd36b92fa1006a5418b7016e9bed474989966205d030aa10e1ee02693b5296947b2496fee174c53824d9fb88414afb8f7da62567f6dc999ee3da749b57d297fb803dc90799c70844af50545f9cfc62b074c398e5dc9fb2ebb9a85182b2b6006c85bb28620441eeff11d13d6f92659ff26fcee255c65e3ec3d65d5345fbf2e05ebbfe9820dab52c6eb563b72e04bc6bfb97eaef13743f54c990feb0eeccaad34300ec6508fd92ed54579fd01abeff7eb818c69b5a570c31119743a8ca044a46b44569333b5571e720471c87e9249c05732410579f72f194db1fe7890ebcecd8561600287c90a29ca604edd97c5713d9f09c1f817db9becbcb0a6effca8de598967515be394390c63477aacfda2bf87533113a5f89247049278440580d17cb8df72e8b4d3905df7e0da898579da81421909cabeca8597d00cb743f2480ddca62a532c81dc1f83e17b2aef1e786972a440188cdb0f7db8ef474ea93eb0e0b18ac14ceecdbf73fd6c0e2bafd8113b47c4f1bda9cc9de6ec0f1ccf3051418f3a1f9a29e750ec1b7b6782ef94d,gx-no-cache=1484166241577 HTTP/1.1" 200 83
