200.112.3.31 - - [10/Jan/2017:12:14:26 -0300] "GET /cormun/static/gxcfg.js?20171317451682 HTTP/1.1" 200 953
200.112.3.31 - - [10/Jan/2017:12:14:26 -0300] "GET /cormun/static/calendar-setup.js?85251 HTTP/1.1" 304 -
200.112.3.31 - - [10/Jan/2017:12:14:26 -0300] "GET /cormun/static/calendar-es.js?85251 HTTP/1.1" 304 -
200.112.3.31 - - [10/Jan/2017:12:14:26 -0300] "GET /cormun/static/calendar.js?85251 HTTP/1.1" 304 -
200.112.3.31 - - [10/Jan/2017:12:14:26 -0300] "GET /cormun/static/gxdec.js?85251 HTTP/1.1" 304 -
200.112.3.31 - - [10/Jan/2017:12:14:26 -0300] "GET /cormun/static/trcontratosolicitud.js?20171317452124 HTTP/1.1" 200 28173
200.112.3.31 - - [10/Jan/2017:12:14:27 -0300] "GET /cormun/servlet/trcontratosolicitud? HTTP/1.1" 200 12834
200.112.3.31 - - [10/Jan/2017:12:14:27 -0300] "GET /cormun//static/Resources/PXToolsGridNew.png HTTP/1.1" 200 2949
186.79.153.208 - - [10/Jan/2017:12:18:12 -0300] "GET /cormun/servlet/solicitudot?5a093d8e2d1226f46a02701b3990cca4f9263540931dda1655d2a9e7f588ca02d75a995a34eb47dda3a0788c4d8f1d299cd8fbd5e053b735da27ce263732b81f966d13668235e521cd9104863f833f8e1cf578f845a9dc07e7025ae05b6edbb49e2185acb7ea399086e555b73731d7e5,gx-no-cache=1484061567082 HTTP/1.1" 200 29
186.79.153.208 - - [10/Jan/2017:12:18:12 -0300] "POST /cormun/servlet/solicitudot?gx-no-cache=1484061567489 HTTP/1.1" 200 605
200.112.3.31 - - [10/Jan/2017:12:18:16 -0300] "GET /cormun/servlet/solicitudotcontratos?INS,2017,0,9362617,6,2,2016,4187,NADA,201611,36,*, HTTP/1.1" 200 9531
200.112.3.31 - - [10/Jan/2017:12:18:16 -0300] "GET /cormun/static/gxcfg.js?2017122319307 HTTP/1.1" 200 953
200.112.3.31 - - [10/Jan/2017:12:18:16 -0300] "GET /cormun/static/solicitudotcontratos.js?20171223193095 HTTP/1.1" 200 42631
186.79.153.208 - - [10/Jan/2017:12:18:17 -0300] "POST /cormun/servlet/solicitudot?gx-no-cache=1484061572326 HTTP/1.1" 200 1144
200.112.3.31 - - [10/Jan/2017:12:18:18 -0300] "GET /cormun/servlet/solicitudotcontratos?INS,2017,0,9362617,6,2,2016,4187,NADA,201611,36,*, HTTP/1.1" 200 9565
200.112.3.31 - - [10/Jan/2017:12:18:18 -0300] "GET /cormun/servlet/solicitudotcontratos?6e3ea7096b73c1ced422666d6f47cedef3bfe766e71f57612da4c88f5b396d25cfbdf57bdddec0753875e1fd0c78e6d3,gx-no-cache=1484061584906 HTTP/1.1" 200 30
200.112.3.31 - - [10/Jan/2017:12:18:19 -0300] "GET /cormun/servlet/solicitudotcontratos?6e3ea7096b73c1ced422666d6f47cede262f67f12859c29d564076d5e47bf0ade131ddd763b845e7b0a361a77291af39c600a1b85abdf0db35ef6d02cf289f34cfb901ca6c95f63a470dc0e6147c66c14e7b11dd6eca0754a1a329e9376ca06b570f55a842bd0f62c77c46a76051a1dc1317c886ee85e011ff713ab94e6b248e,gx-no-cache=1484061585074 HTTP/1.1" 200 48
200.112.3.31 - - [10/Jan/2017:12:18:19 -0300] "GET /cormun/servlet/solicitudotcontratos?6e3ea7096b73c1ced422666d6f47cede168dba81a8d8cc5c08d895a3cdb7363394ec8b0c933c7dba49353322e8387799,gx-no-cache=1484061585295 HTTP/1.1" 200 30
200.112.3.31 - - [10/Jan/2017:12:18:19 -0300] "GET /cormun/servlet/solicitudotcontratos?6e3ea7096b73c1ced422666d6f47cede23f47f29c508888c4d78f2e9d23deed8a561ecefe923265418c23d48e03b307f4ddc0e375a0137fdf84533db09069324626fbbcc44794323402f89dbf768c66ad33f06d12d9eb0467ae3d5066b462e4eb6a1dd13003fa08db9b723d6bf2bbc86,gx-no-cache=1484061585521 HTTP/1.1" 200 30
200.112.3.31 - - [10/Jan/2017:12:18:19 -0300] "GET /cormun/servlet/solicitudotcontratos?6e3ea7096b73c1ced422666d6f47cede020882d54b7261eafbf8bea7b2807c5626eedbbc69476cdf578dba20dab77cc46da36a39e5b30215aba8ba326f93f3aa0541bd80024d310a2611422785a67ca29f00e487c75b0fa1bc6919a9e289eb1b9dfafece170a46a2f1edfdd7d658a4651888991c94ae8e8fbae2491a295dc06c7cd419089d63f90739ca1f444b8c2a10f43caf863fbd2c0ec6ccbde9176bcbf6e995e7d011d184df9fc14749f9a1ae12df0117c28426cc0f8e2ee4310835965bc0ffb3a8c7556b617cbeee2004f7daf4ecba3fbab25315204fb014f91ec8aa0c32454cf86a55313d8123ac5c1e77c52b8c258cecceac4ad549b03b381c59e5620b79d49bc968ddc8b9ef7e8257c56a5ff2157036d4f30b4f252c24fb246421cda09d2326dad302571f912a89eeb60ce3a6635ff080dd48de5f9adc194637b7d8e99af8e165afe1718fcc74449007d0ea1726cf6245e57ab1a53cac0d821ed7660b2871efd08d0956a35b542e775d25dd7c6a55b267d972bca6023e08594bed48375820e8b9d236b070ec1c01d8c93333802e848dab71090c7258a196c37ccbec9b89a39ced66115f99c62b433ef85f32c44b8adbdd9f4b23f84d644bd0f603bfee42718a0d041537834e7966f3ad97633c68b6db84aaecd999151fd8d8a283178dfc46fbd2ce5e875c8ea592bb8a9fd1802e848dab71090c7258a196c37ccbecda7c0e57555549fc9059aa1d9125fd32f54e376ef8762792a72cd00a38c6123de26cd345504e448762889a7efd7da6dd23aadfd8c4cec76c36c655bda4cff96f,gx-no-cache=1484061585742 HTTP/1.1" 200 72
186.79.153.208 - - [10/Jan/2017:12:18:44 -0300] "GET /cormun/static/menuarrow.gif HTTP/1.1" 404 1015
200.112.3.31 - - [10/Jan/2017:12:18:49 -0300] "POST /cormun/servlet/solicitudotcontratos?2d889cfdc27208a36623a8ae89c123b2,INS,2017,0,9362617,6,2,2016,4187,NADA,201611,36,*,,gx-no-cache=1484061614621 HTTP/1.1" 200 10358
186.79.153.208 - - [10/Jan/2017:12:18:55 -0300] "GET /cormun/servlet/solicitudot?5a093d8e2d1226f46a02701b3990cca4740cc4b01acb32e8bc4cb64c7102649e64ad46e57ec6e121e59ce0e26904c05b53765ce2ef4f2b9600c8047949dc80d766d6463a3b9c670f63ff62c2d904621bd3783f92291b91005b2b2c56bccc95843f7cf6cb038970db672f97970df34706381103319c16ab712d4f0411ed01c40735c7efeaf351b3850e7d1e222f128619e09c9a0cb794221f7e9fc57b14ceea89ad923299b026dc746bfa387dd7c1a8e4,gx-no-cache=1484061610941 HTTP/1.1" 200 30
200.111.191.210 - - [10/Jan/2017:12:18:57 -0300] "GET /cormun/servlet/trlicenciaspermisosadjuntos?13644609,20170110000000,L, HTTP/1.1" 200 6050
200.111.191.210 - - [10/Jan/2017:12:18:57 -0300] "GET /cormun/static/gxcfg.js?2016122813131454 HTTP/1.1" 304 -
200.111.191.210 - - [10/Jan/2017:12:18:57 -0300] "GET /cormun/static/trlicenciaspermisosadjuntos.js?2016122813131728 HTTP/1.1" 304 -
200.111.191.210 - - [10/Jan/2017:12:18:58 -0300] "GET /cormun/servlet/trlicenciaspermisosadjuntos?13644609,20170110000000,L, HTTP/1.1" 200 6050
200.111.191.210 - - [10/Jan/2017:12:19:00 -0300] "GET /cormun/servlet/licenciaspermisosadjuntos?INS,13644609,L,20170110000000,, HTTP/1.1" 200 5347
200.111.191.210 - - [10/Jan/2017:12:19:01 -0300] "GET /cormun/static/gxcfg.js?2016122813131386 HTTP/1.1" 304 -
200.111.191.210 - - [10/Jan/2017:12:19:01 -0300] "GET /cormun/static/licenciaspermisosadjuntos.js?2016122813131394 HTTP/1.1" 304 -
200.111.191.210 - - [10/Jan/2017:12:19:01 -0300] "GET /cormun/static/about:blank HTTP/1.1" 404 1011
200.111.191.210 - - [10/Jan/2017:12:19:01 -0300] "GET /cormun/servlet/licenciaspermisosadjuntos?INS,13644609,L,20170110000000,, HTTP/1.1" 200 5337
200.112.3.31 - - [10/Jan/2017:12:19:04 -0300] "POST /cormun/servlet/solicitudotcontratos?2d889cfdc27208a36623a8ae89c123b2,INS,2017,0,9362617,6,2,2016,4187,NADA,201611,36,*,,gx-no-cache=1484061630296 HTTP/1.1" 200 90
200.112.3.31 - - [10/Jan/2017:12:19:04 -0300] "GET /cormun/servlet/hpexe_link HTTP/1.1" 200 1005
200.112.3.31 - - [10/Jan/2017:12:19:05 -0300] "GET /cormun/servlet/trcontratosolicitud HTTP/1.1" 200 12833
200.112.3.31 - - [10/Jan/2017:12:19:07 -0300] "GET /cormun/servlet/trcontratosolicitud HTTP/1.1" 200 12824
186.79.153.208 - - [10/Jan/2017:12:19:08 -0300] "POST /cormun/servlet/solicitudot?da5235cb151e39c167fdbccf5c8ff4cf,INS,0,0,,gx-no-cache=1484061623064 HTTP/1.1" 200 93
186.79.153.208 - - [10/Jan/2017:12:19:08 -0300] "GET /cormun/servlet/hpexe_return? HTTP/1.1" 200 1005
186.79.153.208 - - [10/Jan/2017:12:19:08 -0300] "GET /cormun/static/gxcfg.js?2016101716175148 HTTP/1.1" 304 -
186.79.153.208 - - [10/Jan/2017:12:19:09 -0300] "GET /cormun/servlet/trsolicitudot HTTP/1.1" 200 8121
186.79.153.208 - - [10/Jan/2017:12:19:10 -0300] "GET /cormun/servlet/trsolicitudot HTTP/1.1" 200 8117
186.79.153.208 - - [10/Jan/2017:12:19:15 -0300] "POST /cormun/servlet/trsolicitudot?da5235cb151e39c167fdbccf5c8ff4cf,gx-no-cache=1484061630434 HTTP/1.1" 200 107
186.79.153.208 - - [10/Jan/2017:12:19:15 -0300] "GET /cormun/servlet/trsolicitudadjuntos?2017,3890, HTTP/1.1" 200 6044
186.79.153.208 - - [10/Jan/2017:12:19:16 -0300] "GET /cormun/static/gxcfg.js?201612218531388 HTTP/1.1" 304 -
186.79.153.208 - - [10/Jan/2017:12:19:17 -0300] "GET /cormun/servlet/trsolicitudadjuntos?2017,3890, HTTP/1.1" 200 6043
200.111.191.210 - - [10/Jan/2017:12:19:18 -0300] "POST /cormun/servlet/licenciaspermisosadjuntos?324af2793b4781a8ea0974527725d6b6,INS,13644609,L,20170110000000,, HTTP/1.1" 200 116
200.111.191.210 - - [10/Jan/2017:12:19:18 -0300] "GET /cormun/servlet/hpexe_return? HTTP/1.1" 200 1043
200.111.191.210 - - [10/Jan/2017:12:19:18 -0300] "GET /cormun/servlet/trlicenciaspermisosadjuntos?13644609,20170110000000,L, HTTP/1.1" 200 6513
200.111.191.210 - - [10/Jan/2017:12:19:18 -0300] "GET /cormun/servlet/trlicenciaspermisosadjuntos?13644609,20170110000000,L, HTTP/1.1" 200 6510
186.79.153.208 - - [10/Jan/2017:12:19:19 -0300] "GET /cormun/servlet/solicitudotadjuntos?INS,2017,3890,,1, HTTP/1.1" 200 5976
186.79.153.208 - - [10/Jan/2017:12:19:19 -0300] "GET /cormun/static/gxcfg.js?201612218465951 HTTP/1.1" 304 -
186.79.153.208 - - [10/Jan/2017:12:19:19 -0300] "GET /cormun/static/about:blank HTTP/1.1" 404 1011
186.79.153.208 - - [10/Jan/2017:12:19:20 -0300] "GET /cormun/servlet/solicitudotadjuntos?INS,2017,3890,,1, HTTP/1.1" 200 5969
186.79.153.208 - - [10/Jan/2017:12:19:20 -0300] "GET /cormun/servlet/solicitudotadjuntos?5a093d8e2d1226f46a02701b3990cca4b8175c1e9659f0d4865cb4ec18c720949d97d3e3e57b990fd41645a9fa8d0ebd,gx-no-cache=1484061635735 HTTP/1.1" 200 30
186.79.153.208 - - [10/Jan/2017:12:19:21 -0300] "POST /cormun/servlet/solicitudotadjuntos?da5235cb151e39c167fdbccf5c8ff4cf,INS,2017,3890,,1,,gx-no-cache=1484061635854 HTTP/1.1" 200 3791
186.79.153.208 - - [10/Jan/2017:12:19:23 -0300] "POST /cormun/servlet/solicitudotadjuntos?gx-no-cache=1484061637996 HTTP/1.1" 200 26
200.111.191.210 - - [10/Jan/2017:12:19:23 -0300] "GET /cormun/servlet/trlicencias? HTTP/1.1" 200 8025
200.111.191.210 - - [10/Jan/2017:12:19:23 -0300] "GET /cormun/servlet/trlicencias? HTTP/1.1" 200 8025
200.111.191.210 - - [10/Jan/2017:12:19:28 -0300] "POST /cormun/servlet/trlicencias?324af2793b4781a8ea0974527725d6b6,,gx-no-cache=1484065179078 HTTP/1.1" 200 5153
200.111.191.210 - - [10/Jan/2017:12:19:28 -0300] "GET /cormun/static/Shared/jqueryui/images/ui-bg_highlight-soft_100_c6c2c8_1x100.png HTTP/1.1" 404 1117
200.111.191.210 - - [10/Jan/2017:12:19:28 -0300] "GET /cormun/static/Shared/jqueryui/images/ui-icons_82798d_256x240.png HTTP/1.1" 404 1089
200.111.191.210 - - [10/Jan/2017:12:19:28 -0300] "GET /cormun/static/Shared/jqueryui/images/ui-icons_8d78a5_256x240.png HTTP/1.1" 404 1089
200.111.191.210 - - [10/Jan/2017:12:19:28 -0300] "GET /cormun/static/Shared/jqueryui/images/ui-bg_flat_55_fafafa_40x100.png HTTP/1.1" 404 1097
200.112.3.31 - - [10/Jan/2017:12:19:29 -0300] "GET /cormun/servlet/solicitudotcontratos?INS,2017,0,9362617,6,2,2016,4187,NADA,201611,36,*, HTTP/1.1" 200 9531
200.112.3.31 - - [10/Jan/2017:12:19:31 -0300] "GET /cormun/servlet/solicitudotcontratos?INS,2017,0,9362617,6,2,2016,4187,NADA,201611,36,*, HTTP/1.1" 200 9564
200.111.191.210 - - [10/Jan/2017:12:19:31 -0300] "GET /cormun/servlet/trlicenciaspermisosadjuntos?10264376,20170110000000,L, HTTP/1.1" 200 6049
200.111.191.210 - - [10/Jan/2017:12:19:31 -0300] "GET /cormun/servlet/trlicenciaspermisosadjuntos?10264376,20170110000000,L, HTTP/1.1" 200 6049
200.112.3.31 - - [10/Jan/2017:12:19:31 -0300] "GET /cormun/servlet/solicitudotcontratos?6e3ea7096b73c1ced422666d6f47cedef3bfe766e71f57612da4c88f5b396d25cfbdf57bdddec0753875e1fd0c78e6d3,gx-no-cache=1484061657713 HTTP/1.1" 200 30
200.112.3.31 - - [10/Jan/2017:12:19:31 -0300] "GET /cormun/servlet/solicitudotcontratos?6e3ea7096b73c1ced422666d6f47cede262f67f12859c29d564076d5e47bf0ade131ddd763b845e7b0a361a77291af39c600a1b85abdf0db35ef6d02cf289f34cfb901ca6c95f63a470dc0e6147c66c14e7b11dd6eca0754a1a329e9376ca06b570f55a842bd0f62c77c46a76051a1dc1317c886ee85e011ff713ab94e6b248e,gx-no-cache=1484061657802 HTTP/1.1" 200 48
200.112.3.31 - - [10/Jan/2017:12:19:31 -0300] "GET /cormun/servlet/solicitudotcontratos?6e3ea7096b73c1ced422666d6f47cede168dba81a8d8cc5c08d895a3cdb7363394ec8b0c933c7dba49353322e8387799,gx-no-cache=1484061657894 HTTP/1.1" 200 30
200.112.3.31 - - [10/Jan/2017:12:19:32 -0300] "GET /cormun/servlet/solicitudotcontratos?6e3ea7096b73c1ced422666d6f47cede23f47f29c508888c4d78f2e9d23deed8a561ecefe923265418c23d48e03b307f4ddc0e375a0137fdf84533db09069324626fbbcc44794323402f89dbf768c66ad33f06d12d9eb0467ae3d5066b462e4eb6a1dd13003fa08db9b723d6bf2bbc86,gx-no-cache=1484061657998 HTTP/1.1" 200 30
200.112.3.31 - - [10/Jan/2017:12:19:32 -0300] "GET /cormun/servlet/solicitudotcontratos?6e3ea7096b73c1ced422666d6f47cede020882d54b7261eafbf8bea7b2807c5626eedbbc69476cdf578dba20dab77cc46da36a39e5b30215aba8ba326f93f3aa0541bd80024d310a2611422785a67ca29f00e487c75b0fa1bc6919a9e289eb1b9dfafece170a46a2f1edfdd7d658a4651888991c94ae8e8fbae2491a295dc06c7cd419089d63f90739ca1f444b8c2a10f43caf863fbd2c0ec6ccbde9176bcbf6e995e7d011d184df9fc14749f9a1ae12df0117c28426cc0f8e2ee4310835965bc0ffb3a8c7556b617cbeee2004f7daf4ecba3fbab25315204fb014f91ec8aa0c32454cf86a55313d8123ac5c1e77c52b8c258cecceac4ad549b03b381c59e5620b79d49bc968ddc8b9ef7e8257c56a5ff2157036d4f30b4f252c24fb246421cda09d2326dad302571f912a89eeb60ce3a6635ff080dd48de5f9adc194637b7d8e99af8e165afe1718fcc74449007d0ea1726cf6245e57ab1a53cac0d821ed7660b2871efd08d0956a35b542e775d25dd7c6a55b267d972bca6023e08594bed48375820e8b9d236b070ec1c01d8c93333802e848dab71090c7258a196c37ccbec9b89a39ced66115f99c62b433ef85f32c44b8adbdd9f4b23f84d644bd0f603bfee42718a0d041537834e7966f3ad97633c68b6db84aaecd999151fd8d8a283178dfc46fbd2ce5e875c8ea592bb8a9fd1802e848dab71090c7258a196c37ccbecda7c0e57555549fc9059aa1d9125fd32f54e376ef8762792a72cd00a38c6123de26cd345504e448762889a7efd7da6dd23aadfd8c4cec76c36c655bda4cff96f,gx-no-cache=1484061658104 HTTP/1.1" 200 72
200.111.191.210 - - [10/Jan/2017:12:19:33 -0300] "GET /cormun/servlet/licenciaspermisosadjuntos?INS,10264376,L,20170110000000,, HTTP/1.1" 200 5349
200.111.191.210 - - [10/Jan/2017:12:19:33 -0300] "GET /cormun/static/about:blank HTTP/1.1" 404 1011
200.111.191.210 - - [10/Jan/2017:12:19:34 -0300] "GET /cormun/servlet/licenciaspermisosadjuntos?INS,10264376,L,20170110000000,, HTTP/1.1" 200 5337
200.112.3.31 - - [10/Jan/2017:12:19:44 -0300] "POST /cormun/servlet/solicitudotcontratos?2d889cfdc27208a36623a8ae89c123b2,INS,2017,0,9362617,6,2,2016,4187,NADA,201611,36,*,,gx-no-cache=1484061670335 HTTP/1.1" 200 10356
200.112.3.31 - - [10/Jan/2017:12:19:45 -0300] "POST /cormun/servlet/solicitudotcontratos?gx-no-cache=1484061671110 HTTP/1.1" 200 1263
200.111.191.210 - - [10/Jan/2017:12:19:45 -0300] "POST /cormun/servlet/licenciaspermisosadjuntos?324af2793b4781a8ea0974527725d6b6,INS,10264376,L,20170110000000,, HTTP/1.1" 200 116
200.112.3.31 - - [10/Jan/2017:12:19:45 -0300] "POST /cormun/servlet/solicitudotcontratos?gx-no-cache=1484061671364 HTTP/1.1" 200 1141
200.111.191.210 - - [10/Jan/2017:12:19:45 -0300] "GET /cormun/servlet/hpexe_return? HTTP/1.1" 200 1043
200.112.3.31 - - [10/Jan/2017:12:19:45 -0300] "GET /cormun/servlet/solicitudotcontratos?6e3ea7096b73c1ced422666d6f47cede30770c488fcdd616fbdbbde5a8b56f05eaf332486bf2d8569311c47920f1ebf42b7148b6567bdcff653cc0e7453b19896a9af1bfe8236a5910c1a698e95e0f33bac6d366967c8f1631d1f19296bd93ca7c53d4b1dead78845aee278483a35fae73e4c949cbc98d90865a5ff0d641bdaa,gx-no-cache=1484061671587 HTTP/1.1" 200 30
200.111.191.210 - - [10/Jan/2017:12:19:45 -0300] "GET /cormun/servlet/trlicenciaspermisosadjuntos?10264376,20170110000000,L, HTTP/1.1" 200 6511
200.112.3.31 - - [10/Jan/2017:12:19:46 -0300] "POST /cormun/servlet/solicitudotcontratos?2d889cfdc27208a36623a8ae89c123b2,INS,2017,0,9362617,6,2,2016,4187,NADA,201611,36,*,,gx-no-cache=1484061671689 HTTP/1.1" 200 93
200.111.191.210 - - [10/Jan/2017:12:19:46 -0300] "GET /cormun/servlet/trlicenciaspermisosadjuntos?10264376,20170110000000,L, HTTP/1.1" 200 6509
200.112.3.31 - - [10/Jan/2017:12:19:46 -0300] "GET /cormun/servlet/hpexe_return? HTTP/1.1" 200 1048
200.112.3.31 - - [10/Jan/2017:12:19:46 -0300] "GET /cormun/static/gxcfg.js?2016101716175148 HTTP/1.1" 200 953
200.112.3.31 - - [10/Jan/2017:12:19:46 -0300] "GET /cormun/static/hpexe_return.js?2016101716175153 HTTP/1.1" 304 -
200.112.3.31 - - [10/Jan/2017:12:19:46 -0300] "GET /cormun/servlet/trcontratosolicitud HTTP/1.1" 200 12692
200.112.3.31 - - [10/Jan/2017:12:19:48 -0300] "GET /cormun/servlet/trcontratosolicitud HTTP/1.1" 200 12670
200.111.191.210 - - [10/Jan/2017:12:19:49 -0300] "GET /cormun/servlet/trlicencias? HTTP/1.1" 200 7708
200.111.191.210 - - [10/Jan/2017:12:19:50 -0300] "GET /cormun/servlet/trlicencias? HTTP/1.1" 200 7707
186.79.153.208 - - [10/Jan/2017:12:19:50 -0300] "GET /cormun/servlet/solicitudotadjuntos?5a093d8e2d1226f46a02701b3990cca46b9ea5f4ae9b8aa0edcc4f426b66888d,gx-no-cache=1484061665670 HTTP/1.1" 200 30
186.79.153.208 - - [10/Jan/2017:12:19:50 -0300] "GET /cormun/servlet/solicitudotadjuntos?5a093d8e2d1226f46a02701b3990cca46b9ea5f4ae9b8aa0edcc4f426b66888d,gx-no-cache=1484061665807 HTTP/1.1" 200 30
200.111.191.210 - - [10/Jan/2017:12:19:54 -0300] "POST /cormun/servlet/trlicencias?324af2793b4781a8ea0974527725d6b6,,gx-no-cache=1484065205194 HTTP/1.1" 200 4002
200.111.191.210 - - [10/Jan/2017:12:19:54 -0300] "GET /cormun/static/Shared/jqueryui/images/ui-bg_highlight-soft_100_c6c2c8_1x100.png HTTP/1.1" 404 1117
200.111.191.210 - - [10/Jan/2017:12:19:54 -0300] "GET /cormun/static/Shared/jqueryui/images/ui-bg_flat_55_fafafa_40x100.png HTTP/1.1" 404 1097
200.111.191.210 - - [10/Jan/2017:12:19:54 -0300] "GET /cormun/static/Shared/jqueryui/images/ui-icons_82798d_256x240.png HTTP/1.1" 404 1089
200.111.191.210 - - [10/Jan/2017:12:19:54 -0300] "GET /cormun/static/Shared/jqueryui/images/ui-icons_8d78a5_256x240.png HTTP/1.1" 404 1089
186.79.153.208 - - [10/Jan/2017:12:19:55 -0300] "POST /cormun/servlet/solicitudotadjuntos?da5235cb151e39c167fdbccf5c8ff4cf,INS,2017,3890,,1, HTTP/1.1" 200 116
186.79.153.208 - - [10/Jan/2017:12:19:55 -0300] "GET /cormun/servlet/hpexe_return? HTTP/1.1" 200 1024
186.79.153.208 - - [10/Jan/2017:12:19:55 -0300] "GET /cormun/servlet/trsolicitudadjuntos?2017,3890, HTTP/1.1" 200 8081
186.79.153.208 - - [10/Jan/2017:12:19:56 -0300] "GET /cormun/servlet/trsolicitudadjuntos?2017,3890, HTTP/1.1" 200 8074
186.79.153.208 - - [10/Jan/2017:12:19:58 -0300] "GET /cormun/servlet/solicitudotadjuntos?INS,2017,3890,,1, HTTP/1.1" 200 5976
186.79.153.208 - - [10/Jan/2017:12:19:58 -0300] "GET /cormun/static/about:blank HTTP/1.1" 404 1011
186.79.153.208 - - [10/Jan/2017:12:19:59 -0300] "GET /cormun/servlet/solicitudotadjuntos?INS,2017,3890,,1, HTTP/1.1" 200 5969
186.79.153.208 - - [10/Jan/2017:12:20:00 -0300] "GET /cormun/servlet/solicitudotadjuntos?5a093d8e2d1226f46a02701b3990cca4b8175c1e9659f0d4865cb4ec18c720949d97d3e3e57b990fd41645a9fa8d0ebd,gx-no-cache=1484061675218 HTTP/1.1" 200 30
186.79.153.208 - - [10/Jan/2017:12:20:00 -0300] "POST /cormun/servlet/solicitudotadjuntos?da5235cb151e39c167fdbccf5c8ff4cf,INS,2017,3890,,1,,gx-no-cache=1484061675309 HTTP/1.1" 200 3791
186.79.153.208 - - [10/Jan/2017:12:20:04 -0300] "POST /cormun/servlet/solicitudotadjuntos?gx-no-cache=1484061679557 HTTP/1.1" 200 26
186.79.153.208 - - [10/Jan/2017:12:20:23 -0300] "GET /cormun/servlet/solicitudotadjuntos?5a093d8e2d1226f46a02701b3990cca46b9ea5f4ae9b8aa0edcc4f426b66888d,gx-no-cache=1484061698935 HTTP/1.1" 200 30
186.79.153.208 - - [10/Jan/2017:12:20:24 -0300] "GET /cormun/servlet/solicitudotadjuntos?5a093d8e2d1226f46a02701b3990cca46b9ea5f4ae9b8aa0edcc4f426b66888d,gx-no-cache=1484061699010 HTTP/1.1" 200 30
200.112.3.31 - - [10/Jan/2017:12:20:28 -0300] "GET /cormun/servlet/trcontratounov2? HTTP/1.1" 200 16615
200.112.3.31 - - [10/Jan/2017:12:20:28 -0300] "GET /cormun/static/gxcfg.js?201612281114880 HTTP/1.1" 200 953
200.112.3.31 - - [10/Jan/2017:12:20:29 -0300] "GET /cormun/static/trcontratounov2.js?2016122811141421 HTTP/1.1" 200 38423
200.112.3.31 - - [10/Jan/2017:12:20:29 -0300] "GET /cormun/static/Resources/PXToolsAddSelectedAction.png HTTP/1.1" 200 3660
186.79.153.208 - - [10/Jan/2017:12:20:30 -0300] "POST /cormun/servlet/solicitudotadjuntos?da5235cb151e39c167fdbccf5c8ff4cf,INS,2017,3890,,1, HTTP/1.1" 200 116
186.79.153.208 - - [10/Jan/2017:12:20:30 -0300] "GET /cormun/servlet/hpexe_return? HTTP/1.1" 200 1024
186.79.153.208 - - [10/Jan/2017:12:20:31 -0300] "GET /cormun/servlet/trsolicitudadjuntos?2017,3890, HTTP/1.1" 200 8275
200.112.3.31 - - [10/Jan/2017:12:20:31 -0300] "GET /cormun/servlet/trcontratounov2? HTTP/1.1" 200 16623
186.79.153.208 - - [10/Jan/2017:12:20:32 -0300] "GET /cormun/servlet/trsolicitudadjuntos?2017,3890, HTTP/1.1" 200 8272
186.79.153.208 - - [10/Jan/2017:12:20:53 -0300] "GET /cormun/servlet/solicitudotadjuntos?INS,2017,3890,,1, HTTP/1.1" 200 5976
186.79.153.208 - - [10/Jan/2017:12:20:53 -0300] "GET /cormun/static/about:blank HTTP/1.1" 404 1011
186.79.153.208 - - [10/Jan/2017:12:20:55 -0300] "GET /cormun/servlet/solicitudotadjuntos?INS,2017,3890,,1, HTTP/1.1" 200 5969
186.79.153.208 - - [10/Jan/2017:12:20:55 -0300] "GET /cormun/servlet/solicitudotadjuntos?5a093d8e2d1226f46a02701b3990cca4b8175c1e9659f0d4865cb4ec18c720949d97d3e3e57b990fd41645a9fa8d0ebd,gx-no-cache=1484061730600 HTTP/1.1" 200 30
186.79.153.208 - - [10/Jan/2017:12:20:55 -0300] "POST /cormun/servlet/solicitudotadjuntos?da5235cb151e39c167fdbccf5c8ff4cf,INS,2017,3890,,1,,gx-no-cache=1484061730723 HTTP/1.1" 200 3791
186.79.153.208 - - [10/Jan/2017:12:20:59 -0300] "POST /cormun/servlet/solicitudotadjuntos?gx-no-cache=1484061734078 HTTP/1.1" 200 26
186.79.153.208 - - [10/Jan/2017:12:21:06 -0300] "GET /cormun/servlet/solicitudotadjuntos?5a093d8e2d1226f46a02701b3990cca46b9ea5f4ae9b8aa0edcc4f426b66888d,gx-no-cache=1484061741503 HTTP/1.1" 200 30
186.79.153.208 - - [10/Jan/2017:12:21:06 -0300] "GET /cormun/servlet/solicitudotadjuntos?5a093d8e2d1226f46a02701b3990cca46b9ea5f4ae9b8aa0edcc4f426b66888d,gx-no-cache=1484061741605 HTTP/1.1" 200 30
186.79.153.208 - - [10/Jan/2017:12:21:10 -0300] "POST /cormun/servlet/solicitudotadjuntos?da5235cb151e39c167fdbccf5c8ff4cf,INS,2017,3890,,1, HTTP/1.1" 200 116
186.79.153.208 - - [10/Jan/2017:12:21:10 -0300] "GET /cormun/servlet/hpexe_return? HTTP/1.1" 200 1024
186.79.153.208 - - [10/Jan/2017:12:21:11 -0300] "GET /cormun/servlet/trsolicitudadjuntos?2017,3890, HTTP/1.1" 200 8417
186.79.153.208 - - [10/Jan/2017:12:21:12 -0300] "GET /cormun/servlet/trsolicitudadjuntos?2017,3890, HTTP/1.1" 200 8415
186.79.153.208 - - [10/Jan/2017:12:21:14 -0300] "GET /cormun/servlet/solicitudotadjuntos?INS,2017,3890,,1, HTTP/1.1" 200 5976
186.79.153.208 - - [10/Jan/2017:12:21:15 -0300] "GET /cormun/static/about:blank HTTP/1.1" 404 1011
186.79.153.208 - - [10/Jan/2017:12:21:16 -0300] "GET /cormun/servlet/solicitudotadjuntos?INS,2017,3890,,1, HTTP/1.1" 200 5969
186.79.153.208 - - [10/Jan/2017:12:21:16 -0300] "GET /cormun/servlet/solicitudotadjuntos?5a093d8e2d1226f46a02701b3990cca4b8175c1e9659f0d4865cb4ec18c720949d97d3e3e57b990fd41645a9fa8d0ebd,gx-no-cache=1484061751547 HTTP/1.1" 200 30
186.79.153.208 - - [10/Jan/2017:12:21:16 -0300] "POST /cormun/servlet/solicitudotadjuntos?da5235cb151e39c167fdbccf5c8ff4cf,INS,2017,3890,,1,,gx-no-cache=1484061751693 HTTP/1.1" 200 3791
186.79.153.208 - - [10/Jan/2017:12:21:20 -0300] "POST /cormun/servlet/solicitudotadjuntos?gx-no-cache=1484061755710 HTTP/1.1" 200 26
200.112.3.31 - - [10/Jan/2017:12:21:23 -0300] "GET /cormun/servlet/trcontratoobservaciondir? HTTP/1.1" 200 6777
200.112.3.31 - - [10/Jan/2017:12:21:23 -0300] "GET /cormun/static/gxcfg.js?201612218551235 HTTP/1.1" 200 953
200.112.3.31 - - [10/Jan/2017:12:21:23 -0300] "GET /cormun/static/trcontratoobservaciondir.js?201612218551533 HTTP/1.1" 200 27122
200.112.3.31 - - [10/Jan/2017:12:21:25 -0300] "GET /cormun/servlet/trcontratoobservaciondir? HTTP/1.1" 200 6776
186.79.153.208 - - [10/Jan/2017:12:21:26 -0300] "GET /cormun/servlet/solicitudotadjuntos?5a093d8e2d1226f46a02701b3990cca46b9ea5f4ae9b8aa0edcc4f426b66888d,gx-no-cache=1484061761758 HTTP/1.1" 200 30
186.79.153.208 - - [10/Jan/2017:12:21:26 -0300] "GET /cormun/servlet/solicitudotadjuntos?5a093d8e2d1226f46a02701b3990cca46b9ea5f4ae9b8aa0edcc4f426b66888d,gx-no-cache=1484061761837 HTTP/1.1" 200 30
186.79.153.208 - - [10/Jan/2017:12:21:31 -0300] "POST /cormun/servlet/solicitudotadjuntos?da5235cb151e39c167fdbccf5c8ff4cf,INS,2017,3890,,1, HTTP/1.1" 200 116
186.79.153.208 - - [10/Jan/2017:12:21:31 -0300] "GET /cormun/servlet/hpexe_return? HTTP/1.1" 200 1024
186.79.153.208 - - [10/Jan/2017:12:21:32 -0300] "GET /cormun/servlet/trsolicitudadjuntos?2017,3890, HTTP/1.1" 200 8539
186.79.153.208 - - [10/Jan/2017:12:21:33 -0300] "GET /cormun/servlet/trsolicitudadjuntos?2017,3890, HTTP/1.1" 200 8537
186.79.153.208 - - [10/Jan/2017:12:21:35 -0300] "GET /cormun/servlet/solicitudotadjuntos?INS,2017,3890,,1, HTTP/1.1" 200 5976
186.79.153.208 - - [10/Jan/2017:12:21:36 -0300] "GET /cormun/static/about:blank HTTP/1.1" 404 1011
186.79.153.208 - - [10/Jan/2017:12:21:36 -0300] "GET /cormun/servlet/solicitudotadjuntos?INS,2017,3890,,1, HTTP/1.1" 200 5969
186.79.153.208 - - [10/Jan/2017:12:21:37 -0300] "GET /cormun/servlet/solicitudotadjuntos?5a093d8e2d1226f46a02701b3990cca4b8175c1e9659f0d4865cb4ec18c720949d97d3e3e57b990fd41645a9fa8d0ebd,gx-no-cache=1484061772420 HTTP/1.1" 200 30
186.79.153.208 - - [10/Jan/2017:12:21:37 -0300] "POST /cormun/servlet/solicitudotadjuntos?da5235cb151e39c167fdbccf5c8ff4cf,INS,2017,3890,,1,,gx-no-cache=1484061772511 HTTP/1.1" 200 3791
186.79.153.208 - - [10/Jan/2017:12:21:41 -0300] "POST /cormun/servlet/solicitudotadjuntos?gx-no-cache=1484061776229 HTTP/1.1" 200 26
186.79.153.208 - - [10/Jan/2017:12:21:48 -0300] "GET /cormun/servlet/solicitudotadjuntos?5a093d8e2d1226f46a02701b3990cca46b9ea5f4ae9b8aa0edcc4f426b66888d,gx-no-cache=1484061783150 HTTP/1.1" 200 30
186.79.153.208 - - [10/Jan/2017:12:21:48 -0300] "GET /cormun/servlet/solicitudotadjuntos?5a093d8e2d1226f46a02701b3990cca46b9ea5f4ae9b8aa0edcc4f426b66888d,gx-no-cache=1484061783273 HTTP/1.1" 200 30
186.79.153.208 - - [10/Jan/2017:12:21:58 -0300] "POST /cormun/servlet/solicitudotadjuntos?da5235cb151e39c167fdbccf5c8ff4cf,INS,2017,3890,,1, HTTP/1.1" 200 116
186.79.153.208 - - [10/Jan/2017:12:21:58 -0300] "GET /cormun/servlet/hpexe_return? HTTP/1.1" 200 1024
186.79.153.208 - - [10/Jan/2017:12:21:59 -0300] "GET /cormun/servlet/trsolicitudadjuntos?2017,3890, HTTP/1.1" 200 8716
186.79.153.208 - - [10/Jan/2017:12:22:00 -0300] "GET /cormun/servlet/trsolicitudadjuntos?2017,3890, HTTP/1.1" 200 8713
186.79.153.208 - - [10/Jan/2017:12:22:02 -0300] "GET /cormun/servlet/solicitudotadjuntos?INS,2017,3890,,1, HTTP/1.1" 200 5975
200.112.3.31 - - [10/Jan/2017:12:22:03 -0300] "POST /cormun/servlet/trcontratoobservaciondir?2d889cfdc27208a36623a8ae89c123b2,,gx-no-cache=1484061808386 HTTP/1.1" 200 4450
186.79.153.208 - - [10/Jan/2017:12:22:03 -0300] "GET /cormun/static/about:blank HTTP/1.1" 404 1011
186.79.153.208 - - [10/Jan/2017:12:22:03 -0300] "GET /cormun/servlet/solicitudotadjuntos?INS,2017,3890,,1, HTTP/1.1" 200 5969
186.79.153.208 - - [10/Jan/2017:12:22:04 -0300] "GET /cormun/servlet/solicitudotadjuntos?5a093d8e2d1226f46a02701b3990cca4b8175c1e9659f0d4865cb4ec18c720949d97d3e3e57b990fd41645a9fa8d0ebd,gx-no-cache=1484061799449 HTTP/1.1" 200 30
186.79.153.208 - - [10/Jan/2017:12:22:04 -0300] "POST /cormun/servlet/solicitudotadjuntos?da5235cb151e39c167fdbccf5c8ff4cf,INS,2017,3890,,1,,gx-no-cache=1484061799584 HTTP/1.1" 200 3789
200.112.3.31 - - [10/Jan/2017:12:22:06 -0300] "POST /cormun/servlet/trcontratoobservaciondir?2d889cfdc27208a36623a8ae89c123b2,,gx-no-cache=1484061812459 HTTP/1.1" 200 90
200.112.3.31 - - [10/Jan/2017:12:22:06 -0300] "GET /cormun/servlet/hpexe_link HTTP/1.1" 200 968
200.112.3.31 - - [10/Jan/2017:12:22:07 -0300] "GET /cormun/servlet/trcontratounov2 HTTP/1.1" 200 16623
186.79.153.208 - - [10/Jan/2017:12:22:09 -0300] "POST /cormun/servlet/solicitudotadjuntos?gx-no-cache=1484061804294 HTTP/1.1" 200 26
200.112.3.31 - - [10/Jan/2017:12:22:09 -0300] "GET /cormun/servlet/trcontratounov2 HTTP/1.1" 200 16619
186.79.153.208 - - [10/Jan/2017:12:22:14 -0300] "GET /cormun/servlet/solicitudotadjuntos?5a093d8e2d1226f46a02701b3990cca46b9ea5f4ae9b8aa0edcc4f426b66888d,gx-no-cache=1484061809686 HTTP/1.1" 200 30
186.79.153.208 - - [10/Jan/2017:12:22:14 -0300] "GET /cormun/servlet/solicitudotadjuntos?5a093d8e2d1226f46a02701b3990cca46b9ea5f4ae9b8aa0edcc4f426b66888d,gx-no-cache=1484061809753 HTTP/1.1" 200 30
186.79.153.208 - - [10/Jan/2017:12:22:20 -0300] "POST /cormun/servlet/solicitudotadjuntos?da5235cb151e39c167fdbccf5c8ff4cf,INS,2017,3890,,1, HTTP/1.1" 200 116
186.79.153.208 - - [10/Jan/2017:12:22:20 -0300] "GET /cormun/servlet/hpexe_return? HTTP/1.1" 200 1024
186.79.153.208 - - [10/Jan/2017:12:22:21 -0300] "GET /cormun/servlet/trsolicitudadjuntos?2017,3890, HTTP/1.1" 200 8931
186.79.153.208 - - [10/Jan/2017:12:22:22 -0300] "GET /cormun/servlet/trsolicitudadjuntos?2017,3890, HTTP/1.1" 200 8926
200.112.3.31 - - [10/Jan/2017:12:22:32 -0300] "GET /cormun/servlet/trcontratosolicitud? HTTP/1.1" 200 12685
200.112.3.31 - - [10/Jan/2017:12:22:34 -0300] "GET /cormun/servlet/trcontratosolicitud? HTTP/1.1" 200 12677
186.79.153.208 - - [10/Jan/2017:12:22:50 -0300] "GET /cormun/servlet/trsolicitudot? HTTP/1.1" 200 8123
186.79.153.208 - - [10/Jan/2017:12:22:51 -0300] "GET /cormun/servlet/trsolicitudot? HTTP/1.1" 200 8117
186.79.153.208 - - [10/Jan/2017:12:22:55 -0300] "POST /cormun/servlet/trsolicitudot?da5235cb151e39c167fdbccf5c8ff4cf,,gx-no-cache=1484061850606 HTTP/1.1" 200 106
186.79.153.208 - - [10/Jan/2017:12:22:56 -0300] "GET /cormun/servlet/solicitudot?UPD,2017,3890, HTTP/1.1" 200 14405
186.79.153.208 - - [10/Jan/2017:12:22:57 -0300] "GET /cormun/servlet/solicitudot?UPD,2017,3890, HTTP/1.1" 200 14414
186.79.153.208 - - [10/Jan/2017:12:22:58 -0300] "POST /cormun/servlet/solicitudot?gx-no-cache=1484061852954 HTTP/1.1" 200 3150
186.79.153.208 - - [10/Jan/2017:12:22:58 -0300] "POST /cormun/servlet/solicitudot?da5235cb151e39c167fdbccf5c8ff4cf,UPD,2017,3890,,gx-no-cache=1484061853437 HTTP/1.1" 200 10967
186.79.153.208 - - [10/Jan/2017:12:22:59 -0300] "GET /cormun/servlet/solicitudot?5a093d8e2d1226f46a02701b3990cca47c6bb4c39f68856e0d1019116b953dbfff111b201d7e524964489dc212ada33e,gx-no-cache=1484061854079 HTTP/1.1" 200 30
186.79.153.208 - - [10/Jan/2017:12:22:59 -0300] "POST /cormun/servlet/solicitudot?gx-no-cache=1484061854199 HTTP/1.1" 200 257
186.79.153.208 - - [10/Jan/2017:12:22:59 -0300] "GET /cormun/servlet/solicitudot?5a093d8e2d1226f46a02701b3990cca46c6cfe5475a5d19c25686e9320274647fcd56ee5ceb72d6082ec49a9e0ccf5bf12351bf71ac89b553708f506eb9621c4ac6beb3c67c2f6cc9a846109217a3ed08bcf89a5c772edcfa4d3d60b2333e5fd5fae92f6995daff173c2d7535c7b2b76cd97fb1d12759819260b4f9d9581ddc89242bd9cbe0d95c027e10aebc70678fc5898375283e9dd5539080fdf478799384485bc27e2a35a214772e048b2242266e8c2703adc78d1dd7fb4b3319d5e6852dfd77a08022419a87c712a429270aa1321f4365a4eb7f8aee61041f55086d50bf5beb719cce2d10140f16b30c634dfe29453d825b613f9ec3eee3411bda3ed4fa2ed246eec22377d9b1c9bedf6b979310351b5e6c647cf50f9b9c2c44017353f262f07b518629afc245daba07df23b0aca6126e5062bfb363d965457c82aa7414c898ec67b370684209e7941cc548a08914ada897515078ddd5c62934b7b3774bb42ff868f4fe69dbbd0157a5cfdc7a55942f781f17676bf54831c9cddf4eb35,gx-no-cache=1484061854344 HTTP/1.1" 200 30
186.79.153.208 - - [10/Jan/2017:12:22:59 -0300] "POST /cormun/servlet/solicitudot?gx-no-cache=1484061854436 HTTP/1.1" 200 30
186.79.153.208 - - [10/Jan/2017:12:22:59 -0300] "POST /cormun/servlet/solicitudot?gx-no-cache=1484061854545 HTTP/1.1" 200 1273
186.79.153.208 - - [10/Jan/2017:12:22:59 -0300] "POST /cormun/servlet/solicitudot?gx-no-cache=1484061854780 HTTP/1.1" 200 41
200.112.3.31 - - [10/Jan/2017:12:23:07 -0300] "GET /cormun/servlet/trautorizarsolicitud? HTTP/1.1" 200 6833
200.112.3.31 - - [10/Jan/2017:12:23:07 -0300] "GET /cormun/static/gxcfg.js?20161221823444 HTTP/1.1" 200 953
200.112.3.31 - - [10/Jan/2017:12:23:07 -0300] "GET /cormun/static/trautorizarsolicitud.js?20161221823990 HTTP/1.1" 200 44565
200.112.3.31 - - [10/Jan/2017:12:23:09 -0300] "GET /cormun/servlet/trautorizarsolicitud? HTTP/1.1" 200 6833
200.112.3.31 - - [10/Jan/2017:12:23:18 -0300] "POST /cormun/servlet/trautorizarsolicitud?2d889cfdc27208a36623a8ae89c123b2,,gx-no-cache=1484061883864 HTTP/1.1" 200 90
200.112.3.31 - - [10/Jan/2017:12:23:18 -0300] "GET /cormun/servlet/hpexe_link HTTP/1.1" 200 971
200.112.3.31 - - [10/Jan/2017:12:23:18 -0300] "GET /cormun/servlet/trcontratosolicitud HTTP/1.1" 200 12684
200.112.3.31 - - [10/Jan/2017:12:23:20 -0300] "GET /cormun/servlet/trcontratosolicitud HTTP/1.1" 200 12670
200.112.3.31 - - [10/Jan/2017:12:23:28 -0300] "GET /cormun/servlet/trcontratounov2? HTTP/1.1" 200 16614
200.112.3.31 - - [10/Jan/2017:12:23:31 -0300] "GET /cormun/servlet/trcontratounov2? HTTP/1.1" 200 16633
186.79.153.208 - - [10/Jan/2017:12:23:39 -0300] "GET /cormun/servlet/solicitudot?5a093d8e2d1226f46a02701b3990cca4be7b2eae32f6cef2af0057c7a6fac62e874e4418ce7e9078ed3e0fd0428989075df2e0fdf9e11db10d6ba03039675435f8e10e48e494b7eab3e63e7586b2af828d9f50e89521e1bcf0a638e9e2020acef1c98f782fa0ac213d1194765579fedf,gx-no-cache=1484061894081 HTTP/1.1" 200 29
186.79.153.208 - - [10/Jan/2017:12:23:39 -0300] "POST /cormun/servlet/solicitudot?gx-no-cache=1484061894264 HTTP/1.1" 200 1260
186.79.153.208 - - [10/Jan/2017:12:23:39 -0300] "POST /cormun/servlet/solicitudot?gx-no-cache=1484061894521 HTTP/1.1" 200 1143
186.79.153.208 - - [10/Jan/2017:12:23:39 -0300] "GET /cormun/servlet/solicitudot?5a093d8e2d1226f46a02701b3990cca4740cc4b01acb32e8bc4cb64c7102649e64ad46e57ec6e121e59ce0e26904c05b53765ce2ef4f2b9600c8047949dc80d766d6463a3b9c670f63ff62c2d904621bd3783f92291b91005b2b2c56bccc95843f7cf6cb038970db672f97970df34706381103319c16ab712d4f0411ed01c40735c7efeaf351b3850e7d1e222f128619e09c9a0cb794221f7e9fc57b14ceea89ad923299b026dc746bfa387dd7c1a8e4,gx-no-cache=1484061894744 HTTP/1.1" 200 30
186.79.153.208 - - [10/Jan/2017:12:23:40 -0300] "POST /cormun/servlet/solicitudot?da5235cb151e39c167fdbccf5c8ff4cf,UPD,2017,3890,,gx-no-cache=1484061894880 HTTP/1.1" 200 93
186.79.153.208 - - [10/Jan/2017:12:23:40 -0300] "GET /cormun/servlet/hpexe_return? HTTP/1.1" 200 1011
186.79.153.208 - - [10/Jan/2017:12:23:40 -0300] "GET /cormun/servlet/trsolicitudot HTTP/1.1" 200 8121
186.79.153.208 - - [10/Jan/2017:12:23:42 -0300] "GET /cormun/servlet/trsolicitudot HTTP/1.1" 200 8117
200.112.3.31 - - [10/Jan/2017:12:23:53 -0300] "POST /cormun/servlet/trcontratounov2?2d889cfdc27208a36623a8ae89c123b2,,gx-no-cache=1484061918865 HTTP/1.1" 200 6996
186.79.153.208 - - [10/Jan/2017:12:23:56 -0300] "POST /cormun/servlet/trsolicitudot?da5235cb151e39c167fdbccf5c8ff4cf,gx-no-cache=1484061911355 HTTP/1.1" 200 4223
186.79.153.208 - - [10/Jan/2017:12:23:56 -0300] "GET /cormun/static/Shared/jqueryui/images/ui-bg_highlight-soft_100_c6c2c8_1x100.png HTTP/1.1" 404 1117
186.79.153.208 - - [10/Jan/2017:12:23:57 -0300] "GET /cormun/static/Shared/jqueryui/images/ui-icons_82798d_256x240.png HTTP/1.1" 404 1089
186.79.153.208 - - [10/Jan/2017:12:23:57 -0300] "POST /cormun/servlet/trsolicitudot?da5235cb151e39c167fdbccf5c8ff4cf,gx-no-cache=1484061912101 HTTP/1.1" 200 4072
186.79.153.208 - - [10/Jan/2017:12:23:57 -0300] "GET /cormun/static/Shared/jqueryui/images/ui-bg_flat_55_fafafa_40x100.png HTTP/1.1" 404 1097
186.79.153.208 - - [10/Jan/2017:12:23:57 -0300] "GET /cormun/static/Shared/jqueryui/images/ui-icons_8d78a5_256x240.png HTTP/1.1" 404 1089
186.79.153.208 - - [10/Jan/2017:12:24:00 -0300] "GET /cormun/servlet/trautorizarsolicitud? HTTP/1.1" 200 8058
186.79.153.208 - - [10/Jan/2017:12:24:01 -0300] "GET /cormun/servlet/trautorizarsolicitud? HTTP/1.1" 200 8058
186.79.153.208 - - [10/Jan/2017:12:24:03 -0300] "POST /cormun/servlet/trautorizarsolicitud?da5235cb151e39c167fdbccf5c8ff4cf,,gx-no-cache=1484061918459 HTTP/1.1" 200 4194
186.79.153.208 - - [10/Jan/2017:12:24:03 -0300] "GET /cormun/static/Shared/jqueryui/images/ui-bg_highlight-soft_100_c6c2c8_1x100.png HTTP/1.1" 404 1117
186.79.153.208 - - [10/Jan/2017:12:24:03 -0300] "GET /cormun/static/Shared/jqueryui/images/ui-bg_flat_55_fafafa_40x100.png HTTP/1.1" 404 1097
186.79.153.208 - - [10/Jan/2017:12:24:04 -0300] "GET /cormun/static/Shared/jqueryui/images/ui-icons_82798d_256x240.png HTTP/1.1" 404 1089
186.79.153.208 - - [10/Jan/2017:12:24:04 -0300] "POST /cormun/servlet/trautorizarsolicitud?da5235cb151e39c167fdbccf5c8ff4cf,,gx-no-cache=1484061918979 HTTP/1.1" 200 4047
186.79.153.208 - - [10/Jan/2017:12:24:04 -0300] "GET /cormun/static/Shared/jqueryui/images/ui-icons_8d78a5_256x240.png HTTP/1.1" 404 1089
200.112.3.31 - - [10/Jan/2017:12:24:15 -0300] "POST /cormun/servlet/trcontratounov2?2d889cfdc27208a36623a8ae89c123b2,,gx-no-cache=1484061940292 HTTP/1.1" 200 90
200.112.3.31 - - [10/Jan/2017:12:24:15 -0300] "GET /cormun/servlet/hpexe_link HTTP/1.1" 200 966
200.112.3.31 - - [10/Jan/2017:12:24:15 -0300] "GET /cormun/servlet/trcontratosolicitud HTTP/1.1" 200 12689
200.112.3.31 - - [10/Jan/2017:12:24:17 -0300] "GET /cormun/servlet/trcontratosolicitud HTTP/1.1" 200 12691
200.112.3.31 - - [10/Jan/2017:12:25:35 -0300] "GET /cormun/servlet/trvisualizadoreventos? HTTP/1.1" 200 6671
200.112.3.31 - - [10/Jan/2017:12:25:35 -0300] "GET /cormun/static/gxcfg.js?2016101716203350 HTTP/1.1" 200 953
200.112.3.31 - - [10/Jan/2017:12:25:35 -0300] "GET /cormun/static/trvisualizadoreventos.js?2016101716203614 HTTP/1.1" 200 19309
200.112.3.31 - - [10/Jan/2017:12:25:36 -0300] "GET /cormun/static/Resources/PXToolsActionPrint.png HTTP/1.1" 200 3317
200.112.3.31 - - [10/Jan/2017:12:25:37 -0300] "GET /cormun/servlet/trvisualizadoreventos? HTTP/1.1" 200 6670
200.112.3.31 - - [10/Jan/2017:12:25:43 -0300] "POST /cormun/servlet/trvisualizadoreventos?2d889cfdc27208a36623a8ae89c123b2,,gx-no-cache=1484062028836 HTTP/1.1" 200 90
200.112.3.31 - - [10/Jan/2017:12:25:43 -0300] "GET /cormun/servlet/hpexe_link HTTP/1.1" 200 973
200.112.3.31 - - [10/Jan/2017:12:25:43 -0300] "GET /cormun/servlet/trcontratosolicitud HTTP/1.1" 200 12695
200.112.3.31 - - [10/Jan/2017:12:25:45 -0300] "GET /cormun/servlet/trcontratosolicitud HTTP/1.1" 200 12688
200.112.3.31 - - [10/Jan/2017:12:26:50 -0300] "GET /cormun/servlet/trsolicitudot? HTTP/1.1" 200 6889
200.112.3.31 - - [10/Jan/2017:12:26:50 -0300] "GET /cormun/static/gxcfg.js?201612138323191 HTTP/1.1" 200 953
200.112.3.31 - - [10/Jan/2017:12:26:50 -0300] "GET /cormun/static/trsolicitudot.js?20161213832387 HTTP/1.1" 200 44586
200.112.3.31 - - [10/Jan/2017:12:26:52 -0300] "GET /cormun/servlet/trsolicitudot? HTTP/1.1" 200 6888
200.112.3.31 - - [10/Jan/2017:12:27:03 -0300] "GET /cormun/servlet/solicitudot?INS,0,0, HTTP/1.1" 200 12744
200.112.3.31 - - [10/Jan/2017:12:27:04 -0300] "GET /cormun/static/gxcfg.js?201612412305271 HTTP/1.1" 200 953
200.112.3.31 - - [10/Jan/2017:12:27:04 -0300] "GET /cormun/static/solicitudot.js?201612412305410 HTTP/1.1" 200 63948
200.112.3.31 - - [10/Jan/2017:12:27:05 -0300] "GET /cormun/servlet/solicitudot?INS,0,0, HTTP/1.1" 200 12749
200.112.3.31 - - [10/Jan/2017:12:27:16 -0300] "GET /cormun/servlet/prfichaempleado?,MD,,gxPopupLevel%3D0%3B HTTP/1.1" 200 8841
200.112.3.31 - - [10/Jan/2017:12:27:17 -0300] "GET /cormun/static/gxcfg.js?2016102420561687 HTTP/1.1" 200 953
200.112.3.31 - - [10/Jan/2017:12:27:17 -0300] "GET /cormun/static/menusearch.js?201610171694467 HTTP/1.1" 304 -
200.112.3.31 - - [10/Jan/2017:12:27:17 -0300] "GET /cormun/static/hmpwkw011.js?201612218515582 HTTP/1.1" 304 -
200.112.3.31 - - [10/Jan/2017:12:27:17 -0300] "GET /cormun/static/prfichaempleado.js?201610242056198 HTTP/1.1" 304 -
200.112.3.31 - - [10/Jan/2017:12:27:31 -0300] "POST /cormun/servlet/prfichaempleado?2d889cfdc27208a36623a8ae89c123b2,,MD,,gxPopupLevel%3D0%3B,gx-no-cache=1484062137148 HTTP/1.1" 200 3473
200.112.3.31 - - [10/Jan/2017:12:27:52 -0300] "POST /cormun/servlet/solicitudot?gx-no-cache=1484062157862 HTTP/1.1" 200 3179
200.112.3.31 - - [10/Jan/2017:12:27:52 -0300] "POST /cormun/servlet/solicitudot?2d889cfdc27208a36623a8ae89c123b2,INS,0,0,,gx-no-cache=1484062158498 HTTP/1.1" 200 9913
200.112.3.31 - - [10/Jan/2017:12:27:53 -0300] "GET /cormun/servlet/solicitudot?6e3ea7096b73c1ced422666d6f47cedec498d6db245873be60ca5204e90ef235b6a1dd13003fa08db9b723d6bf2bbc86,gx-no-cache=1484062159211 HTTP/1.1" 200 30
200.112.3.31 - - [10/Jan/2017:12:28:02 -0300] "POST /cormun/servlet/solicitudot?gx-no-cache=1484062168646 HTTP/1.1" 200 240
200.112.3.31 - - [10/Jan/2017:12:28:02 -0300] "GET /cormun/servlet/solicitudot?6e3ea7096b73c1ced422666d6f47cede9fcdbb5256b73abd14754e978e7b0b5809c49d00bca4a9a974036e61102be800c69c060c32807688af03ec09ad8b92dc651148397d85cbbafe451624b8e7e83cba002425357b0eae5f78b4771369ee28779c425bd8ce93ae369b632a9736a8c1c641585d2dc614856bdeafbf88a69e32d8c6f28a6dd8810248b7584b6b2bc0a431aca7151da1359006d714a3e714c82e8407db135f3ef5a0cdc82a0e778b4b6ccd63771ec4cc3421af981758629b97c72f4031a16d882c14e179d18b807016ad7bc9dd0ea6c28a2cd9989db319d0a98f68d7de3e15d4e0d96c26e660e229c8f6a8700f0367b34db4b28cf1db8f78bdc136e0dd6cec1010704617bdf491891558da85e3cbaf73617e900dff1e61a26f057999a4ba8a4c2d83d64c146162c4a00bc77ebf0a9a8e3d3f65955b4377ca3365472cb40f5aa7bc5adcd91aaa3fd443414ffa55e9fd9371ef3d82c6eb0d3189eda2a58b7aa44728875c57e6eed4df11ff2a6ce6101c6825024eed67deb89f63a3,gx-no-cache=1484062168833 HTTP/1.1" 200 30
200.112.3.31 - - [10/Jan/2017:12:28:06 -0300] "POST /cormun/servlet/solicitudot?gx-no-cache=1484062172009 HTTP/1.1" 200 30
200.112.3.31 - - [10/Jan/2017:12:28:14 -0300] "POST /cormun/servlet/solicitudot?gx-no-cache=1484062180452 HTTP/1.1" 200 1278
200.112.3.31 - - [10/Jan/2017:12:28:14 -0300] "POST /cormun/servlet/solicitudot?gx-no-cache=1484062180655 HTTP/1.1" 200 38
200.112.3.31 - - [10/Jan/2017:12:28:24 -0300] "GET /cormun/servlet/solicitudot?6e3ea7096b73c1ced422666d6f47cede4fe3529eaf59e0b85dc24c855db98b75d57038e59e91c5fa6051fadb709e3efc07a7f056d37bb56a3bbc25a8f58c277624e79c22f54974cbc334c1b42d686b88cde95b2670b3ff8693d4a52ad35ac5cd0257bcdcfaefdf732193d77589d9f3237fa4bff677e528e39fb97235f6a8589b7358eb2f57315e36ea9b9e9af6712ee14d17007db67d42b19690a57a13091daf,gx-no-cache=1484062190112 HTTP/1.1" 200 29
200.112.3.31 - - [10/Jan/2017:12:28:24 -0300] "POST /cormun/servlet/solicitudot?gx-no-cache=1484062190255 HTTP/1.1" 200 1261
200.112.3.31 - - [10/Jan/2017:12:28:24 -0300] "POST /cormun/servlet/solicitudot?gx-no-cache=1484062190494 HTTP/1.1" 200 1143
200.112.3.31 - - [10/Jan/2017:12:28:24 -0300] "GET /cormun/static/menuarrow.gif HTTP/1.1" 404 1015
200.112.3.31 - - [10/Jan/2017:12:28:27 -0300] "POST /cormun/servlet/solicitudot?gx-no-cache=1484062193705 HTTP/1.1" 200 1261
200.112.3.31 - - [10/Jan/2017:12:28:28 -0300] "POST /cormun/servlet/solicitudot?gx-no-cache=1484062193918 HTTP/1.1" 200 1143
200.112.3.31 - - [10/Jan/2017:12:29:38 -0300] "GET /cormun/servlet/solicitudot?6e3ea7096b73c1ced422666d6f47cedee4050b27ad69c961a0e72e532d3579c58b53f28ded6c7778957cf25e5d4bcc58cde82b1469b0a60e0296489e4dcf40d9a4aa256d5babae53c4cf44084893c88af9a5c2531cfee49805f4686d32b7a733da03d3ffed25bbb5a20938710927ace7ab50640a5beae47a3deae128dbb5ce3f19667989fe74c3d0a56125c466e97f1f6a8b6a66298aaae2fb7f928b179f8b44a664a51da65c64e026cf10fef5fa8a31,gx-no-cache=1484062264524 HTTP/1.1" 200 30
200.112.3.31 - - [10/Jan/2017:12:29:39 -0300] "POST /cormun/servlet/solicitudot?2d889cfdc27208a36623a8ae89c123b2,INS,0,0,,gx-no-cache=1484062264741 HTTP/1.1" 200 93
200.112.3.31 - - [10/Jan/2017:12:29:39 -0300] "GET /cormun/servlet/hpexe_return? HTTP/1.1" 200 1007
200.112.3.31 - - [10/Jan/2017:12:29:39 -0300] "GET /cormun/servlet/trsolicitudot HTTP/1.1" 200 8138
200.112.3.31 - - [10/Jan/2017:12:29:42 -0300] "GET /cormun/servlet/trsolicitudot HTTP/1.1" 200 8134
200.112.3.31 - - [10/Jan/2017:12:29:42 -0300] "GET /cormun//static/Resources/PXToolsRemoveAllAction.png HTTP/1.1" 200 3558
200.112.3.31 - - [10/Jan/2017:12:29:42 -0300] "GET /cormun//static/Resources/PXToolsActionView.png HTTP/1.1" 200 2995
200.112.3.31 - - [10/Jan/2017:12:30:26 -0300] "POST /cormun/servlet/trsolicitudot?2d889cfdc27208a36623a8ae89c123b2,gx-no-cache=1484062311821 HTTP/1.1" 200 107
200.112.3.31 - - [10/Jan/2017:12:30:26 -0300] "GET /cormun/servlet/trsolicitudadjuntos?2017,3892, HTTP/1.1" 200 6036
200.112.3.31 - - [10/Jan/2017:12:30:26 -0300] "GET /cormun/static/gxcfg.js?201612218531388 HTTP/1.1" 200 953
200.112.3.31 - - [10/Jan/2017:12:30:26 -0300] "GET /cormun/static/trsolicitudadjuntos.js?201612218531657 HTTP/1.1" 200 17913
200.112.3.31 - - [10/Jan/2017:12:30:28 -0300] "GET /cormun/servlet/trsolicitudadjuntos?2017,3892, HTTP/1.1" 200 6036
200.112.3.31 - - [10/Jan/2017:12:30:36 -0300] "GET /cormun/servlet/solicitudotadjuntos?INS,2017,3892,,1, HTTP/1.1" 200 5966
200.112.3.31 - - [10/Jan/2017:12:30:36 -0300] "GET /cormun/static/gxcfg.js?201612218465951 HTTP/1.1" 200 953
200.112.3.31 - - [10/Jan/2017:12:30:36 -0300] "GET /cormun/static/solicitudotadjuntos.js?201612218465969 HTTP/1.1" 200 11762
200.112.3.31 - - [10/Jan/2017:12:30:37 -0300] "GET /cormun/static/about:blank HTTP/1.1" 404 1011
200.112.3.31 - - [10/Jan/2017:12:30:37 -0300] "GET /cormun/servlet/solicitudotadjuntos?INS,2017,3892,,1, HTTP/1.1" 200 5959
200.112.3.31 - - [10/Jan/2017:12:30:38 -0300] "GET /cormun/servlet/solicitudotadjuntos?6e3ea7096b73c1ced422666d6f47cede3c351e37c0f5751a27958cea7065b41884408de3ee5ba2d8ea6bdb23dcefe448,gx-no-cache=1484062324366 HTTP/1.1" 200 30
200.112.3.31 - - [10/Jan/2017:12:30:38 -0300] "POST /cormun/servlet/solicitudotadjuntos?2d889cfdc27208a36623a8ae89c123b2,INS,2017,3892,,1,,gx-no-cache=1484062324495 HTTP/1.1" 200 3829
200.112.3.31 - - [10/Jan/2017:12:30:42 -0300] "POST /cormun/servlet/solicitudotadjuntos?gx-no-cache=1484062327939 HTTP/1.1" 200 26
200.112.3.31 - - [10/Jan/2017:12:32:03 -0300] "POST /cormun/servlet/solicitudotadjuntos?gx-no-cache=1484062409152 HTTP/1.1" 200 26
200.112.3.31 - - [10/Jan/2017:12:32:13 -0300] "GET /cormun/servlet/solicitudotadjuntos?6e3ea7096b73c1ced422666d6f47cede4c5cb099973acae58d4acfbefa31e235,gx-no-cache=1484062419298 HTTP/1.1" 200 30
200.112.3.31 - - [10/Jan/2017:12:32:13 -0300] "GET /cormun/servlet/solicitudotadjuntos?6e3ea7096b73c1ced422666d6f47cede4c5cb099973acae58d4acfbefa31e235,gx-no-cache=1484062419369 HTTP/1.1" 200 30
200.112.3.31 - - [10/Jan/2017:12:32:15 -0300] "POST /cormun/servlet/solicitudotadjuntos?2d889cfdc27208a36623a8ae89c123b2,INS,2017,3892,,1, HTTP/1.1" 200 116
200.112.3.31 - - [10/Jan/2017:12:32:16 -0300] "GET /cormun/servlet/hpexe_return? HTTP/1.1" 200 1026
200.112.3.31 - - [10/Jan/2017:12:32:16 -0300] "GET /cormun/servlet/trsolicitudadjuntos?2017,3892, HTTP/1.1" 200 8080
200.112.3.31 - - [10/Jan/2017:12:32:18 -0300] "GET /cormun/servlet/trsolicitudadjuntos?2017,3892, HTTP/1.1" 200 8073
200.112.3.31 - - [10/Jan/2017:12:32:34 -0300] "GET /cormun/servlet/solicitudotadjuntos?INS,2017,3892,,1, HTTP/1.1" 200 5966
200.112.3.31 - - [10/Jan/2017:12:32:34 -0300] "GET /cormun/static/about:blank HTTP/1.1" 404 1011
200.112.3.31 - - [10/Jan/2017:12:32:36 -0300] "GET /cormun/servlet/solicitudotadjuntos?INS,2017,3892,,1, HTTP/1.1" 200 5959
200.112.3.31 - - [10/Jan/2017:12:32:36 -0300] "GET /cormun/servlet/solicitudotadjuntos?6e3ea7096b73c1ced422666d6f47cede3c351e37c0f5751a27958cea7065b41884408de3ee5ba2d8ea6bdb23dcefe448,gx-no-cache=1484062442512 HTTP/1.1" 200 30
200.112.3.31 - - [10/Jan/2017:12:32:36 -0300] "POST /cormun/servlet/solicitudotadjuntos?2d889cfdc27208a36623a8ae89c123b2,INS,2017,3892,,1,,gx-no-cache=1484062442639 HTTP/1.1" 200 3829
200.112.3.31 - - [10/Jan/2017:12:32:46 -0300] "POST /cormun/servlet/solicitudotadjuntos?gx-no-cache=1484062452715 HTTP/1.1" 200 26
200.112.3.31 - - [10/Jan/2017:12:33:09 -0300] "GET /cormun/servlet/solicitudotadjuntos?6e3ea7096b73c1ced422666d6f47cede4c5cb099973acae58d4acfbefa31e235,gx-no-cache=1484062475347 HTTP/1.1" 200 30
200.112.3.31 - - [10/Jan/2017:12:33:09 -0300] "GET /cormun/servlet/solicitudotadjuntos?6e3ea7096b73c1ced422666d6f47cede4c5cb099973acae58d4acfbefa31e235,gx-no-cache=1484062475499 HTTP/1.1" 200 30
200.112.3.31 - - [10/Jan/2017:12:33:10 -0300] "POST /cormun/servlet/solicitudotadjuntos?2d889cfdc27208a36623a8ae89c123b2,INS,2017,3892,,1, HTTP/1.1" 200 116
200.112.3.31 - - [10/Jan/2017:12:33:10 -0300] "GET /cormun/servlet/hpexe_return? HTTP/1.1" 200 1026
200.112.3.31 - - [10/Jan/2017:12:33:10 -0300] "GET /cormun/servlet/trsolicitudadjuntos?2017,3892, HTTP/1.1" 200 8285
200.112.3.31 - - [10/Jan/2017:12:33:12 -0300] "GET /cormun/servlet/trsolicitudadjuntos?2017,3892, HTTP/1.1" 200 8283
200.112.3.31 - - [10/Jan/2017:12:33:24 -0300] "GET /cormun/servlet/solicitudotadjuntos?INS,2017,3892,,1, HTTP/1.1" 200 5966
200.112.3.31 - - [10/Jan/2017:12:33:24 -0300] "GET /cormun/static/about:blank HTTP/1.1" 404 1011
200.112.3.31 - - [10/Jan/2017:12:33:26 -0300] "GET /cormun/servlet/solicitudotadjuntos?INS,2017,3892,,1, HTTP/1.1" 200 5959
200.112.3.31 - - [10/Jan/2017:12:33:26 -0300] "GET /cormun/servlet/solicitudotadjuntos?6e3ea7096b73c1ced422666d6f47cede3c351e37c0f5751a27958cea7065b41884408de3ee5ba2d8ea6bdb23dcefe448,gx-no-cache=1484062492494 HTTP/1.1" 200 30
200.112.3.31 - - [10/Jan/2017:12:33:26 -0300] "POST /cormun/servlet/solicitudotadjuntos?2d889cfdc27208a36623a8ae89c123b2,INS,2017,3892,,1,,gx-no-cache=1484062492606 HTTP/1.1" 200 3829
200.112.3.31 - - [10/Jan/2017:12:33:29 -0300] "POST /cormun/servlet/solicitudotadjuntos?gx-no-cache=1484062495419 HTTP/1.1" 200 26
200.112.3.31 - - [10/Jan/2017:12:33:35 -0300] "GET /cormun/servlet/solicitudotadjuntos?6e3ea7096b73c1ced422666d6f47cede4c5cb099973acae58d4acfbefa31e235,gx-no-cache=1484062501370 HTTP/1.1" 200 30
200.112.3.31 - - [10/Jan/2017:12:33:35 -0300] "GET /cormun/servlet/solicitudotadjuntos?6e3ea7096b73c1ced422666d6f47cede4c5cb099973acae58d4acfbefa31e235,gx-no-cache=1484062501693 HTTP/1.1" 200 30
200.112.3.31 - - [10/Jan/2017:12:33:39 -0300] "POST /cormun/servlet/solicitudotadjuntos?2d889cfdc27208a36623a8ae89c123b2,INS,2017,3892,,1, HTTP/1.1" 200 116
200.112.3.31 - - [10/Jan/2017:12:33:39 -0300] "GET /cormun/servlet/hpexe_return? HTTP/1.1" 200 1026
200.112.3.31 - - [10/Jan/2017:12:33:39 -0300] "GET /cormun/servlet/trsolicitudadjuntos?2017,3892, HTTP/1.1" 200 8436
200.112.3.31 - - [10/Jan/2017:12:33:41 -0300] "GET /cormun/servlet/trsolicitudadjuntos?2017,3892, HTTP/1.1" 200 8433
