200.73.230.173 - - [21/Dec/2016:09:33:00 -0300] "GET /cormun/static/PXToolsJavascripts/pexe_oavdivfix.js HTTP/1.1" 200 639
200.73.230.173 - - [21/Dec/2016:09:33:00 -0300] "GET /cormun/static/PXToolsJavascripts/pexe_picture.js HTTP/1.1" 200 689
200.73.230.173 - - [21/Dec/2016:09:33:00 -0300] "GET /cormun/static/PXToolsJavascripts/pexe_oav.js HTTP/1.1" 200 645
200.73.230.173 - - [21/Dec/2016:09:33:00 -0300] "GET /cormun/static/PXToolsJavascripts/pexe_scrolldiv.js HTTP/1.1" 200 4138
200.73.230.173 - - [21/Dec/2016:09:33:00 -0300] "GET /cormun/static/PXToolsJavascripts/pexe_popup.js HTTP/1.1" 200 13458
200.73.230.173 - - [21/Dec/2016:09:33:00 -0300] "GET /cormun/static/PXToolsJavascripts/pexe_tabdivfix.js HTTP/1.1" 200 876
200.73.230.173 - - [21/Dec/2016:09:33:00 -0300] "GET /cormun/static/PXToolsJavascripts/pexe_tabs.js HTTP/1.1" 200 3748
200.73.230.173 - - [21/Dec/2016:09:33:00 -0300] "GET /cormun/static/PXToolsJavascripts/pexe_upload.js HTTP/1.1" 200 1423
200.73.230.173 - - [21/Dec/2016:09:33:00 -0300] "GET /cormun/static/PXToolsJavascripts/PXToolsJavascriptsRender.js HTTP/1.1" 200 367
200.73.230.173 - - [21/Dec/2016:09:33:00 -0300] "GET /cormun/static/RunJS/RunJS.js HTTP/1.1" 200 288
200.73.230.173 - - [21/Dec/2016:09:33:00 -0300] "GET /cormun/static/Shared/ext/locale/ext-lang-en.js HTTP/1.1" 200 10940
200.73.230.173 - - [21/Dec/2016:09:33:00 -0300] "GET /cormun/static/hwchdr01.js?201612218432057 HTTP/1.1" 200 1183
200.73.230.173 - - [21/Dec/2016:09:33:00 -0300] "GET /cormun/static/hhome.js?201612218515573 HTTP/1.1" 200 777
200.73.230.173 - - [21/Dec/2016:09:33:00 -0300] "GET /cormun/static/hpexe_recentlink.js?201610171694390 HTTP/1.1" 200 2144
200.73.230.173 - - [21/Dec/2016:09:33:00 -0300] "GET /cormun/static/Resources/PXToolsHeaderPreferences.png HTTP/1.1" 200 4189
200.73.230.173 - - [21/Dec/2016:09:33:00 -0300] "GET /cormun/static/Resources/PXToolsHeaderActionsLeft.png HTTP/1.1" 200 1118
200.73.230.173 - - [21/Dec/2016:09:33:00 -0300] "GET /cormun/static/Resources/logo4.png HTTP/1.1" 200 6582
200.73.230.173 - - [21/Dec/2016:09:33:00 -0300] "GET /cormun/static/Resources/PXToolsHeaderLogin.png HTTP/1.1" 200 4279
200.73.230.173 - - [21/Dec/2016:09:33:00 -0300] "GET /cormun/static/Resources/PXToolsDataTitle.png HTTP/1.1" 200 1173
200.73.230.173 - - [21/Dec/2016:09:33:00 -0300] "GET /cormun/static/Resources/PXToolsHeaderActionsBackground.png HTTP/1.1" 200 484
200.73.230.173 - - [21/Dec/2016:09:33:00 -0300] "GET /cormun/static/Resources/PXToolsFooterBackground2.png HTTP/1.1" 200 1172
200.73.230.173 - - [21/Dec/2016:09:33:00 -0300] "GET /cormun/static/Resources/PXToolsHeaderSecurity.png HTTP/1.1" 200 4166
200.73.230.173 - - [21/Dec/2016:09:33:00 -0300] "GET /cormun/static/Resources/PXToolsHeaderActionsRight.png HTTP/1.1" 200 1201
200.73.230.173 - - [21/Dec/2016:09:33:00 -0300] "GET /cormun/static/Resources/PXToolsHeaderBackground2.png HTTP/1.1" 200 1174
200.73.230.173 - - [21/Dec/2016:09:33:00 -0300] "GET /cormun/static/Resources/PXToolsHeaderHome.png HTTP/1.1" 200 4147
200.73.230.173 - - [21/Dec/2016:09:33:00 -0300] "GET /cormun/static/gxui/gxui-all.js HTTP/1.1" 200 107772
200.73.230.173 - - [21/Dec/2016:09:33:00 -0300] "GET /cormun/static/hpexe_messagepopupcomponent.js?20161017169425 HTTP/1.1" 200 605
200.73.230.173 - - [21/Dec/2016:09:33:00 -0300] "GET /cormun/static/hpexe_scripts.js?201612218432016 HTTP/1.1" 200 1544
200.73.230.173 - - [21/Dec/2016:09:33:00 -0300] "GET /cormun/static/hpexe_messagecontroller.js?201610171694323 HTTP/1.1" 200 870
200.73.230.173 - - [21/Dec/2016:09:33:00 -0300] "GET /cormun/static/hpexe_messagegenexuscomponent.js?201612218431816 HTTP/1.1" 200 587
200.73.230.173 - - [21/Dec/2016:09:33:01 -0300] "GET /cormun/static/cmcontrolpreferences.js?201612218431999 HTTP/1.1" 200 1375
200.73.230.173 - - [21/Dec/2016:09:33:01 -0300] "GET /cormun/static/SmoothNavMenu/resources/ddsmoothmenu.js HTTP/1.1" 200 12712
200.73.230.173 - - [21/Dec/2016:09:33:01 -0300] "GET /cormun/static/SmoothNavMenu/resources/SmoothNavMenuRender.js HTTP/1.1" 200 5951
200.73.230.173 - - [21/Dec/2016:09:33:01 -0300] "GET /cormun/static/scaMessage/js/jquery.pnotify.min.js HTTP/1.1" 200 13038
200.73.230.173 - - [21/Dec/2016:09:33:01 -0300] "GET /cormun/static/scaMessage/scaMessageRender.js HTTP/1.1" 200 11977
200.73.230.173 - - [21/Dec/2016:09:33:01 -0300] "GET /cormun/static/Shared/jquery/jquery-1.4.2.min.js HTTP/1.1" 200 72174
200.73.230.173 - - [21/Dec/2016:09:33:01 -0300] "GET /cormun/static/hmpwkw03.js?20161221852152 HTTP/1.1" 200 3965
200.73.230.173 - - [21/Dec/2016:09:33:01 -0300] "GET /cormun/static/Shared/jquery/jquery-1.10.2.min.js HTTP/1.1" 200 273199
200.73.230.173 - - [21/Dec/2016:09:33:01 -0300] "GET /cormun/static/Shared/jqueryui/jquery-ui.min.js HTTP/1.1" 200 240427
200.73.230.173 - - [21/Dec/2016:09:33:01 -0300] "GET /cormun/static/Shared/ext/ext-all.js HTTP/1.1" 200 1289687
200.73.230.173 - - [21/Dec/2016:09:33:02 -0300] "GET /cormun/servlet/hhome HTTP/1.1" 200 3783
200.73.230.173 - - [21/Dec/2016:09:33:02 -0300] "GET /cormun/static/SmoothNavMenu/resources/images/down.gif HTTP/1.1" 200 854
200.73.230.173 - - [21/Dec/2016:09:33:11 -0300] "GET /cormun/servlet/trlicencias? HTTP/1.1" 200 6620
200.73.230.173 - - [21/Dec/2016:09:33:11 -0300] "GET /cormun/static/gxui/gxui-all.css?120300 HTTP/1.1" 200 2179
200.73.230.173 - - [21/Dec/2016:09:33:11 -0300] "GET /cormun/static/calendar-system.css?85620 HTTP/1.1" 200 5572
200.73.230.173 - - [21/Dec/2016:09:33:11 -0300] "GET /cormun/static/gxcfg.js?2016112214143385 HTTP/1.1" 200 953
200.73.230.173 - - [21/Dec/2016:09:33:11 -0300] "GET /cormun/static/calendar.js?85251 HTTP/1.1" 200 26246
200.73.230.173 - - [21/Dec/2016:09:33:11 -0300] "GET /cormun/static/calendar-es.js?85251 HTTP/1.1" 200 1901
200.73.230.173 - - [21/Dec/2016:09:33:11 -0300] "GET /cormun/static/calendar-setup.js?85251 HTTP/1.1" 200 2588
200.73.230.173 - - [21/Dec/2016:09:33:11 -0300] "GET /cormun/static/gxdec.js?85251 HTTP/1.1" 200 19579
200.73.230.173 - - [21/Dec/2016:09:33:11 -0300] "GET /cormun/static/trlicencias.js?2016112214144060 HTTP/1.1" 200 37907
200.73.230.173 - - [21/Dec/2016:09:33:11 -0300] "GET /cormun/static/Shared/ext/resources/css/ext-all.css?215870 HTTP/1.1" 200 416045
200.73.230.173 - - [21/Dec/2016:09:33:11 -0300] "GET /cormun/static/Resources/PXTools/calendar.png HTTP/1.1" 200 1306
200.73.230.173 - - [21/Dec/2016:09:33:11 -0300] "GET /cormun/static/Resources/PXToolsDataSearch.png HTTP/1.1" 200 419
200.73.230.173 - - [21/Dec/2016:09:33:11 -0300] "GET /cormun/static/Resources/PXToolsGridFirstDisabled.gif HTTP/1.1" 200 100
200.73.230.173 - - [21/Dec/2016:09:33:11 -0300] "GET /cormun/static/Resources/PXToolsGridPreviousDisabled.gif HTTP/1.1" 200 90
200.73.230.173 - - [21/Dec/2016:09:33:11 -0300] "GET /cormun/static/Resources/PXToolsGridNextDisabled.gif HTTP/1.1" 200 90
200.73.230.173 - - [21/Dec/2016:09:33:11 -0300] "GET /cormun/static/Resources/PXToolsGridLastDisabled.gif HTTP/1.1" 200 98
200.73.230.173 - - [21/Dec/2016:09:33:11 -0300] "GET /cormun/static/Resources/PXToolsGridPage.gif HTTP/1.1" 200 725
200.73.230.173 - - [21/Dec/2016:09:33:11 -0300] "GET /cormun/static/Resources/PXToolsActionExcel.png HTTP/1.1" 200 3187
200.73.230.173 - - [21/Dec/2016:09:33:11 -0300] "GET /cormun/static/Resources/PXToolsGridNew.png HTTP/1.1" 200 2949
200.73.230.173 - - [21/Dec/2016:09:33:12 -0300] "GET /cormun/static/Resources/desc.gif HTTP/1.1" 200 65
200.73.230.173 - - [21/Dec/2016:09:33:12 -0300] "GET /cormun/static/Resources/asc.gif HTTP/1.1" 200 67
200.73.230.173 - - [21/Dec/2016:09:33:12 -0300] "GET /cormun/servlet/trlicencias? HTTP/1.1" 200 6619
200.73.230.173 - - [21/Dec/2016:09:33:12 -0300] "GET /cormun/static/Shared/ext/resources/themes/images/default/panel/bg-headersPanel.png HTTP/1.1" 200 255
200.73.230.173 - - [21/Dec/2016:09:33:12 -0300] "GET /cormun/static/Shared/ext/resources/themes/images/default/tools/tool-sprites.gif HTTP/1.1" 200 5434
186.103.157.98 - - [21/Dec/2016:09:33:19 -0300] "GET /cormun/servlet/permisogoce?1db89393fd63ad441228af79f57139e4f9490bbcb76b5bb4231c23fdbdb9ad2311c7c9de6b4f96cbbd699c9cf39ef2a4fb460ee728fc73d337fd349d39f3da5d,gx-no-cache=1482323678336 HTTP/1.1" 200 47
186.103.157.98 - - [21/Dec/2016:09:33:36 -0300] "GET /cormun/servlet/permisogoce?1db89393fd63ad441228af79f57139e4f9490bbcb76b5bb4231c23fdbdb9ad2311c7c9de6b4f96cbbd699c9cf39ef2a42475e8cce6f69b435908302eab19b54fe93f8d794ce7065a5d0f24b69d68308c,gx-no-cache=1482323695403 HTTP/1.1" 200 125
186.103.157.98 - - [21/Dec/2016:09:33:36 -0300] "GET /cormun/static/Shared/jqueryui/images/ui-bg_highlight-soft_100_c6c2c8_1x100.png HTTP/1.1" 404 1117
186.103.157.98 - - [21/Dec/2016:09:33:36 -0300] "GET /cormun/static/Shared/jqueryui/images/ui-icons_82798d_256x240.png HTTP/1.1" 404 1089
186.103.157.98 - - [21/Dec/2016:09:33:36 -0300] "GET /cormun/static/Shared/jqueryui/images/ui-bg_flat_55_994d53_40x100.png HTTP/1.1" 404 1097
186.103.157.98 - - [21/Dec/2016:09:33:36 -0300] "GET /cormun/static/Shared/jqueryui/images/ui-icons_ebccce_256x240.png HTTP/1.1" 404 1089
186.103.157.98 - - [21/Dec/2016:09:33:36 -0300] "POST /cormun/servlet/permisogoce?70bbf6831a5f28d410aac58a0b466580,INS,0,,,,gx-no-cache=1482323695510 HTTP/1.1" 200 4253
186.103.157.98 - - [21/Dec/2016:09:33:49 -0300] "GET /cormun/servlet/permisogoce?1db89393fd63ad441228af79f57139e4f9490bbcb76b5bb4231c23fdbdb9ad2311c7c9de6b4f96cbbd699c9cf39ef2a4a62f3bd1ed4a97f23347f2a628420b6f7344db5e22e026467dac2f9988ca3d3a,gx-no-cache=1482323708538 HTTP/1.1" 200 47
186.103.157.98 - - [21/Dec/2016:09:33:50 -0300] "POST /cormun/servlet/permisogoce?70bbf6831a5f28d410aac58a0b466580,INS,0,,,,gx-no-cache=1482323708600 HTTP/1.1" 200 93
186.103.157.98 - - [21/Dec/2016:09:33:50 -0300] "GET /cormun/servlet/hpexe_return? HTTP/1.1" 200 1008
186.103.157.98 - - [21/Dec/2016:09:33:50 -0300] "GET /cormun/servlet/trpermisosgoce HTTP/1.1" 200 7479
186.103.157.98 - - [21/Dec/2016:09:33:50 -0300] "GET /cormun//static/Resources/PXToolsGridDisplay.png HTTP/1.1" 200 362
186.103.157.98 - - [21/Dec/2016:09:33:50 -0300] "GET /cormun/servlet/trpermisosgoce HTTP/1.1" 200 7474
186.103.157.98 - - [21/Dec/2016:09:33:57 -0300] "GET /cormun/servlet/apermisogoceprn?10444427,P,20161221,PU HTTP/1.1" 200 1635
186.103.157.98 - - [21/Dec/2016:09:36:02 -0300] "GET /cormun/servlet/permisogoce?INS,0,,, HTTP/1.1" 200 6626
186.103.157.98 - - [21/Dec/2016:09:36:03 -0300] "GET /cormun/servlet/permisogoce?INS,0,,, HTTP/1.1" 200 6627
186.103.157.98 - - [21/Dec/2016:09:36:27 -0300] "GET /cormun/servlet/permisogoce?1db89393fd63ad441228af79f57139e4049495f4c5e426ae5c56798031903a2cef3904b0bd177716b93fb3f52bff4667,gx-no-cache=1482323865839 HTTP/1.1" 200 74
186.103.157.98 - - [21/Dec/2016:09:36:27 -0300] "GET /cormun/static/menuarrow.gif HTTP/1.1" 404 1015
186.103.157.98 - - [21/Dec/2016:09:36:42 -0300] "GET /cormun/servlet/permisogoce?1db89393fd63ad441228af79f57139e434c3c2481d6fa30709cea9ace27957cc8ffba3276ab48f68429c3c35bf560f425a0701efbc7fa163a768e41fcd1ec5c9,gx-no-cache=1482323881276 HTTP/1.1" 200 47
186.103.157.98 - - [21/Dec/2016:09:36:47 -0300] "POST /cormun/servlet/permisogoce?70bbf6831a5f28d410aac58a0b466580,INS,0,,,,gx-no-cache=1482323886022 HTTP/1.1" 200 93
186.103.157.98 - - [21/Dec/2016:09:36:47 -0300] "GET /cormun/servlet/hpexe_return? HTTP/1.1" 200 1008
186.103.157.98 - - [21/Dec/2016:09:36:47 -0300] "GET /cormun/servlet/trpermisosgoce HTTP/1.1" 200 7704
186.103.157.98 - - [21/Dec/2016:09:36:48 -0300] "GET /cormun/servlet/trpermisosgoce HTTP/1.1" 200 7699
186.103.157.98 - - [21/Dec/2016:09:36:52 -0300] "GET /cormun/servlet/apermisogoceprn?17526226,P,20161221,PU HTTP/1.1" 200 1641
186.103.157.98 - - [21/Dec/2016:09:37:11 -0300] "GET /cormun/servlet/permisogoce?INS,0,,, HTTP/1.1" 200 6626
186.103.157.98 - - [21/Dec/2016:09:37:11 -0300] "GET /cormun/servlet/permisogoce?INS,0,,, HTTP/1.1" 200 6627
192.168.10.89 - - [21/Dec/2016:09:38:06 -0300] "GET /cormun/servlet/hlogin HTTP/1.1" 200 1735
186.103.157.98 - - [21/Dec/2016:09:39:16 -0300] "GET /cormun/servlet/permisogoce?1db89393fd63ad441228af79f57139e44daf30c5d3ba2f9748baa04a66bb6c33ef3904b0bd177716b93fb3f52bff4667,gx-no-cache=1482324034306 HTTP/1.1" 200 67
186.103.157.98 - - [21/Dec/2016:09:39:16 -0300] "GET /cormun/static/menuarrow.gif HTTP/1.1" 404 1015
186.103.157.98 - - [21/Dec/2016:09:39:28 -0300] "GET /cormun/servlet/permisogoce?1db89393fd63ad441228af79f57139e4924f5dcdb8f24bc46484f2bd36390e3bf99661f1ac6164166790a4a9e95f74ae5a0701efbc7fa163a768e41fcd1ec5c9,gx-no-cache=1482324046959 HTTP/1.1" 200 47
186.103.157.98 - - [21/Dec/2016:09:39:32 -0300] "POST /cormun/servlet/permisogoce?70bbf6831a5f28d410aac58a0b466580,INS,0,,,,gx-no-cache=1482324050714 HTTP/1.1" 200 93
186.103.157.98 - - [21/Dec/2016:09:39:32 -0300] "GET /cormun/servlet/hpexe_return? HTTP/1.1" 200 1008
186.103.157.98 - - [21/Dec/2016:09:39:32 -0300] "GET /cormun/servlet/trpermisosgoce HTTP/1.1" 200 7884
186.103.157.98 - - [21/Dec/2016:09:39:33 -0300] "GET /cormun/servlet/trpermisosgoce HTTP/1.1" 200 7880
186.103.157.98 - - [21/Dec/2016:09:39:36 -0300] "GET /cormun/servlet/apermisogoceprn?17526226,P,20161221,PU HTTP/1.1" 200 1641
186.103.157.98 - - [21/Dec/2016:09:40:26 -0300] "GET /cormun/servlet/permisogoce?INS,0,,, HTTP/1.1" 200 6626
186.103.157.98 - - [21/Dec/2016:09:40:27 -0300] "GET /cormun/servlet/permisogoce?INS,0,,, HTTP/1.1" 200 6627
186.103.157.98 - - [21/Dec/2016:09:42:06 -0300] "GET /cormun/servlet/permisogoce?1db89393fd63ad441228af79f57139e40df1814186ec6089fe3ab71e2b281c4def3904b0bd177716b93fb3f52bff4667,gx-no-cache=1482324204650 HTTP/1.1" 200 66
186.103.157.98 - - [21/Dec/2016:09:42:06 -0300] "GET /cormun/static/menuarrow.gif HTTP/1.1" 404 1015
186.103.157.98 - - [21/Dec/2016:09:44:34 -0300] "GET /cormun/servlet/permisogoce?1db89393fd63ad441228af79f57139e40df1814186ec6089fe3ab71e2b281c4d7da38441b7165c5f6db4f00f0695c02831a0898eae57d4efa7b487c0f19eba13b97441e933b4271ffd152b23a3f32d67,gx-no-cache=1482324352585 HTTP/1.1" 200 66
192.168.10.17 - - [21/Dec/2016:09:44:35 -0300] "GET /cormun/servlet/hlogin HTTP/1.1" 200 1725
192.168.10.17 - - [21/Dec/2016:09:44:35 -0300] "GET /cormun/static/Resources/Spanish/PXTools.css?167811 HTTP/1.1" 304 -
192.168.10.17 - - [21/Dec/2016:09:44:35 -0300] "GET /cormun/static/gxtimezone.js?85251 HTTP/1.1" 304 -
192.168.10.17 - - [21/Dec/2016:09:44:35 -0300] "GET /cormun/static/gxcfg.js?201612216162538 HTTP/1.1" 304 -
192.168.10.17 - - [21/Dec/2016:09:44:35 -0300] "GET /cormun/static/messages.spa.js?85251 HTTP/1.1" 304 -
192.168.10.17 - - [21/Dec/2016:09:44:35 -0300] "GET /cormun/static/hlogin.js?201612216162555 HTTP/1.1" 304 -
192.168.10.17 - - [21/Dec/2016:09:44:36 -0300] "GET /cormun/servlet/hlogin HTTP/1.1" 200 1735
186.103.157.98 - - [21/Dec/2016:09:44:40 -0300] "GET /cormun/servlet/permisogoce?1db89393fd63ad441228af79f57139e4ab0823e5a1e1453e761523872bc272a30607c367a1d71ae908641151b48b44345a0701efbc7fa163a768e41fcd1ec5c9,gx-no-cache=1482324359451 HTTP/1.1" 200 47
186.103.157.98 - - [21/Dec/2016:09:44:44 -0300] "POST /cormun/servlet/permisogoce?70bbf6831a5f28d410aac58a0b466580,INS,0,,,,gx-no-cache=1482324363267 HTTP/1.1" 200 93
186.103.157.98 - - [21/Dec/2016:09:44:44 -0300] "GET /cormun/servlet/hpexe_return? HTTP/1.1" 200 1008
186.103.157.98 - - [21/Dec/2016:09:44:45 -0300] "GET /cormun/servlet/trpermisosgoce HTTP/1.1" 200 8062
186.103.157.98 - - [21/Dec/2016:09:44:45 -0300] "GET /cormun/servlet/trpermisosgoce HTTP/1.1" 200 8058
186.103.157.98 - - [21/Dec/2016:09:44:51 -0300] "GET /cormun/servlet/permisogoce?INS,0,,, HTTP/1.1" 200 6626
186.103.157.98 - - [21/Dec/2016:09:44:52 -0300] "GET /cormun/servlet/permisogoce?INS,0,,, HTTP/1.1" 200 6627
192.168.10.17 - - [21/Dec/2016:09:45:02 -0300] "POST /cormun/servlet/hlogin?1a8fa4a15651c9676a91bf2c158560bf,gx-no-cache=1482328032479 HTTP/1.1" 200 451
192.168.10.17 - - [21/Dec/2016:09:45:08 -0300] "POST /cormun/servlet/hlogin?1a8fa4a15651c9676a91bf2c158560bf,gx-no-cache=1482328038302 HTTP/1.1" 200 90
192.168.10.17 - - [21/Dec/2016:09:45:08 -0300] "GET /cormun/servlet/hpexe_link HTTP/1.1" 200 957
192.168.10.17 - - [21/Dec/2016:09:45:08 -0300] "GET /cormun/static/Resources/Spanish/PXTools.css?18365030 HTTP/1.1" 304 -
192.168.10.17 - - [21/Dec/2016:09:45:08 -0300] "GET /cormun/static/gxcfg.js?201612218515529 HTTP/1.1" 304 -
192.168.10.17 - - [21/Dec/2016:09:45:08 -0300] "GET /cormun/static/hpexe_link.js?201612218515532 HTTP/1.1" 304 -
192.168.10.17 - - [21/Dec/2016:09:45:08 -0300] "GET /cormun/servlet/hhome HTTP/1.1" 200 3793
192.168.10.17 - - [21/Dec/2016:09:45:08 -0300] "GET /cormun/static/gxcfg.js?201612218515568 HTTP/1.1" 304 -
192.168.10.17 - - [21/Dec/2016:09:45:09 -0300] "GET /cormun/static/hhome.js?201612218515573 HTTP/1.1" 304 -
192.168.10.17 - - [21/Dec/2016:09:45:09 -0300] "GET /cormun/static/hwchdr01.js?201612218432057 HTTP/1.1" 304 -
192.168.10.17 - - [21/Dec/2016:09:45:09 -0300] "GET /cormun/static/hpexe_recentlink.js?201610171694390 HTTP/1.1" 304 -
192.168.10.17 - - [21/Dec/2016:09:45:09 -0300] "GET /cormun/static/hpexe_scripts.js?201612218432016 HTTP/1.1" 304 -
192.168.10.17 - - [21/Dec/2016:09:45:09 -0300] "GET /cormun/static/hpexe_messagecontroller.js?201610171694323 HTTP/1.1" 304 -
192.168.10.17 - - [21/Dec/2016:09:45:09 -0300] "GET /cormun/static/hpexe_messagepopupcomponent.js?20161017169425 HTTP/1.1" 304 -
192.168.10.17 - - [21/Dec/2016:09:45:09 -0300] "GET /cormun/static/hpexe_messagegenexuscomponent.js?201612218431816 HTTP/1.1" 304 -
192.168.10.17 - - [21/Dec/2016:09:45:09 -0300] "GET /cormun/static/cmcontrolpreferences.js?201612218431999 HTTP/1.1" 304 -
192.168.10.17 - - [21/Dec/2016:09:45:09 -0300] "GET /cormun/static/hmpwkw03.js?20161221852152 HTTP/1.1" 304 -
192.168.10.17 - - [21/Dec/2016:09:45:12 -0300] "GET /cormun/servlet/trlicencias? HTTP/1.1" 200 6629
192.168.10.17 - - [21/Dec/2016:09:45:12 -0300] "GET /cormun/static/gxcfg.js?2016112214143385 HTTP/1.1" 304 -
192.168.10.17 - - [21/Dec/2016:09:45:12 -0300] "GET /cormun/static/calendar.js?85251 HTTP/1.1" 200 26246
192.168.10.17 - - [21/Dec/2016:09:45:12 -0300] "GET /cormun/static/calendar-setup.js?85251 HTTP/1.1" 200 2588
192.168.10.17 - - [21/Dec/2016:09:45:12 -0300] "GET /cormun/static/calendar-es.js?85251 HTTP/1.1" 200 1901
192.168.10.17 - - [21/Dec/2016:09:45:13 -0300] "GET /cormun/static/Resources/PXToolsGridNew.png HTTP/1.1" 200 2949
192.168.10.17 - - [21/Dec/2016:09:45:13 -0300] "GET /cormun/static/gxdec.js?85251 HTTP/1.1" 200 19579
192.168.10.17 - - [21/Dec/2016:09:45:13 -0300] "GET /cormun/static/trlicencias.js?2016112214144060 HTTP/1.1" 304 -
200.73.230.173 - - [21/Dec/2016:09:45:45 -0300] "GET /cormun/servlet/hhome HTTP/1.1" 200 3786
200.73.230.173 - - [21/Dec/2016:09:45:46 -0300] "GET /cormun/servlet/hhome HTTP/1.1" 200 3783
200.73.230.173 - - [21/Dec/2016:09:46:01 -0300] "GET /cormun/servlet/hlogin HTTP/1.1" 200 1725
186.103.157.98 - - [21/Dec/2016:09:46:12 -0300] "GET /cormun/servlet/permisogoce?1db89393fd63ad441228af79f57139e4317c9363482a3e08ae9fd8880878588fef3904b0bd177716b93fb3f52bff4667,gx-no-cache=1482324451179 HTTP/1.1" 200 75
186.103.157.98 - - [21/Dec/2016:09:46:12 -0300] "GET /cormun/static/menuarrow.gif HTTP/1.1" 404 1015
186.103.157.98 - - [21/Dec/2016:09:46:23 -0300] "GET /cormun/servlet/permisogoce?1db89393fd63ad441228af79f57139e438161471272241696ed9167fdbdbeae95bd808445063bcb1b9768f6f63db68b35a0701efbc7fa163a768e41fcd1ec5c9,gx-no-cache=1482324462124 HTTP/1.1" 200 46
186.103.157.98 - - [21/Dec/2016:09:46:27 -0300] "POST /cormun/servlet/permisogoce?70bbf6831a5f28d410aac58a0b466580,INS,0,,,,gx-no-cache=1482324465456 HTTP/1.1" 200 93
186.103.157.98 - - [21/Dec/2016:09:46:27 -0300] "GET /cormun/servlet/hpexe_return? HTTP/1.1" 200 1008
186.103.157.98 - - [21/Dec/2016:09:46:27 -0300] "GET /cormun/servlet/trpermisosgoce HTTP/1.1" 200 8253
186.103.157.98 - - [21/Dec/2016:09:46:28 -0300] "GET /cormun/servlet/trpermisosgoce HTTP/1.1" 200 8249
186.103.157.98 - - [21/Dec/2016:09:46:29 -0300] "GET /cormun/servlet/permisogoce?INS,0,,, HTTP/1.1" 200 6626
186.103.157.98 - - [21/Dec/2016:09:46:30 -0300] "GET /cormun/servlet/permisogoce?INS,0,,, HTTP/1.1" 200 6627
186.103.157.98 - - [21/Dec/2016:09:46:53 -0300] "GET /cormun/servlet/permisogoce?1db89393fd63ad441228af79f57139e4f9cedaad9bb7a18794b0dfc9831df798ef3904b0bd177716b93fb3f52bff4667,gx-no-cache=1482324492524 HTTP/1.1" 200 73
186.103.157.98 - - [21/Dec/2016:09:46:53 -0300] "GET /cormun/static/menuarrow.gif HTTP/1.1" 404 1015
186.103.157.98 - - [21/Dec/2016:09:47:09 -0300] "GET /cormun/servlet/permisogoce?1db89393fd63ad441228af79f57139e42bf03e794767ae8a80982f58d926b9e2be941188246595c51d395d27cba81fe75a0701efbc7fa163a768e41fcd1ec5c9,gx-no-cache=1482324507845 HTTP/1.1" 200 46
186.103.157.98 - - [21/Dec/2016:09:47:14 -0300] "POST /cormun/servlet/permisogoce?70bbf6831a5f28d410aac58a0b466580,INS,0,,,,gx-no-cache=1482324512894 HTTP/1.1" 200 93
186.103.157.98 - - [21/Dec/2016:09:47:14 -0300] "GET /cormun/servlet/hpexe_return? HTTP/1.1" 200 1008
186.103.157.98 - - [21/Dec/2016:09:47:14 -0300] "GET /cormun/servlet/trpermisosgoce HTTP/1.1" 200 8433
186.103.157.98 - - [21/Dec/2016:09:47:15 -0300] "GET /cormun/servlet/trpermisosgoce HTTP/1.1" 200 8428
192.168.10.17 - - [21/Dec/2016:09:47:17 -0300] "GET /cormun/servlet/hlogin HTTP/1.1" 200 1739
186.103.157.98 - - [21/Dec/2016:09:47:28 -0300] "GET /cormun/servlet/apermisogoceprn?19261734,P,20161221,PU HTTP/1.1" 200 1651
186.103.157.98 - - [21/Dec/2016:09:47:45 -0300] "GET /cormun/servlet/apermisogoceprn?15731333,P,20161221,PU HTTP/1.1" 200 1638
186.103.157.98 - - [21/Dec/2016:09:48:20 -0300] "GET /cormun/servlet/permisogoce?INS,0,,, HTTP/1.1" 200 6626
186.103.157.98 - - [21/Dec/2016:09:48:21 -0300] "GET /cormun/servlet/permisogoce?INS,0,,, HTTP/1.1" 200 6627
186.103.157.98 - - [21/Dec/2016:09:48:34 -0300] "GET /cormun/servlet/permisogoce?1db89393fd63ad441228af79f57139e433afc2f63daa69e1c8fd238c1f8dae28ef3904b0bd177716b93fb3f52bff4667,gx-no-cache=1482324593403 HTTP/1.1" 200 69
186.103.157.98 - - [21/Dec/2016:09:48:34 -0300] "GET /cormun/static/menuarrow.gif HTTP/1.1" 404 1015
186.103.157.98 - - [21/Dec/2016:09:48:44 -0300] "GET /cormun/servlet/permisogoce?1db89393fd63ad441228af79f57139e4b4c9a3da855e43eea7af8ab5a9165757725cb6ee6544aa365fb99a5789d9a3255a0701efbc7fa163a768e41fcd1ec5c9,gx-no-cache=1482324603571 HTTP/1.1" 200 47
186.103.157.98 - - [21/Dec/2016:09:48:48 -0300] "POST /cormun/servlet/permisogoce?70bbf6831a5f28d410aac58a0b466580,INS,0,,,,gx-no-cache=1482324607253 HTTP/1.1" 200 93
186.103.157.98 - - [21/Dec/2016:09:48:48 -0300] "GET /cormun/servlet/hpexe_return? HTTP/1.1" 200 1008
186.103.157.98 - - [21/Dec/2016:09:48:49 -0300] "GET /cormun/servlet/trpermisosgoce HTTP/1.1" 200 8597
186.103.157.98 - - [21/Dec/2016:09:48:49 -0300] "GET /cormun/servlet/trpermisosgoce HTTP/1.1" 200 8593
186.103.157.98 - - [21/Dec/2016:09:48:54 -0300] "GET /cormun/servlet/apermisogoceprn?11171709,P,20161221,PU HTTP/1.1" 200 1636
200.73.230.173 - - [21/Dec/2016:09:49:15 -0300] "POST /cormun/servlet/hlogin?0d998989cbe9c117e68e251c4ad4e612,gx-no-cache=1482325204292 HTTP/1.1" 200 90
200.73.230.173 - - [21/Dec/2016:09:49:15 -0300] "GET /cormun/servlet/hpexe_link HTTP/1.1" 200 947
200.73.230.173 - - [21/Dec/2016:09:49:15 -0300] "GET /cormun/servlet/hhome HTTP/1.1" 200 3708
200.73.230.173 - - [21/Dec/2016:09:49:16 -0300] "GET /cormun/servlet/hhome HTTP/1.1" 200 3705
186.103.157.98 - - [21/Dec/2016:09:49:27 -0300] "GET /cormun/servlet/trinasistencia? HTTP/1.1" 200 7496
186.103.157.98 - - [21/Dec/2016:09:49:27 -0300] "GET /cormun/servlet/trinasistencia? HTTP/1.1" 200 7495
186.103.157.98 - - [21/Dec/2016:09:49:34 -0300] "GET /cormun/servlet/inasistencia?INS,0, HTTP/1.1" 200 6620
186.103.157.98 - - [21/Dec/2016:09:49:34 -0300] "GET /cormun/servlet/inasistencia?INS,0, HTTP/1.1" 200 6622
200.73.230.173 - - [21/Dec/2016:09:49:47 -0300] "GET /cormun/servlet/trlicencias? HTTP/1.1" 200 6539
200.73.230.173 - - [21/Dec/2016:09:49:48 -0300] "GET /cormun/servlet/trlicencias? HTTP/1.1" 200 6538
186.103.157.98 - - [21/Dec/2016:09:49:51 -0300] "GET /cormun/servlet/inasistencia?065a162b2c08932fd937c0a7684e367d61d067d1d8b2eb7751eecd70381a6856c1b96e4410ec4414fc053b121411b36c4de6bb25c8786c8d33461101690806a1e1614956bf97f3c66085b1290f20b9a7bb8c54019442d392e6845e7c716b2920f860a74b40f34c3aa4226258beeb7105472eb2f50d918182a9a13d453e3fa9e07fe7ab874ebdc7a987e723c3bf0747b7b9ab20cd4322be32e10470fc6d931483,gx-no-cache=1482324670202 HTTP/1.1" 200 181
186.103.157.98 - - [21/Dec/2016:09:49:51 -0300] "GET /cormun/static/Shared/jqueryui/images/ui-bg_highlight-soft_100_c6c2c8_1x100.png HTTP/1.1" 404 1117
186.103.157.98 - - [21/Dec/2016:09:49:51 -0300] "GET /cormun/static/Shared/jqueryui/images/ui-icons_82798d_256x240.png HTTP/1.1" 404 1089
186.103.157.98 - - [21/Dec/2016:09:49:51 -0300] "GET /cormun/static/Shared/jqueryui/images/ui-bg_flat_55_994d53_40x100.png HTTP/1.1" 404 1097
186.103.157.98 - - [21/Dec/2016:09:49:51 -0300] "GET /cormun/static/Shared/jqueryui/images/ui-icons_ebccce_256x240.png HTTP/1.1" 404 1089
186.103.157.98 - - [21/Dec/2016:09:50:02 -0300] "GET /cormun/servlet/prfichaempleado?,MD,,gxPopupLevel%3D0%3B HTTP/1.1" 200 8827
186.103.157.98 - - [21/Dec/2016:09:50:21 -0300] "POST /cormun/servlet/prfichaempleado?70bbf6831a5f28d410aac58a0b466580,,MD,,gxPopupLevel%3D0%3B,gx-no-cache=1482324699976 HTTP/1.1" 200 3399
186.103.157.98 - - [21/Dec/2016:09:50:25 -0300] "GET /cormun/servlet/inasistencia?065a162b2c08932fd937c0a7684e367d4757f36c675635b93adb7455af42b615edf3ff16729d5d046b7601f0171573e7c84b4a497e85bffd4eb6855b9d0a79edf82a11239d29ae72c28cd113024bb17bf562d257b1601aa2d5a25c12b06ce59ec084488222e2b2db88bc1fd80dbf716a3f6d64493dc7a99e9c34ab4ff1b97223c079fb3ca3221c69840bd9aa5bed82327344db5e22e026467dac2f9988ca3d3a,gx-no-cache=1482324704498 HTTP/1.1" 200 121
186.103.157.98 - - [21/Dec/2016:09:50:25 -0300] "GET /cormun/static/menuarrow.gif HTTP/1.1" 404 1015
186.103.157.98 - - [21/Dec/2016:09:50:37 -0300] "GET /cormun/servlet/inasistencia?065a162b2c08932fd937c0a7684e367dd57f53db16c5bd0124cbf5d315062bdbfe678a04b9e313daffdd67c92dfd267d,gx-no-cache=1482324716241 HTTP/1.1" 200 33
186.103.157.98 - - [21/Dec/2016:09:52:16 -0300] "GET /cormun/servlet/inasistencia?065a162b2c08932fd937c0a7684e367d233f449ab9ff83b34ff9b50a6b176450e76df74c8aa6a5bd643d8e7203e9f51cd5da98af0551a75c009395e9560ab985c317d1e96467b98fa97da71d4315977a601de2d5ee7338d620c6447c05bb47b95887185800fd988c5c620c0d277d794d16c56817333cd23f1cf40277500b60973130392518252c7c4dd46bec82879c4f6f1eef0a941a1b388cde2c35fca4fe79,gx-no-cache=1482324813701 HTTP/1.1" 200 46
186.103.157.98 - - [21/Dec/2016:09:52:25 -0300] "POST /cormun/servlet/inasistencia?70bbf6831a5f28d410aac58a0b466580,INS,0,,gx-no-cache=1482324824132 HTTP/1.1" 200 93
186.103.157.98 - - [21/Dec/2016:09:52:25 -0300] "GET /cormun/servlet/hpexe_return? HTTP/1.1" 200 1005
186.103.157.98 - - [21/Dec/2016:09:52:25 -0300] "GET /cormun/servlet/trinasistencia HTTP/1.1" 200 7723
186.103.157.98 - - [21/Dec/2016:09:52:26 -0300] "GET /cormun/servlet/trinasistencia HTTP/1.1" 200 7719
186.103.157.98 - - [21/Dec/2016:09:52:44 -0300] "GET /cormun/servlet/ainasistenciaprn?5,PU HTTP/1.1" 200 1601
186.103.157.98 - - [21/Dec/2016:09:53:57 -0300] "GET /cormun/servlet/inasistencia?INS,0, HTTP/1.1" 200 6620
186.103.157.98 - - [21/Dec/2016:09:53:57 -0300] "GET /cormun/servlet/inasistencia?INS,0, HTTP/1.1" 200 6622
186.103.157.98 - - [21/Dec/2016:09:54:14 -0300] "GET /cormun/servlet/inasistencia?065a162b2c08932fd937c0a7684e367d46598dd4c5336177ad1ee00f1b6eb507edf3ff16729d5d046b7601f0171573e7c84b4a497e85bffd4eb6855b9d0a79edf82a11239d29ae72c28cd113024bb17bf562d257b1601aa2d5a25c12b06ce59ec084488222e2b2db88bc1fd80dbf716a3f6d64493dc7a99e9c34ab4ff1b97223c079fb3ca3221c69840bd9aa5bed82327344db5e22e026467dac2f9988ca3d3a,gx-no-cache=1482324933527 HTTP/1.1" 200 123
186.103.157.98 - - [21/Dec/2016:09:54:15 -0300] "GET /cormun/static/menuarrow.gif HTTP/1.1" 404 1015
186.103.157.98 - - [21/Dec/2016:09:54:37 -0300] "GET /cormun/servlet/inasistencia?065a162b2c08932fd937c0a7684e367dd57f53db16c5bd0124cbf5d315062bdbdcc7e101903fba7f86c09557a646557b,gx-no-cache=1482324955865 HTTP/1.1" 200 33
186.103.157.98 - - [21/Dec/2016:09:54:42 -0300] "GET /cormun/servlet/inasistencia?065a162b2c08932fd937c0a7684e367d233f449ab9ff83b34ff9b50a6b17645074806700293693617e6e758fa18a7c0bd5da98af0551a75c009395e9560ab985c317d1e96467b98fa97da71d4315977a601de2d5ee7338d620c6447c05bb47b95887185800fd988c5c620c0d277d794d16c56817333cd23f1cf40277500b609723f66b12a24a671d453c117f7b7b52d26f1eef0a941a1b388cde2c35fca4fe79,gx-no-cache=1482324960802 HTTP/1.1" 200 45
186.103.157.98 - - [21/Dec/2016:09:54:52 -0300] "POST /cormun/servlet/inasistencia?70bbf6831a5f28d410aac58a0b466580,INS,0,,gx-no-cache=1482324971252 HTTP/1.1" 200 93
186.103.157.98 - - [21/Dec/2016:09:54:52 -0300] "GET /cormun/servlet/hpexe_return? HTTP/1.1" 200 1005
186.103.157.98 - - [21/Dec/2016:09:54:53 -0300] "GET /cormun/servlet/trinasistencia HTTP/1.1" 200 7918
186.103.157.98 - - [21/Dec/2016:09:54:53 -0300] "GET /cormun/servlet/trinasistencia HTTP/1.1" 200 7914
186.103.157.98 - - [21/Dec/2016:09:55:01 -0300] "GET /cormun/servlet/ainasistenciaprn?6,PU HTTP/1.1" 200 1605
186.103.159.182 - - [21/Dec/2016:09:57:50 -0300] "GET /cormunbeta/servlet/hlogin HTTP/1.1" 200 1747
186.103.159.182 - - [21/Dec/2016:09:58:10 -0300] "POST /cormunbeta/servlet/hlogin?7a084331f1c52724beff899341841069,gx-no-cache=1482325165486 HTTP/1.1" 200 90
186.103.159.182 - - [21/Dec/2016:09:58:10 -0300] "GET /cormunbeta/servlet/hpexe_link HTTP/1.1" 200 960
186.103.159.182 - - [21/Dec/2016:09:58:10 -0300] "GET /cormunbeta/servlet/hhome HTTP/1.1" 200 3686
186.103.159.182 - - [21/Dec/2016:09:58:12 -0300] "GET /cormunbeta/servlet/hhome HTTP/1.1" 200 3683
186.103.159.182 - - [21/Dec/2016:09:58:14 -0300] "GET /cormunbeta/servlet/trvisualizadoreventos? HTTP/1.1" 200 6430
186.103.159.182 - - [21/Dec/2016:09:58:16 -0300] "GET /cormunbeta/servlet/trvisualizadoreventos? HTTP/1.1" 200 6429
186.103.159.182 - - [21/Dec/2016:09:58:27 -0300] "POST /cormunbeta/servlet/trvisualizadoreventos?7a084331f1c52724beff899341841069,,gx-no-cache=1482325182541 HTTP/1.1" 200 3735
186.103.159.182 - - [21/Dec/2016:09:58:30 -0300] "POST /cormunbeta/servlet/trvisualizadoreventos?7a084331f1c52724beff899341841069,,gx-no-cache=1482325185632 HTTP/1.1" 200 3737
186.103.159.182 - - [21/Dec/2016:09:58:33 -0300] "POST /cormunbeta/servlet/trvisualizadoreventos?7a084331f1c52724beff899341841069,,gx-no-cache=1482325189149 HTTP/1.1" 200 3738
186.103.159.182 - - [21/Dec/2016:09:58:39 -0300] "POST /cormunbeta/servlet/trvisualizadoreventos?7a084331f1c52724beff899341841069,,gx-no-cache=1482325195204 HTTP/1.1" 200 3739
186.103.159.182 - - [21/Dec/2016:09:58:44 -0300] "GET /cormunbeta/servlet/hlogin HTTP/1.1" 200 1747
186.103.159.182 - - [21/Dec/2016:09:58:54 -0300] "POST /cormunbeta/servlet/hlogin?7a084331f1c52724beff899341841069,gx-no-cache=1482325209542 HTTP/1.1" 200 90
186.103.159.182 - - [21/Dec/2016:09:58:54 -0300] "GET /cormunbeta/servlet/hpexe_link HTTP/1.1" 200 960
186.103.159.182 - - [21/Dec/2016:09:58:54 -0300] "GET /cormunbeta/servlet/hhome HTTP/1.1" 200 3927
186.103.159.182 - - [21/Dec/2016:09:58:56 -0300] "GET /cormunbeta/servlet/hhome HTTP/1.1" 200 3924
186.103.159.182 - - [21/Dec/2016:09:59:00 -0300] "GET /cormunbeta/servlet/trvisualizadoreventos? HTTP/1.1" 200 6669
186.103.159.182 - - [21/Dec/2016:09:59:02 -0300] "GET /cormunbeta/servlet/trvisualizadoreventos? HTTP/1.1" 200 6668
186.103.159.182 - - [21/Dec/2016:09:59:12 -0300] "POST /cormunbeta/servlet/trvisualizadoreventos?7a084331f1c52724beff899341841069,,gx-no-cache=1482325228321 HTTP/1.1" 200 3942
186.103.159.182 - - [21/Dec/2016:09:59:17 -0300] "POST /cormunbeta/servlet/trvisualizadoreventos?7a084331f1c52724beff899341841069,,gx-no-cache=1482325232342 HTTP/1.1" 200 3943
186.103.159.182 - - [21/Dec/2016:09:59:20 -0300] "POST /cormunbeta/servlet/trvisualizadoreventos?7a084331f1c52724beff899341841069,,gx-no-cache=1482325235470 HTTP/1.1" 200 3944
66.249.83.2 - - [21/Dec/2016:09:59:22 -0300] "GET /cormun/servlet/hlogin HTTP/1.1" 200 1718
66.249.83.7 - - [21/Dec/2016:09:59:22 -0300] "GET /cormun/servlet/hlogin?_escaped_fragment_= HTTP/1.1" 200 1714
66.249.83.7 - - [21/Dec/2016:09:59:23 -0300] "GET /favicon.ico HTTP/1.1" 200 21630
186.103.159.182 - - [21/Dec/2016:09:59:24 -0300] "POST /cormunbeta/servlet/trvisualizadoreventos?7a084331f1c52724beff899341841069,,gx-no-cache=1482325240204 HTTP/1.1" 200 3944
186.103.159.182 - - [21/Dec/2016:09:59:34 -0300] "POST /cormunbeta/servlet/trvisualizadoreventos?7a084331f1c52724beff899341841069,,gx-no-cache=1482325249522 HTTP/1.1" 200 3948
186.103.159.182 - - [21/Dec/2016:09:59:41 -0300] "POST /cormunbeta/servlet/trvisualizadoreventos?7a084331f1c52724beff899341841069,,gx-no-cache=1482325256612 HTTP/1.1" 200 3948
186.103.159.182 - - [21/Dec/2016:09:59:45 -0300] "POST /cormunbeta/servlet/trvisualizadoreventos?7a084331f1c52724beff899341841069,,gx-no-cache=1482325260510 HTTP/1.1" 200 3948
186.103.159.182 - - [21/Dec/2016:09:59:48 -0300] "POST /cormunbeta/servlet/trvisualizadoreventos?7a084331f1c52724beff899341841069,,gx-no-cache=1482325263524 HTTP/1.1" 200 3949
186.103.157.98 - - [21/Dec/2016:09:59:49 -0300] "GET /cormun/servlet/hpexe_return? HTTP/1.1" 200 987
186.103.157.98 - - [21/Dec/2016:09:59:49 -0300] "GET /cormun/servlet/trlicencias HTTP/1.1" 200 6737
186.103.157.98 - - [21/Dec/2016:09:59:50 -0300] "GET /cormun/servlet/trlicencias HTTP/1.1" 200 6733
186.103.157.98 - - [21/Dec/2016:10:00:06 -0300] "GET /cormun/servlet/trvisualizadoreventos? HTTP/1.1" 200 6634
186.103.157.98 - - [21/Dec/2016:10:00:06 -0300] "GET /cormun/static/gxcfg.js?2016101716203350 HTTP/1.1" 200 953
186.103.157.98 - - [21/Dec/2016:10:00:06 -0300] "GET /cormun/static/trvisualizadoreventos.js?2016101716203614 HTTP/1.1" 200 19309
186.103.157.98 - - [21/Dec/2016:10:00:06 -0300] "GET /cormun/static/Resources/PXToolsActionPrint.png HTTP/1.1" 200 3317
186.103.157.98 - - [21/Dec/2016:10:00:06 -0300] "GET /cormun/servlet/trvisualizadoreventos? HTTP/1.1" 200 6634
186.103.159.182 - - [21/Dec/2016:10:00:06 -0300] "POST /cormunbeta/servlet/trvisualizadoreventos?7a084331f1c52724beff899341841069,,gx-no-cache=1482325282358 HTTP/1.1" 200 3950
186.103.159.182 - - [21/Dec/2016:10:00:10 -0300] "POST /cormunbeta/servlet/trvisualizadoreventos?7a084331f1c52724beff899341841069,,gx-no-cache=1482325285734 HTTP/1.1" 200 3948
186.103.157.98 - - [21/Dec/2016:10:00:16 -0300] "GET /cormun/servlet/trpermisosgoce? HTTP/1.1" 200 8597
192.168.10.17 - - [21/Dec/2016:10:00:16 -0300] "GET /cormun/servlet/hlogin HTTP/1.1" 200 1715
186.103.157.98 - - [21/Dec/2016:10:00:16 -0300] "GET /cormun/servlet/trpermisosgoce? HTTP/1.1" 200 8596
186.103.157.98 - - [21/Dec/2016:10:00:27 -0300] "GET /cormun/servlet/apermisogoceprn?17503191,P,20161221,PU HTTP/1.1" 200 1617
192.168.10.17 - - [21/Dec/2016:10:00:29 -0300] "POST /cormun/servlet/hlogin?4c31c425ce497a858087cf8bdaad6aed,gx-no-cache=1482328958962 HTTP/1.1" 200 423
192.168.10.17 - - [21/Dec/2016:10:00:32 -0300] "POST /cormun/servlet/hlogin?4c31c425ce497a858087cf8bdaad6aed,gx-no-cache=1482328962503 HTTP/1.1" 200 423
186.103.159.182 - - [21/Dec/2016:10:00:36 -0300] "POST /cormunbeta/servlet/trvisualizadoreventos?7a084331f1c52724beff899341841069,,gx-no-cache=1482325311182 HTTP/1.1" 200 3946
192.168.10.17 - - [21/Dec/2016:10:00:40 -0300] "POST /cormun/servlet/hlogin?4c31c425ce497a858087cf8bdaad6aed,gx-no-cache=1482328970087 HTTP/1.1" 200 423
186.103.159.182 - - [21/Dec/2016:10:00:44 -0300] "GET /cormunbeta/servlet/trvisualizadoreventos? HTTP/1.1" 200 6673
192.168.10.17 - - [21/Dec/2016:10:00:44 -0300] "POST /cormun/servlet/hlogin?4c31c425ce497a858087cf8bdaad6aed,gx-no-cache=1482328974287 HTTP/1.1" 200 423
186.103.159.182 - - [21/Dec/2016:10:00:46 -0300] "GET /cormunbeta/servlet/trvisualizadoreventos? HTTP/1.1" 200 6673
186.103.159.182 - - [21/Dec/2016:10:00:57 -0300] "GET /cormunbeta/servlet/trvisualizadoreventos? HTTP/1.1" 200 6673
186.103.159.182 - - [21/Dec/2016:10:00:58 -0300] "GET /cormunbeta/servlet/trvisualizadoreventos? HTTP/1.1" 200 6673
192.168.10.17 - - [21/Dec/2016:10:01:02 -0300] "POST /cormun/servlet/hlogin?4c31c425ce497a858087cf8bdaad6aed,gx-no-cache=1482328992318 HTTP/1.1" 200 423
192.168.10.17 - - [21/Dec/2016:10:01:06 -0300] "POST /cormun/servlet/hlogin?4c31c425ce497a858087cf8bdaad6aed,gx-no-cache=1482328996094 HTTP/1.1" 200 423
186.103.159.182 - - [21/Dec/2016:10:01:11 -0300] "POST /cormunbeta/servlet/trvisualizadoreventos?7a084331f1c52724beff899341841069,,gx-no-cache=1482325346437 HTTP/1.1" 200 3950
192.168.10.17 - - [21/Dec/2016:10:01:12 -0300] "POST /cormun/servlet/hlogin?4c31c425ce497a858087cf8bdaad6aed,gx-no-cache=1482329002598 HTTP/1.1" 200 423
192.168.10.17 - - [21/Dec/2016:10:01:18 -0300] "POST /cormun/servlet/hlogin?4c31c425ce497a858087cf8bdaad6aed,gx-no-cache=1482329007790 HTTP/1.1" 200 423
186.103.159.182 - - [21/Dec/2016:10:01:20 -0300] "POST /cormunbeta/servlet/trvisualizadoreventos?7a084331f1c52724beff899341841069,,gx-no-cache=1482325355426 HTTP/1.1" 200 3948
186.103.159.182 - - [21/Dec/2016:10:01:30 -0300] "POST /cormunbeta/servlet/trvisualizadoreventos?7a084331f1c52724beff899341841069,,gx-no-cache=1482325365771 HTTP/1.1" 200 3946
186.103.159.182 - - [21/Dec/2016:10:01:34 -0300] "POST /cormunbeta/servlet/trvisualizadoreventos?7a084331f1c52724beff899341841069,,gx-no-cache=1482325369537 HTTP/1.1" 200 3946
186.103.159.182 - - [21/Dec/2016:10:01:38 -0300] "POST /cormunbeta/servlet/trvisualizadoreventos?7a084331f1c52724beff899341841069,,gx-no-cache=1482325373647 HTTP/1.1" 200 3948
192.168.10.17 - - [21/Dec/2016:10:01:41 -0300] "POST /cormun/servlet/hlogin?4c31c425ce497a858087cf8bdaad6aed,gx-no-cache=1482329031182 HTTP/1.1" 200 423
186.103.159.182 - - [21/Dec/2016:10:01:43 -0300] "POST /cormunbeta/servlet/trvisualizadoreventos?7a084331f1c52724beff899341841069,,gx-no-cache=1482325378376 HTTP/1.1" 200 3947
186.103.159.182 - - [21/Dec/2016:10:01:46 -0300] "POST /cormunbeta/servlet/trvisualizadoreventos?7a084331f1c52724beff899341841069,,gx-no-cache=1482325381677 HTTP/1.1" 200 3946
186.103.159.182 - - [21/Dec/2016:10:01:52 -0300] "POST /cormunbeta/servlet/trvisualizadoreventos?7a084331f1c52724beff899341841069,,gx-no-cache=1482325387275 HTTP/1.1" 200 3945
200.73.230.173 - - [21/Dec/2016:10:01:56 -0300] "GET /cormun/servlet/hhome HTTP/1.1" 200 3708
186.103.159.182 - - [21/Dec/2016:10:01:57 -0300] "POST /cormunbeta/servlet/trvisualizadoreventos?7a084331f1c52724beff899341841069,,gx-no-cache=1482325393138 HTTP/1.1" 200 3944
200.73.230.173 - - [21/Dec/2016:10:01:57 -0300] "GET /cormun/servlet/hhome HTTP/1.1" 200 3705
186.103.159.182 - - [21/Dec/2016:10:02:01 -0300] "POST /cormunbeta/servlet/trvisualizadoreventos?7a084331f1c52724beff899341841069,,gx-no-cache=1482325397255 HTTP/1.1" 200 3946
200.73.230.173 - - [21/Dec/2016:10:02:04 -0300] "GET /cormun/servlet/hhome HTTP/1.1" 200 3696
200.73.230.173 - - [21/Dec/2016:10:02:05 -0300] "GET /cormun/servlet/hhome HTTP/1.1" 200 3705
186.103.159.182 - - [21/Dec/2016:10:02:05 -0300] "POST /cormunbeta/servlet/trvisualizadoreventos?7a084331f1c52724beff899341841069,,gx-no-cache=1482325401104 HTTP/1.1" 200 3946
192.168.10.17 - - [21/Dec/2016:10:02:10 -0300] "POST /cormun/servlet/hlogin?4c31c425ce497a858087cf8bdaad6aed,gx-no-cache=1482329060317 HTTP/1.1" 200 423
200.73.230.173 - - [21/Dec/2016:10:02:14 -0300] "GET /cormun/servlet/hlogin HTTP/1.1" 200 1725
192.168.10.17 - - [21/Dec/2016:10:02:16 -0300] "POST /cormun/servlet/hlogin?4c31c425ce497a858087cf8bdaad6aed,gx-no-cache=1482329066645 HTTP/1.1" 200 423
186.103.159.182 - - [21/Dec/2016:10:02:18 -0300] "POST /cormunbeta/servlet/trvisualizadoreventos?7a084331f1c52724beff899341841069,,gx-no-cache=1482325414055 HTTP/1.1" 200 3948
186.103.159.182 - - [21/Dec/2016:10:02:21 -0300] "POST /cormunbeta/servlet/trvisualizadoreventos?7a084331f1c52724beff899341841069,,gx-no-cache=1482325417216 HTTP/1.1" 200 3949
186.103.159.182 - - [21/Dec/2016:10:02:25 -0300] "POST /cormunbeta/servlet/trvisualizadoreventos?7a084331f1c52724beff899341841069,,gx-no-cache=1482325421043 HTTP/1.1" 200 3949
186.103.159.182 - - [21/Dec/2016:10:02:29 -0300] "POST /cormunbeta/servlet/trvisualizadoreventos?7a084331f1c52724beff899341841069,,gx-no-cache=1482325424225 HTTP/1.1" 200 3948
192.168.10.17 - - [21/Dec/2016:10:02:33 -0300] "POST /cormun/servlet/hlogin?4c31c425ce497a858087cf8bdaad6aed,gx-no-cache=1482329083749 HTTP/1.1" 200 423
200.73.230.173 - - [21/Dec/2016:10:02:39 -0300] "POST /cormun/servlet/hlogin?0d998989cbe9c117e68e251c4ad4e612,gx-no-cache=1482326008928 HTTP/1.1" 200 440
192.168.10.17 - - [21/Dec/2016:10:02:56 -0300] "GET /cormun/servlet/hlogin HTTP/1.1" 200 1715
186.103.159.182 - - [21/Dec/2016:10:03:11 -0300] "POST /cormunbeta/servlet/trvisualizadoreventos?7a084331f1c52724beff899341841069,,gx-no-cache=1482325466931 HTTP/1.1" 200 3944
192.168.10.17 - - [21/Dec/2016:10:03:16 -0300] "POST /cormun/servlet/hlogin?4c31c425ce497a858087cf8bdaad6aed,gx-no-cache=1482329126547 HTTP/1.1" 200 423
192.168.10.17 - - [21/Dec/2016:10:03:31 -0300] "POST /cormun/servlet/hlogin?4c31c425ce497a858087cf8bdaad6aed,gx-no-cache=1482329140894 HTTP/1.1" 200 423
192.168.10.17 - - [21/Dec/2016:10:03:38 -0300] "POST /cormun/servlet/hlogin?4c31c425ce497a858087cf8bdaad6aed,gx-no-cache=1482329147822 HTTP/1.1" 200 423
186.103.159.182 - - [21/Dec/2016:10:03:42 -0300] "POST /cormunbeta/servlet/trvisualizadoreventos?7a084331f1c52724beff899341841069,,gx-no-cache=1482325497934 HTTP/1.1" 200 3955
186.103.159.182 - - [21/Dec/2016:10:03:45 -0300] "POST /cormunbeta/servlet/trvisualizadoreventos?7a084331f1c52724beff899341841069,,gx-no-cache=1482325501059 HTTP/1.1" 200 3956
186.103.159.182 - - [21/Dec/2016:10:03:49 -0300] "POST /cormunbeta/servlet/trvisualizadoreventos?7a084331f1c52724beff899341841069,,gx-no-cache=1482325504209 HTTP/1.1" 200 3957
186.103.159.182 - - [21/Dec/2016:10:03:53 -0300] "POST /cormunbeta/servlet/trvisualizadoreventos?7a084331f1c52724beff899341841069,,gx-no-cache=1482325508425 HTTP/1.1" 200 3957
186.103.159.182 - - [21/Dec/2016:10:03:58 -0300] "POST /cormunbeta/servlet/trvisualizadoreventos?7a084331f1c52724beff899341841069,,gx-no-cache=1482325513776 HTTP/1.1" 200 3958
192.168.10.17 - - [21/Dec/2016:10:03:59 -0300] "POST /cormun/servlet/hlogin?4c31c425ce497a858087cf8bdaad6aed,gx-no-cache=1482329168813 HTTP/1.1" 200 423
186.103.159.182 - - [21/Dec/2016:10:04:02 -0300] "POST /cormunbeta/servlet/trvisualizadoreventos?7a084331f1c52724beff899341841069,,gx-no-cache=1482325517889 HTTP/1.1" 200 3956
186.103.159.182 - - [21/Dec/2016:10:04:13 -0300] "POST /cormunbeta/servlet/trvisualizadoreventos?7a084331f1c52724beff899341841069,,gx-no-cache=1482325528864 HTTP/1.1" 200 3955
192.168.10.17 - - [21/Dec/2016:10:04:14 -0300] "POST /cormun/servlet/hlogin?4c31c425ce497a858087cf8bdaad6aed,gx-no-cache=1482329184533 HTTP/1.1" 200 423
186.103.159.182 - - [21/Dec/2016:10:04:45 -0300] "POST /cormunbeta/servlet/trvisualizadoreventos?7a084331f1c52724beff899341841069,,gx-no-cache=1482325560352 HTTP/1.1" 200 3955
186.103.159.182 - - [21/Dec/2016:10:04:48 -0300] "POST /cormunbeta/servlet/trvisualizadoreventos?7a084331f1c52724beff899341841069,,gx-no-cache=1482325563769 HTTP/1.1" 200 3956
186.103.159.182 - - [21/Dec/2016:10:04:50 -0300] "POST /cormunbeta/servlet/trvisualizadoreventos?7a084331f1c52724beff899341841069,,gx-no-cache=1482325566106 HTTP/1.1" 200 3956
186.103.159.182 - - [21/Dec/2016:10:04:56 -0300] "POST /cormunbeta/servlet/trvisualizadoreventos?7a084331f1c52724beff899341841069,,gx-no-cache=1482325571836 HTTP/1.1" 200 3959
186.103.159.182 - - [21/Dec/2016:10:04:59 -0300] "POST /cormunbeta/servlet/trvisualizadoreventos?7a084331f1c52724beff899341841069,,gx-no-cache=1482325574875 HTTP/1.1" 200 3958
192.168.10.17 - - [21/Dec/2016:10:05:21 -0300] "POST /cormun/servlet/hlogin?4c31c425ce497a858087cf8bdaad6aed,gx-no-cache=1482329250940 HTTP/1.1" 200 90
192.168.10.17 - - [21/Dec/2016:10:05:21 -0300] "GET /cormun/servlet/hpexe_link HTTP/1.1" 200 949
192.168.10.17 - - [21/Dec/2016:10:05:21 -0300] "GET /cormun/servlet/hhome HTTP/1.1" 200 4319
192.168.10.17 - - [21/Dec/2016:10:05:28 -0300] "GET /cormun/servlet/hlogin HTTP/1.1" 200 1727
192.168.10.17 - - [21/Dec/2016:10:05:42 -0300] "POST /cormun/servlet/hlogin?4c31c425ce497a858087cf8bdaad6aed,gx-no-cache=1482329271855 HTTP/1.1" 200 439
186.103.157.98 - - [21/Dec/2016:10:06:38 -0300] "GET /cormun/servlet/permisogoce?INS,0,,, HTTP/1.1" 200 6626
186.103.157.98 - - [21/Dec/2016:10:06:38 -0300] "GET /cormun/servlet/permisogoce?INS,0,,, HTTP/1.1" 200 6627
186.103.157.98 - - [21/Dec/2016:10:06:53 -0300] "GET /cormun/servlet/permisogoce?1db89393fd63ad441228af79f57139e4ed44bf9ff3e7f87bcbc3af19afd5dd37ef3904b0bd177716b93fb3f52bff4667,gx-no-cache=1482325692329 HTTP/1.1" 200 73
186.103.157.98 - - [21/Dec/2016:10:06:53 -0300] "GET /cormun/static/menuarrow.gif HTTP/1.1" 404 1015
186.103.157.98 - - [21/Dec/2016:10:07:05 -0300] "GET /cormun/servlet/permisogoce?1db89393fd63ad441228af79f57139e473dab5c17710fd4c5c94122ac682c07f54035d58238b6a5fae38a62635859c9b5a0701efbc7fa163a768e41fcd1ec5c9,gx-no-cache=1482325704443 HTTP/1.1" 200 46
186.103.157.98 - - [21/Dec/2016:10:07:10 -0300] "POST /cormun/servlet/permisogoce?70bbf6831a5f28d410aac58a0b466580,INS,0,,,,gx-no-cache=1482325708710 HTTP/1.1" 200 93
186.103.157.98 - - [21/Dec/2016:10:07:10 -0300] "GET /cormun/servlet/hpexe_return? HTTP/1.1" 200 1008
186.103.157.98 - - [21/Dec/2016:10:07:10 -0300] "GET /cormun/servlet/trpermisosgoce HTTP/1.1" 200 8771
186.103.157.98 - - [21/Dec/2016:10:07:11 -0300] "GET /cormun/servlet/trpermisosgoce HTTP/1.1" 200 8768
200.73.230.173 - - [21/Dec/2016:10:07:14 -0300] "GET /cormun/servlet/hlogin HTTP/1.1" 200 1716
186.103.157.98 - - [21/Dec/2016:10:07:16 -0300] "GET /cormun/servlet/apermisogoceprn?16734011,P,20161221,PU HTTP/1.1" 200 1638
192.168.10.17 - - [21/Dec/2016:10:07:49 -0300] "POST /cormun/servlet/hlogin?4c31c425ce497a858087cf8bdaad6aed,gx-no-cache=1482329399000 HTTP/1.1" 200 440
192.168.10.17 - - [21/Dec/2016:10:07:53 -0300] "POST /cormun/servlet/hlogin?4c31c425ce497a858087cf8bdaad6aed,gx-no-cache=1482329403007 HTTP/1.1" 200 440
200.73.230.173 - - [21/Dec/2016:10:08:06 -0300] "POST /cormun/servlet/hlogin?0d998989cbe9c117e68e251c4ad4e612,gx-no-cache=1482326335809 HTTP/1.1" 200 422
192.168.10.17 - - [21/Dec/2016:10:08:28 -0300] "POST /cormun/servlet/hlogin?4c31c425ce497a858087cf8bdaad6aed,gx-no-cache=1482329437895 HTTP/1.1" 200 439
186.103.132.155 - - [21/Dec/2016:10:09:25 -0300] "GET /cormun/servlet/hlogin HTTP/1.1" 200 1720
186.103.132.155 - - [21/Dec/2016:10:09:25 -0300] "GET /cormun/static/gxcfg.js?201612216162538 HTTP/1.1" 304 -
186.103.132.155 - - [21/Dec/2016:10:09:26 -0300] "GET /cormun/static/messages.spa.js?85251 HTTP/1.1" 304 -
186.103.132.155 - - [21/Dec/2016:10:09:55 -0300] "POST /cormun/servlet/hlogin?792d3c5957c0a0d7ffc1d10643a77708,gx-no-cache=1482322271061 HTTP/1.1" 200 90
186.103.132.155 - - [21/Dec/2016:10:09:55 -0300] "GET /cormun/servlet/hpexe_link HTTP/1.1" 200 952
186.103.132.155 - - [21/Dec/2016:10:09:55 -0300] "GET /cormun/static/gxcfg.js?201612218515529 HTTP/1.1" 304 -
186.103.132.155 - - [21/Dec/2016:10:09:56 -0300] "GET /cormun/servlet/hhome HTTP/1.1" 200 3747
186.103.132.155 - - [21/Dec/2016:10:09:56 -0300] "GET /cormun/static/gxcfg.js?201612218515568 HTTP/1.1" 304 -
186.103.132.155 - - [21/Dec/2016:10:09:56 -0300] "GET /cormun/servlet/hhome HTTP/1.1" 200 3744
186.103.132.155 - - [21/Dec/2016:10:09:59 -0300] "GET /cormun/servlet/trpermisosgoce? HTTP/1.1" 200 7321
186.103.132.155 - - [21/Dec/2016:10:09:59 -0300] "GET /cormun/static/gxcfg.js?201612218553833 HTTP/1.1" 304 -
186.103.132.155 - - [21/Dec/2016:10:10:00 -0300] "GET /cormun/servlet/trpermisosgoce? HTTP/1.1" 200 7320
186.103.159.182 - - [21/Dec/2016:10:10:02 -0300] "GET /cormunbeta/servlet/hlogin HTTP/1.1" 200 1747
186.103.132.155 - - [21/Dec/2016:10:10:04 -0300] "GET /cormun/servlet/trpermisosadjuntos?15807649,20161220,P, HTTP/1.1" 200 6046
186.103.132.155 - - [21/Dec/2016:10:10:04 -0300] "GET /cormun/static/gxcfg.js?201612218554970 HTTP/1.1" 304 -
186.103.132.155 - - [21/Dec/2016:10:10:04 -0300] "GET /cormun/servlet/trpermisosadjuntos?15807649,20161220,P, HTTP/1.1" 200 6047
186.103.132.155 - - [21/Dec/2016:10:10:07 -0300] "GET /cormun/servlet/permisosadjuntos?INS,15807649,P,20161220,, HTTP/1.1" 200 5369
186.103.132.155 - - [21/Dec/2016:10:10:07 -0300] "GET /cormun/static/gxcfg.js?2016101716152929 HTTP/1.1" 304 -
186.103.132.155 - - [21/Dec/2016:10:10:07 -0300] "GET /cormun/static/about:blank HTTP/1.1" 404 1011
186.103.132.155 - - [21/Dec/2016:10:10:07 -0300] "GET /cormun/servlet/permisosadjuntos?INS,15807649,P,20161220,, HTTP/1.1" 200 5359
186.103.159.182 - - [21/Dec/2016:10:10:08 -0300] "POST /cormunbeta/servlet/hlogin?7a084331f1c52724beff899341841069,gx-no-cache=1482325883791 HTTP/1.1" 200 459
186.79.225.51 - - [21/Dec/2016:10:10:09 -0300] "GET /cormun/servlet/hlogin HTTP/1.1" 200 1725
186.79.225.51 - - [21/Dec/2016:10:10:09 -0300] "GET /cormun/static/gxtimezone.js?85251 HTTP/1.1" 200 5781
186.79.225.51 - - [21/Dec/2016:10:10:09 -0300] "GET /cormun/static/gxcfg.js?201612216162538 HTTP/1.1" 200 953
186.79.225.51 - - [21/Dec/2016:10:10:09 -0300] "GET /cormun/static/Resources/Spanish/PXTools.css?167811 HTTP/1.1" 200 89042
186.103.159.182 - - [21/Dec/2016:10:10:09 -0300] "POST /cormunbeta/servlet/hlogin?7a084331f1c52724beff899341841069,gx-no-cache=1482325884980 HTTP/1.1" 200 457
186.79.225.51 - - [21/Dec/2016:10:10:09 -0300] "GET /cormun/static/messages.spa.js?85251 HTTP/1.1" 200 30736
186.79.225.51 - - [21/Dec/2016:10:10:09 -0300] "GET /cormun/static/hlogin.js?201612216162555 HTTP/1.1" 200 2136
186.79.225.51 - - [21/Dec/2016:10:10:09 -0300] "GET /cormun/static/Resources/ComunLogin.png HTTP/1.1" 200 17326
186.79.225.51 - - [21/Dec/2016:10:10:09 -0300] "GET /cormun/static/gxgral.js?85251 HTTP/1.1" 200 384558
186.79.225.51 - - [21/Dec/2016:10:10:10 -0300] "GET /cormun/static/Resources/PXToolsLoginTop.png HTTP/1.1" 200 1337
186.79.225.51 - - [21/Dec/2016:10:10:10 -0300] "GET /cormun/static/Resources/PXToolsLoginBackground.png HTTP/1.1" 200 1164
