200.83.57.219 - - [20/Dec/2016:17:07:16 -0300] "POST /cormun/servlet/licenciaspermisos?ae81ac5cd8a21ef15a26a4b8cea65fda,INS,0,,,,gx-no-cache=1482264514460 HTTP/1.1" 200 4700
200.83.57.219 - - [20/Dec/2016:17:07:16 -0300] "GET /cormun/static/Shared/jqueryui/images/ui-bg_highlight-soft_100_c6c2c8_1x100.png HTTP/1.1" 404 1117
200.83.57.219 - - [20/Dec/2016:17:07:16 -0300] "GET /cormun/static/Shared/jqueryui/images/ui-bg_flat_55_994d53_40x100.png HTTP/1.1" 404 1097
200.83.57.219 - - [20/Dec/2016:17:07:16 -0300] "GET /cormun/static/Shared/jqueryui/images/ui-icons_82798d_256x240.png HTTP/1.1" 404 1089
200.83.57.219 - - [20/Dec/2016:17:07:16 -0300] "GET /cormun/static/Shared/jqueryui/images/ui-icons_ebccce_256x240.png HTTP/1.1" 404 1089
192.168.10.89 - - [20/Dec/2016:17:07:17 -0300] "GET /cormunbeta/servlet/hlogin HTTP/1.1" 200 1722
200.83.57.219 - - [20/Dec/2016:17:07:18 -0300] "GET /cormun/servlet/licenciaspermisos?7c651a46cb7cf6756d9022102cb3befbb57df84f79ea3e7cfaee7f702cbee0d52b985a6137cac388d003fb3028d086e757e33a9a0f0f93a273ffd9c820c6dde8e50fda3fb5e8113379ef7f6b9908a8da,gx-no-cache=1482264516293 HTTP/1.1" 200 67
200.83.57.219 - - [20/Dec/2016:17:07:18 -0300] "POST /cormun/servlet/licenciaspermisos?ae81ac5cd8a21ef15a26a4b8cea65fda,INS,0,,,,gx-no-cache=1482264516388 HTTP/1.1" 200 4518
186.79.67.219 - - [20/Dec/2016:17:07:26 -0300] "GET /cormun/servlet/licenciaspermisos?c91de79725aed3a31c31215bb6fb50a2576e5a7cbdc91756c94b5aea18e0a41eabd6645ee3f1ca6263da6b3645e8cfc708bddf2793b30377babddd97eb471e0df37c0b3952d2d603b93f1ec8773953c3546a7a0220b7e882d4814608c9b77b29a17b1f5543b89748ff67be71ca2a59a1f98db777c90780d63139a19fec5c79cd715e6b4509a043650d05e3135eb366485cd09d972fd9c817899dfdf09c603afcc645f162966906886f10480bc863c8068a8216af0a0f874548b41b4d768b6da89d4a003838a4fb5f40ada0feb57c8f720f0c35c2aa9ced4f378a27c9df1b3492,gx-no-cache=1482264524589 HTTP/1.1" 200 30
186.79.67.219 - - [20/Dec/2016:17:07:27 -0300] "GET /cormun/servlet/licenciaspermisos?c91de79725aed3a31c31215bb6fb50a2fac9a14ebdbd4dd45789be134c13eac0ee02e8a8c0aaea1bede4299b080a5d16a6bd184d1dcc0867cbf4a2ecca1e3c0126c827595abbf56017a6b735155865d0d046edfb500f2779f9351b4c687fc93664f15e525adedaa97632ef6ba9402e1a3b1c9afbb928c3b102e17e3b864b855b3a94f0bf8fb2e8e163cea5045d167cc9b628fa6ae195a480fed97972daa8b8d8c674da51d7f01e2e53dbcb7548c1d11c1eb5119e6f5a6430a11efecfbf22b1ddbd381b46843518a5f08dc8d392e356c60993498a87242c5f9ee3b8b9d9b57727,gx-no-cache=1482264524964 HTTP/1.1" 200 29
186.79.67.219 - - [20/Dec/2016:17:07:27 -0300] "POST /cormun/servlet/licenciaspermisos?464b66c45ce23b9fc487f263149d5312,INS,0,,,,gx-no-cache=1482264525090 HTTP/1.1" 200 4669
186.79.67.219 - - [20/Dec/2016:17:07:27 -0300] "GET /cormun/static/Shared/jqueryui/images/ui-bg_highlight-soft_100_c6c2c8_1x100.png HTTP/1.1" 404 1117
186.79.67.219 - - [20/Dec/2016:17:07:27 -0300] "GET /cormun/static/Shared/jqueryui/images/ui-icons_82798d_256x240.png HTTP/1.1" 404 1089
186.79.67.219 - - [20/Dec/2016:17:07:27 -0300] "GET /cormun/static/Shared/jqueryui/images/ui-bg_flat_55_994d53_40x100.png HTTP/1.1" 404 1097
186.79.67.219 - - [20/Dec/2016:17:07:27 -0300] "GET /cormun/static/Shared/jqueryui/images/ui-icons_ebccce_256x240.png HTTP/1.1" 404 1089
192.168.10.89 - - [20/Dec/2016:17:07:29 -0300] "POST /cormunbeta/servlet/hlogin?35108903692c6cdbee86059efffd2f90,gx-no-cache=1482267762836 HTTP/1.1" 200 90
192.168.10.89 - - [20/Dec/2016:17:07:29 -0300] "GET /cormunbeta/servlet/hpexe_link HTTP/1.1" 200 959
192.168.10.89 - - [20/Dec/2016:17:07:29 -0300] "GET /cormunbeta/servlet/hhome HTTP/1.1" 200 4329
200.83.57.219 - - [20/Dec/2016:17:07:37 -0300] "GET /cormun/static/menuarrow.gif HTTP/1.1" 404 1015
192.168.10.89 - - [20/Dec/2016:17:07:38 -0300] "GET /cormunbeta/servlet/trpermisosingocecormun? HTTP/1.1" 200 8601
192.168.10.89 - - [20/Dec/2016:17:07:42 -0300] "POST /cormunbeta/servlet/trpermisosingocecormun?35108903692c6cdbee86059efffd2f90,,gx-no-cache=1482267776236 HTTP/1.1" 200 6309
192.168.10.89 - - [20/Dec/2016:17:07:54 -0300] "GET /cormunbeta/servlet/trpermisosingoceadjunto?24,15807091, HTTP/1.1" 200 6788
192.168.10.89 - - [20/Dec/2016:17:07:54 -0300] "GET /cormunbeta/PublicTempStorage/cortes1662248.pdf HTTP/1.1" 200 255492
192.168.10.89 - - [20/Dec/2016:17:08:06 -0300] "GET /cormunbeta/servlet/trpermisosingoceadjunto?24,15807091, HTTP/1.1" 200 6788
192.168.10.89 - - [20/Dec/2016:17:08:06 -0300] "GET /cormunbeta/PublicTempStorage/cortes5291842.pdf HTTP/1.1" 200 255492
192.168.10.89 - - [20/Dec/2016:17:08:26 -0300] "POST /cormunbeta/servlet/trpermisosingoceadjunto?35108903692c6cdbee86059efffd2f90,24,15807091,,gx-no-cache=1482267820133 HTTP/1.1" 200 90
192.168.10.89 - - [20/Dec/2016:17:08:26 -0300] "GET /cormunbeta/servlet/hpexe_link HTTP/1.1" 200 984
192.168.10.89 - - [20/Dec/2016:17:08:27 -0300] "GET /cormunbeta/servlet/trpermisosingocecormun? HTTP/1.1" 200 9265
192.168.10.89 - - [20/Dec/2016:17:08:30 -0300] "GET /cormunbeta/servlet/trpermisosgeneralesgoce? HTTP/1.1" 200 9290
186.79.67.219 - - [20/Dec/2016:17:08:43 -0300] "GET /cormun/servlet/licenciaspermisos?c91de79725aed3a31c31215bb6fb50a2576e5a7cbdc91756c94b5aea18e0a41eabd6645ee3f1ca6263da6b3645e8cfc708bddf2793b30377babddd97eb471e0df37c0b3952d2d603b93f1ec8773953c3546a7a0220b7e882d4814608c9b77b29a17b1f5543b89748ff67be71ca2a59a1f98db777c90780d63139a19fec5c79cd715e6b4509a043650d05e3135eb366485cd09d972fd9c817899dfdf09c603afcc645f162966906886f10480bc863c8068a8216af0a0f874548b41b4d768b6da89d4a003838a4fb5f40ada0feb57c8f720f0c35c2aa9ced4f378a27c9df1b3492,gx-no-cache=1482264601514 HTTP/1.1" 200 30
186.79.67.219 - - [20/Dec/2016:17:08:43 -0300] "GET /cormun/servlet/licenciaspermisos?c91de79725aed3a31c31215bb6fb50a2fac9a14ebdbd4dd45789be134c13eac0ee02e8a8c0aaea1bede4299b080a5d16a6bd184d1dcc0867cbf4a2ecca1e3c0126c827595abbf56017a6b735155865d0d046edfb500f2779f9351b4c687fc93664f15e525adedaa97632ef6ba9402e1a3b1c9afbb928c3b102e17e3b864b855b3a94f0bf8fb2e8e163cea5045d167cc9b628fa6ae195a480fed97972daa8b8d8c674da51d7f01e2e53dbcb7548c1d11c1eb5119e6f5a6430a11efecfbf22b1ddbd381b46843518a5f08dc8d392e356c60993498a87242c5f9ee3b8b9d9b57727,gx-no-cache=1482264601733 HTTP/1.1" 200 29
186.79.67.219 - - [20/Dec/2016:17:08:44 -0300] "POST /cormun/servlet/licenciaspermisos?464b66c45ce23b9fc487f263149d5312,INS,0,,,,gx-no-cache=1482264601869 HTTP/1.1" 200 93
186.79.67.219 - - [20/Dec/2016:17:08:45 -0300] "GET /cormun/servlet/hpexe_return? HTTP/1.1" 200 1019
186.79.67.219 - - [20/Dec/2016:17:08:45 -0300] "GET /cormun/static/gxcfg.js?2016101716175148 HTTP/1.1" 200 953
186.79.67.219 - - [20/Dec/2016:17:08:45 -0300] "GET /cormun/static/hpexe_return.js?2016101716175153 HTTP/1.1" 200 1633
186.79.67.219 - - [20/Dec/2016:17:08:45 -0300] "GET /cormun/servlet/trlicencias HTTP/1.1" 200 7926
186.79.67.219 - - [20/Dec/2016:17:08:47 -0300] "GET /cormun//static/Resources/PXToolsGridUpdate.png HTTP/1.1" 200 2984
186.79.67.219 - - [20/Dec/2016:17:08:47 -0300] "GET /cormun//static/Resources/PXToolsHeaderHelp.png HTTP/1.1" 200 4055
186.79.67.219 - - [20/Dec/2016:17:08:47 -0300] "GET /cormun/servlet/trlicencias HTTP/1.1" 200 7922
186.79.67.219 - - [20/Dec/2016:17:08:47 -0300] "GET /cormun//static/Resources/PXToolsHeaderFavorites.png HTTP/1.1" 200 2744
186.79.67.219 - - [20/Dec/2016:17:08:47 -0300] "GET /cormun//static/Resources/PXToolsGridDelete.png HTTP/1.1" 200 357
186.79.67.219 - - [20/Dec/2016:17:08:47 -0300] "GET /cormun//static/Resources/PXToolsGridDisplay.png HTTP/1.1" 200 362
186.79.67.219 - - [20/Dec/2016:17:08:47 -0300] "GET /cormun//static/Resources/PXTools/ActionInsert.png HTTP/1.1" 200 1482
186.79.67.219 - - [20/Dec/2016:17:08:47 -0300] "GET /cormun//static/Resources/PXToolsActionPrint.png HTTP/1.1" 200 3317
186.79.67.219 - - [20/Dec/2016:17:08:55 -0300] "GET /cormun/servlet/licenciaspermisos?INS,0,,, HTTP/1.1" 200 7261
186.79.67.219 - - [20/Dec/2016:17:08:56 -0300] "GET /cormun/servlet/licenciaspermisos?INS,0,,, HTTP/1.1" 200 7260
186.79.67.219 - - [20/Dec/2016:17:09:07 -0300] "GET /cormun/servlet/licenciaspermisos?c91de79725aed3a31c31215bb6fb50a2f2efabcf4525c071a973afb234514e611fae8a335f42e11b01cb0e9a2569567e,gx-no-cache=1482264625799 HTTP/1.1" 200 57
186.79.67.219 - - [20/Dec/2016:17:09:08 -0300] "POST /cormun/servlet/licenciaspermisos?464b66c45ce23b9fc487f263149d5312,INS,0,,,,gx-no-cache=1482264626042 HTTP/1.1" 200 4514
192.168.10.89 - - [20/Dec/2016:17:09:11 -0300] "GET /cormunbeta/servlet/hlogin HTTP/1.1" 200 1744
192.168.10.89 - - [20/Dec/2016:17:09:14 -0300] "GET /cormun/servlet/hlogin HTTP/1.1" 200 1721
192.168.10.89 - - [20/Dec/2016:17:09:20 -0300] "POST /cormun/servlet/hlogin?66291e7c0f1d58395798e5de36a1789a,gx-no-cache=1482267874137 HTTP/1.1" 200 90
192.168.10.89 - - [20/Dec/2016:17:09:20 -0300] "GET /cormun/servlet/hpexe_link HTTP/1.1" 200 957
192.168.10.89 - - [20/Dec/2016:17:09:21 -0300] "GET /cormun/servlet/hhome HTTP/1.1" 200 4328
192.168.10.89 - - [20/Dec/2016:17:09:24 -0300] "GET /cormun/servlet/trpermisosingocecormun? HTTP/1.1" 200 8594
186.79.67.219 - - [20/Dec/2016:17:09:25 -0300] "GET /cormun/static/menuarrow.gif HTTP/1.1" 404 1015
192.168.10.89 - - [20/Dec/2016:17:09:27 -0300] "POST /cormun/servlet/trpermisosingocecormun?66291e7c0f1d58395798e5de36a1789a,,gx-no-cache=1482267881148 HTTP/1.1" 200 6300
192.168.10.89 - - [20/Dec/2016:17:10:06 -0300] "GET /cormun/servlet/tratrazoscormun? HTTP/1.1" 200 9215
192.168.10.89 - - [20/Dec/2016:17:10:18 -0300] "GET /cormun/servlet/trinasistenciacormun? HTTP/1.1" 200 8582
200.83.57.219 - - [20/Dec/2016:17:11:23 -0300] "GET /cormun/servlet/licenciaspermisos?7c651a46cb7cf6756d9022102cb3befbf20307c16845098990ad14df9454adb79e55b809de010f4830fa425bbee6dc408262fd9681b17b774ae34306fb0d2ba2c99b84f62e7d60bef54890020337d076b4407021e4beae8683956e12ffb1524a6a4d70d41720373af0f0b3e39614a020a19d92cdbbdbdccd44b66ff57b01d44fd19fe39413d97f2dd1840dfdcb55f2584f14bb26a7b79388b86552857d5f64f94d8201ed413b1582c45c43e3510a8d0382c75ace79985ae0dd95cfb4b49e6648bc1f874a1e1ed01a73cc092c75a3fd5bfdbcb59d96a7ee74ca425aed8c4b8881,gx-no-cache=1482264761198 HTTP/1.1" 200 30
200.83.57.219 - - [20/Dec/2016:17:11:23 -0300] "POST /cormun/servlet/licenciaspermisos?ae81ac5cd8a21ef15a26a4b8cea65fda,INS,0,,,,gx-no-cache=1482264761673 HTTP/1.1" 200 4633
186.79.67.219 - - [20/Dec/2016:17:11:42 -0300] "GET /cormun/servlet/licenciaspermisos?c91de79725aed3a31c31215bb6fb50a2576e5a7cbdc91756c94b5aea18e0a41eabd6645ee3f1ca6263da6b3645e8cfc708bddf2793b30377babddd97eb471e0df37c0b3952d2d603b93f1ec8773953c3546a7a0220b7e882d4814608c9b77b297f126c08be20f86c1d4c9c6bae4714f1f98db777c90780d63139a19fec5c79cdcd12a1700ed19023b43446ca1e19d5776381cd198f103c40169011fce5ff55b1f7aec3f73872971b0074d0f374ac10f8,gx-no-cache=1482264780718 HTTP/1.1" 200 30
186.79.67.219 - - [20/Dec/2016:17:11:43 -0300] "GET /cormun/servlet/licenciaspermisos?c91de79725aed3a31c31215bb6fb50a2fac9a14ebdbd4dd45789be134c13eac0ee02e8a8c0aaea1bede4299b080a5d16a6bd184d1dcc0867cbf4a2ecca1e3c0126c827595abbf56017a6b735155865d0d046edfb500f2779f9351b4c687fc9360f4a21f313b65ecf8d844edf5f45f9743b1c9afbb928c3b102e17e3b864b855bb14dfa1d75844a1c867be2958bd977499123e1ba8b2cd13576cec9f9f787277361d3d9a46a4055a6988a4638abe4e327,gx-no-cache=1482264780883 HTTP/1.1" 200 29
186.79.67.219 - - [20/Dec/2016:17:11:43 -0300] "POST /cormun/servlet/licenciaspermisos?464b66c45ce23b9fc487f263149d5312,INS,0,,,,gx-no-cache=1482264780997 HTTP/1.1" 200 93
186.79.67.219 - - [20/Dec/2016:17:11:43 -0300] "GET /cormun/servlet/hpexe_return? HTTP/1.1" 200 1019
186.79.67.219 - - [20/Dec/2016:17:11:44 -0300] "GET /cormun/servlet/trlicencias HTTP/1.1" 200 8282
186.79.67.219 - - [20/Dec/2016:17:11:45 -0300] "GET /cormun/servlet/trlicencias HTTP/1.1" 200 8277
186.79.67.219 - - [20/Dec/2016:17:11:48 -0300] "GET /cormun/servlet/licenciaspermisos?INS,0,,, HTTP/1.1" 200 7261
186.79.67.219 - - [20/Dec/2016:17:11:50 -0300] "GET /cormun/servlet/licenciaspermisos?INS,0,,, HTTP/1.1" 200 7260
186.79.67.219 - - [20/Dec/2016:17:12:03 -0300] "GET /cormun/servlet/licenciaspermisos?c91de79725aed3a31c31215bb6fb50a2482dbb942336d1f34ff3c6a98f9c87ab12353df0d311953c728df21ee7ed4cb3,gx-no-cache=1482264801349 HTTP/1.1" 200 64
186.79.67.219 - - [20/Dec/2016:17:12:04 -0300] "POST /cormun/servlet/licenciaspermisos?464b66c45ce23b9fc487f263149d5312,INS,0,,,,gx-no-cache=1482264801785 HTTP/1.1" 200 4532
200.83.57.219 - - [20/Dec/2016:17:12:09 -0300] "POST /cormun/servlet/licenciaspermisos?ae81ac5cd8a21ef15a26a4b8cea65fda,INS,0,,,,gx-no-cache=1482264807185 HTTP/1.1" 200 93
200.83.57.219 - - [20/Dec/2016:17:12:09 -0300] "GET /cormun/servlet/hpexe_return? HTTP/1.1" 200 1004
200.83.57.219 - - [20/Dec/2016:17:12:09 -0300] "GET /cormun/servlet/trlicencias HTTP/1.1" 200 8050
200.83.57.219 - - [20/Dec/2016:17:12:10 -0300] "GET /cormun/servlet/trlicencias HTTP/1.1" 200 8045
186.79.67.219 - - [20/Dec/2016:17:12:18 -0300] "GET /cormun/static/menuarrow.gif HTTP/1.1" 404 1015
200.83.57.219 - - [20/Dec/2016:17:12:20 -0300] "GET /cormun/servlet/alicenciaprn?7463754,L,20161220,PU HTTP/1.1" 200 1602
186.79.67.219 - - [20/Dec/2016:17:13:41 -0300] "GET /cormun/servlet/licenciaspermisos?c91de79725aed3a31c31215bb6fb50a2576e5a7cbdc91756c94b5aea18e0a41eabd6645ee3f1ca6263da6b3645e8cfc708bddf2793b30377babddd97eb471e0df37c0b3952d2d603b93f1ec8773953c3546a7a0220b7e882d4814608c9b77b29a17b1f5543b89748ff67be71ca2a59a1f98db777c90780d63139a19fec5c79cd715e6b4509a043650d05e3135eb366485cd09d972fd9c817899dfdf09c603afcc645f162966906886f10480bc863c8068a8216af0a0f874548b41b4d768b6da89d4a003838a4fb5f40ada0feb57c8f720f0c35c2aa9ced4f378a27c9df1b3492,gx-no-cache=1482264899351 HTTP/1.1" 200 30
186.79.67.219 - - [20/Dec/2016:17:13:41 -0300] "GET /cormun/servlet/licenciaspermisos?c91de79725aed3a31c31215bb6fb50a2fac9a14ebdbd4dd45789be134c13eac0ee02e8a8c0aaea1bede4299b080a5d16a6bd184d1dcc0867cbf4a2ecca1e3c0126c827595abbf56017a6b735155865d0d046edfb500f2779f9351b4c687fc93664f15e525adedaa97632ef6ba9402e1a3b1c9afbb928c3b102e17e3b864b855b3a94f0bf8fb2e8e163cea5045d167cc9b628fa6ae195a480fed97972daa8b8d8c674da51d7f01e2e53dbcb7548c1d11c1eb5119e6f5a6430a11efecfbf22b1ddbd381b46843518a5f08dc8d392e356c64fdf44f1a2e6b1693225747bed9ea85c,gx-no-cache=1482264899579 HTTP/1.1" 200 29
186.79.67.219 - - [20/Dec/2016:17:13:42 -0300] "POST /cormun/servlet/licenciaspermisos?464b66c45ce23b9fc487f263149d5312,INS,0,,,,gx-no-cache=1482264899763 HTTP/1.1" 200 93
186.79.67.219 - - [20/Dec/2016:17:13:42 -0300] "GET /cormun/servlet/hpexe_return? HTTP/1.1" 200 1019
186.79.67.219 - - [20/Dec/2016:17:13:43 -0300] "GET /cormun/servlet/trlicencias HTTP/1.1" 200 8557
186.79.67.219 - - [20/Dec/2016:17:13:45 -0300] "GET /cormun/servlet/trlicencias HTTP/1.1" 200 8552
186.79.67.219 - - [20/Dec/2016:17:13:50 -0300] "GET /cormun/servlet/licenciaspermisos?INS,0,,, HTTP/1.1" 200 7261
186.79.67.219 - - [20/Dec/2016:17:13:51 -0300] "GET /cormun/servlet/licenciaspermisos?INS,0,,, HTTP/1.1" 200 7260
186.79.67.219 - - [20/Dec/2016:17:14:03 -0300] "GET /cormun/servlet/licenciaspermisos?c91de79725aed3a31c31215bb6fb50a2ac8f56cdf78ddc99e3cb89e49864ed7012353df0d311953c728df21ee7ed4cb3,gx-no-cache=1482264921163 HTTP/1.1" 200 61
186.79.67.219 - - [20/Dec/2016:17:14:04 -0300] "POST /cormun/servlet/licenciaspermisos?464b66c45ce23b9fc487f263149d5312,INS,0,,,,gx-no-cache=1482264921453 HTTP/1.1" 200 4531
186.79.67.219 - - [20/Dec/2016:17:14:19 -0300] "GET /cormun/static/menuarrow.gif HTTP/1.1" 404 1015
186.79.226.27 - - [20/Dec/2016:17:14:37 -0300] "GET /cormunbeta/servlet/hlogin HTTP/1.1" 200 1726
186.79.226.27 - - [20/Dec/2016:17:14:41 -0300] "GET /cormunbeta/static/gxcfg.js?201612216162538 HTTP/1.1" 200 953
186.79.226.27 - - [20/Dec/2016:17:14:45 -0300] "GET /cormunbeta/static/Resources/PXToolsLoginTop.png HTTP/1.1" 200 1337
186.79.226.27 - - [20/Dec/2016:17:14:45 -0300] "GET /cormunbeta/static/Resources/PXToolsLoginBackground.png HTTP/1.1" 200 1164
186.79.226.27 - - [20/Dec/2016:17:14:45 -0300] "GET /cormunbeta/static/Resources/ComunLogin.png HTTP/1.1" 200 17326
186.79.226.27 - - [20/Dec/2016:17:14:45 -0300] "GET /cormunbeta/static/Resources/PXToolsButtonLeft21.png HTTP/1.1" 200 1287
186.79.226.27 - - [20/Dec/2016:17:14:45 -0300] "GET /cormunbeta/static/Resources/PXToolsButtonRight21.png HTTP/1.1" 200 1283
186.79.226.27 - - [20/Dec/2016:17:14:45 -0300] "GET /cormunbeta/static/Resources/PXToolsButtonBackground2.png HTTP/1.1" 200 1181
186.79.226.27 - - [20/Dec/2016:17:14:48 -0300] "GET /cormunbeta/static/Resources/PXToolsLoginBottom.png HTTP/1.1" 200 1389
186.79.226.27 - - [20/Dec/2016:17:15:01 -0300] "POST /cormunbeta/servlet/hlogin?22d55dc4ad7ab00af291843238d32328,gx-no-cache=1482264901024 HTTP/1.1" 200 426
186.79.226.27 - - [20/Dec/2016:17:15:12 -0300] "POST /cormunbeta/servlet/hlogin?22d55dc4ad7ab00af291843238d32328,gx-no-cache=1482264911391 HTTP/1.1" 200 90
186.79.226.27 - - [20/Dec/2016:17:15:16 -0300] "GET /cormunbeta/servlet/hpexe_link HTTP/1.1" 200 957
186.79.226.27 - - [20/Dec/2016:17:15:19 -0300] "GET /cormunbeta/servlet/hhome HTTP/1.1" 200 3722
186.79.226.27 - - [20/Dec/2016:17:15:22 -0300] "GET /cormunbeta/static/gxcfg.js?201612218515568 HTTP/1.1" 200 953
186.79.226.27 - - [20/Dec/2016:17:15:26 -0300] "GET /cormunbeta/static/PXToolsJavascripts/pexe_cookies.js HTTP/1.1" 200 792
186.79.226.27 - - [20/Dec/2016:17:15:26 -0300] "GET /cormunbeta/static/PXToolsJavascripts/pexe_menudivfix.js HTTP/1.1" 200 333
186.79.226.27 - - [20/Dec/2016:17:15:26 -0300] "GET /cormunbeta/static/PXToolsJavascripts/pexe_oav.js HTTP/1.1" 200 645
186.79.226.27 - - [20/Dec/2016:17:15:26 -0300] "GET /cormunbeta/static/PXToolsJavascripts/pexe_oavdivfix.js HTTP/1.1" 200 639
186.79.226.27 - - [20/Dec/2016:17:15:26 -0300] "GET /cormunbeta/static/PXToolsJavascripts/pexe_picture.js HTTP/1.1" 200 689
186.79.226.27 - - [20/Dec/2016:17:15:26 -0300] "GET /cormunbeta/static/PXToolsJavascripts/pexe_tabdivfix.js HTTP/1.1" 200 876
186.79.226.27 - - [20/Dec/2016:17:15:30 -0300] "GET /cormunbeta/static/PXToolsJavascripts/PXToolsJavascriptsRender.js HTTP/1.1" 200 367
186.79.226.27 - - [20/Dec/2016:17:15:30 -0300] "GET /cormunbeta/static/RunJS/RunJS.js HTTP/1.1" 200 288
200.112.4.125 - - [20/Dec/2016:17:15:32 -0300] "GET /cormun/servlet/hlogin HTTP/1.1" 200 1724
186.79.226.27 - - [20/Dec/2016:17:15:34 -0300] "GET /cormunbeta/static/hhome.js?201612218515573 HTTP/1.1" 200 777
186.79.226.27 - - [20/Dec/2016:17:15:34 -0300] "GET /cormunbeta/static/Resources/logo4.png HTTP/1.1" 200 6582
186.79.226.27 - - [20/Dec/2016:17:15:34 -0300] "GET /cormunbeta/static/Resources/PXToolsHeaderActionsLeft.png HTTP/1.1" 200 1118
186.79.226.27 - - [20/Dec/2016:17:15:34 -0300] "GET /cormunbeta/static/Resources/PXToolsHeaderHome.png HTTP/1.1" 200 4147
186.79.226.27 - - [20/Dec/2016:17:15:34 -0300] "GET /cormunbeta/static/Resources/PXToolsHeaderLogin.png HTTP/1.1" 200 4279
186.79.226.27 - - [20/Dec/2016:17:15:34 -0300] "GET /cormunbeta/static/Resources/PXToolsHeaderActionsRight.png HTTP/1.1" 200 1201
186.79.226.27 - - [20/Dec/2016:17:15:38 -0300] "GET /cormunbeta/static/Resources/PXToolsHeaderSecurity.png HTTP/1.1" 200 4166
186.79.226.27 - - [20/Dec/2016:17:15:38 -0300] "GET /cormunbeta/static/Resources/PXToolsHeaderPreferences.png HTTP/1.1" 200 4189
186.79.226.27 - - [20/Dec/2016:17:15:38 -0300] "GET /cormunbeta/servlet/hhome HTTP/1.1" 200 3719
200.112.4.125 - - [20/Dec/2016:17:15:44 -0300] "POST /cormun/servlet/hlogin?140a341a6bf653fde9bb766b531fddaa,gx-no-cache=1482265021779 HTTP/1.1" 200 90
200.112.4.125 - - [20/Dec/2016:17:15:45 -0300] "GET /cormun/servlet/hpexe_link HTTP/1.1" 200 971
186.79.226.27 - - [20/Dec/2016:17:15:45 -0300] "GET /cormunbeta/servlet/trpermisosgoce? HTTP/1.1" 200 6487
200.112.4.125 - - [20/Dec/2016:17:15:45 -0300] "GET /cormun/servlet/licenciaspermisos?INS,0,,, HTTP/1.1" 200 7237
200.112.4.125 - - [20/Dec/2016:17:15:48 -0300] "GET /cormun/servlet/licenciaspermisos?INS,0,,, HTTP/1.1" 200 7236
186.79.226.27 - - [20/Dec/2016:17:15:48 -0300] "GET /cormunbeta/static/gxcfg.js?201612218553833 HTTP/1.1" 200 953
186.79.226.27 - - [20/Dec/2016:17:15:48 -0300] "GET /cormunbeta/static/Resources/PXTools/calendar.png HTTP/1.1" 200 1306
186.79.226.27 - - [20/Dec/2016:17:15:52 -0300] "GET /cormunbeta/servlet/trpermisosgoce? HTTP/1.1" 200 6486
186.79.226.27 - - [20/Dec/2016:17:15:56 -0300] "GET /cormunbeta/servlet/permisogoce?INS,0,,, HTTP/1.1" 200 6452
186.79.67.219 - - [20/Dec/2016:17:15:59 -0300] "GET /cormun/servlet/licenciaspermisos?c91de79725aed3a31c31215bb6fb50a2576e5a7cbdc91756c94b5aea18e0a41eabd6645ee3f1ca6263da6b3645e8cfc708bddf2793b30377babddd97eb471e0df37c0b3952d2d603b93f1ec8773953c3546a7a0220b7e882d4814608c9b77b29a17b1f5543b89748ff67be71ca2a59a1f98db777c90780d63139a19fec5c79cd715e6b4509a043650d05e3135eb366485cd09d972fd9c817899dfdf09c603afcc645f162966906886f10480bc863c8068a8216af0a0f874548b41b4d768b6da89d4a003838a4fb5f40ada0feb57c8f720f0c35c2aa9ced4f378a27c9df1b3492,gx-no-cache=1482265037199 HTTP/1.1" 200 30
186.79.67.219 - - [20/Dec/2016:17:15:59 -0300] "GET /cormun/servlet/licenciaspermisos?c91de79725aed3a31c31215bb6fb50a2fac9a14ebdbd4dd45789be134c13eac0ee02e8a8c0aaea1bede4299b080a5d16a6bd184d1dcc0867cbf4a2ecca1e3c0126c827595abbf56017a6b735155865d0d046edfb500f2779f9351b4c687fc93664f15e525adedaa97632ef6ba9402e1a3b1c9afbb928c3b102e17e3b864b855b3a94f0bf8fb2e8e163cea5045d167cc9b628fa6ae195a480fed97972daa8b8d8c674da51d7f01e2e53dbcb7548c1d11c1eb5119e6f5a6430a11efecfbf22b1ddbd381b46843518a5f08dc8d392e356c66c467547ed38702840af48265420592e,gx-no-cache=1482265037355 HTTP/1.1" 200 29
186.79.67.219 - - [20/Dec/2016:17:16:00 -0300] "POST /cormun/servlet/licenciaspermisos?464b66c45ce23b9fc487f263149d5312,INS,0,,,,gx-no-cache=1482265037522 HTTP/1.1" 200 93
186.79.67.219 - - [20/Dec/2016:17:16:00 -0300] "GET /cormun/servlet/hpexe_return? HTTP/1.1" 200 1019
200.112.4.125 - - [20/Dec/2016:17:16:00 -0300] "GET /cormun/servlet/prfichaempleado?,MD,,gxPopupLevel%3D0%3B HTTP/1.1" 200 8825
186.79.67.219 - - [20/Dec/2016:17:16:00 -0300] "GET /cormun/servlet/trlicencias HTTP/1.1" 200 8845
186.79.226.27 - - [20/Dec/2016:17:16:00 -0300] "GET /cormunbeta/static/gxcfg.js?201612518115881 HTTP/1.1" 200 953
186.79.67.219 - - [20/Dec/2016:17:16:02 -0300] "GET /cormun/servlet/trlicencias HTTP/1.1" 200 8840
186.79.226.27 - - [20/Dec/2016:17:16:07 -0300] "GET /cormunbeta/servlet/permisogoce?INS,0,,, HTTP/1.1" 200 6452
186.79.67.219 - - [20/Dec/2016:17:16:13 -0300] "GET /cormun/servlet/trlicenciaspermisosadjuntos?16406525,20161220,L, HTTP/1.1" 200 6260
186.79.67.219 - - [20/Dec/2016:17:16:13 -0300] "GET /cormun/static/gxcfg.js?201612218553427 HTTP/1.1" 200 953
186.79.67.219 - - [20/Dec/2016:17:16:13 -0300] "GET /cormun/static/trlicenciaspermisosadjuntos.js?20161221855370 HTTP/1.1" 200 20977
186.79.67.219 - - [20/Dec/2016:17:16:14 -0300] "GET /cormun/servlet/trlicenciaspermisosadjuntos?16406525,20161220,L, HTTP/1.1" 200 6260
200.83.57.219 - - [20/Dec/2016:17:16:15 -0300] "GET /cormun/servlet/trlicenciaspermisosadjuntos?7463754,20161220,L, HTTP/1.1" 200 6340
200.112.4.125 - - [20/Dec/2016:17:16:15 -0300] "POST /cormun/servlet/prfichaempleado?140a341a6bf653fde9bb766b531fddaa,,MD,,gxPopupLevel%3D0%3B,gx-no-cache=1482265052209 HTTP/1.1" 200 3463
186.79.226.27 - - [20/Dec/2016:17:16:16 -0300] "GET /cormunbeta/static/Resources/resize.gif HTTP/1.1" 200 77
200.83.57.219 - - [20/Dec/2016:17:16:16 -0300] "GET /cormun/servlet/trlicenciaspermisosadjuntos?7463754,20161220,L, HTTP/1.1" 200 6341
200.83.57.219 - - [20/Dec/2016:17:16:17 -0300] "GET /cormun/servlet/licenciaspermisosadjuntos?INS,7463754,L,20161220,, HTTP/1.1" 200 5624
200.83.57.219 - - [20/Dec/2016:17:16:17 -0300] "GET /cormun/static/about:blank HTTP/1.1" 404 1011
200.83.57.219 - - [20/Dec/2016:17:16:17 -0300] "GET /cormun/servlet/licenciaspermisosadjuntos?INS,7463754,L,20161220,, HTTP/1.1" 200 5614
186.79.226.27 - - [20/Dec/2016:17:16:22 -0300] "GET /cormunbeta/servlet/prfichaempleado?,MD,,gxPopupLevel%3D0%3B HTTP/1.1" 200 8823
186.79.67.219 - - [20/Dec/2016:17:16:22 -0300] "GET /cormun/servlet/licenciaspermisosadjuntos?INS,16406525,L,20161220,, HTTP/1.1" 200 5548
186.79.67.219 - - [20/Dec/2016:17:16:23 -0300] "GET /cormun/static/gxcfg.js?201612218482979 HTTP/1.1" 200 953
186.79.67.219 - - [20/Dec/2016:17:16:23 -0300] "GET /cormun/static/licenciaspermisosadjuntos.js?201612218482990 HTTP/1.1" 200 8735
186.79.67.219 - - [20/Dec/2016:17:16:23 -0300] "GET /cormun/static/about:blank HTTP/1.1" 404 1011
186.79.67.219 - - [20/Dec/2016:17:16:24 -0300] "GET /cormun/servlet/licenciaspermisosadjuntos?INS,16406525,L,20161220,, HTTP/1.1" 200 5537
200.83.57.219 - - [20/Dec/2016:17:16:27 -0300] "POST /cormun/servlet/licenciaspermisosadjuntos?ae81ac5cd8a21ef15a26a4b8cea65fda,INS,7463754,L,20161220,, HTTP/1.1" 200 116
200.83.57.219 - - [20/Dec/2016:17:16:27 -0300] "GET /cormun/servlet/hpexe_return? HTTP/1.1" 200 1030
200.83.57.219 - - [20/Dec/2016:17:16:27 -0300] "GET /cormun/servlet/trlicenciaspermisosadjuntos?7463754,20161220,L, HTTP/1.1" 200 6808
200.83.57.219 - - [20/Dec/2016:17:16:28 -0300] "GET /cormun/servlet/trlicenciaspermisosadjuntos?7463754,20161220,L, HTTP/1.1" 200 6804
200.112.4.125 - - [20/Dec/2016:17:16:29 -0300] "GET /cormun/servlet/prfichaempleado?,MD,,gxPopupLevel%3D0%3B HTTP/1.1" 200 8825
186.79.67.219 - - [20/Dec/2016:17:17:01 -0300] "POST /cormun/servlet/licenciaspermisosadjuntos?464b66c45ce23b9fc487f263149d5312,INS,16406525,L,20161220,, HTTP/1.1" 200 116
186.79.67.219 - - [20/Dec/2016:17:17:01 -0300] "GET /cormun/servlet/hpexe_return? HTTP/1.1" 200 1044
186.79.67.219 - - [20/Dec/2016:17:17:01 -0300] "GET /cormun/servlet/trlicenciaspermisosadjuntos?16406525,20161220,L, HTTP/1.1" 200 6719
186.79.67.219 - - [20/Dec/2016:17:17:03 -0300] "GET /cormun/servlet/trlicenciaspermisosadjuntos?16406525,20161220,L, HTTP/1.1" 200 6716
186.79.226.27 - - [20/Dec/2016:17:17:20 -0300] "POST /cormunbeta/servlet/prfichaempleado?22d55dc4ad7ab00af291843238d32328,,MD,,gxPopupLevel%3D0%3B,gx-no-cache=1482265026152 HTTP/1.1" 200 3447
186.79.67.219 - - [20/Dec/2016:17:17:31 -0300] "POST /cormun/servlet/trlicenciaspermisosadjuntos?464b66c45ce23b9fc487f263149d5312,16406525,20161220,L,,gx-no-cache=1482265129354 HTTP/1.1" 200 90
186.79.67.219 - - [20/Dec/2016:17:17:31 -0300] "GET /cormun/servlet/hpexe_link HTTP/1.1" 200 987
186.79.67.219 - - [20/Dec/2016:17:17:32 -0300] "GET /cormun/servlet/trlicencias HTTP/1.1" 200 8842
186.79.67.219 - - [20/Dec/2016:17:17:34 -0300] "GET /cormun/servlet/trlicencias HTTP/1.1" 200 8840
186.79.226.27 - - [20/Dec/2016:17:17:36 -0300] "GET /cormunbeta/servlet/permisogoce?fbf726c4403596f72b0cf238ac90724223644835ed1c3e71725c8ab08c6dd380800dc829af68f9e97b5bc40ef9b07b17,gx-no-cache=1482265055342 HTTP/1.1" 200 169
186.79.226.27 - - [20/Dec/2016:17:17:39 -0300] "GET /cormunbeta/static/Shared/jqueryui/images/ui-bg_highlight-soft_100_c6c2c8_1x100.png HTTP/1.1" 404 1125
186.79.226.27 - - [20/Dec/2016:17:17:42 -0300] "GET /cormunbeta/static/Shared/jqueryui/images/ui-icons_82798d_256x240.png HTTP/1.1" 404 1097
186.79.226.27 - - [20/Dec/2016:17:17:42 -0300] "GET /cormunbeta/static/Shared/jqueryui/images/ui-bg_flat_55_994d53_40x100.png HTTP/1.1" 404 1105
186.79.226.27 - - [20/Dec/2016:17:17:42 -0300] "GET /cormunbeta/static/Shared/jqueryui/images/ui-icons_ebccce_256x240.png HTTP/1.1" 404 1097
186.79.67.219 - - [20/Dec/2016:17:17:45 -0300] "POST /cormun/servlet/trlicencias?464b66c45ce23b9fc487f263149d5312,gx-no-cache=1482265142684 HTTP/1.1" 200 5973
186.79.67.219 - - [20/Dec/2016:17:17:45 -0300] "GET /cormun/static/Shared/jqueryui/images/ui-bg_highlight-soft_100_c6c2c8_1x100.png HTTP/1.1" 404 1117
186.79.67.219 - - [20/Dec/2016:17:17:45 -0300] "GET /cormun/static/Shared/jqueryui/images/ui-icons_82798d_256x240.png HTTP/1.1" 404 1089
186.79.67.219 - - [20/Dec/2016:17:17:45 -0300] "GET /cormun/static/Shared/jqueryui/images/ui-bg_flat_55_fafafa_40x100.png HTTP/1.1" 404 1097
186.79.67.219 - - [20/Dec/2016:17:17:45 -0300] "GET /cormun/static/Shared/jqueryui/images/ui-icons_8d78a5_256x240.png HTTP/1.1" 404 1089
186.79.67.219 - - [20/Dec/2016:17:17:50 -0300] "GET /cormun/servlet/trlicenciaspermisosadjuntos?7210750,20161220,L, HTTP/1.1" 200 6254
186.79.226.27 - - [20/Dec/2016:17:17:50 -0300] "GET /cormunbeta/static/menuarrow.gif HTTP/1.1" 404 1023
186.79.67.219 - - [20/Dec/2016:17:17:52 -0300] "GET /cormun/servlet/trlicenciaspermisosadjuntos?7210750,20161220,L, HTTP/1.1" 200 6254
186.79.67.219 - - [20/Dec/2016:17:17:53 -0300] "GET /cormun/servlet/licenciaspermisosadjuntos?INS,7210750,L,20161220,, HTTP/1.1" 200 5548
186.79.226.27 - - [20/Dec/2016:17:17:54 -0300] "GET /cormunbeta/servlet/permisogoce?fbf726c4403596f72b0cf238ac90724223644835ed1c3e71725c8ab08c6dd380800dc829af68f9e97b5bc40ef9b07b17,gx-no-cache=1482265073475 HTTP/1.1" 200 169
186.79.67.219 - - [20/Dec/2016:17:17:54 -0300] "GET /cormun/static/about:blank HTTP/1.1" 404 1011
186.79.67.219 - - [20/Dec/2016:17:17:55 -0300] "GET /cormun/servlet/licenciaspermisosadjuntos?INS,7210750,L,20161220,, HTTP/1.1" 200 5538
186.79.226.27 - - [20/Dec/2016:17:18:00 -0300] "GET /cormunbeta/servlet/permisogoce?fbf726c4403596f72b0cf238ac9072429829c38886030b486727cdac293f1a0e0db7c441b2a32652332ed547b5b66d9e15b3b68c575780b6c3cae6254fd25435,gx-no-cache=1482265079677 HTTP/1.1" 200 129
186.79.226.27 - - [20/Dec/2016:17:18:06 -0300] "GET /cormunbeta/servlet/permisogoce?fbf726c4403596f72b0cf238ac9072429829c38886030b486727cdac293f1a0e0db7c441b2a32652332ed547b5b66d9e854fd9184590cc53d1d142a54559480c,gx-no-cache=1482265086269 HTTP/1.1" 200 47
186.79.67.219 - - [20/Dec/2016:17:18:30 -0300] "POST /cormun/servlet/licenciaspermisosadjuntos?464b66c45ce23b9fc487f263149d5312,INS,7210750,L,20161220,, HTTP/1.1" 200 116
186.79.67.219 - - [20/Dec/2016:17:18:30 -0300] "GET /cormun/servlet/hpexe_return? HTTP/1.1" 200 1045
186.79.67.219 - - [20/Dec/2016:17:18:30 -0300] "GET /cormun/servlet/trlicenciaspermisosadjuntos?7210750,20161220,L, HTTP/1.1" 200 6707
186.79.67.219 - - [20/Dec/2016:17:18:32 -0300] "GET /cormun/servlet/trlicenciaspermisosadjuntos?7210750,20161220,L, HTTP/1.1" 200 6701
186.79.67.219 - - [20/Dec/2016:17:18:39 -0300] "POST /cormun/servlet/trlicenciaspermisosadjuntos?464b66c45ce23b9fc487f263149d5312,7210750,20161220,L,,gx-no-cache=1482265196948 HTTP/1.1" 200 90
186.79.67.219 - - [20/Dec/2016:17:18:39 -0300] "GET /cormun/servlet/hpexe_link HTTP/1.1" 200 1008
186.79.67.219 - - [20/Dec/2016:17:18:40 -0300] "GET /cormun/servlet/trlicencias?gx-no-cache=1482265142684 HTTP/1.1" 200 8544
186.79.67.219 - - [20/Dec/2016:17:18:41 -0300] "GET /cormun/servlet/trlicencias?gx-no-cache=1482265142684 HTTP/1.1" 200 8562
186.79.226.27 - - [20/Dec/2016:17:18:41 -0300] "GET /cormunbeta/servlet/prfichaempleado?,MD,,gxPopupLevel%3D0%3B HTTP/1.1" 200 8823
186.79.67.219 - - [20/Dec/2016:17:18:47 -0300] "POST /cormun/servlet/trlicencias?464b66c45ce23b9fc487f263149d5312,gx-no-cache=1482265142684,gx-no-cache=1482265204278 HTTP/1.1" 200 5647
186.79.67.219 - - [20/Dec/2016:17:18:47 -0300] "GET /cormun/static/Shared/jqueryui/images/ui-bg_highlight-soft_100_c6c2c8_1x100.png HTTP/1.1" 404 1117
186.79.67.219 - - [20/Dec/2016:17:18:47 -0300] "GET /cormun/static/Shared/jqueryui/images/ui-icons_82798d_256x240.png HTTP/1.1" 404 1089
186.79.67.219 - - [20/Dec/2016:17:18:47 -0300] "GET /cormun/static/Shared/jqueryui/images/ui-bg_flat_55_fafafa_40x100.png HTTP/1.1" 404 1097
186.79.67.219 - - [20/Dec/2016:17:18:47 -0300] "GET /cormun/static/Shared/jqueryui/images/ui-icons_8d78a5_256x240.png HTTP/1.1" 404 1089
186.79.67.219 - - [20/Dec/2016:17:18:49 -0300] "GET /cormun/servlet/trlicenciaspermisosadjuntos?16792393,20161220,L, HTTP/1.1" 200 6281
186.79.67.219 - - [20/Dec/2016:17:18:50 -0300] "GET /cormun/servlet/trlicenciaspermisosadjuntos?16792393,20161220,L, HTTP/1.1" 200 6261
186.79.67.219 - - [20/Dec/2016:17:18:52 -0300] "GET /cormun/servlet/licenciaspermisosadjuntos?INS,16792393,L,20161220,, HTTP/1.1" 200 5553
186.79.67.219 - - [20/Dec/2016:17:18:53 -0300] "GET /cormun/static/about:blank HTTP/1.1" 404 1011
186.79.67.219 - - [20/Dec/2016:17:18:54 -0300] "GET /cormun/servlet/licenciaspermisosadjuntos?INS,16792393,L,20161220,, HTTP/1.1" 200 5542
200.83.57.219 - - [20/Dec/2016:17:18:59 -0300] "GET /cormun/servlet/hlogin HTTP/1.1" 200 1711
200.83.57.219 - - [20/Dec/2016:17:19:00 -0300] "POST /cormun/servlet/hlogin?ae81ac5cd8a21ef15a26a4b8cea65fda,gx-no-cache=1482265218824 HTTP/1.1" 200 90
200.83.57.219 - - [20/Dec/2016:17:19:00 -0300] "GET /cormun/servlet/hpexe_link HTTP/1.1" 200 976
200.83.57.219 - - [20/Dec/2016:17:19:01 -0300] "GET /cormun/servlet/trlicenciaspermisosadjuntos?7463754,20161220,L, HTTP/1.1" 200 6804
200.83.57.219 - - [20/Dec/2016:17:19:02 -0300] "GET /cormun/servlet/trlicenciaspermisosadjuntos?7463754,20161220,L, HTTP/1.1" 200 6804
200.83.57.219 - - [20/Dec/2016:17:19:05 -0300] "GET /cormun/servlet/trlicencias? HTTP/1.1" 200 8045
200.83.57.219 - - [20/Dec/2016:17:19:06 -0300] "GET /cormun/servlet/trlicencias? HTTP/1.1" 200 8045
186.79.226.27 - - [20/Dec/2016:17:19:15 -0300] "GET /cormunbeta/servlet/prfichaempleado?,MD,,gxPopupLevel%3D0%3B HTTP/1.1" 200 8823
186.79.67.219 - - [20/Dec/2016:17:19:23 -0300] "POST /cormun/servlet/licenciaspermisosadjuntos?464b66c45ce23b9fc487f263149d5312,INS,16792393,L,20161220,, HTTP/1.1" 200 116
186.79.67.219 - - [20/Dec/2016:17:19:24 -0300] "GET /cormun/servlet/hpexe_return? HTTP/1.1" 200 1044
186.79.67.219 - - [20/Dec/2016:17:19:24 -0300] "GET /cormun/servlet/trlicenciaspermisosadjuntos?16792393,20161220,L, HTTP/1.1" 200 6720
186.79.67.219 - - [20/Dec/2016:17:19:25 -0300] "GET /cormun/servlet/trlicenciaspermisosadjuntos?16792393,20161220,L, HTTP/1.1" 200 6717
186.79.67.219 - - [20/Dec/2016:17:19:28 -0300] "POST /cormun/servlet/trlicenciaspermisosadjuntos?464b66c45ce23b9fc487f263149d5312,16792393,20161220,L,,gx-no-cache=1482265246290 HTTP/1.1" 200 90
186.79.67.219 - - [20/Dec/2016:17:19:28 -0300] "GET /cormun/servlet/hpexe_link HTTP/1.1" 200 1009
186.79.67.219 - - [20/Dec/2016:17:19:29 -0300] "GET /cormun/servlet/trlicencias?gx-no-cache=1482265142684 HTTP/1.1" 200 8258
186.79.67.219 - - [20/Dec/2016:17:19:30 -0300] "GET /cormun/servlet/trlicencias?gx-no-cache=1482265142684 HTTP/1.1" 200 8271
186.79.67.219 - - [20/Dec/2016:17:19:35 -0300] "POST /cormun/servlet/trlicencias?464b66c45ce23b9fc487f263149d5312,gx-no-cache=1482265142684,gx-no-cache=1482265252369 HTTP/1.1" 200 5319
186.79.67.219 - - [20/Dec/2016:17:19:35 -0300] "GET /cormun/static/Shared/jqueryui/images/ui-bg_highlight-soft_100_c6c2c8_1x100.png HTTP/1.1" 404 1117
186.79.67.219 - - [20/Dec/2016:17:19:35 -0300] "GET /cormun/static/Shared/jqueryui/images/ui-icons_82798d_256x240.png HTTP/1.1" 404 1089
186.79.67.219 - - [20/Dec/2016:17:19:35 -0300] "GET /cormun/static/Shared/jqueryui/images/ui-bg_flat_55_fafafa_40x100.png HTTP/1.1" 404 1097
186.79.67.219 - - [20/Dec/2016:17:19:35 -0300] "GET /cormun/static/Shared/jqueryui/images/ui-icons_8d78a5_256x240.png HTTP/1.1" 404 1089
186.79.67.219 - - [20/Dec/2016:17:19:36 -0300] "GET /cormun/servlet/trlicenciaspermisosadjuntos?10613676,20161220,L, HTTP/1.1" 200 6279
186.79.67.219 - - [20/Dec/2016:17:19:38 -0300] "GET /cormun/servlet/trlicenciaspermisosadjuntos?10613676,20161220,L, HTTP/1.1" 200 6259
186.79.67.219 - - [20/Dec/2016:17:19:41 -0300] "GET /cormun/servlet/licenciaspermisosadjuntos?INS,10613676,L,20161220,, HTTP/1.1" 200 5550
186.79.67.219 - - [20/Dec/2016:17:19:41 -0300] "GET /cormun/static/about:blank HTTP/1.1" 404 1011
186.79.67.219 - - [20/Dec/2016:17:19:42 -0300] "GET /cormun/servlet/licenciaspermisosadjuntos?INS,10613676,L,20161220,, HTTP/1.1" 200 5540
200.112.4.125 - - [20/Dec/2016:17:19:48 -0300] "GET /cormun/servlet/hlogin HTTP/1.1" 200 1724
186.79.226.27 - - [20/Dec/2016:17:19:49 -0300] "POST /cormunbeta/servlet/prfichaempleado?22d55dc4ad7ab00af291843238d32328,,MD,,gxPopupLevel%3D0%3B,gx-no-cache=1482265178379 HTTP/1.1" 200 3448
200.112.4.125 - - [20/Dec/2016:17:20:01 -0300] "POST /cormun/servlet/hlogin?140a341a6bf653fde9bb766b531fddaa,gx-no-cache=1482265278037 HTTP/1.1" 200 90
200.112.4.125 - - [20/Dec/2016:17:20:01 -0300] "GET /cormun/servlet/hpexe_link HTTP/1.1" 200 967
200.112.4.125 - - [20/Dec/2016:17:20:09 -0300] "GET /cormun/servlet/prfichaempleado?,MD, HTTP/1.1" 200 8819
186.79.67.219 - - [20/Dec/2016:17:20:10 -0300] "POST /cormun/servlet/licenciaspermisosadjuntos?464b66c45ce23b9fc487f263149d5312,INS,10613676,L,20161220,, HTTP/1.1" 200 116
186.79.67.219 - - [20/Dec/2016:17:20:10 -0300] "GET /cormun/servlet/hpexe_return? HTTP/1.1" 200 1045
186.79.67.219 - - [20/Dec/2016:17:20:11 -0300] "GET /cormun/servlet/trlicenciaspermisosadjuntos?10613676,20161220,L, HTTP/1.1" 200 6720
186.79.67.219 - - [20/Dec/2016:17:20:12 -0300] "GET /cormun/servlet/trlicenciaspermisosadjuntos?10613676,20161220,L, HTTP/1.1" 200 6717
186.79.67.219 - - [20/Dec/2016:17:20:15 -0300] "POST /cormun/servlet/trlicenciaspermisosadjuntos?464b66c45ce23b9fc487f263149d5312,10613676,20161220,L,,gx-no-cache=1482265292440 HTTP/1.1" 200 90
186.79.67.219 - - [20/Dec/2016:17:20:15 -0300] "GET /cormun/servlet/hpexe_link HTTP/1.1" 200 1009
186.79.67.219 - - [20/Dec/2016:17:20:16 -0300] "GET /cormun/servlet/trlicencias?gx-no-cache=1482265142684 HTTP/1.1" 200 7912
186.79.67.219 - - [20/Dec/2016:17:20:17 -0300] "GET /cormun/servlet/trlicencias?gx-no-cache=1482265142684 HTTP/1.1" 200 7930
186.79.226.27 - - [20/Dec/2016:17:20:20 -0300] "GET /cormunbeta/servlet/permisogoce?fbf726c4403596f72b0cf238ac90724268ffbf9bd5f507df16fed65d59553d1d800dc829af68f9e97b5bc40ef9b07b17,gx-no-cache=1482265216125 HTTP/1.1" 200 66
186.79.67.219 - - [20/Dec/2016:17:20:20 -0300] "POST /cormun/servlet/trlicencias?464b66c45ce23b9fc487f263149d5312,gx-no-cache=1482265142684,gx-no-cache=1482265297880 HTTP/1.1" 200 4163
186.79.67.219 - - [20/Dec/2016:17:20:20 -0300] "GET /cormun/static/Shared/jqueryui/images/ui-bg_highlight-soft_100_c6c2c8_1x100.png HTTP/1.1" 404 1117
186.79.67.219 - - [20/Dec/2016:17:20:21 -0300] "GET /cormun/static/Shared/jqueryui/images/ui-icons_82798d_256x240.png HTTP/1.1" 404 1089
186.79.67.219 - - [20/Dec/2016:17:20:21 -0300] "GET /cormun/static/Shared/jqueryui/images/ui-bg_flat_55_fafafa_40x100.png HTTP/1.1" 404 1097
186.79.67.219 - - [20/Dec/2016:17:20:21 -0300] "GET /cormun/static/Shared/jqueryui/images/ui-icons_8d78a5_256x240.png HTTP/1.1" 404 1089
186.79.226.27 - - [20/Dec/2016:17:20:25 -0300] "POST /cormunbeta/servlet/permisogoce?22d55dc4ad7ab00af291843238d32328,INS,0,,,,gx-no-cache=1482265221689 HTTP/1.1" 200 93
186.79.226.27 - - [20/Dec/2016:17:20:28 -0300] "GET /cormunbeta/servlet/hpexe_return? HTTP/1.1" 200 1015
200.112.4.125 - - [20/Dec/2016:17:20:29 -0300] "POST /cormun/servlet/prfichaempleado?140a341a6bf653fde9bb766b531fddaa,,MD,,gx-no-cache=1482265298890 HTTP/1.1" 200 5969
200.112.4.125 - - [20/Dec/2016:17:20:29 -0300] "GET /cormun/static/Resources/PXToolsGridNext.gif HTTP/1.1" 200 369
200.112.4.125 - - [20/Dec/2016:17:20:30 -0300] "GET /cormun/static/Resources/PXToolsGridLast.gif HTTP/1.1" 200 370
186.79.226.27 - - [20/Dec/2016:17:20:31 -0300] "GET /cormunbeta/static/gxcfg.js?2016101716175148 HTTP/1.1" 304 -
186.79.67.219 - - [20/Dec/2016:17:20:32 -0300] "GET /cormun/servlet/hlogin HTTP/1.1" 200 1763
186.79.226.27 - - [20/Dec/2016:17:20:34 -0300] "GET /cormunbeta/static/hpexe_return.js?2016101716175153 HTTP/1.1" 304 -
200.112.4.125 - - [20/Dec/2016:17:20:34 -0300] "GET /cormun/servlet/hlogin HTTP/1.1" 200 1743
186.79.226.27 - - [20/Dec/2016:17:20:36 -0300] "GET /cormunbeta/servlet/trpermisosgoce HTTP/1.1" 200 7307
186.79.226.27 - - [20/Dec/2016:17:20:40 -0300] "GET /cormunbeta/servlet/trpermisosgoce HTTP/1.1" 200 7303
186.79.226.27 - - [20/Dec/2016:17:20:45 -0300] "GET /cormunbeta/servlet/apermisogoceprn?8686170,P,20161220,PU HTTP/1.1" 200 1636
200.83.57.219 - - [20/Dec/2016:17:21:08 -0300] "GET /cormun/servlet/trpermisosgoce? HTTP/1.1" 200 8265
200.83.57.219 - - [20/Dec/2016:17:21:09 -0300] "GET /cormun/servlet/trpermisosgoce? HTTP/1.1" 200 8265
200.83.57.219 - - [20/Dec/2016:17:21:17 -0300] "GET /cormun/servlet/trautorizarpermisogoce? HTTP/1.1" 200 6739
200.83.57.219 - - [20/Dec/2016:17:21:17 -0300] "GET /cormun/static/gxcfg.js?201612218555719 HTTP/1.1" 304 -
200.83.57.219 - - [20/Dec/2016:17:21:18 -0300] "GET /cormun/servlet/trautorizarpermisogoce? HTTP/1.1" 200 6739
200.83.57.219 - - [20/Dec/2016:17:21:22 -0300] "POST /cormun/servlet/trautorizarpermisogoce?ae81ac5cd8a21ef15a26a4b8cea65fda,,gx-no-cache=1482265360626 HTTP/1.1" 200 7438
200.83.57.219 - - [20/Dec/2016:17:21:35 -0300] "POST /cormun/servlet/trautorizarpermisogoce?ae81ac5cd8a21ef15a26a4b8cea65fda,,gx-no-cache=1482265373838 HTTP/1.1" 200 4003
200.112.4.125 - - [20/Dec/2016:17:21:51 -0300] "GET /cormun/servlet/hlogin HTTP/1.1" 200 1724
200.112.4.125 - - [20/Dec/2016:17:22:03 -0300] "POST /cormun/servlet/hlogin?140a341a6bf653fde9bb766b531fddaa,gx-no-cache=1482265400445 HTTP/1.1" 200 90
200.112.4.125 - - [20/Dec/2016:17:22:03 -0300] "GET /cormun/servlet/hpexe_link HTTP/1.1" 200 967
200.112.4.125 - - [20/Dec/2016:17:22:11 -0300] "GET /cormun/servlet/prfichaempleado?,MD, HTTP/1.1" 200 8819
200.112.4.125 - - [20/Dec/2016:17:22:29 -0300] "POST /cormun/servlet/prfichaempleado?140a341a6bf653fde9bb766b531fddaa,,MD,,gx-no-cache=1482265418921 HTTP/1.1" 200 5969
192.168.10.93 - - [20/Dec/2016:17:22:50 -0300] "GET /cormun/servlet/hlogin HTTP/1.1" 200 1717
192.168.10.93 - - [20/Dec/2016:17:22:50 -0300] "GET /cormun/static/gxtimezone.js?85251 HTTP/1.1" 200 5781
192.168.10.93 - - [20/Dec/2016:17:22:50 -0300] "GET /cormun/static/gxcfg.js?201612216162538 HTTP/1.1" 200 953
192.168.10.93 - - [20/Dec/2016:17:22:50 -0300] "GET /cormun/static/messages.spa.js?85251 HTTP/1.1" 200 30736
192.168.10.93 - - [20/Dec/2016:17:22:50 -0300] "GET /cormun/static/Resources/ComunLogin.png HTTP/1.1" 200 17326
192.168.10.93 - - [20/Dec/2016:17:22:50 -0300] "GET /cormun/static/Resources/Spanish/PXTools.css?167811 HTTP/1.1" 200 89042
192.168.10.93 - - [20/Dec/2016:17:22:50 -0300] "GET /cormun/static/hlogin.js?201612216162555 HTTP/1.1" 200 2136
192.168.10.93 - - [20/Dec/2016:17:22:50 -0300] "GET /cormun/static/gxgral.js?85251 HTTP/1.1" 200 384558
192.168.10.93 - - [20/Dec/2016:17:22:51 -0300] "GET /cormun/static/Resources/PXToolsLoginBackground.png HTTP/1.1" 200 1164
192.168.10.93 - - [20/Dec/2016:17:22:51 -0300] "GET /cormun/static/Resources/PXToolsButtonLeft21.png HTTP/1.1" 200 1287
192.168.10.93 - - [20/Dec/2016:17:22:51 -0300] "GET /cormun/static/Resources/PXToolsLoginTop.png HTTP/1.1" 200 1337
192.168.10.93 - - [20/Dec/2016:17:22:51 -0300] "GET /cormun/static/Resources/PXToolsLoginBottom.png HTTP/1.1" 200 1389
192.168.10.93 - - [20/Dec/2016:17:22:51 -0300] "GET /cormun/static/Resources/PXToolsButtonRight21.png HTTP/1.1" 200 1283
192.168.10.93 - - [20/Dec/2016:17:22:51 -0300] "GET /cormun/static/Resources/PXToolsButtonBackground2.png HTTP/1.1" 200 1181
192.168.10.93 - - [20/Dec/2016:17:22:51 -0300] "GET /cormun/servlet/hlogin HTTP/1.1" 200 1728
192.168.10.93 - - [20/Dec/2016:17:22:51 -0300] "GET /cormun/static/Resources/indicator.gif HTTP/1.1" 200 1553
192.168.10.93 - - [20/Dec/2016:17:22:51 -0300] "GET /cormun/static/Resources/PXToolsLoginBackground.png HTTP/1.1" 200 1164
192.168.10.93 - - [20/Dec/2016:17:22:51 -0300] "GET /cormun/static/Resources/PXToolsLoginTop.png HTTP/1.1" 200 1337
192.168.10.93 - - [20/Dec/2016:17:22:51 -0300] "GET /cormun/static/Resources/PXToolsButtonBackground2.png HTTP/1.1" 200 1181
192.168.10.93 - - [20/Dec/2016:17:22:51 -0300] "GET /cormun/static/Resources/PXToolsButtonRight21.png HTTP/1.1" 200 1283
192.168.10.93 - - [20/Dec/2016:17:22:51 -0300] "GET /cormun/static/Resources/PXToolsLoginBottom.png HTTP/1.1" 200 1389
192.168.10.93 - - [20/Dec/2016:17:22:51 -0300] "GET /cormun/static/Resources/PXToolsButtonLeft21.png HTTP/1.1" 200 1287
192.168.10.93 - - [20/Dec/2016:17:22:51 -0300] "GET /favicon.ico HTTP/1.1" 200 21630
200.112.4.125 - - [20/Dec/2016:17:22:55 -0300] "POST /cormun/servlet/prfichaempleado?140a341a6bf653fde9bb766b531fddaa,,MD,,gx-no-cache=1482265444455 HTTP/1.1" 200 5969
200.112.4.125 - - [20/Dec/2016:17:23:05 -0300] "POST /cormun/servlet/prfichaempleado?140a341a6bf653fde9bb766b531fddaa,,MD,,gx-no-cache=1482265454885 HTTP/1.1" 200 5969
192.168.10.93 - - [20/Dec/2016:17:23:07 -0300] "POST /cormun/servlet/hlogin?cd9cd609a64832bd67c2076b91395399,gx-no-cache=1482268701259 HTTP/1.1" 200 444
192.168.10.93 - - [20/Dec/2016:17:23:14 -0300] "POST /cormun/servlet/hlogin?cd9cd609a64832bd67c2076b91395399,gx-no-cache=1482268707593 HTTP/1.1" 200 444
192.168.10.93 - - [20/Dec/2016:17:23:21 -0300] "POST /cormun/servlet/hlogin?cd9cd609a64832bd67c2076b91395399,gx-no-cache=1482268714790 HTTP/1.1" 200 90
192.168.10.93 - - [20/Dec/2016:17:23:21 -0300] "GET /cormun/servlet/hpexe_link HTTP/1.1" 200 950
192.168.10.93 - - [20/Dec/2016:17:23:21 -0300] "GET /cormun/static/Resources/Spanish/PXTools.css?18365030 HTTP/1.1" 200 89042
192.168.10.93 - - [20/Dec/2016:17:23:21 -0300] "GET /cormun/static/gxcfg.js?201612218515529 HTTP/1.1" 200 953
192.168.10.93 - - [20/Dec/2016:17:23:21 -0300] "GET /cormun/static/hpexe_link.js?201612218515532 HTTP/1.1" 200 625
192.168.10.93 - - [20/Dec/2016:17:23:21 -0300] "GET /cormun/servlet/hhome HTTP/1.1" 200 4320
192.168.10.93 - - [20/Dec/2016:17:23:21 -0300] "GET /cormun/static/Shared/jqueryui/jquery-ui.min.css?1345370 HTTP/1.1" 200 30288
192.168.10.93 - - [20/Dec/2016:17:23:21 -0300] "GET /cormun/static/SmoothNavMenu/resources/ddsmoothmenu-v.css?1112540 HTTP/1.1" 200 1188
192.168.10.93 - - [20/Dec/2016:17:23:21 -0300] "GET /cormun/static/SmoothNavMenu/resources/ddsmoothmenu.css?1112540 HTTP/1.1" 200 2223
192.168.10.93 - - [20/Dec/2016:17:23:21 -0300] "GET /cormun/static/scaMessage/css/jquery.pnotify.default.css?1816380 HTTP/1.1" 200 1707
192.168.10.93 - - [20/Dec/2016:17:23:21 -0300] "GET /cormun/static/gxcfg.js?201612218515568 HTTP/1.1" 200 953
192.168.10.93 - - [20/Dec/2016:17:23:21 -0300] "GET /cormun/static/PXToolsJavascripts/pexe_cookies.js HTTP/1.1" 200 792
192.168.10.93 - - [20/Dec/2016:17:23:21 -0300] "GET /cormun/static/PXToolsJavascripts/pexe_autoreload.js HTTP/1.1" 200 1762
192.168.10.93 - - [20/Dec/2016:17:23:21 -0300] "GET /cormun/static/PXToolsJavascripts/pexe_windows.js HTTP/1.1" 200 15207
192.168.10.93 - - [20/Dec/2016:17:23:21 -0300] "GET /cormun/static/PXToolsJavascripts/pexe_grid.js HTTP/1.1" 200 7559
192.168.10.93 - - [20/Dec/2016:17:23:21 -0300] "GET /cormun/static/PXToolsJavascripts/pexe_griddivfix.js HTTP/1.1" 200 6644
192.168.10.93 - - [20/Dec/2016:17:23:21 -0300] "GET /cormun/static/PXToolsJavascripts/pexe_link.js HTTP/1.1" 200 5671
192.168.10.93 - - [20/Dec/2016:17:23:21 -0300] "GET /cormun/static/PXToolsJavascripts/pexe_menudivfix.js HTTP/1.1" 200 333
192.168.10.93 - - [20/Dec/2016:17:23:21 -0300] "GET /cormun/static/PXToolsJavascripts/pexe_popup.js HTTP/1.1" 200 13458
192.168.10.93 - - [20/Dec/2016:17:23:21 -0300] "GET /cormun/static/PXToolsJavascripts/pexe_oavdivfix.js HTTP/1.1" 200 639
192.168.10.93 - - [20/Dec/2016:17:23:21 -0300] "GET /cormun/static/PXToolsJavascripts/pexe_layers.js HTTP/1.1" 200 4114
192.168.10.93 - - [20/Dec/2016:17:23:21 -0300] "GET /cormun/static/PXToolsJavascripts/pexe_scrolldiv.js HTTP/1.1" 200 4138
192.168.10.93 - - [20/Dec/2016:17:23:21 -0300] "GET /cormun/static/PXToolsJavascripts/pexe_picture.js HTTP/1.1" 200 689
192.168.10.93 - - [20/Dec/2016:17:23:21 -0300] "GET /cormun/static/PXToolsJavascripts/pexe_menus.js HTTP/1.1" 200 1286
192.168.10.93 - - [20/Dec/2016:17:23:21 -0300] "GET /cormun/static/PXToolsJavascripts/pexe_tabdivfix.js HTTP/1.1" 200 876
192.168.10.93 - - [20/Dec/2016:17:23:21 -0300] "GET /cormun/static/PXToolsJavascripts/pexe_tabs.js HTTP/1.1" 200 3748
192.168.10.93 - - [20/Dec/2016:17:23:21 -0300] "GET /cormun/static/PXToolsJavascripts/pexe_upload.js HTTP/1.1" 200 1423
192.168.10.93 - - [20/Dec/2016:17:23:21 -0300] "GET /cormun/static/Resources/PXToolsHeaderHome.png HTTP/1.1" 200 4147
192.168.10.93 - - [20/Dec/2016:17:23:21 -0300] "GET /cormun/static/Resources/PXToolsHeaderLogin.png HTTP/1.1" 200 4279
192.168.10.93 - - [20/Dec/2016:17:23:21 -0300] "GET /cormun/static/Resources/logo4.png HTTP/1.1" 200 6582
192.168.10.93 - - [20/Dec/2016:17:23:21 -0300] "GET /cormun/static/Resources/PXToolsHeaderActionsLeft.png HTTP/1.1" 200 1118
192.168.10.93 - - [20/Dec/2016:17:23:21 -0300] "GET /cormun/static/PXToolsJavascripts/PXToolsJavascriptsRender.js HTTP/1.1" 200 367
192.168.10.93 - - [20/Dec/2016:17:23:21 -0300] "GET /cormun/static/Resources/PXToolsHeaderPreferences.png HTTP/1.1" 200 4189
192.168.10.93 - - [20/Dec/2016:17:23:21 -0300] "GET /cormun/static/PXToolsJavascripts/pexe_oav.js HTTP/1.1" 200 645
192.168.10.93 - - [20/Dec/2016:17:23:21 -0300] "GET /cormun/static/Resources/PXToolsHeaderSecurity.png HTTP/1.1" 200 4166
192.168.10.93 - - [20/Dec/2016:17:23:21 -0300] "GET /cormun/static/Resources/PXToolsHeaderActionsRight.png HTTP/1.1" 200 1201
192.168.10.93 - - [20/Dec/2016:17:23:21 -0300] "GET /cormun/static/RunJS/RunJS.js HTTP/1.1" 200 288
192.168.10.93 - - [20/Dec/2016:17:23:21 -0300] "GET /cormun/static/Shared/ext/locale/ext-lang-en.js HTTP/1.1" 200 10940
192.168.10.93 - - [20/Dec/2016:17:23:21 -0300] "GET /cormun/static/gxui/gxui-all.js HTTP/1.1" 200 107772
192.168.10.93 - - [20/Dec/2016:17:23:21 -0300] "GET /cormun/static/hhome.js?201612218515573 HTTP/1.1" 200 777
192.168.10.93 - - [20/Dec/2016:17:23:21 -0300] "GET /cormun/static/hwchdr01.js?201612218432057 HTTP/1.1" 200 1183
192.168.10.93 - - [20/Dec/2016:17:23:21 -0300] "GET /cormun/static/hpexe_recentlink.js?201610171694390 HTTP/1.1" 200 2144
192.168.10.93 - - [20/Dec/2016:17:23:21 -0300] "GET /cormun/static/hpexe_scripts.js?201612218432016 HTTP/1.1" 200 1544
192.168.10.93 - - [20/Dec/2016:17:23:21 -0300] "GET /cormun/static/hpexe_messagecontroller.js?201610171694323 HTTP/1.1" 200 870
192.168.10.93 - - [20/Dec/2016:17:23:21 -0300] "GET /cormun/static/hpexe_messagepopupcomponent.js?20161017169425 HTTP/1.1" 200 605
192.168.10.93 - - [20/Dec/2016:17:23:21 -0300] "GET /cormun/static/hpexe_messagegenexuscomponent.js?201612218431816 HTTP/1.1" 200 587
192.168.10.93 - - [20/Dec/2016:17:23:21 -0300] "GET /cormun/static/cmcontrolpreferences.js?201612218431999 HTTP/1.1" 200 1375
