186.79.96.29 - - [15/Dec/2016:11:16:59 -0300] "POST /cormun/servlet/solicitudot?2b1becf846f4e033e46d672d9e0258a1,UPD,2016,3036,,gx-no-cache=1481811496834 HTTP/1.1" 200 10814
186.79.96.29 - - [15/Dec/2016:11:16:59 -0300] "GET /cormun/servlet/solicitudot?d627376d6a86b348bd002080576c72ee0a434198aa54e413d107c220497c607a411e8488ae2f33835e0496fb980ac8b2,gx-no-cache=1481811497534 HTTP/1.1" 200 30
186.79.96.29 - - [15/Dec/2016:11:17:00 -0300] "POST /cormun/servlet/solicitudot?gx-no-cache=1481811497651 HTTP/1.1" 200 297
186.79.96.29 - - [15/Dec/2016:11:17:00 -0300] "GET /cormun/servlet/solicitudot?d627376d6a86b348bd002080576c72ee0fc089b33296cb020d8085b38ff9e5f07b9204f6bf380569030a2887b258e0263ca4fc4debea6491f9695c85ac243fae4488a802dd964211997b650669cc2966d4be80d0fd1d630c2bee8cf19d45c60e2aa9f05680fa2105034facc83cb5293d5a3cf7763436233f8fdaac0a3927721e75246727c3c4b5754659bd5e30133cd1da04d801f33e4c59d0a16a156098d4adac614a726104ba0a225cc47815610afdf7a5dc73cb8c9df7bf4c1dd3662fedd953cc2f1d6ca3bb116c133a481492ccf58e57b2abb321dbbe20f8be85da00517d9d008d2ddaa625e28e04d6841a517d71c4b749a3190f21c871d2f1c6c9ddf64c7366fd8dc0c9e6bdca8d3c24adc7ef35516381ee4b77ae376edc1d6882463f3708c2dcae7af8c7b6e3bf0db1870e75d27577bd8f49455189f7280560d1e0fc2a8c5e3eb3e25bc44b99f52011c17d93c8172528da9f368eb73dfc0a14f009eee90f2906997eeab8e1ce2995d714d90330892a97c937d672ed96bde306a411651f85c1fef0aaa0e683fc3b347a8fe2b1e9,gx-no-cache=1481811497785 HTTP/1.1" 200 30
186.79.96.29 - - [15/Dec/2016:11:17:00 -0300] "POST /cormun/servlet/solicitudot?gx-no-cache=1481811497874 HTTP/1.1" 200 30
186.79.96.29 - - [15/Dec/2016:11:17:00 -0300] "POST /cormun/servlet/solicitudot?gx-no-cache=1481811497988 HTTP/1.1" 200 1277
186.79.96.29 - - [15/Dec/2016:11:17:00 -0300] "POST /cormun/servlet/solicitudot?gx-no-cache=1481811498303 HTTP/1.1" 200 41
186.79.96.29 - - [15/Dec/2016:11:17:44 -0300] "GET /cormun/servlet/prfichaempleado?,MD,,gxPopupLevel%3D0%3B HTTP/1.1" 200 8791
186.79.96.29 - - [15/Dec/2016:11:18:16 -0300] "POST /cormun/servlet/prfichaempleado?2b1becf846f4e033e46d672d9e0258a1,,MD,,gxPopupLevel%3D0%3B,gx-no-cache=1481811574187 HTTP/1.1" 200 3456
186.79.96.29 - - [15/Dec/2016:11:18:27 -0300] "POST /cormun/servlet/solicitudot?gx-no-cache=1481811585060 HTTP/1.1" 200 1277
186.79.96.29 - - [15/Dec/2016:11:18:27 -0300] "GET /cormun/static/menuarrow.gif HTTP/1.1" 404 1015
186.79.96.29 - - [15/Dec/2016:11:18:44 -0300] "POST /cormun/servlet/solicitudot?gx-no-cache=1481811602073 HTTP/1.1" 200 122
186.79.96.29 - - [15/Dec/2016:11:18:44 -0300] "GET /cormun/static/Shared/jqueryui/images/ui-bg_highlight-soft_100_c6c2c8_1x100.png HTTP/1.1" 404 1117
186.79.96.29 - - [15/Dec/2016:11:18:44 -0300] "GET /cormun/static/Shared/jqueryui/images/ui-icons_82798d_256x240.png HTTP/1.1" 404 1089
186.79.96.29 - - [15/Dec/2016:11:18:44 -0300] "GET /cormun/static/Shared/jqueryui/images/ui-bg_flat_55_994d53_40x100.png HTTP/1.1" 404 1097
186.79.96.29 - - [15/Dec/2016:11:18:44 -0300] "GET /cormun/static/Shared/jqueryui/images/ui-icons_ebccce_256x240.png HTTP/1.1" 404 1089
186.79.96.29 - - [15/Dec/2016:11:19:05 -0300] "POST /cormun/servlet/solicitudot?gx-no-cache=1481811623096 HTTP/1.1" 200 122
186.79.96.29 - - [15/Dec/2016:11:19:05 -0300] "GET /cormun/servlet/solicitudot?d627376d6a86b348bd002080576c72ee1680a4953860e1b4fe7de90134a15958a60c5a16e378ac6b49c091cb88960cbe848a0fd99dc9bb02fd00194ab59db13bdf4ffceec45f98c66bc5fed63b1d82decadd029da5f9d610c0f0880d934c73cb8ccef97141d3393a8bed28db09ab0f38,gx-no-cache=1481811623283 HTTP/1.1" 200 29
186.79.96.29 - - [15/Dec/2016:11:19:05 -0300] "POST /cormun/servlet/solicitudot?gx-no-cache=1481811623368 HTTP/1.1" 200 1261
186.79.96.29 - - [15/Dec/2016:11:19:06 -0300] "POST /cormun/servlet/solicitudot?gx-no-cache=1481811623566 HTTP/1.1" 200 1143
186.79.96.29 - - [15/Dec/2016:11:19:09 -0300] "POST /cormun/servlet/solicitudot?gx-no-cache=1481811627468 HTTP/1.1" 200 122
186.79.96.29 - - [15/Dec/2016:11:19:10 -0300] "POST /cormun/servlet/solicitudot?gx-no-cache=1481811627593 HTTP/1.1" 200 1261
186.79.96.29 - - [15/Dec/2016:11:19:10 -0300] "POST /cormun/servlet/solicitudot?gx-no-cache=1481811627838 HTTP/1.1" 200 1143
186.79.0.244 - - [15/Dec/2016:11:19:12 -0300] "GET /cormun/servlet/licenciaspermisos?93dafa3e02c2445f9e79547abaf5d98415de70fde9456c9dd8d85a3518026dabb386fe8a0d7c91896d6cd11f6b987fb749dd67603200b3764fc501b6585b10087e03c0d227588a8bd9c4277e0c93dc7a7da7eedd0fb494e4d7575068382cf1c3c460b8cdd0ecedca97d8b316d4f1f2f9373f518072e5048888215759681fd5d749a6d4c4c5f18799ea66189d7185b9cf172677254c59ce635fe8d47ce5b544bb96f27dad8697a2408847fa7709c58933,gx-no-cache=1481811634061 HTTP/1.1" 200 30
186.79.0.244 - - [15/Dec/2016:11:19:12 -0300] "GET /cormun/servlet/licenciaspermisos?93dafa3e02c2445f9e79547abaf5d984e07d428be23fe1e880c90aed66e8cec98a5ef0bec48b16105b8a9823addfbe1fe97e9042810f5b7e1620232ad3382877853ad784bac626867362dd1b67b63d163ceac58824ec989d925b357cf7b4d34e946724fe43f5e0cd34575f429a28588774d012fd07ddb68f1aa3eacef7b02a959427d4e1a913d4b8760a6f87d672bb6016045e60ccebd9e0ab07f2f24ddb9b3ef0001120c4ede1ab14a95c9703fe391e,gx-no-cache=1481811634303 HTTP/1.1" 200 29
186.79.0.244 - - [15/Dec/2016:11:19:13 -0300] "POST /cormun/servlet/licenciaspermisos?0270e37d2b8d0ade5e3d0235af85bb8b,INS,0,,,,gx-no-cache=1481811634426 HTTP/1.1" 200 93
186.79.0.244 - - [15/Dec/2016:11:19:13 -0300] "GET /cormun/servlet/hpexe_return? HTTP/1.1" 200 1008
186.79.0.244 - - [15/Dec/2016:11:19:14 -0300] "GET /cormun/servlet/trlicencias HTTP/1.1" 200 8413
186.79.0.244 - - [15/Dec/2016:11:19:15 -0300] "GET /cormun/servlet/trlicencias HTTP/1.1" 200 8409
186.79.96.29 - - [15/Dec/2016:11:19:26 -0300] "GET /cormun/servlet/solicitudot?d627376d6a86b348bd002080576c72ee980b3ae5c9aadf557c80bdb0692c4b1863387ee414644b8117151ac513142ed35ce209ea576e78bfd9ce95d2d1f9cf01def48d432352dbc9db2d0d140469877d25e20f4040d2c941519044850c55be65b359270b5791ab3245b37abbee08133c7802281ce4aa8f69a351c61fba37a8f4f1aeaa5ab1491ac19f8c4f1ef14515b3e4e626a33feb9476b255b42e039c94b935ef228b15f52f6592ebf7b3036cdb50ded4c16ae29a08fabc01999edd84d1b1,gx-no-cache=1481811644324 HTTP/1.1" 200 30
186.79.96.29 - - [15/Dec/2016:11:19:27 -0300] "POST /cormun/servlet/solicitudot?2b1becf846f4e033e46d672d9e0258a1,UPD,2016,3036,,gx-no-cache=1481811644439 HTTP/1.1" 200 11165
186.79.96.29 - - [15/Dec/2016:11:19:30 -0300] "POST /cormun/servlet/solicitudot?gx-no-cache=1481811648025 HTTP/1.1" 200 3179
186.79.96.29 - - [15/Dec/2016:11:19:31 -0300] "POST /cormun/servlet/solicitudot?2b1becf846f4e033e46d672d9e0258a1,UPD,2016,3036,,gx-no-cache=1481811648483 HTTP/1.1" 200 10922
186.79.96.29 - - [15/Dec/2016:11:19:31 -0300] "GET /cormun/servlet/solicitudot?d627376d6a86b348bd002080576c72ee0a434198aa54e413d107c220497c607a411e8488ae2f33835e0496fb980ac8b2,gx-no-cache=1481811649245 HTTP/1.1" 200 30
186.79.96.29 - - [15/Dec/2016:11:19:31 -0300] "POST /cormun/servlet/solicitudot?gx-no-cache=1481811649360 HTTP/1.1" 200 297
186.79.96.29 - - [15/Dec/2016:11:19:31 -0300] "GET /cormun/servlet/solicitudot?d627376d6a86b348bd002080576c72ee0fc089b33296cb020d8085b38ff9e5f07b9204f6bf380569030a2887b258e0263ca4fc4debea6491f9695c85ac243fae4488a802dd964211997b650669cc2966d4be80d0fd1d630c2bee8cf19d45c60e2aa9f05680fa2105034facc83cb5293d5a3cf7763436233f8fdaac0a3927721e75246727c3c4b5754659bd5e30133cd1da04d801f33e4c59d0a16a156098d4adac614a726104ba0a225cc47815610afdf7a5dc73cb8c9df7bf4c1dd3662fedd953cc2f1d6ca3bb116c133a481492ccf58e57b2abb321dbbe20f8be85da00517d9d008d2ddaa625e28e04d6841a517d71c4b749a3190f21c871d2f1c6c9ddf64c7366fd8dc0c9e6bdca8d3c24adc7ef35516381ee4b77ae376edc1d6882463f3708c2dcae7af8c7b6e3bf0db1870e75d27577bd8f49455189f7280560d1e0fc2a8c5e3eb3e25bc44b99f52011c17d93c8172528da9f368eb73dfc0a14f009eee90f2906997eeab8e1ce2995d714d90330892a97c937d672ed96bde306a411651f85c1fef0aaa0e683fc3b347a8fe2b1e9,gx-no-cache=1481811649503 HTTP/1.1" 200 30
186.79.96.29 - - [15/Dec/2016:11:19:31 -0300] "POST /cormun/servlet/solicitudot?gx-no-cache=1481811649636 HTTP/1.1" 200 30
186.79.96.29 - - [15/Dec/2016:11:19:32 -0300] "POST /cormun/servlet/solicitudot?gx-no-cache=1481811649742 HTTP/1.1" 200 1277
186.79.0.244 - - [15/Dec/2016:11:19:33 -0300] "POST /cormun/servlet/trlicencias?0270e37d2b8d0ade5e3d0235af85bb8b,gx-no-cache=1481811653557 HTTP/1.1" 200 5856
186.79.0.244 - - [15/Dec/2016:11:19:33 -0300] "GET /cormun/static/Shared/jqueryui/images/ui-bg_highlight-soft_100_c6c2c8_1x100.png HTTP/1.1" 404 1117
186.79.0.244 - - [15/Dec/2016:11:19:33 -0300] "GET /cormun/static/Shared/jqueryui/images/ui-icons_82798d_256x240.png HTTP/1.1" 404 1089
186.79.0.244 - - [15/Dec/2016:11:19:33 -0300] "GET /cormun/static/Shared/jqueryui/images/ui-icons_8d78a5_256x240.png HTTP/1.1" 404 1089
186.79.0.244 - - [15/Dec/2016:11:19:33 -0300] "GET /cormun/static/Shared/jqueryui/images/ui-bg_flat_55_fafafa_40x100.png HTTP/1.1" 404 1097
186.79.96.29 - - [15/Dec/2016:11:19:34 -0300] "POST /cormun/servlet/solicitudot?gx-no-cache=1481811651922 HTTP/1.1" 200 3179
186.79.96.29 - - [15/Dec/2016:11:19:35 -0300] "POST /cormun/servlet/solicitudot?2b1becf846f4e033e46d672d9e0258a1,UPD,2016,3036,,gx-no-cache=1481811652361 HTTP/1.1" 200 10969
186.79.96.29 - - [15/Dec/2016:11:19:35 -0300] "GET /cormun/servlet/solicitudot?d627376d6a86b348bd002080576c72ee0a434198aa54e413d107c220497c607a411e8488ae2f33835e0496fb980ac8b2,gx-no-cache=1481811653158 HTTP/1.1" 200 30
186.79.96.29 - - [15/Dec/2016:11:19:35 -0300] "POST /cormun/servlet/solicitudot?gx-no-cache=1481811653262 HTTP/1.1" 200 297
186.79.96.29 - - [15/Dec/2016:11:19:35 -0300] "GET /cormun/servlet/solicitudot?d627376d6a86b348bd002080576c72ee0fc089b33296cb020d8085b38ff9e5f07b9204f6bf380569030a2887b258e0263ca4fc4debea6491f9695c85ac243fae4488a802dd964211997b650669cc2966d4be80d0fd1d630c2bee8cf19d45c60e2aa9f05680fa2105034facc83cb5293d5a3cf7763436233f8fdaac0a3927721e75246727c3c4b5754659bd5e30133cd1da04d801f33e4c59d0a16a156098d4adac614a726104ba0a225cc47815610afdf7a5dc73cb8c9df7bf4c1dd3662fedd953cc2f1d6ca3bb116c133a481492ccf58e57b2abb321dbbe20f8be85da00517d9d008d2ddaa625e28e04d6841a517d71c4b749a3190f21c871d2f1c6c9ddf64c7366fd8dc0c9e6bdca8d3c24adc7ef35516381ee4b77ae376edc1d6882463f3708c2dcae7af8c7b6e3bf0db1870e75d27577bd8f49455189f7280560d1e0fc2a8c5e3eb3e25bc44b99f52011c17d93c8172528da9f368eb73dfc0a14f009eee90f2906997eeab8e1ce2995d714d90330892a97c937d672ed96bde306a411651f85c1fef0aaa0e683fc3b347a8fe2b1e9,gx-no-cache=1481811653376 HTTP/1.1" 200 30
186.79.96.29 - - [15/Dec/2016:11:19:35 -0300] "POST /cormun/servlet/solicitudot?gx-no-cache=1481811653461 HTTP/1.1" 200 30
186.79.96.29 - - [15/Dec/2016:11:19:36 -0300] "POST /cormun/servlet/solicitudot?gx-no-cache=1481811653568 HTTP/1.1" 200 1277
186.79.96.29 - - [15/Dec/2016:11:19:39 -0300] "POST /cormun/servlet/solicitudot?gx-no-cache=1481811657218 HTTP/1.1" 200 122
186.79.96.29 - - [15/Dec/2016:11:19:39 -0300] "POST /cormun/servlet/solicitudot?gx-no-cache=1481811657374 HTTP/1.1" 200 1261
186.79.96.29 - - [15/Dec/2016:11:19:40 -0300] "POST /cormun/servlet/solicitudot?gx-no-cache=1481811657587 HTTP/1.1" 200 1143
186.79.96.29 - - [15/Dec/2016:11:19:40 -0300] "GET /cormun/servlet/solicitudot?d627376d6a86b348bd002080576c72ee980b3ae5c9aadf557c80bdb0692c4b1863387ee414644b8117151ac513142ed389b65778408138b4121e6065f5b3f8f5def48d432352dbc9db2d0d140469877d25e20f4040d2c941519044850c55be65b359270b5791ab3245b37abbee08133c7802281ce4aa8f69a351c61fba37a8f4f1aeaa5ab1491ac19f8c4f1ef14515b3e4e626a33feb9476b255b42e039c94b935ef228b15f52f6592ebf7b3036cdb5094b8616ad853747dd69815e2809d1cbe,gx-no-cache=1481811657770 HTTP/1.1" 200 32
186.79.96.29 - - [15/Dec/2016:11:19:40 -0300] "POST /cormun/servlet/solicitudot?2b1becf846f4e033e46d672d9e0258a1,UPD,2016,3036,,gx-no-cache=1481811657858 HTTP/1.1" 200 11300
186.79.96.29 - - [15/Dec/2016:11:19:44 -0300] "POST /cormun/servlet/solicitudot?gx-no-cache=1481811662039 HTTP/1.1" 200 3179
186.79.96.29 - - [15/Dec/2016:11:19:45 -0300] "POST /cormun/servlet/solicitudot?2b1becf846f4e033e46d672d9e0258a1,UPD,2016,3036,,gx-no-cache=1481811662508 HTTP/1.1" 200 11055
186.79.96.29 - - [15/Dec/2016:11:19:45 -0300] "GET /cormun/servlet/solicitudot?d627376d6a86b348bd002080576c72ee0a434198aa54e413d107c220497c607a411e8488ae2f33835e0496fb980ac8b2,gx-no-cache=1481811663363 HTTP/1.1" 200 30
186.79.96.29 - - [15/Dec/2016:11:19:45 -0300] "POST /cormun/servlet/solicitudot?gx-no-cache=1481811663464 HTTP/1.1" 200 297
186.79.96.29 - - [15/Dec/2016:11:19:45 -0300] "GET /cormun/servlet/solicitudot?d627376d6a86b348bd002080576c72ee0fc089b33296cb020d8085b38ff9e5f07b9204f6bf380569030a2887b258e0263ca4fc4debea6491f9695c85ac243fae4488a802dd964211997b650669cc2966d4be80d0fd1d630c2bee8cf19d45c60e2aa9f05680fa2105034facc83cb5293d5a3cf7763436233f8fdaac0a3927721e75246727c3c4b5754659bd5e30133cd1da04d801f33e4c59d0a16a156098d4adac614a726104ba0a225cc47815610afdf7a5dc73cb8c9df7bf4c1dd3662fedd953cc2f1d6ca3bb116c133a481492ccf58e57b2abb321dbbe20f8be85da00517d9d008d2ddaa625e28e04d6841a517d71c4b749a3190f21c871d2f1c6c9ddf64c7366fd8dc0c9e6bdca8d3c24adc7ef35516381ee4b77ae376edc1d6882463f3708c2dcae7af8c7b6e3bf0db1870e75d27577bd8f49455189f7280560d1e0fc2a8c5e3eb3e25bc44b99f52011c17d93c8172528da9f368eb73dfc0a14f009eee90f2906997eeab8e1ce2995d714d90330892a97c937d672ed96bde306a411651f85c1fef0aaa0e683fc3b347a8fe2b1e9,gx-no-cache=1481811663579 HTTP/1.1" 200 30
186.79.96.29 - - [15/Dec/2016:11:19:46 -0300] "POST /cormun/servlet/solicitudot?gx-no-cache=1481811663666 HTTP/1.1" 200 30
186.79.96.29 - - [15/Dec/2016:11:19:46 -0300] "POST /cormun/servlet/solicitudot?gx-no-cache=1481811663770 HTTP/1.1" 200 1277
186.79.96.29 - - [15/Dec/2016:11:19:48 -0300] "POST /cormun/servlet/solicitudot?gx-no-cache=1481811666026 HTTP/1.1" 200 3179
186.79.0.244 - - [15/Dec/2016:11:19:49 -0300] "GET /cormun/servlet/hlogin HTTP/1.1" 200 1713
186.79.96.29 - - [15/Dec/2016:11:19:49 -0300] "POST /cormun/servlet/solicitudot?2b1becf846f4e033e46d672d9e0258a1,UPD,2016,3036,,gx-no-cache=1481811666496 HTTP/1.1" 200 11115
186.79.96.29 - - [15/Dec/2016:11:19:49 -0300] "GET /cormun/servlet/solicitudot?d627376d6a86b348bd002080576c72ee0a434198aa54e413d107c220497c607a411e8488ae2f33835e0496fb980ac8b2,gx-no-cache=1481811667397 HTTP/1.1" 200 30
186.79.96.29 - - [15/Dec/2016:11:19:49 -0300] "POST /cormun/servlet/solicitudot?gx-no-cache=1481811667504 HTTP/1.1" 200 297
186.79.96.29 - - [15/Dec/2016:11:19:49 -0300] "GET /cormun/servlet/solicitudot?d627376d6a86b348bd002080576c72ee0fc089b33296cb020d8085b38ff9e5f07b9204f6bf380569030a2887b258e0263ca4fc4debea6491f9695c85ac243fae4488a802dd964211997b650669cc2966d4be80d0fd1d630c2bee8cf19d45c60e2aa9f05680fa2105034facc83cb5293d5a3cf7763436233f8fdaac0a3927721e75246727c3c4b5754659bd5e30133cd1da04d801f33e4c59d0a16a156098d4adac614a726104ba0a225cc47815610afdf7a5dc73cb8c9df7bf4c1dd3662fedd953cc2f1d6ca3bb116c133a481492ccf58e57b2abb321dbbe20f8be85da00517d9d008d2ddaa625e28e04d6841a517d71c4b749a3190f21c871d2f1c6c9ddf64c7366fd8dc0c9e6bdca8d3c24adc7ef35516381ee4b77ae376edc1d6882463f3708c2dcae7af8c7b6e3bf0db1870e75d27577bd8f49455189f7280560d1e0fc2a8c5e3eb3e25bc44b99f52011c17d93c8172528da9f368eb73dfc0a14f009eee90f2906997eeab8e1ce2995d714d90330892a97c937d672ed96bde306a411651f85c1fef0aaa0e683fc3b347a8fe2b1e9,gx-no-cache=1481811667629 HTTP/1.1" 200 30
186.79.96.29 - - [15/Dec/2016:11:19:50 -0300] "POST /cormun/servlet/solicitudot?gx-no-cache=1481811667720 HTTP/1.1" 200 30
186.79.96.29 - - [15/Dec/2016:11:19:50 -0300] "POST /cormun/servlet/solicitudot?gx-no-cache=1481811667822 HTTP/1.1" 200 1277
186.79.0.244 - - [15/Dec/2016:11:19:51 -0300] "POST /cormun/servlet/hlogin?5a698b58aab3f306862edb3ded10556c,gx-no-cache=1481811672381 HTTP/1.1" 200 90
186.79.0.244 - - [15/Dec/2016:11:19:51 -0300] "GET /cormun/servlet/hpexe_link HTTP/1.1" 200 949
186.79.0.244 - - [15/Dec/2016:11:19:51 -0300] "GET /cormun/servlet/hhome HTTP/1.1" 200 3701
186.79.0.244 - - [15/Dec/2016:11:19:52 -0300] "GET /cormun/servlet/hhome HTTP/1.1" 200 3698
186.79.96.29 - - [15/Dec/2016:11:19:53 -0300] "POST /cormun/servlet/solicitudot?gx-no-cache=1481811671078 HTTP/1.1" 200 41
186.79.96.29 - - [15/Dec/2016:11:19:53 -0300] "POST /cormun/servlet/solicitudot?gx-no-cache=1481811671197 HTTP/1.1" 200 1261
186.79.96.29 - - [15/Dec/2016:11:19:53 -0300] "POST /cormun/servlet/solicitudot?gx-no-cache=1481811671397 HTTP/1.1" 200 1143
186.79.96.29 - - [15/Dec/2016:11:19:53 -0300] "GET /cormun/servlet/solicitudot?d627376d6a86b348bd002080576c72ee980b3ae5c9aadf557c80bdb0692c4b1863387ee414644b8117151ac513142ed3897bb00056fbde7345cfd72909f9ff34def48d432352dbc9db2d0d140469877d25e20f4040d2c941519044850c55be65b359270b5791ab3245b37abbee08133c7802281ce4aa8f69a351c61fba37a8f4f1aeaa5ab1491ac19f8c4f1ef14515b3e4e626a33feb9476b255b42e039c94b935ef228b15f52f6592ebf7b3036cdb5094b8616ad853747dd69815e2809d1cbe,gx-no-cache=1481811671584 HTTP/1.1" 200 32
186.79.96.29 - - [15/Dec/2016:11:19:54 -0300] "POST /cormun/servlet/solicitudot?2b1becf846f4e033e46d672d9e0258a1,UPD,2016,3036,,gx-no-cache=1481811671672 HTTP/1.1" 200 93
186.79.96.29 - - [15/Dec/2016:11:19:54 -0300] "GET /cormun/servlet/hpexe_return? HTTP/1.1" 200 1015
186.79.96.29 - - [15/Dec/2016:11:19:55 -0300] "GET /cormun/servlet/trsolicitudot HTTP/1.1" 200 8297
186.79.0.244 - - [15/Dec/2016:11:19:56 -0300] "GET /cormun/servlet/trlicencias? HTTP/1.1" 200 8407
186.79.0.244 - - [15/Dec/2016:11:19:56 -0300] "GET /cormun/servlet/trlicencias? HTTP/1.1" 200 8405
186.79.96.29 - - [15/Dec/2016:11:19:57 -0300] "GET /cormun/servlet/trsolicitudot HTTP/1.1" 200 8293
186.79.0.244 - - [15/Dec/2016:11:20:06 -0300] "GET /cormun/servlet/trlicenciaspermisosadjuntos?17235253,20161215,L, HTTP/1.1" 200 6048
186.79.0.244 - - [15/Dec/2016:11:20:07 -0300] "GET /cormun/servlet/trlicenciaspermisosadjuntos?17235253,20161215,L, HTTP/1.1" 200 6048
186.79.0.244 - - [15/Dec/2016:11:20:15 -0300] "GET /cormun/servlet/licenciaspermisosadjuntos?INS,17235253,L,20161215,, HTTP/1.1" 200 5345
186.79.0.244 - - [15/Dec/2016:11:20:15 -0300] "GET /cormun/static/about:blank HTTP/1.1" 404 1011
186.79.0.244 - - [15/Dec/2016:11:20:15 -0300] "GET /cormun/servlet/licenciaspermisosadjuntos?INS,17235253,L,20161215,, HTTP/1.1" 200 5334
186.79.96.29 - - [15/Dec/2016:11:20:57 -0300] "POST /cormun/servlet/trsolicitudot?2b1becf846f4e033e46d672d9e0258a1,gx-no-cache=1481811734129 HTTP/1.1" 200 5896
186.79.96.29 - - [15/Dec/2016:11:20:57 -0300] "GET /cormun/static/Shared/jqueryui/images/ui-bg_highlight-soft_100_c6c2c8_1x100.png HTTP/1.1" 404 1117
186.79.96.29 - - [15/Dec/2016:11:20:57 -0300] "GET /cormun/static/Shared/jqueryui/images/ui-icons_8d78a5_256x240.png HTTP/1.1" 404 1089
186.79.96.29 - - [15/Dec/2016:11:20:57 -0300] "GET /cormun/static/Shared/jqueryui/images/ui-icons_82798d_256x240.png HTTP/1.1" 404 1089
186.79.96.29 - - [15/Dec/2016:11:20:57 -0300] "GET /cormun/static/Shared/jqueryui/images/ui-bg_flat_55_fafafa_40x100.png HTTP/1.1" 404 1097
186.79.96.29 - - [15/Dec/2016:11:21:09 -0300] "POST /cormun/servlet/trsolicitudot?2b1becf846f4e033e46d672d9e0258a1,gx-no-cache=1481811747040 HTTP/1.1" 200 5327
186.79.96.29 - - [15/Dec/2016:11:21:10 -0300] "POST /cormun/servlet/trsolicitudot?2b1becf846f4e033e46d672d9e0258a1,gx-no-cache=1481811747805 HTTP/1.1" 200 5271
186.79.96.29 - - [15/Dec/2016:11:21:13 -0300] "POST /cormun/servlet/trsolicitudot?2b1becf846f4e033e46d672d9e0258a1,gx-no-cache=1481811750605 HTTP/1.1" 200 106
186.79.96.29 - - [15/Dec/2016:11:21:13 -0300] "GET /cormun/servlet/trsolicitudadjuntos?2016,3037, HTTP/1.1" 200 5790
186.79.96.29 - - [15/Dec/2016:11:21:13 -0300] "GET /cormun/static/gxcfg.js?201612218531388 HTTP/1.1" 200 953
186.79.96.29 - - [15/Dec/2016:11:21:13 -0300] "GET /cormun/static/trsolicitudadjuntos.js?201612218531657 HTTP/1.1" 200 17913
186.79.96.29 - - [15/Dec/2016:11:21:15 -0300] "GET /cormun/servlet/trsolicitudadjuntos?2016,3037, HTTP/1.1" 200 5790
186.79.96.29 - - [15/Dec/2016:11:21:19 -0300] "GET /cormun/servlet/solicitudotadjuntos?INS,2016,3037,,2, HTTP/1.1" 200 5720
186.79.96.29 - - [15/Dec/2016:11:21:19 -0300] "GET /cormun/static/gxcfg.js?201612218465951 HTTP/1.1" 200 953
186.79.96.29 - - [15/Dec/2016:11:21:19 -0300] "GET /cormun/static/solicitudotadjuntos.js?201612218465969 HTTP/1.1" 200 11762
186.79.96.29 - - [15/Dec/2016:11:21:19 -0300] "GET /cormun/static/about:blank HTTP/1.1" 404 1011
186.79.96.29 - - [15/Dec/2016:11:21:20 -0300] "GET /cormun/servlet/solicitudotadjuntos?INS,2016,3037,,2, HTTP/1.1" 200 5714
186.79.96.29 - - [15/Dec/2016:11:21:20 -0300] "GET /cormun/servlet/solicitudotadjuntos?d627376d6a86b348bd002080576c72ee776fede1429796f63c8635dc14ad1fcff6692cd7ca5cf1f17f6388e2a500c6a7,gx-no-cache=1481811758639 HTTP/1.1" 200 30
186.79.96.29 - - [15/Dec/2016:11:21:21 -0300] "POST /cormun/servlet/solicitudotadjuntos?2b1becf846f4e033e46d672d9e0258a1,INS,2016,3037,,2,,gx-no-cache=1481811758742 HTTP/1.1" 200 3814
186.79.96.29 - - [15/Dec/2016:11:21:34 -0300] "POST /cormun/servlet/solicitudotadjuntos?2b1becf846f4e033e46d672d9e0258a1,INS,2016,3037,,2,,gx-no-cache=1481811771525 HTTP/1.1" 200 93
186.79.96.29 - - [15/Dec/2016:11:21:34 -0300] "GET /cormun/servlet/hpexe_return? HTTP/1.1" 200 1027
186.79.96.29 - - [15/Dec/2016:11:21:34 -0300] "GET /cormun/servlet/trsolicitudadjuntos?2016,3037, HTTP/1.1" 200 5794
186.79.96.29 - - [15/Dec/2016:11:21:36 -0300] "GET /cormun/servlet/trsolicitudadjuntos?2016,3037, HTTP/1.1" 200 5790
186.79.96.29 - - [15/Dec/2016:11:21:38 -0300] "GET /cormun/servlet/solicitudotadjuntos?INS,2016,3037,,2, HTTP/1.1" 200 5720
186.79.96.29 - - [15/Dec/2016:11:21:40 -0300] "GET /cormun/static/about:blank HTTP/1.1" 404 1011
186.79.96.29 - - [15/Dec/2016:11:21:40 -0300] "GET /cormun/servlet/solicitudotadjuntos?INS,2016,3037,,2, HTTP/1.1" 200 5714
186.79.96.29 - - [15/Dec/2016:11:21:40 -0300] "GET /cormun/servlet/solicitudotadjuntos?d627376d6a86b348bd002080576c72ee776fede1429796f63c8635dc14ad1fcff6692cd7ca5cf1f17f6388e2a500c6a7,gx-no-cache=1481811778200 HTTP/1.1" 200 30
186.79.96.29 - - [15/Dec/2016:11:21:40 -0300] "POST /cormun/servlet/solicitudotadjuntos?2b1becf846f4e033e46d672d9e0258a1,INS,2016,3037,,2,,gx-no-cache=1481811778283 HTTP/1.1" 200 3814
186.79.96.29 - - [15/Dec/2016:11:22:06 -0300] "POST /cormun/servlet/solicitudotadjuntos?2b1becf846f4e033e46d672d9e0258a1,INS,2016,3037,,2,,gx-no-cache=1481811804352 HTTP/1.1" 200 93
186.79.96.29 - - [15/Dec/2016:11:22:07 -0300] "GET /cormun/servlet/hpexe_return? HTTP/1.1" 200 1027
186.79.96.29 - - [15/Dec/2016:11:22:07 -0300] "GET /cormun/servlet/trsolicitudadjuntos?2016,3037, HTTP/1.1" 200 5794
186.79.96.29 - - [15/Dec/2016:11:22:08 -0300] "GET /cormun/servlet/trsolicitudadjuntos?2016,3037, HTTP/1.1" 200 5790
186.79.96.29 - - [15/Dec/2016:11:22:17 -0300] "GET /cormun/servlet/trvisualizadoreventos? HTTP/1.1" 200 6444
186.79.96.29 - - [15/Dec/2016:11:22:17 -0300] "GET /cormun/static/gxcfg.js?2016101716203350 HTTP/1.1" 200 953
186.79.96.29 - - [15/Dec/2016:11:22:17 -0300] "GET /cormun/static/trvisualizadoreventos.js?2016101716203614 HTTP/1.1" 304 -
186.79.96.29 - - [15/Dec/2016:11:22:19 -0300] "GET /cormun/servlet/trvisualizadoreventos? HTTP/1.1" 200 6433
186.79.96.29 - - [15/Dec/2016:11:22:33 -0300] "POST /cormun/servlet/trvisualizadoreventos?2b1becf846f4e033e46d672d9e0258a1,,gx-no-cache=1481811831275 HTTP/1.1" 200 3744
186.79.0.244 - - [15/Dec/2016:11:22:43 -0300] "GET /cormun/servlet/hlogin HTTP/1.1" 200 1722
186.79.0.244 - - [15/Dec/2016:11:22:45 -0300] "POST /cormun/servlet/hlogin?f0df89ed6f7d592e7f45a884c21bf90d,gx-no-cache=1481811846747 HTTP/1.1" 200 90
186.79.0.244 - - [15/Dec/2016:11:22:45 -0300] "GET /cormun/servlet/hpexe_link HTTP/1.1" 200 955
186.79.0.244 - - [15/Dec/2016:11:22:45 -0300] "GET /cormun/servlet/hhome HTTP/1.1" 200 3708
186.79.0.244 - - [15/Dec/2016:11:22:46 -0300] "GET /cormun/servlet/hhome HTTP/1.1" 200 3705
186.79.0.244 - - [15/Dec/2016:11:22:51 -0300] "GET /cormun/servlet/trlicencias? HTTP/1.1" 200 8413
186.79.0.244 - - [15/Dec/2016:11:22:51 -0300] "GET /cormun/servlet/trlicencias? HTTP/1.1" 200 8411
186.79.0.244 - - [15/Dec/2016:11:22:55 -0300] "GET /cormun/servlet/trlicenciaspermisosadjuntos?17235253,20161215,L, HTTP/1.1" 200 6055
186.79.0.244 - - [15/Dec/2016:11:22:56 -0300] "GET /cormun/servlet/trlicenciaspermisosadjuntos?17235253,20161215,L, HTTP/1.1" 200 6054
186.79.0.244 - - [15/Dec/2016:11:23:00 -0300] "GET /cormun/servlet/licenciaspermisosadjuntos?INS,17235253,L,20161215,, HTTP/1.1" 200 5354
186.79.0.244 - - [15/Dec/2016:11:23:01 -0300] "GET /cormun/static/about:blank HTTP/1.1" 404 1011
186.79.0.244 - - [15/Dec/2016:11:23:01 -0300] "GET /cormun/servlet/licenciaspermisosadjuntos?INS,17235253,L,20161215,, HTTP/1.1" 200 5343
186.79.96.29 - - [15/Dec/2016:11:23:09 -0300] "POST /cormun/servlet/trvisualizadoreventos?2b1becf846f4e033e46d672d9e0258a1,,gx-no-cache=1481811866814 HTTP/1.1" 200 3745
186.79.96.29 - - [15/Dec/2016:11:23:21 -0300] "POST /cormun/servlet/trvisualizadoreventos?2b1becf846f4e033e46d672d9e0258a1,,gx-no-cache=1481811877400 HTTP/1.1" 200 111
186.79.96.29 - - [15/Dec/2016:11:23:21 -0300] "GET /cormun/VisualizadorEventos-4368.xls HTTP/1.1" 200 4096
186.79.0.244 - - [15/Dec/2016:11:23:45 -0300] "POST /cormun/servlet/licenciaspermisosadjuntos?f0df89ed6f7d592e7f45a884c21bf90d,INS,17235253,L,20161215,, HTTP/1.1" 200 116
186.79.0.244 - - [15/Dec/2016:11:23:45 -0300] "GET /cormun/servlet/hpexe_return? HTTP/1.1" 200 1038
186.79.0.244 - - [15/Dec/2016:11:23:45 -0300] "GET /cormun/servlet/trlicenciaspermisosadjuntos?17235253,20161215,L, HTTP/1.1" 200 6516
186.79.0.244 - - [15/Dec/2016:11:23:46 -0300] "GET /cormun/servlet/trlicenciaspermisosadjuntos?17235253,20161215,L, HTTP/1.1" 200 6513
186.79.0.244 - - [15/Dec/2016:11:23:49 -0300] "GET /cormun/servlet/hlogin HTTP/1.1" 200 1722
186.79.0.244 - - [15/Dec/2016:11:23:51 -0300] "POST /cormun/servlet/hlogin?f0df89ed6f7d592e7f45a884c21bf90d,gx-no-cache=1481811913062 HTTP/1.1" 200 90
186.79.0.244 - - [15/Dec/2016:11:23:51 -0300] "GET /cormun/servlet/hpexe_link HTTP/1.1" 200 985
186.79.0.244 - - [15/Dec/2016:11:23:52 -0300] "GET /cormun/servlet/trlicenciaspermisosadjuntos?17235253,20161215,L, HTTP/1.1" 200 6514
186.79.0.244 - - [15/Dec/2016:11:23:53 -0300] "GET /cormun/servlet/trlicenciaspermisosadjuntos?17235253,20161215,L, HTTP/1.1" 200 6513
186.79.0.244 - - [15/Dec/2016:11:23:56 -0300] "GET /cormun/PublicTempStorage/licencia__cristop.7889282.jpg HTTP/1.1" 200 1150846
186.79.96.29 - - [15/Dec/2016:11:24:01 -0300] "POST /cormun/servlet/trvisualizadoreventos?2b1becf846f4e033e46d672d9e0258a1,,gx-no-cache=1481811918359 HTTP/1.1" 200 3747
186.79.0.244 - - [15/Dec/2016:11:24:14 -0300] "GET /cormun/servlet/trlicencias? HTTP/1.1" 200 8411
186.79.0.244 - - [15/Dec/2016:11:24:14 -0300] "GET /cormun/servlet/trlicencias? HTTP/1.1" 200 8411
186.79.0.244 - - [15/Dec/2016:11:24:19 -0300] "POST /cormun/servlet/trlicencias?f0df89ed6f7d592e7f45a884c21bf90d,,gx-no-cache=1481811940132 HTTP/1.1" 200 5558
186.79.0.244 - - [15/Dec/2016:11:24:19 -0300] "GET /cormun/static/Shared/jqueryui/images/ui-bg_highlight-soft_100_c6c2c8_1x100.png HTTP/1.1" 404 1117
186.79.0.244 - - [15/Dec/2016:11:24:19 -0300] "GET /cormun/static/Shared/jqueryui/images/ui-icons_82798d_256x240.png HTTP/1.1" 404 1089
186.79.0.244 - - [15/Dec/2016:11:24:19 -0300] "GET /cormun/static/Shared/jqueryui/images/ui-bg_flat_55_fafafa_40x100.png HTTP/1.1" 404 1097
186.79.0.244 - - [15/Dec/2016:11:24:19 -0300] "GET /cormun/static/Shared/jqueryui/images/ui-icons_8d78a5_256x240.png HTTP/1.1" 404 1089
186.79.96.29 - - [15/Dec/2016:11:24:19 -0300] "POST /cormun/servlet/trvisualizadoreventos?2b1becf846f4e033e46d672d9e0258a1,,gx-no-cache=1481811937128 HTTP/1.1" 200 90
186.79.96.29 - - [15/Dec/2016:11:24:19 -0300] "GET /cormun/servlet/hpexe_link HTTP/1.1" 200 984
186.79.96.29 - - [15/Dec/2016:11:24:19 -0300] "GET /cormun/static/gxcfg.js?201612218515529 HTTP/1.1" 304 -
186.79.96.29 - - [15/Dec/2016:11:24:20 -0300] "GET /cormun/servlet/trsolicitudadjuntos?2016,3037, HTTP/1.1" 200 5792
186.79.96.29 - - [15/Dec/2016:11:24:22 -0300] "GET /cormun/servlet/trsolicitudadjuntos?2016,3037, HTTP/1.1" 200 5790
186.79.96.29 - - [15/Dec/2016:11:24:27 -0300] "GET /cormun/servlet/solicitudotadjuntos?INS,2016,3037,,2, HTTP/1.1" 200 5721
186.79.96.29 - - [15/Dec/2016:11:24:27 -0300] "GET /cormun/static/about:blank HTTP/1.1" 404 1011
186.79.96.29 - - [15/Dec/2016:11:24:28 -0300] "GET /cormun/servlet/solicitudotadjuntos?INS,2016,3037,,2, HTTP/1.1" 200 5715
186.79.96.29 - - [15/Dec/2016:11:24:29 -0300] "GET /cormun/servlet/solicitudotadjuntos?d627376d6a86b348bd002080576c72ee776fede1429796f63c8635dc14ad1fcff6692cd7ca5cf1f17f6388e2a500c6a7,gx-no-cache=1481811946832 HTTP/1.1" 200 30
186.79.96.29 - - [15/Dec/2016:11:24:29 -0300] "POST /cormun/servlet/solicitudotadjuntos?2b1becf846f4e033e46d672d9e0258a1,INS,2016,3037,,2,,gx-no-cache=1481811946935 HTTP/1.1" 200 3815
186.79.0.244 - - [15/Dec/2016:11:24:32 -0300] "POST /cormun/servlet/trlicencias?f0df89ed6f7d592e7f45a884c21bf90d,,gx-no-cache=1481811953316 HTTP/1.1" 200 5206
186.79.96.29 - - [15/Dec/2016:11:24:47 -0300] "POST /cormun/servlet/solicitudotadjuntos?2b1becf846f4e033e46d672d9e0258a1,INS,2016,3037,,2,,gx-no-cache=1481811965169 HTTP/1.1" 200 93
186.79.96.29 - - [15/Dec/2016:11:24:47 -0300] "GET /cormun/servlet/hpexe_return? HTTP/1.1" 200 1027
186.79.96.29 - - [15/Dec/2016:11:24:48 -0300] "GET /cormun/servlet/trsolicitudadjuntos?2016,3037, HTTP/1.1" 200 5794
186.79.96.29 - - [15/Dec/2016:11:24:49 -0300] "GET /cormun/servlet/trsolicitudadjuntos?2016,3037, HTTP/1.1" 200 5790
186.79.0.244 - - [15/Dec/2016:11:24:52 -0300] "POST /cormun/servlet/trlicencias?f0df89ed6f7d592e7f45a884c21bf90d,,gx-no-cache=1481811973477 HTTP/1.1" 200 4050
186.79.96.29 - - [15/Dec/2016:11:25:01 -0300] "GET /cormun/servlet/solicitudotadjuntos?INS,2016,3037,,2, HTTP/1.1" 200 5722
186.79.96.29 - - [15/Dec/2016:11:25:01 -0300] "GET /cormun/static/about:blank HTTP/1.1" 404 1011
186.79.96.29 - - [15/Dec/2016:11:25:02 -0300] "GET /cormun/servlet/solicitudotadjuntos?INS,2016,3037,,2, HTTP/1.1" 200 5716
186.79.96.29 - - [15/Dec/2016:11:25:03 -0300] "GET /cormun/servlet/solicitudotadjuntos?d627376d6a86b348bd002080576c72ee776fede1429796f63c8635dc14ad1fcff6692cd7ca5cf1f17f6388e2a500c6a7,gx-no-cache=1481811980827 HTTP/1.1" 200 30
186.79.96.29 - - [15/Dec/2016:11:25:03 -0300] "POST /cormun/servlet/solicitudotadjuntos?2b1becf846f4e033e46d672d9e0258a1,INS,2016,3037,,2,,gx-no-cache=1481811980915 HTTP/1.1" 200 3815
186.79.96.29 - - [15/Dec/2016:11:25:11 -0300] "POST /cormun/servlet/solicitudotadjuntos?2b1becf846f4e033e46d672d9e0258a1,INS,2016,3037,,2,,gx-no-cache=1481811988820 HTTP/1.1" 200 93
186.79.96.29 - - [15/Dec/2016:11:25:11 -0300] "GET /cormun/servlet/hpexe_return? HTTP/1.1" 200 1027
186.79.96.29 - - [15/Dec/2016:11:25:11 -0300] "GET /cormun/servlet/trsolicitudadjuntos?2016,3037, HTTP/1.1" 200 5794
186.79.0.244 - - [15/Dec/2016:11:25:24 -0300] "GET /cormun/servlet/hlogin HTTP/1.1" 200 1718
186.79.96.29 - - [15/Dec/2016:11:25:25 -0300] "GET /cormun/servlet/hlogin HTTP/1.1" 200 1722
186.79.96.29 - - [15/Dec/2016:11:25:25 -0300] "GET /cormun/static/gxcfg.js?201612216162538 HTTP/1.1" 304 -
186.79.0.244 - - [15/Dec/2016:11:25:26 -0300] "POST /cormun/servlet/hlogin?635f39047ff1515e0b0604b6b2a6f3e2,gx-no-cache=1481812008044 HTTP/1.1" 200 90
186.79.0.244 - - [15/Dec/2016:11:25:26 -0300] "GET /cormun/servlet/hpexe_link HTTP/1.1" 200 953
186.79.0.244 - - [15/Dec/2016:11:25:27 -0300] "GET /cormun/servlet/hhome HTTP/1.1" 200 3704
192.168.10.89 - - [15/Dec/2016:11:25:27 -0300] "GET /cormunbeta/servlet/hlogin HTTP/1.1" 200 1723
186.79.0.244 - - [15/Dec/2016:11:25:27 -0300] "GET /cormun/servlet/hhome HTTP/1.1" 200 3701
192.168.10.89 - - [15/Dec/2016:11:25:31 -0300] "GET /cormun/servlet/hlogin HTTP/1.1" 200 1720
186.79.0.244 - - [15/Dec/2016:11:25:32 -0300] "GET /cormun/servlet/trlicencias? HTTP/1.1" 200 6536
186.79.0.244 - - [15/Dec/2016:11:25:33 -0300] "GET /cormun/servlet/trlicencias? HTTP/1.1" 200 6535
192.168.10.89 - - [15/Dec/2016:11:25:38 -0300] "POST /cormun/servlet/hlogin?61b772cddd0da6622dbe4dc3353c4f05,gx-no-cache=1481811656734 HTTP/1.1" 200 90
192.168.10.89 - - [15/Dec/2016:11:25:38 -0300] "GET /cormun/servlet/hpexe_link HTTP/1.1" 200 955
192.168.10.89 - - [15/Dec/2016:11:25:38 -0300] "GET /cormun/servlet/hhome HTTP/1.1" 200 3884
192.168.10.89 - - [15/Dec/2016:11:25:42 -0300] "GET /cormun/servlet/trlicencias? HTTP/1.1" 200 6712
192.168.10.89 - - [15/Dec/2016:11:25:42 -0300] "GET /cormun/static/gxcfg.js?2016112214143385 HTTP/1.1" 200 953
192.168.10.89 - - [15/Dec/2016:11:25:42 -0300] "GET /cormun/static/trlicencias.js?2016112214144060 HTTP/1.1" 304 -
192.168.10.89 - - [15/Dec/2016:11:25:44 -0300] "GET /cormun/servlet/licenciaspermisos?INS,0,,, HTTP/1.1" 200 7227
192.168.10.89 - - [15/Dec/2016:11:25:44 -0300] "GET /cormun/static/gxcfg.js?201612218463143 HTTP/1.1" 200 953
192.168.10.89 - - [15/Dec/2016:11:25:44 -0300] "GET /cormun/static/licenciaspermisos.js?20161221846329 HTTP/1.1" 304 -
186.79.0.244 - - [15/Dec/2016:11:25:51 -0300] "GET /cormun/servlet/trlicencias? HTTP/1.1" 200 6535
186.79.0.244 - - [15/Dec/2016:11:25:52 -0300] "GET /cormun/servlet/trlicencias? HTTP/1.1" 200 6535
186.79.96.29 - - [15/Dec/2016:11:25:58 -0300] "POST /cormun/servlet/hlogin?2b1becf846f4e033e46d672d9e0258a1,gx-no-cache=1481812036441 HTTP/1.1" 200 90
186.79.96.29 - - [15/Dec/2016:11:25:59 -0300] "GET /cormun/servlet/hpexe_link HTTP/1.1" 200 975
186.79.96.29 - - [15/Dec/2016:11:25:59 -0300] "GET /cormun/servlet/trsolicitudadjuntos?2016,3037, HTTP/1.1" 200 5792
186.79.0.244 - - [15/Dec/2016:11:25:59 -0300] "POST /cormun/servlet/trlicencias?635f39047ff1515e0b0604b6b2a6f3e2,,gx-no-cache=1481812040540 HTTP/1.1" 200 3849
186.79.96.29 - - [15/Dec/2016:11:26:01 -0300] "GET /cormun/servlet/trsolicitudadjuntos?2016,3037, HTTP/1.1" 200 5790
186.79.0.244 - - [15/Dec/2016:11:26:04 -0300] "POST /cormun/servlet/trlicencias?635f39047ff1515e0b0604b6b2a6f3e2,,gx-no-cache=1481812045220 HTTP/1.1" 200 3849
186.79.96.29 - - [15/Dec/2016:11:26:10 -0300] "GET /cormun/servlet/trsolicitudot? HTTP/1.1" 200 7911
186.79.0.244 - - [15/Dec/2016:11:26:10 -0300] "GET /cormun/servlet/licenciaspermisos?INS,0,,, HTTP/1.1" 200 7034
186.79.0.244 - - [15/Dec/2016:11:26:11 -0300] "GET /cormun/servlet/licenciaspermisos?INS,0,,, HTTP/1.1" 200 7034
186.79.96.29 - - [15/Dec/2016:11:26:11 -0300] "GET /cormun/servlet/trsolicitudot? HTTP/1.1" 200 7905
186.79.0.244 - - [15/Dec/2016:11:26:15 -0300] "POST /cormun/servlet/licenciaspermisos?635f39047ff1515e0b0604b6b2a6f3e2,INS,0,,,,gx-no-cache=1481812056874 HTTP/1.1" 200 93
186.79.0.244 - - [15/Dec/2016:11:26:15 -0300] "GET /cormun/servlet/hpexe_return? HTTP/1.1" 200 1011
186.79.0.244 - - [15/Dec/2016:11:26:16 -0300] "GET /cormun/servlet/trlicencias? HTTP/1.1" 200 6539
186.79.96.29 - - [15/Dec/2016:11:26:16 -0300] "POST /cormun/servlet/trsolicitudot?2b1becf846f4e033e46d672d9e0258a1,,gx-no-cache=1481812054354 HTTP/1.1" 200 106
186.79.0.244 - - [15/Dec/2016:11:26:16 -0300] "GET /cormun/servlet/trlicencias? HTTP/1.1" 200 6535
186.79.96.29 - - [15/Dec/2016:11:26:17 -0300] "GET /cormun/servlet/trsolicitudadjuntos?2016,3037, HTTP/1.1" 200 5790
186.79.96.29 - - [15/Dec/2016:11:26:18 -0300] "GET /cormun/servlet/trsolicitudadjuntos?2016,3037, HTTP/1.1" 200 5790
186.79.96.29 - - [15/Dec/2016:11:26:32 -0300] "GET /cormun/servlet/solicitudotadjuntos?INS,2016,3037,,2, HTTP/1.1" 200 5721
186.79.96.29 - - [15/Dec/2016:11:26:32 -0300] "GET /cormun/static/about:blank HTTP/1.1" 404 1011
186.79.96.29 - - [15/Dec/2016:11:26:33 -0300] "GET /cormun/servlet/solicitudotadjuntos?INS,2016,3037,,2, HTTP/1.1" 200 5715
186.79.96.29 - - [15/Dec/2016:11:26:34 -0300] "GET /cormun/servlet/solicitudotadjuntos?d627376d6a86b348bd002080576c72ee776fede1429796f63c8635dc14ad1fcff6692cd7ca5cf1f17f6388e2a500c6a7,gx-no-cache=1481812071880 HTTP/1.1" 200 30
186.79.96.29 - - [15/Dec/2016:11:26:34 -0300] "POST /cormun/servlet/solicitudotadjuntos?2b1becf846f4e033e46d672d9e0258a1,INS,2016,3037,,2,,gx-no-cache=1481812071991 HTTP/1.1" 200 3815
186.79.96.29 - - [15/Dec/2016:11:26:43 -0300] "GET /cormun/servlet/trsolicitudot? HTTP/1.1" 200 7916
186.79.96.29 - - [15/Dec/2016:11:26:44 -0300] "GET /cormun/servlet/trsolicitudot? HTTP/1.1" 200 7905
192.168.10.89 - - [15/Dec/2016:11:26:48 -0300] "GET /cormun/servlet/hlogin HTTP/1.1" 200 1749
186.79.0.244 - - [15/Dec/2016:11:26:52 -0300] "GET /cormun/servlet/trlicencias? HTTP/1.1" 200 6535
186.79.0.244 - - [15/Dec/2016:11:26:53 -0300] "GET /cormun/servlet/trlicencias? HTTP/1.1" 200 6535
192.168.10.89 - - [15/Dec/2016:11:27:04 -0300] "POST /cormun/servlet/hlogin?61b772cddd0da6622dbe4dc3353c4f05,gx-no-cache=1481811742750 HTTP/1.1" 200 90
192.168.10.89 - - [15/Dec/2016:11:27:04 -0300] "GET /cormun/servlet/hpexe_link HTTP/1.1" 200 955
192.168.10.89 - - [15/Dec/2016:11:27:04 -0300] "GET /cormun/servlet/hhome HTTP/1.1" 200 3685
192.168.10.89 - - [15/Dec/2016:11:27:07 -0300] "GET /cormun/servlet/trsolicitudot? HTTP/1.1" 200 7903
192.168.10.89 - - [15/Dec/2016:11:27:07 -0300] "GET /cormun/static/gxcfg.js?201612138323191 HTTP/1.1" 200 953
192.168.10.89 - - [15/Dec/2016:11:27:07 -0300] "GET /cormun/static/trsolicitudot.js?20161213832387 HTTP/1.1" 200 44586
192.168.10.89 - - [15/Dec/2016:11:27:13 -0300] "POST /cormun/servlet/trsolicitudot?61b772cddd0da6622dbe4dc3353c4f05,,gx-no-cache=1481811752099 HTTP/1.1" 200 105
192.168.10.89 - - [15/Dec/2016:11:27:13 -0300] "GET /cormun/servlet/solicitudot?UPD,2016,3037, HTTP/1.1" 200 14155
192.168.10.89 - - [15/Dec/2016:11:27:13 -0300] "GET /cormun/static/gxcfg.js?201612412305271 HTTP/1.1" 200 953
192.168.10.89 - - [15/Dec/2016:11:27:14 -0300] "GET /cormun/static/solicitudot.js?201612412305410 HTTP/1.1" 200 63948
192.168.10.89 - - [15/Dec/2016:11:27:15 -0300] "POST /cormun/servlet/solicitudot?gx-no-cache=1481811753637 HTTP/1.1" 200 3136
186.79.0.244 - - [15/Dec/2016:11:27:15 -0300] "POST /cormun/servlet/trlicencias?635f39047ff1515e0b0604b6b2a6f3e2,,gx-no-cache=1481812116378 HTTP/1.1" 200 101
192.168.10.89 - - [15/Dec/2016:11:27:15 -0300] "POST /cormun/servlet/solicitudot?61b772cddd0da6622dbe4dc3353c4f05,UPD,2016,3037,,gx-no-cache=1481811753912 HTTP/1.1" 200 10774
186.79.0.244 - - [15/Dec/2016:11:27:15 -0300] "GET /cormun/Licencias-9607.xls HTTP/1.1" 200 4608
192.168.10.89 - - [15/Dec/2016:11:27:15 -0300] "GET /cormun/servlet/solicitudot?e804e30964586be59da8a97b2c80ab85c065c9406cd3974dfac6d47eade06cdaeb0de8120a7c0f8ee34be9926957444a,gx-no-cache=1481811754247 HTTP/1.1" 200 30
192.168.10.89 - - [15/Dec/2016:11:27:15 -0300] "POST /cormun/servlet/solicitudot?gx-no-cache=1481811754348 HTTP/1.1" 200 295
192.168.10.89 - - [15/Dec/2016:11:27:15 -0300] "GET /cormun/servlet/solicitudot?e804e30964586be59da8a97b2c80ab85dd00b28b660de05aaad598f986f3269dcda1ff9d9062f62a4a74acbd3faa1a4813421f85ab07a3d13ea11174e02a4a5a0587720bdccbd620330ae11a77f2ff4965b8f623ad4325dc068599de892c55981004387f1c65235e4f580665e37e3e571bf1ebe892a51027121267e99e565491cc5e39637bffbe097d2ca5ba1057146d6682465616c1fe43b3c1dbd69ab9a59c092b8834ae2fa25ac88b29a7259ce6cd4ea525d1c716176fa1606679a5da51237f1c5fff010750d84f006961373a02e8a3d492d722e2f0eecab3cbec0b4620ce39d92c2828c412f4f4bb2d4ce97f376ef30f9b632c075a9d45eac9536dc93438aa0df4d0e2840f089b5391192fe2ede630091d2b7c6d1570a79fbaa0be5ef959e7e36ad61097ebb46750c64b2c36d149931261d6ab13f8dc5eebaac62129a9ae2ed6d6a899718d7cdef44a13145e81652670f9857a43a8f748e711eb559d17883f5d5543fdaf86292c149a45a16ba93eb5b95554ea3d0621d6ec3a78da7e196a0ef61b86a0015c9fc6bc5597eca06218,gx-no-cache=1481811754410 HTTP/1.1" 200 30
192.168.10.89 - - [15/Dec/2016:11:27:16 -0300] "POST /cormun/servlet/solicitudot?gx-no-cache=1481811754435 HTTP/1.1" 200 30
192.168.10.89 - - [15/Dec/2016:11:27:16 -0300] "POST /cormun/servlet/solicitudot?gx-no-cache=1481811754533 HTTP/1.1" 200 1277
192.168.10.89 - - [15/Dec/2016:11:27:16 -0300] "POST /cormun/servlet/solicitudot?gx-no-cache=1481811754665 HTTP/1.1" 200 41
192.168.10.89 - - [15/Dec/2016:11:27:26 -0300] "POST /cormun/servlet/solicitudot?61b772cddd0da6622dbe4dc3353c4f05,UPD,2016,3037,,gx-no-cache=1481811764391 HTTP/1.1" 200 93
192.168.10.89 - - [15/Dec/2016:11:27:26 -0300] "GET /cormun/servlet/hpexe_return? HTTP/1.1" 200 1012
192.168.10.89 - - [15/Dec/2016:11:27:26 -0300] "GET /cormun/static/gxcfg.js?2016101716175148 HTTP/1.1" 200 953
192.168.10.89 - - [15/Dec/2016:11:27:26 -0300] "GET /cormun/servlet/trsolicitudot HTTP/1.1" 200 7904
192.168.10.89 - - [15/Dec/2016:11:27:31 -0300] "POST /cormun/servlet/trsolicitudot?61b772cddd0da6622dbe4dc3353c4f05,gx-no-cache=1481811769658 HTTP/1.1" 200 5285
192.168.10.89 - - [15/Dec/2016:11:27:34 -0300] "POST /cormun/servlet/trsolicitudot?61b772cddd0da6622dbe4dc3353c4f05,gx-no-cache=1481811773196 HTTP/1.1" 200 5261
192.168.10.89 - - [15/Dec/2016:11:27:44 -0300] "POST /cormun/servlet/trsolicitudot?61b772cddd0da6622dbe4dc3353c4f05,gx-no-cache=1481811782648 HTTP/1.1" 200 5261
192.168.10.89 - - [15/Dec/2016:11:27:46 -0300] "GET /cormun/servlet/vesolicitudot?2016,3036,, HTTP/1.1" 200 7821
192.168.10.89 - - [15/Dec/2016:11:27:46 -0300] "GET /cormun/static/gxcfg.js?20161221854299 HTTP/1.1" 200 953
192.168.10.89 - - [15/Dec/2016:11:27:46 -0300] "GET /cormun/pexe_scrolldiv.js HTTP/1.1" 404 1009
192.168.10.89 - - [15/Dec/2016:11:27:46 -0300] "GET /cormun/static/vesolicitudot.js?20161221854352 HTTP/1.1" 200 6091
192.168.10.89 - - [15/Dec/2016:11:27:46 -0300] "GET /cormun/static/tbsolicitudot01.js?201612218425871 HTTP/1.1" 200 28324
186.79.96.29 - - [15/Dec/2016:11:28:03 -0300] "POST /cormun/servlet/trsolicitudot?2b1becf846f4e033e46d672d9e0258a1,,gx-no-cache=1481812160554 HTTP/1.1" 200 5520
186.79.96.29 - - [15/Dec/2016:11:28:03 -0300] "GET /cormun/static/Shared/jqueryui/images/ui-bg_highlight-soft_100_c6c2c8_1x100.png HTTP/1.1" 404 1117
186.79.96.29 - - [15/Dec/2016:11:28:03 -0300] "GET /cormun/static/Shared/jqueryui/images/ui-icons_82798d_256x240.png HTTP/1.1" 404 1089
186.79.96.29 - - [15/Dec/2016:11:28:03 -0300] "GET /cormun/static/Shared/jqueryui/images/ui-bg_flat_55_fafafa_40x100.png HTTP/1.1" 404 1097
186.79.96.29 - - [15/Dec/2016:11:28:03 -0300] "GET /cormun/static/Shared/jqueryui/images/ui-icons_8d78a5_256x240.png HTTP/1.1" 404 1089
186.79.96.29 - - [15/Dec/2016:11:28:21 -0300] "POST /cormun/servlet/trsolicitudot?2b1becf846f4e033e46d672d9e0258a1,,gx-no-cache=1481812178469 HTTP/1.1" 200 5519
186.79.0.244 - - [15/Dec/2016:11:28:31 -0300] "POST /cormun/servlet/trlicencias?635f39047ff1515e0b0604b6b2a6f3e2,,gx-no-cache=1481812192586 HTTP/1.1" 200 3861
192.168.10.89 - - [15/Dec/2016:11:28:33 -0300] "POST /cormun/servlet/vesolicitudot?61b772cddd0da6622dbe4dc3353c4f05,2016,3036,,,gx-no-cache=1481811831909 HTTP/1.1" 200 93
192.168.10.89 - - [15/Dec/2016:11:28:33 -0300] "GET /cormun/servlet/hpexe_return? HTTP/1.1" 200 1031
192.168.10.89 - - [15/Dec/2016:11:28:33 -0300] "GET /cormun/servlet/trsolicitudot?gx-no-cache=1481811782648 HTTP/1.1" 200 7898
186.79.0.244 - - [15/Dec/2016:11:28:36 -0300] "GET /cormun/servlet/licenciaspermisos?INS,0,,, HTTP/1.1" 200 7034
186.79.0.244 - - [15/Dec/2016:11:28:37 -0300] "GET /cormun/servlet/licenciaspermisos?INS,0,,, HTTP/1.1" 200 7034
192.168.10.89 - - [15/Dec/2016:11:28:42 -0300] "GET /cormun/servlet/vesolicitudot?2016,3036,, HTTP/1.1" 200 7842
192.168.10.89 - - [15/Dec/2016:11:28:42 -0300] "GET /cormun/pexe_scrolldiv.js HTTP/1.1" 404 1009
192.168.10.89 - - [15/Dec/2016:11:28:44 -0300] "GET /cormun/servlet/trsolicitudot?gx-no-cache=1481811782648 HTTP/1.1" 200 7898
192.168.10.89 - - [15/Dec/2016:11:29:09 -0300] "GET /cormun/servlet/hlogin HTTP/1.1" 200 1758
186.79.0.244 - - [15/Dec/2016:11:29:11 -0300] "GET /cormun/servlet/licenciaspermisos?b67fb34119da70c1d12835a33d0067b3214bb0577786f03e56b76e926937eb41faf8d7c0e0bc85bffd6b146d61c2dcec,gx-no-cache=1481812233173 HTTP/1.1" 200 71
186.79.0.244 - - [15/Dec/2016:11:29:12 -0300] "POST /cormun/servlet/licenciaspermisos?635f39047ff1515e0b0604b6b2a6f3e2,INS,0,,,,gx-no-cache=1481812233307 HTTP/1.1" 200 4339
192.168.10.89 - - [15/Dec/2016:11:29:18 -0300] "POST /cormun/servlet/hlogin?61b772cddd0da6622dbe4dc3353c4f05,gx-no-cache=1481811877111 HTTP/1.1" 200 474
192.168.10.89 - - [15/Dec/2016:11:29:24 -0300] "POST /cormun/servlet/hlogin?61b772cddd0da6622dbe4dc3353c4f05,gx-no-cache=1481811882617 HTTP/1.1" 200 90
192.168.10.89 - - [15/Dec/2016:11:29:24 -0300] "GET /cormun/servlet/hpexe_link HTTP/1.1" 200 955
192.168.10.89 - - [15/Dec/2016:11:29:24 -0300] "GET /cormun/servlet/hhome HTTP/1.1" 200 3894
192.168.10.89 - - [15/Dec/2016:11:29:29 -0300] "GET /cormun/servlet/trsolicitudot? HTTP/1.1" 200 8109
192.168.10.89 - - [15/Dec/2016:11:29:48 -0300] "POST /cormun/servlet/trsolicitudot?61b772cddd0da6622dbe4dc3353c4f05,,gx-no-cache=1481811906855 HTTP/1.1" 200 5434
192.168.10.89 - - [15/Dec/2016:11:29:54 -0300] "GET /cormun/servlet/trautorizarsolicitud? HTTP/1.1" 200 8051
192.168.10.89 - - [15/Dec/2016:11:29:54 -0300] "GET /cormun/static/gxcfg.js?20161221823444 HTTP/1.1" 200 953
192.168.10.89 - - [15/Dec/2016:11:29:54 -0300] "GET /cormun/static/trautorizarsolicitud.js?20161221823990 HTTP/1.1" 200 44565
192.168.10.89 - - [15/Dec/2016:11:30:01 -0300] "POST /cormun/servlet/trautorizarsolicitud?61b772cddd0da6622dbe4dc3353c4f05,,gx-no-cache=1481811919859 HTTP/1.1" 200 115
192.168.10.89 - - [15/Dec/2016:11:30:01 -0300] "GET /cormun/servlet/solicitudotlog?INS,2016,3036,0,REC, HTTP/1.1" 200 5687
192.168.10.89 - - [15/Dec/2016:11:30:01 -0300] "GET /cormun/static/gxcfg.js?201612218471193 HTTP/1.1" 200 953
192.168.10.89 - - [15/Dec/2016:11:30:01 -0300] "GET /cormun/static/solicitudotlog.js?20161221847122 HTTP/1.1" 200 8925
192.168.10.89 - - [15/Dec/2016:11:30:02 -0300] "GET /cormun/servlet/solicitudotlog?e804e30964586be59da8a97b2c80ab85694571179ac1a5b5d8384e020264313fbf19510ae5707d1e09bf2b398c6a1420540488f8da1248d6d643aba855d5beca39998503ea752e6f741d7c7084961e08d8b73a18d25c8dde63e772e46e694d5aaca0834cd90566b770b98cb2d24af6144c19e3b62e9630aa0d53a7482ab8ca2ffabf35e23219f60f2d144096d3635e3f58e52eb64e03f7e849213db027ec5c35,gx-no-cache=1481811921231 HTTP/1.1" 200 94
192.168.10.89 - - [15/Dec/2016:11:30:07 -0300] "POST /cormun/servlet/solicitudotlog?61b772cddd0da6622dbe4dc3353c4f05,INS,2016,3036,0,REC,,gx-no-cache=1481811926158 HTTP/1.1" 200 93
192.168.10.89 - - [15/Dec/2016:11:30:08 -0300] "GET /cormun/servlet/hpexe_return? HTTP/1.1" 200 1026
192.168.10.89 - - [15/Dec/2016:11:30:08 -0300] "GET /cormun/servlet/trautorizarsolicitud HTTP/1.1" 200 6797
192.168.10.89 - - [15/Dec/2016:11:30:12 -0300] "GET /cormun/servlet/trsolicitudot? HTTP/1.1" 200 6852
192.168.10.89 - - [15/Dec/2016:11:30:17 -0300] "POST /cormun/servlet/trsolicitudot?61b772cddd0da6622dbe4dc3353c4f05,,gx-no-cache=1481811935356 HTTP/1.1" 200 5846
192.168.10.89 - - [15/Dec/2016:11:30:20 -0300] "POST /cormun/servlet/trsolicitudot?61b772cddd0da6622dbe4dc3353c4f05,,gx-no-cache=1481811938843 HTTP/1.1" 200 105
192.168.10.89 - - [15/Dec/2016:11:30:20 -0300] "GET /cormun/servlet/solicitudot?UPD,2016,3036, HTTP/1.1" 200 14370
192.168.10.89 - - [15/Dec/2016:11:30:22 -0300] "POST /cormun/servlet/solicitudot?gx-no-cache=1481811940435 HTTP/1.1" 200 3179
192.168.10.89 - - [15/Dec/2016:11:30:22 -0300] "POST /cormun/servlet/solicitudot?61b772cddd0da6622dbe4dc3353c4f05,UPD,2016,3036,,gx-no-cache=1481811940752 HTTP/1.1" 200 10986
192.168.10.89 - - [15/Dec/2016:11:30:22 -0300] "GET /cormun/servlet/solicitudot?e804e30964586be59da8a97b2c80ab85fa963a351238d9fc80fa3ebe7619b848fbf4b2ef6dc64ce313b070cc9a04ebf4,gx-no-cache=1481811941023 HTTP/1.1" 200 30
192.168.10.89 - - [15/Dec/2016:11:30:22 -0300] "POST /cormun/servlet/solicitudot?gx-no-cache=1481811941101 HTTP/1.1" 200 297
192.168.10.89 - - [15/Dec/2016:11:30:22 -0300] "GET /cormun/servlet/solicitudot?e804e30964586be59da8a97b2c80ab85dd00b28b660de05aaad598f986f3269dcda1ff9d9062f62a4a74acbd3faa1a4813421f85ab07a3d13ea11174e02a4a5a0587720bdccbd620330ae11a77f2ff4965b8f623ad4325dc068599de892c55981004387f1c65235e4f580665e37e3e571bf1ebe892a51027121267e99e565491cc5e39637bffbe097d2ca5ba1057146d6682465616c1fe43b3c1dbd69ab9a59c092b8834ae2fa25ac88b29a7259ce6cd4ea525d1c716176fa1606679a5da51237f1c5fff010750d84f006961373a02e8a3d492d722e2f0eecab3cbec0b4620ce39d92c2828c412f4f4bb2d4ce97f376ef30f9b632c075a9d45eac9536dc93438aa0df4d0e2840f089b5391192fe2ede630091d2b7c6d1570a79fbaa0be5ef959e7e36ad61097ebb46750c64b2c36d149931261d6ab13f8dc5eebaac62129a9ae2ed6d6a899718d7cdef44a13145e81652670f9857a43a8f748e711eb559d17883f5d5543fdaf86292c149a45a16ba93eb5b95554ea3d0621d6ec3a78da7e196a0ef61b86a0015c9fc6bc5597eca06218,gx-no-cache=1481811941153 HTTP/1.1" 200 30
192.168.10.89 - - [15/Dec/2016:11:30:22 -0300] "POST /cormun/servlet/solicitudot?gx-no-cache=1481811941176 HTTP/1.1" 200 30
192.168.10.89 - - [15/Dec/2016:11:30:22 -0300] "POST /cormun/servlet/solicitudot?gx-no-cache=1481811941220 HTTP/1.1" 200 1277
192.168.10.89 - - [15/Dec/2016:11:30:22 -0300] "POST /cormun/servlet/solicitudot?gx-no-cache=1481811941325 HTTP/1.1" 200 41
192.168.10.89 - - [15/Dec/2016:11:30:28 -0300] "GET /cormun/servlet/prlicenciaspermisos?7291330,L,,MD,,gxPopupLevel%3D0%3B HTTP/1.1" 200 5894
192.168.10.89 - - [15/Dec/2016:11:30:28 -0300] "GET /cormun/static/gxcfg.js?20161221854467 HTTP/1.1" 200 953
192.168.10.89 - - [15/Dec/2016:11:30:29 -0300] "GET /cormun/static/prlicenciaspermisos.js?20161221854618 HTTP/1.1" 200 13349
192.168.10.89 - - [15/Dec/2016:11:30:38 -0300] "POST /cormun/servlet/solicitudot?gx-no-cache=1481811956837 HTTP/1.1" 200 41
192.168.10.89 - - [15/Dec/2016:11:30:38 -0300] "GET /cormun/servlet/solicitudot?e804e30964586be59da8a97b2c80ab8509dd776f4b99d899c91e6e6c5d732aef7c8eb1dea503741535fd4dca078c2e04eeef7e4586bc5e6fdc759d736c2cc7b16757d91450cf4778e1d8ff9cba3dde3d79e7447bc9f75e650310b1b594bbd49da422076ff5d9a6f6727ae4f217dc1307,gx-no-cache=1481811956880 HTTP/1.1" 200 29
192.168.10.89 - - [15/Dec/2016:11:30:38 -0300] "POST /cormun/servlet/solicitudot?gx-no-cache=1481811956942 HTTP/1.1" 200 1261
192.168.10.89 - - [15/Dec/2016:11:30:38 -0300] "POST /cormun/servlet/solicitudot?gx-no-cache=1481811956989 HTTP/1.1" 200 1143
192.168.10.89 - - [15/Dec/2016:11:30:50 -0300] "GET /cormun/servlet/prlicenciaspermisos?7291330,L,,MD,,gxPopupLevel%3D0%3B HTTP/1.1" 200 5894
