186.103.159.230 - - [12/Dec/2016:09:29:24 -0300] "GET /cormun/static/gxcfg.js?201612218553833 HTTP/1.1" 200 953
186.103.157.42 - - [12/Dec/2016:09:29:24 -0300] "POST /cormun/servlet/prfichaempleado?f4f578033c7bd34d5e52fc4c2f547d7a,,MD,,gxPopupLevel%3D0%3B,gx-no-cache=1481545842689 HTTP/1.1" 200 3745
186.103.159.230 - - [12/Dec/2016:09:29:24 -0300] "GET /cormun/static/trpermisosgoce.js?201612218554220 HTTP/1.1" 200 31900
186.103.159.230 - - [12/Dec/2016:09:29:25 -0300] "GET /cormun/servlet/trpermisosgoce? HTTP/1.1" 200 6618
186.103.159.230 - - [12/Dec/2016:09:29:26 -0300] "POST /cormun/servlet/acontrolpreferencessavestate?None,BARANCIBIA,true HTTP/1.1" 200 35
186.103.157.42 - - [12/Dec/2016:09:29:29 -0300] "GET /cormun/servlet/permisogoce?75eba02d27f8dfe14d28117d4717b7b3a0d540f52eaac92221a37cb76bcd686de538a3f07819285b8136e04f7f8eaaf0,gx-no-cache=1481545847909 HTTP/1.1" 200 70
186.103.157.42 - - [12/Dec/2016:09:29:40 -0300] "GET /cormun/servlet/permisogoce?75eba02d27f8dfe14d28117d4717b7b3b9c1a634e06f8a59a4bffe4b1f95aa1ce4e9e4fc77b719620970fe6db98cdbf5bc52bff9ae5d3767b804c18215079e82,gx-no-cache=1481545858868 HTTP/1.1" 200 47
186.103.159.230 - - [12/Dec/2016:09:29:46 -0300] "GET /cormun/servlet/trlicencias? HTTP/1.1" 200 6696
186.103.159.230 - - [12/Dec/2016:09:29:47 -0300] "GET /cormun/servlet/trlicencias? HTTP/1.1" 200 6695
186.103.157.42 - - [12/Dec/2016:09:29:49 -0300] "POST /cormun/servlet/permisogoce?f4f578033c7bd34d5e52fc4c2f547d7a,INS,0,,,,gx-no-cache=1481545867517 HTTP/1.1" 200 93
186.103.157.42 - - [12/Dec/2016:09:29:49 -0300] "GET /cormun/servlet/hpexe_return? HTTP/1.1" 200 1009
186.103.157.42 - - [12/Dec/2016:09:29:49 -0300] "GET /cormun/servlet/trpermisosgoce HTTP/1.1" 200 8248
186.103.157.42 - - [12/Dec/2016:09:29:50 -0300] "GET /cormun/servlet/trpermisosgoce HTTP/1.1" 200 8244
186.103.157.42 - - [12/Dec/2016:09:30:00 -0300] "GET /cormun/servlet/apermisogoceprn?4009811,P,20161212,PU HTTP/1.1" 200 1642
186.103.157.42 - - [12/Dec/2016:09:30:18 -0300] "GET /cormun/servlet/permisogoce?INS,0,,, HTTP/1.1" 200 6682
186.103.157.42 - - [12/Dec/2016:09:30:19 -0300] "GET /cormun/servlet/permisogoce?INS,0,,, HTTP/1.1" 200 6682
186.103.157.42 - - [12/Dec/2016:09:30:28 -0300] "GET /cormun/servlet/prfichaempleado?,MD,,gxPopupLevel%3D0%3B HTTP/1.1" 200 8903
200.112.7.1 - - [12/Dec/2016:09:30:33 -0300] "POST /cormun/servlet/trlicencias?43917efd1658e039fad861b53affcd68,,gx-no-cache=1481545914902 HTTP/1.1" 200 5329
186.103.157.42 - - [12/Dec/2016:09:30:36 -0300] "POST /cormun/servlet/prfichaempleado?f4f578033c7bd34d5e52fc4c2f547d7a,,MD,,gxPopupLevel%3D0%3B,gx-no-cache=1481545915061 HTTP/1.1" 200 3407
186.103.157.42 - - [12/Dec/2016:09:30:40 -0300] "GET /cormun/servlet/permisogoce?75eba02d27f8dfe14d28117d4717b7b3336a1ea5afecf56f4102d8fe523d33a6e538a3f07819285b8136e04f7f8eaaf0,gx-no-cache=1481545919298 HTTP/1.1" 200 73
200.112.7.1 - - [12/Dec/2016:09:30:44 -0300] "GET /cormun/servlet/trlicenciaspermisosadjuntos?17505728,20161209,L, HTTP/1.1" 200 6772
200.112.7.1 - - [12/Dec/2016:09:30:44 -0300] "GET /cormun/static/trlicenciaspermisosadjuntos.js?20161221855370 HTTP/1.1" 304 -
200.112.7.1 - - [12/Dec/2016:09:30:44 -0300] "GET /cormun/static/gxcfg.js?201612218553427 HTTP/1.1" 304 -
200.112.7.1 - - [12/Dec/2016:09:30:46 -0300] "GET /cormun/servlet/trlicenciaspermisosadjuntos?17505728,20161209,L, HTTP/1.1" 200 6772
192.168.10.17 - - [12/Dec/2016:09:30:47 -0300] "GET /cormun/servlet/hlogin HTTP/1.1" 200 1718
186.103.159.230 - - [12/Dec/2016:09:30:48 -0300] "GET /cormun/servlet/licenciaspermisos?INS,0,,, HTTP/1.1" 200 7215
200.112.7.1 - - [12/Dec/2016:09:30:48 -0300] "GET /cormun/servlet/licenciaspermisosadjuntos?INS,17505728,L,20161209,, HTTP/1.1" 200 5532
192.168.10.17 - - [12/Dec/2016:09:30:48 -0300] "GET /cormun/static/Resources/Spanish/PXTools.css?167811 HTTP/1.1" 304 -
200.112.7.1 - - [12/Dec/2016:09:30:48 -0300] "GET /cormun/PublicTempStorage/lic._medica_arlett_silva1116472.jpg HTTP/1.1" 200 434176
186.103.159.230 - - [12/Dec/2016:09:30:48 -0300] "GET /cormun/servlet/licenciaspermisos?INS,0,,, HTTP/1.1" 200 7215
200.112.7.1 - - [12/Dec/2016:09:30:48 -0300] "GET /cormun/static/gxcfg.js?201612218482979 HTTP/1.1" 304 -
200.112.7.1 - - [12/Dec/2016:09:30:48 -0300] "GET /cormun/static/licenciaspermisosadjuntos.js?201612218482990 HTTP/1.1" 304 -
200.112.7.1 - - [12/Dec/2016:09:30:49 -0300] "GET /cormun/static/about:blank HTTP/1.1" 404 1011
192.168.10.17 - - [12/Dec/2016:09:30:49 -0300] "GET /cormun/static/gxcfg.js?201612216162538 HTTP/1.1" 200 953
200.112.7.1 - - [12/Dec/2016:09:30:50 -0300] "GET /cormun/servlet/licenciaspermisosadjuntos?INS,17505728,L,20161209,, HTTP/1.1" 200 5520
192.168.10.17 - - [12/Dec/2016:09:30:50 -0300] "GET /cormun/static/hlogin.js?201612216162555 HTTP/1.1" 304 -
192.168.10.17 - - [12/Dec/2016:09:30:51 -0300] "GET /cormun/servlet/hlogin HTTP/1.1" 200 1729
186.103.157.42 - - [12/Dec/2016:09:30:55 -0300] "GET /cormun/servlet/permisogoce?75eba02d27f8dfe14d28117d4717b7b37da16e7c80c7c6c1876b6c0acb872a8a1a5d737265e3e8d4fd23ed79482f516891d6a7bbd0b40ac75ba2b09f56400000,gx-no-cache=1481545934266 HTTP/1.1" 200 45
186.103.157.42 - - [12/Dec/2016:09:31:05 -0300] "POST /cormun/servlet/permisogoce?f4f578033c7bd34d5e52fc4c2f547d7a,INS,0,,,,gx-no-cache=1481545944111 HTTP/1.1" 200 93
186.103.157.42 - - [12/Dec/2016:09:31:05 -0300] "GET /cormun/servlet/hpexe_return? HTTP/1.1" 200 1009
186.103.157.42 - - [12/Dec/2016:09:31:06 -0300] "GET /cormun/servlet/trpermisosgoce HTTP/1.1" 200 8453
186.103.157.42 - - [12/Dec/2016:09:31:07 -0300] "GET /cormun/servlet/trpermisosgoce HTTP/1.1" 200 8449
186.103.157.42 - - [12/Dec/2016:09:31:09 -0300] "GET /cormun/servlet/apermisogoceprn?7477130,P,20161212,PU HTTP/1.1" 200 1657
192.168.10.17 - - [12/Dec/2016:09:31:10 -0300] "POST /cormun/servlet/hlogin?29eb51f370c4e04388ea7139f15f044a,gx-no-cache=1481549584322 HTTP/1.1" 200 443
192.168.10.17 - - [12/Dec/2016:09:31:15 -0300] "POST /cormun/servlet/hlogin?29eb51f370c4e04388ea7139f15f044a,gx-no-cache=1481549589480 HTTP/1.1" 200 90
192.168.10.17 - - [12/Dec/2016:09:31:15 -0300] "GET /cormun/servlet/hpexe_link HTTP/1.1" 200 950
192.168.10.17 - - [12/Dec/2016:09:31:15 -0300] "GET /cormun/static/Resources/Spanish/PXTools.css?18365030 HTTP/1.1" 304 -
192.168.10.17 - - [12/Dec/2016:09:31:15 -0300] "GET /cormun/static/gxcfg.js?201612218515529 HTTP/1.1" 200 953
192.168.10.17 - - [12/Dec/2016:09:31:15 -0300] "GET /cormun/static/hpexe_link.js?201612218515532 HTTP/1.1" 304 -
192.168.10.17 - - [12/Dec/2016:09:31:15 -0300] "GET /cormun/servlet/hhome HTTP/1.1" 200 3867
192.168.10.17 - - [12/Dec/2016:09:31:15 -0300] "GET /cormun/static/gxcfg.js?201612218515568 HTTP/1.1" 200 953
192.168.10.17 - - [12/Dec/2016:09:31:16 -0300] "GET /cormun/static/hhome.js?201612218515573 HTTP/1.1" 304 -
192.168.10.17 - - [12/Dec/2016:09:31:16 -0300] "GET /cormun/static/hwchdr01.js?201612218432057 HTTP/1.1" 304 -
192.168.10.17 - - [12/Dec/2016:09:31:16 -0300] "GET /cormun/static/hpexe_recentlink.js?201610171694390 HTTP/1.1" 304 -
192.168.10.17 - - [12/Dec/2016:09:31:16 -0300] "GET /cormun/static/hpexe_scripts.js?201612218432016 HTTP/1.1" 304 -
192.168.10.17 - - [12/Dec/2016:09:31:16 -0300] "GET /cormun/static/hpexe_messagecontroller.js?201610171694323 HTTP/1.1" 304 -
192.168.10.17 - - [12/Dec/2016:09:31:16 -0300] "GET /cormun/static/hpexe_messagepopupcomponent.js?20161017169425 HTTP/1.1" 304 -
192.168.10.17 - - [12/Dec/2016:09:31:16 -0300] "GET /cormun/static/hpexe_messagegenexuscomponent.js?201612218431816 HTTP/1.1" 304 -
192.168.10.17 - - [12/Dec/2016:09:31:16 -0300] "GET /cormun/static/cmcontrolpreferences.js?201612218431999 HTTP/1.1" 304 -
192.168.10.17 - - [12/Dec/2016:09:31:17 -0300] "GET /cormun/static/Shared/jquery/jquery-1.10.2.min.js HTTP/1.1" 200 273199
192.168.10.17 - - [12/Dec/2016:09:31:17 -0300] "GET /cormun/static/Shared/jqueryui/jquery-ui.min.js HTTP/1.1" 200 240427
192.168.10.17 - - [12/Dec/2016:09:31:17 -0300] "GET /cormun/static/hmpwkw03.js?20161221852152 HTTP/1.1" 304 -
192.168.10.17 - - [12/Dec/2016:09:31:23 -0300] "GET /cormun/servlet/trlicencias? HTTP/1.1" 200 6694
192.168.10.17 - - [12/Dec/2016:09:31:23 -0300] "GET /cormun/static/gxcfg.js?2016112214143385 HTTP/1.1" 200 953
192.168.10.17 - - [12/Dec/2016:09:31:24 -0300] "GET /cormun/static/trlicencias.js?2016112214144060 HTTP/1.1" 304 -
200.112.7.1 - - [12/Dec/2016:09:31:26 -0300] "POST /cormun/servlet/licenciaspermisosadjuntos?43917efd1658e039fad861b53affcd68,INS,17505728,L,20161209,, HTTP/1.1" 200 116
200.112.7.1 - - [12/Dec/2016:09:31:27 -0300] "GET /cormun/servlet/hpexe_return? HTTP/1.1" 200 1040
200.112.7.1 - - [12/Dec/2016:09:31:27 -0300] "GET /cormun/static/gxcfg.js?2016101716175148 HTTP/1.1" 304 -
200.112.7.1 - - [12/Dec/2016:09:31:27 -0300] "GET /cormun/static/hpexe_return.js?2016101716175153 HTTP/1.1" 304 -
192.168.10.17 - - [12/Dec/2016:09:31:27 -0300] "POST /cormun/servlet/trlicencias?29eb51f370c4e04388ea7139f15f044a,,gx-no-cache=1481549601974 HTTP/1.1" 200 4017
200.112.7.1 - - [12/Dec/2016:09:31:28 -0300] "GET /cormun/servlet/trlicenciaspermisosadjuntos?17505728,20161209,L, HTTP/1.1" 200 6889
200.112.7.1 - - [12/Dec/2016:09:31:29 -0300] "GET /cormun/servlet/trlicenciaspermisosadjuntos?17505728,20161209,L, HTTP/1.1" 200 6886
186.103.157.42 - - [12/Dec/2016:09:31:30 -0300] "GET /cormun/servlet/permisogoce?INS,0,,, HTTP/1.1" 200 6682
192.168.10.17 - - [12/Dec/2016:09:31:30 -0300] "POST /cormun/servlet/trlicencias?29eb51f370c4e04388ea7139f15f044a,,gx-no-cache=1481549604787 HTTP/1.1" 200 4017
186.103.157.42 - - [12/Dec/2016:09:31:31 -0300] "GET /cormun/servlet/permisogoce?INS,0,,, HTTP/1.1" 200 6682
192.168.10.17 - - [12/Dec/2016:09:31:32 -0300] "POST /cormun/servlet/trlicencias?29eb51f370c4e04388ea7139f15f044a,,gx-no-cache=1481549606218 HTTP/1.1" 200 4017
200.112.7.1 - - [12/Dec/2016:09:31:32 -0300] "GET /cormun/PublicTempStorage/lic._medica_arlett_silva6692990.jpg HTTP/1.1" 200 482606
200.112.7.1 - - [12/Dec/2016:09:31:33 -0300] "GET /cormun/PublicTempStorage/lic._medica_arlett_silva9137344.jpg HTTP/1.1" 200 482606
186.103.157.42 - - [12/Dec/2016:09:31:34 -0300] "GET /cormun/servlet/permisogoce?75eba02d27f8dfe14d28117d4717b7b3f52877f6d8869b9a3d7b602dbe518cb5d7dec921295159a017ae988660784691,gx-no-cache=1481545973148 HTTP/1.1" 200 169
186.103.157.42 - - [12/Dec/2016:09:31:34 -0300] "GET /cormun/static/Shared/jqueryui/images/ui-bg_highlight-soft_100_c6c2c8_1x100.png HTTP/1.1" 404 1117
186.103.157.42 - - [12/Dec/2016:09:31:34 -0300] "GET /cormun/static/Shared/jqueryui/images/ui-icons_82798d_256x240.png HTTP/1.1" 404 1089
186.103.157.42 - - [12/Dec/2016:09:31:34 -0300] "GET /cormun/static/Shared/jqueryui/images/ui-icons_ebccce_256x240.png HTTP/1.1" 404 1089
186.103.157.42 - - [12/Dec/2016:09:31:34 -0300] "GET /cormun/static/Shared/jqueryui/images/ui-bg_flat_55_994d53_40x100.png HTTP/1.1" 404 1097
192.168.10.17 - - [12/Dec/2016:09:31:35 -0300] "POST /cormun/servlet/trlicencias?29eb51f370c4e04388ea7139f15f044a,,gx-no-cache=1481549609455 HTTP/1.1" 200 4018
192.168.10.17 - - [12/Dec/2016:09:31:37 -0300] "POST /cormun/servlet/trlicencias?29eb51f370c4e04388ea7139f15f044a,,gx-no-cache=1481549611644 HTTP/1.1" 200 4019
192.168.10.17 - - [12/Dec/2016:09:31:38 -0300] "POST /cormun/servlet/trlicencias?29eb51f370c4e04388ea7139f15f044a,,gx-no-cache=1481549612218 HTTP/1.1" 200 4019
200.112.7.1 - - [12/Dec/2016:09:31:40 -0300] "POST /cormun/servlet/trlicenciaspermisosadjuntos?43917efd1658e039fad861b53affcd68,17505728,20161209,L,,gx-no-cache=1481545980875 HTTP/1.1" 200 90
200.112.7.1 - - [12/Dec/2016:09:31:40 -0300] "GET /cormun/servlet/hpexe_link HTTP/1.1" 200 987
192.168.10.17 - - [12/Dec/2016:09:31:40 -0300] "POST /cormun/servlet/trlicencias?29eb51f370c4e04388ea7139f15f044a,,gx-no-cache=1481549614368 HTTP/1.1" 200 4018
200.112.7.1 - - [12/Dec/2016:09:31:40 -0300] "GET /cormun/servlet/trlicencias? HTTP/1.1" 200 7920
200.112.7.1 - - [12/Dec/2016:09:31:42 -0300] "GET /cormun/servlet/trlicencias? HTTP/1.1" 200 7918
192.168.10.17 - - [12/Dec/2016:09:31:43 -0300] "GET /cormun/servlet/licenciaspermisos?INS,0,,, HTTP/1.1" 200 7210
192.168.10.17 - - [12/Dec/2016:09:31:43 -0300] "GET /cormun/static/gxcfg.js?201612218463143 HTTP/1.1" 200 953
192.168.10.17 - - [12/Dec/2016:09:31:43 -0300] "GET /cormun/static/licenciaspermisos.js?20161221846329 HTTP/1.1" 304 -
186.103.157.42 - - [12/Dec/2016:09:31:45 -0300] "GET /cormun/servlet/prfichaempleado?,MD,,gxPopupLevel%3D0%3B HTTP/1.1" 200 8903
186.103.159.230 - - [12/Dec/2016:09:31:52 -0300] "GET /cormun/servlet/trlicencias? HTTP/1.1" 200 6696
186.103.159.230 - - [12/Dec/2016:09:31:52 -0300] "GET /cormun/servlet/trlicencias? HTTP/1.1" 200 6695
186.103.157.42 - - [12/Dec/2016:09:31:55 -0300] "POST /cormun/servlet/prfichaempleado?f4f578033c7bd34d5e52fc4c2f547d7a,,MD,,gxPopupLevel%3D0%3B,gx-no-cache=1481545994214 HTTP/1.1" 200 4055
186.103.157.42 - - [12/Dec/2016:09:32:01 -0300] "GET /cormun/servlet/permisogoce?75eba02d27f8dfe14d28117d4717b7b3f94c15a41087a66aba2108ae8137217fefdeec5c52c245aa4b32255b5a0e7209,gx-no-cache=1481545999700 HTTP/1.1" 200 62
192.168.10.17 - - [12/Dec/2016:09:32:01 -0300] "GET /cormun/servlet/licenciaspermisos?e6b96f900421b4a740a805dfbda38686d03e8ed452c95e174f83a1f4df2573e388d818f794998c831d09d5c117273e51,gx-no-cache=1481549635757 HTTP/1.1" 200 62
192.168.10.17 - - [12/Dec/2016:09:32:01 -0300] "POST /cormun/servlet/licenciaspermisos?29eb51f370c4e04388ea7139f15f044a,INS,0,,,,gx-no-cache=1481549635808 HTTP/1.1" 200 4516
200.112.7.1 - - [12/Dec/2016:09:32:07 -0300] "POST /cormun/servlet/trlicencias?43917efd1658e039fad861b53affcd68,,gx-no-cache=1481546009131 HTTP/1.1" 200 4195
200.112.7.1 - - [12/Dec/2016:09:32:07 -0300] "GET /cormun/static/Shared/jqueryui/images/ui-bg_highlight-soft_100_c6c2c8_1x100.png HTTP/1.1" 404 1117
200.112.7.1 - - [12/Dec/2016:09:32:07 -0300] "GET /cormun/static/Shared/jqueryui/images/ui-icons_82798d_256x240.png HTTP/1.1" 404 1089
200.112.7.1 - - [12/Dec/2016:09:32:07 -0300] "GET /cormun/static/Shared/jqueryui/images/ui-bg_flat_55_fafafa_40x100.png HTTP/1.1" 404 1097
200.112.7.1 - - [12/Dec/2016:09:32:07 -0300] "GET /cormun/static/Shared/jqueryui/images/ui-icons_8d78a5_256x240.png HTTP/1.1" 404 1089
186.103.157.42 - - [12/Dec/2016:09:32:08 -0300] "GET /cormun/servlet/permisogoce?75eba02d27f8dfe14d28117d4717b7b378491236bab74a4b8ab4a72ff2f4c03883458622e66381076628d39b48e2cc12bc986f9fd8f483a9ee40e0bb6d0c2295,gx-no-cache=1481546007130 HTTP/1.1" 200 45
186.103.157.42 - - [12/Dec/2016:09:32:18 -0300] "POST /cormun/servlet/permisogoce?f4f578033c7bd34d5e52fc4c2f547d7a,INS,0,,,,gx-no-cache=1481546016676 HTTP/1.1" 200 93
186.103.157.42 - - [12/Dec/2016:09:32:18 -0300] "GET /cormun/servlet/hpexe_return? HTTP/1.1" 200 1009
186.103.157.42 - - [12/Dec/2016:09:32:18 -0300] "GET /cormun/servlet/trpermisosgoce HTTP/1.1" 200 8639
186.103.157.42 - - [12/Dec/2016:09:32:19 -0300] "GET /cormun/servlet/trpermisosgoce HTTP/1.1" 200 8634
200.112.7.1 - - [12/Dec/2016:09:32:21 -0300] "POST /cormun/servlet/trlicencias?43917efd1658e039fad861b53affcd68,,gx-no-cache=1481546023322 HTTP/1.1" 200 5668
186.103.157.42 - - [12/Dec/2016:09:32:22 -0300] "GET /cormun/servlet/apermisogoceprn?15804866,P,20161212,PU HTTP/1.1" 200 1640
200.112.7.1 - - [12/Dec/2016:09:32:30 -0300] "GET /cormun/servlet/alicenciaprn?17505728,L,20161209,PU HTTP/1.1" 200 1578
186.103.157.42 - - [12/Dec/2016:09:33:04 -0300] "GET /cormun/servlet/permisogoce?INS,0,,, HTTP/1.1" 200 6682
186.103.157.42 - - [12/Dec/2016:09:33:05 -0300] "GET /cormun/servlet/permisogoce?INS,0,,, HTTP/1.1" 200 6682
186.103.157.42 - - [12/Dec/2016:09:33:14 -0300] "GET /cormun/servlet/prfichaempleado?,MD,,gxPopupLevel%3D0%3B HTTP/1.1" 200 8903
186.103.157.42 - - [12/Dec/2016:09:33:21 -0300] "POST /cormun/servlet/prfichaempleado?f4f578033c7bd34d5e52fc4c2f547d7a,,MD,,gxPopupLevel%3D0%3B,gx-no-cache=1481546080403 HTTP/1.1" 200 3457
186.103.157.42 - - [12/Dec/2016:09:33:27 -0300] "GET /cormun/servlet/permisogoce?75eba02d27f8dfe14d28117d4717b7b34e8951ce0dbbf2b748e3a02503c20c7de538a3f07819285b8136e04f7f8eaaf0,gx-no-cache=1481546086413 HTTP/1.1" 200 59
186.103.157.42 - - [12/Dec/2016:09:33:40 -0300] "GET /cormun/servlet/permisogoce?75eba02d27f8dfe14d28117d4717b7b3264414ee306ea65da5dcfe47bd1da055f6404705690b28a266961c901d1130db91d6a7bbd0b40ac75ba2b09f56400000,gx-no-cache=1481546098821 HTTP/1.1" 200 47
186.103.157.42 - - [12/Dec/2016:09:33:40 -0300] "POST /cormun/servlet/permisogoce?f4f578033c7bd34d5e52fc4c2f547d7a,INS,0,,,,gx-no-cache=1481546098883 HTTP/1.1" 200 93
186.103.157.42 - - [12/Dec/2016:09:33:40 -0300] "GET /cormun/servlet/hpexe_return? HTTP/1.1" 200 1009
186.103.157.42 - - [12/Dec/2016:09:33:40 -0300] "GET /cormun/servlet/trpermisosgoce HTTP/1.1" 200 8806
186.103.157.42 - - [12/Dec/2016:09:33:41 -0300] "GET /cormun/servlet/trpermisosgoce HTTP/1.1" 200 8802
186.103.157.42 - - [12/Dec/2016:09:33:46 -0300] "GET /cormun/servlet/apermisogoceprn?9055439,P,20161212,PU HTTP/1.1" 200 1621
186.103.157.42 - - [12/Dec/2016:09:34:06 -0300] "GET /cormun/servlet/permisogoce?INS,0,,, HTTP/1.1" 200 6682
186.103.157.42 - - [12/Dec/2016:09:34:07 -0300] "GET /cormun/servlet/permisogoce?INS,0,,, HTTP/1.1" 200 6682
186.103.157.42 - - [12/Dec/2016:09:34:21 -0300] "GET /cormun/servlet/prfichaempleado?,MD,,gxPopupLevel%3D0%3B HTTP/1.1" 200 8903
192.168.10.17 - - [12/Dec/2016:09:34:25 -0300] "GET /cormun/servlet/licenciaspermisos?e6b96f900421b4a740a805dfbda38686412cbcbd89f26ab2469c057544c8b43c23b0e139ee0007df47db108b946965708cbf62625f1190b9ca3f3a12e2e3f7031cbfe143d045c98a0043b84fa6dae2993d65dc05afa11f79c8952480cf60dfc5e46265ac0f276181a3fbdb43b75b5dbe431cf55118c28cdbd3e64b760985ae19ee9f71e059c8d6208c6d26ebb91e9f0247449f7c071c5e37fa2ffb4e9059da93f5fe8901a2541b393555b64b4224a65203dc4d5fec75cdfc3eb0c95a758ca70e0aef23f1e5abf1edb4a224a6a5cb921285764ab3d121119455ce968cb7dda592,gx-no-cache=1481549779664 HTTP/1.1" 200 30
192.168.10.17 - - [12/Dec/2016:09:34:25 -0300] "POST /cormun/servlet/licenciaspermisos?29eb51f370c4e04388ea7139f15f044a,INS,0,,,,gx-no-cache=1481549779738 HTTP/1.1" 200 4599
186.103.157.42 - - [12/Dec/2016:09:34:28 -0300] "POST /cormun/servlet/prfichaempleado?f4f578033c7bd34d5e52fc4c2f547d7a,,MD,,gxPopupLevel%3D0%3B,gx-no-cache=1481546146588 HTTP/1.1" 200 3633
192.168.10.17 - - [12/Dec/2016:09:34:31 -0300] "GET /cormun/servlet/licenciaspermisos?e6b96f900421b4a740a805dfbda38686412cbcbd89f26ab2469c057544c8b43c1199a52f94953ebb8a5d43ee2e0c9aae8cbf62625f1190b9ca3f3a12e2e3f7031cbfe143d045c98a0043b84fa6dae2993d65dc05afa11f79c8952480cf60dfc5e46265ac0f276181a3fbdb43b75b5dbe431cf55118c28cdbd3e64b760985ae19ee9f71e059c8d6208c6d26ebb91e9f0247449f7c071c5e37fa2ffb4e9059da93f5fe8901a2541b393555b64b4224a65203dc4d5fec75cdfc3eb0c95a758ca70e0aef23f1e5abf1edb4a224a6a5cb921285764ab3d121119455ce968cb7dda592,gx-no-cache=1481549785815 HTTP/1.1" 200 30
192.168.10.17 - - [12/Dec/2016:09:34:31 -0300] "POST /cormun/servlet/licenciaspermisos?29eb51f370c4e04388ea7139f15f044a,INS,0,,,,gx-no-cache=1481549785834 HTTP/1.1" 200 4597
192.168.10.17 - - [12/Dec/2016:09:34:32 -0300] "GET /cormun/servlet/licenciaspermisos?e6b96f900421b4a740a805dfbda386865659116c6ad2047b0e15e3f7395cb72d5b832d8f404b71683040af4b0deaed2c4880b0d5eb3585c6647dd62bd374cc1f6411cf31bfa9c7e80c50169d60e4f1fc1bca474a21985929bcdd2ab37102d6910bdc72b2efc973eb7faeb97a52d30260f7660e18a64e06608939a833d47f1cebfcd2380de1e9ab87db9434faebfed9180bd346b1b2665efbd3364d79515fecc4c795e7e9728a566a8d50dd4457ebddedac1700841e83b306172887813d425dfdf4acced379f57874633b3107aeb6d963a44994b9f2ed339c53fa5b99355eafb6,gx-no-cache=1481549786535 HTTP/1.1" 200 29
192.168.10.17 - - [12/Dec/2016:09:34:32 -0300] "POST /cormun/servlet/licenciaspermisos?29eb51f370c4e04388ea7139f15f044a,INS,0,,,,gx-no-cache=1481549786582 HTTP/1.1" 500 10
186.103.157.42 - - [12/Dec/2016:09:34:33 -0300] "GET /cormun/servlet/permisogoce?75eba02d27f8dfe14d28117d4717b7b38afcc80da5b5e471f088d953987646e9efdeec5c52c245aa4b32255b5a0e7209,gx-no-cache=1481546151686 HTTP/1.1" 200 167
186.103.157.42 - - [12/Dec/2016:09:34:33 -0300] "GET /cormun/static/Shared/jqueryui/images/ui-bg_highlight-soft_100_c6c2c8_1x100.png HTTP/1.1" 404 1117
186.103.157.42 - - [12/Dec/2016:09:34:33 -0300] "GET /cormun/static/Shared/jqueryui/images/ui-icons_ebccce_256x240.png HTTP/1.1" 404 1089
186.103.157.42 - - [12/Dec/2016:09:34:33 -0300] "GET /cormun/static/Shared/jqueryui/images/ui-icons_82798d_256x240.png HTTP/1.1" 404 1089
186.103.157.42 - - [12/Dec/2016:09:34:33 -0300] "GET /cormun/static/Shared/jqueryui/images/ui-bg_flat_55_994d53_40x100.png HTTP/1.1" 404 1097
186.103.159.230 - - [12/Dec/2016:09:34:34 -0300] "GET /cormun/servlet/licenciaspermisos?INS,0,,, HTTP/1.1" 200 7215
186.103.159.230 - - [12/Dec/2016:09:34:34 -0300] "GET /cormun/servlet/licenciaspermisos?INS,0,,, HTTP/1.1" 200 7215
186.103.159.230 - - [12/Dec/2016:09:34:44 -0300] "GET /cormun/servlet/prfichaempleado?,MD,,gxPopupLevel%3D0%3B HTTP/1.1" 200 8805
186.103.159.230 - - [12/Dec/2016:09:34:53 -0300] "POST /cormun/servlet/prfichaempleado?b2b729bfc759b549a92ff206ac8d11ff,,MD,,gxPopupLevel%3D0%3B,gx-no-cache=1481546172160 HTTP/1.1" 200 3574
186.103.157.42 - - [12/Dec/2016:09:35:04 -0300] "GET /cormun/servlet/prfichaempleado?,MD,,gxPopupLevel%3D0%3B HTTP/1.1" 200 8903
186.103.157.42 - - [12/Dec/2016:09:35:11 -0300] "POST /cormun/servlet/prfichaempleado?f4f578033c7bd34d5e52fc4c2f547d7a,,MD,,gxPopupLevel%3D0%3B,gx-no-cache=1481546189882 HTTP/1.1" 200 3806
186.103.157.42 - - [12/Dec/2016:09:35:19 -0300] "GET /cormun/servlet/permisogoce?75eba02d27f8dfe14d28117d4717b7b3be1bc7b81a69e77e9bd75b4ebdce727cefdeec5c52c245aa4b32255b5a0e7209,gx-no-cache=1481546198424 HTTP/1.1" 200 67
186.103.157.42 - - [12/Dec/2016:09:35:29 -0300] "GET /cormun/servlet/permisogoce?75eba02d27f8dfe14d28117d4717b7b376d3f7b62282ed2b57f6afc6dd5b422b461579721fd3f0821a08299bf67a66c48bf85f236147b879e237340614c3ba40,gx-no-cache=1481546207620 HTTP/1.1" 200 47
186.103.157.42 - - [12/Dec/2016:09:35:30 -0300] "POST /cormun/servlet/permisogoce?f4f578033c7bd34d5e52fc4c2f547d7a,INS,0,,,,gx-no-cache=1481546207733 HTTP/1.1" 200 93
186.103.157.42 - - [12/Dec/2016:09:35:30 -0300] "GET /cormun/servlet/hpexe_return? HTTP/1.1" 200 1009
186.103.157.42 - - [12/Dec/2016:09:35:30 -0300] "GET /cormun/servlet/trpermisosgoce HTTP/1.1" 200 8974
186.103.157.42 - - [12/Dec/2016:09:35:31 -0300] "GET /cormun/servlet/trpermisosgoce HTTP/1.1" 200 8970
186.103.157.42 - - [12/Dec/2016:09:35:35 -0300] "GET /cormun/servlet/apermisogoceprn?10861333,P,20161212,PU HTTP/1.1" 200 1606
186.103.157.42 - - [12/Dec/2016:09:35:35 -0300] "GET /cormun/servlet/apermisogoceprn?10861333,P,20161212,PU HTTP/1.1" 200 1608
192.168.10.17 - - [12/Dec/2016:09:35:44 -0300] "GET /cormun/servlet/licenciaspermisos?INS,0,,, HTTP/1.1" 200 7198
192.168.10.17 - - [12/Dec/2016:09:35:48 -0300] "GET /cormun/servlet/trlicencias? HTTP/1.1" 200 6694
192.168.10.89 - - [12/Dec/2016:09:35:49 -0300] "GET /cormunbeta/servlet/hlogin HTTP/1.1" 200 1726
192.168.10.89 - - [12/Dec/2016:09:35:49 -0300] "GET /cormunbeta/static/Resources/Spanish/PXTools.css?167811 HTTP/1.1" 304 -
192.168.10.89 - - [12/Dec/2016:09:35:49 -0300] "GET /cormunbeta/static/gxtimezone.js?85251 HTTP/1.1" 304 -
192.168.10.89 - - [12/Dec/2016:09:35:49 -0300] "GET /cormunbeta/static/messages.spa.js?85251 HTTP/1.1" 304 -
192.168.10.89 - - [12/Dec/2016:09:35:49 -0300] "GET /cormunbeta/static/gxcfg.js?2016101716175963 HTTP/1.1" 304 -
192.168.10.89 - - [12/Dec/2016:09:35:49 -0300] "GET /cormunbeta/static/hlogin.js?2016101716175976 HTTP/1.1" 304 -
192.168.10.89 - - [12/Dec/2016:09:35:49 -0300] "GET /cormunbeta/servlet/hlogin HTTP/1.1" 200 1739
192.168.10.89 - - [12/Dec/2016:09:35:54 -0300] "GET /cormun/servlet/hlogin HTTP/1.1" 200 1717
192.168.10.89 - - [12/Dec/2016:09:35:54 -0300] "GET /cormun/static/Resources/Spanish/PXTools.css?167811 HTTP/1.1" 304 -
192.168.10.89 - - [12/Dec/2016:09:35:54 -0300] "GET /cormun/static/gxtimezone.js?85251 HTTP/1.1" 304 -
192.168.10.89 - - [12/Dec/2016:09:35:54 -0300] "GET /cormun/static/gxcfg.js?201612216162538 HTTP/1.1" 304 -
192.168.10.89 - - [12/Dec/2016:09:35:54 -0300] "GET /cormun/static/messages.spa.js?85251 HTTP/1.1" 200 30736
192.168.10.89 - - [12/Dec/2016:09:35:54 -0300] "GET /cormun/static/hlogin.js?201612216162555 HTTP/1.1" 304 -
192.168.10.89 - - [12/Dec/2016:09:35:54 -0300] "GET /cormun/servlet/hlogin HTTP/1.1" 200 1727
186.103.157.42 - - [12/Dec/2016:09:35:59 -0300] "GET /cormun/servlet/permisogoce?INS,0,,, HTTP/1.1" 200 6682
186.103.157.42 - - [12/Dec/2016:09:36:00 -0300] "GET /cormun/servlet/permisogoce?INS,0,,, HTTP/1.1" 200 6682
186.103.157.42 - - [12/Dec/2016:09:36:11 -0300] "GET /cormun/servlet/prfichaempleado?,MD,,gxPopupLevel%3D0%3B HTTP/1.1" 200 8903
192.168.10.89 - - [12/Dec/2016:09:36:16 -0300] "POST /cormun/servlet/hlogin?490461f351be0810b7ac43db1bb71d40,gx-no-cache=1481545896228 HTTP/1.1" 200 446
186.103.157.42 - - [12/Dec/2016:09:36:18 -0300] "POST /cormun/servlet/prfichaempleado?f4f578033c7bd34d5e52fc4c2f547d7a,,MD,,gxPopupLevel%3D0%3B,gx-no-cache=1481546256992 HTTP/1.1" 200 4014
192.168.10.17 - - [12/Dec/2016:09:36:19 -0300] "GET /cormun/servlet/hlogin HTTP/1.1" 200 1732
192.168.10.89 - - [12/Dec/2016:09:36:20 -0300] "POST /cormun/servlet/hlogin?490461f351be0810b7ac43db1bb71d40,gx-no-cache=1481545900170 HTTP/1.1" 200 90
192.168.10.89 - - [12/Dec/2016:09:36:20 -0300] "GET /cormun/servlet/hpexe_link HTTP/1.1" 200 953
192.168.10.89 - - [12/Dec/2016:09:36:20 -0300] "GET /cormun/static/Resources/Spanish/PXTools.css?18365030 HTTP/1.1" 304 -
192.168.10.89 - - [12/Dec/2016:09:36:20 -0300] "GET /cormun/static/gxcfg.js?201612218515529 HTTP/1.1" 304 -
192.168.10.89 - - [12/Dec/2016:09:36:20 -0300] "GET /cormun/static/hpexe_link.js?201612218515532 HTTP/1.1" 304 -
192.168.10.89 - - [12/Dec/2016:09:36:20 -0300] "GET /cormun/servlet/hhome HTTP/1.1" 200 3870
192.168.10.89 - - [12/Dec/2016:09:36:20 -0300] "GET /cormun/static/gxcfg.js?201612218515568 HTTP/1.1" 304 -
192.168.10.89 - - [12/Dec/2016:09:36:21 -0300] "GET /cormun/static/hhome.js?201612218515573 HTTP/1.1" 304 -
192.168.10.89 - - [12/Dec/2016:09:36:21 -0300] "GET /cormun/static/hwchdr01.js?201612218432057 HTTP/1.1" 304 -
192.168.10.89 - - [12/Dec/2016:09:36:21 -0300] "GET /cormun/static/hpexe_recentlink.js?201610171694390 HTTP/1.1" 304 -
192.168.10.89 - - [12/Dec/2016:09:36:21 -0300] "GET /cormun/static/hpexe_scripts.js?201612218432016 HTTP/1.1" 304 -
192.168.10.89 - - [12/Dec/2016:09:36:21 -0300] "GET /cormun/static/hpexe_messagecontroller.js?201610171694323 HTTP/1.1" 304 -
192.168.10.89 - - [12/Dec/2016:09:36:21 -0300] "GET /cormun/static/hpexe_messagepopupcomponent.js?20161017169425 HTTP/1.1" 304 -
192.168.10.89 - - [12/Dec/2016:09:36:21 -0300] "GET /cormun/static/hpexe_messagegenexuscomponent.js?201612218431816 HTTP/1.1" 304 -
192.168.10.89 - - [12/Dec/2016:09:36:21 -0300] "GET /cormun/static/cmcontrolpreferences.js?201612218431999 HTTP/1.1" 304 -
192.168.10.89 - - [12/Dec/2016:09:36:21 -0300] "GET /cormun/static/hmpwkw03.js?20161221852152 HTTP/1.1" 304 -
192.168.10.89 - - [12/Dec/2016:09:36:23 -0300] "GET /cormun/servlet/trlicencias? HTTP/1.1" 200 6696
192.168.10.89 - - [12/Dec/2016:09:36:23 -0300] "GET /cormun/static/gxcfg.js?2016112214143385 HTTP/1.1" 200 953
192.168.10.89 - - [12/Dec/2016:09:36:23 -0300] "GET /cormun/static/calendar.js?85251 HTTP/1.1" 304 -
192.168.10.89 - - [12/Dec/2016:09:36:23 -0300] "GET /cormun/static/calendar-setup.js?85251 HTTP/1.1" 304 -
192.168.10.89 - - [12/Dec/2016:09:36:23 -0300] "GET /cormun/static/calendar-es.js?85251 HTTP/1.1" 304 -
192.168.10.89 - - [12/Dec/2016:09:36:23 -0300] "GET /cormun/static/gxdec.js?85251 HTTP/1.1" 304 -
192.168.10.89 - - [12/Dec/2016:09:36:23 -0300] "GET /cormun/static/trlicencias.js?2016112214144060 HTTP/1.1" 304 -
186.103.157.42 - - [12/Dec/2016:09:36:24 -0300] "GET /cormun/servlet/permisogoce?75eba02d27f8dfe14d28117d4717b7b3c420e1fdd751021046de3a50d917e28aefdeec5c52c245aa4b32255b5a0e7209,gx-no-cache=1481546263546 HTTP/1.1" 200 68
192.168.10.89 - - [12/Dec/2016:09:36:26 -0300] "GET /cormun/servlet/licenciaspermisos?INS,0,,, HTTP/1.1" 200 7213
192.168.10.89 - - [12/Dec/2016:09:36:26 -0300] "GET /cormun/static/gxcfg.js?201612218463143 HTTP/1.1" 200 953
192.168.10.89 - - [12/Dec/2016:09:36:26 -0300] "GET /cormun/static/licenciaspermisos.js?20161221846329 HTTP/1.1" 304 -
186.103.157.42 - - [12/Dec/2016:09:36:30 -0300] "GET /cormun/servlet/permisogoce?75eba02d27f8dfe14d28117d4717b7b30fe28eecb6aba77444a52d6c848ef9137e51732aa31bd9f4a9614e046032f47eccde78dba43dd5cbc77cb5a9b8504508,gx-no-cache=1481546269540 HTTP/1.1" 200 129
186.103.157.42 - - [12/Dec/2016:09:36:31 -0300] "GET /cormun/static/Shared/jqueryui/images/ui-bg_highlight-soft_100_c6c2c8_1x100.png HTTP/1.1" 404 1117
186.103.157.42 - - [12/Dec/2016:09:36:31 -0300] "GET /cormun/static/Shared/jqueryui/images/ui-icons_82798d_256x240.png HTTP/1.1" 404 1089
186.103.157.42 - - [12/Dec/2016:09:36:31 -0300] "GET /cormun/static/Shared/jqueryui/images/ui-icons_ebccce_256x240.png HTTP/1.1" 404 1089
186.103.157.42 - - [12/Dec/2016:09:36:31 -0300] "GET /cormun/static/Shared/jqueryui/images/ui-bg_flat_55_994d53_40x100.png HTTP/1.1" 404 1097
192.168.10.89 - - [12/Dec/2016:09:36:35 -0300] "GET /cormun/servlet/prfichaempleado?,MD,,gxPopupLevel%3D0%3B HTTP/1.1" 200 8808
192.168.10.89 - - [12/Dec/2016:09:36:35 -0300] "GET /cormun/static/gxcfg.js?2016102420561687 HTTP/1.1" 200 953
192.168.10.89 - - [12/Dec/2016:09:36:35 -0300] "GET /cormun/static/prfichaempleado.js?201610242056198 HTTP/1.1" 304 -
192.168.10.89 - - [12/Dec/2016:09:36:35 -0300] "GET /cormun/static/menusearch.js?201610171694467 HTTP/1.1" 304 -
192.168.10.89 - - [12/Dec/2016:09:36:35 -0300] "GET /cormun/static/hmpwkw011.js?201612218515582 HTTP/1.1" 304 -
186.103.157.42 - - [12/Dec/2016:09:36:47 -0300] "GET /cormun/servlet/permisogoce?75eba02d27f8dfe14d28117d4717b7b30fe28eecb6aba77444a52d6c848ef9137e51732aa31bd9f4a9614e046032f47e8bf85f236147b879e237340614c3ba40,gx-no-cache=1481546286415 HTTP/1.1" 200 46
192.168.10.89 - - [12/Dec/2016:09:36:48 -0300] "POST /cormun/servlet/prfichaempleado?490461f351be0810b7ac43db1bb71d40,,MD,,gxPopupLevel%3D0%3B,gx-no-cache=1481545927636 HTTP/1.1" 200 3399
186.103.157.42 - - [12/Dec/2016:09:36:48 -0300] "POST /cormun/servlet/permisogoce?f4f578033c7bd34d5e52fc4c2f547d7a,INS,0,,,,gx-no-cache=1481546286512 HTTP/1.1" 200 93
186.103.157.42 - - [12/Dec/2016:09:36:48 -0300] "GET /cormun/servlet/hpexe_return? HTTP/1.1" 200 1009
186.103.157.42 - - [12/Dec/2016:09:36:48 -0300] "GET /cormun/servlet/trpermisosgoce HTTP/1.1" 200 9166
186.103.157.42 - - [12/Dec/2016:09:36:49 -0300] "GET /cormun/servlet/trpermisosgoce HTTP/1.1" 200 9162
192.168.10.89 - - [12/Dec/2016:09:36:50 -0300] "GET /cormun/servlet/licenciaspermisos?b45261ba0312d7aa278baa54cbf75937a5e5a12d1934c96590f65f7cb907d3e05632c6017874d2dc3b70e6c7453f649b,gx-no-cache=1481545930124 HTTP/1.1" 200 62
192.168.10.89 - - [12/Dec/2016:09:36:50 -0300] "POST /cormun/servlet/licenciaspermisos?490461f351be0810b7ac43db1bb71d40,INS,0,,,,gx-no-cache=1481545930185 HTTP/1.1" 200 4520
186.103.157.42 - - [12/Dec/2016:09:36:52 -0300] "GET /cormun/servlet/apermisogoceprn?10482009,P,20161212,PU HTTP/1.1" 200 1651
186.103.157.42 - - [12/Dec/2016:09:36:52 -0300] "GET /cormun/servlet/apermisogoceprn?10482009,P,20161212,PU HTTP/1.1" 200 1649
186.103.159.230 - - [12/Dec/2016:09:37:05 -0300] "GET /cormun/servlet/prfichaempleado?,MD,,gxPopupLevel%3D0%3B HTTP/1.1" 200 8805
186.103.159.230 - - [12/Dec/2016:09:37:13 -0300] "POST /cormun/servlet/prfichaempleado?b2b729bfc759b549a92ff206ac8d11ff,,MD,,gxPopupLevel%3D0%3B,gx-no-cache=1481546312280 HTTP/1.1" 200 3574
186.103.157.42 - - [12/Dec/2016:09:37:20 -0300] "GET /cormun/servlet/permisogoce?INS,0,,, HTTP/1.1" 200 6682
186.103.157.42 - - [12/Dec/2016:09:37:21 -0300] "GET /cormun/servlet/permisogoce?INS,0,,, HTTP/1.1" 200 6682
192.168.10.89 - - [12/Dec/2016:09:37:30 -0300] "GET /cormun/servlet/hlogin HTTP/1.1" 200 1746
186.103.157.42 - - [12/Dec/2016:09:37:31 -0300] "GET /cormun/servlet/prfichaempleado?,MD,,gxPopupLevel%3D0%3B HTTP/1.1" 200 8903
186.103.157.42 - - [12/Dec/2016:09:37:38 -0300] "POST /cormun/servlet/prfichaempleado?f4f578033c7bd34d5e52fc4c2f547d7a,,MD,,gxPopupLevel%3D0%3B,gx-no-cache=1481546336426 HTTP/1.1" 200 3406
186.103.157.42 - - [12/Dec/2016:09:37:41 -0300] "GET /cormun/servlet/permisogoce?75eba02d27f8dfe14d28117d4717b7b3945a4697a084655880d78bcb0e33f102efdeec5c52c245aa4b32255b5a0e7209,gx-no-cache=1481546340063 HTTP/1.1" 200 74
186.103.157.42 - - [12/Dec/2016:09:37:50 -0300] "GET /cormun/servlet/permisogoce?75eba02d27f8dfe14d28117d4717b7b322e9fd24b6ac777f52dd5443004b9bda0763a50f8e398dc8902335df547310ca8bf85f236147b879e237340614c3ba40,gx-no-cache=1481546348761 HTTP/1.1" 200 47
186.103.157.42 - - [12/Dec/2016:09:38:09 -0300] "POST /cormun/servlet/permisogoce?f4f578033c7bd34d5e52fc4c2f547d7a,INS,0,,,,gx-no-cache=1481546367747 HTTP/1.1" 200 93
186.103.157.42 - - [12/Dec/2016:09:38:09 -0300] "GET /cormun/servlet/hpexe_return? HTTP/1.1" 200 1009
186.103.157.42 - - [12/Dec/2016:09:38:10 -0300] "GET /cormun/servlet/trpermisosgoce HTTP/1.1" 200 9383
186.103.157.42 - - [12/Dec/2016:09:38:11 -0300] "GET /cormun/servlet/trpermisosgoce HTTP/1.1" 200 9380
186.103.159.230 - - [12/Dec/2016:09:38:13 -0300] "GET /cormun/servlet/licenciaspermisos?1a839e383d2c96b25837ad88c5382024c624c95acbd45daff7aede39f474e7e2,gx-no-cache=1481546372380 HTTP/1.1" 200 107
186.103.159.230 - - [12/Dec/2016:09:38:13 -0300] "GET /cormun/static/Shared/jqueryui/images/ui-bg_highlight-soft_100_c6c2c8_1x100.png HTTP/1.1" 404 1117
186.103.159.230 - - [12/Dec/2016:09:38:13 -0300] "GET /cormun/static/Shared/jqueryui/images/ui-icons_82798d_256x240.png HTTP/1.1" 404 1089
186.103.159.230 - - [12/Dec/2016:09:38:13 -0300] "GET /cormun/servlet/licenciaspermisos?1a839e383d2c96b25837ad88c5382024b0ea0d1cd2233de2af12fd8452b2626df8661664fcfdfe3750870d249afc7b15cffcfdb8cc938d8b302b101ab2d6472d7d80e8cd6a73d67f96f25be1b37abf2149cb58f4ed1f30187abef76eddb7f961f45c7dac9dba4f92664c69a0d3a62af5eeb4e2be3868bfce4b12410ae7fa4be04400ff3dabaae8fb25913aba3bcd7c7389562e336884387ae46cbfb491acb4b663286c682a295db5f340f33df4b5b3644d3da0fbca75e9f891130632bdd4cf1faee69b7bbffeea8fb311ba7b7a9d7d1309adacbaf2f6b3aa8b202d355e3090d2,gx-no-cache=1481546372555 HTTP/1.1" 200 30
186.103.159.230 - - [12/Dec/2016:09:38:13 -0300] "GET /cormun/static/Shared/jqueryui/images/ui-bg_flat_55_994d53_40x100.png HTTP/1.1" 404 1097
186.103.159.230 - - [12/Dec/2016:09:38:13 -0300] "GET /cormun/static/Shared/jqueryui/images/ui-icons_ebccce_256x240.png HTTP/1.1" 404 1089
186.103.157.42 - - [12/Dec/2016:09:38:15 -0300] "GET /cormun/servlet/apermisogoceprn?14605820,P,20161212,PU HTTP/1.1" 200 1656
186.103.159.230 - - [12/Dec/2016:09:38:24 -0300] "GET /cormun/servlet/trpermisosgoce? HTTP/1.1" 200 6629
186.103.159.230 - - [12/Dec/2016:09:38:24 -0300] "GET /cormun/servlet/trpermisosgoce? HTTP/1.1" 200 6623
186.103.159.230 - - [12/Dec/2016:09:39:14 -0300] "GET /cormun/servlet/trpermisosgoce? HTTP/1.1" 200 6623
186.103.159.230 - - [12/Dec/2016:09:39:15 -0300] "GET /cormun/servlet/trpermisosgoce? HTTP/1.1" 200 6623
186.103.159.230 - - [12/Dec/2016:09:39:20 -0300] "GET /cormun/servlet/permisogoce?INS,0,,, HTTP/1.1" 200 6595
186.103.159.230 - - [12/Dec/2016:09:39:20 -0300] "GET /cormun/static/gxcfg.js?201612518115881 HTTP/1.1" 200 953
186.103.159.230 - - [12/Dec/2016:09:39:20 -0300] "GET /cormun/static/permisogoce.js?201612518115922 HTTP/1.1" 200 25630
186.103.159.230 - - [12/Dec/2016:09:39:20 -0300] "GET /cormun/servlet/permisogoce?INS,0,,, HTTP/1.1" 200 6595
186.103.159.230 - - [12/Dec/2016:09:39:33 -0300] "GET /cormun/servlet/prfichaempleado?,MD,,gxPopupLevel%3D0%3B HTTP/1.1" 200 8805
186.103.159.230 - - [12/Dec/2016:09:39:40 -0300] "POST /cormun/servlet/prfichaempleado?b2b729bfc759b549a92ff206ac8d11ff,,MD,,gxPopupLevel%3D0%3B,gx-no-cache=1481546458942 HTTP/1.1" 200 4453
201.246.238.212 - - [12/Dec/2016:09:39:44 -0300] "GET /cormun/servlet/hlogin HTTP/1.1" 200 1724
201.246.238.212 - - [12/Dec/2016:09:39:45 -0300] "GET /cormun/static/gxtimezone.js?85251 HTTP/1.1" 200 5781
201.246.238.212 - - [12/Dec/2016:09:39:45 -0300] "GET /cormun/static/hlogin.js?201612216162555 HTTP/1.1" 200 2136
201.246.238.212 - - [12/Dec/2016:09:39:45 -0300] "GET /cormun/static/messages.spa.js?85251 HTTP/1.1" 200 30736
201.246.238.212 - - [12/Dec/2016:09:39:45 -0300] "GET /cormun/static/Resources/Spanish/PXTools.css?167811 HTTP/1.1" 200 89042
201.246.238.212 - - [12/Dec/2016:09:39:45 -0300] "GET /cormun/static/Resources/ComunLogin.png HTTP/1.1" 200 17326
201.246.238.212 - - [12/Dec/2016:09:39:45 -0300] "GET /cormun/static/gxcfg.js?201612216162538 HTTP/1.1" 200 953
201.246.238.212 - - [12/Dec/2016:09:39:45 -0300] "GET /cormun/static/gxgral.js?85251 HTTP/1.1" 200 384558
201.246.238.212 - - [12/Dec/2016:09:39:46 -0300] "GET /cormun/static/Resources/indicator.gif HTTP/1.1" 200 1553
201.246.238.212 - - [12/Dec/2016:09:39:46 -0300] "GET /cormun/static/Resources/PXToolsLoginTop.png HTTP/1.1" 200 1337
201.246.238.212 - - [12/Dec/2016:09:39:46 -0300] "GET /cormun/static/Resources/PXToolsLoginBackground.png HTTP/1.1" 200 1164
201.246.238.212 - - [12/Dec/2016:09:39:46 -0300] "GET /cormun/static/Resources/PXToolsButtonLeft21.png HTTP/1.1" 200 1287
201.246.238.212 - - [12/Dec/2016:09:39:46 -0300] "GET /cormun/static/Resources/PXToolsButtonRight21.png HTTP/1.1" 200 1283
201.246.238.212 - - [12/Dec/2016:09:39:46 -0300] "GET /cormun/static/Resources/PXToolsButtonBackground2.png HTTP/1.1" 200 1181
201.246.238.212 - - [12/Dec/2016:09:39:46 -0300] "GET /cormun/servlet/hlogin HTTP/1.1" 200 1731
201.246.238.212 - - [12/Dec/2016:09:39:46 -0300] "GET /favicon.ico HTTP/1.1" 200 21630
201.246.238.212 - - [12/Dec/2016:09:39:46 -0300] "GET /cormun/static/Resources/indicator.gif HTTP/1.1" 200 1553
201.246.238.212 - - [12/Dec/2016:09:39:46 -0300] "GET /cormun/static/Resources/PXToolsLoginBottom.png HTTP/1.1" 200 1389
201.246.238.212 - - [12/Dec/2016:09:39:46 -0300] "GET /cormun/static/Resources/PXToolsButtonRight21.png HTTP/1.1" 200 1283
201.246.238.212 - - [12/Dec/2016:09:39:46 -0300] "GET /cormun/static/Resources/PXToolsLoginTop.png HTTP/1.1" 200 1337
201.246.238.212 - - [12/Dec/2016:09:39:46 -0300] "GET /cormun/static/Resources/PXToolsLoginBackground.png HTTP/1.1" 200 1164
201.246.238.212 - - [12/Dec/2016:09:39:46 -0300] "GET /cormun/static/Resources/PXToolsButtonBackground2.png HTTP/1.1" 200 1181
201.246.238.212 - - [12/Dec/2016:09:39:46 -0300] "GET /cormun/static/Resources/PXToolsButtonLeft21.png HTTP/1.1" 200 1287
201.246.238.212 - - [12/Dec/2016:09:39:53 -0300] "POST /cormun/servlet/hlogin?6e283bf84afcbb08b934fca8444fb2ff,gx-no-cache=1481546472036 HTTP/1.1" 200 90
201.246.238.212 - - [12/Dec/2016:09:39:53 -0300] "GET /cormun/servlet/hpexe_link HTTP/1.1" 200 954
201.246.238.212 - - [12/Dec/2016:09:39:53 -0300] "GET /cormun/static/hpexe_link.js?201612218515532 HTTP/1.1" 200 625
201.246.238.212 - - [12/Dec/2016:09:39:53 -0300] "GET /cormun/static/Resources/Spanish/PXTools.css?18365030 HTTP/1.1" 200 89042
186.103.159.230 - - [12/Dec/2016:09:39:54 -0300] "GET /cormun/servlet/permisogoce?1a839e383d2c96b25837ad88c538202454bc7ddb4e24e086b60690ca42e687d7e2d79441bf1129e9e65ca2b62a3d6559,gx-no-cache=1481546472813 HTTP/1.1" 200 70
186.103.159.230 - - [12/Dec/2016:09:39:54 -0300] "GET /cormun/static/menuarrow.gif HTTP/1.1" 404 1015
201.246.238.212 - - [12/Dec/2016:09:39:54 -0300] "GET /cormun/static/gxcfg.js?201612218515529 HTTP/1.1" 200 953
201.246.238.212 - - [12/Dec/2016:09:39:54 -0300] "GET /cormun/servlet/hhome HTTP/1.1" 200 3708
201.246.238.212 - - [12/Dec/2016:09:39:54 -0300] "GET /cormun/static/SmoothNavMenu/resources/ddsmoothmenu.css?1112540 HTTP/1.1" 200 2223
201.246.238.212 - - [12/Dec/2016:09:39:54 -0300] "GET /cormun/static/SmoothNavMenu/resources/ddsmoothmenu-v.css?1112540 HTTP/1.1" 200 1188
201.246.238.212 - - [12/Dec/2016:09:39:54 -0300] "GET /cormun/static/scaMessage/css/jquery.pnotify.default.css?1816380 HTTP/1.1" 200 1707
201.246.238.212 - - [12/Dec/2016:09:39:54 -0300] "GET /cormun/static/gxcfg.js?201612218515568 HTTP/1.1" 200 953
201.246.238.212 - - [12/Dec/2016:09:39:54 -0300] "GET /cormun/static/PXToolsJavascripts/pexe_autoreload.js HTTP/1.1" 200 1762
201.246.238.212 - - [12/Dec/2016:09:39:54 -0300] "GET /cormun/static/Shared/jqueryui/jquery-ui.min.css?1345370 HTTP/1.1" 200 30288
201.246.238.212 - - [12/Dec/2016:09:39:54 -0300] "GET /cormun/static/PXToolsJavascripts/pexe_cookies.js HTTP/1.1" 200 792
201.246.238.212 - - [12/Dec/2016:09:39:54 -0300] "GET /cormun/static/PXToolsJavascripts/pexe_windows.js HTTP/1.1" 200 15207
201.246.238.212 - - [12/Dec/2016:09:39:54 -0300] "GET /cormun/static/PXToolsJavascripts/pexe_grid.js HTTP/1.1" 200 7559
201.246.238.212 - - [12/Dec/2016:09:39:55 -0300] "GET /cormun/static/PXToolsJavascripts/pexe_link.js HTTP/1.1" 200 5671
201.246.238.212 - - [12/Dec/2016:09:39:55 -0300] "GET /cormun/static/PXToolsJavascripts/pexe_griddivfix.js HTTP/1.1" 200 6644
201.246.238.212 - - [12/Dec/2016:09:39:55 -0300] "GET /cormun/static/PXToolsJavascripts/pexe_menudivfix.js HTTP/1.1" 200 333
201.246.238.212 - - [12/Dec/2016:09:39:55 -0300] "GET /cormun/static/PXToolsJavascripts/pexe_menus.js HTTP/1.1" 200 1286
201.246.238.212 - - [12/Dec/2016:09:39:55 -0300] "GET /cormun/static/PXToolsJavascripts/pexe_layers.js HTTP/1.1" 200 4114
201.246.238.212 - - [12/Dec/2016:09:39:55 -0300] "GET /cormun/static/PXToolsJavascripts/pexe_oav.js HTTP/1.1" 200 645
201.246.238.212 - - [12/Dec/2016:09:39:55 -0300] "GET /cormun/static/PXToolsJavascripts/pexe_oavdivfix.js HTTP/1.1" 200 639
201.246.238.212 - - [12/Dec/2016:09:39:55 -0300] "GET /cormun/static/PXToolsJavascripts/pexe_picture.js HTTP/1.1" 200 689
201.246.238.212 - - [12/Dec/2016:09:39:55 -0300] "GET /cormun/static/PXToolsJavascripts/pexe_popup.js HTTP/1.1" 200 13458
201.246.238.212 - - [12/Dec/2016:09:39:55 -0300] "GET /cormun/static/PXToolsJavascripts/pexe_scrolldiv.js HTTP/1.1" 200 4138
201.246.238.212 - - [12/Dec/2016:09:39:55 -0300] "GET /cormun/static/PXToolsJavascripts/pexe_tabdivfix.js HTTP/1.1" 200 876
201.246.238.212 - - [12/Dec/2016:09:39:55 -0300] "GET /cormun/static/PXToolsJavascripts/pexe_upload.js HTTP/1.1" 200 1423
201.246.238.212 - - [12/Dec/2016:09:39:55 -0300] "GET /cormun/static/PXToolsJavascripts/PXToolsJavascriptsRender.js HTTP/1.1" 200 367
201.246.238.212 - - [12/Dec/2016:09:39:55 -0300] "GET /cormun/static/RunJS/RunJS.js HTTP/1.1" 200 288
201.246.238.212 - - [12/Dec/2016:09:39:55 -0300] "GET /cormun/static/Shared/ext/locale/ext-lang-en.js HTTP/1.1" 200 10940
201.246.238.212 - - [12/Dec/2016:09:39:55 -0300] "GET /cormun/static/hhome.js?201612218515573 HTTP/1.1" 200 777
201.246.238.212 - - [12/Dec/2016:09:39:55 -0300] "GET /cormun/static/hwchdr01.js?201612218432057 HTTP/1.1" 200 1183
201.246.238.212 - - [12/Dec/2016:09:39:55 -0300] "GET /cormun/static/hpexe_recentlink.js?201610171694390 HTTP/1.1" 200 2144
201.246.238.212 - - [12/Dec/2016:09:39:55 -0300] "GET /cormun/static/hpexe_scripts.js?201612218432016 HTTP/1.1" 200 1544
201.246.238.212 - - [12/Dec/2016:09:39:55 -0300] "GET /cormun/static/PXToolsJavascripts/pexe_tabs.js HTTP/1.1" 200 3748
201.246.238.212 - - [12/Dec/2016:09:39:55 -0300] "GET /cormun/static/hpexe_messagecontroller.js?201610171694323 HTTP/1.1" 200 870
201.246.238.212 - - [12/Dec/2016:09:39:55 -0300] "GET /cormun/static/gxui/gxui-all.js HTTP/1.1" 200 107772
201.246.238.212 - - [12/Dec/2016:09:39:55 -0300] "GET /cormun/static/hpexe_messagepopupcomponent.js?20161017169425 HTTP/1.1" 200 605
201.246.238.212 - - [12/Dec/2016:09:39:55 -0300] "GET /cormun/static/hpexe_messagegenexuscomponent.js?201612218431816 HTTP/1.1" 200 587
201.246.238.212 - - [12/Dec/2016:09:39:55 -0300] "GET /cormun/static/cmcontrolpreferences.js?201612218431999 HTTP/1.1" 200 1375
201.246.238.212 - - [12/Dec/2016:09:39:55 -0300] "GET /cormun/static/SmoothNavMenu/resources/ddsmoothmenu.js HTTP/1.1" 200 12712
201.246.238.212 - - [12/Dec/2016:09:39:55 -0300] "GET /cormun/static/SmoothNavMenu/resources/SmoothNavMenuRender.js HTTP/1.1" 200 5951
201.246.238.212 - - [12/Dec/2016:09:39:55 -0300] "GET /cormun/static/scaMessage/js/jquery.pnotify.min.js HTTP/1.1" 200 13038
201.246.238.212 - - [12/Dec/2016:09:39:56 -0300] "GET /cormun/static/Shared/jquery/jquery-1.4.2.min.js HTTP/1.1" 200 72174
201.246.238.212 - - [12/Dec/2016:09:39:56 -0300] "GET /cormun/static/scaMessage/scaMessageRender.js HTTP/1.1" 200 11977
201.246.238.212 - - [12/Dec/2016:09:39:56 -0300] "GET /cormun/static/hmpwkw03.js?20161221852152 HTTP/1.1" 200 3965
201.246.238.212 - - [12/Dec/2016:09:39:56 -0300] "GET /cormun/static/Resources/PXToolsHeaderSecurity.png HTTP/1.1" 200 4166
201.246.238.212 - - [12/Dec/2016:09:39:56 -0300] "GET /cormun/static/Resources/PXToolsHeaderHome.png HTTP/1.1" 200 4147
201.246.238.212 - - [12/Dec/2016:09:39:56 -0300] "GET /cormun/static/Resources/PXToolsHeaderActionsBackground.png HTTP/1.1" 200 484
201.246.238.212 - - [12/Dec/2016:09:39:56 -0300] "GET /cormun/static/Resources/PXToolsHeaderLogin.png HTTP/1.1" 200 4279
201.246.238.212 - - [12/Dec/2016:09:39:56 -0300] "GET /cormun/static/Resources/PXToolsHeaderActionsRight.png HTTP/1.1" 200 1201
201.246.238.212 - - [12/Dec/2016:09:39:56 -0300] "GET /cormun/static/Resources/PXToolsHeaderBackground2.png HTTP/1.1" 200 1174
201.246.238.212 - - [12/Dec/2016:09:39:56 -0300] "GET /cormun/static/Resources/PXToolsFooterBackground2.png HTTP/1.1" 200 1172
201.246.238.212 - - [12/Dec/2016:09:39:56 -0300] "GET /cormun/static/Resources/logo4.png HTTP/1.1" 200 6582
201.246.238.212 - - [12/Dec/2016:09:39:56 -0300] "GET /cormun/static/Resources/PXToolsHeaderActionsLeft.png HTTP/1.1" 200 1118
201.246.238.212 - - [12/Dec/2016:09:39:56 -0300] "GET /cormun/static/Resources/PXToolsHeaderPreferences.png HTTP/1.1" 200 4189
201.246.238.212 - - [12/Dec/2016:09:39:56 -0300] "GET /cormun/static/Resources/PXToolsDataTitle.png HTTP/1.1" 200 1173
201.246.238.212 - - [12/Dec/2016:09:39:57 -0300] "GET /cormun/static/Shared/jquery/jquery-1.10.2.min.js HTTP/1.1" 200 273199
201.246.238.212 - - [12/Dec/2016:09:39:58 -0300] "GET /cormun/static/Shared/jqueryui/jquery-ui.min.js HTTP/1.1" 200 240427
201.246.238.212 - - [12/Dec/2016:09:39:58 -0300] "GET /cormun/static/Shared/ext/ext-all.js HTTP/1.1" 200 1289687
201.246.238.212 - - [12/Dec/2016:09:39:59 -0300] "GET /cormun/static/SmoothNavMenu/resources/images/down.gif HTTP/1.1" 200 854
201.246.238.212 - - [12/Dec/2016:09:39:59 -0300] "GET /cormun/servlet/hhome HTTP/1.1" 200 3705
186.103.159.230 - - [12/Dec/2016:09:40:03 -0300] "GET /cormun/servlet/permisogoce?1a839e383d2c96b25837ad88c5382024aaa0956e3ea466aa208cfe53316cdc4129b0d96412ed794dababb1d4b27cc807acbd1709406f60e1b83f62755748c531,gx-no-cache=1481546482009 HTTP/1.1" 200 46
186.103.159.230 - - [12/Dec/2016:09:40:23 -0300] "POST /cormun/servlet/permisogoce?b2b729bfc759b549a92ff206ac8d11ff,INS,0,,,,gx-no-cache=1481546492899 HTTP/1.1" 500 10
186.103.159.230 - - [12/Dec/2016:09:40:31 -0300] "GET /cormun/servlet/permisogoce?INS,0,,, HTTP/1.1" 200 6595
186.103.159.230 - - [12/Dec/2016:09:40:32 -0300] "GET /cormun/servlet/permisogoce?INS,0,,, HTTP/1.1" 200 6595
186.103.159.230 - - [12/Dec/2016:09:40:32 -0300] "GET /favicon.ico HTTP/1.1" 200 21630
186.103.157.42 - - [12/Dec/2016:09:40:35 -0300] "GET /cormun/servlet/permisogoce?INS,0,,, HTTP/1.1" 200 6682
201.246.238.212 - - [12/Dec/2016:09:40:36 -0300] "GET /cormun/servlet/trlicencias? HTTP/1.1" 200 6537
186.103.157.42 - - [12/Dec/2016:09:40:36 -0300] "GET /cormun/servlet/permisogoce?INS,0,,, HTTP/1.1" 200 6682
201.246.238.212 - - [12/Dec/2016:09:40:36 -0300] "GET /cormun/static/calendar-system.css?85620 HTTP/1.1" 200 5572
201.246.238.212 - - [12/Dec/2016:09:40:36 -0300] "GET /cormun/static/gxui/gxui-all.css?120300 HTTP/1.1" 200 2179
201.246.238.212 - - [12/Dec/2016:09:40:36 -0300] "GET /cormun/static/gxcfg.js?2016112214143385 HTTP/1.1" 200 953
201.246.238.212 - - [12/Dec/2016:09:40:36 -0300] "GET /cormun/static/calendar-setup.js?85251 HTTP/1.1" 200 2588
201.246.238.212 - - [12/Dec/2016:09:40:36 -0300] "GET /cormun/static/calendar-es.js?85251 HTTP/1.1" 200 1901
201.246.238.212 - - [12/Dec/2016:09:40:36 -0300] "GET /cormun/static/calendar.js?85251 HTTP/1.1" 200 26246
201.246.238.212 - - [12/Dec/2016:09:40:37 -0300] "GET /cormun/static/Resources/PXTools/calendar.png HTTP/1.1" 200 1306
201.246.238.212 - - [12/Dec/2016:09:40:37 -0300] "GET /cormun/static/gxdec.js?85251 HTTP/1.1" 200 19579
201.246.238.212 - - [12/Dec/2016:09:40:37 -0300] "GET /cormun/static/Resources/PXToolsDataSearch.png HTTP/1.1" 200 419
201.246.238.212 - - [12/Dec/2016:09:40:37 -0300] "GET /cormun/static/trlicencias.js?2016112214144060 HTTP/1.1" 200 37907
201.246.238.212 - - [12/Dec/2016:09:40:37 -0300] "GET /cormun/static/Resources/PXToolsGridFirstDisabled.gif HTTP/1.1" 200 100
201.246.238.212 - - [12/Dec/2016:09:40:37 -0300] "GET /cormun/static/Resources/PXToolsGridPreviousDisabled.gif HTTP/1.1" 200 90
201.246.238.212 - - [12/Dec/2016:09:40:37 -0300] "GET /cormun/static/Resources/PXToolsGridLastDisabled.gif HTTP/1.1" 200 98
201.246.238.212 - - [12/Dec/2016:09:40:37 -0300] "GET /cormun/static/Resources/PXToolsGridNextDisabled.gif HTTP/1.1" 200 90
201.246.238.212 - - [12/Dec/2016:09:40:37 -0300] "GET /cormun/static/Resources/PXToolsGridPage.gif HTTP/1.1" 200 725
201.246.238.212 - - [12/Dec/2016:09:40:37 -0300] "GET /cormun/static/Resources/PXToolsGridNew.png HTTP/1.1" 200 2949
201.246.238.212 - - [12/Dec/2016:09:40:37 -0300] "GET /cormun/static/Resources/PXToolsActionExcel.png HTTP/1.1" 200 3187
201.246.238.212 - - [12/Dec/2016:09:40:37 -0300] "GET /cormun/static/Shared/ext/resources/css/ext-all.css?215870 HTTP/1.1" 200 416045
201.246.238.212 - - [12/Dec/2016:09:40:38 -0300] "GET /cormun/static/Resources/asc.gif HTTP/1.1" 200 67
201.246.238.212 - - [12/Dec/2016:09:40:38 -0300] "GET /cormun/static/Resources/desc.gif HTTP/1.1" 200 65
201.246.238.212 - - [12/Dec/2016:09:40:38 -0300] "GET /cormun/servlet/trlicencias? HTTP/1.1" 200 6539
201.246.238.212 - - [12/Dec/2016:09:40:38 -0300] "GET /cormun/static/Shared/ext/resources/themes/images/default/panel/bg-headersPanel.png HTTP/1.1" 200 255
