186.67.172.234 - - [04/Nov/2016:12:30:15 -0300] "POST /cormun/servlet/solicitudotadjuntos?c469ee53c83e7ef96be018b0e6bde6cf,INS,2016,2979,,1,,gx-no-cache=1478273498461 HTTP/1.1" 200 3541
186.67.172.234 - - [04/Nov/2016:12:30:19 -0300] "POST /cormun/servlet/solicitudotadjuntos?gx-no-cache=1478273502625 HTTP/1.1" 200 26
186.67.172.234 - - [04/Nov/2016:12:30:40 -0300] "GET /cormun/servlet/solicitudotadjuntos?00021ca3832c7ad255d9caad112beca621b3f17bf1a64075c54c4bd2636f99b7,gx-no-cache=1478273523963 HTTP/1.1" 200 30
186.67.172.234 - - [04/Nov/2016:12:30:40 -0300] "GET /cormun/servlet/solicitudotadjuntos?00021ca3832c7ad255d9caad112beca621b3f17bf1a64075c54c4bd2636f99b7,gx-no-cache=1478273524008 HTTP/1.1" 200 30
186.67.172.234 - - [04/Nov/2016:12:30:40 -0300] "POST /cormun/servlet/solicitudotadjuntos?c469ee53c83e7ef96be018b0e6bde6cf,INS,2016,2979,,1, HTTP/1.1" 200 116
186.67.172.234 - - [04/Nov/2016:12:30:40 -0300] "GET /cormun/servlet/hpexe_return? HTTP/1.1" 200 1022
186.67.172.234 - - [04/Nov/2016:12:30:41 -0300] "GET /cormun/servlet/trsolicitudadjuntos?2016,2979, HTTP/1.1" 200 7573
186.67.172.234 - - [04/Nov/2016:12:30:41 -0300] "GET /cormun/servlet/trsolicitudadjuntos?2016,2979, HTTP/1.1" 200 7569
186.67.172.234 - - [04/Nov/2016:12:32:50 -0300] "GET /cormun/servlet/solicitudotadjuntos?INS,2016,2979,,1, HTTP/1.1" 200 5792
186.67.172.234 - - [04/Nov/2016:12:32:50 -0300] "GET /cormun/static/about:blank HTTP/1.1" 404 1011
186.67.172.234 - - [04/Nov/2016:12:32:51 -0300] "GET /cormun/servlet/solicitudotadjuntos?INS,2016,2979,,1, HTTP/1.1" 200 5786
186.67.172.234 - - [04/Nov/2016:12:32:51 -0300] "GET /cormun/servlet/solicitudotadjuntos?00021ca3832c7ad255d9caad112beca63b72a4651709d8f3c7dbbfeb8d178b647f7458c5ed00b111815b76cb3e52e53f,gx-no-cache=1478273654863 HTTP/1.1" 200 30
186.67.172.234 - - [04/Nov/2016:12:32:51 -0300] "POST /cormun/servlet/solicitudotadjuntos?c469ee53c83e7ef96be018b0e6bde6cf,INS,2016,2979,,1,,gx-no-cache=1478273655181 HTTP/1.1" 200 3541
186.67.172.234 - - [04/Nov/2016:12:33:08 -0300] "POST /cormun/servlet/solicitudotadjuntos?c469ee53c83e7ef96be018b0e6bde6cf,INS,2016,2979,,1,,gx-no-cache=1478273671265 HTTP/1.1" 200 93
186.67.172.234 - - [04/Nov/2016:12:33:08 -0300] "GET /cormun/servlet/hpexe_return? HTTP/1.1" 200 1022
186.67.172.234 - - [04/Nov/2016:12:33:08 -0300] "GET /cormun/servlet/trsolicitudadjuntos?2016,2979, HTTP/1.1" 200 7572
186.67.172.234 - - [04/Nov/2016:12:33:09 -0300] "GET /cormun/servlet/trsolicitudadjuntos?2016,2979, HTTP/1.1" 200 7569
186.79.38.119 - - [04/Nov/2016:13:30:19 -0300] "GET /cormun/servlet/hlogin HTTP/1.1" 200 1722
186.79.38.119 - - [04/Nov/2016:13:30:31 -0300] "POST /cormun/servlet/hlogin?dab9cbd10326a33c533057675368f30c,gx-no-cache=1478277113768 HTTP/1.1" 200 90
186.79.38.119 - - [04/Nov/2016:13:30:31 -0300] "GET /cormun/servlet/hpexe_link HTTP/1.1" 200 949
186.79.38.119 - - [04/Nov/2016:13:30:31 -0300] "GET /cormun/servlet/hhome HTTP/1.1" 200 3729
186.79.38.119 - - [04/Nov/2016:13:30:32 -0300] "GET /cormun/static/gxcfg.js?2015112210564248 HTTP/1.1" 200 953
186.79.38.119 - - [04/Nov/2016:13:30:32 -0300] "GET /cormun/static/hhome.js?2015112210564255 HTTP/1.1" 200 777
186.79.38.119 - - [04/Nov/2016:13:30:32 -0300] "GET /cormun/static/Resources/Spanish/PXTools.css?10515224 HTTP/1.1" 200 89042
186.79.38.119 - - [04/Nov/2016:13:30:34 -0300] "GET /cormun/servlet/hhome HTTP/1.1" 200 3726
186.79.38.119 - - [04/Nov/2016:13:32:23 -0300] "GET /cormun/servlet/trsolicitudot? HTTP/1.1" 200 6642
186.79.38.119 - - [04/Nov/2016:13:32:25 -0300] "GET /cormun/servlet/trsolicitudot? HTTP/1.1" 200 6642
186.79.38.119 - - [04/Nov/2016:13:32:28 -0300] "GET /cormun/servlet/solicitudot?INS,0,0, HTTP/1.1" 200 12378
186.79.38.119 - - [04/Nov/2016:13:32:29 -0300] "GET /cormun/servlet/solicitudot?INS,0,0, HTTP/1.1" 200 12383
186.79.38.119 - - [04/Nov/2016:13:33:32 -0300] "POST /cormun/servlet/solicitudot?gx-no-cache=1478277294337 HTTP/1.1" 200 3257
186.67.172.234 - - [04/Nov/2016:13:33:32 -0300] "GET /cormun/servlet/hlogin HTTP/1.1" 200 1732
186.79.38.119 - - [04/Nov/2016:13:33:32 -0300] "POST /cormun/servlet/solicitudot?dab9cbd10326a33c533057675368f30c,INS,0,0,,gx-no-cache=1478277295111 HTTP/1.1" 200 9407
186.79.38.119 - - [04/Nov/2016:13:33:36 -0300] "GET /cormun/servlet/solicitudot?caa2367d4000841571272c58b86a11e6c81a4629d057071be887978137ebe49f7390a411486884ee7bcccf4b27e66c2d,gx-no-cache=1478277298768 HTTP/1.1" 200 30
186.79.38.119 - - [04/Nov/2016:13:33:36 -0300] "POST /cormun/servlet/solicitudot?gx-no-cache=1478277298890 HTTP/1.1" 200 30
186.67.172.234 - - [04/Nov/2016:13:33:43 -0300] "POST /cormun/servlet/hlogin?433a610d31f5fefc364eaccdcbc1e3b7,gx-no-cache=1478277307199 HTTP/1.1" 200 90
186.67.172.234 - - [04/Nov/2016:13:33:44 -0300] "GET /cormun/servlet/hpexe_link HTTP/1.1" 200 952
186.67.172.234 - - [04/Nov/2016:13:33:44 -0300] "GET /cormun/servlet/hhome HTTP/1.1" 200 3766
186.67.172.234 - - [04/Nov/2016:13:33:44 -0300] "GET /cormun/servlet/hhome HTTP/1.1" 200 3762
186.67.172.234 - - [04/Nov/2016:13:33:48 -0300] "GET /cormun/servlet/trsolicitudot? HTTP/1.1" 200 7901
186.67.172.234 - - [04/Nov/2016:13:33:48 -0300] "GET /cormun/servlet/trsolicitudot? HTTP/1.1" 200 7899
186.67.172.234 - - [04/Nov/2016:13:33:54 -0300] "POST /cormun/servlet/trsolicitudot?433a610d31f5fefc364eaccdcbc1e3b7,,gx-no-cache=1478277317422 HTTP/1.1" 200 106
186.67.172.234 - - [04/Nov/2016:13:33:54 -0300] "GET /cormun/servlet/trsolicitudadjuntos?2016,2979, HTTP/1.1" 200 7576
186.67.172.234 - - [04/Nov/2016:13:33:54 -0300] "GET /cormun/servlet/trsolicitudadjuntos?2016,2979, HTTP/1.1" 200 7576
186.67.172.234 - - [04/Nov/2016:13:33:58 -0300] "GET /cormun/servlet/solicitudotadjuntos?INS,2016,2979,,1, HTTP/1.1" 200 5799
186.67.172.234 - - [04/Nov/2016:13:33:58 -0300] "GET /cormun/static/about:blank HTTP/1.1" 404 1011
186.67.172.234 - - [04/Nov/2016:13:33:58 -0300] "GET /cormun/servlet/solicitudotadjuntos?INS,2016,2979,,1, HTTP/1.1" 200 5793
186.67.172.234 - - [04/Nov/2016:13:33:59 -0300] "GET /cormun/servlet/solicitudotadjuntos?8b42f8cf3fd22f76a58d45eaac695c1f62927b65cafe52fef9c760402192a4419edbc8b4bd1a11031bdcb4651250bfc0,gx-no-cache=1478277322357 HTTP/1.1" 200 30
186.67.172.234 - - [04/Nov/2016:13:33:59 -0300] "POST /cormun/servlet/solicitudotadjuntos?433a610d31f5fefc364eaccdcbc1e3b7,INS,2016,2979,,1,,gx-no-cache=1478277322403 HTTP/1.1" 200 3545
186.79.38.119 - - [04/Nov/2016:13:33:59 -0300] "POST /cormun/servlet/solicitudot?gx-no-cache=1478277321720 HTTP/1.1" 200 30
186.79.38.119 - - [04/Nov/2016:13:34:02 -0300] "GET /cormun/servlet/prcontratosol?15104893,,,,,MD,,gxPopupLevel%3D0%3B HTTP/1.1" 200 5766
186.79.38.119 - - [04/Nov/2016:13:34:02 -0300] "GET /cormun/static/Resources/resize.gif HTTP/1.1" 200 77
186.79.38.119 - - [04/Nov/2016:13:34:02 -0300] "GET /cormun/static/gxcfg.js?2016141247819 HTTP/1.1" 200 953
186.79.38.119 - - [04/Nov/2016:13:34:02 -0300] "GET /cormun/static/Resources/PXToolsMenuSearch.png HTTP/1.1" 200 2914
186.79.38.119 - - [04/Nov/2016:13:34:02 -0300] "GET /cormun/static/Resources/PXToolsMenuSearchCancel.png HTTP/1.1" 200 2972
186.79.38.119 - - [04/Nov/2016:13:34:02 -0300] "GET /cormun/static/prcontratosol.js?2016141247993 HTTP/1.1" 200 14084
186.79.38.119 - - [04/Nov/2016:13:34:02 -0300] "GET /cormun/static/menusearch.js?20165162214271 HTTP/1.1" 200 1424
186.79.38.119 - - [04/Nov/2016:13:34:02 -0300] "GET /cormun/static/hmpwkw011.js?201651622203195 HTTP/1.1" 200 1968
186.79.38.119 - - [04/Nov/2016:13:34:02 -0300] "GET /cormun/static/Resources/Spanish/PXTools.css?1423257 HTTP/1.1" 200 89042
186.67.172.234 - - [04/Nov/2016:13:34:05 -0300] "POST /cormun/servlet/solicitudotadjuntos?gx-no-cache=1478277328775 HTTP/1.1" 200 26
186.79.38.119 - - [04/Nov/2016:13:34:14 -0300] "POST /cormun/servlet/solicitudot?gx-no-cache=1478277336939 HTTP/1.1" 200 1186
186.79.38.119 - - [04/Nov/2016:13:34:14 -0300] "GET /cormun/servlet/solicitudot?caa2367d4000841571272c58b86a11e60c9eceb79f7cfa0f6b23950d489a122f25b4559ebc002e83b4f4a125a9c5eb15135cf7e89c33df2d5253bc23a90d161fc913922e05af05b4ddb7ea01cac10669f60e3b4c529f1f847473edead70e9a495ad98448df92660a2c4ecc6b8889c6c2d84fc0e48fc7a72af34b687d9b4914762f33f547df555172cc5042e2c65ca7b6,gx-no-cache=1478277337196 HTTP/1.1" 200 38
186.79.38.119 - - [04/Nov/2016:13:34:14 -0300] "GET /cormun/servlet/solicitudot?caa2367d4000841571272c58b86a11e62e98d80337b48be91a4fc4f41c9226002500fbfc4fff87069faa48a22077fca67970a356149a932cf5115fd1c51cff687e61a5a6d4a014199d89153deb7a9d2fbee917505ee40fcc2768ddbd575eb1317652a7291f767e7bb1bc1afe91766499,gx-no-cache=1478277337391 HTTP/1.1" 200 29
186.79.38.119 - - [04/Nov/2016:13:34:15 -0300] "POST /cormun/servlet/solicitudot?gx-no-cache=1478277337567 HTTP/1.1" 200 1144
186.79.38.119 - - [04/Nov/2016:13:34:33 -0300] "POST /cormun/servlet/solicitudot?gx-no-cache=1478277355517 HTTP/1.1" 200 1185
186.79.38.119 - - [04/Nov/2016:13:34:33 -0300] "GET /cormun/static/menuarrow.gif HTTP/1.1" 404 1015
186.67.172.234 - - [04/Nov/2016:13:34:36 -0300] "GET /cormun/servlet/solicitudotadjuntos?8b42f8cf3fd22f76a58d45eaac695c1f4fcad27f7cee89b36c2049dd6e00210e,gx-no-cache=1478277359716 HTTP/1.1" 200 30
186.67.172.234 - - [04/Nov/2016:13:34:36 -0300] "GET /cormun/servlet/solicitudotadjuntos?8b42f8cf3fd22f76a58d45eaac695c1f4fcad27f7cee89b36c2049dd6e00210e,gx-no-cache=1478277359780 HTTP/1.1" 200 30
186.67.172.234 - - [04/Nov/2016:13:34:36 -0300] "POST /cormun/servlet/solicitudotadjuntos?433a610d31f5fefc364eaccdcbc1e3b7,INS,2016,2979,,1, HTTP/1.1" 200 116
186.67.172.234 - - [04/Nov/2016:13:34:36 -0300] "GET /cormun/servlet/hpexe_return? HTTP/1.1" 200 1029
186.67.172.234 - - [04/Nov/2016:13:34:37 -0300] "GET /cormun/servlet/trsolicitudadjuntos?2016,2979, HTTP/1.1" 200 7766
186.67.172.234 - - [04/Nov/2016:13:34:37 -0300] "GET /cormun/servlet/trsolicitudadjuntos?2016,2979, HTTP/1.1" 200 7762
186.67.172.234 - - [04/Nov/2016:13:34:40 -0300] "GET /cormun/servlet/solicitudotadjuntos?INS,2016,2979,,1, HTTP/1.1" 200 5799
186.67.172.234 - - [04/Nov/2016:13:34:40 -0300] "GET /cormun/static/about:blank HTTP/1.1" 404 1011
186.67.172.234 - - [04/Nov/2016:13:34:40 -0300] "GET /cormun/servlet/solicitudotadjuntos?INS,2016,2979,,1, HTTP/1.1" 200 5793
186.67.172.234 - - [04/Nov/2016:13:34:41 -0300] "GET /cormun/servlet/solicitudotadjuntos?8b42f8cf3fd22f76a58d45eaac695c1f62927b65cafe52fef9c760402192a4419edbc8b4bd1a11031bdcb4651250bfc0,gx-no-cache=1478277364691 HTTP/1.1" 200 30
186.67.172.234 - - [04/Nov/2016:13:34:41 -0300] "POST /cormun/servlet/solicitudotadjuntos?433a610d31f5fefc364eaccdcbc1e3b7,INS,2016,2979,,1,,gx-no-cache=1478277364736 HTTP/1.1" 200 3546
186.79.38.119 - - [04/Nov/2016:13:34:42 -0300] "GET /cormun/servlet/solicitudot?caa2367d4000841571272c58b86a11e60c9eceb79f7cfa0f6b23950d489a122f25b4559ebc002e83b4f4a125a9c5eb15135cf7e89c33df2d5253bc23a90d161fc913922e05af05b4ddb7ea01cac10669f60e3b4c529f1f847473edead70e9a495ad98448df92660a2c4ecc6b8889c6c2d84fc0e48fc7a72af34b687d9b491476fdc3ba76c7580216d51b8c83c7d6b023a9aecfa012aeab6f9eb2470ef723963a,gx-no-cache=1478277365518 HTTP/1.1" 200 38
186.67.172.234 - - [04/Nov/2016:13:34:46 -0300] "POST /cormun/servlet/solicitudotadjuntos?gx-no-cache=1478277369462 HTTP/1.1" 200 26
186.79.38.119 - - [04/Nov/2016:13:34:48 -0300] "POST /cormun/servlet/solicitudot?gx-no-cache=1478277370520 HTTP/1.1" 200 1144
186.67.172.234 - - [04/Nov/2016:13:34:52 -0300] "GET /cormun/servlet/solicitudotadjuntos?8b42f8cf3fd22f76a58d45eaac695c1f4fcad27f7cee89b36c2049dd6e00210e,gx-no-cache=1478277375967 HTTP/1.1" 200 30
186.67.172.234 - - [04/Nov/2016:13:34:52 -0300] "GET /cormun/servlet/solicitudotadjuntos?8b42f8cf3fd22f76a58d45eaac695c1f4fcad27f7cee89b36c2049dd6e00210e,gx-no-cache=1478277375984 HTTP/1.1" 200 30
186.67.172.234 - - [04/Nov/2016:13:34:52 -0300] "POST /cormun/servlet/solicitudotadjuntos?433a610d31f5fefc364eaccdcbc1e3b7,INS,2016,2979,,1, HTTP/1.1" 200 116
186.67.172.234 - - [04/Nov/2016:13:34:52 -0300] "GET /cormun/servlet/hpexe_return? HTTP/1.1" 200 1029
186.67.172.234 - - [04/Nov/2016:13:34:52 -0300] "GET /cormun/servlet/trsolicitudadjuntos?2016,2979, HTTP/1.1" 200 7898
186.67.172.234 - - [04/Nov/2016:13:34:53 -0300] "GET /cormun/servlet/trsolicitudadjuntos?2016,2979, HTTP/1.1" 200 7896
186.67.172.234 - - [04/Nov/2016:13:34:56 -0300] "GET /cormun/servlet/solicitudotadjuntos?INS,2016,2979,,1, HTTP/1.1" 200 5799
186.67.172.234 - - [04/Nov/2016:13:34:56 -0300] "GET /cormun/static/about:blank HTTP/1.1" 404 1011
186.67.172.234 - - [04/Nov/2016:13:34:56 -0300] "GET /cormun/servlet/solicitudotadjuntos?INS,2016,2979,,1, HTTP/1.1" 200 5793
186.67.172.234 - - [04/Nov/2016:13:34:56 -0300] "GET /cormun/servlet/solicitudotadjuntos?8b42f8cf3fd22f76a58d45eaac695c1f62927b65cafe52fef9c760402192a4419edbc8b4bd1a11031bdcb4651250bfc0,gx-no-cache=1478277380128 HTTP/1.1" 200 30
186.67.172.234 - - [04/Nov/2016:13:34:57 -0300] "POST /cormun/servlet/solicitudotadjuntos?433a610d31f5fefc364eaccdcbc1e3b7,INS,2016,2979,,1,,gx-no-cache=1478277380222 HTTP/1.1" 200 3546
186.67.172.234 - - [04/Nov/2016:13:35:01 -0300] "POST /cormun/servlet/solicitudotadjuntos?gx-no-cache=1478277384603 HTTP/1.1" 200 26
186.67.172.234 - - [04/Nov/2016:13:35:06 -0300] "GET /cormun/servlet/solicitudotadjuntos?8b42f8cf3fd22f76a58d45eaac695c1f4fcad27f7cee89b36c2049dd6e00210e,gx-no-cache=1478277389390 HTTP/1.1" 200 30
186.67.172.234 - - [04/Nov/2016:13:35:06 -0300] "GET /cormun/servlet/solicitudotadjuntos?8b42f8cf3fd22f76a58d45eaac695c1f4fcad27f7cee89b36c2049dd6e00210e,gx-no-cache=1478277389407 HTTP/1.1" 200 30
186.67.172.234 - - [04/Nov/2016:13:35:06 -0300] "POST /cormun/servlet/solicitudotadjuntos?433a610d31f5fefc364eaccdcbc1e3b7,INS,2016,2979,,1, HTTP/1.1" 200 116
186.67.172.234 - - [04/Nov/2016:13:35:06 -0300] "GET /cormun/servlet/hpexe_return? HTTP/1.1" 200 1029
186.67.172.234 - - [04/Nov/2016:13:35:06 -0300] "GET /cormun/servlet/trsolicitudadjuntos?2016,2979, HTTP/1.1" 200 8019
186.67.172.234 - - [04/Nov/2016:13:35:07 -0300] "GET /cormun/servlet/trsolicitudadjuntos?2016,2979, HTTP/1.1" 200 8018
186.67.172.234 - - [04/Nov/2016:13:35:09 -0300] "GET /cormun/servlet/solicitudotadjuntos?INS,2016,2979,,1, HTTP/1.1" 200 5799
186.67.172.234 - - [04/Nov/2016:13:35:09 -0300] "GET /cormun/static/about:blank HTTP/1.1" 404 1011
186.67.172.234 - - [04/Nov/2016:13:35:09 -0300] "GET /cormun/servlet/solicitudotadjuntos?INS,2016,2979,,1, HTTP/1.1" 200 5793
186.79.38.119 - - [04/Nov/2016:13:35:10 -0300] "GET /cormun/servlet/solicitudot?caa2367d4000841571272c58b86a11e6829595f1a6fc72bfd1dd187d6b18ea636a6985741bfddb08c8b019a4e018f11375c7dc300548fc10b93cf1a6abf4388df6f90ad1c74a673b10875557b145a70c35c5d77e6b57d6ee96bc29d63c43255ff4ef411143d1c122ab255bef14365b398f45ac12cab112abef2e21c000cb1a92bc8a55161e01bbf7215a7ea7905bb63354b8c080945f3b76af491b7899dd34710124a7f31961b256beb57477ad9a76b5a14e3f0273d99a384db47d5d6ba2255e,gx-no-cache=1478277392460 HTTP/1.1" 200 30
186.67.172.234 - - [04/Nov/2016:13:35:10 -0300] "GET /cormun/servlet/solicitudotadjuntos?8b42f8cf3fd22f76a58d45eaac695c1f62927b65cafe52fef9c760402192a4419edbc8b4bd1a11031bdcb4651250bfc0,gx-no-cache=1478277393488 HTTP/1.1" 200 30
186.67.172.234 - - [04/Nov/2016:13:35:10 -0300] "POST /cormun/servlet/solicitudotadjuntos?433a610d31f5fefc364eaccdcbc1e3b7,INS,2016,2979,,1,,gx-no-cache=1478277393546 HTTP/1.1" 200 3546
186.67.172.234 - - [04/Nov/2016:13:35:14 -0300] "POST /cormun/servlet/solicitudotadjuntos?gx-no-cache=1478277397842 HTTP/1.1" 200 26
186.67.172.234 - - [04/Nov/2016:13:35:20 -0300] "GET /cormun/servlet/solicitudotadjuntos?8b42f8cf3fd22f76a58d45eaac695c1f4fcad27f7cee89b36c2049dd6e00210e,gx-no-cache=1478277403556 HTTP/1.1" 200 30
186.67.172.234 - - [04/Nov/2016:13:35:20 -0300] "GET /cormun/servlet/solicitudotadjuntos?8b42f8cf3fd22f76a58d45eaac695c1f4fcad27f7cee89b36c2049dd6e00210e,gx-no-cache=1478277403587 HTTP/1.1" 200 30
186.67.172.234 - - [04/Nov/2016:13:35:20 -0300] "POST /cormun/servlet/solicitudotadjuntos?433a610d31f5fefc364eaccdcbc1e3b7,INS,2016,2979,,1, HTTP/1.1" 200 116
186.67.172.234 - - [04/Nov/2016:13:35:20 -0300] "GET /cormun/servlet/hpexe_return? HTTP/1.1" 200 1029
186.67.172.234 - - [04/Nov/2016:13:35:20 -0300] "GET /cormun/servlet/trsolicitudadjuntos?2016,2979, HTTP/1.1" 200 8132
186.67.172.234 - - [04/Nov/2016:13:35:21 -0300] "GET /cormun/servlet/trsolicitudadjuntos?2016,2979, HTTP/1.1" 200 8133
186.67.172.234 - - [04/Nov/2016:13:35:23 -0300] "GET /cormun/servlet/solicitudotadjuntos?INS,2016,2979,,1, HTTP/1.1" 200 5799
186.67.172.234 - - [04/Nov/2016:13:35:23 -0300] "GET /cormun/static/about:blank HTTP/1.1" 404 1011
186.67.172.234 - - [04/Nov/2016:13:35:24 -0300] "GET /cormun/servlet/solicitudotadjuntos?INS,2016,2979,,1, HTTP/1.1" 200 5793
186.67.172.234 - - [04/Nov/2016:13:35:24 -0300] "GET /cormun/servlet/solicitudotadjuntos?8b42f8cf3fd22f76a58d45eaac695c1f62927b65cafe52fef9c760402192a4419edbc8b4bd1a11031bdcb4651250bfc0,gx-no-cache=1478277407835 HTTP/1.1" 200 30
186.67.172.234 - - [04/Nov/2016:13:35:24 -0300] "POST /cormun/servlet/solicitudotadjuntos?433a610d31f5fefc364eaccdcbc1e3b7,INS,2016,2979,,1,,gx-no-cache=1478277407886 HTTP/1.1" 200 3546
186.67.172.234 - - [04/Nov/2016:13:35:26 -0300] "POST /cormun/servlet/solicitudotadjuntos?gx-no-cache=1478277409401 HTTP/1.1" 200 26
186.79.38.119 - - [04/Nov/2016:13:35:45 -0300] "POST /cormun/servlet/solicitudot?dab9cbd10326a33c533057675368f30c,INS,0,0,,gx-no-cache=1478277427047 HTTP/1.1" 200 10381
186.79.38.119 - - [04/Nov/2016:13:35:45 -0300] "GET /cormun/static/Shared/jqueryui/images/ui-bg_highlight-soft_100_c6c2c8_1x100.png HTTP/1.1" 404 1117
186.79.38.119 - - [04/Nov/2016:13:35:45 -0300] "GET /cormun/static/Shared/jqueryui/images/ui-icons_82798d_256x240.png HTTP/1.1" 404 1089
186.79.38.119 - - [04/Nov/2016:13:35:45 -0300] "GET /cormun/static/Shared/jqueryui/images/ui-bg_flat_55_994d53_40x100.png HTTP/1.1" 404 1097
186.79.38.119 - - [04/Nov/2016:13:35:45 -0300] "GET /cormun/static/Shared/jqueryui/images/ui-icons_ebccce_256x240.png HTTP/1.1" 404 1089
186.67.172.234 - - [04/Nov/2016:13:35:51 -0300] "GET /cormun/servlet/solicitudotadjuntos?8b42f8cf3fd22f76a58d45eaac695c1f4fcad27f7cee89b36c2049dd6e00210e,gx-no-cache=1478277435164 HTTP/1.1" 200 30
186.67.172.234 - - [04/Nov/2016:13:35:51 -0300] "GET /cormun/servlet/solicitudotadjuntos?8b42f8cf3fd22f76a58d45eaac695c1f4fcad27f7cee89b36c2049dd6e00210e,gx-no-cache=1478277435269 HTTP/1.1" 200 30
186.67.172.234 - - [04/Nov/2016:13:35:52 -0300] "POST /cormun/servlet/solicitudotadjuntos?433a610d31f5fefc364eaccdcbc1e3b7,INS,2016,2979,,1, HTTP/1.1" 200 5638
186.67.172.234 - - [04/Nov/2016:13:35:52 -0300] "GET /home/sistema/apache-tomcat-7.0.65/webapps/cormun/PrivateTempStorage/upload_00005185.pdf HTTP/1.1" 404 1135
186.67.172.234 - - [04/Nov/2016:13:35:52 -0300] "GET /cormun/static/Shared/jqueryui/images/ui-icons_ebccce_256x240.png HTTP/1.1" 404 1089
186.67.172.234 - - [04/Nov/2016:13:35:52 -0300] "GET /cormun/static/Shared/jqueryui/images/ui-bg_highlight-soft_100_c6c2c8_1x100.png HTTP/1.1" 404 1117
186.67.172.234 - - [04/Nov/2016:13:35:52 -0300] "GET /cormun/static/Shared/jqueryui/images/ui-icons_82798d_256x240.png HTTP/1.1" 404 1089
186.67.172.234 - - [04/Nov/2016:13:35:52 -0300] "GET /cormun/static/Shared/jqueryui/images/ui-bg_flat_55_994d53_40x100.png HTTP/1.1" 404 1097
186.67.172.234 - - [04/Nov/2016:13:35:52 -0300] "GET /cormun/PrivateTempStorage/upload_00005185.pdf HTTP/1.1" 200 91181
186.67.172.234 - - [04/Nov/2016:13:35:57 -0300] "POST /cormun/servlet/solicitudotadjuntos?gx-no-cache=1478277440629 HTTP/1.1" 200 26
186.79.38.119 - - [04/Nov/2016:13:35:57 -0300] "GET /cormun/servlet/solicitudot?caa2367d4000841571272c58b86a11e60c9eceb79f7cfa0f6b23950d489a122f25b4559ebc002e83b4f4a125a9c5eb15135cf7e89c33df2d5253bc23a90d161fc913922e05af05b4ddb7ea01cac10669f60e3b4c529f1f847473edead70e9a495ad98448df92660a2c4ecc6b8889c6c2d84fc0e48fc7a72af34b687d9b491476fdc3ba76c7580216d51b8c83c7d6b023c965fbb7f6f4d20015a33cefcc45e298,gx-no-cache=1478277440048 HTTP/1.1" 200 41
186.79.38.119 - - [04/Nov/2016:13:35:57 -0300] "GET /cormun/servlet/solicitudot?caa2367d4000841571272c58b86a11e6829595f1a6fc72bfd1dd187d6b18ea636a6985741bfddb08c8b019a4e018f1134b74f62bc0d83be8d2266eccefc79eecf6f90ad1c74a673b10875557b145a70c35c5d77e6b57d6ee96bc29d63c43255ff4ef411143d1c122ab255bef14365b398f45ac12cab112abef2e21c000cb1a92bc8a55161e01bbf7215a7ea7905bb63354b8c080945f3b76af491b7899dd34710124a7f31961b256beb57477ad9a76b5216ec79a482a6d8cf8402bbe455c5092,gx-no-cache=1478277440162 HTTP/1.1" 200 32
186.79.38.119 - - [04/Nov/2016:13:35:58 -0300] "POST /cormun/servlet/solicitudot?dab9cbd10326a33c533057675368f30c,INS,0,0,,gx-no-cache=1478277440279 HTTP/1.1" 200 10440
186.67.172.234 - - [04/Nov/2016:13:36:08 -0300] "GET /cormun/servlet/solicitudotadjuntos?8b42f8cf3fd22f76a58d45eaac695c1f97e4e1363c4a641eadb903b042e58f9285197918cc761e3159a74a14cd0317fb,gx-no-cache=1478277451964 HTTP/1.1" 200 30
186.67.172.234 - - [04/Nov/2016:13:36:08 -0300] "GET /cormun/servlet/solicitudotadjuntos?8b42f8cf3fd22f76a58d45eaac695c1f95434b1ecef289fbe5d7b89262fe979985197918cc761e3159a74a14cd0317fb,gx-no-cache=1478277451979 HTTP/1.1" 200 30
186.67.172.234 - - [04/Nov/2016:13:36:08 -0300] "POST /cormun/servlet/solicitudotadjuntos?433a610d31f5fefc364eaccdcbc1e3b7,INS,2016,2979,,1, HTTP/1.1" 200 116
186.67.172.234 - - [04/Nov/2016:13:36:08 -0300] "GET /cormun/servlet/hpexe_return? HTTP/1.1" 200 1029
186.67.172.234 - - [04/Nov/2016:13:36:09 -0300] "GET /cormun/servlet/trsolicitudadjuntos?2016,2979, HTTP/1.1" 200 8309
186.67.172.234 - - [04/Nov/2016:13:36:09 -0300] "GET /cormun/servlet/trsolicitudadjuntos?2016,2979, HTTP/1.1" 200 8306
186.79.38.119 - - [04/Nov/2016:13:36:11 -0300] "GET /cormun/servlet/solicitudot?caa2367d4000841571272c58b86a11e60c9eceb79f7cfa0f6b23950d489a122f25b4559ebc002e83b4f4a125a9c5eb15135cf7e89c33df2d5253bc23a90d161fc913922e05af05b4ddb7ea01cac10669f60e3b4c529f1f847473edead70e9a495ad98448df92660a2c4ecc6b8889c6c2d84fc0e48fc7a72af34b687d9b491476fdc3ba76c7580216d51b8c83c7d6b023827c56be9e9d95b7ea1f43dd274fcf80,gx-no-cache=1478277454135 HTTP/1.1" 200 41
186.79.38.119 - - [04/Nov/2016:13:36:11 -0300] "GET /cormun/servlet/solicitudot?caa2367d4000841571272c58b86a11e6829595f1a6fc72bfd1dd187d6b18ea636a6985741bfddb08c8b019a4e018f113774d6ed6dc9cb3372ec5eddd0f72962df6f90ad1c74a673b10875557b145a70c35c5d77e6b57d6ee96bc29d63c43255ff4ef411143d1c122ab255bef14365b398f45ac12cab112abef2e21c000cb1a92bc8a55161e01bbf7215a7ea7905bb63354b8c080945f3b76af491b7899dd34710124a7f31961b256beb57477ad9a76b5216ec79a482a6d8cf8402bbe455c5092,gx-no-cache=1478277454310 HTTP/1.1" 200 32
186.79.38.119 - - [04/Nov/2016:13:36:12 -0300] "POST /cormun/servlet/solicitudot?dab9cbd10326a33c533057675368f30c,INS,0,0,,gx-no-cache=1478277454467 HTTP/1.1" 200 10492
186.67.172.234 - - [04/Nov/2016:13:36:16 -0300] "POST /cormun/servlet/trsolicitudadjuntos?433a610d31f5fefc364eaccdcbc1e3b7,2016,2979,,gx-no-cache=1478277460012 HTTP/1.1" 200 90
186.67.172.234 - - [04/Nov/2016:13:36:16 -0300] "GET /cormun/servlet/hpexe_link HTTP/1.1" 200 970
186.67.172.234 - - [04/Nov/2016:13:36:16 -0300] "GET /cormun/servlet/trsolicitudot HTTP/1.1" 200 7900
186.67.172.234 - - [04/Nov/2016:13:36:17 -0300] "GET /cormun/servlet/trsolicitudot HTTP/1.1" 200 7899
186.79.38.119 - - [04/Nov/2016:13:36:17 -0300] "GET /cormun/servlet/solicitudot?caa2367d4000841571272c58b86a11e60c9eceb79f7cfa0f6b23950d489a122f25b4559ebc002e83b4f4a125a9c5eb15135cf7e89c33df2d5253bc23a90d161fc913922e05af05b4ddb7ea01cac10669f60e3b4c529f1f847473edead70e9a495ad98448df92660a2c4ecc6b8889c6c2d84fc0e48fc7a72af34b687d9b491476fdc3ba76c7580216d51b8c83c7d6b02342082dda0a2df0d99ada50292ccd3a03,gx-no-cache=1478277460031 HTTP/1.1" 200 41
186.79.38.119 - - [04/Nov/2016:13:36:17 -0300] "GET /cormun/servlet/solicitudot?caa2367d4000841571272c58b86a11e6829595f1a6fc72bfd1dd187d6b18ea636a6985741bfddb08c8b019a4e018f113ee02a0ea159d308725ca18c2873577fdf6f90ad1c74a673b10875557b145a70c35c5d77e6b57d6ee96bc29d63c43255ff4ef411143d1c122ab255bef14365b398f45ac12cab112abef2e21c000cb1a92bc8a55161e01bbf7215a7ea7905bb63354b8c080945f3b76af491b7899dd34710124a7f31961b256beb57477ad9a76b5216ec79a482a6d8cf8402bbe455c5092,gx-no-cache=1478277460139 HTTP/1.1" 200 32
186.79.38.119 - - [04/Nov/2016:13:36:18 -0300] "POST /cormun/servlet/solicitudot?dab9cbd10326a33c533057675368f30c,INS,0,0,,gx-no-cache=1478277460231 HTTP/1.1" 200 10535
186.67.172.234 - - [04/Nov/2016:13:36:22 -0300] "POST /cormun/servlet/trsolicitudot?433a610d31f5fefc364eaccdcbc1e3b7,gx-no-cache=1478277465301 HTTP/1.1" 200 3967
186.67.172.234 - - [04/Nov/2016:13:36:22 -0300] "GET /cormun/static/Shared/jqueryui/images/ui-bg_flat_55_fafafa_40x100.png HTTP/1.1" 404 1097
186.67.172.234 - - [04/Nov/2016:13:36:22 -0300] "GET /cormun/static/Shared/jqueryui/images/ui-icons_8d78a5_256x240.png HTTP/1.1" 404 1089
186.67.172.234 - - [04/Nov/2016:13:36:22 -0300] "POST /cormun/servlet/trsolicitudot?433a610d31f5fefc364eaccdcbc1e3b7,gx-no-cache=1478277465507 HTTP/1.1" 200 3819
186.67.172.234 - - [04/Nov/2016:13:36:29 -0300] "GET /cormun/servlet/trautorizarsolicitud? HTTP/1.1" 200 7832
186.67.172.234 - - [04/Nov/2016:13:36:29 -0300] "GET /cormun/static/gxui/gxui-all.css?110300 HTTP/1.1" 200 2179
186.67.172.234 - - [04/Nov/2016:13:36:29 -0300] "GET /cormun/static/gxcfg.js?201651622221839 HTTP/1.1" 200 953
186.67.172.234 - - [04/Nov/2016:13:36:29 -0300] "GET /cormun/static/Resources/Spanish/PXTools.css?22123174 HTTP/1.1" 200 89042
186.67.172.234 - - [04/Nov/2016:13:36:29 -0300] "GET /cormun/static/Shared/ext/resources/css/ext-all.css?205870 HTTP/1.1" 200 416045
186.67.172.234 - - [04/Nov/2016:13:36:29 -0300] "GET /cormun/static/trautorizarsolicitud.js?201651622222430 HTTP/1.1" 200 44547
186.67.172.234 - - [04/Nov/2016:13:36:30 -0300] "GET /cormun/servlet/trautorizarsolicitud? HTTP/1.1" 200 7832
186.67.172.234 - - [04/Nov/2016:13:36:34 -0300] "POST /cormun/servlet/trautorizarsolicitud?433a610d31f5fefc364eaccdcbc1e3b7,,gx-no-cache=1478277478045 HTTP/1.1" 200 3945
186.67.172.234 - - [04/Nov/2016:13:36:34 -0300] "POST /cormun/servlet/trautorizarsolicitud?433a610d31f5fefc364eaccdcbc1e3b7,,gx-no-cache=1478277478214 HTTP/1.1" 200 3797
186.79.38.119 - - [04/Nov/2016:13:36:55 -0300] "GET /cormun/servlet/solicitudot?caa2367d4000841571272c58b86a11e60c9eceb79f7cfa0f6b23950d489a122f25b4559ebc002e83b4f4a125a9c5eb15135cf7e89c33df2d5253bc23a90d161fc913922e05af05b4ddb7ea01cac10669f60e3b4c529f1f847473edead70e9a495ad98448df92660a2c4ecc6b8889c6c2d84fc0e48fc7a72af34b687d9b491476fdc3ba76c7580216d51b8c83c7d6b023c965fbb7f6f4d20015a33cefcc45e298,gx-no-cache=1478277498055 HTTP/1.1" 200 41
186.79.38.119 - - [04/Nov/2016:13:36:55 -0300] "GET /cormun/servlet/solicitudot?caa2367d4000841571272c58b86a11e6829595f1a6fc72bfd1dd187d6b18ea636a6985741bfddb08c8b019a4e018f1134b74f62bc0d83be8d2266eccefc79eecf6f90ad1c74a673b10875557b145a70c35c5d77e6b57d6ee96bc29d63c43255ff4ef411143d1c122ab255bef14365b398f45ac12cab112abef2e21c000cb1a92bc8a55161e01bbf7215a7ea7905bb63354b8c080945f3b76af491b7899dd34710124a7f31961b256beb57477ad9a76b5216ec79a482a6d8cf8402bbe455c5092,gx-no-cache=1478277498267 HTTP/1.1" 200 32
186.79.38.119 - - [04/Nov/2016:13:36:56 -0300] "POST /cormun/servlet/solicitudot?dab9cbd10326a33c533057675368f30c,INS,0,0,,gx-no-cache=1478277498467 HTTP/1.1" 200 10580
186.79.38.119 - - [04/Nov/2016:13:37:06 -0300] "GET /cormun/servlet/solicitudot?caa2367d4000841571272c58b86a11e60c9eceb79f7cfa0f6b23950d489a122f25b4559ebc002e83b4f4a125a9c5eb15135cf7e89c33df2d5253bc23a90d161fc913922e05af05b4ddb7ea01cac10669f60e3b4c529f1f847473edead70e9a495ad98448df92660a2c4ecc6b8889c6c2d84fc0e48fc7a72af34b687d9b491476fdc3ba76c7580216d51b8c83c7d6b0236d0a02e7f19cfc18175f2278a793e81e,gx-no-cache=1478277508783 HTTP/1.1" 200 41
186.79.38.119 - - [04/Nov/2016:13:37:06 -0300] "GET /cormun/servlet/solicitudot?caa2367d4000841571272c58b86a11e6829595f1a6fc72bfd1dd187d6b18ea636a6985741bfddb08c8b019a4e018f11375c7dc300548fc10b93cf1a6abf4388df6f90ad1c74a673b10875557b145a70c35c5d77e6b57d6ee96bc29d63c43255ff4ef411143d1c122ab255bef14365b398f45ac12cab112abef2e21c000cb1a92bc8a55161e01bbf7215a7ea7905bb63354b8c080945f3b76af491b7899dd34710124a7f31961b256beb57477ad9a76b5216ec79a482a6d8cf8402bbe455c5092,gx-no-cache=1478277508912 HTTP/1.1" 200 32
186.79.38.119 - - [04/Nov/2016:13:37:07 -0300] "POST /cormun/servlet/solicitudot?dab9cbd10326a33c533057675368f30c,INS,0,0,,gx-no-cache=1478277509039 HTTP/1.1" 200 10618
186.79.38.119 - - [04/Nov/2016:13:37:19 -0300] "GET /cormun/servlet/trsolicitudot? HTTP/1.1" 200 6642
186.79.38.119 - - [04/Nov/2016:13:37:21 -0300] "GET /cormun/servlet/trsolicitudot? HTTP/1.1" 200 6642
186.79.38.119 - - [04/Nov/2016:13:37:24 -0300] "GET /cormun/servlet/solicitudot?INS,0,0, HTTP/1.1" 200 12378
186.79.38.119 - - [04/Nov/2016:13:37:25 -0300] "GET /cormun/servlet/solicitudot?INS,0,0, HTTP/1.1" 200 12383
186.79.38.119 - - [04/Nov/2016:13:37:35 -0300] "POST /cormun/servlet/solicitudot?gx-no-cache=1478277537568 HTTP/1.1" 200 3257
186.79.38.119 - - [04/Nov/2016:13:37:35 -0300] "POST /cormun/servlet/solicitudot?dab9cbd10326a33c533057675368f30c,INS,0,0,,gx-no-cache=1478277538067 HTTP/1.1" 200 9407
186.79.38.119 - - [04/Nov/2016:13:37:38 -0300] "GET /cormun/servlet/solicitudot?caa2367d4000841571272c58b86a11e6c81a4629d057071be887978137ebe49f7390a411486884ee7bcccf4b27e66c2d,gx-no-cache=1478277540987 HTTP/1.1" 200 30
186.79.38.119 - - [04/Nov/2016:13:37:38 -0300] "POST /cormun/servlet/solicitudot?gx-no-cache=1478277541235 HTTP/1.1" 200 30
186.79.38.119 - - [04/Nov/2016:13:37:53 -0300] "POST /cormun/servlet/solicitudot?gx-no-cache=1478277556576 HTTP/1.1" 200 30
186.79.38.119 - - [04/Nov/2016:13:38:06 -0300] "POST /cormun/servlet/solicitudot?gx-no-cache=1478277568914 HTTP/1.1" 200 1186
186.79.38.119 - - [04/Nov/2016:13:38:06 -0300] "GET /cormun/servlet/solicitudot?caa2367d4000841571272c58b86a11e60c9eceb79f7cfa0f6b23950d489a122f25b4559ebc002e83b4f4a125a9c5eb15135cf7e89c33df2d5253bc23a90d161fc913922e05af05b4ddb7ea01cac10669f60e3b4c529f1f847473edead70e9a495ad98448df92660a2c4ecc6b8889c6c2d84fc0e48fc7a72af34b687d9b4914762f33f547df555172cc5042e2c65ca7b6,gx-no-cache=1478277569245 HTTP/1.1" 200 38
186.79.38.119 - - [04/Nov/2016:13:38:11 -0300] "GET /cormun/servlet/solicitudot?caa2367d4000841571272c58b86a11e62e98d80337b48be91a4fc4f41c9226002500fbfc4fff87069faa48a22077fca67970a356149a932cf5115fd1c51cff687e61a5a6d4a014199d89153deb7a9d2fbee917505ee40fcc2768ddbd575eb1317652a7291f767e7bb1bc1afe91766499,gx-no-cache=1478277573841 HTTP/1.1" 200 29
186.79.38.119 - - [04/Nov/2016:13:38:11 -0300] "POST /cormun/servlet/solicitudot?gx-no-cache=1478277574043 HTTP/1.1" 200 1144
192.168.10.99 - - [04/Nov/2016:13:38:14 -0300] "GET / HTTP/1.1" 200 11217
186.79.38.119 - - [04/Nov/2016:13:38:33 -0300] "GET /cormun/servlet/solicitudot?caa2367d4000841571272c58b86a11e6829595f1a6fc72bfd1dd187d6b18ea636a6985741bfddb08c8b019a4e018f11310b29ea6cf02f9a0b2157cb51787a4a0eb0303c770306ba1e452e269a0f1c09fc2b963b98819150d62e86cf2bc549d63150457e71f769b0cbc3319edb9eba37fcab6a2f7c3fdad7902fcc6a4866e0438863d6f34842fabe315660c145fa809e7ea8da4455957788d07cad82889ea2edc985a6b2b56264cfeb8bf279a377606a3,gx-no-cache=1478277596326 HTTP/1.1" 200 30
186.79.38.119 - - [04/Nov/2016:13:39:02 -0300] "POST /cormun/servlet/solicitudot?dab9cbd10326a33c533057675368f30c,INS,0,0,,gx-no-cache=1478277624657 HTTP/1.1" 200 93
186.79.38.119 - - [04/Nov/2016:13:39:02 -0300] "GET /cormun/servlet/hpexe_return? HTTP/1.1" 200 1007
186.79.38.119 - - [04/Nov/2016:13:39:02 -0300] "GET /cormun/servlet/trsolicitudot HTTP/1.1" 200 7870
186.79.38.119 - - [04/Nov/2016:13:39:04 -0300] "GET /cormun/servlet/trsolicitudot HTTP/1.1" 200 7867
186.79.38.119 - - [04/Nov/2016:13:39:09 -0300] "GET /cormun/servlet/hlogin HTTP/1.1" 200 1738
186.79.38.119 - - [04/Nov/2016:13:39:23 -0300] "POST /cormun/servlet/hlogin?dab9cbd10326a33c533057675368f30c,gx-no-cache=1478277646047 HTTP/1.1" 200 450
186.79.38.119 - - [04/Nov/2016:13:39:33 -0300] "POST /cormun/servlet/hlogin?dab9cbd10326a33c533057675368f30c,gx-no-cache=1478277656160 HTTP/1.1" 200 90
186.79.38.119 - - [04/Nov/2016:13:39:33 -0300] "GET /cormun/servlet/hpexe_link HTTP/1.1" 200 955
186.79.38.119 - - [04/Nov/2016:13:39:34 -0300] "GET /cormun/servlet/trsolicitudot HTTP/1.1" 200 7868
186.79.38.119 - - [04/Nov/2016:13:39:35 -0300] "GET /cormun/servlet/trsolicitudot HTTP/1.1" 200 7867
186.79.38.119 - - [04/Nov/2016:13:39:43 -0300] "POST /cormun/servlet/trsolicitudot?dab9cbd10326a33c533057675368f30c,gx-no-cache=1478277666282 HTTP/1.1" 200 3967
186.79.38.119 - - [04/Nov/2016:13:39:44 -0300] "GET /cormun/static/Shared/jqueryui/images/ui-bg_highlight-soft_100_c6c2c8_1x100.png HTTP/1.1" 404 1117
186.79.38.119 - - [04/Nov/2016:13:39:44 -0300] "GET /cormun/static/Shared/jqueryui/images/ui-icons_82798d_256x240.png HTTP/1.1" 404 1089
186.79.38.119 - - [04/Nov/2016:13:39:44 -0300] "GET /cormun/static/Shared/jqueryui/images/ui-bg_flat_55_fafafa_40x100.png HTTP/1.1" 404 1097
186.79.38.119 - - [04/Nov/2016:13:39:44 -0300] "GET /cormun/static/Shared/jqueryui/images/ui-icons_8d78a5_256x240.png HTTP/1.1" 404 1089
186.79.38.119 - - [04/Nov/2016:13:39:44 -0300] "POST /cormun/servlet/trsolicitudot?dab9cbd10326a33c533057675368f30c,gx-no-cache=1478277666866 HTTP/1.1" 200 3813
186.79.38.119 - - [04/Nov/2016:13:39:54 -0300] "GET /cormun/servlet/hlogin HTTP/1.1" 200 1738
207.46.13.146 - - [04/Nov/2016:14:11:26 -0300] "GET /cormun/servlet/trsolicitudot HTTP/1.1" 200 6046
207.46.13.146 - - [04/Nov/2016:14:11:41 -0300] "GET /robots.txt HTTP/1.1" 404 981
207.46.13.146 - - [04/Nov/2016:14:11:42 -0300] "GET /robots.txt HTTP/1.1" 404 981
207.46.13.146 - - [04/Nov/2016:14:11:43 -0300] "GET /cormun/static/gxtypesSD.js?85251 HTTP/1.1" 200 24551
157.55.39.198 - - [04/Nov/2016:14:11:51 -0300] "GET /cormun/static/Resources/PXToolsHeaderBackground2.png HTTP/1.1" 200 1174
157.55.39.198 - - [04/Nov/2016:14:11:51 -0300] "GET /cormun/static/trsolicitudot.js?201631022393178 HTTP/1.1" 200 44568
207.46.13.9 - - [04/Nov/2016:14:11:53 -0300] "GET /cormun/static/Resources/PXToolsDataTitle.png HTTP/1.1" 200 1173
199.30.25.68 - - [04/Nov/2016:15:12:44 -0300] "GET /cormun/static/Resources/asc.gif HTTP/1.1" 200 67
199.30.25.68 - - [04/Nov/2016:15:12:44 -0300] "GET /cormun/static/Resources/desc.gif HTTP/1.1" 200 65
199.30.25.68 - - [04/Nov/2016:15:12:44 -0300] "GET /cormun/static/Resources/ComunLogin.png HTTP/1.1" 200 17326
108.85.112.22 - - [04/Nov/2016:15:54:31 -0300] "GET / HTTP/1.0" 200 11197
91.196.50.33 - - [04/Nov/2016:16:43:24 -0300] "GET /testproxy.php HTTP/1.1" 404 987
192.168.10.99 - - [04/Nov/2016:17:35:44 -0300] "GET / HTTP/1.1" 200 11217
207.46.13.202 - - [04/Nov/2016:19:26:33 -0300] "GET /robots.txt HTTP/1.1" 404 981
157.55.39.34 - - [04/Nov/2016:19:34:41 -0300] "GET /cormun/servlet/hhome HTTP/1.1" 200 3328
84.111.224.166 - - [04/Nov/2016:20:51:54 -0300] "GET / HTTP/1.0" 200 11197
46.174.191.29 - - [04/Nov/2016:22:53:46 -0300] "GET / HTTP/1.0" 200 11197