186.103.161.206 - - [22/Sep/2016:10:20:04 -0300] "GET /cormun/servlet/prfichaempleado?,MD,,gxPopupLevel%3D0%3B HTTP/1.1" 200 8549
186.103.161.206 - - [22/Sep/2016:10:20:14 -0300] "POST /cormun/servlet/prfichaempleado?cd85409303087f361572947397e800c4,,MD,,gxPopupLevel%3D0%3B,gx-no-cache=1474550502995 HTTP/1.1" 200 3358
186.103.161.206 - - [22/Sep/2016:10:20:20 -0300] "POST /cormun/servlet/solicitudot?gx-no-cache=1474550509304 HTTP/1.1" 200 3003
186.103.161.206 - - [22/Sep/2016:10:20:21 -0300] "POST /cormun/servlet/solicitudot?cd85409303087f361572947397e800c4,INS,0,0,,gx-no-cache=1474550510055 HTTP/1.1" 200 9105
186.103.161.206 - - [22/Sep/2016:10:20:21 -0300] "GET /cormun/servlet/solicitudot?8bc0b650f44ba83bb07abf514d1bea0a97d534b3f201c247f213a6486a23194771453ad653a20e1c99f6eae2a2f6df6e,gx-no-cache=1474550510953 HTTP/1.1" 200 30
186.103.161.206 - - [22/Sep/2016:10:20:24 -0300] "POST /cormun/servlet/solicitudot?gx-no-cache=1474550513540 HTTP/1.1" 200 30
186.103.161.206 - - [22/Sep/2016:10:20:28 -0300] "POST /cormun/servlet/solicitudot?gx-no-cache=1474550517787 HTTP/1.1" 200 30
186.103.132.155 - - [22/Sep/2016:10:21:28 -0300] "POST /cormun/servlet/solicitudot?gx-no-cache=1474550575216 HTTP/1.1" 200 507
186.103.132.155 - - [22/Sep/2016:10:21:28 -0300] "GET /cormun/servlet/solicitudot?8bc0b650f44ba83bb07abf514d1bea0a46a6da7c6bc5019fdf2e06e725f3f90460d5a71593735535b7f72fa048d1e6b00ea8b92fc073b642ed1736fb98f9ed69809262b644d766d90e9879c7b77919caa9474ec00d6f0358135b20b5e8f00ef73bd10c5ecd1364a17c3a4fb7c1172b75f99c676e03f10a4b1b16542405b4c44843ec1c8ef998b22761798ba1deb5e17b,gx-no-cache=1474550578231 HTTP/1.1" 200 38
186.103.132.155 - - [22/Sep/2016:10:21:29 -0300] "GET /cormun/servlet/solicitudot?8bc0b650f44ba83bb07abf514d1bea0a9c5af7359da02ed9b12c47db4b6207fa2110a3a32247dad7eb05d3786620f05b35cf51760371ecd23f9c995ca5b60119ecf1e2ada64ca09179193e0aca652c629441c59e4425cff06b0ac1fa354eaaeef56d329b68f78dd405f6490b16b0fdcb92aef1cc77369a4077c46a785f33c83753bb6240ca2d5ba35fbe62592f1a2d805cc610f37093ff814de4cec6b9bd6932,gx-no-cache=1474550579124 HTTP/1.1" 200 29
186.103.132.155 - - [22/Sep/2016:10:21:32 -0300] "POST /cormun/servlet/solicitudot?gx-no-cache=1474550581319 HTTP/1.1" 200 1144
192.168.10.17 - - [22/Sep/2016:10:21:38 -0300] "GET /cormun/servlet/hlogin HTTP/1.1" 200 1720
192.168.10.17 - - [22/Sep/2016:10:21:38 -0300] "GET /cormun/servlet/hlogin HTTP/1.1" 200 1731
192.168.10.17 - - [22/Sep/2016:10:22:25 -0300] "POST /cormun/servlet/hlogin?d969eb2c67901678463a5c2f9006c316,gx-no-cache=1474554108761 HTTP/1.1" 200 441
192.168.10.17 - - [22/Sep/2016:10:22:30 -0300] "POST /cormun/servlet/hlogin?d969eb2c67901678463a5c2f9006c316,gx-no-cache=1474554112820 HTTP/1.1" 200 90
192.168.10.17 - - [22/Sep/2016:10:22:30 -0300] "GET /cormun/servlet/hpexe_link HTTP/1.1" 200 949
192.168.10.17 - - [22/Sep/2016:10:22:30 -0300] "GET /cormun/static/Resources/Spanish/PXTools.css?005343 HTTP/1.1" 304 -
192.168.10.17 - - [22/Sep/2016:10:22:30 -0300] "GET /cormun/static/gxcfg.js?20151120044395 HTTP/1.1" 304 -
192.168.10.17 - - [22/Sep/2016:10:22:30 -0300] "GET /cormun/static/hpexe_link.js?20151120044398 HTTP/1.1" 304 -
192.168.10.17 - - [22/Sep/2016:10:22:30 -0300] "GET /cormun/servlet/hhome HTTP/1.1" 200 3604
192.168.10.17 - - [22/Sep/2016:10:22:30 -0300] "GET /cormun/static/Resources/Spanish/PXTools.css?10515224 HTTP/1.1" 304 -
192.168.10.17 - - [22/Sep/2016:10:22:30 -0300] "GET /cormun/static/gxcfg.js?2015112210564248 HTTP/1.1" 304 -
192.168.10.17 - - [22/Sep/2016:10:22:30 -0300] "GET /cormun/static/hhome.js?2015112210564255 HTTP/1.1" 304 -
192.168.10.17 - - [22/Sep/2016:10:22:35 -0300] "GET /cormun/servlet/trvisualizadoreventos? HTTP/1.1" 200 6338
192.168.10.17 - - [22/Sep/2016:10:22:38 -0300] "GET /cormun/servlet/trsolicitudot? HTTP/1.1" 200 7804
192.168.10.17 - - [22/Sep/2016:10:22:38 -0300] "GET /cormun/static/gxcfg.js?201631022392470 HTTP/1.1" 304 -
192.168.10.17 - - [22/Sep/2016:10:22:39 -0300] "GET /cormun/static/trsolicitudot.js?201631022393178 HTTP/1.1" 304 -
192.168.10.17 - - [22/Sep/2016:10:23:08 -0300] "POST /cormun/servlet/trsolicitudot?d969eb2c67901678463a5c2f9006c316,,gx-no-cache=1474554150787 HTTP/1.1" 200 3926
192.168.10.17 - - [22/Sep/2016:10:23:08 -0300] "POST /cormun/servlet/trsolicitudot?d969eb2c67901678463a5c2f9006c316,,gx-no-cache=1474554151079 HTTP/1.1" 200 3756
192.168.10.17 - - [22/Sep/2016:10:23:08 -0300] "GET /cormun/static/Shared/jqueryui/images/ui-icons_82798d_256x240.png HTTP/1.1" 404 1089
192.168.10.17 - - [22/Sep/2016:10:23:08 -0300] "GET /cormun/static/Shared/jqueryui/images/ui-bg_highlight-soft_100_c6c2c8_1x100.png HTTP/1.1" 404 1117
192.168.10.17 - - [22/Sep/2016:10:23:08 -0300] "GET /cormun/static/Shared/jqueryui/images/ui-icons_8d78a5_256x240.png HTTP/1.1" 404 1089
192.168.10.17 - - [22/Sep/2016:10:23:08 -0300] "GET /cormun/static/Shared/jqueryui/images/ui-bg_flat_55_fafafa_40x100.png HTTP/1.1" 404 1097
192.168.10.17 - - [22/Sep/2016:10:23:15 -0300] "GET /cormun/servlet/trsolicitudot? HTTP/1.1" 200 6529
186.103.161.206 - - [22/Sep/2016:10:23:20 -0300] "GET /cormun/servlet/solicitudot?8bc0b650f44ba83bb07abf514d1bea0a406fe418dbe2136dddb93023a00e5fe0eb5e2923d88b3fdb50e095d3d1ce221558d57bcfadcb348f747951f786f3555319c60521d025fb99a11e7c5d004d393d1b5f79df3c70daf35cb59f0822cb3a007464374522907e255cfbb13b8e1cbee31a5f6039bec251aeabd30bcd7fd51d0bee975a239e510298afc8a1204c7eb0bdce5784ae36700f6ef0357a9147b032709cddf4e2b51d4c79d255644dab92a60c,gx-no-cache=1474550689330 HTTP/1.1" 200 30
192.168.10.17 - - [22/Sep/2016:10:23:24 -0300] "GET /cormun/servlet/solicitudot?INS,0,0, HTTP/1.1" 200 11999
192.168.10.17 - - [22/Sep/2016:10:23:24 -0300] "GET /cormun/static/Resources/Spanish/PXTools.css?22445990 HTTP/1.1" 304 -
192.168.10.17 - - [22/Sep/2016:10:23:24 -0300] "GET /cormun/static/gxcfg.js?201631710541238 HTTP/1.1" 304 -
192.168.10.17 - - [22/Sep/2016:10:23:25 -0300] "GET /cormun/static/solicitudot.js?201631710541292 HTTP/1.1" 304 -
186.103.161.206 - - [22/Sep/2016:10:23:40 -0300] "POST /cormun/servlet/solicitudot?cd85409303087f361572947397e800c4,INS,0,0,,gx-no-cache=1474550709049 HTTP/1.1" 200 93
186.103.161.206 - - [22/Sep/2016:10:23:40 -0300] "GET /cormun/servlet/hpexe_return? HTTP/1.1" 200 1006
186.103.161.206 - - [22/Sep/2016:10:23:41 -0300] "GET /cormun/servlet/trsolicitudot HTTP/1.1" 200 8965
186.103.161.206 - - [22/Sep/2016:10:23:41 -0300] "GET /cormun/servlet/trsolicitudot HTTP/1.1" 200 8961
192.168.10.17 - - [22/Sep/2016:10:23:42 -0300] "POST /cormun/servlet/solicitudot?d969eb2c67901678463a5c2f9006c316,INS,0,0,,gx-no-cache=1474554185026 HTTP/1.1" 200 93
192.168.10.17 - - [22/Sep/2016:10:23:42 -0300] "GET /cormun/servlet/hpexe_return? HTTP/1.1" 200 1006
192.168.10.17 - - [22/Sep/2016:10:23:42 -0300] "GET /cormun/static/Resources/Spanish/PXTools.css?12112540 HTTP/1.1" 304 -
192.168.10.17 - - [22/Sep/2016:10:23:42 -0300] "GET /cormun/static/gxcfg.js?2015111312145050 HTTP/1.1" 304 -
192.168.10.17 - - [22/Sep/2016:10:23:42 -0300] "GET /cormun/static/hpexe_return.js?2015111312145056 HTTP/1.1" 304 -
192.168.10.17 - - [22/Sep/2016:10:23:42 -0300] "GET /cormun/servlet/trsolicitudot HTTP/1.1" 200 7755
186.103.161.206 - - [22/Sep/2016:10:23:57 -0300] "GET /cormun/servlet/solicitudot?INS,0,0, HTTP/1.1" 200 11989
186.103.161.206 - - [22/Sep/2016:10:23:57 -0300] "GET /cormun/servlet/solicitudot?INS,0,0, HTTP/1.1" 200 11994
186.103.161.206 - - [22/Sep/2016:10:24:00 -0300] "GET /cormun/servlet/prfichaempleado?,MD,,gxPopupLevel%3D0%3B HTTP/1.1" 200 8549
192.168.10.17 - - [22/Sep/2016:10:24:02 -0300] "POST /cormun/servlet/trsolicitudot?d969eb2c67901678463a5c2f9006c316,gx-no-cache=1474554205457 HTTP/1.1" 200 105
192.168.10.17 - - [22/Sep/2016:10:24:02 -0300] "GET /cormun/servlet/solicitudot?DLT,2016,2831, HTTP/1.1" 200 8636
192.168.10.17 - - [22/Sep/2016:10:24:03 -0300] "GET /cormun/static/Shared/jqueryui/images/ui-bg_highlight-soft_100_c6c2c8_1x100.png HTTP/1.1" 404 1117
192.168.10.17 - - [22/Sep/2016:10:24:03 -0300] "GET /cormun/static/Shared/jqueryui/images/ui-icons_8d78a5_256x240.png HTTP/1.1" 404 1089
192.168.10.17 - - [22/Sep/2016:10:24:03 -0300] "GET /cormun/static/Shared/jqueryui/images/ui-bg_flat_55_fafafa_40x100.png HTTP/1.1" 404 1097
192.168.10.17 - - [22/Sep/2016:10:24:03 -0300] "GET /cormun/static/Shared/jqueryui/images/ui-icons_82798d_256x240.png HTTP/1.1" 404 1089
192.168.10.17 - - [22/Sep/2016:10:24:07 -0300] "POST /cormun/servlet/solicitudot?d969eb2c67901678463a5c2f9006c316,DLT,2016,2831,,gx-no-cache=1474554210645 HTTP/1.1" 200 93
192.168.10.17 - - [22/Sep/2016:10:24:07 -0300] "GET /cormun/servlet/hpexe_return? HTTP/1.1" 200 1013
192.168.10.17 - - [22/Sep/2016:10:24:08 -0300] "GET /cormun/servlet/trsolicitudot HTTP/1.1" 200 6533
192.168.10.17 - - [22/Sep/2016:10:24:11 -0300] "GET /cormun/servlet/solicitudot?INS,0,0, HTTP/1.1" 200 11998
186.103.161.206 - - [22/Sep/2016:10:24:14 -0300] "POST /cormun/servlet/prfichaempleado?cd85409303087f361572947397e800c4,,MD,,gxPopupLevel%3D0%3B,gx-no-cache=1474550743220 HTTP/1.1" 200 3419
192.168.10.17 - - [22/Sep/2016:10:24:21 -0300] "POST /cormun/servlet/solicitudot?d969eb2c67901678463a5c2f9006c316,INS,0,0,,gx-no-cache=1474554224058 HTTP/1.1" 200 93
192.168.10.17 - - [22/Sep/2016:10:24:21 -0300] "GET /cormun/servlet/hpexe_return? HTTP/1.1" 200 1006
192.168.10.17 - - [22/Sep/2016:10:24:21 -0300] "GET /cormun/servlet/trsolicitudot HTTP/1.1" 200 7755
192.168.10.17 - - [22/Sep/2016:10:24:28 -0300] "POST /cormun/servlet/trsolicitudot?d969eb2c67901678463a5c2f9006c316,gx-no-cache=1474554230817 HTTP/1.1" 200 105
192.168.10.17 - - [22/Sep/2016:10:24:28 -0300] "GET /cormun/servlet/solicitudot?DLT,2016,2832, HTTP/1.1" 200 8633
186.103.161.206 - - [22/Sep/2016:10:24:28 -0300] "POST /cormun/servlet/solicitudot?gx-no-cache=1474550757623 HTTP/1.1" 200 3001
192.168.10.17 - - [22/Sep/2016:10:24:28 -0300] "GET /cormun/static/Shared/jqueryui/images/ui-icons_82798d_256x240.png HTTP/1.1" 404 1089
192.168.10.17 - - [22/Sep/2016:10:24:28 -0300] "GET /cormun/static/Shared/jqueryui/images/ui-bg_flat_55_fafafa_40x100.png HTTP/1.1" 404 1097
192.168.10.17 - - [22/Sep/2016:10:24:28 -0300] "GET /cormun/static/Shared/jqueryui/images/ui-bg_highlight-soft_100_c6c2c8_1x100.png HTTP/1.1" 404 1117
192.168.10.17 - - [22/Sep/2016:10:24:28 -0300] "GET /cormun/static/Shared/jqueryui/images/ui-icons_8d78a5_256x240.png HTTP/1.1" 404 1089
186.103.161.206 - - [22/Sep/2016:10:24:29 -0300] "POST /cormun/servlet/solicitudot?cd85409303087f361572947397e800c4,INS,0,0,,gx-no-cache=1474550758034 HTTP/1.1" 200 9109
186.103.161.206 - - [22/Sep/2016:10:24:29 -0300] "GET /cormun/servlet/solicitudot?8bc0b650f44ba83bb07abf514d1bea0a735ac57b42ea6fe09db0b509fa9b2a5c2dcdb45b2f4a67df11188d2925c9a2dd,gx-no-cache=1474550758868 HTTP/1.1" 200 30
192.168.10.17 - - [22/Sep/2016:10:24:31 -0300] "POST /cormun/servlet/solicitudot?d969eb2c67901678463a5c2f9006c316,DLT,2016,2832,,gx-no-cache=1474554234029 HTTP/1.1" 200 93
192.168.10.17 - - [22/Sep/2016:10:24:31 -0300] "GET /cormun/servlet/hpexe_return? HTTP/1.1" 200 1013
192.168.10.17 - - [22/Sep/2016:10:24:31 -0300] "GET /cormun/servlet/trsolicitudot HTTP/1.1" 200 6533
186.103.161.206 - - [22/Sep/2016:10:24:33 -0300] "POST /cormun/servlet/solicitudot?gx-no-cache=1474550762556 HTTP/1.1" 200 30
192.168.10.17 - - [22/Sep/2016:10:24:35 -0300] "GET /cormun/servlet/solicitudot?INS,0,0, HTTP/1.1" 200 11998
186.103.161.206 - - [22/Sep/2016:10:24:36 -0300] "POST /cormun/servlet/solicitudot?gx-no-cache=1474550765367 HTTP/1.1" 200 30
192.168.10.17 - - [22/Sep/2016:10:24:38 -0300] "GET /cormun/static/Resources/resize.gif HTTP/1.1" 200 77
192.168.10.17 - - [22/Sep/2016:10:24:38 -0300] "GET /cormun/servlet/prfichaempleado?,MD,,gxPopupLevel%3D0%3B HTTP/1.1" 200 8545
192.168.10.17 - - [22/Sep/2016:10:24:38 -0300] "GET /cormun/static/Resources/Spanish/PXTools.css?22123174 HTTP/1.1" 304 -
192.168.10.17 - - [22/Sep/2016:10:24:38 -0300] "GET /cormun/static/gxcfg.js?201651622215715 HTTP/1.1" 304 -
186.103.161.206 - - [22/Sep/2016:10:24:39 -0300] "POST /cormun/servlet/solicitudot?gx-no-cache=1474550768318 HTTP/1.1" 200 1187
192.168.10.17 - - [22/Sep/2016:10:24:39 -0300] "GET /cormun/static/Resources/PXToolsMenuSearch.png HTTP/1.1" 304 -
192.168.10.17 - - [22/Sep/2016:10:24:39 -0300] "GET /cormun/static/Resources/PXToolsMenuSearchCancel.png HTTP/1.1" 304 -
186.103.161.206 - - [22/Sep/2016:10:24:39 -0300] "GET /cormun/servlet/solicitudot?8bc0b650f44ba83bb07abf514d1bea0a46a6da7c6bc5019fdf2e06e725f3f90460d5a71593735535b7f72fa048d1e6b00ea8b92fc073b642ed1736fb98f9ed69809262b644d766d90e9879c7b77919caa9474ec00d6f0358135b20b5e8f00ef73bd10c5ecd1364a17c3a4fb7c1172b75f99c676e03f10a4b1b16542405b4c44843ec1c8ef998b22761798ba1deb5e17b,gx-no-cache=1474550768565 HTTP/1.1" 200 38
192.168.10.17 - - [22/Sep/2016:10:24:39 -0300] "GET /cormun/static/prfichaempleado.js?201651622215919 HTTP/1.1" 304 -
192.168.10.17 - - [22/Sep/2016:10:24:39 -0300] "GET /cormun/static/menusearch.js?20165162214271 HTTP/1.1" 304 -
192.168.10.17 - - [22/Sep/2016:10:24:39 -0300] "GET /cormun/static/hmpwkw011.js?201651622203195 HTTP/1.1" 304 -
192.168.10.17 - - [22/Sep/2016:10:24:46 -0300] "POST /cormun/servlet/prfichaempleado?d969eb2c67901678463a5c2f9006c316,,MD,,gxPopupLevel%3D0%3B,gx-no-cache=1474554248839 HTTP/1.1" 200 3519
192.168.10.17 - - [22/Sep/2016:10:24:53 -0300] "POST /cormun/servlet/prfichaempleado?d969eb2c67901678463a5c2f9006c316,,MD,,gxPopupLevel%3D0%3B,gx-no-cache=1474554256703 HTTP/1.1" 200 3358
192.168.10.17 - - [22/Sep/2016:10:24:56 -0300] "POST /cormun/servlet/prfichaempleado?d969eb2c67901678463a5c2f9006c316,,MD,,gxPopupLevel%3D0%3B,gx-no-cache=1474554258931 HTTP/1.1" 200 3358
186.103.161.206 - - [22/Sep/2016:10:24:59 -0300] "GET /cormun/servlet/solicitudot?8bc0b650f44ba83bb07abf514d1bea0a9c5af7359da02ed9b12c47db4b6207fa2110a3a32247dad7eb05d3786620f05b35cf51760371ecd23f9c995ca5b60119ecf1e2ada64ca09179193e0aca652c629441c59e4425cff06b0ac1fa354eaaeef56d329b68f78dd405f6490b16b0fdcb92aef1cc77369a4077c46a785f33c83753bb6240ca2d5ba35fbe62592f1a2d805cc610f37093ff814de4cec6b9bd6932,gx-no-cache=1474550788763 HTTP/1.1" 200 29
186.103.161.206 - - [22/Sep/2016:10:25:00 -0300] "POST /cormun/servlet/solicitudot?gx-no-cache=1474550789348 HTTP/1.1" 200 1143
186.104.112.63 - - [22/Sep/2016:10:25:21 -0300] "GET /cormun/servlet/solicitudot?d44f43a4b5a1e0b56a04752d46338d8868b23a4bc641d48b7af240187e61ac2a9d947316e1cc840aaab181d65cd47b95e3aa122a97190c4102bee9a1bc2c2e331c0630a2b182e9db543711ead8bb2b91b12deaff9c1af587144ca9533c4095a7e1d275e70045ffe52652b6854fa48f09c985a3553b242537aad4998bab1c60df91f9d8e70eea928ee26c2826cac9022d5415c5eeee201d5d6309ac34194d0f4fc93d572fb1e01d808497d7f34e67c6ede7930d9cc8845a02f4317c0172383253,gx-no-cache=1474550808274 HTTP/1.1" 200 32
186.104.112.63 - - [22/Sep/2016:10:25:23 -0300] "POST /cormun/servlet/solicitudot?38e1053eabf430d44cf3fa3138d8a243,INS,0,0,,gx-no-cache=1474550808644 HTTP/1.1" 200 10262
192.168.10.17 - - [22/Sep/2016:10:25:25 -0300] "POST /cormun/servlet/solicitudot?gx-no-cache=1474554288295 HTTP/1.1" 200 2997
192.168.10.17 - - [22/Sep/2016:10:25:25 -0300] "POST /cormun/servlet/solicitudot?d969eb2c67901678463a5c2f9006c316,INS,0,0,,gx-no-cache=1474554288427 HTTP/1.1" 200 9104
186.103.161.206 - - [22/Sep/2016:10:25:25 -0300] "GET /cormun/servlet/solicitudot?8bc0b650f44ba83bb07abf514d1bea0a458d539fe4aab8b284876f6aaf5f83fa0eccf65b46ad8b02786b05c7821059cece903844896c4b023f9d691e56236c81c921a53dedab2f05277c8ec234419fc0afddee97e49c2e870bcba362aeaa3b932fed3677f91128be9caa26bcbd97abacc7203f14786c1571eafe16beed24291450c8eeae5cbacdba3ad845974880dc9a8fa1346c5126a6676ca60cfa082dd84eb8a748cdccd24e9a29fcb3617fef5fe8,gx-no-cache=1474550814307 HTTP/1.1" 200 30
192.168.10.17 - - [22/Sep/2016:10:25:28 -0300] "GET /cormun/servlet/solicitudot?9904f8116a3caa6d87879ffe3600fb71685edfc5f9fc522ee95d25e8c66c27ada18b6f960ee7b5383fa7e0deca6959bf,gx-no-cache=1474554290970 HTTP/1.1" 200 30
192.168.10.17 - - [22/Sep/2016:10:25:30 -0300] "POST /cormun/servlet/solicitudot?gx-no-cache=1474554292973 HTTP/1.1" 200 30
192.168.10.17 - - [22/Sep/2016:10:25:34 -0300] "POST /cormun/servlet/solicitudot?gx-no-cache=1474554297603 HTTP/1.1" 200 30
186.103.161.206 - - [22/Sep/2016:10:25:36 -0300] "POST /cormun/servlet/solicitudot?cd85409303087f361572947397e800c4,INS,0,0,,gx-no-cache=1474550824949 HTTP/1.1" 200 93
186.103.161.206 - - [22/Sep/2016:10:25:37 -0300] "GET /cormun/servlet/hpexe_return? HTTP/1.1" 200 1006
186.103.161.206 - - [22/Sep/2016:10:25:37 -0300] "GET /cormun/servlet/trsolicitudot HTTP/1.1" 200 9236
186.103.161.206 - - [22/Sep/2016:10:25:38 -0300] "GET /cormun/servlet/trsolicitudot HTTP/1.1" 200 9231
186.103.161.206 - - [22/Sep/2016:10:25:43 -0300] "GET /cormun/servlet/solicitudot?INS,0,0, HTTP/1.1" 200 11989
186.103.161.206 - - [22/Sep/2016:10:25:46 -0300] "GET /cormun/servlet/solicitudot?INS,0,0, HTTP/1.1" 200 11994
186.103.161.206 - - [22/Sep/2016:10:25:50 -0300] "GET /cormun/servlet/prfichaempleado?,MD,,gxPopupLevel%3D0%3B HTTP/1.1" 200 8549
192.168.10.17 - - [22/Sep/2016:10:26:02 -0300] "POST /cormun/servlet/solicitudot?gx-no-cache=1474554325219 HTTP/1.1" 200 1185
192.168.10.17 - - [22/Sep/2016:10:26:20 -0300] "POST /cormun/servlet/solicitudot?gx-no-cache=1474554342949 HTTP/1.1" 200 1185
192.168.10.17 - - [22/Sep/2016:10:26:26 -0300] "GET /cormun/servlet/prlicenciaspermisos?15106120,L,,MD,,gxPopupLevel%3D0%3B HTTP/1.1" 200 5488
192.168.10.17 - - [22/Sep/2016:10:26:26 -0300] "GET /cormun/static/gxcfg.js?201652512202696 HTTP/1.1" 200 953
192.168.10.17 - - [22/Sep/2016:10:26:26 -0300] "GET /cormun/static/prlicenciaspermisos.js?201652512202842 HTTP/1.1" 200 13349
192.168.10.17 - - [22/Sep/2016:10:26:40 -0300] "GET /cormun/static/menuarrow.gif HTTP/1.1" 404 1015
192.168.10.17 - - [22/Sep/2016:10:26:44 -0300] "GET /cormun/servlet/solicitudot?9904f8116a3caa6d87879ffe3600fb71f3e57d6940f2f2eaaaf3e9ece5fbcc42888be249c235c7df3efe8d9c8daa76f6bcdd03f09f3e36b3a2b074f731c38d0eaf55842eda9587aaa3d9ffa2e5413e85c5023cb6584854848ca2807be6306c43df2ed6c76df2d12eaade251a45c85a609a2dd868dd6dfdb9e1c5d7a8c971ec3714647d41f62413a10eaa19647be30ce3c598792be076a721b884f169dc30c022,gx-no-cache=1474554367039 HTTP/1.1" 200 38
192.168.10.17 - - [22/Sep/2016:10:27:04 -0300] "GET /cormun/servlet/solicitudot?9904f8116a3caa6d87879ffe3600fb716da849d8413b1eb647faf3bd21682562c6ab140f0c35ad88606cff6586ec53d05c8561cda0a98a8e04a14b37e928db734f19be839f8f8bdcc3805abf1e89917b15f55884e91d3b75353274f4bca142aba85dd5ec9e7020cb866570852acc8dc729d65a5b6975c333f7b098430d3d2e68f3a1a446fe3234853488f661c1aaa0182bb590923ec89a99afaf5935a4c81346,gx-no-cache=1474554386945 HTTP/1.1" 200 29
192.168.10.17 - - [22/Sep/2016:10:27:05 -0300] "POST /cormun/servlet/solicitudot?gx-no-cache=1474554388129 HTTP/1.1" 200 1143
192.168.10.17 - - [22/Sep/2016:10:27:19 -0300] "GET /cormun/servlet/solicitudot?9904f8116a3caa6d87879ffe3600fb7154b3b90a58071f63d9d59fd19f36fb2988884364acc9faeeb2aeeeac6fe65cae6dd5924f6d23e752e3a9486d8878cbadbea30d0939b05539c5850d855831e25b5914262ada918ee6cf0dc5f5aedd2b7a7243da2e459fb431322e8b7e66606c19b39f805d0534f0d6807361e8b5e0ac57360557c56e5b7135c1cd5fbd58e1e5412b23deb5994fe9e35c2260a3a9fbe9a724cce32bf6550c44c4b6dcdf7f72555366e4ce6cffa9346dfdf2e5b9a2c04c3f,gx-no-cache=1474554402016 HTTP/1.1" 200 30
192.168.10.17 - - [22/Sep/2016:10:27:23 -0300] "POST /cormun/servlet/solicitudot?d969eb2c67901678463a5c2f9006c316,INS,0,0,,gx-no-cache=1474554405650 HTTP/1.1" 200 10009
192.168.10.17 - - [22/Sep/2016:10:27:23 -0300] "GET /cormun/static/Shared/jqueryui/images/ui-icons_ebccce_256x240.png HTTP/1.1" 404 1089
192.168.10.17 - - [22/Sep/2016:10:27:23 -0300] "GET /cormun/static/Shared/jqueryui/images/ui-bg_flat_55_994d53_40x100.png HTTP/1.1" 404 1097
192.168.10.17 - - [22/Sep/2016:10:27:23 -0300] "GET /cormun/static/Shared/jqueryui/images/ui-bg_highlight-soft_100_c6c2c8_1x100.png HTTP/1.1" 404 1117
192.168.10.17 - - [22/Sep/2016:10:27:23 -0300] "GET /cormun/static/Shared/jqueryui/images/ui-icons_82798d_256x240.png HTTP/1.1" 404 1089
192.168.10.17 - - [22/Sep/2016:10:27:50 -0300] "GET /cormun/servlet/trvisualizadoreventos? HTTP/1.1" 200 6343
192.168.10.17 - - [22/Sep/2016:10:27:55 -0300] "POST /cormun/servlet/trvisualizadoreventos?d969eb2c67901678463a5c2f9006c316,,gx-no-cache=1474554437782 HTTP/1.1" 200 3922
192.168.10.17 - - [22/Sep/2016:10:27:55 -0300] "POST /cormun/servlet/trvisualizadoreventos?d969eb2c67901678463a5c2f9006c316,,gx-no-cache=1474554438587 HTTP/1.1" 200 3922
186.104.112.63 - - [22/Sep/2016:10:28:13 -0300] "GET /cormun/servlet/solicitudot?d44f43a4b5a1e0b56a04752d46338d8868b23a4bc641d48b7af240187e61ac2a85069aa559daae073ab4d6f847bce63aee06eb3990731fa2696b68928714efbcf6b7d76fe1219e645150bcb2d8b08cbcc244e4dcf5a008a00ca436813eea534912c8638614cf123b9688338f425ebd759c4cf9dbff58e1a5918dd71fc91b9d656cc847cb091e255ffe0611961467c3469cab5a871541b300a3233f5eca62ba65fd592e207c91fc1e5ce7808bcd82d6493fac6348b6ed909fb0a22f373668c9b3,gx-no-cache=1474550980365 HTTP/1.1" 200 32
186.104.112.63 - - [22/Sep/2016:10:28:15 -0300] "POST /cormun/servlet/solicitudot?38e1053eabf430d44cf3fa3138d8a243,INS,0,0,,gx-no-cache=1474550980794 HTTP/1.1" 200 93
186.104.112.63 - - [22/Sep/2016:10:28:15 -0300] "GET /cormun/servlet/hpexe_return? HTTP/1.1" 200 1011
186.104.112.63 - - [22/Sep/2016:10:28:16 -0300] "GET /cormun/servlet/trsolicitudot HTTP/1.1" 200 7814
186.104.112.63 - - [22/Sep/2016:10:28:17 -0300] "GET /cormun/servlet/trsolicitudot HTTP/1.1" 200 7810
192.168.10.17 - - [22/Sep/2016:10:28:20 -0300] "GET /cormun/servlet/trvisualizadoreventos? HTTP/1.1" 200 6644
192.168.10.17 - - [22/Sep/2016:10:28:26 -0300] "POST /cormun/servlet/trvisualizadoreventos?d969eb2c67901678463a5c2f9006c316,,gx-no-cache=1474554468907 HTTP/1.1" 200 3918
192.168.10.17 - - [22/Sep/2016:10:28:28 -0300] "GET /cormun/servlet/trvisualizadoreventos? HTTP/1.1" 200 6644
192.168.10.17 - - [22/Sep/2016:10:28:32 -0300] "POST /cormun/servlet/trvisualizadoreventos?d969eb2c67901678463a5c2f9006c316,,gx-no-cache=1474554475467 HTTP/1.1" 200 3598
192.168.10.17 - - [22/Sep/2016:10:28:33 -0300] "POST /cormun/servlet/trvisualizadoreventos?d969eb2c67901678463a5c2f9006c316,,gx-no-cache=1474554476336 HTTP/1.1" 200 3598
192.168.10.17 - - [22/Sep/2016:10:28:34 -0300] "POST /cormun/servlet/trvisualizadoreventos?d969eb2c67901678463a5c2f9006c316,,gx-no-cache=1474554477502 HTTP/1.1" 200 3598
192.168.10.17 - - [22/Sep/2016:10:28:36 -0300] "POST /cormun/servlet/trvisualizadoreventos?d969eb2c67901678463a5c2f9006c316,,gx-no-cache=1474554479607 HTTP/1.1" 200 3918
192.168.10.17 - - [22/Sep/2016:10:28:39 -0300] "GET /cormun/servlet/trsolicitudot? HTTP/1.1" 200 7808
192.168.10.17 - - [22/Sep/2016:10:28:46 -0300] "POST /cormun/servlet/trsolicitudot?d969eb2c67901678463a5c2f9006c316,,gx-no-cache=1474554489275 HTTP/1.1" 200 3930
192.168.10.17 - - [22/Sep/2016:10:28:46 -0300] "POST /cormun/servlet/trsolicitudot?d969eb2c67901678463a5c2f9006c316,,gx-no-cache=1474554489519 HTTP/1.1" 200 3756
192.168.10.17 - - [22/Sep/2016:10:28:46 -0300] "GET /cormun/static/Shared/jqueryui/images/ui-icons_8d78a5_256x240.png HTTP/1.1" 404 1089
192.168.10.17 - - [22/Sep/2016:10:28:46 -0300] "GET /cormun/static/Shared/jqueryui/images/ui-icons_82798d_256x240.png HTTP/1.1" 404 1089
192.168.10.17 - - [22/Sep/2016:10:28:46 -0300] "GET /cormun/static/Shared/jqueryui/images/ui-bg_highlight-soft_100_c6c2c8_1x100.png HTTP/1.1" 404 1117
192.168.10.17 - - [22/Sep/2016:10:28:46 -0300] "GET /cormun/static/Shared/jqueryui/images/ui-bg_flat_55_fafafa_40x100.png HTTP/1.1" 404 1097
192.168.10.17 - - [22/Sep/2016:10:29:06 -0300] "GET /cormun/servlet/hlogin HTTP/1.1" 200 1738
186.104.112.63 - - [22/Sep/2016:10:31:08 -0300] "GET /cormun/servlet/solicitudot?INS,0,0, HTTP/1.1" 200 12001
186.104.112.63 - - [22/Sep/2016:10:31:09 -0300] "GET /cormun/servlet/solicitudot?INS,0,0, HTTP/1.1" 200 12006
186.104.112.63 - - [22/Sep/2016:10:31:27 -0300] "GET /cormun/servlet/hlogin HTTP/1.1" 200 1719
186.104.112.63 - - [22/Sep/2016:10:31:29 -0300] "POST /cormun/servlet/hlogin?a2d6c25ef8509788bb1f30ba79a325ce,gx-no-cache=1474551176346 HTTP/1.1" 200 90
186.104.112.63 - - [22/Sep/2016:10:31:29 -0300] "GET /cormun/servlet/hpexe_link HTTP/1.1" 200 945
186.104.112.63 - - [22/Sep/2016:10:31:30 -0300] "GET /cormun/servlet/hhome HTTP/1.1" 200 3600
186.104.112.63 - - [22/Sep/2016:10:31:30 -0300] "GET /cormun/servlet/hhome HTTP/1.1" 200 3597
186.104.112.63 - - [22/Sep/2016:10:31:37 -0300] "GET /cormun/servlet/trsolicitudot? HTTP/1.1" 200 6528
186.104.112.63 - - [22/Sep/2016:10:31:38 -0300] "GET /cormun/servlet/trsolicitudot? HTTP/1.1" 200 6527
186.104.112.63 - - [22/Sep/2016:10:31:42 -0300] "GET /cormun/servlet/solicitudot?INS,0,0, HTTP/1.1" 200 11995
186.104.112.63 - - [22/Sep/2016:10:31:43 -0300] "GET /cormun/servlet/solicitudot?INS,0,0, HTTP/1.1" 200 11999
186.103.161.206 - - [22/Sep/2016:10:31:56 -0300] "GET /cormun/servlet/hlogin HTTP/1.1" 200 1723
186.104.112.63 - - [22/Sep/2016:10:31:59 -0300] "GET /cormun/servlet/hlogin HTTP/1.1" 200 1726
186.104.112.63 - - [22/Sep/2016:10:32:01 -0300] "POST /cormun/servlet/hlogin?e9b6ced6bf17fb3c107a0267eae40595,gx-no-cache=1474551208507 HTTP/1.1" 200 90
186.104.112.63 - - [22/Sep/2016:10:32:01 -0300] "GET /cormun/servlet/hpexe_link HTTP/1.1" 200 954
186.104.112.63 - - [22/Sep/2016:10:32:02 -0300] "GET /cormun/servlet/hhome HTTP/1.1" 200 3609
186.104.112.63 - - [22/Sep/2016:10:32:02 -0300] "GET /cormun/servlet/hhome HTTP/1.1" 200 3606
186.104.112.63 - - [22/Sep/2016:10:32:08 -0300] "GET /cormun/servlet/trsolicitudot? HTTP/1.1" 200 6539
186.104.112.63 - - [22/Sep/2016:10:32:09 -0300] "GET /cormun/servlet/trsolicitudot? HTTP/1.1" 200 6538
186.104.112.63 - - [22/Sep/2016:10:32:14 -0300] "GET /cormun/servlet/trvisualizadoreventos? HTTP/1.1" 200 6351
186.104.112.63 - - [22/Sep/2016:10:32:15 -0300] "GET /cormun/servlet/trvisualizadoreventos? HTTP/1.1" 200 6350
186.103.132.155 - - [22/Sep/2016:10:32:24 -0300] "POST /cormun/servlet/hlogin?cd85409303087f361572947397e800c4,gx-no-cache=1474551233535 HTTP/1.1" 200 90
186.103.132.155 - - [22/Sep/2016:10:32:24 -0300] "GET /cormun/servlet/hpexe_link HTTP/1.1" 200 961
186.104.112.63 - - [22/Sep/2016:10:32:24 -0300] "POST /cormun/servlet/trvisualizadoreventos?e9b6ced6bf17fb3c107a0267eae40595,,gx-no-cache=1474551231150 HTTP/1.1" 200 3609
186.103.132.155 - - [22/Sep/2016:10:32:25 -0300] "GET /cormun/servlet/prfichaempleado?,MD, HTTP/1.1" 200 8547
186.104.112.63 - - [22/Sep/2016:10:32:38 -0300] "POST /cormun/servlet/trvisualizadoreventos?e9b6ced6bf17fb3c107a0267eae40595,,gx-no-cache=1474551245194 HTTP/1.1" 200 3614
186.104.112.63 - - [22/Sep/2016:10:32:41 -0300] "POST /cormun/servlet/trvisualizadoreventos?e9b6ced6bf17fb3c107a0267eae40595,,gx-no-cache=1474551247697 HTTP/1.1" 200 3614
186.103.132.155 - - [22/Sep/2016:10:32:52 -0300] "POST /cormun/servlet/prfichaempleado?cd85409303087f361572947397e800c4,,MD,,gx-no-cache=1474551261462 HTTP/1.1" 200 3358
186.103.132.155 - - [22/Sep/2016:10:32:56 -0300] "POST /cormun/servlet/prfichaempleado?cd85409303087f361572947397e800c4,,MD,,gx-no-cache=1474551266078 HTTP/1.1" 200 3358
186.103.132.155 - - [22/Sep/2016:10:33:01 -0300] "GET /cormun/servlet/hlogin HTTP/1.1" 200 1747
186.104.112.63 - - [22/Sep/2016:10:33:10 -0300] "POST /cormun/servlet/acontrolpreferencessavestate?None,CD-12,true HTTP/1.1" 200 35
186.104.112.63 - - [22/Sep/2016:10:33:22 -0300] "GET /cormun/servlet/trsolicitudot? HTTP/1.1" 200 6557
186.104.112.63 - - [22/Sep/2016:10:33:23 -0300] "GET /cormun/servlet/trsolicitudot? HTTP/1.1" 200 6556
186.103.161.206 - - [22/Sep/2016:10:33:31 -0300] "POST /cormun/servlet/hlogin?cd85409303087f361572947397e800c4,gx-no-cache=1474551300542 HTTP/1.1" 200 90
186.103.161.206 - - [22/Sep/2016:10:33:31 -0300] "GET /cormun/servlet/hpexe_link HTTP/1.1" 200 961
186.103.161.206 - - [22/Sep/2016:10:33:32 -0300] "GET /cormun/servlet/prfichaempleado?,MD, HTTP/1.1" 200 8547
186.103.161.206 - - [22/Sep/2016:10:33:40 -0300] "GET /cormun/servlet/hlogin HTTP/1.1" 200 1747
200.111.191.210 - - [22/Sep/2016:10:34:28 -0300] "GET /cormun/servlet/trsolicitudot? HTTP/1.1" 200 5988
200.111.191.210 - - [22/Sep/2016:10:34:28 -0300] "GET /cormun/static/gxui/gxui-all.css?120300 HTTP/1.1" 200 2179
200.111.191.210 - - [22/Sep/2016:10:34:28 -0300] "GET /cormun/static/calendar-system.css?85620 HTTP/1.1" 200 5572
200.111.191.210 - - [22/Sep/2016:10:34:28 -0300] "GET /cormun/static/SmoothNavMenu/resources/ddsmoothmenu.css?1012540 HTTP/1.1" 200 2223
200.111.191.210 - - [22/Sep/2016:10:34:28 -0300] "GET /cormun/static/SmoothNavMenu/resources/ddsmoothmenu-v.css?1012540 HTTP/1.1" 200 1188
200.111.191.210 - - [22/Sep/2016:10:34:28 -0300] "GET /cormun/static/scaMessage/css/jquery.pnotify.default.css?1716380 HTTP/1.1" 200 1707
200.111.191.210 - - [22/Sep/2016:10:34:28 -0300] "GET /cormun/static/Shared/jqueryui/jquery-ui.min.css?1245370 HTTP/1.1" 200 30288
200.111.191.210 - - [22/Sep/2016:10:34:28 -0300] "GET /cormun/static/Resources/Spanish/PXTools.css?2139548 HTTP/1.1" 200 89042
200.111.191.210 - - [22/Sep/2016:10:34:28 -0300] "GET /cormun/static/gxtimezone.js?85251 HTTP/1.1" 200 5781
200.111.191.210 - - [22/Sep/2016:10:34:28 -0300] "GET /cormun/static/gxcfg.js?201631022392470 HTTP/1.1" 200 953
200.111.191.210 - - [22/Sep/2016:10:34:28 -0300] "GET /cormun/static/calendar-setup.js?85251 HTTP/1.1" 200 2588
200.111.191.210 - - [22/Sep/2016:10:34:28 -0300] "GET /cormun/static/calendar.js?85251 HTTP/1.1" 200 26246
200.111.191.210 - - [22/Sep/2016:10:34:28 -0300] "GET /cormun/static/calendar-es.js?85251 HTTP/1.1" 200 1901
200.111.191.210 - - [22/Sep/2016:10:34:28 -0300] "GET /cormun/static/RunJS/RunJS.js HTTP/1.1" 200 288
200.111.191.210 - - [22/Sep/2016:10:34:28 -0300] "GET /cormun/static/PXToolsJavascripts/pexe_autoreload.js HTTP/1.1" 200 1762
200.111.191.210 - - [22/Sep/2016:10:34:28 -0300] "GET /cormun/static/PXToolsJavascripts/pexe_cookies.js HTTP/1.1" 200 792
200.111.191.210 - - [22/Sep/2016:10:34:28 -0300] "GET /cormun/static/PXToolsJavascripts/pexe_windows.js HTTP/1.1" 200 15207
200.111.191.210 - - [22/Sep/2016:10:34:28 -0300] "GET /cormun/static/PXToolsJavascripts/pexe_grid.js HTTP/1.1" 200 7559
200.111.191.210 - - [22/Sep/2016:10:34:28 -0300] "GET /cormun/static/PXToolsJavascripts/pexe_griddivfix.js HTTP/1.1" 200 6644
200.111.191.210 - - [22/Sep/2016:10:34:28 -0300] "GET /cormun/static/PXToolsJavascripts/pexe_link.js HTTP/1.1" 200 5671
200.111.191.210 - - [22/Sep/2016:10:34:28 -0300] "GET /cormun/static/PXToolsJavascripts/pexe_menudivfix.js HTTP/1.1" 200 333
200.111.191.210 - - [22/Sep/2016:10:34:28 -0300] "GET /cormun/static/PXToolsJavascripts/pexe_menus.js HTTP/1.1" 200 1286
200.111.191.210 - - [22/Sep/2016:10:34:28 -0300] "GET /cormun/static/PXToolsJavascripts/pexe_layers.js HTTP/1.1" 200 4114
200.111.191.210 - - [22/Sep/2016:10:34:28 -0300] "GET /cormun/static/PXToolsJavascripts/pexe_oav.js HTTP/1.1" 200 645
200.111.191.210 - - [22/Sep/2016:10:34:28 -0300] "GET /cormun/static/PXToolsJavascripts/pexe_oavdivfix.js HTTP/1.1" 200 639
200.111.191.210 - - [22/Sep/2016:10:34:28 -0300] "GET /cormun/static/PXToolsJavascripts/pexe_picture.js HTTP/1.1" 200 689
200.111.191.210 - - [22/Sep/2016:10:34:28 -0300] "GET /cormun/static/PXToolsJavascripts/pexe_popup.js HTTP/1.1" 200 13458
200.111.191.210 - - [22/Sep/2016:10:34:28 -0300] "GET /cormun/static/PXToolsJavascripts/pexe_scrolldiv.js HTTP/1.1" 200 4138
200.111.191.210 - - [22/Sep/2016:10:34:28 -0300] "GET /cormun/static/PXToolsJavascripts/pexe_tabdivfix.js HTTP/1.1" 200 876
200.111.191.210 - - [22/Sep/2016:10:34:28 -0300] "GET /cormun/static/PXToolsJavascripts/pexe_tabs.js HTTP/1.1" 200 3748
200.111.191.210 - - [22/Sep/2016:10:34:28 -0300] "GET /cormun/static/gxui/gxui-all.js HTTP/1.1" 200 107772
200.111.191.210 - - [22/Sep/2016:10:34:28 -0300] "GET /cormun/static/PXToolsJavascripts/pexe_upload.js HTTP/1.1" 200 1423
200.111.191.210 - - [22/Sep/2016:10:34:28 -0300] "GET /cormun/static/PXToolsJavascripts/PXToolsJavascriptsRender.js HTTP/1.1" 200 367
200.111.191.210 - - [22/Sep/2016:10:34:28 -0300] "GET /cormun/static/Shared/ext/resources/css/ext-all.css?215870 HTTP/1.1" 200 416045
200.111.191.210 - - [22/Sep/2016:10:34:29 -0300] "GET /cormun/static/Shared/ext/locale/ext-lang-en.js HTTP/1.1" 200 10940
200.111.191.210 - - [22/Sep/2016:10:34:29 -0300] "GET /cormun/static/messages.spa.js?85251 HTTP/1.1" 200 30736
200.111.191.210 - - [22/Sep/2016:10:34:29 -0300] "GET /cormun/static/gxdec.js?85251 HTTP/1.1" 200 19579
200.111.191.210 - - [22/Sep/2016:10:34:29 -0300] "GET /cormun/static/trsolicitudot.js?201631022393178 HTTP/1.1" 200 44568
200.111.191.210 - - [22/Sep/2016:10:34:29 -0300] "GET /cormun/static/hwchdr01.js?20162241650484 HTTP/1.1" 200 1183
200.111.191.210 - - [22/Sep/2016:10:34:29 -0300] "GET /cormun/static/hpexe_recentlink.js?2015111312121342 HTTP/1.1" 200 2144
200.111.191.210 - - [22/Sep/2016:10:34:29 -0300] "GET /cormun/static/hpexe_scripts.js?20151120014546 HTTP/1.1" 200 1544
200.111.191.210 - - [22/Sep/2016:10:34:29 -0300] "GET /cormun/static/hpexe_messagecontroller.js?2015112210524422 HTTP/1.1" 200 870
200.111.191.210 - - [22/Sep/2016:10:34:29 -0300] "GET /cormun/static/hpexe_messagegenexuscomponent.js?20151120014314 HTTP/1.1" 200 587
200.111.191.210 - - [22/Sep/2016:10:34:29 -0300] "GET /cormun/static/hpexe_messagepopupcomponent.js?20165162214013 HTTP/1.1" 200 605
200.111.191.210 - - [22/Sep/2016:10:34:29 -0300] "GET /cormun/static/cmcontrolpreferences.js?20151120014525 HTTP/1.1" 200 1375
200.111.191.210 - - [22/Sep/2016:10:34:29 -0300] "GET /cormun/static/Resources/PXToolsHeaderLogin.png HTTP/1.1" 200 4279
200.111.191.210 - - [22/Sep/2016:10:34:29 -0300] "GET /cormun/static/Resources/PXToolsHeaderActionsBackground.png HTTP/1.1" 200 484
200.111.191.210 - - [22/Sep/2016:10:34:29 -0300] "GET /cormun/static/Resources/PXToolsHeaderActionsRight.png HTTP/1.1" 200 1201
200.111.191.210 - - [22/Sep/2016:10:34:29 -0300] "GET /cormun/static/Resources/PXToolsHeaderActionsLeft.png HTTP/1.1" 200 1118
200.111.191.210 - - [22/Sep/2016:10:34:29 -0300] "GET /cormun/static/Resources/PXToolsHeaderBackground2.png HTTP/1.1" 200 1174
200.111.191.210 - - [22/Sep/2016:10:34:29 -0300] "GET /cormun/static/Resources/PXToolsFooterBackground2.png HTTP/1.1" 200 1172
200.111.191.210 - - [22/Sep/2016:10:34:29 -0300] "GET /cormun/static/Resources/PXToolsDataTitle.png HTTP/1.1" 200 1173
200.111.191.210 - - [22/Sep/2016:10:34:29 -0300] "GET /cormun/static/Resources/PXToolsHeaderSecurity.png HTTP/1.1" 200 4166
200.111.191.210 - - [22/Sep/2016:10:34:29 -0300] "GET /cormun/static/Resources/PXToolsHeaderPreferences.png HTTP/1.1" 200 4189
200.111.191.210 - - [22/Sep/2016:10:34:29 -0300] "GET /cormun/static/Resources/PXToolsHeaderHome.png HTTP/1.1" 200 4147
200.111.191.210 - - [22/Sep/2016:10:34:29 -0300] "GET /cormun/static/SmoothNavMenu/resources/ddsmoothmenu.js HTTP/1.1" 200 12712
200.111.191.210 - - [22/Sep/2016:10:34:29 -0300] "GET /cormun/static/Resources/PXToolsGridLastDisabled.gif HTTP/1.1" 200 98
200.111.191.210 - - [22/Sep/2016:10:34:29 -0300] "GET /cormun/static/Resources/PXToolsGridPreviousDisabled.gif HTTP/1.1" 200 90
200.111.191.210 - - [22/Sep/2016:10:34:29 -0300] "GET /cormun/static/Resources/PXToolsGridPage.gif HTTP/1.1" 200 725
200.111.191.210 - - [22/Sep/2016:10:34:29 -0300] "GET /cormun/static/Shared/jquery/jquery-1.4.2.min.js HTTP/1.1" 200 72174
200.111.191.210 - - [22/Sep/2016:10:34:29 -0300] "GET /cormun/static/Resources/PXToolsGridNew.png HTTP/1.1" 200 2949
200.111.191.210 - - [22/Sep/2016:10:34:29 -0300] "GET /cormun/static/Resources/PXToolsGridFirstDisabled.gif HTTP/1.1" 200 100
200.111.191.210 - - [22/Sep/2016:10:34:29 -0300] "GET /cormun/static/Resources/PXToolsActionExcel.png HTTP/1.1" 200 3187
200.111.191.210 - - [22/Sep/2016:10:34:29 -0300] "GET /cormun/static/Resources/PXToolsGridNextDisabled.gif HTTP/1.1" 200 90
200.111.191.210 - - [22/Sep/2016:10:34:29 -0300] "GET /cormun/static/SmoothNavMenu/resources/SmoothNavMenuRender.js HTTP/1.1" 200 5951
200.111.191.210 - - [22/Sep/2016:10:34:29 -0300] "GET /cormun/static/scaMessage/js/jquery.pnotify.min.js HTTP/1.1" 200 13038
200.111.191.210 - - [22/Sep/2016:10:34:29 -0300] "GET /cormun/static/hmpwkw03.js?201651622203894 HTTP/1.1" 200 3898
200.111.191.210 - - [22/Sep/2016:10:34:29 -0300] "GET /cormun/static/scaMessage/scaMessageRender.js HTTP/1.1" 200 11977
200.111.191.210 - - [22/Sep/2016:10:34:29 -0300] "GET /cormun/static/Resources/logo4.png HTTP/1.1" 200 6582
200.111.191.210 - - [22/Sep/2016:10:34:29 -0300] "GET /cormun/static/Resources/PXTools/calendar.png HTTP/1.1" 200 1306
200.111.191.210 - - [22/Sep/2016:10:34:29 -0300] "GET /cormun/static/Resources/PXToolsDataSearch.png HTTP/1.1" 200 419
200.111.191.210 - - [22/Sep/2016:10:34:29 -0300] "GET /cormun/static/Shared/jqueryui/jquery-ui.min.js HTTP/1.1" 200 240427
200.111.191.210 - - [22/Sep/2016:10:34:29 -0300] "GET /cormun/static/Resources/indicator.gif HTTP/1.1" 200 1553
200.111.191.210 - - [22/Sep/2016:10:34:29 -0300] "GET /cormun/static/Resources/asc.gif HTTP/1.1" 200 67
200.111.191.210 - - [22/Sep/2016:10:34:29 -0300] "GET /cormun/static/Resources/desc.gif HTTP/1.1" 200 65
200.111.191.210 - - [22/Sep/2016:10:34:29 -0300] "GET /cormun/servlet/hlogin HTTP/1.1" 200 1726
200.111.191.210 - - [22/Sep/2016:10:34:29 -0300] "GET /cormun/static/Shared/ext/resources/themes/images/default/panel/bg-headersPanel.png HTTP/1.1" 200 255
200.111.191.210 - - [22/Sep/2016:10:34:29 -0300] "GET /cormun/static/Shared/ext/resources/themes/images/default/tools/tool-sprites.gif HTTP/1.1" 200 5434
200.111.191.210 - - [22/Sep/2016:10:34:29 -0300] "GET /cormun/servlet/trsolicitudot? HTTP/1.1" 200 5999
200.111.191.210 - - [22/Sep/2016:10:34:29 -0300] "GET /cormun/static/gxcfg.js?201632119342969 HTTP/1.1" 200 953
200.111.191.210 - - [22/Sep/2016:10:34:29 -0300] "GET /cormun/static/Resources/Spanish/PXTools.css?19284387 HTTP/1.1" 200 89042
200.111.191.210 - - [22/Sep/2016:10:34:29 -0300] "GET /cormun/static/hlogin.js?201632119342986 HTTP/1.1" 200 2136
200.111.191.210 - - [22/Sep/2016:10:34:30 -0300] "GET /cormun/static/Resources/ComunLogin.png HTTP/1.1" 200 17326
200.111.191.210 - - [22/Sep/2016:10:34:30 -0300] "GET /cormun/static/Resources/PXToolsButtonLeft21.png HTTP/1.1" 200 1287
200.111.191.210 - - [22/Sep/2016:10:34:30 -0300] "GET /cormun/static/Resources/PXToolsButtonBackground2.png HTTP/1.1" 200 1181
200.111.191.210 - - [22/Sep/2016:10:34:30 -0300] "GET /cormun/static/Resources/PXToolsButtonRight21.png HTTP/1.1" 200 1283
200.111.191.210 - - [22/Sep/2016:10:34:30 -0300] "GET /cormun/static/Resources/PXToolsLoginTop.png HTTP/1.1" 200 1337
200.111.191.210 - - [22/Sep/2016:10:34:30 -0300] "GET /cormun/static/Resources/PXToolsLoginBackground.png HTTP/1.1" 200 1164
200.111.191.210 - - [22/Sep/2016:10:34:30 -0300] "GET /cormun/static/Resources/PXToolsLoginBottom.png HTTP/1.1" 200 1389
200.111.191.210 - - [22/Sep/2016:10:34:30 -0300] "GET /favicon.ico HTTP/1.1" 200 21630
186.104.112.63 - - [22/Sep/2016:10:38:31 -0300] "GET /cormun/servlet/hlogin HTTP/1.1" 200 1729
186.104.112.63 - - [22/Sep/2016:10:38:32 -0300] "GET /cormun/servlet/hlogin HTTP/1.1" 200 1739
186.104.112.63 - - [22/Sep/2016:10:38:36 -0300] "POST /cormun/servlet/hlogin?b11c34de3333481038808634510efe34,gx-no-cache=1474551603318 HTTP/1.1" 200 90
186.104.112.63 - - [22/Sep/2016:10:38:36 -0300] "GET /cormun/servlet/hpexe_link HTTP/1.1" 200 955
186.104.112.63 - - [22/Sep/2016:10:38:38 -0300] "GET /cormun/servlet/hhome HTTP/1.1" 200 3628
186.104.112.63 - - [22/Sep/2016:10:38:40 -0300] "GET /cormun/servlet/hhome HTTP/1.1" 200 3625
186.104.112.63 - - [22/Sep/2016:10:38:46 -0300] "GET /cormun/servlet/trsolicitudot? HTTP/1.1" 200 6556
186.104.112.63 - - [22/Sep/2016:10:38:48 -0300] "GET /cormun/servlet/trsolicitudot? HTTP/1.1" 200 6555
186.104.112.63 - - [22/Sep/2016:10:38:51 -0300] "GET /cormun/servlet/solicitudot?INS,0,0, HTTP/1.1" 200 12021
186.104.112.63 - - [22/Sep/2016:10:38:52 -0300] "GET /cormun/servlet/solicitudot?INS,0,0, HTTP/1.1" 200 12027
186.103.132.155 - - [22/Sep/2016:10:39:08 -0300] "POST /cormun/servlet/hlogin?cd85409303087f361572947397e800c4,gx-no-cache=1474551637407 HTTP/1.1" 200 90
186.103.132.155 - - [22/Sep/2016:10:39:08 -0300] "GET /cormun/servlet/hpexe_link HTTP/1.1" 200 961
186.103.132.155 - - [22/Sep/2016:10:39:09 -0300] "GET /cormun/servlet/prfichaempleado?,MD, HTTP/1.1" 200 8547
186.104.112.63 - - [22/Sep/2016:10:39:12 -0300] "POST /cormun/servlet/solicitudot?gx-no-cache=1474551636760 HTTP/1.1" 200 2997
186.104.112.63 - - [22/Sep/2016:10:39:17 -0300] "POST /cormun/servlet/solicitudot?b11c34de3333481038808634510efe34,INS,0,0,,gx-no-cache=1474551643785 HTTP/1.1" 200 9105
186.103.161.206 - - [22/Sep/2016:10:39:33 -0300] "POST /cormun/servlet/prfichaempleado?cd85409303087f361572947397e800c4,,MD,,gx-no-cache=1474551661521 HTTP/1.1" 200 3358
186.103.161.206 - - [22/Sep/2016:10:39:39 -0300] "POST /cormun/servlet/prfichaempleado?cd85409303087f361572947397e800c4,,MD,,gx-no-cache=1474551668212 HTTP/1.1" 200 3358
186.104.112.63 - - [22/Sep/2016:10:39:41 -0300] "GET /cormun/servlet/solicitudot?67a68981a5cbe5a703c79d80e6574c0a79507084e9c4679b3b70ef6f6ea635078d59cf81c04f029f902694fb4daa4e4a,gx-no-cache=1474551668336 HTTP/1.1" 200 30
186.104.112.63 - - [22/Sep/2016:10:39:42 -0300] "POST /cormun/servlet/solicitudot?gx-no-cache=1474551669622 HTTP/1.1" 200 30
186.103.161.206 - - [22/Sep/2016:10:39:44 -0300] "POST /cormun/servlet/prfichaempleado?cd85409303087f361572947397e800c4,,MD,,gx-no-cache=1474551673145 HTTP/1.1" 200 3358
200.111.191.210 - - [22/Sep/2016:10:39:45 -0300] "POST /cormun/servlet/hlogin?17d8dd892e35f637e3912eda09d2ccd1,gx-no-cache=1474555248889 HTTP/1.1" 200 436
186.104.112.63 - - [22/Sep/2016:10:39:51 -0300] "POST /cormun/servlet/solicitudot?gx-no-cache=1474551678097 HTTP/1.1" 200 30
200.111.191.210 - - [22/Sep/2016:10:39:54 -0300] "POST /cormun/servlet/hlogin?17d8dd892e35f637e3912eda09d2ccd1,gx-no-cache=1474555256999 HTTP/1.1" 200 90
200.111.191.210 - - [22/Sep/2016:10:39:54 -0300] "GET /cormun/servlet/hpexe_link HTTP/1.1" 200 944
200.111.191.210 - - [22/Sep/2016:10:39:54 -0300] "GET /cormun/static/hpexe_link.js?20151120044398 HTTP/1.1" 200 625
200.111.191.210 - - [22/Sep/2016:10:39:54 -0300] "GET /cormun/static/gxcfg.js?20151120044395 HTTP/1.1" 200 953
200.111.191.210 - - [22/Sep/2016:10:39:54 -0300] "GET /cormun/static/Resources/Spanish/PXTools.css?005343 HTTP/1.1" 200 89042
200.111.191.210 - - [22/Sep/2016:10:39:54 -0300] "GET /cormun/servlet/trsolicitudot HTTP/1.1" 200 6326
200.111.191.210 - - [22/Sep/2016:10:39:55 -0300] "GET /cormun/static/SmoothNavMenu/resources/images/down.gif HTTP/1.1" 200 854
200.111.191.210 - - [22/Sep/2016:10:39:55 -0300] "GET /cormun/servlet/trsolicitudot HTTP/1.1" 200 6325
186.103.161.206 - - [22/Sep/2016:10:40:03 -0300] "POST /cormun/servlet/acontrolpreferencessavestate?None,CA-L%2FE,true HTTP/1.1" 200 35
186.103.161.206 - - [22/Sep/2016:10:40:05 -0300] "POST /cormun/servlet/acontrolpreferencessavestate?None,CA-L%2FE,true HTTP/1.1" 200 35
186.103.132.155 - - [22/Sep/2016:10:40:25 -0300] "POST /cormun/servlet/acontrolpreferencessavestate?None,CA-L%2FE,true HTTP/1.1" 200 35
186.103.132.155 - - [22/Sep/2016:10:40:29 -0300] "POST /cormun/servlet/prfichaempleado?cd85409303087f361572947397e800c4,,MD,,gx-no-cache=1474551718131 HTTP/1.1" 200 3358
186.103.132.155 - - [22/Sep/2016:10:40:33 -0300] "GET /cormun/servlet/hlogin HTTP/1.1" 200 1747
186.103.132.155 - - [22/Sep/2016:10:40:55 -0300] "POST /cormun/servlet/hlogin?cd85409303087f361572947397e800c4,gx-no-cache=1474551744463 HTTP/1.1" 200 90
186.103.132.155 - - [22/Sep/2016:10:40:55 -0300] "GET /cormun/servlet/hpexe_link HTTP/1.1" 200 961
186.103.132.155 - - [22/Sep/2016:10:40:56 -0300] "GET /cormun/servlet/prfichaempleado?,MD, HTTP/1.1" 200 8547
186.103.132.155 - - [22/Sep/2016:10:41:12 -0300] "POST /cormun/servlet/acontrolpreferencessavestate?None,CA-L%2FE,true HTTP/1.1" 200 35
186.103.132.155 - - [22/Sep/2016:10:41:21 -0300] "POST /cormun/servlet/prfichaempleado?cd85409303087f361572947397e800c4,,MD,,gx-no-cache=1474551770363 HTTP/1.1" 200 5689
186.103.132.155 - - [22/Sep/2016:10:41:22 -0300] "GET /cormun/static/Resources/PXToolsGridNext.gif HTTP/1.1" 200 369
186.103.132.155 - - [22/Sep/2016:10:41:22 -0300] "GET /cormun/static/Resources/PXToolsGridLast.gif HTTP/1.1" 200 370
186.103.132.155 - - [22/Sep/2016:10:41:27 -0300] "POST /cormun/servlet/prfichaempleado?cd85409303087f361572947397e800c4,,MD,,gx-no-cache=1474551776549 HTTP/1.1" 200 4278
186.103.161.206 - - [22/Sep/2016:10:41:28 -0300] "GET /cormun/static/Resources/PXToolsGridPrevious.gif HTTP/1.1" 200 369
186.103.132.155 - - [22/Sep/2016:10:41:28 -0300] "GET /cormun/static/Resources/PXToolsGridFirst.gif HTTP/1.1" 200 379
186.104.112.63 - - [22/Sep/2016:10:41:31 -0300] "POST /cormun/servlet/solicitudot?gx-no-cache=1474551777804 HTTP/1.1" 200 1185
186.103.161.206 - - [22/Sep/2016:10:41:31 -0300] "POST /cormun/servlet/prfichaempleado?cd85409303087f361572947397e800c4,,MD,,gx-no-cache=1474551779858 HTTP/1.1" 200 5689
186.103.161.206 - - [22/Sep/2016:10:41:35 -0300] "POST /cormun/servlet/prfichaempleado?cd85409303087f361572947397e800c4,,MD,,gx-no-cache=1474551784277 HTTP/1.1" 200 4278
186.103.161.206 - - [22/Sep/2016:10:41:44 -0300] "POST /cormun/servlet/acontrolpreferencessavestate?None,CA-L%2FE,true HTTP/1.1" 200 35
200.111.191.210 - - [22/Sep/2016:10:41:48 -0300] "POST /cormun/servlet/trsolicitudot?17d8dd892e35f637e3912eda09d2ccd1,gx-no-cache=1474555371040 HTTP/1.1" 200 3504
186.103.161.206 - - [22/Sep/2016:10:41:48 -0300] "POST /cormun/servlet/prfichaempleado?cd85409303087f361572947397e800c4,,MD,,gx-no-cache=1474551797164 HTTP/1.1" 200 5689
186.104.112.63 - - [22/Sep/2016:10:41:50 -0300] "GET /cormun/servlet/solicitudot?67a68981a5cbe5a703c79d80e6574c0a18641a1f35763f3ba5c5859eb2ec45057926513347bf088200e449c3bc0972d4bc0ad5fc8d7fa6f515c3b0d894d94be3b2da4c8a8fe428f568526d784167c0259368dbefa25607a1558f167cd5184ab769e92e83947d8812c93203ae44e00669ea9dca43240b6075d3bc5238a41b36855f3d2959964f23f7e177f03b0238127f1b4dd2ecc270a51091a5000a13b4f562,gx-no-cache=1474551797632 HTTP/1.1" 200 38
200.111.191.210 - - [22/Sep/2016:10:42:00 -0300] "GET /cormun/servlet/solicitudot?INS,0,0, HTTP/1.1" 200 11959
200.111.191.210 - - [22/Sep/2016:10:42:00 -0300] "GET /cormun/static/calendar-system.css?75620 HTTP/1.1" 200 5572
200.111.191.210 - - [22/Sep/2016:10:42:00 -0300] "GET /cormun/static/gxcfg.js?201631710541238 HTTP/1.1" 200 953
200.111.191.210 - - [22/Sep/2016:10:42:00 -0300] "GET /cormun/static/solicitudot.js?201631710541292 HTTP/1.1" 200 45515
200.111.191.210 - - [22/Sep/2016:10:42:00 -0300] "GET /cormun/static/Resources/Spanish/PXTools.css?22445990 HTTP/1.1" 200 89042
200.111.191.210 - - [22/Sep/2016:10:42:00 -0300] "GET /cormun/static/Resources/prompt.gif HTTP/1.1" 200 902
200.111.191.210 - - [22/Sep/2016:10:42:01 -0300] "GET /cormun/servlet/solicitudot?INS,0,0, HTTP/1.1" 200 11964
186.104.112.63 - - [22/Sep/2016:10:42:11 -0300] "GET /cormun/servlet/solicitudot?67a68981a5cbe5a703c79d80e6574c0a18641a1f35763f3ba5c5859eb2ec45057926513347bf088200e449c3bc0972d4bc0ad5fc8d7fa6f515c3b0d894d94be3b2da4c8a8fe428f568526d784167c0259368dbefa25607a1558f167cd5184ab769e92e83947d8812c93203ae44e00669ea9dca43240b6075d3bc5238a41b36855c22e6480e1a89672643119dc20ea6e81b4dd2ecc270a51091a5000a13b4f562,gx-no-cache=1474551817706 HTTP/1.1" 200 38
186.103.161.206 - - [22/Sep/2016:10:42:13 -0300] "POST /cormun/servlet/acontrolpreferencessavestate?None,CA-L%2FE,true HTTP/1.1" 200 35
186.104.112.63 - - [22/Sep/2016:10:42:17 -0300] "GET /cormun/servlet/solicitudot?67a68981a5cbe5a703c79d80e6574c0af04938960afd007e11833fc315724404ff8a8bd4120cbc67df874c5cd336d046cbffdd3837400453efe5f3f896a6c85c79acbfa6400242d6ddfbe1751bd407beae0aded7dab467aab2042528e0866c4ea8c8bd7a2d4072265a0be80006639c9934d2a5f89979cf4890b015bb9d0f7cc7c111240fe8de5c60470010188c3468c67d49f59ca252526e75ec3caa12e55c7e,gx-no-cache=1474551824456 HTTP/1.1" 200 29
186.104.112.63 - - [22/Sep/2016:10:42:19 -0300] "POST /cormun/servlet/solicitudot?gx-no-cache=1474551825686 HTTP/1.1" 200 1143
200.111.191.210 - - [22/Sep/2016:10:42:22 -0300] "POST /cormun/servlet/solicitudot?gx-no-cache=1474555405205 HTTP/1.1" 200 2993
200.111.191.210 - - [22/Sep/2016:10:42:22 -0300] "POST /cormun/servlet/solicitudot?17d8dd892e35f637e3912eda09d2ccd1,INS,0,0,,gx-no-cache=1474555405465 HTTP/1.1" 200 9087
186.103.161.206 - - [22/Sep/2016:10:42:41 -0300] "POST /cormun/servlet/prfichaempleado?cd85409303087f361572947397e800c4,,MD,,gx-no-cache=1474551830869 HTTP/1.1" 500 10
186.103.132.155 - - [22/Sep/2016:10:43:02 -0300] "POST /cormun/servlet/prfichaempleado?cd85409303087f361572947397e800c4,,MD,,gx-no-cache=1474551830869 HTTP/1.1" 200 5657
186.104.112.63 - - [22/Sep/2016:10:43:03 -0300] "GET /cormun/servlet/solicitudot?67a68981a5cbe5a703c79d80e6574c0af356d0d5414d6b2b8c215cca3a315f0a34e82df332579e46e0c52fc0b7eabb0dfa52f71c89d4b3bb7df064681e94939b285be0c9ff09b901627bb988b162948ef8758fda21af8739154af4d37fa570f72013827073b67a6105ff23d2d2e2de47fdde534c523a120dadccb5ffeff65c2074049b0aed23c0b0f92c7b96c0e21d321c2d6402eca89f4328976c7d0cae7e2b1b66bf82ebbd3305e92bdb7786a9a0ad623dbdde5a43537e2109a60d3412f982,gx-no-cache=1474551869734 HTTP/1.1" 200 30
200.111.191.210 - - [22/Sep/2016:10:43:13 -0300] "GET /cormun/servlet/hhome HTTP/1.1" 200 3583
200.111.191.210 - - [22/Sep/2016:10:43:14 -0300] "GET /cormun/static/gxcfg.js?2015112210564248 HTTP/1.1" 200 953
200.111.191.210 - - [22/Sep/2016:10:43:14 -0300] "GET /cormun/static/hhome.js?2015112210564255 HTTP/1.1" 200 777
200.111.191.210 - - [22/Sep/2016:10:43:14 -0300] "GET /cormun/static/Resources/Spanish/PXTools.css?10515224 HTTP/1.1" 200 89042
200.111.191.210 - - [22/Sep/2016:10:43:14 -0300] "GET /cormun/servlet/hhome HTTP/1.1" 200 3575
200.111.191.210 - - [22/Sep/2016:10:43:20 -0300] "GET /cormun/servlet/trvisualizadoreventos? HTTP/1.1" 200 6306
200.111.191.210 - - [22/Sep/2016:10:43:20 -0300] "GET /cormun/static/gxcfg.js?201631021481342 HTTP/1.1" 200 953
200.111.191.210 - - [22/Sep/2016:10:43:20 -0300] "GET /cormun/static/Resources/PXToolsActionPrint.png HTTP/1.1" 200 3317
