186.104.117.154 - - [12/Sep/2016:09:02:31 -0300] "POST /cormun/servlet/solicitudotadjuntos?3cb870ac06441fa487b0fa837da4839d,INS,2016,2754,,2, HTTP/1.1" 200 116
186.104.117.154 - - [12/Sep/2016:09:02:31 -0300] "GET /cormun/servlet/hpexe_return? HTTP/1.1" 200 1032
186.104.117.154 - - [12/Sep/2016:09:02:32 -0300] "GET /cormun/servlet/trsolicitudadjuntos?2016,2754, HTTP/1.1" 200 7436
186.104.117.154 - - [12/Sep/2016:09:02:34 -0300] "GET /cormun/servlet/trsolicitudadjuntos?2016,2754, HTTP/1.1" 200 7432
192.168.10.17 - - [12/Sep/2016:09:02:34 -0300] "GET /cormun/servlet/hlogin HTTP/1.1" 200 1724
186.104.117.154 - - [12/Sep/2016:09:02:41 -0300] "GET /cormun/servlet/solicitudotadjuntos?INS,2016,2754,,2, HTTP/1.1" 200 5641
186.104.117.154 - - [12/Sep/2016:09:02:43 -0300] "GET /cormun/static/about:blank HTTP/1.1" 404 1011
186.104.117.154 - - [12/Sep/2016:09:02:43 -0300] "GET /cormun/servlet/solicitudotadjuntos?INS,2016,2754,,2, HTTP/1.1" 200 5635
186.104.117.154 - - [12/Sep/2016:09:02:43 -0300] "GET /cormun/servlet/solicitudotadjuntos?c1f74c284dd2e025e7d67fbda7c4e1ad065fb0009cf7b3aed049185512479f72c83bd012c6d131b26f936d9f2b18344d,gx-no-cache=1473681849357 HTTP/1.1" 200 30
186.104.117.154 - - [12/Sep/2016:09:02:44 -0300] "POST /cormun/servlet/solicitudotadjuntos?3cb870ac06441fa487b0fa837da4839d,INS,2016,2754,,2,,gx-no-cache=1473681849463 HTTP/1.1" 200 3695
192.168.10.17 - - [12/Sep/2016:09:02:50 -0300] "POST /cormun/servlet/hlogin?3e105b5ce8f2f2fecd80725ff9d94d6b,gx-no-cache=1473685315079 HTTP/1.1" 200 428
186.103.159.182 - - [12/Sep/2016:09:02:50 -0300] "GET /cormun/servlet/trsolicitudot? HTTP/1.1" 200 6532
186.103.159.182 - - [12/Sep/2016:09:02:52 -0300] "GET /cormun/servlet/trsolicitudot? HTTP/1.1" 200 6531
192.168.10.17 - - [12/Sep/2016:09:02:57 -0300] "POST /cormun/servlet/hlogin?3e105b5ce8f2f2fecd80725ff9d94d6b,gx-no-cache=1473685322428 HTTP/1.1" 200 90
192.168.10.17 - - [12/Sep/2016:09:02:57 -0300] "GET /cormun/servlet/hpexe_link HTTP/1.1" 200 951
192.168.10.17 - - [12/Sep/2016:09:02:58 -0300] "GET /cormun/servlet/hhome HTTP/1.1" 200 3673
192.168.10.17 - - [12/Sep/2016:09:03:01 -0300] "GET /cormun/servlet/trsolicitudot? HTTP/1.1" 200 6596
192.168.10.17 - - [12/Sep/2016:09:03:06 -0300] "GET /cormun/servlet/trsolicitudot? HTTP/1.1" 200 6595
192.168.10.17 - - [12/Sep/2016:09:03:09 -0300] "GET /cormun/servlet/solicitudot?INS,0,0, HTTP/1.1" 200 12056
192.168.10.17 - - [12/Sep/2016:09:03:22 -0300] "POST /cormun/servlet/solicitudot?gx-no-cache=1473685346983 HTTP/1.1" 200 2889
192.168.10.17 - - [12/Sep/2016:09:03:22 -0300] "POST /cormun/servlet/solicitudot?3e105b5ce8f2f2fecd80725ff9d94d6b,INS,0,0,,gx-no-cache=1473685347121 HTTP/1.1" 200 9036
186.103.159.182 - - [12/Sep/2016:09:03:25 -0300] "POST /cormun/servlet/trsolicitudot?553b384e53759498dc2c10bd7b611aac,,gx-no-cache=1473681891113 HTTP/1.1" 200 5128
192.168.10.17 - - [12/Sep/2016:09:03:34 -0300] "POST /cormun/servlet/solicitudot?gx-no-cache=1473685358754 HTTP/1.1" 200 2998
192.168.10.17 - - [12/Sep/2016:09:03:34 -0300] "POST /cormun/servlet/solicitudot?3e105b5ce8f2f2fecd80725ff9d94d6b,INS,0,0,,gx-no-cache=1473685358875 HTTP/1.1" 200 9227
192.168.10.17 - - [12/Sep/2016:09:03:35 -0300] "GET /cormun/servlet/solicitudot?1be0f4937f7396e2b9dbe9571c76ceccdb1152135ca14ec8c711a7887f962e297caee19285a58ee20f2da7589032705c,gx-no-cache=1473685360294 HTTP/1.1" 200 30
192.168.10.17 - - [12/Sep/2016:09:03:38 -0300] "POST /cormun/servlet/solicitudot?gx-no-cache=1473685363072 HTTP/1.1" 200 30
192.168.10.17 - - [12/Sep/2016:09:03:38 -0300] "POST /cormun/servlet/solicitudot?gx-no-cache=1473685363346 HTTP/1.1" 200 122
192.168.10.17 - - [12/Sep/2016:09:03:38 -0300] "POST /cormun/servlet/solicitudot?gx-no-cache=1473685363451 HTTP/1.1" 200 1187
192.168.10.17 - - [12/Sep/2016:09:03:38 -0300] "GET /cormun/servlet/solicitudot?1be0f4937f7396e2b9dbe9571c76cecc55ff6e28fc5d42ecb68f613599f9b8effbf853197605798d4fbdcedd813429c9470dab0babc1f6d3fb1640c57914597eea7ae4504d1e940808f667663bbf00f72745b02f9203be96e765c2ad4a50948ed915c7175dead8ad48c479b5e387ec4cc74e4b87c3d698a903e4c0729813071197b9f222146d7c7359f71909daf92438,gx-no-cache=1473685363528 HTTP/1.1" 200 38
192.168.10.17 - - [12/Sep/2016:09:03:38 -0300] "GET /cormun/static/Shared/jqueryui/images/ui-bg_highlight-soft_100_c6c2c8_1x100.png HTTP/1.1" 404 1117
192.168.10.17 - - [12/Sep/2016:09:03:38 -0300] "GET /cormun/static/Shared/jqueryui/images/ui-icons_82798d_256x240.png HTTP/1.1" 404 1089
192.168.10.17 - - [12/Sep/2016:09:03:38 -0300] "GET /cormun/static/Shared/jqueryui/images/ui-icons_8d78a5_256x240.png HTTP/1.1" 404 1089
192.168.10.17 - - [12/Sep/2016:09:03:39 -0300] "GET /cormun/static/Shared/jqueryui/images/ui-bg_flat_55_fafafa_40x100.png HTTP/1.1" 404 1097
186.104.117.154 - - [12/Sep/2016:09:03:39 -0300] "POST /cormun/servlet/solicitudotadjuntos?gx-no-cache=1473681904450 HTTP/1.1" 200 26
186.103.159.182 - - [12/Sep/2016:09:03:49 -0300] "POST /cormun/servlet/trsolicitudot?553b384e53759498dc2c10bd7b611aac,,gx-no-cache=1473681915860 HTTP/1.1" 200 105
186.103.159.182 - - [12/Sep/2016:09:03:49 -0300] "GET /cormun/servlet/solicitudot?UPD,2016,2761, HTTP/1.1" 200 13293
186.103.159.182 - - [12/Sep/2016:09:03:52 -0300] "GET /cormun/servlet/solicitudot?UPD,2016,2761, HTTP/1.1" 200 13302
186.103.159.182 - - [12/Sep/2016:09:03:53 -0300] "POST /cormun/servlet/solicitudot?gx-no-cache=1473681919695 HTTP/1.1" 200 2998
186.103.159.182 - - [12/Sep/2016:09:03:53 -0300] "POST /cormun/servlet/solicitudot?553b384e53759498dc2c10bd7b611aac,UPD,2016,2761,,gx-no-cache=1473681920303 HTTP/1.1" 200 9767
186.103.159.182 - - [12/Sep/2016:09:03:54 -0300] "GET /cormun/servlet/solicitudot?ba5e48354fc60b2e9226a6312b83e918f1ce6fae28315969de849498141575917de85e449872447ed60571f12003d8e3,gx-no-cache=1473681920668 HTTP/1.1" 200 30
186.103.159.182 - - [12/Sep/2016:09:03:54 -0300] "POST /cormun/servlet/solicitudot?gx-no-cache=1473681921073 HTTP/1.1" 200 30
186.103.159.182 - - [12/Sep/2016:09:03:54 -0300] "POST /cormun/servlet/solicitudot?gx-no-cache=1473681921127 HTTP/1.1" 200 30
186.103.159.182 - - [12/Sep/2016:09:03:54 -0300] "POST /cormun/servlet/solicitudot?gx-no-cache=1473681921506 HTTP/1.1" 200 1187
186.103.159.182 - - [12/Sep/2016:09:03:55 -0300] "GET /cormun/servlet/solicitudot?ba5e48354fc60b2e9226a6312b83e9180ddf19744db96a1308b45f688e290d3adb95b8821232746a1548ce9bc7de9eb76635418889ed2ecda0c11a7ac29f8785e4d4fc8c1184d50d3351c9e4574fd3c00b10bf8d3c831ee383ba9a3497acdbba75a2a995ae49d7af25f861668d4c8fb2c7a707d5c3f8c7e854cca94f7c3bbf8d9b2e35de393d5b99f17901140dc7a6b0628475fcdf313f9c6823e0bfe5661337,gx-no-cache=1473681921704 HTTP/1.1" 200 41
186.103.159.182 - - [12/Sep/2016:09:04:00 -0300] "POST /cormun/servlet/solicitudot?gx-no-cache=1473681926112 HTTP/1.1" 200 30
192.168.10.17 - - [12/Sep/2016:09:04:00 -0300] "GET /cormun/servlet/trvisualizadoreventos? HTTP/1.1" 200 6411
186.103.159.182 - - [12/Sep/2016:09:04:06 -0300] "POST /cormun/servlet/solicitudot?gx-no-cache=1473681932847 HTTP/1.1" 200 1187
186.103.159.182 - - [12/Sep/2016:09:04:06 -0300] "GET /cormun/servlet/solicitudot?ba5e48354fc60b2e9226a6312b83e9180ddf19744db96a1308b45f688e290d3adb95b8821232746a1548ce9bc7de9eb76635418889ed2ecda0c11a7ac29f8785e4d4fc8c1184d50d3351c9e4574fd3c00b10bf8d3c831ee383ba9a3497acdbba75a2a995ae49d7af25f861668d4c8fb2c7a707d5c3f8c7e854cca94f7c3bbf8d9b2e35de393d5b99f17901140dc7a6b0628475fcdf313f9c6823e0bfe5661337,gx-no-cache=1473681932943 HTTP/1.1" 200 41
186.103.159.182 - - [12/Sep/2016:09:04:06 -0300] "GET /cormun/servlet/solicitudot?ba5e48354fc60b2e9226a6312b83e918956f7e59566882f9cdbcc633def3b9e3ba80e052a7046b3ce9d598ef0dc28e8c698a958ea416a6a3940520c713675173988f36d3d12e0c194a5582249c5299e59932ec10a9cb05e0dbd1e24d355390d7392a4f1b3ab158f6a9a5026f579ed10133786d113f2f58bd533ad4d52b79a14c81103881e5dc1824959733c7bcf3fb0c83a9d58a79148468bf2d95cd6e970ecc,gx-no-cache=1473681932982 HTTP/1.1" 200 29
186.103.159.182 - - [12/Sep/2016:09:04:06 -0300] "POST /cormun/servlet/solicitudot?gx-no-cache=1473681933021 HTTP/1.1" 200 1143
186.103.159.182 - - [12/Sep/2016:09:04:06 -0300] "GET /cormun/servlet/solicitudot?ba5e48354fc60b2e9226a6312b83e918535e6f41dda4a9f9d72d444d937158abfbcc9bd002d7564f4cf7e59f94411548ab7631e1f4aa8ac868750b00a64a23e66781b963b4f025f4b134a43ccfe5d5eaf4139d417f73d605c0d6bd08a903381517ea964e4a05ca9407411f3da3096a3ef65ce4c7a5e5a59186c0a89f150f64ec763a454dad50c9ecf49d9ba4daf26f3f5d3737c50ed657965e1439a646f8a4647c22565b43bb98d1f62aca8c5a7f7073,gx-no-cache=1473681933084 HTTP/1.1" 200 30
186.103.159.182 - - [12/Sep/2016:09:04:06 -0300] "POST /cormun/servlet/solicitudot?553b384e53759498dc2c10bd7b611aac,UPD,2016,2761,,gx-no-cache=1473681933135 HTTP/1.1" 200 93
186.103.159.182 - - [12/Sep/2016:09:04:06 -0300] "GET /cormun/servlet/hpexe_return? HTTP/1.1" 200 1017
186.103.159.182 - - [12/Sep/2016:09:04:07 -0300] "GET /cormun/servlet/trsolicitudot? HTTP/1.1" 200 7788
192.168.10.17 - - [12/Sep/2016:09:04:07 -0300] "GET /cormun/servlet/trvisualizadoreventos? HTTP/1.1" 200 6411
192.168.10.17 - - [12/Sep/2016:09:04:07 -0300] "GET /cormun/static/Shared/jqueryui/jquery-ui.min.css?1245370 HTTP/1.1" 304 -
192.168.10.17 - - [12/Sep/2016:09:04:07 -0300] "GET /cormun/static/Shared/ext/resources/css/ext-all.css?215870 HTTP/1.1" 304 -
192.168.10.17 - - [12/Sep/2016:09:04:07 -0300] "GET /cormun/static/Resources/Spanish/PXTools.css?2139548 HTTP/1.1" 304 -
192.168.10.17 - - [12/Sep/2016:09:04:07 -0300] "GET /cormun/static/gxui/gxui-all.css?120300 HTTP/1.1" 304 -
192.168.10.17 - - [12/Sep/2016:09:04:07 -0300] "GET /cormun/static/calendar-system.css?85620 HTTP/1.1" 304 -
192.168.10.17 - - [12/Sep/2016:09:04:07 -0300] "GET /cormun/static/SmoothNavMenu/resources/ddsmoothmenu.css?1012540 HTTP/1.1" 304 -
192.168.10.17 - - [12/Sep/2016:09:04:07 -0300] "GET /cormun/static/SmoothNavMenu/resources/ddsmoothmenu-v.css?1012540 HTTP/1.1" 304 -
192.168.10.17 - - [12/Sep/2016:09:04:07 -0300] "GET /cormun/static/scaMessage/css/jquery.pnotify.default.css?1716380 HTTP/1.1" 304 -
192.168.10.17 - - [12/Sep/2016:09:04:07 -0300] "GET /cormun/static/gxgral.js?85251 HTTP/1.1" 304 -
192.168.10.17 - - [12/Sep/2016:09:04:07 -0300] "GET /cormun/static/gxcfg.js?201631021481342 HTTP/1.1" 304 -
192.168.10.17 - - [12/Sep/2016:09:04:07 -0300] "GET /cormun/static/PXToolsJavascripts/pexe_autoreload.js HTTP/1.1" 304 -
192.168.10.17 - - [12/Sep/2016:09:04:07 -0300] "GET /cormun/static/gxtimezone.js?85251 HTTP/1.1" 304 -
192.168.10.17 - - [12/Sep/2016:09:04:07 -0300] "GET /cormun/static/PXToolsJavascripts/pexe_cookies.js HTTP/1.1" 304 -
192.168.10.17 - - [12/Sep/2016:09:04:07 -0300] "GET /cormun/static/PXToolsJavascripts/pexe_grid.js HTTP/1.1" 304 -
192.168.10.17 - - [12/Sep/2016:09:04:07 -0300] "GET /cormun/static/PXToolsJavascripts/pexe_windows.js HTTP/1.1" 304 -
192.168.10.17 - - [12/Sep/2016:09:04:07 -0300] "GET /cormun/static/PXToolsJavascripts/pexe_griddivfix.js HTTP/1.1" 304 -
192.168.10.17 - - [12/Sep/2016:09:04:07 -0300] "GET /cormun/static/PXToolsJavascripts/pexe_menudivfix.js HTTP/1.1" 304 -
192.168.10.17 - - [12/Sep/2016:09:04:07 -0300] "GET /cormun/static/PXToolsJavascripts/pexe_layers.js HTTP/1.1" 304 -
192.168.10.17 - - [12/Sep/2016:09:04:07 -0300] "GET /cormun/static/PXToolsJavascripts/pexe_menus.js HTTP/1.1" 304 -
192.168.10.17 - - [12/Sep/2016:09:04:07 -0300] "GET /cormun/static/PXToolsJavascripts/pexe_tabs.js HTTP/1.1" 304 -
192.168.10.17 - - [12/Sep/2016:09:04:07 -0300] "GET /cormun/static/PXToolsJavascripts/pexe_scrolldiv.js HTTP/1.1" 304 -
192.168.10.17 - - [12/Sep/2016:09:04:07 -0300] "GET /cormun/static/calendar-setup.js?85251 HTTP/1.1" 304 -
192.168.10.17 - - [12/Sep/2016:09:04:07 -0300] "GET /cormun/static/calendar.js?85251 HTTP/1.1" 304 -
192.168.10.17 - - [12/Sep/2016:09:04:07 -0300] "GET /cormun/static/PXToolsJavascripts/pexe_popup.js HTTP/1.1" 304 -
192.168.10.17 - - [12/Sep/2016:09:04:07 -0300] "GET /cormun/static/calendar-es.js?85251 HTTP/1.1" 304 -
192.168.10.17 - - [12/Sep/2016:09:04:07 -0300] "GET /cormun/static/Resources/PXToolsHeaderHome.png HTTP/1.1" 304 -
192.168.10.17 - - [12/Sep/2016:09:04:07 -0300] "GET /cormun/static/Resources/PXToolsHeaderActionsLeft.png HTTP/1.1" 304 -
192.168.10.17 - - [12/Sep/2016:09:04:07 -0300] "GET /cormun/static/Resources/PXToolsHeaderPreferences.png HTTP/1.1" 304 -
192.168.10.17 - - [12/Sep/2016:09:04:07 -0300] "GET /cormun/static/Resources/PXToolsHeaderSecurity.png HTTP/1.1" 304 -
192.168.10.17 - - [12/Sep/2016:09:04:07 -0300] "GET /cormun/static/Resources/PXTools/calendar.png HTTP/1.1" 304 -
192.168.10.17 - - [12/Sep/2016:09:04:07 -0300] "GET /cormun/static/Resources/PXToolsHeaderActionsRight.png HTTP/1.1" 304 -
192.168.10.17 - - [12/Sep/2016:09:04:07 -0300] "GET /cormun/static/Shared/ext/ext-all.js HTTP/1.1" 304 -
192.168.10.17 - - [12/Sep/2016:09:04:07 -0300] "GET /cormun/static/gxui/gxui-all.js HTTP/1.1" 304 -
192.168.10.17 - - [12/Sep/2016:09:04:07 -0300] "GET /cormun/static/PXToolsJavascripts/PXToolsJavascriptsRender.js HTTP/1.1" 304 -
192.168.10.17 - - [12/Sep/2016:09:04:07 -0300] "GET /cormun/static/PXToolsJavascripts/pexe_upload.js HTTP/1.1" 304 -
192.168.10.17 - - [12/Sep/2016:09:04:07 -0300] "GET /cormun/static/Resources/logo4.png HTTP/1.1" 304 -
192.168.10.17 - - [12/Sep/2016:09:04:07 -0300] "GET /cormun/static/Resources/PXToolsHeaderLogin.png HTTP/1.1" 304 -
192.168.10.17 - - [12/Sep/2016:09:04:07 -0300] "GET /cormun/static/PXToolsJavascripts/pexe_link.js HTTP/1.1" 304 -
192.168.10.17 - - [12/Sep/2016:09:04:07 -0300] "GET /cormun/static/PXToolsJavascripts/pexe_oav.js HTTP/1.1" 304 -
192.168.10.17 - - [12/Sep/2016:09:04:07 -0300] "GET /cormun/static/PXToolsJavascripts/pexe_oavdivfix.js HTTP/1.1" 304 -
192.168.10.17 - - [12/Sep/2016:09:04:07 -0300] "GET /cormun/static/PXToolsJavascripts/pexe_picture.js HTTP/1.1" 304 -
192.168.10.17 - - [12/Sep/2016:09:04:07 -0300] "GET /cormun/static/PXToolsJavascripts/pexe_tabdivfix.js HTTP/1.1" 304 -
192.168.10.17 - - [12/Sep/2016:09:04:07 -0300] "GET /cormun/static/Resources/PXToolsActionPrint.png HTTP/1.1" 304 -
192.168.10.17 - - [12/Sep/2016:09:04:07 -0300] "GET /cormun/static/RunJS/RunJS.js HTTP/1.1" 304 -
192.168.10.17 - - [12/Sep/2016:09:04:08 -0300] "GET /cormun/static/Resources/PXToolsDataSearch.png HTTP/1.1" 304 -
192.168.10.17 - - [12/Sep/2016:09:04:08 -0300] "GET /cormun/static/Resources/PXToolsGridPreviousDisabled.gif HTTP/1.1" 304 -
192.168.10.17 - - [12/Sep/2016:09:04:08 -0300] "GET /cormun/static/Resources/PXToolsGridNextDisabled.gif HTTP/1.1" 304 -
192.168.10.17 - - [12/Sep/2016:09:04:08 -0300] "GET /cormun/static/Resources/PXToolsGridLastDisabled.gif HTTP/1.1" 304 -
192.168.10.17 - - [12/Sep/2016:09:04:08 -0300] "GET /cormun/static/Resources/PXToolsGridPage.gif HTTP/1.1" 304 -
192.168.10.17 - - [12/Sep/2016:09:04:08 -0300] "GET /cormun/static/Resources/PXToolsGridFirstDisabled.gif HTTP/1.1" 304 -
192.168.10.17 - - [12/Sep/2016:09:04:08 -0300] "GET /cormun/static/Resources/PXToolsActionExcel.png HTTP/1.1" 304 -
192.168.10.17 - - [12/Sep/2016:09:04:08 -0300] "GET /cormun/static/trvisualizadoreventos.js?201631021481717 HTTP/1.1" 304 -
192.168.10.17 - - [12/Sep/2016:09:04:08 -0300] "GET /cormun/static/hwchdr01.js?20162241650484 HTTP/1.1" 304 -
192.168.10.17 - - [12/Sep/2016:09:04:08 -0300] "GET /cormun/static/hpexe_scripts.js?20151120014546 HTTP/1.1" 304 -
192.168.10.17 - - [12/Sep/2016:09:04:08 -0300] "GET /cormun/static/hpexe_recentlink.js?2015111312121342 HTTP/1.1" 304 -
192.168.10.17 - - [12/Sep/2016:09:04:08 -0300] "GET /cormun/static/hpexe_messagecontroller.js?2015112210524422 HTTP/1.1" 304 -
192.168.10.17 - - [12/Sep/2016:09:04:08 -0300] "GET /cormun/static/Resources/PXToolsDataTitle.png HTTP/1.1" 304 -
192.168.10.17 - - [12/Sep/2016:09:04:08 -0300] "GET /cormun/static/Resources/PXToolsHeaderActionsBackground.png HTTP/1.1" 304 -
192.168.10.17 - - [12/Sep/2016:09:04:08 -0300] "GET /cormun/static/gxdec.js?85251 HTTP/1.1" 304 -
192.168.10.17 - - [12/Sep/2016:09:04:08 -0300] "GET /cormun/static/Resources/PXToolsHeaderBackground2.png HTTP/1.1" 304 -
192.168.10.17 - - [12/Sep/2016:09:04:08 -0300] "GET /cormun/static/Shared/ext/locale/ext-lang-en.js HTTP/1.1" 304 -
192.168.10.17 - - [12/Sep/2016:09:04:08 -0300] "GET /cormun/static/cmcontrolpreferences.js?20151120014525 HTTP/1.1" 304 -
192.168.10.17 - - [12/Sep/2016:09:04:08 -0300] "GET /cormun/static/Shared/jquery/jquery-1.4.2.min.js HTTP/1.1" 304 -
192.168.10.17 - - [12/Sep/2016:09:04:08 -0300] "GET /cormun/static/Shared/jquery/jquery-1.10.2.min.js HTTP/1.1" 304 -
192.168.10.17 - - [12/Sep/2016:09:04:08 -0300] "GET /cormun/static/Shared/jqueryui/jquery-ui.min.js HTTP/1.1" 304 -
192.168.10.17 - - [12/Sep/2016:09:04:08 -0300] "GET /cormun/static/SmoothNavMenu/resources/ddsmoothmenu.js HTTP/1.1" 304 -
192.168.10.17 - - [12/Sep/2016:09:04:08 -0300] "GET /cormun/static/SmoothNavMenu/resources/SmoothNavMenuRender.js HTTP/1.1" 304 -
192.168.10.17 - - [12/Sep/2016:09:04:08 -0300] "GET /cormun/static/scaMessage/js/jquery.pnotify.min.js HTTP/1.1" 304 -
192.168.10.17 - - [12/Sep/2016:09:04:08 -0300] "GET /cormun/static/scaMessage/scaMessageRender.js HTTP/1.1" 304 -
192.168.10.17 - - [12/Sep/2016:09:04:08 -0300] "GET /cormun/static/hmpwkw03.js?201651622203894 HTTP/1.1" 304 -
192.168.10.17 - - [12/Sep/2016:09:04:08 -0300] "GET /cormun/static/messages.spa.js?85251 HTTP/1.1" 304 -
192.168.10.17 - - [12/Sep/2016:09:04:08 -0300] "GET /cormun/static/hpexe_messagegenexuscomponent.js?20151120014314 HTTP/1.1" 304 -
192.168.10.17 - - [12/Sep/2016:09:04:08 -0300] "GET /cormun/static/hpexe_messagepopupcomponent.js?20165162214013 HTTP/1.1" 304 -
192.168.10.17 - - [12/Sep/2016:09:04:08 -0300] "GET /cormun/static/Resources/PXToolsFooterBackground2.png HTTP/1.1" 304 -
192.168.10.17 - - [12/Sep/2016:09:04:08 -0300] "GET /cormun/static/Resources/indicator.gif HTTP/1.1" 304 -
192.168.10.17 - - [12/Sep/2016:09:04:08 -0300] "GET /cormun/static/Resources/asc.gif HTTP/1.1" 304 -
192.168.10.17 - - [12/Sep/2016:09:04:08 -0300] "GET /cormun/static/Resources/desc.gif HTTP/1.1" 304 -
192.168.10.17 - - [12/Sep/2016:09:04:08 -0300] "GET /cormun/static/SmoothNavMenu/resources/images/down.gif HTTP/1.1" 304 -
186.103.159.182 - - [12/Sep/2016:09:04:09 -0300] "GET /cormun/servlet/trsolicitudot? HTTP/1.1" 200 7784
186.104.117.154 - - [12/Sep/2016:09:04:16 -0300] "GET /cormun/servlet/solicitudotadjuntos?c1f74c284dd2e025e7d67fbda7c4e1adc5303f6a4fab4eccf7d340fe0fb72c77,gx-no-cache=1473681941880 HTTP/1.1" 200 30
186.104.117.154 - - [12/Sep/2016:09:04:16 -0300] "GET /cormun/servlet/solicitudotadjuntos?c1f74c284dd2e025e7d67fbda7c4e1adc5303f6a4fab4eccf7d340fe0fb72c77,gx-no-cache=1473681942048 HTTP/1.1" 200 30
186.103.159.182 - - [12/Sep/2016:09:04:17 -0300] "POST /cormun/servlet/trsolicitudot?553b384e53759498dc2c10bd7b611aac,,gx-no-cache=1473681944511 HTTP/1.1" 200 105
186.103.159.182 - - [12/Sep/2016:09:04:18 -0300] "GET /cormun/servlet/solicitudot?UPD,2016,2761, HTTP/1.1" 200 13294
186.103.159.182 - - [12/Sep/2016:09:04:20 -0300] "GET /cormun/servlet/solicitudot?UPD,2016,2761, HTTP/1.1" 200 13303
186.103.159.182 - - [12/Sep/2016:09:04:20 -0300] "POST /cormun/servlet/solicitudot?gx-no-cache=1473681947207 HTTP/1.1" 200 2998
186.103.159.182 - - [12/Sep/2016:09:04:20 -0300] "POST /cormun/servlet/solicitudot?553b384e53759498dc2c10bd7b611aac,UPD,2016,2761,,gx-no-cache=1473681947436 HTTP/1.1" 200 9766
186.103.159.182 - - [12/Sep/2016:09:04:21 -0300] "GET /cormun/servlet/solicitudot?ba5e48354fc60b2e9226a6312b83e918f1ce6fae28315969de849498141575917de85e449872447ed60571f12003d8e3,gx-no-cache=1473681947750 HTTP/1.1" 200 30
186.103.159.182 - - [12/Sep/2016:09:04:21 -0300] "POST /cormun/servlet/solicitudot?gx-no-cache=1473681947870 HTTP/1.1" 200 30
186.103.159.182 - - [12/Sep/2016:09:04:21 -0300] "POST /cormun/servlet/solicitudot?gx-no-cache=1473681947912 HTTP/1.1" 200 30
186.103.159.182 - - [12/Sep/2016:09:04:21 -0300] "POST /cormun/servlet/solicitudot?gx-no-cache=1473681947967 HTTP/1.1" 200 1187
186.103.159.182 - - [12/Sep/2016:09:04:21 -0300] "GET /cormun/servlet/solicitudot?ba5e48354fc60b2e9226a6312b83e9180ddf19744db96a1308b45f688e290d3adb95b8821232746a1548ce9bc7de9eb76635418889ed2ecda0c11a7ac29f8785e4d4fc8c1184d50d3351c9e4574fd3c00b10bf8d3c831ee383ba9a3497acdbba75a2a995ae49d7af25f861668d4c8fb2c7a707d5c3f8c7e854cca94f7c3bbf8d9b2e35de393d5b99f17901140dc7a6b0628475fcdf313f9c6823e0bfe5661337,gx-no-cache=1473681948059 HTTP/1.1" 200 41
186.104.117.154 - - [12/Sep/2016:09:04:27 -0300] "POST /cormun/servlet/solicitudotadjuntos?3cb870ac06441fa487b0fa837da4839d,INS,2016,2754,,2, HTTP/1.1" 200 116
186.104.117.154 - - [12/Sep/2016:09:04:27 -0300] "GET /cormun/servlet/hpexe_return? HTTP/1.1" 200 1032
186.104.117.154 - - [12/Sep/2016:09:04:28 -0300] "GET /cormun/servlet/trsolicitudadjuntos?2016,2754, HTTP/1.1" 200 7622
186.104.117.154 - - [12/Sep/2016:09:04:31 -0300] "GET /cormun/servlet/trsolicitudadjuntos?2016,2754, HTTP/1.1" 200 7619
186.103.159.182 - - [12/Sep/2016:09:04:32 -0300] "GET /cormun/servlet/solicitudot?ba5e48354fc60b2e9226a6312b83e918956f7e59566882f9cdbcc633def3b9e3ba80e052a7046b3ce9d598ef0dc28e8c698a958ea416a6a3940520c713675173988f36d3d12e0c194a5582249c5299e59932ec10a9cb05e0dbd1e24d355390d7392a4f1b3ab158f6a9a5026f579ed10133786d113f2f58bd533ad4d52b79a14c81103881e5dc1824959733c7bcf3fb0c83a9d58a79148468bf2d95cd6e970ecc,gx-no-cache=1473681958873 HTTP/1.1" 200 29
186.103.159.182 - - [12/Sep/2016:09:04:32 -0300] "POST /cormun/servlet/solicitudot?gx-no-cache=1473681959224 HTTP/1.1" 200 1143
186.103.159.182 - - [12/Sep/2016:09:04:32 -0300] "GET /cormun/servlet/solicitudot?ba5e48354fc60b2e9226a6312b83e918535e6f41dda4a9f9d72d444d937158abfbcc9bd002d7564f4cf7e59f94411548ab7631e1f4aa8ac868750b00a64a23e66781b963b4f025f4b134a43ccfe5d5eaf4139d417f73d605c0d6bd08a903381517ea964e4a05ca9407411f3da3096a3ef65ce4c7a5e5a59186c0a89f150f64ec763a454dad50c9ecf49d9ba4daf26f3f5d3737c50ed657965e1439a646f8a4647c22565b43bb98d1f62aca8c5a7f7073,gx-no-cache=1473681959342 HTTP/1.1" 200 30
186.103.159.182 - - [12/Sep/2016:09:04:32 -0300] "POST /cormun/servlet/solicitudot?553b384e53759498dc2c10bd7b611aac,UPD,2016,2761,,gx-no-cache=1473681959395 HTTP/1.1" 200 93
186.103.159.182 - - [12/Sep/2016:09:04:33 -0300] "GET /cormun/servlet/hpexe_return? HTTP/1.1" 200 1017
186.103.159.182 - - [12/Sep/2016:09:04:33 -0300] "GET /cormun/servlet/trsolicitudot HTTP/1.1" 200 7788
186.104.117.154 - - [12/Sep/2016:09:04:35 -0300] "GET /cormun/servlet/solicitudotadjuntos?INS,2016,2754,,2, HTTP/1.1" 200 5642
186.103.159.182 - - [12/Sep/2016:09:04:35 -0300] "GET /cormun/servlet/trsolicitudot HTTP/1.1" 200 7784
186.104.117.154 - - [12/Sep/2016:09:04:35 -0300] "GET /cormun/static/about:blank HTTP/1.1" 404 1011
186.104.117.154 - - [12/Sep/2016:09:04:36 -0300] "GET /cormun/servlet/solicitudotadjuntos?INS,2016,2754,,2, HTTP/1.1" 200 5636
186.104.117.154 - - [12/Sep/2016:09:04:37 -0300] "GET /cormun/servlet/solicitudotadjuntos?c1f74c284dd2e025e7d67fbda7c4e1ad065fb0009cf7b3aed049185512479f72c83bd012c6d131b26f936d9f2b18344d,gx-no-cache=1473681962766 HTTP/1.1" 200 30
186.104.117.154 - - [12/Sep/2016:09:04:37 -0300] "POST /cormun/servlet/solicitudotadjuntos?3cb870ac06441fa487b0fa837da4839d,INS,2016,2754,,2,,gx-no-cache=1473681962961 HTTP/1.1" 200 3692
186.103.159.182 - - [12/Sep/2016:09:04:39 -0300] "GET /cormun/servlet/trsolicitudot? HTTP/1.1" 200 7784
186.103.159.182 - - [12/Sep/2016:09:04:41 -0300] "GET /cormun/servlet/trsolicitudot? HTTP/1.1" 200 7784
186.103.159.182 - - [12/Sep/2016:09:04:45 -0300] "GET /cormun/servlet/solicitudot?INS,0,0, HTTP/1.1" 200 11988
186.104.117.154 - - [12/Sep/2016:09:04:46 -0300] "POST /cormun/servlet/solicitudotadjuntos?gx-no-cache=1473681972242 HTTP/1.1" 200 26
186.103.159.182 - - [12/Sep/2016:09:04:47 -0300] "GET /cormun/servlet/solicitudot?INS,0,0, HTTP/1.1" 200 11993
186.103.159.182 - - [12/Sep/2016:09:04:53 -0300] "POST /cormun/servlet/solicitudot?gx-no-cache=1473681979682 HTTP/1.1" 200 2998
186.103.159.182 - - [12/Sep/2016:09:04:53 -0300] "POST /cormun/servlet/solicitudot?553b384e53759498dc2c10bd7b611aac,INS,0,0,,gx-no-cache=1473681979928 HTTP/1.1" 200 9109
186.103.159.182 - - [12/Sep/2016:09:04:55 -0300] "GET /cormun/servlet/solicitudot?ba5e48354fc60b2e9226a6312b83e918f1ce6fae28315969de84949814157591898b78ec40096ef684154120a651a7db,gx-no-cache=1473681982234 HTTP/1.1" 200 30
186.103.159.182 - - [12/Sep/2016:09:04:55 -0300] "POST /cormun/servlet/solicitudot?gx-no-cache=1473681982302 HTTP/1.1" 200 30
186.104.117.154 - - [12/Sep/2016:09:05:00 -0300] "GET /cormun/servlet/solicitudotadjuntos?c1f74c284dd2e025e7d67fbda7c4e1adc5303f6a4fab4eccf7d340fe0fb72c77,gx-no-cache=1473681986308 HTTP/1.1" 200 30
186.103.159.182 - - [12/Sep/2016:09:05:01 -0300] "POST /cormun/servlet/solicitudot?gx-no-cache=1473681987589 HTTP/1.1" 200 30
186.104.117.154 - - [12/Sep/2016:09:05:01 -0300] "GET /cormun/servlet/solicitudotadjuntos?c1f74c284dd2e025e7d67fbda7c4e1adc5303f6a4fab4eccf7d340fe0fb72c77,gx-no-cache=1473681986437 HTTP/1.1" 200 30
186.104.117.154 - - [12/Sep/2016:09:05:10 -0300] "POST /cormun/servlet/solicitudotadjuntos?3cb870ac06441fa487b0fa837da4839d,INS,2016,2754,,2, HTTP/1.1" 200 5581
186.104.117.154 - - [12/Sep/2016:09:05:10 -0300] "GET /home/sistema/apache-tomcat-7.0.65/webapps/cormun/PrivateTempStorage/upload_00002174.pptx HTTP/1.1" 404 1137
186.104.117.154 - - [12/Sep/2016:09:05:10 -0300] "GET /cormun/static/Shared/jqueryui/images/ui-bg_highlight-soft_100_c6c2c8_1x100.png HTTP/1.1" 404 1117
186.104.117.154 - - [12/Sep/2016:09:05:10 -0300] "GET /cormun/static/Shared/jqueryui/images/ui-bg_flat_55_994d53_40x100.png HTTP/1.1" 404 1097
186.104.117.154 - - [12/Sep/2016:09:05:10 -0300] "GET /cormun/static/Shared/jqueryui/images/ui-icons_82798d_256x240.png HTTP/1.1" 404 1089
186.104.117.154 - - [12/Sep/2016:09:05:10 -0300] "GET /cormun/static/Shared/jqueryui/images/ui-icons_ebccce_256x240.png HTTP/1.1" 404 1089
186.104.117.154 - - [12/Sep/2016:09:05:11 -0300] "GET /cormun/PrivateTempStorage/upload_00002174.pptx HTTP/1.1" 200 549773
186.103.159.182 - - [12/Sep/2016:09:05:13 -0300] "POST /cormun/servlet/solicitudot?gx-no-cache=1473682000015 HTTP/1.1" 200 1187
186.103.159.182 - - [12/Sep/2016:09:05:13 -0300] "GET /cormun/servlet/solicitudot?ba5e48354fc60b2e9226a6312b83e9180ddf19744db96a1308b45f688e290d3adb95b8821232746a1548ce9bc7de9eb76635418889ed2ecda0c11a7ac29f8785e4d4fc8c1184d50d3351c9e4574fd3c00b10bf8d3c831ee383ba9a3497acdbba75a2a995ae49d7af25f861668d4c8fb2c7a707d5c3f8c7e854cca94f7c3bbf8d6c08372420166ef8f625fa4a8da2f5ce,gx-no-cache=1473682000149 HTTP/1.1" 200 38
186.103.159.182 - - [12/Sep/2016:09:05:15 -0300] "GET /cormun/servlet/solicitudot?ba5e48354fc60b2e9226a6312b83e918c73269e0bcb46c150372eb90ddaf39ca8cdb176e62fcca639c46ed01f5dd6a506e5c60f68580738d750fb677f495cb2270d6bf4b675a87504341fcb07d0dd690bc23dc6b848b2d523e01df2620e0e8ff7ea8b0eecece867c47e60c7c1d5918d0f0c60ec6b96d6dbd8039c637aff7d1d2ccfd43e3ad4dcaa67b9ff27f71419165564e1c125d0b3c589931c2653131a91e,gx-no-cache=1473682002545 HTTP/1.1" 200 29
186.103.159.182 - - [12/Sep/2016:09:05:15 -0300] "POST /cormun/servlet/solicitudot?gx-no-cache=1473682002586 HTTP/1.1" 200 1143
192.168.10.17 - - [12/Sep/2016:09:05:19 -0300] "GET /cormun/servlet/trvisualizadoreventos? HTTP/1.1" 200 6411
192.168.10.17 - - [12/Sep/2016:09:05:19 -0300] "GET /cormun/static/gxui/gxui-all.css?120300 HTTP/1.1" 304 -
192.168.10.17 - - [12/Sep/2016:09:05:19 -0300] "GET /cormun/static/calendar-system.css?85620 HTTP/1.1" 304 -
192.168.10.17 - - [12/Sep/2016:09:05:19 -0300] "GET /cormun/static/Resources/Spanish/PXTools.css?2139548 HTTP/1.1" 304 -
192.168.10.17 - - [12/Sep/2016:09:05:19 -0300] "GET /cormun/static/Shared/ext/resources/css/ext-all.css?215870 HTTP/1.1" 304 -
192.168.10.17 - - [12/Sep/2016:09:05:19 -0300] "GET /cormun/static/Shared/jqueryui/jquery-ui.min.css?1245370 HTTP/1.1" 304 -
192.168.10.17 - - [12/Sep/2016:09:05:19 -0300] "GET /cormun/static/SmoothNavMenu/resources/ddsmoothmenu.css?1012540 HTTP/1.1" 304 -
192.168.10.17 - - [12/Sep/2016:09:05:19 -0300] "GET /cormun/static/SmoothNavMenu/resources/ddsmoothmenu-v.css?1012540 HTTP/1.1" 304 -
192.168.10.17 - - [12/Sep/2016:09:05:19 -0300] "GET /cormun/static/gxtimezone.js?85251 HTTP/1.1" 304 -
192.168.10.17 - - [12/Sep/2016:09:05:19 -0300] "GET /cormun/static/scaMessage/css/jquery.pnotify.default.css?1716380 HTTP/1.1" 304 -
192.168.10.17 - - [12/Sep/2016:09:05:19 -0300] "GET /cormun/static/gxcfg.js?201631021481342 HTTP/1.1" 304 -
192.168.10.17 - - [12/Sep/2016:09:05:19 -0300] "GET /cormun/static/PXToolsJavascripts/pexe_autoreload.js HTTP/1.1" 304 -
192.168.10.17 - - [12/Sep/2016:09:05:19 -0300] "GET /cormun/static/PXToolsJavascripts/pexe_cookies.js HTTP/1.1" 304 -
192.168.10.17 - - [12/Sep/2016:09:05:19 -0300] "GET /cormun/static/gxgral.js?85251 HTTP/1.1" 304 -
192.168.10.17 - - [12/Sep/2016:09:05:19 -0300] "GET /cormun/static/PXToolsJavascripts/pexe_windows.js HTTP/1.1" 304 -
192.168.10.17 - - [12/Sep/2016:09:05:19 -0300] "GET /cormun/static/PXToolsJavascripts/pexe_griddivfix.js HTTP/1.1" 304 -
192.168.10.17 - - [12/Sep/2016:09:05:19 -0300] "GET /cormun/static/PXToolsJavascripts/pexe_grid.js HTTP/1.1" 304 -
192.168.10.17 - - [12/Sep/2016:09:05:19 -0300] "GET /cormun/static/PXToolsJavascripts/pexe_layers.js HTTP/1.1" 304 -
192.168.10.17 - - [12/Sep/2016:09:05:19 -0300] "GET /cormun/static/PXToolsJavascripts/pexe_oav.js HTTP/1.1" 304 -
192.168.10.17 - - [12/Sep/2016:09:05:19 -0300] "GET /cormun/static/PXToolsJavascripts/pexe_picture.js HTTP/1.1" 304 -
192.168.10.17 - - [12/Sep/2016:09:05:19 -0300] "GET /cormun/static/PXToolsJavascripts/pexe_scrolldiv.js HTTP/1.1" 304 -
192.168.10.17 - - [12/Sep/2016:09:05:19 -0300] "GET /cormun/static/PXToolsJavascripts/pexe_popup.js HTTP/1.1" 304 -
192.168.10.17 - - [12/Sep/2016:09:05:19 -0300] "GET /cormun/static/PXToolsJavascripts/pexe_tabdivfix.js HTTP/1.1" 304 -
192.168.10.17 - - [12/Sep/2016:09:05:19 -0300] "GET /cormun/static/PXToolsJavascripts/pexe_upload.js HTTP/1.1" 304 -
192.168.10.17 - - [12/Sep/2016:09:05:19 -0300] "GET /cormun/static/calendar-es.js?85251 HTTP/1.1" 304 -
192.168.10.17 - - [12/Sep/2016:09:05:19 -0300] "GET /cormun/static/PXToolsJavascripts/PXToolsJavascriptsRender.js HTTP/1.1" 304 -
192.168.10.17 - - [12/Sep/2016:09:05:19 -0300] "GET /cormun/static/Resources/logo4.png HTTP/1.1" 304 -
192.168.10.17 - - [12/Sep/2016:09:05:19 -0300] "GET /cormun/static/gxui/gxui-all.js HTTP/1.1" 304 -
192.168.10.17 - - [12/Sep/2016:09:05:19 -0300] "GET /cormun/static/RunJS/RunJS.js HTTP/1.1" 304 -
192.168.10.17 - - [12/Sep/2016:09:05:19 -0300] "GET /cormun/static/Resources/PXToolsHeaderActionsLeft.png HTTP/1.1" 304 -
192.168.10.17 - - [12/Sep/2016:09:05:19 -0300] "GET /cormun/static/Resources/PXToolsHeaderHome.png HTTP/1.1" 304 -
192.168.10.17 - - [12/Sep/2016:09:05:19 -0300] "GET /cormun/static/Resources/PXToolsHeaderPreferences.png HTTP/1.1" 304 -
192.168.10.17 - - [12/Sep/2016:09:05:19 -0300] "GET /cormun/static/Resources/PXToolsHeaderSecurity.png HTTP/1.1" 304 -
192.168.10.17 - - [12/Sep/2016:09:05:19 -0300] "GET /cormun/static/Resources/PXToolsHeaderLogin.png HTTP/1.1" 304 -
192.168.10.17 - - [12/Sep/2016:09:05:19 -0300] "GET /cormun/static/PXToolsJavascripts/pexe_menudivfix.js HTTP/1.1" 304 -
192.168.10.17 - - [12/Sep/2016:09:05:19 -0300] "GET /cormun/static/PXToolsJavascripts/pexe_link.js HTTP/1.1" 304 -
192.168.10.17 - - [12/Sep/2016:09:05:19 -0300] "GET /cormun/static/PXToolsJavascripts/pexe_menus.js HTTP/1.1" 304 -
192.168.10.17 - - [12/Sep/2016:09:05:19 -0300] "GET /cormun/static/calendar-setup.js?85251 HTTP/1.1" 304 -
192.168.10.17 - - [12/Sep/2016:09:05:19 -0300] "GET /cormun/static/Shared/ext/ext-all.js HTTP/1.1" 304 -
192.168.10.17 - - [12/Sep/2016:09:05:19 -0300] "GET /cormun/static/Resources/PXTools/calendar.png HTTP/1.1" 304 -
192.168.10.17 - - [12/Sep/2016:09:05:19 -0300] "GET /cormun/static/PXToolsJavascripts/pexe_oavdivfix.js HTTP/1.1" 304 -
192.168.10.17 - - [12/Sep/2016:09:05:19 -0300] "GET /cormun/static/Resources/PXToolsActionPrint.png HTTP/1.1" 304 -
192.168.10.17 - - [12/Sep/2016:09:05:19 -0300] "GET /cormun/static/PXToolsJavascripts/pexe_tabs.js HTTP/1.1" 304 -
192.168.10.17 - - [12/Sep/2016:09:05:19 -0300] "GET /cormun/static/calendar.js?85251 HTTP/1.1" 304 -
192.168.10.17 - - [12/Sep/2016:09:05:19 -0300] "GET /cormun/static/Resources/PXToolsHeaderActionsRight.png HTTP/1.1" 304 -
192.168.10.17 - - [12/Sep/2016:09:05:19 -0300] "GET /cormun/static/Resources/PXToolsGridPage.gif HTTP/1.1" 304 -
192.168.10.17 - - [12/Sep/2016:09:05:19 -0300] "GET /cormun/static/Resources/PXToolsGridPreviousDisabled.gif HTTP/1.1" 304 -
192.168.10.17 - - [12/Sep/2016:09:05:19 -0300] "GET /cormun/static/Resources/PXToolsGridNextDisabled.gif HTTP/1.1" 304 -
192.168.10.17 - - [12/Sep/2016:09:05:19 -0300] "GET /cormun/static/Resources/PXToolsGridFirstDisabled.gif HTTP/1.1" 304 -
192.168.10.17 - - [12/Sep/2016:09:05:19 -0300] "GET /cormun/static/Resources/PXToolsDataSearch.png HTTP/1.1" 304 -
192.168.10.17 - - [12/Sep/2016:09:05:19 -0300] "GET /cormun/static/Resources/PXToolsGridLastDisabled.gif HTTP/1.1" 304 -
192.168.10.17 - - [12/Sep/2016:09:05:19 -0300] "GET /cormun/static/hwchdr01.js?20162241650484 HTTP/1.1" 304 -
192.168.10.17 - - [12/Sep/2016:09:05:19 -0300] "GET /cormun/static/Shared/ext/locale/ext-lang-en.js HTTP/1.1" 304 -
192.168.10.17 - - [12/Sep/2016:09:05:19 -0300] "GET /cormun/static/Resources/PXToolsActionExcel.png HTTP/1.1" 304 -
192.168.10.17 - - [12/Sep/2016:09:05:19 -0300] "GET /cormun/static/hpexe_scripts.js?20151120014546 HTTP/1.1" 304 -
192.168.10.17 - - [12/Sep/2016:09:05:19 -0300] "GET /cormun/static/hpexe_recentlink.js?2015111312121342 HTTP/1.1" 304 -
192.168.10.17 - - [12/Sep/2016:09:05:19 -0300] "GET /cormun/static/Resources/PXToolsHeaderActionsBackground.png HTTP/1.1" 304 -
192.168.10.17 - - [12/Sep/2016:09:05:19 -0300] "GET /cormun/static/Resources/PXToolsDataTitle.png HTTP/1.1" 304 -
192.168.10.17 - - [12/Sep/2016:09:05:19 -0300] "GET /cormun/static/hpexe_messagecontroller.js?2015112210524422 HTTP/1.1" 304 -
192.168.10.17 - - [12/Sep/2016:09:05:19 -0300] "GET /cormun/static/hpexe_messagepopupcomponent.js?20165162214013 HTTP/1.1" 304 -
192.168.10.17 - - [12/Sep/2016:09:05:19 -0300] "GET /cormun/static/Resources/PXToolsFooterBackground2.png HTTP/1.1" 304 -
192.168.10.17 - - [12/Sep/2016:09:05:19 -0300] "GET /cormun/static/cmcontrolpreferences.js?20151120014525 HTTP/1.1" 304 -
192.168.10.17 - - [12/Sep/2016:09:05:20 -0300] "GET /cormun/static/hpexe_messagegenexuscomponent.js?20151120014314 HTTP/1.1" 304 -
192.168.10.17 - - [12/Sep/2016:09:05:20 -0300] "GET /cormun/static/Shared/jquery/jquery-1.4.2.min.js HTTP/1.1" 304 -
192.168.10.17 - - [12/Sep/2016:09:05:20 -0300] "GET /cormun/static/Shared/jqueryui/jquery-ui.min.js HTTP/1.1" 304 -
192.168.10.17 - - [12/Sep/2016:09:05:20 -0300] "GET /cormun/static/Shared/jquery/jquery-1.10.2.min.js HTTP/1.1" 304 -
192.168.10.17 - - [12/Sep/2016:09:05:20 -0300] "GET /cormun/static/SmoothNavMenu/resources/ddsmoothmenu.js HTTP/1.1" 304 -
192.168.10.17 - - [12/Sep/2016:09:05:20 -0300] "GET /cormun/static/scaMessage/js/jquery.pnotify.min.js HTTP/1.1" 304 -
192.168.10.17 - - [12/Sep/2016:09:05:20 -0300] "GET /cormun/static/hmpwkw03.js?201651622203894 HTTP/1.1" 304 -
192.168.10.17 - - [12/Sep/2016:09:05:20 -0300] "GET /cormun/static/scaMessage/scaMessageRender.js HTTP/1.1" 304 -
192.168.10.17 - - [12/Sep/2016:09:05:20 -0300] "GET /cormun/static/trvisualizadoreventos.js?201631021481717 HTTP/1.1" 304 -
192.168.10.17 - - [12/Sep/2016:09:05:20 -0300] "GET /cormun/static/SmoothNavMenu/resources/SmoothNavMenuRender.js HTTP/1.1" 304 -
192.168.10.17 - - [12/Sep/2016:09:05:20 -0300] "GET /cormun/static/Resources/PXToolsHeaderBackground2.png HTTP/1.1" 304 -
192.168.10.17 - - [12/Sep/2016:09:05:20 -0300] "GET /cormun/static/messages.spa.js?85251 HTTP/1.1" 304 -
192.168.10.17 - - [12/Sep/2016:09:05:20 -0300] "GET /cormun/static/gxdec.js?85251 HTTP/1.1" 304 -
192.168.10.17 - - [12/Sep/2016:09:05:20 -0300] "GET /cormun/static/Resources/indicator.gif HTTP/1.1" 304 -
192.168.10.17 - - [12/Sep/2016:09:05:20 -0300] "GET /cormun/static/Resources/desc.gif HTTP/1.1" 304 -
192.168.10.17 - - [12/Sep/2016:09:05:20 -0300] "GET /cormun/static/Resources/asc.gif HTTP/1.1" 304 -
192.168.10.17 - - [12/Sep/2016:09:05:20 -0300] "GET /cormun/static/SmoothNavMenu/resources/images/down.gif HTTP/1.1" 304 -
192.168.10.17 - - [12/Sep/2016:09:05:34 -0300] "GET /cormun/servlet/trvisualizadoreventos? HTTP/1.1" 200 6406
186.103.159.182 - - [12/Sep/2016:09:05:38 -0300] "GET /cormun/servlet/solicitudot?ba5e48354fc60b2e9226a6312b83e918535e6f41dda4a9f9d72d444d937158ab151a47171ffefd98064f219f248798b1ab7631e1f4aa8ac868750b00a64a23e66781b963b4f025f4b134a43ccfe5d5eaf4139d417f73d605c0d6bd08a903381517ea964e4a05ca9407411f3da3096a3ef65ce4c7a5e5a59186c0a89f150f64ec763a454dad50c9ecf49d9ba4daf26f3f5d3737c50ed657965e1439a646f8a4647c22565b43bb98d1f62aca8c5a7f7073,gx-no-cache=1473682024703 HTTP/1.1" 200 30
186.103.159.182 - - [12/Sep/2016:09:05:38 -0300] "POST /cormun/servlet/solicitudot?553b384e53759498dc2c10bd7b611aac,INS,0,0,,gx-no-cache=1473682024801 HTTP/1.1" 200 93
186.103.159.182 - - [12/Sep/2016:09:05:38 -0300] "GET /cormun/servlet/hpexe_return? HTTP/1.1" 200 1012
186.103.159.182 - - [12/Sep/2016:09:05:38 -0300] "GET /cormun/servlet/trsolicitudot HTTP/1.1" 200 8062
186.103.159.182 - - [12/Sep/2016:09:05:40 -0300] "GET /cormun/servlet/trsolicitudot HTTP/1.1" 200 8059
186.104.117.154 - - [12/Sep/2016:09:05:45 -0300] "POST /cormun/servlet/solicitudotadjuntos?3cb870ac06441fa487b0fa837da4839d,INS,2016,2754,,2, HTTP/1.1" 200 116
186.104.117.154 - - [12/Sep/2016:09:05:45 -0300] "GET /cormun/servlet/hpexe_return? HTTP/1.1" 200 1032
186.104.117.154 - - [12/Sep/2016:09:05:46 -0300] "GET /cormun/servlet/trsolicitudadjuntos?2016,2754, HTTP/1.1" 200 7622
186.104.117.154 - - [12/Sep/2016:09:05:48 -0300] "GET /cormun/servlet/trsolicitudadjuntos?2016,2754, HTTP/1.1" 200 7619
192.168.10.17 - - [12/Sep/2016:09:06:27 -0300] "GET /cormun/servlet/hlogin HTTP/1.1" 200 1746
186.104.117.154 - - [12/Sep/2016:09:06:30 -0300] "GET /cormun/servlet/hlogin HTTP/1.1" 200 1718
186.104.117.154 - - [12/Sep/2016:09:06:41 -0300] "POST /cormun/servlet/hlogin?3939cb36f40ada06fb22aa54f4875942,gx-no-cache=1473682087339 HTTP/1.1" 200 90
186.104.117.154 - - [12/Sep/2016:09:06:42 -0300] "GET /cormun/servlet/hpexe_link HTTP/1.1" 200 947
186.104.117.154 - - [12/Sep/2016:09:06:42 -0300] "GET /cormun/servlet/hhome HTTP/1.1" 200 3589
186.104.117.154 - - [12/Sep/2016:09:06:44 -0300] "GET /cormun/servlet/hhome HTTP/1.1" 200 3590
186.104.117.154 - - [12/Sep/2016:09:06:54 -0300] "GET /cormun/servlet/trsolicitudot? HTTP/1.1" 200 6517
186.104.117.154 - - [12/Sep/2016:09:06:56 -0300] "GET /cormun/servlet/trsolicitudot? HTTP/1.1" 200 6516
186.104.117.154 - - [12/Sep/2016:09:07:00 -0300] "GET /cormun/static/menuarrow.gif HTTP/1.1" 404 1015
186.104.117.154 - - [12/Sep/2016:09:07:07 -0300] "POST /cormun/servlet/trsolicitudot?3939cb36f40ada06fb22aa54f4875942,,gx-no-cache=1473682112702 HTTP/1.1" 200 5430
186.104.117.154 - - [12/Sep/2016:09:07:17 -0300] "POST /cormun/servlet/trsolicitudot?3939cb36f40ada06fb22aa54f4875942,,gx-no-cache=1473682123009 HTTP/1.1" 200 5646
186.104.117.154 - - [12/Sep/2016:09:07:18 -0300] "GET /cormun/static/Shared/jqueryui/images/ui-bg_highlight-soft_100_c6c2c8_1x100.png HTTP/1.1" 404 1117
186.104.117.154 - - [12/Sep/2016:09:07:18 -0300] "GET /cormun/static/Shared/jqueryui/images/ui-icons_82798d_256x240.png HTTP/1.1" 404 1089
186.104.117.154 - - [12/Sep/2016:09:07:18 -0300] "GET /cormun/static/Shared/jqueryui/images/ui-bg_flat_55_fafafa_40x100.png HTTP/1.1" 404 1097
186.104.117.154 - - [12/Sep/2016:09:07:18 -0300] "GET /cormun/static/Shared/jqueryui/images/ui-icons_8d78a5_256x240.png HTTP/1.1" 404 1089
186.103.159.182 - - [12/Sep/2016:09:07:28 -0300] "GET /cormun/servlet/solicitudot?INS,0,0, HTTP/1.1" 200 11990
186.103.159.182 - - [12/Sep/2016:09:07:30 -0300] "GET /cormun/servlet/solicitudot?INS,0,0, HTTP/1.1" 200 11994
186.104.117.154 - - [12/Sep/2016:09:07:35 -0300] "POST /cormun/servlet/trsolicitudot?3939cb36f40ada06fb22aa54f4875942,,gx-no-cache=1473682140835 HTTP/1.1" 200 107
186.104.117.154 - - [12/Sep/2016:09:07:35 -0300] "GET /cormun/servlet/trsolicitudadjuntos?2016,2754, HTTP/1.1" 200 7609
186.104.117.154 - - [12/Sep/2016:09:07:37 -0300] "GET /cormun/servlet/trsolicitudadjuntos?2016,2754, HTTP/1.1" 200 7610
186.104.117.154 - - [12/Sep/2016:09:07:43 -0300] "GET /cormun/servlet/solicitudotadjuntos?INS,2016,2754,,2, HTTP/1.1" 200 5632
186.104.117.154 - - [12/Sep/2016:09:07:44 -0300] "GET /cormun/static/about:blank HTTP/1.1" 404 1011
186.104.117.154 - - [12/Sep/2016:09:07:44 -0300] "GET /cormun/servlet/solicitudotadjuntos?INS,2016,2754,,2, HTTP/1.1" 200 5626
186.104.117.154 - - [12/Sep/2016:09:07:45 -0300] "GET /cormun/servlet/solicitudotadjuntos?6e90440bf854fc2f644ba5a1a542300458913a2c1f2e698b399c00e92b759b6e4284a4ab4d959ccfe27c55d6e1808764,gx-no-cache=1473682150817 HTTP/1.1" 200 30
186.104.117.154 - - [12/Sep/2016:09:07:45 -0300] "POST /cormun/servlet/solicitudotadjuntos?3939cb36f40ada06fb22aa54f4875942,INS,2016,2754,,2,,gx-no-cache=1473682150928 HTTP/1.1" 200 3688
186.103.159.182 - - [12/Sep/2016:09:07:59 -0300] "POST /cormun/servlet/solicitudot?gx-no-cache=1473682165475 HTTP/1.1" 200 2998
186.103.159.182 - - [12/Sep/2016:09:07:59 -0300] "POST /cormun/servlet/solicitudot?553b384e53759498dc2c10bd7b611aac,INS,0,0,,gx-no-cache=1473682166052 HTTP/1.1" 200 9111
186.103.159.182 - - [12/Sep/2016:09:08:01 -0300] "GET /cormun/servlet/solicitudot?ba5e48354fc60b2e9226a6312b83e918f1ce6fae28315969de84949814157591898b78ec40096ef684154120a651a7db,gx-no-cache=1473682168588 HTTP/1.1" 200 30
186.103.159.182 - - [12/Sep/2016:09:08:01 -0300] "POST /cormun/servlet/solicitudot?gx-no-cache=1473682168661 HTTP/1.1" 200 30
186.103.159.182 - - [12/Sep/2016:09:08:19 -0300] "POST /cormun/servlet/solicitudot?gx-no-cache=1473682186459 HTTP/1.1" 200 30
186.103.159.182 - - [12/Sep/2016:09:08:22 -0300] "POST /cormun/servlet/solicitudot?gx-no-cache=1473682188959 HTTP/1.1" 200 1187
186.103.159.182 - - [12/Sep/2016:09:08:22 -0300] "GET /cormun/servlet/solicitudot?ba5e48354fc60b2e9226a6312b83e9180ddf19744db96a1308b45f688e290d3adb95b8821232746a1548ce9bc7de9eb76635418889ed2ecda0c11a7ac29f8785e4d4fc8c1184d50d3351c9e4574fd3c00b10bf8d3c831ee383ba9a3497acdbba75a2a995ae49d7af25f861668d4c8fb2c7a707d5c3f8c7e854cca94f7c3bbf8d6c08372420166ef8f625fa4a8da2f5ce,gx-no-cache=1473682189043 HTTP/1.1" 200 38
186.104.117.154 - - [12/Sep/2016:09:08:28 -0300] "POST /cormun/servlet/solicitudotadjuntos?gx-no-cache=1473682193851 HTTP/1.1" 200 26
186.103.159.182 - - [12/Sep/2016:09:08:33 -0300] "POST /cormun/servlet/solicitudot?gx-no-cache=1473682200351 HTTP/1.1" 200 1187
186.103.159.182 - - [12/Sep/2016:09:08:33 -0300] "GET /cormun/servlet/solicitudot?ba5e48354fc60b2e9226a6312b83e9180ddf19744db96a1308b45f688e290d3adb95b8821232746a1548ce9bc7de9eb76635418889ed2ecda0c11a7ac29f8785e4d4fc8c1184d50d3351c9e4574fd3c00b10bf8d3c831ee383ba9a3497acdbba75a2a995ae49d7af25f861668d4c8fb2c7a707d5c3f8c7e854cca94f7c3bbf8d6c08372420166ef8f625fa4a8da2f5ce,gx-no-cache=1473682200422 HTTP/1.1" 200 38
186.103.159.182 - - [12/Sep/2016:09:08:33 -0300] "GET /cormun/servlet/solicitudot?ba5e48354fc60b2e9226a6312b83e918c73269e0bcb46c150372eb90ddaf39ca8cdb176e62fcca639c46ed01f5dd6a506e5c60f68580738d750fb677f495cb2270d6bf4b675a87504341fcb07d0dd690bc23dc6b848b2d523e01df2620e0e8ff7ea8b0eecece867c47e60c7c1d5918d0f0c60ec6b96d6dbd8039c637aff7d1d2ccfd43e3ad4dcaa67b9ff27f71419165564e1c125d0b3c589931c2653131a91e,gx-no-cache=1473682200461 HTTP/1.1" 200 29
186.103.159.182 - - [12/Sep/2016:09:08:33 -0300] "POST /cormun/servlet/solicitudot?gx-no-cache=1473682200493 HTTP/1.1" 200 1143
186.103.159.182 - - [12/Sep/2016:09:08:43 -0300] "GET /cormun/servlet/solicitudot?ba5e48354fc60b2e9226a6312b83e918535e6f41dda4a9f9d72d444d937158ab151a47171ffefd98064f219f248798b150d9c09b21bb86bb29ce99eddf9a8f4d6781b963b4f025f4b134a43ccfe5d5eaf4139d417f73d605c0d6bd08a903381517ea964e4a05ca9407411f3da3096a3ef65ce4c7a5e5a59186c0a89f150f64ec763a454dad50c9ecf49d9ba4daf26f3f5d3737c50ed657965e1439a646f8a4647c22565b43bb98d1f62aca8c5a7f7073,gx-no-cache=1473682210178 HTTP/1.1" 200 30
186.104.117.154 - - [12/Sep/2016:09:08:44 -0300] "GET /cormun/servlet/solicitudotadjuntos?6e90440bf854fc2f644ba5a1a542300484a1339949a084c8107622c8cbb1cf27,gx-no-cache=1473682209629 HTTP/1.1" 200 30
186.104.117.154 - - [12/Sep/2016:09:08:44 -0300] "GET /cormun/servlet/solicitudotadjuntos?6e90440bf854fc2f644ba5a1a542300484a1339949a084c8107622c8cbb1cf27,gx-no-cache=1473682209708 HTTP/1.1" 200 30
186.104.117.154 - - [12/Sep/2016:09:08:45 -0300] "POST /cormun/servlet/solicitudotadjuntos?3939cb36f40ada06fb22aa54f4875942,INS,2016,2754,,2, HTTP/1.1" 200 5540
186.104.117.154 - - [12/Sep/2016:09:08:45 -0300] "GET /home/sistema/apache-tomcat-7.0.65/webapps/cormun/PrivateTempStorage/upload_00002198.pdf HTTP/1.1" 404 1135
186.104.117.154 - - [12/Sep/2016:09:08:45 -0300] "GET /home/sistema/apache-tomcat-7.0.65/webapps/cormun/PrivateTempStorage/upload_00002198.pdf HTTP/1.1" 404 1135
186.104.117.154 - - [12/Sep/2016:09:08:45 -0300] "GET /cormun/PrivateTempStorage/upload_00002198.pdf HTTP/1.1" 200 51893
186.104.117.154 - - [12/Sep/2016:09:08:45 -0300] "GET /cormun/static/Shared/jqueryui/images/ui-bg_flat_55_994d53_40x100.png HTTP/1.1" 404 1097
186.104.117.154 - - [12/Sep/2016:09:08:45 -0300] "GET /cormun/static/Shared/jqueryui/images/ui-icons_ebccce_256x240.png HTTP/1.1" 404 1089
186.104.117.154 - - [12/Sep/2016:09:08:46 -0300] "GET /cormun/PrivateTempStorage/upload_00002198.pdf HTTP/1.1" 304 -
186.103.159.182 - - [12/Sep/2016:09:08:56 -0300] "POST /cormun/servlet/solicitudot?553b384e53759498dc2c10bd7b611aac,INS,0,0,,gx-no-cache=1473682223282 HTTP/1.1" 200 93
186.103.159.182 - - [12/Sep/2016:09:08:56 -0300] "GET /cormun/servlet/hpexe_return? HTTP/1.1" 200 1012
186.103.159.182 - - [12/Sep/2016:09:08:57 -0300] "GET /cormun/servlet/trsolicitudot HTTP/1.1" 200 8308
186.103.159.182 - - [12/Sep/2016:09:08:59 -0300] "GET /cormun/servlet/trsolicitudot HTTP/1.1" 200 8304
186.103.159.182 - - [12/Sep/2016:09:09:06 -0300] "GET /cormun/servlet/solicitudot?INS,0,0, HTTP/1.1" 200 11990
186.103.159.182 - - [12/Sep/2016:09:09:08 -0300] "GET /cormun/servlet/solicitudot?INS,0,0, HTTP/1.1" 200 11994
186.104.117.154 - - [12/Sep/2016:09:09:14 -0300] "POST /cormun/servlet/solicitudotadjuntos?3939cb36f40ada06fb22aa54f4875942,INS,2016,2754,,2, HTTP/1.1" 200 116
186.104.117.154 - - [12/Sep/2016:09:09:14 -0300] "GET /cormun/servlet/hpexe_return? HTTP/1.1" 200 1022
186.104.117.154 - - [12/Sep/2016:09:09:15 -0300] "GET /cormun/servlet/trsolicitudadjuntos?2016,2754, HTTP/1.1" 200 7616
186.104.117.154 - - [12/Sep/2016:09:09:17 -0300] "GET /cormun/servlet/trsolicitudadjuntos?2016,2754, HTTP/1.1" 200 7608
186.104.117.154 - - [12/Sep/2016:09:09:27 -0300] "GET /cormun/servlet/solicitudotadjuntos?INS,2016,2754,,2, HTTP/1.1" 200 5631
186.104.117.154 - - [12/Sep/2016:09:09:27 -0300] "GET /cormun/static/about:blank HTTP/1.1" 404 1011
186.104.117.154 - - [12/Sep/2016:09:09:28 -0300] "GET /cormun/servlet/solicitudotadjuntos?INS,2016,2754,,2, HTTP/1.1" 200 5625
186.104.117.154 - - [12/Sep/2016:09:09:29 -0300] "GET /cormun/servlet/solicitudotadjuntos?6e90440bf854fc2f644ba5a1a542300458913a2c1f2e698b399c00e92b759b6e4284a4ab4d959ccfe27c55d6e1808764,gx-no-cache=1473682254751 HTTP/1.1" 200 30
186.104.117.154 - - [12/Sep/2016:09:09:29 -0300] "POST /cormun/servlet/solicitudotadjuntos?3939cb36f40ada06fb22aa54f4875942,INS,2016,2754,,2,,gx-no-cache=1473682254868 HTTP/1.1" 200 3685
186.103.159.182 - - [12/Sep/2016:09:09:36 -0300] "POST /cormun/servlet/solicitudot?gx-no-cache=1473682262687 HTTP/1.1" 200 2998
186.103.159.182 - - [12/Sep/2016:09:09:36 -0300] "POST /cormun/servlet/solicitudot?553b384e53759498dc2c10bd7b611aac,INS,0,0,,gx-no-cache=1473682262935 HTTP/1.1" 200 9111
186.103.159.182 - - [12/Sep/2016:09:09:39 -0300] "GET /cormun/servlet/solicitudot?ba5e48354fc60b2e9226a6312b83e918f1ce6fae28315969de84949814157591898b78ec40096ef684154120a651a7db,gx-no-cache=1473682265890 HTTP/1.1" 200 30
186.103.159.182 - - [12/Sep/2016:09:09:39 -0300] "POST /cormun/servlet/solicitudot?gx-no-cache=1473682265962 HTTP/1.1" 200 30
186.103.159.182 - - [12/Sep/2016:09:09:41 -0300] "POST /cormun/servlet/solicitudot?gx-no-cache=1473682267928 HTTP/1.1" 200 30
186.104.117.154 - - [12/Sep/2016:09:09:46 -0300] "POST /cormun/servlet/solicitudotadjuntos?3939cb36f40ada06fb22aa54f4875942,INS,2016,2754,,2,,gx-no-cache=1473682271403 HTTP/1.1" 200 93
186.104.117.154 - - [12/Sep/2016:09:09:46 -0300] "GET /cormun/servlet/hpexe_return? HTTP/1.1" 200 1022
186.104.117.154 - - [12/Sep/2016:09:09:46 -0300] "GET /cormun/servlet/trsolicitudadjuntos?2016,2754, HTTP/1.1" 200 7614
186.104.117.154 - - [12/Sep/2016:09:09:48 -0300] "GET /cormun/servlet/trsolicitudadjuntos?2016,2754, HTTP/1.1" 200 7610
186.103.159.182 - - [12/Sep/2016:09:09:48 -0300] "POST /cormun/servlet/solicitudot?gx-no-cache=1473682275601 HTTP/1.1" 200 1187
186.103.159.182 - - [12/Sep/2016:09:09:48 -0300] "GET /cormun/servlet/solicitudot?ba5e48354fc60b2e9226a6312b83e9180ddf19744db96a1308b45f688e290d3adb95b8821232746a1548ce9bc7de9eb76635418889ed2ecda0c11a7ac29f8785e4d4fc8c1184d50d3351c9e4574fd3c00b10bf8d3c831ee383ba9a3497acdbba75a2a995ae49d7af25f861668d4c8fb2c7a707d5c3f8c7e854cca94f7c3bbf8d6c08372420166ef8f625fa4a8da2f5ce,gx-no-cache=1473682275684 HTTP/1.1" 200 38
186.103.159.182 - - [12/Sep/2016:09:10:10 -0300] "GET /cormun/servlet/solicitudot?ba5e48354fc60b2e9226a6312b83e918c73269e0bcb46c150372eb90ddaf39ca8cdb176e62fcca639c46ed01f5dd6a506e5c60f68580738d750fb677f495cb2270d6bf4b675a87504341fcb07d0dd690bc23dc6b848b2d523e01df2620e0e8ff7ea8b0eecece867c47e60c7c1d5918d0f0c60ec6b96d6dbd8039c637aff7d1d2ccfd43e3ad4dcaa67b9ff27f71419165564e1c125d0b3c589931c2653131a91e,gx-no-cache=1473682297314 HTTP/1.1" 200 29
186.103.159.182 - - [12/Sep/2016:09:10:10 -0300] "POST /cormun/servlet/solicitudot?gx-no-cache=1473682297364 HTTP/1.1" 200 1143
186.104.117.154 - - [12/Sep/2016:09:10:21 -0300] "GET /cormun/servlet/hlogin HTTP/1.1" 200 1726
