192.168.10.98 - - [08/Sep/2016:16:17:09 -0300] "GET /cormun/static/hpexe_messagepopupcomponent.js?20165162214013 HTTP/1.1" 200 605
192.168.10.98 - - [08/Sep/2016:16:17:09 -0300] "GET /cormun/static/hpexe_messagegenexuscomponent.js?20151120014314 HTTP/1.1" 200 587
192.168.10.98 - - [08/Sep/2016:16:17:09 -0300] "GET /cormun/static/Shared/jquery/jquery-1.4.2.min.js HTTP/1.1" 200 72174
192.168.10.98 - - [08/Sep/2016:16:17:09 -0300] "GET /cormun/static/SmoothNavMenu/resources/ddsmoothmenu.js HTTP/1.1" 200 12712
192.168.10.98 - - [08/Sep/2016:16:17:09 -0300] "GET /cormun/static/SmoothNavMenu/resources/SmoothNavMenuRender.js HTTP/1.1" 200 5951
192.168.10.98 - - [08/Sep/2016:16:17:09 -0300] "GET /cormun/static/hmpwkw03.js?201651622203894 HTTP/1.1" 200 3898
192.168.10.98 - - [08/Sep/2016:16:17:09 -0300] "GET /cormun/static/scaMessage/js/jquery.pnotify.min.js HTTP/1.1" 200 13038
192.168.10.98 - - [08/Sep/2016:16:17:09 -0300] "GET /cormun/static/scaMessage/scaMessageRender.js HTTP/1.1" 200 11977
192.168.10.98 - - [08/Sep/2016:16:17:09 -0300] "GET /cormun/static/Shared/jquery/jquery-1.10.2.min.js HTTP/1.1" 200 273199
192.168.10.98 - - [08/Sep/2016:16:17:09 -0300] "GET /cormun/static/Resources/logo4.png HTTP/1.1" 200 6582
192.168.10.98 - - [08/Sep/2016:16:17:09 -0300] "GET /cormun/static/Resources/PXToolsHeaderActionsLeft.png HTTP/1.1" 200 1118
192.168.10.98 - - [08/Sep/2016:16:17:09 -0300] "GET /cormun/static/Resources/PXToolsHeaderHome.png HTTP/1.1" 200 4147
192.168.10.98 - - [08/Sep/2016:16:17:09 -0300] "GET /cormun/static/Shared/ext/ext-all.js HTTP/1.1" 200 1289687
192.168.10.98 - - [08/Sep/2016:16:17:09 -0300] "GET /cormun/static/Shared/jqueryui/jquery-ui.min.js HTTP/1.1" 200 240427
192.168.10.98 - - [08/Sep/2016:16:17:09 -0300] "GET /cormun/static/Resources/PXToolsHeaderLogin.png HTTP/1.1" 200 4279
192.168.10.98 - - [08/Sep/2016:16:17:09 -0300] "GET /cormun/static/Resources/PXToolsHeaderPreferences.png HTTP/1.1" 200 4189
192.168.10.98 - - [08/Sep/2016:16:17:09 -0300] "GET /cormun/static/Resources/PXToolsHeaderSecurity.png HTTP/1.1" 200 4166
192.168.10.98 - - [08/Sep/2016:16:17:09 -0300] "GET /cormun/static/Resources/PXToolsHeaderActionsRight.png HTTP/1.1" 200 1201
192.168.10.98 - - [08/Sep/2016:16:17:09 -0300] "GET /cormun/static/Resources/PXToolsDataTitle.png HTTP/1.1" 200 1173
192.168.10.98 - - [08/Sep/2016:16:17:09 -0300] "GET /cormun/static/Resources/PXToolsHeaderActionsBackground.png HTTP/1.1" 200 484
192.168.10.98 - - [08/Sep/2016:16:17:09 -0300] "GET /cormun/static/Resources/PXToolsHeaderBackground2.png HTTP/1.1" 200 1174
192.168.10.98 - - [08/Sep/2016:16:17:10 -0300] "GET /cormun/static/SmoothNavMenu/resources/images/down.gif HTTP/1.1" 200 854
192.168.10.98 - - [08/Sep/2016:16:17:10 -0300] "GET /cormun/static/SmoothNavMenu/resources/images/right.gif HTTP/1.1" 200 860
192.168.10.98 - - [08/Sep/2016:16:17:10 -0300] "GET /cormun/servlet/hhome HTTP/1.1" 200 4115
192.168.10.98 - - [08/Sep/2016:16:17:52 -0300] "GET /cormun/servlet/trautorizarsolicitud? HTTP/1.1" 200 6995
192.168.10.98 - - [08/Sep/2016:16:17:52 -0300] "GET /cormun/static/calendar-system.css?75620 HTTP/1.1" 200 5572
192.168.10.98 - - [08/Sep/2016:16:17:52 -0300] "GET /cormun/static/gxcfg.js?201651622221839 HTTP/1.1" 200 953
192.168.10.98 - - [08/Sep/2016:16:17:52 -0300] "GET /cormun/static/gxui/gxui-all.css?110300 HTTP/1.1" 200 2179
192.168.10.98 - - [08/Sep/2016:16:17:52 -0300] "GET /cormun/static/calendar.js?85251 HTTP/1.1" 200 26246
192.168.10.98 - - [08/Sep/2016:16:17:52 -0300] "GET /cormun/static/Resources/Spanish/PXTools.css?22123174 HTTP/1.1" 200 89042
192.168.10.98 - - [08/Sep/2016:16:17:52 -0300] "GET /cormun/static/calendar-es.js?85251 HTTP/1.1" 200 1901
192.168.10.98 - - [08/Sep/2016:16:17:52 -0300] "GET /cormun/static/gxdec.js?85251 HTTP/1.1" 200 19579
192.168.10.98 - - [08/Sep/2016:16:17:52 -0300] "GET /cormun/static/calendar-setup.js?85251 HTTP/1.1" 200 2588
192.168.10.98 - - [08/Sep/2016:16:17:52 -0300] "GET /cormun/static/Shared/ext/resources/css/ext-all.css?205870 HTTP/1.1" 200 416045
192.168.10.98 - - [08/Sep/2016:16:17:52 -0300] "GET /cormun/static/trautorizarsolicitud.js?201651622222430 HTTP/1.1" 200 44547
192.168.10.98 - - [08/Sep/2016:16:17:52 -0300] "GET /cormun/static/Resources/PXTools/calendar.png HTTP/1.1" 200 1306
192.168.10.98 - - [08/Sep/2016:16:17:53 -0300] "GET /cormun/static/Resources/PXToolsGridFirstDisabled.gif HTTP/1.1" 200 100
192.168.10.98 - - [08/Sep/2016:16:17:53 -0300] "GET /cormun/static/Resources/PXToolsGridPage.gif HTTP/1.1" 200 725
192.168.10.98 - - [08/Sep/2016:16:17:53 -0300] "GET /cormun/static/Resources/PXToolsGridPreviousDisabled.gif HTTP/1.1" 200 90
192.168.10.98 - - [08/Sep/2016:16:17:53 -0300] "GET /cormun/static/Resources/PXToolsGridNextDisabled.gif HTTP/1.1" 200 90
192.168.10.98 - - [08/Sep/2016:16:17:53 -0300] "GET /cormun/static/Resources/PXToolsGridLastDisabled.gif HTTP/1.1" 200 98
192.168.10.98 - - [08/Sep/2016:16:17:53 -0300] "GET /cormun/static/Resources/PXToolsActionExcel.png HTTP/1.1" 200 3187
192.168.10.98 - - [08/Sep/2016:16:17:53 -0300] "GET /cormun/static/Resources/PXToolsDataSearch.png HTTP/1.1" 200 419
192.168.10.98 - - [08/Sep/2016:16:17:53 -0300] "GET /cormun/static/Resources/asc.gif HTTP/1.1" 200 67
192.168.10.98 - - [08/Sep/2016:16:17:53 -0300] "GET /cormun/static/Resources/desc.gif HTTP/1.1" 200 65
192.168.10.98 - - [08/Sep/2016:16:17:53 -0300] "GET /cormun/static/Resources/desc.gif HTTP/1.1" 200 65
192.168.10.98 - - [08/Sep/2016:16:17:53 -0300] "GET /cormun/static/Resources/asc.gif HTTP/1.1" 200 67
192.168.10.98 - - [08/Sep/2016:16:17:53 -0300] "GET /cormun/servlet/trautorizarsolicitud? HTTP/1.1" 200 6995
192.168.10.98 - - [08/Sep/2016:16:17:53 -0300] "GET /cormun/static/Shared/ext/resources/themes/images/default/tools/tool-sprites.gif HTTP/1.1" 200 5434
192.168.10.98 - - [08/Sep/2016:16:17:53 -0300] "GET /cormun/static/Shared/ext/resources/themes/images/default/panel/bg-headersPanel.png HTTP/1.1" 200 255
192.168.10.98 - - [08/Sep/2016:16:18:13 -0300] "POST /cormun/servlet/trautorizarsolicitud?a64d61a4265a450899cac6d98abc3852,,gx-no-cache=1473362050689 HTTP/1.1" 200 4137
192.168.10.98 - - [08/Sep/2016:16:18:19 -0300] "POST /cormun/servlet/trautorizarsolicitud?a64d61a4265a450899cac6d98abc3852,,gx-no-cache=1473362056232 HTTP/1.1" 200 4138
192.168.10.98 - - [08/Sep/2016:16:18:25 -0300] "POST /cormun/servlet/trautorizarsolicitud?a64d61a4265a450899cac6d98abc3852,,gx-no-cache=1473362061779 HTTP/1.1" 200 4137
192.168.10.98 - - [08/Sep/2016:16:18:37 -0300] "POST /cormun/servlet/trautorizarsolicitud?a64d61a4265a450899cac6d98abc3852,,gx-no-cache=1473362073450 HTTP/1.1" 200 19657
192.168.10.98 - - [08/Sep/2016:16:18:37 -0300] "GET /cormun/static/Resources/PXToolsGridNext.gif HTTP/1.1" 200 369
192.168.10.98 - - [08/Sep/2016:16:18:37 -0300] "GET /cormun/static/Resources/PXToolsGridLast.gif HTTP/1.1" 200 370
192.168.10.98 - - [08/Sep/2016:16:18:37 -0300] "GET /cormun//static/Resources/PXToolsGridDelete.png HTTP/1.1" 200 357
192.168.10.98 - - [08/Sep/2016:16:18:37 -0300] "GET /cormun//static/Resources/PXToolsRemoveAllAction.png HTTP/1.1" 200 3558
192.168.10.98 - - [08/Sep/2016:16:18:37 -0300] "GET /cormun//static/Resources/PXToolsGridUpdate.png HTTP/1.1" 200 2984
192.168.10.98 - - [08/Sep/2016:16:18:37 -0300] "GET /cormun//static/Resources/PXToolsActionView.png HTTP/1.1" 200 2995
192.168.10.98 - - [08/Sep/2016:16:18:37 -0300] "GET /cormun//static/Resources/PXTools/ActionInsert.png HTTP/1.1" 200 1482
186.103.248.189 - - [08/Sep/2016:16:18:47 -0300] "POST /cormun/servlet/trcontratoobservaciondir?a2437670ecfcd81de73e466568918ef7,,gx-no-cache=1473362416182 HTTP/1.1" 200 3527
192.168.10.98 - - [08/Sep/2016:16:18:51 -0300] "GET /cormun/servlet/trsolicitudgral? HTTP/1.1" 200 9907
192.168.10.98 - - [08/Sep/2016:16:18:51 -0300] "GET /cormun/static/gxui/gxui-all.css?120300 HTTP/1.1" 200 2179
192.168.10.98 - - [08/Sep/2016:16:18:51 -0300] "GET /cormun/static/gxcfg.js?201631022384633 HTTP/1.1" 200 953
192.168.10.98 - - [08/Sep/2016:16:18:51 -0300] "GET /cormun/static/calendar-system.css?85620 HTTP/1.1" 200 5572
192.168.10.98 - - [08/Sep/2016:16:18:51 -0300] "GET /cormun/static/Resources/Spanish/PXTools.css?2139548 HTTP/1.1" 200 89042
192.168.10.98 - - [08/Sep/2016:16:18:51 -0300] "GET /cormun/static/Shared/ext/resources/css/ext-all.css?215870 HTTP/1.1" 200 416045
192.168.10.98 - - [08/Sep/2016:16:18:51 -0300] "GET /cormun/static/trsolicitudgral.js?201631022385371 HTTP/1.1" 200 40629
192.168.10.98 - - [08/Sep/2016:16:18:52 -0300] "GET /cormun/servlet/trsolicitudgral? HTTP/1.1" 200 9907
192.168.10.98 - - [08/Sep/2016:16:19:09 -0300] "POST /cormun/servlet/trsolicitudgral?a64d61a4265a450899cac6d98abc3852,,gx-no-cache=1473362106466 HTTP/1.1" 200 5149
186.103.248.189 - - [08/Sep/2016:16:19:15 -0300] "POST /cormun/servlet/trcontratoobservaciondir?a2437670ecfcd81de73e466568918ef7,,gx-no-cache=1473362443880 HTTP/1.1" 200 3517
192.168.10.98 - - [08/Sep/2016:16:19:30 -0300] "POST /cormun/servlet/trsolicitudgral?a64d61a4265a450899cac6d98abc3852,,gx-no-cache=1473362126945 HTTP/1.1" 200 5151
192.168.10.98 - - [08/Sep/2016:16:19:34 -0300] "POST /cormun/servlet/trsolicitudgral?a64d61a4265a450899cac6d98abc3852,,gx-no-cache=1473362131137 HTTP/1.1" 200 5148
192.168.10.98 - - [08/Sep/2016:16:19:35 -0300] "POST /cormun/servlet/trsolicitudgral?a64d61a4265a450899cac6d98abc3852,,gx-no-cache=1473362132486 HTTP/1.1" 200 5148
192.168.10.98 - - [08/Sep/2016:16:19:42 -0300] "POST /cormun/servlet/trsolicitudgral?a64d61a4265a450899cac6d98abc3852,,gx-no-cache=1473362139095 HTTP/1.1" 200 5151
192.168.10.98 - - [08/Sep/2016:16:19:44 -0300] "POST /cormun/servlet/trsolicitudgral?a64d61a4265a450899cac6d98abc3852,,gx-no-cache=1473362140745 HTTP/1.1" 200 5150
192.168.10.98 - - [08/Sep/2016:16:19:48 -0300] "POST /cormun/servlet/trsolicitudgral?a64d61a4265a450899cac6d98abc3852,,gx-no-cache=1473362144788 HTTP/1.1" 200 5150
192.168.10.98 - - [08/Sep/2016:16:19:50 -0300] "POST /cormun/servlet/trsolicitudgral?a64d61a4265a450899cac6d98abc3852,,gx-no-cache=1473362147237 HTTP/1.1" 200 5149
192.168.10.98 - - [08/Sep/2016:16:19:53 -0300] "POST /cormun/servlet/trsolicitudgral?a64d61a4265a450899cac6d98abc3852,,gx-no-cache=1473362150381 HTTP/1.1" 200 5150
192.168.10.98 - - [08/Sep/2016:16:19:55 -0300] "POST /cormun/servlet/trsolicitudgral?a64d61a4265a450899cac6d98abc3852,,gx-no-cache=1473362152572 HTTP/1.1" 200 5151
192.168.10.98 - - [08/Sep/2016:16:20:01 -0300] "POST /cormun/servlet/trsolicitudgral?a64d61a4265a450899cac6d98abc3852,,gx-no-cache=1473362158187 HTTP/1.1" 200 5152
192.168.10.98 - - [08/Sep/2016:16:20:02 -0300] "POST /cormun/servlet/trsolicitudgral?a64d61a4265a450899cac6d98abc3852,,gx-no-cache=1473362159473 HTTP/1.1" 200 5151
192.168.10.98 - - [08/Sep/2016:16:20:06 -0300] "POST /cormun/servlet/trsolicitudgral?a64d61a4265a450899cac6d98abc3852,,gx-no-cache=1473362163356 HTTP/1.1" 200 5152
192.168.10.98 - - [08/Sep/2016:16:20:08 -0300] "POST /cormun/servlet/trsolicitudgral?a64d61a4265a450899cac6d98abc3852,,gx-no-cache=1473362165191 HTTP/1.1" 200 5152
192.168.10.98 - - [08/Sep/2016:16:20:12 -0300] "POST /cormun/servlet/trsolicitudgral?a64d61a4265a450899cac6d98abc3852,,gx-no-cache=1473362169087 HTTP/1.1" 200 6209
192.168.10.98 - - [08/Sep/2016:16:20:54 -0300] "POST /cormun/servlet/trsolicitudgral?a64d61a4265a450899cac6d98abc3852,,gx-no-cache=1473362211068 HTTP/1.1" 200 5152
186.103.248.189 - - [08/Sep/2016:16:20:56 -0300] "GET /cormun/servlet/trvisualizadoreventos? HTTP/1.1" 200 6348
186.103.248.189 - - [08/Sep/2016:16:20:56 -0300] "GET /cormun/servlet/trvisualizadoreventos? HTTP/1.1" 200 6344
192.168.10.98 - - [08/Sep/2016:16:20:58 -0300] "POST /cormun/servlet/trsolicitudgral?a64d61a4265a450899cac6d98abc3852,,gx-no-cache=1473362215161 HTTP/1.1" 200 5152
186.103.248.189 - - [08/Sep/2016:16:21:01 -0300] "GET /cormun/servlet/trcontratoobservacion? HTTP/1.1" 200 6574
186.103.248.189 - - [08/Sep/2016:16:21:02 -0300] "GET /cormun/servlet/trcontratoobservacion? HTTP/1.1" 200 6574
192.168.10.98 - - [08/Sep/2016:16:21:03 -0300] "POST /cormun/servlet/trsolicitudgral?a64d61a4265a450899cac6d98abc3852,,gx-no-cache=1473362220500 HTTP/1.1" 200 5152
192.168.10.98 - - [08/Sep/2016:16:21:08 -0300] "POST /cormun/servlet/trsolicitudgral?a64d61a4265a450899cac6d98abc3852,,gx-no-cache=1473362224607 HTTP/1.1" 200 5152
192.168.10.98 - - [08/Sep/2016:16:21:15 -0300] "POST /cormun/servlet/trsolicitudgral?a64d61a4265a450899cac6d98abc3852,,gx-no-cache=1473362232325 HTTP/1.1" 200 5148
192.168.10.98 - - [08/Sep/2016:16:21:20 -0300] "POST /cormun/servlet/trsolicitudgral?a64d61a4265a450899cac6d98abc3852,,gx-no-cache=1473362236765 HTTP/1.1" 200 5149
192.168.10.98 - - [08/Sep/2016:16:21:25 -0300] "POST /cormun/servlet/trsolicitudgral?a64d61a4265a450899cac6d98abc3852,,gx-no-cache=1473362241992 HTTP/1.1" 200 5149
192.168.10.98 - - [08/Sep/2016:16:21:29 -0300] "POST /cormun/servlet/trsolicitudgral?a64d61a4265a450899cac6d98abc3852,,gx-no-cache=1473362245745 HTTP/1.1" 200 5151
192.168.10.98 - - [08/Sep/2016:16:21:36 -0300] "POST /cormun/servlet/trsolicitudgral?a64d61a4265a450899cac6d98abc3852,,gx-no-cache=1473362252484 HTTP/1.1" 200 5151
192.168.10.98 - - [08/Sep/2016:16:21:36 -0300] "POST /cormun/servlet/trsolicitudgral?a64d61a4265a450899cac6d98abc3852,,gx-no-cache=1473362253032 HTTP/1.1" 200 5151
192.168.10.98 - - [08/Sep/2016:16:21:45 -0300] "GET /cormun/servlet/trsolicitudot? HTTP/1.1" 200 7056
192.168.10.98 - - [08/Sep/2016:16:21:45 -0300] "GET /cormun/static/gxcfg.js?201631022392470 HTTP/1.1" 200 953
192.168.10.98 - - [08/Sep/2016:16:21:45 -0300] "GET /cormun/static/Resources/PXToolsGridNew.png HTTP/1.1" 200 2949
192.168.10.98 - - [08/Sep/2016:16:21:45 -0300] "GET /cormun/static/trsolicitudot.js?201631022393178 HTTP/1.1" 200 44568
192.168.10.98 - - [08/Sep/2016:16:21:46 -0300] "GET /cormun/servlet/trsolicitudot? HTTP/1.1" 200 7056
192.168.10.98 - - [08/Sep/2016:16:21:51 -0300] "GET /cormun/servlet/solicitudot?INS,0,0, HTTP/1.1" 200 12499
192.168.10.98 - - [08/Sep/2016:16:21:51 -0300] "GET /cormun/static/gxcfg.js?201631710541238 HTTP/1.1" 200 953
192.168.10.98 - - [08/Sep/2016:16:21:51 -0300] "GET /cormun/static/solicitudot.js?201631710541292 HTTP/1.1" 200 45515
192.168.10.98 - - [08/Sep/2016:16:21:51 -0300] "GET /cormun/static/Resources/Spanish/PXTools.css?22445990 HTTP/1.1" 200 89042
192.168.10.98 - - [08/Sep/2016:16:21:51 -0300] "GET /cormun/static/Resources/prompt.gif HTTP/1.1" 200 902
192.168.10.98 - - [08/Sep/2016:16:21:52 -0300] "GET /cormun/servlet/solicitudot?INS,0,0, HTTP/1.1" 200 12504
192.168.10.98 - - [08/Sep/2016:16:21:55 -0300] "POST /cormun/servlet/solicitudot?gx-no-cache=1473362272320 HTTP/1.1" 200 2889
192.168.10.98 - - [08/Sep/2016:16:21:56 -0300] "POST /cormun/servlet/solicitudot?a64d61a4265a450899cac6d98abc3852,INS,0,0,,gx-no-cache=1473362272420 HTTP/1.1" 200 9370
192.168.10.98 - - [08/Sep/2016:16:21:56 -0300] "GET /cormun/servlet/solicitudot?77c9c08df1f8dfe5269f65f2739324cee6e866fe69ad6f34bea79e45d505b0dd,gx-no-cache=1473362272654 HTTP/1.1" 200 111
192.168.10.98 - - [08/Sep/2016:16:21:56 -0300] "GET /cormun/static/Shared/jqueryui/images/ui-bg_highlight-soft_100_c6c2c8_1x100.png HTTP/1.1" 404 1117
192.168.10.98 - - [08/Sep/2016:16:21:56 -0300] "GET /cormun/static/Shared/jqueryui/images/ui-icons_82798d_256x240.png HTTP/1.1" 404 1089
192.168.10.98 - - [08/Sep/2016:16:21:56 -0300] "GET /cormun/static/Shared/jqueryui/images/ui-bg_flat_55_994d53_40x100.png HTTP/1.1" 404 1097
192.168.10.98 - - [08/Sep/2016:16:21:56 -0300] "GET /cormun/static/Shared/jqueryui/images/ui-icons_ebccce_256x240.png HTTP/1.1" 404 1089
192.168.10.98 - - [08/Sep/2016:16:21:56 -0300] "GET /cormun/servlet/solicitudot?77c9c08df1f8dfe5269f65f2739324ce74c97d73d4e5cf2f5d1cd1597fa2d454bfdec96f8cc1cee86da19f72f04254a5bf2b13b5e572cf19f309f39053301feb54f0ab280d839574c197d00a29f4641d7b00b5b348d4a178f8762f50ee5e3e842e2627a7625b364b3d53f8e9e8be95f2c34c32eb8ae8b4cd45888b9f25cd72cf0b45b12bd526753b1063b31a65a64d3f11bcaddde4f631f88d77358d3d66cbe5c0a352783783ac3bb3b6d6a8ca27f800003e10bf8a0aba76577901e123ba8e9e67fab82c69e36cb734a843a4fafebc3746044dc6ec9e28c938705db4c46edff2d93ddedb4edf237219041e06195087d22e0ac2709d264ff3ccf9113c006175fc3529a01c3c9641e0ac74c0402ebed37a8460fcb3ec962a1fc6f78c5f39cbc17ebf2b13b5e572cf19f309f39053301febc74ba90c9c54d6812852cd68efdb18c95b26f301eb86a3cb0116b9f22a83c8e52e2627a7625b364b3d53f8e9e8be95f2c34c32eb8ae8b4cd45888b9f25cd72cf7e46c005fd3c285c876e951a0055f88011bcaddde4f631f88d77358d3d66cbe5378b8d97d68802e49fe006034259dfebe7516d8ce14fcf9feb770e5388d4884167fab82c69e36cb734a843a4fafebc376034d481024c2ed70d9399504b5e5de8,gx-no-cache=1473362272721 HTTP/1.1" 200 120
186.103.248.189 - - [08/Sep/2016:16:22:33 -0300] "GET /cormun/servlet/trsolicitudot? HTTP/1.1" 200 6558
186.103.248.189 - - [08/Sep/2016:16:22:34 -0300] "GET /cormun/servlet/trsolicitudot? HTTP/1.1" 200 6558
186.103.248.189 - - [08/Sep/2016:16:22:40 -0300] "GET /cormun/static/menuarrow.gif HTTP/1.1" 404 1015
186.103.248.189 - - [08/Sep/2016:16:22:47 -0300] "GET /cormun/servlet/trsolicitudot? HTTP/1.1" 200 6558
186.103.248.189 - - [08/Sep/2016:16:22:47 -0300] "GET /cormun/servlet/trsolicitudot? HTTP/1.1" 200 6558
186.103.248.189 - - [08/Sep/2016:16:23:20 -0300] "GET /cormun/servlet/trsolicitudot? HTTP/1.1" 200 6558
186.103.248.189 - - [08/Sep/2016:16:23:20 -0300] "GET /cormun/servlet/trsolicitudot? HTTP/1.1" 200 6558
192.168.10.98 - - [08/Sep/2016:16:23:42 -0300] "GET /cormun/servlet/trsolicitudot? HTTP/1.1" 200 7056
192.168.10.98 - - [08/Sep/2016:16:23:42 -0300] "GET /cormun/static/Resources/asc.gif HTTP/1.1" 200 67
192.168.10.98 - - [08/Sep/2016:16:23:42 -0300] "GET /cormun/static/Resources/desc.gif HTTP/1.1" 200 65
192.168.10.98 - - [08/Sep/2016:16:23:42 -0300] "GET /cormun/servlet/trsolicitudot? HTTP/1.1" 200 7056
192.168.10.98 - - [08/Sep/2016:16:23:53 -0300] "GET /cormun/servlet/trconsultaempleado? HTTP/1.1" 200 9199
192.168.10.98 - - [08/Sep/2016:16:23:53 -0300] "GET /cormun/static/gxcfg.js?201631021484737 HTTP/1.1" 200 953
192.168.10.98 - - [08/Sep/2016:16:23:53 -0300] "GET /cormun/static/trconsultaempleado.js?201631021485024 HTTP/1.1" 200 15811
192.168.10.98 - - [08/Sep/2016:16:23:55 -0300] "GET /cormun/servlet/trconsultaempleado? HTTP/1.1" 200 9199
186.103.248.189 - - [08/Sep/2016:16:24:19 -0300] "GET /cormun/servlet/trcontratoobservacion? HTTP/1.1" 200 6574
186.103.248.189 - - [08/Sep/2016:16:24:20 -0300] "GET /cormun/servlet/trcontratoobservacion? HTTP/1.1" 200 6574
192.168.10.98 - - [08/Sep/2016:16:24:24 -0300] "POST /cormun/servlet/trconsultaempleado?a64d61a4265a450899cac6d98abc3852,,gx-no-cache=1473362420610 HTTP/1.1" 200 4147
192.168.10.98 - - [08/Sep/2016:16:24:28 -0300] "GET /cormun/servlet/trsolicitudnombre?13568629, HTTP/1.1" 200 7311
192.168.10.98 - - [08/Sep/2016:16:24:28 -0300] "GET /cormun/static/gxcfg.js?201651622234165 HTTP/1.1" 200 953
192.168.10.98 - - [08/Sep/2016:16:24:28 -0300] "GET /cormun/static/trsolicitudnombre.js?201651622234560 HTTP/1.1" 200 34168
192.168.10.98 - - [08/Sep/2016:16:24:29 -0300] "GET /cormun/servlet/trsolicitudnombre?13568629, HTTP/1.1" 200 7309
192.168.10.98 - - [08/Sep/2016:16:25:58 -0300] "GET /cormun/servlet/trsolicitudgral? HTTP/1.1" 200 8162
192.168.10.98 - - [08/Sep/2016:16:25:59 -0300] "GET /cormun/servlet/trsolicitudgral? HTTP/1.1" 200 8148
192.168.10.98 - - [08/Sep/2016:16:26:12 -0300] "POST /cormun/servlet/trsolicitudgral?a64d61a4265a450899cac6d98abc3852,,gx-no-cache=1473362529143 HTTP/1.1" 200 5161
192.168.10.98 - - [08/Sep/2016:16:26:27 -0300] "POST /cormun/servlet/trsolicitudgral?a64d61a4265a450899cac6d98abc3852,,gx-no-cache=1473362543270 HTTP/1.1" 200 5163
186.103.248.189 - - [08/Sep/2016:16:26:30 -0300] "GET /cormun/servlet/trcontratoobservacion? HTTP/1.1" 200 6574
192.168.10.98 - - [08/Sep/2016:16:26:30 -0300] "POST /cormun/servlet/trsolicitudgral?a64d61a4265a450899cac6d98abc3852,,gx-no-cache=1473362546637 HTTP/1.1" 200 5162
186.103.248.189 - - [08/Sep/2016:16:26:31 -0300] "GET /cormun/servlet/trcontratoobservacion? HTTP/1.1" 200 6574
192.168.10.98 - - [08/Sep/2016:16:26:33 -0300] "POST /cormun/servlet/trsolicitudgral?a64d61a4265a450899cac6d98abc3852,,gx-no-cache=1473362549705 HTTP/1.1" 200 5164
192.168.10.98 - - [08/Sep/2016:16:26:35 -0300] "POST /cormun/servlet/trsolicitudgral?a64d61a4265a450899cac6d98abc3852,,gx-no-cache=1473362551250 HTTP/1.1" 200 5163
192.168.10.98 - - [08/Sep/2016:16:26:38 -0300] "POST /cormun/servlet/trsolicitudgral?a64d61a4265a450899cac6d98abc3852,,gx-no-cache=1473362554399 HTTP/1.1" 200 5164
192.168.10.98 - - [08/Sep/2016:16:26:39 -0300] "POST /cormun/servlet/trsolicitudgral?a64d61a4265a450899cac6d98abc3852,,gx-no-cache=1473362555425 HTTP/1.1" 200 5165
192.168.10.98 - - [08/Sep/2016:16:26:41 -0300] "POST /cormun/servlet/trsolicitudgral?a64d61a4265a450899cac6d98abc3852,,gx-no-cache=1473362558148 HTTP/1.1" 200 6500
186.103.248.189 - - [08/Sep/2016:16:27:19 -0300] "GET /cormun/servlet/trsolicitudot? HTTP/1.1" 200 6558
186.103.248.189 - - [08/Sep/2016:16:27:20 -0300] "GET /cormun/servlet/trsolicitudot? HTTP/1.1" 200 6558
186.103.248.189 - - [08/Sep/2016:16:28:13 -0300] "POST /cormun/servlet/trsolicitudot?a2437670ecfcd81de73e466568918ef7,,gx-no-cache=1473362982776 HTTP/1.1" 200 3795
186.103.248.189 - - [08/Sep/2016:16:28:18 -0300] "POST /cormun/servlet/trsolicitudot?a2437670ecfcd81de73e466568918ef7,,gx-no-cache=1473362986348 HTTP/1.1" 200 3793
186.103.248.189 - - [08/Sep/2016:16:28:20 -0300] "GET /cormun/servlet/solicitudot?INS,0,0, HTTP/1.1" 200 12007
186.103.248.189 - - [08/Sep/2016:16:28:21 -0300] "GET /cormun/servlet/solicitudot?INS,0,0, HTTP/1.1" 200 12012
186.103.248.189 - - [08/Sep/2016:16:28:25 -0300] "GET /cormun/static/Resources/resize.gif HTTP/1.1" 200 77
186.103.248.189 - - [08/Sep/2016:16:28:26 -0300] "GET /cormun/servlet/prfichaempleado?,MD,,gxPopupLevel%3D0%3B HTTP/1.1" 200 8556
186.103.248.189 - - [08/Sep/2016:16:28:26 -0300] "GET /cormun/static/gxcfg.js?201651622215715 HTTP/1.1" 200 953
186.103.248.189 - - [08/Sep/2016:16:28:26 -0300] "GET /cormun/static/Resources/PXToolsMenuSearch.png HTTP/1.1" 200 2914
186.103.248.189 - - [08/Sep/2016:16:28:26 -0300] "GET /cormun/static/prfichaempleado.js?201651622215919 HTTP/1.1" 200 15035
186.103.248.189 - - [08/Sep/2016:16:28:26 -0300] "GET /cormun/static/hmpwkw011.js?201651622203195 HTTP/1.1" 200 1968
186.103.248.189 - - [08/Sep/2016:16:28:26 -0300] "GET /cormun/static/Resources/PXToolsMenuSearchCancel.png HTTP/1.1" 200 2972
186.103.248.189 - - [08/Sep/2016:16:28:27 -0300] "GET /cormun/static/menusearch.js?20165162214271 HTTP/1.1" 200 1424
186.103.248.189 - - [08/Sep/2016:16:28:42 -0300] "POST /cormun/servlet/prfichaempleado?a2437670ecfcd81de73e466568918ef7,,MD,,gxPopupLevel%3D0%3B,gx-no-cache=1473363009615 HTTP/1.1" 200 3352
186.103.248.189 - - [08/Sep/2016:16:29:24 -0300] "GET /cormun/servlet/solicitudot?INS,0,0, HTTP/1.1" 200 12007
186.103.248.189 - - [08/Sep/2016:16:29:25 -0300] "GET /cormun/servlet/solicitudot?INS,0,0, HTTP/1.1" 200 12012
186.103.248.189 - - [08/Sep/2016:16:29:38 -0300] "POST /cormun/servlet/solicitudot?gx-no-cache=1473363067437 HTTP/1.1" 200 2986
186.103.248.189 - - [08/Sep/2016:16:29:38 -0300] "POST /cormun/servlet/solicitudot?a2437670ecfcd81de73e466568918ef7,INS,0,0,,gx-no-cache=1473363067825 HTTP/1.1" 200 9089
186.103.248.189 - - [08/Sep/2016:16:29:44 -0300] "GET /cormun/servlet/solicitudot?8208e427ff6fc0ce50d17ecf734ee250989bb35678f3d39dd74d3c03dae353a75a8502cc69633e74282c8d0ed8d58b7b,gx-no-cache=1473363074245 HTTP/1.1" 200 30
186.103.248.189 - - [08/Sep/2016:16:29:45 -0300] "POST /cormun/servlet/solicitudot?gx-no-cache=1473363074383 HTTP/1.1" 200 30
186.103.248.189 - - [08/Sep/2016:16:29:52 -0300] "POST /cormun/servlet/solicitudot?gx-no-cache=1473363081670 HTTP/1.1" 200 30
186.103.248.189 - - [08/Sep/2016:16:31:44 -0300] "GET /cormun/servlet/trsolicitudot? HTTP/1.1" 200 6565
186.103.248.189 - - [08/Sep/2016:16:31:45 -0300] "GET /cormun/servlet/trsolicitudot? HTTP/1.1" 200 6575
186.103.248.189 - - [08/Sep/2016:16:32:58 -0300] "GET /cormun/servlet/trcontratoobservacion? HTTP/1.1" 200 6574
186.103.248.189 - - [08/Sep/2016:16:32:59 -0300] "GET /cormun/servlet/trcontratoobservacion? HTTP/1.1" 200 6574
186.103.248.189 - - [08/Sep/2016:16:33:15 -0300] "POST /cormun/servlet/solicitudot?gx-no-cache=1473363285226 HTTP/1.1" 200 1187
186.103.248.189 - - [08/Sep/2016:16:33:16 -0300] "GET /cormun/servlet/solicitudot?8208e427ff6fc0ce50d17ecf734ee250d5f8f55fd7798f371e512ae6b067157ce69600b432b41b895279d13690fc34c952234f3faee3fb6a3ea5ffd6f9f12b695058cd3aeebba50ab1f45d8b92829012dfe1d249b924ab6dc1965a2178e3a8600dc15cfb125cabcc6ac3cbc3f332bc77f40c77e7faface9ad4fb5195286f653b89017b0bb175c1c6e75d12a765d38160,gx-no-cache=1473363285361 HTTP/1.1" 200 38
186.103.248.189 - - [08/Sep/2016:16:34:33 -0300] "GET /cormun/servlet/solicitudot?8208e427ff6fc0ce50d17ecf734ee25034ca17a9f0e8ccba50226afb0c37bd1e25806e0c34492c70eaf445ffb4483f3c8e0c61e0488d3a6cc056fa2c9d7109dc2c272394674f0a8010618252e7e74301f28022b9977b195bb094c0d92a0cef45d10d718129fa11fbd36a83c32c78c95251ceadc323c737aa3857273ab4d42de321a71cddd0bc535041c43a65240409dc6713514869bf6ba5387dec5dc72290a7,gx-no-cache=1473363351864 HTTP/1.1" 200 29
186.103.248.189 - - [08/Sep/2016:16:34:33 -0300] "POST /cormun/servlet/solicitudot?gx-no-cache=1473363362967 HTTP/1.1" 200 1144
186.103.248.189 - - [08/Sep/2016:16:34:33 -0300] "GET /cormun/static/menuarrow.gif HTTP/1.1" 404 1015
186.103.248.189 - - [08/Sep/2016:16:34:36 -0300] "POST /cormun/servlet/solicitudot?gx-no-cache=1473363365350 HTTP/1.1" 200 1187
186.103.248.189 - - [08/Sep/2016:16:34:36 -0300] "GET /cormun/servlet/solicitudot?8208e427ff6fc0ce50d17ecf734ee250d5f8f55fd7798f371e512ae6b067157ce69600b432b41b895279d13690fc34c952234f3faee3fb6a3ea5ffd6f9f12b695058cd3aeebba50ab1f45d8b92829012dfe1d249b924ab6dc1965a2178e3a8600dc15cfb125cabcc6ac3cbc3f332bc77f40c77e7faface9ad4fb5195286f653b89017b0bb175c1c6e75d12a765d38160,gx-no-cache=1473363365548 HTTP/1.1" 200 38
186.103.248.189 - - [08/Sep/2016:16:34:36 -0300] "POST /cormun/servlet/solicitudot?gx-no-cache=1473363365741 HTTP/1.1" 200 1144
186.103.248.189 - - [08/Sep/2016:16:35:22 -0300] "GET /cormun/servlet/solicitudot?8208e427ff6fc0ce50d17ecf734ee2502d2d4ab91baef25c0b54748d77ea9bc434a3bdf5c9e0c20f10a8337a0f9a90f247a1a3e27455ae1dbf9ab350cb53843732bfbcbf5e03d723721b8cbde248c7116b49b2310c7042ba9bdaa4aa2709d16551f027c3b3f1d47951132ea7d3fd44dc5e02672e98cbc31ea7c53bf82dbc26e07f9e0ca8acebdb0dd82565bd801dbbb10b6f43f365d70a3aea1e6783ffcd4c2a720ea19ff79108347887532e892ceb98,gx-no-cache=1473363411736 HTTP/1.1" 200 30
186.103.248.189 - - [08/Sep/2016:16:36:13 -0300] "POST /cormun/servlet/solicitudot?a2437670ecfcd81de73e466568918ef7,INS,0,0,,gx-no-cache=1473363451475 HTTP/1.1" 200 93
186.103.248.189 - - [08/Sep/2016:16:36:13 -0300] "GET /cormun/servlet/hpexe_return? HTTP/1.1" 200 1012
186.103.248.189 - - [08/Sep/2016:16:36:13 -0300] "GET /cormun/static/gxcfg.js?2015111312145050 HTTP/1.1" 200 953
186.103.248.189 - - [08/Sep/2016:16:36:13 -0300] "GET /cormun/static/hpexe_return.js?2015111312145056 HTTP/1.1" 200 1633
186.103.248.189 - - [08/Sep/2016:16:36:13 -0300] "GET /cormun/static/Resources/Spanish/PXTools.css?12112540 HTTP/1.1" 200 89042
186.103.248.189 - - [08/Sep/2016:16:36:14 -0300] "GET /cormun/servlet/trvisualizadoreventos HTTP/1.1" 200 6347
186.103.248.189 - - [08/Sep/2016:16:36:15 -0300] "GET /cormun/servlet/trvisualizadoreventos HTTP/1.1" 200 6344
186.103.248.189 - - [08/Sep/2016:16:36:25 -0300] "GET /cormun/servlet/trsolicitudot? HTTP/1.1" 200 6575
186.103.248.189 - - [08/Sep/2016:16:36:25 -0300] "GET /cormun/servlet/trsolicitudot? HTTP/1.1" 200 6575
186.103.248.189 - - [08/Sep/2016:16:36:32 -0300] "GET /cormun/servlet/solicitudot?INS,0,0, HTTP/1.1" 200 12007
186.103.248.189 - - [08/Sep/2016:16:36:32 -0300] "GET /cormun/servlet/solicitudot?INS,0,0, HTTP/1.1" 200 12012
186.103.248.189 - - [08/Sep/2016:16:36:59 -0300] "POST /cormun/servlet/solicitudot?gx-no-cache=1473363507960 HTTP/1.1" 200 3010
186.103.248.189 - - [08/Sep/2016:16:36:59 -0300] "POST /cormun/servlet/solicitudot?a2437670ecfcd81de73e466568918ef7,INS,0,0,,gx-no-cache=1473363508488 HTTP/1.1" 200 9104
186.103.248.189 - - [08/Sep/2016:16:37:05 -0300] "GET /cormun/servlet/solicitudot?8208e427ff6fc0ce50d17ecf734ee250abc88989bff6634f1a42956a0b501ba65a8502cc69633e74282c8d0ed8d58b7b,gx-no-cache=1473363515167 HTTP/1.1" 200 30
186.103.248.189 - - [08/Sep/2016:16:37:05 -0300] "POST /cormun/servlet/solicitudot?gx-no-cache=1473363515254 HTTP/1.1" 200 30
186.103.248.189 - - [08/Sep/2016:16:37:10 -0300] "POST /cormun/servlet/solicitudot?gx-no-cache=1473363519384 HTTP/1.1" 200 30
186.103.248.189 - - [08/Sep/2016:16:37:27 -0300] "POST /cormun/servlet/solicitudot?gx-no-cache=1473363536881 HTTP/1.1" 200 1187
186.103.248.189 - - [08/Sep/2016:16:37:27 -0300] "GET /cormun/servlet/solicitudot?8208e427ff6fc0ce50d17ecf734ee250d5f8f55fd7798f371e512ae6b067157ce69600b432b41b895279d13690fc34c952234f3faee3fb6a3ea5ffd6f9f12b695058cd3aeebba50ab1f45d8b92829012dfe1d249b924ab6dc1965a2178e3a8600dc15cfb125cabcc6ac3cbc3f332bc77f40c77e7faface9ad4fb5195286f653b89017b0bb175c1c6e75d12a765d38160,gx-no-cache=1473363537018 HTTP/1.1" 200 38
186.103.248.189 - - [08/Sep/2016:16:37:35 -0300] "GET /cormun/servlet/solicitudot?8208e427ff6fc0ce50d17ecf734ee25034ca17a9f0e8ccba50226afb0c37bd1e25806e0c34492c70eaf445ffb4483f3c8e0c61e0488d3a6cc056fa2c9d7109dc2c272394674f0a8010618252e7e74301f28022b9977b195bb094c0d92a0cef45d10d718129fa11fbd36a83c32c78c95251ceadc323c737aa3857273ab4d42de321a71cddd0bc535041c43a65240409dc6713514869bf6ba5387dec5dc72290a7,gx-no-cache=1473363544344 HTTP/1.1" 200 29
186.103.248.189 - - [08/Sep/2016:16:37:35 -0300] "POST /cormun/servlet/solicitudot?gx-no-cache=1473363544412 HTTP/1.1" 200 1144
186.103.248.189 - - [08/Sep/2016:16:37:50 -0300] "GET /cormun/servlet/solicitudot?8208e427ff6fc0ce50d17ecf734ee25055e87b32739b20227a46811cf8b4c2c9309a674b0fd8cb7a5d09595d2b9091fa47a1a3e27455ae1dbf9ab350cb53843732bfbcbf5e03d723721b8cbde248c7116b49b2310c7042ba9bdaa4aa2709d16551f027c3b3f1d47951132ea7d3fd44dc5e02672e98cbc31ea7c53bf82dbc26e07f9e0ca8acebdb0dd82565bd801dbbb10b6f43f365d70a3aea1e6783ffcd4c2a720ea19ff79108347887532e892ceb98,gx-no-cache=1473363560069 HTTP/1.1" 200 30
186.103.248.189 - - [08/Sep/2016:16:38:08 -0300] "POST /cormun/servlet/solicitudot?a2437670ecfcd81de73e466568918ef7,INS,0,0,,gx-no-cache=1473363577047 HTTP/1.1" 200 93
186.103.248.189 - - [08/Sep/2016:16:38:08 -0300] "GET /cormun/servlet/hpexe_return? HTTP/1.1" 200 1001
186.103.248.189 - - [08/Sep/2016:16:38:08 -0300] "GET /cormun/servlet/trsolicitudot HTTP/1.1" 200 6579
186.103.248.189 - - [08/Sep/2016:16:38:09 -0300] "GET /cormun/servlet/trsolicitudot HTTP/1.1" 200 6575
186.103.248.189 - - [08/Sep/2016:16:38:53 -0300] "GET /cormun/servlet/hlogin HTTP/1.1" 200 1722
186.103.248.189 - - [08/Sep/2016:16:40:42 -0300] "POST /cormun/servlet/hlogin?a2437670ecfcd81de73e466568918ef7,gx-no-cache=1473363720346 HTTP/1.1" 200 90
186.103.248.189 - - [08/Sep/2016:16:40:42 -0300] "GET /cormun/servlet/hpexe_link HTTP/1.1" 200 946
186.103.248.189 - - [08/Sep/2016:16:40:42 -0300] "GET /cormun/servlet/hhome HTTP/1.1" 200 3680
186.103.248.189 - - [08/Sep/2016:16:40:43 -0300] "GET /cormun/servlet/hhome HTTP/1.1" 200 3679
186.103.248.189 - - [08/Sep/2016:16:40:52 -0300] "GET /cormun/servlet/trautorizarsolicitud? HTTP/1.1" 200 6579
186.103.248.189 - - [08/Sep/2016:16:40:52 -0300] "GET /cormun/servlet/trautorizarsolicitud? HTTP/1.1" 200 6579
186.103.248.189 - - [08/Sep/2016:16:41:05 -0300] "POST /cormun/servlet/trautorizarsolicitud?a2437670ecfcd81de73e466568918ef7,,gx-no-cache=1473363754705 HTTP/1.1" 200 3833
186.103.248.189 - - [08/Sep/2016:16:41:07 -0300] "POST /cormun/servlet/trautorizarsolicitud?a2437670ecfcd81de73e466568918ef7,,gx-no-cache=1473363756869 HTTP/1.1" 200 3833
186.103.248.189 - - [08/Sep/2016:16:41:17 -0300] "GET /cormun/servlet/trvisualizadoreventos? HTTP/1.1" 200 6402
186.103.248.189 - - [08/Sep/2016:16:41:18 -0300] "GET /cormun/servlet/trvisualizadoreventos? HTTP/1.1" 200 6401
186.103.248.189 - - [08/Sep/2016:16:41:21 -0300] "POST /cormun/servlet/trvisualizadoreventos?a2437670ecfcd81de73e466568918ef7,,gx-no-cache=1473363770750 HTTP/1.1" 200 3654
186.103.159.230 - - [08/Sep/2016:16:41:40 -0300] "GET /cormun/servlet/hlogin HTTP/1.1" 200 1727
186.103.159.230 - - [08/Sep/2016:16:41:40 -0300] "GET /cormun/servlet/hlogin HTTP/1.1" 200 1738
186.103.248.189 - - [08/Sep/2016:16:41:41 -0300] "GET /cormun/servlet/trsolicitudot? HTTP/1.1" 200 6630
186.103.248.189 - - [08/Sep/2016:16:41:42 -0300] "GET /cormun/servlet/trsolicitudot? HTTP/1.1" 200 6629
186.103.248.189 - - [08/Sep/2016:16:41:46 -0300] "POST /cormun/servlet/trsolicitudot?a2437670ecfcd81de73e466568918ef7,,gx-no-cache=1473363795952 HTTP/1.1" 200 3860
186.103.159.230 - - [08/Sep/2016:16:41:51 -0300] "POST /cormun/servlet/hlogin?53e7301e3bb8a8e0abc8623ed60c0a20,gx-no-cache=1473363795630 HTTP/1.1" 200 90
186.103.159.230 - - [08/Sep/2016:16:41:51 -0300] "GET /cormun/servlet/hpexe_link HTTP/1.1" 200 954
186.103.159.230 - - [08/Sep/2016:16:41:51 -0300] "GET /cormun/servlet/hhome HTTP/1.1" 200 3685
186.103.159.230 - - [08/Sep/2016:16:41:51 -0300] "GET /cormun/static/PXToolsJavascripts/pexe_layers.js HTTP/1.1" 304 -
186.103.159.230 - - [08/Sep/2016:16:41:52 -0300] "GET /cormun/servlet/hhome HTTP/1.1" 200 3681
186.103.248.189 - - [08/Sep/2016:16:41:58 -0300] "GET /cormun/servlet/trvisualizadoreventos? HTTP/1.1" 200 6401
186.103.248.189 - - [08/Sep/2016:16:41:59 -0300] "GET /cormun/servlet/trvisualizadoreventos? HTTP/1.1" 200 6401
186.103.248.189 - - [08/Sep/2016:16:42:04 -0300] "POST /cormun/servlet/trvisualizadoreventos?a2437670ecfcd81de73e466568918ef7,,gx-no-cache=1473363814022 HTTP/1.1" 200 3651
186.103.159.230 - - [08/Sep/2016:16:42:13 -0300] "GET /cormun/servlet/trsolicitudot? HTTP/1.1" 200 6603
186.103.159.230 - - [08/Sep/2016:16:42:14 -0300] "GET /cormun/servlet/trsolicitudot? HTTP/1.1" 200 6602
186.103.159.230 - - [08/Sep/2016:16:42:17 -0300] "GET /cormun/servlet/solicitudot?INS,0,0, HTTP/1.1" 200 12065
186.103.159.230 - - [08/Sep/2016:16:42:17 -0300] "GET /cormun/servlet/solicitudot?INS,0,0, HTTP/1.1" 200 12070
186.103.248.189 - - [08/Sep/2016:16:42:29 -0300] "POST /cormun/servlet/trvisualizadoreventos?a2437670ecfcd81de73e466568918ef7,,gx-no-cache=1473363838264 HTTP/1.1" 200 90
186.103.248.189 - - [08/Sep/2016:16:42:29 -0300] "GET /cormun/servlet/hpexe_link HTTP/1.1" 200 967
186.103.248.189 - - [08/Sep/2016:16:42:29 -0300] "GET /cormun/servlet/trautorizarsolicitud? HTTP/1.1" 200 6580
186.103.248.189 - - [08/Sep/2016:16:42:30 -0300] "GET /cormun/servlet/trautorizarsolicitud? HTTP/1.1" 200 6578
186.103.248.189 - - [08/Sep/2016:16:42:37 -0300] "POST /cormun/servlet/trautorizarsolicitud?a2437670ecfcd81de73e466568918ef7,,gx-no-cache=1473363847024 HTTP/1.1" 200 3834
186.103.159.230 - - [08/Sep/2016:16:42:38 -0300] "POST /cormun/servlet/solicitudot?gx-no-cache=1473363842228 HTTP/1.1" 200 2992
186.103.159.230 - - [08/Sep/2016:16:42:38 -0300] "POST /cormun/servlet/solicitudot?53e7301e3bb8a8e0abc8623ed60c0a20,INS,0,0,,gx-no-cache=1473363842470 HTTP/1.1" 200 9174
186.103.248.189 - - [08/Sep/2016:16:42:39 -0300] "POST /cormun/servlet/trautorizarsolicitud?a2437670ecfcd81de73e466568918ef7,,gx-no-cache=1473363848182 HTTP/1.1" 200 3833
186.103.159.230 - - [08/Sep/2016:16:42:42 -0300] "GET /cormun/servlet/solicitudot?2e5a30f974432aa1c85d298c0594e4c0f0e46e74ad131fbb2cf0b49da842239dca9cb93edf4610ff1d86eddc5ac89219,gx-no-cache=1473363846839 HTTP/1.1" 200 30
186.103.159.230 - - [08/Sep/2016:16:42:42 -0300] "POST /cormun/servlet/solicitudot?gx-no-cache=1473363846896 HTTP/1.1" 200 30
186.103.248.189 - - [08/Sep/2016:16:42:48 -0300] "GET /cormun/servlet/trcontratouno? HTTP/1.1" 200 9485
186.103.248.189 - - [08/Sep/2016:16:42:49 -0300] "GET /cormun/servlet/trcontratouno? HTTP/1.1" 200 9484
186.103.159.230 - - [08/Sep/2016:16:42:54 -0300] "POST /cormun/servlet/solicitudot?gx-no-cache=1473363858205 HTTP/1.1" 200 30
186.103.159.230 - - [08/Sep/2016:16:42:58 -0300] "GET /cormun/servlet/prcontratosol?15125209,,,,,MD,,gxPopupLevel%3D0%3B HTTP/1.1" 200 5404
186.103.159.230 - - [08/Sep/2016:16:42:58 -0300] "GET /cormun/static/Resources/Spanish/PXTools.css?1423257 HTTP/1.1" 304 -
186.103.159.230 - - [08/Sep/2016:16:42:58 -0300] "GET /cormun/static/Resources/PXToolsMenuSearch.png HTTP/1.1" 304 -
186.103.159.230 - - [08/Sep/2016:16:42:58 -0300] "GET /cormun/static/gxcfg.js?2016141247819 HTTP/1.1" 304 -
186.103.159.230 - - [08/Sep/2016:16:42:58 -0300] "GET /cormun/static/Resources/PXToolsMenuSearchCancel.png HTTP/1.1" 304 -
186.103.159.230 - - [08/Sep/2016:16:42:58 -0300] "GET /cormun/static/menusearch.js?20165162214271 HTTP/1.1" 304 -
186.103.159.230 - - [08/Sep/2016:16:42:58 -0300] "GET /cormun/static/prcontratosol.js?2016141247993 HTTP/1.1" 304 -
186.103.159.230 - - [08/Sep/2016:16:42:58 -0300] "GET /cormun/static/hmpwkw011.js?201651622203195 HTTP/1.1" 304 -
186.103.248.189 - - [08/Sep/2016:16:43:16 -0300] "GET /cormun/servlet/trautorizarsolicitud? HTTP/1.1" 200 6578
186.103.248.189 - - [08/Sep/2016:16:43:17 -0300] "GET /cormun/servlet/trautorizarsolicitud? HTTP/1.1" 200 6578
186.103.248.189 - - [08/Sep/2016:16:43:24 -0300] "POST /cormun/servlet/trautorizarsolicitud?a2437670ecfcd81de73e466568918ef7,,gx-no-cache=1473363893104 HTTP/1.1" 200 3833
186.103.248.189 - - [08/Sep/2016:16:43:25 -0300] "POST /cormun/servlet/trautorizarsolicitud?a2437670ecfcd81de73e466568918ef7,,gx-no-cache=1473363894277 HTTP/1.1" 200 3835
186.103.248.189 - - [08/Sep/2016:16:43:27 -0300] "POST /cormun/servlet/trautorizarsolicitud?a2437670ecfcd81de73e466568918ef7,,gx-no-cache=1473363896303 HTTP/1.1" 200 90
186.103.248.189 - - [08/Sep/2016:16:43:27 -0300] "GET /cormun/servlet/hpexe_link HTTP/1.1" 200 956
186.103.248.189 - - [08/Sep/2016:16:43:27 -0300] "GET /cormun/servlet/hhome HTTP/1.1" 200 3680
186.103.248.189 - - [08/Sep/2016:16:43:28 -0300] "GET /cormun/servlet/hhome HTTP/1.1" 200 3679
186.103.248.189 - - [08/Sep/2016:16:43:39 -0300] "GET /cormun/servlet/trsolicitudot? HTTP/1.1" 200 6632
186.103.248.189 - - [08/Sep/2016:16:43:40 -0300] "GET /cormun/servlet/trsolicitudot? HTTP/1.1" 200 6632
186.103.248.189 - - [08/Sep/2016:16:43:44 -0300] "GET /cormun/servlet/solicitudot?INS,0,0, HTTP/1.1" 200 12067
186.103.248.189 - - [08/Sep/2016:16:43:45 -0300] "GET /cormun/servlet/solicitudot?INS,0,0, HTTP/1.1" 200 12072
186.103.159.230 - - [08/Sep/2016:16:44:10 -0300] "GET /cormun/servlet/trsolicitudot? HTTP/1.1" 200 6603
186.103.248.189 - - [08/Sep/2016:16:44:10 -0300] "GET /cormun/servlet/prfichaempleado?,MD,,gxPopupLevel%3D0%3B HTTP/1.1" 200 8545
186.103.159.230 - - [08/Sep/2016:16:44:10 -0300] "GET /cormun/servlet/trsolicitudot? HTTP/1.1" 200 6602
186.103.159.230 - - [08/Sep/2016:16:44:17 -0300] "GET /cormun/servlet/trsolicitudot? HTTP/1.1" 200 6602
186.103.159.230 - - [08/Sep/2016:16:44:17 -0300] "GET /cormun/servlet/trsolicitudot? HTTP/1.1" 200 6602
186.103.248.189 - - [08/Sep/2016:16:44:19 -0300] "POST /cormun/servlet/solicitudot?gx-no-cache=1473363948165 HTTP/1.1" 200 2986
186.103.248.189 - - [08/Sep/2016:16:44:19 -0300] "POST /cormun/servlet/solicitudot?a2437670ecfcd81de73e466568918ef7,INS,0,0,,gx-no-cache=1473363948607 HTTP/1.1" 200 9158
186.103.159.230 - - [08/Sep/2016:16:44:23 -0300] "GET /cormun/servlet/solicitudot?INS,0,0, HTTP/1.1" 200 12063
186.103.159.230 - - [08/Sep/2016:16:44:23 -0300] "GET /cormun/servlet/solicitudot?INS,0,0, HTTP/1.1" 200 12068
186.103.159.183 - - [08/Sep/2016:16:44:32 -0300] "GET /cormun/servlet/trautorizarsolicitud? HTTP/1.1" 200 5943
186.103.159.183 - - [08/Sep/2016:16:44:32 -0300] "GET /cormun/static/gxui/gxui-all.css?110300 HTTP/1.1" 200 2179
186.103.159.183 - - [08/Sep/2016:16:44:32 -0300] "GET /cormun/static/gxcfg.js?201651622221839 HTTP/1.1" 200 953
186.103.159.183 - - [08/Sep/2016:16:44:32 -0300] "GET /cormun/static/trautorizarsolicitud.js?201651622222430 HTTP/1.1" 200 44547
186.103.159.183 - - [08/Sep/2016:16:44:32 -0300] "GET /cormun/static/Resources/Spanish/PXTools.css?22123174 HTTP/1.1" 200 89042
186.103.159.183 - - [08/Sep/2016:16:44:32 -0300] "GET /cormun/static/Shared/ext/resources/css/ext-all.css?205870 HTTP/1.1" 200 416045
186.103.159.183 - - [08/Sep/2016:16:44:33 -0300] "GET /cormun/servlet/hlogin HTTP/1.1" 200 1743
186.103.159.183 - - [08/Sep/2016:16:44:33 -0300] "GET /cormun/servlet/trautorizarsolicitud? HTTP/1.1" 200 5941
186.103.159.230 - - [08/Sep/2016:16:44:40 -0300] "POST /cormun/servlet/solicitudot?gx-no-cache=1473363964522 HTTP/1.1" 200 2889
186.103.159.230 - - [08/Sep/2016:16:44:40 -0300] "POST /cormun/servlet/solicitudot?53e7301e3bb8a8e0abc8623ed60c0a20,INS,0,0,,gx-no-cache=1473363964655 HTTP/1.1" 200 9048
186.103.159.183 - - [08/Sep/2016:16:44:44 -0300] "POST /cormun/servlet/hlogin?c9e77bca644fa14650aa801a65bfa580,gx-no-cache=1473367572167 HTTP/1.1" 200 90
186.103.159.183 - - [08/Sep/2016:16:44:44 -0300] "GET /cormun/servlet/hpexe_link HTTP/1.1" 200 958
186.103.159.183 - - [08/Sep/2016:16:44:44 -0300] "GET /cormun/servlet/trautorizarsolicitud HTTP/1.1" 200 8296
186.103.159.183 - - [08/Sep/2016:16:44:46 -0300] "GET /cormun/servlet/trautorizarsolicitud HTTP/1.1" 200 8295
186.103.248.189 - - [08/Sep/2016:16:44:59 -0300] "GET /cormun/servlet/trautorizarsolicitud? HTTP/1.1" 200 6584
186.103.248.189 - - [08/Sep/2016:16:44:59 -0300] "GET /cormun/servlet/trautorizarsolicitud? HTTP/1.1" 200 6584
186.103.159.230 - - [08/Sep/2016:16:45:00 -0300] "POST /cormun/servlet/solicitudot?gx-no-cache=1473363984560 HTTP/1.1" 200 2992
186.103.159.230 - - [08/Sep/2016:16:45:00 -0300] "POST /cormun/servlet/solicitudot?53e7301e3bb8a8e0abc8623ed60c0a20,INS,0,0,,gx-no-cache=1473363984696 HTTP/1.1" 200 9229
186.103.248.189 - - [08/Sep/2016:16:45:02 -0300] "GET /cormun/static/menuarrow.gif HTTP/1.1" 404 1015
186.103.159.230 - - [08/Sep/2016:16:45:09 -0300] "GET /cormun/servlet/solicitudot?2e5a30f974432aa1c85d298c0594e4c0f0e46e74ad131fbb2cf0b49da842239dca9cb93edf4610ff1d86eddc5ac89219,gx-no-cache=1473363993385 HTTP/1.1" 200 30
186.103.159.230 - - [08/Sep/2016:16:45:09 -0300] "POST /cormun/servlet/solicitudot?gx-no-cache=1473363993437 HTTP/1.1" 200 30
186.103.159.230 - - [08/Sep/2016:16:45:09 -0300] "POST /cormun/servlet/solicitudot?gx-no-cache=1473363993465 HTTP/1.1" 200 122
186.103.159.230 - - [08/Sep/2016:16:45:09 -0300] "GET /cormun/static/Shared/jqueryui/images/ui-bg_highlight-soft_100_c6c2c8_1x100.png HTTP/1.1" 404 1117
186.103.159.230 - - [08/Sep/2016:16:45:09 -0300] "GET /cormun/static/Shared/jqueryui/images/ui-icons_82798d_256x240.png HTTP/1.1" 404 1089
186.103.159.230 - - [08/Sep/2016:16:45:09 -0300] "GET /cormun/static/Shared/jqueryui/images/ui-bg_flat_55_fafafa_40x100.png HTTP/1.1" 404 1097
186.103.159.230 - - [08/Sep/2016:16:45:09 -0300] "GET /cormun/static/Shared/jqueryui/images/ui-icons_8d78a5_256x240.png HTTP/1.1" 404 1089
186.103.159.230 - - [08/Sep/2016:16:45:09 -0300] "POST /cormun/servlet/solicitudot?gx-no-cache=1473363993591 HTTP/1.1" 200 1187
186.103.159.230 - - [08/Sep/2016:16:45:09 -0300] "GET /cormun/servlet/solicitudot?2e5a30f974432aa1c85d298c0594e4c02c3d163b98d4b76abdeb5bc1b93946ad11137326825cdf0ac0c8a017744eb9dedf1f0df195295daa4f657013bee57721ec32622e2b53c1f668428aa52eb6aef7c1b43ee33dbee0e447037fa15f84c20bebea886821cac47d5360f0faebfb4310e6c0b44064f526a51d05afe3d1ff72f4adffcb2cbb0182877aa8dae79aa01ed5,gx-no-cache=1473363993653 HTTP/1.1" 200 38
186.103.248.189 - - [08/Sep/2016:16:45:11 -0300] "POST /cormun/servlet/trautorizarsolicitud?a2437670ecfcd81de73e466568918ef7,,gx-no-cache=1473364000276 HTTP/1.1" 200 3847
186.103.248.189 - - [08/Sep/2016:16:45:16 -0300] "POST /cormun/servlet/trautorizarsolicitud?a2437670ecfcd81de73e466568918ef7,,gx-no-cache=1473364005165 HTTP/1.1" 200 3853
186.103.159.183 - - [08/Sep/2016:16:45:16 -0300] "POST /cormun/servlet/trautorizarsolicitud?c9e77bca644fa14650aa801a65bfa580,gx-no-cache=1473367603537 HTTP/1.1" 200 5306
186.103.159.183 - - [08/Sep/2016:16:45:16 -0300] "GET /cormun/static/Shared/jqueryui/images/ui-bg_highlight-soft_100_c6c2c8_1x100.png HTTP/1.1" 404 1117
186.103.159.183 - - [08/Sep/2016:16:45:16 -0300] "GET /cormun/static/Shared/jqueryui/images/ui-bg_flat_55_fafafa_40x100.png HTTP/1.1" 404 1097
186.103.159.183 - - [08/Sep/2016:16:45:16 -0300] "GET /cormun/static/Shared/jqueryui/images/ui-icons_8d78a5_256x240.png HTTP/1.1" 404 1089
186.103.159.183 - - [08/Sep/2016:16:45:16 -0300] "GET /cormun/static/Shared/jqueryui/images/ui-icons_82798d_256x240.png HTTP/1.1" 404 1089
186.103.159.183 - - [08/Sep/2016:16:45:16 -0300] "POST /cormun/servlet/trautorizarsolicitud?c9e77bca644fa14650aa801a65bfa580,gx-no-cache=1473367604042 HTTP/1.1" 200 5250
186.103.248.189 - - [08/Sep/2016:16:45:17 -0300] "POST /cormun/servlet/trautorizarsolicitud?a2437670ecfcd81de73e466568918ef7,,gx-no-cache=1473364006245 HTTP/1.1" 200 3853
186.103.159.230 - - [08/Sep/2016:16:45:22 -0300] "POST /cormun/servlet/solicitudot?gx-no-cache=1473364004586 HTTP/1.1" 200 122
186.103.159.183 - - [08/Sep/2016:16:45:25 -0300] "POST /cormun/servlet/trautorizarsolicitud?c9e77bca644fa14650aa801a65bfa580,gx-no-cache=1473367612988 HTTP/1.1" 200 4961
186.103.159.183 - - [08/Sep/2016:16:45:25 -0300] "POST /cormun/servlet/trautorizarsolicitud?c9e77bca644fa14650aa801a65bfa580,gx-no-cache=1473367613301 HTTP/1.1" 200 4904
186.103.159.183 - - [08/Sep/2016:16:45:29 -0300] "POST /cormun/servlet/trautorizarsolicitud?c9e77bca644fa14650aa801a65bfa580,gx-no-cache=1473367616541 HTTP/1.1" 200 3663
186.103.159.183 - - [08/Sep/2016:16:45:29 -0300] "POST /cormun/servlet/trautorizarsolicitud?c9e77bca644fa14650aa801a65bfa580,gx-no-cache=1473367616798 HTTP/1.1" 200 3518
186.103.159.183 - - [08/Sep/2016:16:45:36 -0300] "GET /cormun/static/menuarrow.gif HTTP/1.1" 404 1015
186.103.248.189 - - [08/Sep/2016:16:45:37 -0300] "POST /cormun/servlet/solicitudot?a2437670ecfcd81de73e466568918ef7,INS,0,0,,gx-no-cache=1473364026268 HTTP/1.1" 200 90
186.103.159.230 - - [08/Sep/2016:16:45:37 -0300] "POST /cormun/servlet/solicitudot?gx-no-cache=1473364021461 HTTP/1.1" 200 30
186.103.248.189 - - [08/Sep/2016:16:45:37 -0300] "GET /cormun/servlet/hpexe_link HTTP/1.1" 200 956
186.103.248.189 - - [08/Sep/2016:16:45:37 -0300] "GET /cormun/servlet/trsolicitudot HTTP/1.1" 200 6633
186.103.248.189 - - [08/Sep/2016:16:45:38 -0300] "GET /cormun/servlet/trsolicitudot HTTP/1.1" 200 6632
186.103.159.183 - - [08/Sep/2016:16:45:41 -0300] "POST /cormun/servlet/trautorizarsolicitud?c9e77bca644fa14650aa801a65bfa580,gx-no-cache=1473367628596 HTTP/1.1" 200 3541
186.103.159.230 - - [08/Sep/2016:16:45:43 -0300] "GET /cormun/servlet/prcontratosol?15125209,,,,,MD,,gxPopupLevel%3D0%3B HTTP/1.1" 200 5404
186.103.248.189 - - [08/Sep/2016:16:45:45 -0300] "GET /cormun/Manuales/ManualSolicitud.pdf HTTP/1.1" 206 440533
186.103.159.183 - - [08/Sep/2016:16:45:51 -0300] "POST /cormun/servlet/trautorizarsolicitud?c9e77bca644fa14650aa801a65bfa580,gx-no-cache=1473367639140 HTTP/1.1" 200 3542
186.103.159.230 - - [08/Sep/2016:16:45:59 -0300] "POST /cormun/servlet/solicitudot?gx-no-cache=1473364043848 HTTP/1.1" 200 1187
186.103.159.230 - - [08/Sep/2016:16:45:59 -0300] "GET /cormun/servlet/solicitudot?2e5a30f974432aa1c85d298c0594e4c02c3d163b98d4b76abdeb5bc1b93946ad11137326825cdf0ac0c8a017744eb9dedf1f0df195295daa4f657013bee57721ec32622e2b53c1f668428aa52eb6aef7c1b43ee33dbee0e447037fa15f84c20bebea886821cac47d5360f0faebfb4310e6c0b44064f526a51d05afe3d1ff72f4adffcb2cbb0182877aa8dae79aa01ed5,gx-no-cache=1473364043942 HTTP/1.1" 200 38
186.103.159.230 - - [08/Sep/2016:16:45:59 -0300] "GET /cormun/servlet/solicitudot?2e5a30f974432aa1c85d298c0594e4c0c550966dbdd85a758935a32fe714fa5eacf97c4066af678c8b35eddbab448043d626ad33607e57fbe4126f406961199688f0fd1ee9d202b97b22aedd2541df34ef4accfb6abb840a231b339cbd4b7ed4bdc746f0ebf20e5a82e37d0211ebde845f4859bd48633cc42819c301d0401de9a0595004b812223fb03e0c663188e879e763dbe7865d9cd02e79babdde8c44d4,gx-no-cache=1473364043968 HTTP/1.1" 200 29
186.103.159.230 - - [08/Sep/2016:16:45:59 -0300] "POST /cormun/servlet/solicitudot?gx-no-cache=1473364044030 HTTP/1.1" 200 1143
186.103.159.183 - - [08/Sep/2016:16:46:19 -0300] "GET /cormun/servlet/trsolicitudot? HTTP/1.1" 200 6598
186.103.159.183 - - [08/Sep/2016:16:46:20 -0300] "GET /cormun/servlet/trsolicitudot? HTTP/1.1" 200 6597
186.103.159.183 - - [08/Sep/2016:16:46:22 -0300] "GET /cormun/static/menuarrow.gif HTTP/1.1" 404 1015
186.103.159.183 - - [08/Sep/2016:16:46:26 -0300] "POST /cormun/servlet/trsolicitudot?c9e77bca644fa14650aa801a65bfa580,,gx-no-cache=1473367674164 HTTP/1.1" 200 3833
186.103.159.183 - - [08/Sep/2016:16:46:30 -0300] "POST /cormun/servlet/trsolicitudot?c9e77bca644fa14650aa801a65bfa580,,gx-no-cache=1473367677772 HTTP/1.1" 200 6729
186.103.159.230 - - [08/Sep/2016:16:46:55 -0300] "POST /cormun/servlet/solicitudot?gx-no-cache=1473364099652 HTTP/1.1" 200 1186
186.103.159.230 - - [08/Sep/2016:16:46:55 -0300] "GET /cormun/static/menuarrow.gif HTTP/1.1" 404 1015
186.103.159.183 - - [08/Sep/2016:16:47:02 -0300] "POST /cormun/servlet/trsolicitudot?c9e77bca644fa14650aa801a65bfa580,,gx-no-cache=1473367709803 HTTP/1.1" 200 6764
186.103.159.183 - - [08/Sep/2016:16:47:03 -0300] "GET /cormun/static/Shared/jqueryui/images/ui-bg_highlight-soft_100_c6c2c8_1x100.png HTTP/1.1" 404 1117
186.103.159.183 - - [08/Sep/2016:16:47:03 -0300] "GET /cormun/static/Shared/jqueryui/images/ui-icons_82798d_256x240.png HTTP/1.1" 404 1089
186.103.159.183 - - [08/Sep/2016:16:47:03 -0300] "GET /cormun/static/Shared/jqueryui/images/ui-bg_flat_55_fafafa_40x100.png HTTP/1.1" 404 1097
186.103.159.183 - - [08/Sep/2016:16:47:03 -0300] "GET /cormun/static/Shared/jqueryui/images/ui-icons_8d78a5_256x240.png HTTP/1.1" 404 1089
186.103.159.183 - - [08/Sep/2016:16:47:03 -0300] "POST /cormun/servlet/trsolicitudot?c9e77bca644fa14650aa801a65bfa580,,gx-no-cache=1473367710687 HTTP/1.1" 200 6705
186.103.159.230 - - [08/Sep/2016:16:47:21 -0300] "POST /cormun/servlet/solicitudot?gx-no-cache=1473364125084 HTTP/1.1" 200 1186
186.103.159.183 - - [08/Sep/2016:16:47:22 -0300] "POST /cormun/servlet/trsolicitudot?c9e77bca644fa14650aa801a65bfa580,,gx-no-cache=1473367729733 HTTP/1.1" 200 6764
