192.168.10.89 - - [02/Sep/2016:11:57:49 -0300] "POST /cormun/servlet/solicitudot?1fae3020e33192d009e5f9cfef5d23ee,UPD,2016,2626,,gx-no-cache=1472828027978 HTTP/1.1" 200 9812
192.168.10.89 - - [02/Sep/2016:11:57:49 -0300] "GET /cormun/servlet/solicitudot?086dbef2f4605f093dd13bf72c7762e5307235866481da6d84fd8f0b948924ead984a099c39df30e5e977cd321a384cd,gx-no-cache=1472828028213 HTTP/1.1" 200 30
192.168.10.89 - - [02/Sep/2016:11:57:49 -0300] "POST /cormun/servlet/solicitudot?gx-no-cache=1472828028288 HTTP/1.1" 200 30
192.168.10.89 - - [02/Sep/2016:11:57:49 -0300] "POST /cormun/servlet/solicitudot?gx-no-cache=1472828028308 HTTP/1.1" 200 122
192.168.10.89 - - [02/Sep/2016:11:57:49 -0300] "POST /cormun/servlet/solicitudot?gx-no-cache=1472828028364 HTTP/1.1" 200 1186
186.79.46.102 - - [02/Sep/2016:11:57:49 -0300] "GET /cormun/servlet/trsolicitudot HTTP/1.1" 200 7872
192.168.10.89 - - [02/Sep/2016:11:57:49 -0300] "GET /cormun/servlet/solicitudot?086dbef2f4605f093dd13bf72c7762e5fff640b22f9425df2cd3bbb1a2bca5b405391245eae484b05039948912d4f9d474044b4aedfb4e349809304de4ac765ccb1ad25f3795d9774cc5ceead37c074cc6d2064019fc25db1f79f977c266e424028bcac7df1f52b3410e0080af7a6caa2306773c5cb49482665ca7495b183120e537943a79f1d2bec117229d768c762a178efde67a8bb9ab2c4f2ef00b158f02,gx-no-cache=1472828028479 HTTP/1.1" 200 41
192.168.10.89 - - [02/Sep/2016:11:57:50 -0300] "GET /cormun/static/Shared/jqueryui/images/ui-bg_highlight-soft_100_c6c2c8_1x100.png HTTP/1.1" 404 1117
192.168.10.89 - - [02/Sep/2016:11:57:50 -0300] "GET /cormun/static/Shared/jqueryui/images/ui-icons_8d78a5_256x240.png HTTP/1.1" 404 1089
192.168.10.89 - - [02/Sep/2016:11:57:50 -0300] "GET /cormun/static/Shared/jqueryui/images/ui-bg_flat_55_fafafa_40x100.png HTTP/1.1" 404 1097
192.168.10.89 - - [02/Sep/2016:11:57:50 -0300] "GET /cormun/static/Shared/jqueryui/images/ui-icons_82798d_256x240.png HTTP/1.1" 404 1089
186.79.46.102 - - [02/Sep/2016:11:57:51 -0300] "GET /cormun//static/Resources/PXToolsActionView.png HTTP/1.1" 200 2995
186.79.46.102 - - [02/Sep/2016:11:57:51 -0300] "GET /cormun//static/Resources/PXToolsGridUpdate.png HTTP/1.1" 200 2984
186.79.46.102 - - [02/Sep/2016:11:57:51 -0300] "GET /cormun/servlet/trsolicitudot HTTP/1.1" 200 7868
186.79.46.102 - - [02/Sep/2016:11:57:51 -0300] "GET /cormun//static/Resources/PXToolsGridDelete.png HTTP/1.1" 200 357
186.79.46.102 - - [02/Sep/2016:11:57:51 -0300] "GET /cormun//static/Resources/PXToolsRemoveAllAction.png HTTP/1.1" 200 3558
186.79.46.102 - - [02/Sep/2016:11:57:51 -0300] "GET /cormun//static/Resources/PXTools/ActionInsert.png HTTP/1.1" 200 1482
186.79.46.102 - - [02/Sep/2016:11:57:56 -0300] "GET /cormun/servlet/solicitudot?INS,0,0, HTTP/1.1" 200 12100
192.168.10.89 - - [02/Sep/2016:11:57:57 -0300] "GET /cormun/servlet/prlicenciaspermisos?16490969,L,,MD,,gxPopupLevel%3D0%3B HTTP/1.1" 200 5453
186.79.46.102 - - [02/Sep/2016:11:57:57 -0300] "GET /cormun/servlet/solicitudot?INS,0,0, HTTP/1.1" 200 12105
186.79.46.102 - - [02/Sep/2016:11:58:01 -0300] "POST /cormun/servlet/solicitudot?ccfe58625afe45a4deecd27008751b69,INS,0,0,,gx-no-cache=1472828369824 HTTP/1.1" 200 93
186.79.46.102 - - [02/Sep/2016:11:58:01 -0300] "GET /cormun/servlet/hpexe_return? HTTP/1.1" 200 1011
186.79.46.102 - - [02/Sep/2016:11:58:01 -0300] "GET /cormun/servlet/trsolicitudot HTTP/1.1" 200 7872
186.79.46.102 - - [02/Sep/2016:11:58:02 -0300] "GET /cormun/servlet/trsolicitudot HTTP/1.1" 200 7868
192.168.10.89 - - [02/Sep/2016:11:58:04 -0300] "GET /cormun/servlet/solicitudot?086dbef2f4605f093dd13bf72c7762e5fff640b22f9425df2cd3bbb1a2bca5b405391245eae484b05039948912d4f9d474044b4aedfb4e349809304de4ac765ccb1ad25f3795d9774cc5ceead37c074cc6d2064019fc25db1f79f977c266e424028bcac7df1f52b3410e0080af7a6caa2306773c5cb49482665ca7495b1831202e69af38dccff821d71f6a35c7515eb286243a97f5253e9e445a748c00c0725c,gx-no-cache=1472828042719 HTTP/1.1" 200 41
186.79.46.102 - - [02/Sep/2016:11:58:07 -0300] "POST /cormun/servlet/trsolicitudot?ccfe58625afe45a4deecd27008751b69,gx-no-cache=1472828375821 HTTP/1.1" 200 106
186.79.46.102 - - [02/Sep/2016:11:58:07 -0300] "GET /cormun/servlet/trsolicitudadjuntos?2016,2717, HTTP/1.1" 200 5676
186.79.46.102 - - [02/Sep/2016:11:58:07 -0300] "GET /cormun/static/gxcfg.js?2016311731090 HTTP/1.1" 200 953
186.79.46.102 - - [02/Sep/2016:11:58:07 -0300] "GET /cormun/static/Resources/PXToolsGridFirst.gif HTTP/1.1" 200 379
186.79.46.102 - - [02/Sep/2016:11:58:07 -0300] "GET /cormun/static/Resources/PXToolsGridPrevious.gif HTTP/1.1" 200 369
186.79.46.102 - - [02/Sep/2016:11:58:07 -0300] "GET /cormun/static/trsolicitudadjuntos.js?2016311731342 HTTP/1.1" 200 17913
186.79.46.102 - - [02/Sep/2016:11:58:07 -0300] "GET /cormun/static/Resources/PXToolsGridNext.gif HTTP/1.1" 200 369
186.79.46.102 - - [02/Sep/2016:11:58:07 -0300] "GET /cormun/static/Resources/PXToolsGridLast.gif HTTP/1.1" 200 370
186.79.46.102 - - [02/Sep/2016:11:58:08 -0300] "GET /cormun/static/Resources/Spanish/PXTools.css?171692 HTTP/1.1" 200 89042
192.168.10.89 - - [02/Sep/2016:11:58:09 -0300] "GET /cormun/servlet/solicitudot?086dbef2f4605f093dd13bf72c7762e509ec8870dcb380988b3ebe9529e180dcf3407643f34c9df2db65677bf54f55d57b48d24b9a321c3eae9f5f009d764b95fcd65d41f07676431b4c7f1a50efd04fedd6d476f521c9b6ae3789d06b3bb50f2ba88eb75204e12b975ef132080b116b7c99d0eef076017bfccbdc55c15a4e2cc780e90893fcda968004579d3467974f7abbe4d8075cdc54ebf75cbf65f96eb0,gx-no-cache=1472828048192 HTTP/1.1" 200 29
192.168.10.89 - - [02/Sep/2016:11:58:09 -0300] "POST /cormun/servlet/solicitudot?gx-no-cache=1472828048233 HTTP/1.1" 200 1144
192.168.10.89 - - [02/Sep/2016:11:58:09 -0300] "GET /cormun/static/menuarrow.gif HTTP/1.1" 404 1015
186.79.46.102 - - [02/Sep/2016:11:58:10 -0300] "GET /cormun/servlet/trsolicitudadjuntos?2016,2717, HTTP/1.1" 200 5676
192.168.10.89 - - [02/Sep/2016:11:58:11 -0300] "GET /cormun/servlet/prlicenciaspermisos?16490969,L,,MD,,gxPopupLevel%3D0%3B HTTP/1.1" 200 5453
186.79.46.102 - - [02/Sep/2016:11:58:12 -0300] "GET /cormun/servlet/solicitudotadjuntos?INS,2016,2717,,1, HTTP/1.1" 200 5769
186.79.46.102 - - [02/Sep/2016:11:58:12 -0300] "GET /cormun/static/gxcfg.js?201631622493247 HTTP/1.1" 200 953
186.79.46.102 - - [02/Sep/2016:11:58:12 -0300] "GET /cormun/static/solicitudotadjuntos.js?201631622493267 HTTP/1.1" 200 11762
186.79.46.102 - - [02/Sep/2016:11:58:12 -0300] "GET /cormun/static/about:blank HTTP/1.1" 404 1011
186.79.46.102 - - [02/Sep/2016:11:58:13 -0300] "GET /cormun/servlet/solicitudotadjuntos?INS,2016,2717,,1, HTTP/1.1" 200 5763
186.79.46.102 - - [02/Sep/2016:11:58:14 -0300] "GET /cormun/servlet/solicitudotadjuntos?8d6441edcfd7351817460e9fa55052ffdc0614ecfbb2fb7a8eff89393a9bfc1b7955d51f631c5de2d9b5d7aee030d630,gx-no-cache=1472828383257 HTTP/1.1" 200 30
186.79.46.102 - - [02/Sep/2016:11:58:14 -0300] "POST /cormun/servlet/solicitudotadjuntos?ccfe58625afe45a4deecd27008751b69,INS,2016,2717,,1,,gx-no-cache=1472828383448 HTTP/1.1" 200 3549
186.79.46.102 - - [02/Sep/2016:11:58:17 -0300] "POST /cormun/servlet/solicitudotadjuntos?gx-no-cache=1472828385960 HTTP/1.1" 200 26
186.79.46.102 - - [02/Sep/2016:11:58:29 -0300] "GET /cormun/servlet/solicitudotadjuntos?8d6441edcfd7351817460e9fa55052ffe7385bac2df49afbf8dc547890dc6eab,gx-no-cache=1472828397998 HTTP/1.1" 200 30
186.79.46.102 - - [02/Sep/2016:11:58:29 -0300] "GET /cormun/servlet/solicitudotadjuntos?8d6441edcfd7351817460e9fa55052ffe7385bac2df49afbf8dc547890dc6eab,gx-no-cache=1472828398185 HTTP/1.1" 200 30
186.79.46.102 - - [02/Sep/2016:11:58:33 -0300] "POST /cormun/servlet/solicitudotadjuntos?ccfe58625afe45a4deecd27008751b69,INS,2016,2717,,1, HTTP/1.1" 200 116
186.79.46.102 - - [02/Sep/2016:11:58:33 -0300] "GET /cormun/servlet/hpexe_return? HTTP/1.1" 200 1030
186.79.46.102 - - [02/Sep/2016:11:58:34 -0300] "GET /cormun/servlet/trsolicitudadjuntos?2016,2717, HTTP/1.1" 200 7559
186.79.46.102 - - [02/Sep/2016:11:58:35 -0300] "GET /cormun/servlet/trsolicitudadjuntos?2016,2717, HTTP/1.1" 200 7555
186.79.46.102 - - [02/Sep/2016:11:58:37 -0300] "GET /cormun/servlet/solicitudotadjuntos?INS,2016,2717,,1, HTTP/1.1" 200 5769
186.79.46.102 - - [02/Sep/2016:11:58:37 -0300] "GET /cormun/static/about:blank HTTP/1.1" 404 1011
186.79.46.102 - - [02/Sep/2016:11:58:38 -0300] "GET /cormun/servlet/solicitudotadjuntos?INS,2016,2717,,1, HTTP/1.1" 200 5763
186.79.46.102 - - [02/Sep/2016:11:58:38 -0300] "GET /cormun/servlet/solicitudotadjuntos?8d6441edcfd7351817460e9fa55052ffdc0614ecfbb2fb7a8eff89393a9bfc1b7955d51f631c5de2d9b5d7aee030d630,gx-no-cache=1472828407867 HTTP/1.1" 200 30
186.79.46.102 - - [02/Sep/2016:11:58:39 -0300] "POST /cormun/servlet/solicitudotadjuntos?ccfe58625afe45a4deecd27008751b69,INS,2016,2717,,1,,gx-no-cache=1472828407989 HTTP/1.1" 200 3549
186.79.46.102 - - [02/Sep/2016:11:58:42 -0300] "POST /cormun/servlet/solicitudotadjuntos?gx-no-cache=1472828411458 HTTP/1.1" 200 26
192.168.10.89 - - [02/Sep/2016:11:58:45 -0300] "GET /cormun/servlet/solicitudot?086dbef2f4605f093dd13bf72c7762e5beec4381e0940fc32483a3d3494fe591ef809c36c828cf803862bdc74986b5aa98609f317d91a56463d62233d85c312594b3624be882734daa168f3cd211817355bda72e04dfcca670161426d8a146bdab1243d84347b23ab18444ce0668e3cf13829a423b1c5ed0bf22fcebb15f9e605fbaea25dcf538e8f9d99acb57e2451a3a64ab61fb008174effde2fd91b9b7f61ab526a7b56bf383945a01115da3c3ed555e114c33e8f76dff1f8182b1325b30,gx-no-cache=1472828083795 HTTP/1.1" 200 32
186.79.46.102 - - [02/Sep/2016:11:58:50 -0300] "GET /cormun/servlet/solicitudotadjuntos?8d6441edcfd7351817460e9fa55052ffe7385bac2df49afbf8dc547890dc6eab,gx-no-cache=1472828418948 HTTP/1.1" 200 30
186.79.46.102 - - [02/Sep/2016:11:58:50 -0300] "GET /cormun/servlet/solicitudotadjuntos?8d6441edcfd7351817460e9fa55052ffe7385bac2df49afbf8dc547890dc6eab,gx-no-cache=1472828419142 HTTP/1.1" 200 30
192.168.10.89 - - [02/Sep/2016:11:58:50 -0300] "POST /cormun/servlet/solicitudot?1fae3020e33192d009e5f9cfef5d23ee,UPD,2016,2626,,gx-no-cache=1472828088963 HTTP/1.1" 200 93
192.168.10.89 - - [02/Sep/2016:11:58:50 -0300] "GET /cormun/servlet/hpexe_return? HTTP/1.1" 200 1014
192.168.10.89 - - [02/Sep/2016:11:58:51 -0300] "GET /cormun/servlet/trsolicitudot HTTP/1.1" 200 8345
192.168.10.89 - - [02/Sep/2016:11:58:58 -0300] "GET /cormun/servlet/solicitudot?INS,0,0, HTTP/1.1" 200 12106
186.79.46.102 - - [02/Sep/2016:11:59:00 -0300] "POST /cormun/servlet/solicitudotadjuntos?ccfe58625afe45a4deecd27008751b69,INS,2016,2717,,1, HTTP/1.1" 200 116
186.79.46.102 - - [02/Sep/2016:11:59:00 -0300] "GET /cormun/servlet/hpexe_return? HTTP/1.1" 200 1030
186.79.46.102 - - [02/Sep/2016:11:59:00 -0300] "GET /cormun/servlet/trsolicitudadjuntos?2016,2717, HTTP/1.1" 200 7735
192.168.10.89 - - [02/Sep/2016:11:59:01 -0300] "GET /cormun/servlet/prfichaempleado?,MD,,gxPopupLevel%3D0%3B HTTP/1.1" 200 8601
186.79.46.102 - - [02/Sep/2016:11:59:02 -0300] "GET /cormun/servlet/trsolicitudadjuntos?2016,2717, HTTP/1.1" 200 7730
186.79.46.102 - - [02/Sep/2016:11:59:04 -0300] "GET /cormun/servlet/solicitudotadjuntos?INS,2016,2717,,1, HTTP/1.1" 200 5769
186.79.46.102 - - [02/Sep/2016:11:59:04 -0300] "GET /cormun/static/about:blank HTTP/1.1" 404 1011
186.79.46.102 - - [02/Sep/2016:11:59:05 -0300] "GET /cormun/servlet/solicitudotadjuntos?INS,2016,2717,,1, HTTP/1.1" 200 5763
186.79.46.102 - - [02/Sep/2016:11:59:05 -0300] "GET /cormun/servlet/solicitudotadjuntos?8d6441edcfd7351817460e9fa55052ffdc0614ecfbb2fb7a8eff89393a9bfc1b7955d51f631c5de2d9b5d7aee030d630,gx-no-cache=1472828434701 HTTP/1.1" 200 30
186.79.46.102 - - [02/Sep/2016:11:59:06 -0300] "POST /cormun/servlet/solicitudotadjuntos?ccfe58625afe45a4deecd27008751b69,INS,2016,2717,,1,,gx-no-cache=1472828434797 HTTP/1.1" 200 3549
192.168.10.89 - - [02/Sep/2016:11:59:08 -0300] "POST /cormun/servlet/prfichaempleado?1fae3020e33192d009e5f9cfef5d23ee,,MD,,gxPopupLevel%3D0%3B,gx-no-cache=1472828106702 HTTP/1.1" 200 3165
186.79.46.102 - - [02/Sep/2016:11:59:09 -0300] "POST /cormun/servlet/solicitudotadjuntos?gx-no-cache=1472828437993 HTTP/1.1" 200 26
192.168.10.89 - - [02/Sep/2016:11:59:14 -0300] "POST /cormun/servlet/prfichaempleado?1fae3020e33192d009e5f9cfef5d23ee,,MD,,gxPopupLevel%3D0%3B,gx-no-cache=1472828112468 HTTP/1.1" 200 3631
186.79.46.102 - - [02/Sep/2016:11:59:17 -0300] "GET /cormun/servlet/solicitudotadjuntos?8d6441edcfd7351817460e9fa55052ffe7385bac2df49afbf8dc547890dc6eab,gx-no-cache=1472828445957 HTTP/1.1" 200 30
186.79.46.102 - - [02/Sep/2016:11:59:17 -0300] "GET /cormun/servlet/solicitudotadjuntos?8d6441edcfd7351817460e9fa55052ffe7385bac2df49afbf8dc547890dc6eab,gx-no-cache=1472828446136 HTTP/1.1" 200 30
192.168.10.89 - - [02/Sep/2016:11:59:19 -0300] "POST /cormun/servlet/solicitudot?gx-no-cache=1472828118319 HTTP/1.1" 200 3009
192.168.10.89 - - [02/Sep/2016:11:59:20 -0300] "POST /cormun/servlet/solicitudot?1fae3020e33192d009e5f9cfef5d23ee,INS,0,0,,gx-no-cache=1472828118553 HTTP/1.1" 200 9177
192.168.10.89 - - [02/Sep/2016:11:59:22 -0300] "GET /cormun/servlet/solicitudot?086dbef2f4605f093dd13bf72c7762e5307235866481da6d84fd8f0b948924ea4f09a60e58e5e2ef3ba25e9f4b2bd35c,gx-no-cache=1472828121246 HTTP/1.1" 200 30
192.168.10.89 - - [02/Sep/2016:11:59:22 -0300] "POST /cormun/servlet/solicitudot?gx-no-cache=1472828121281 HTTP/1.1" 200 30
186.79.46.102 - - [02/Sep/2016:11:59:24 -0300] "POST /cormun/servlet/solicitudotadjuntos?ccfe58625afe45a4deecd27008751b69,INS,2016,2717,,1, HTTP/1.1" 200 116
186.79.46.102 - - [02/Sep/2016:11:59:24 -0300] "GET /cormun/servlet/hpexe_return? HTTP/1.1" 200 1030
192.168.10.89 - - [02/Sep/2016:11:59:24 -0300] "POST /cormun/servlet/solicitudot?gx-no-cache=1472828123165 HTTP/1.1" 200 30
186.79.46.102 - - [02/Sep/2016:11:59:24 -0300] "GET /cormun/servlet/trsolicitudadjuntos?2016,2717, HTTP/1.1" 200 7877
192.168.10.89 - - [02/Sep/2016:11:59:25 -0300] "GET /cormun/servlet/prcontratosol?12292549,,,,,MD,,gxPopupLevel%3D0%3B HTTP/1.1" 200 5445
192.168.10.89 - - [02/Sep/2016:11:59:26 -0300] "GET /cormun/static/Resources/PXToolsGridFirst.gif HTTP/1.1" 304 -
192.168.10.89 - - [02/Sep/2016:11:59:26 -0300] "GET /cormun/static/Resources/PXToolsGridPrevious.gif HTTP/1.1" 304 -
192.168.10.89 - - [02/Sep/2016:11:59:26 -0300] "GET /cormun/static/Resources/PXToolsGridNext.gif HTTP/1.1" 304 -
192.168.10.89 - - [02/Sep/2016:11:59:26 -0300] "GET /cormun/static/Resources/PXToolsGridLast.gif HTTP/1.1" 304 -
186.79.46.102 - - [02/Sep/2016:11:59:26 -0300] "GET /cormun/servlet/trsolicitudadjuntos?2016,2717, HTTP/1.1" 200 7875
192.168.10.89 - - [02/Sep/2016:11:59:28 -0300] "POST /cormun/servlet/solicitudot?gx-no-cache=1472828126738 HTTP/1.1" 200 507
192.168.10.89 - - [02/Sep/2016:11:59:28 -0300] "GET /cormun/servlet/solicitudot?086dbef2f4605f093dd13bf72c7762e5fff640b22f9425df2cd3bbb1a2bca5b405391245eae484b05039948912d4f9d474044b4aedfb4e349809304de4ac765ccb1ad25f3795d9774cc5ceead37c074cc6d2064019fc25db1f79f977c266e424028bcac7df1f52b3410e0080af7a6caa2306773c5cb49482665ca7495b1831202b312be78834fb892b929ad2202a6d1c,gx-no-cache=1472828126774 HTTP/1.1" 200 38
192.168.10.89 - - [02/Sep/2016:11:59:28 -0300] "GET /cormun/servlet/solicitudot?086dbef2f4605f093dd13bf72c7762e5bfca427e8566af515918ca31500f0005db0b0d16c9ef122b2d2e87fa08e962fd564a8c750c1cce6f4769aa9bdb882b4ac9e03300e3a40e2aae9d23c0b8b91e8d2c3de3f74d8d78b1fd0cbe996b9568d9790d1023f4d262be54715fe497b6dd73aaa81b729afda91ef59ca7fac843a37bb3e1e76d207a2f1ae8a9e282aa91c77069920103abcf8243b205fc97c4d82ea2,gx-no-cache=1472828126796 HTTP/1.1" 200 29
192.168.10.89 - - [02/Sep/2016:11:59:28 -0300] "POST /cormun/servlet/solicitudot?gx-no-cache=1472828126814 HTTP/1.1" 200 459
192.168.10.89 - - [02/Sep/2016:11:59:29 -0300] "GET /cormun/servlet/prsolicitudot?12292549,,,,,MD,,gxPopupLevel%3D0%3B HTTP/1.1" 200 5624
192.168.10.89 - - [02/Sep/2016:11:59:29 -0300] "GET /cormun/static/gxcfg.js?201631022393559 HTTP/1.1" 304 -
186.79.46.102 - - [02/Sep/2016:11:59:29 -0300] "GET /cormun/servlet/solicitudotadjuntos?INS,2016,2717,,1, HTTP/1.1" 200 5769
192.168.10.89 - - [02/Sep/2016:11:59:29 -0300] "GET /cormun/static/prsolicitudot.js?201631022393730 HTTP/1.1" 304 -
186.79.46.102 - - [02/Sep/2016:11:59:30 -0300] "GET /cormun/static/about:blank HTTP/1.1" 404 1011
186.79.46.102 - - [02/Sep/2016:11:59:31 -0300] "GET /cormun/servlet/solicitudotadjuntos?INS,2016,2717,,1, HTTP/1.1" 200 5763
186.79.46.102 - - [02/Sep/2016:11:59:31 -0300] "GET /cormun/servlet/solicitudotadjuntos?8d6441edcfd7351817460e9fa55052ffdc0614ecfbb2fb7a8eff89393a9bfc1b7955d51f631c5de2d9b5d7aee030d630,gx-no-cache=1472828460409 HTTP/1.1" 200 30
186.79.46.102 - - [02/Sep/2016:11:59:31 -0300] "POST /cormun/servlet/solicitudotadjuntos?ccfe58625afe45a4deecd27008751b69,INS,2016,2717,,1,,gx-no-cache=1472828460508 HTTP/1.1" 200 3549
186.79.46.102 - - [02/Sep/2016:11:59:36 -0300] "POST /cormun/servlet/solicitudotadjuntos?gx-no-cache=1472828464900 HTTP/1.1" 200 26
192.168.10.89 - - [02/Sep/2016:11:59:41 -0300] "GET /cormun/servlet/prfichaempleado?,MD,,gxPopupLevel%3D0%3B HTTP/1.1" 200 8601
186.103.157.42 - - [02/Sep/2016:11:59:42 -0300] "GET /cormun/servlet/veautorizarsolicitud?2016,2626,,SolicitudOTAdjuntos HTTP/1.1" 200 9175
186.103.157.42 - - [02/Sep/2016:11:59:43 -0300] "GET /cormun/pexe_scrolldiv.js HTTP/1.1" 404 1009
186.103.157.42 - - [02/Sep/2016:11:59:43 -0300] "GET /cormun/pexe_scrolldiv.js HTTP/1.1" 404 1009
186.103.157.42 - - [02/Sep/2016:11:59:43 -0300] "GET /cormun/static/tbautorizarsolicitud02.js?201631022373955 HTTP/1.1" 200 14738
186.79.46.102 - - [02/Sep/2016:11:59:43 -0300] "GET /cormun/servlet/solicitudotadjuntos?8d6441edcfd7351817460e9fa55052ffe7385bac2df49afbf8dc547890dc6eab,gx-no-cache=1472828472637 HTTP/1.1" 200 30
186.79.46.102 - - [02/Sep/2016:11:59:43 -0300] "GET /cormun/servlet/solicitudotadjuntos?8d6441edcfd7351817460e9fa55052ffe7385bac2df49afbf8dc547890dc6eab,gx-no-cache=1472828472722 HTTP/1.1" 200 30
186.103.157.42 - - [02/Sep/2016:11:59:45 -0300] "POST /cormun/servlet/acontrolpreferencessavestate?None,RPEREZ,true HTTP/1.1" 200 35
186.103.157.42 - - [02/Sep/2016:11:59:45 -0300] "GET /cormun/servlet/veautorizarsolicitud?2016,2626,,SolicitudOTAdjuntos HTTP/1.1" 200 9177
186.79.46.102 - - [02/Sep/2016:11:59:49 -0300] "POST /cormun/servlet/solicitudotadjuntos?ccfe58625afe45a4deecd27008751b69,INS,2016,2717,,1, HTTP/1.1" 200 116
192.168.10.89 - - [02/Sep/2016:11:59:49 -0300] "POST /cormun/servlet/prfichaempleado?1fae3020e33192d009e5f9cfef5d23ee,,MD,,gxPopupLevel%3D0%3B,gx-no-cache=1472828147655 HTTP/1.1" 200 3360
186.79.46.102 - - [02/Sep/2016:11:59:49 -0300] "GET /cormun/servlet/hpexe_return? HTTP/1.1" 200 1030
186.79.46.102 - - [02/Sep/2016:11:59:49 -0300] "GET /cormun/servlet/trsolicitudadjuntos?2016,2717, HTTP/1.1" 200 8004
186.79.46.102 - - [02/Sep/2016:11:59:51 -0300] "GET /cormun/servlet/trsolicitudadjuntos?2016,2717, HTTP/1.1" 200 8001
186.103.157.42 - - [02/Sep/2016:11:59:51 -0300] "GET /cormun/servlet/veautorizarsolicitud?2016,2626,,General HTTP/1.1" 200 7928
186.103.157.42 - - [02/Sep/2016:11:59:51 -0300] "GET /cormun/pexe_scrolldiv.js HTTP/1.1" 404 1009
192.168.10.89 - - [02/Sep/2016:11:59:52 -0300] "GET /cormun/servlet/prlicenciaspermisos?16490969,L,,MD,,gxPopupLevel%3D0%3B HTTP/1.1" 200 5446
186.103.157.42 - - [02/Sep/2016:11:59:52 -0300] "GET /cormun/servlet/veautorizarsolicitud?2016,2626,,General HTTP/1.1" 200 7927
186.79.46.102 - - [02/Sep/2016:11:59:53 -0300] "GET /cormun/servlet/solicitudotadjuntos?INS,2016,2717,,1, HTTP/1.1" 200 5769
186.79.46.102 - - [02/Sep/2016:11:59:53 -0300] "GET /cormun/static/about:blank HTTP/1.1" 404 1011
192.168.10.89 - - [02/Sep/2016:11:59:54 -0300] "POST /cormun/servlet/solicitudot?gx-no-cache=1472828153386 HTTP/1.1" 200 1183
186.79.46.102 - - [02/Sep/2016:11:59:55 -0300] "GET /cormun/servlet/solicitudotadjuntos?INS,2016,2717,,1, HTTP/1.1" 200 5763
186.79.46.102 - - [02/Sep/2016:11:59:55 -0300] "GET /cormun/servlet/solicitudotadjuntos?8d6441edcfd7351817460e9fa55052ffdc0614ecfbb2fb7a8eff89393a9bfc1b7955d51f631c5de2d9b5d7aee030d630,gx-no-cache=1472828484411 HTTP/1.1" 200 30
186.79.46.102 - - [02/Sep/2016:11:59:55 -0300] "POST /cormun/servlet/solicitudotadjuntos?ccfe58625afe45a4deecd27008751b69,INS,2016,2717,,1,,gx-no-cache=1472828484515 HTTP/1.1" 200 3549
192.168.10.89 - - [02/Sep/2016:11:59:57 -0300] "GET /cormun/servlet/solicitudot?086dbef2f4605f093dd13bf72c7762e5fff640b22f9425df2cd3bbb1a2bca5b405391245eae484b05039948912d4f9d474044b4aedfb4e349809304de4ac765ccb1ad25f3795d9774cc5ceead37c074cc6d2064019fc25db1f79f977c266e424028bcac7df1f52b3410e0080af7a6caa2306773c5cb49482665ca7495b1831202e69af38dccff821d71f6a35c7515eb287954b64848016e21b3202f659798019,gx-no-cache=1472828155521 HTTP/1.1" 200 38
186.79.46.102 - - [02/Sep/2016:11:59:59 -0300] "POST /cormun/servlet/solicitudotadjuntos?gx-no-cache=1472828488689 HTTP/1.1" 200 26
192.168.10.89 - - [02/Sep/2016:12:00:00 -0300] "POST /cormun/servlet/solicitudot?gx-no-cache=1472828158981 HTTP/1.1" 200 1143
186.79.46.102 - - [02/Sep/2016:12:00:05 -0300] "GET /cormun/servlet/solicitudotadjuntos?8d6441edcfd7351817460e9fa55052ffe7385bac2df49afbf8dc547890dc6eab,gx-no-cache=1472828494843 HTTP/1.1" 200 30
186.79.46.102 - - [02/Sep/2016:12:00:06 -0300] "GET /cormun/servlet/solicitudotadjuntos?8d6441edcfd7351817460e9fa55052ffe7385bac2df49afbf8dc547890dc6eab,gx-no-cache=1472828494929 HTTP/1.1" 200 30
192.168.10.89 - - [02/Sep/2016:12:00:06 -0300] "GET /cormun/servlet/solicitudot?086dbef2f4605f093dd13bf72c7762e5beec4381e0940fc32483a3d3494fe591ba86b9b63dfa28b0744871d507895bbe7d714802ae16f84b3ae41a79419ec16cc24e8bda4da61050e052ca770f174e9e931cf42fe067c2d1d48bf68fe92060726a3b01b05263e98c5a684039739fd8af25e386c37c3ad9638878b9637a09d7bc56c585e111c60fe09849995a8c433c7f0095026cf847bf9289398bd124332b8b1a4abd7c8fc31f26240a1dcd118c31e4fc042b1ff320b6170c8d40836f45ea7e,gx-no-cache=1472828164996 HTTP/1.1" 200 30
192.168.10.89 - - [02/Sep/2016:12:00:14 -0300] "POST /cormun/servlet/solicitudot?1fae3020e33192d009e5f9cfef5d23ee,INS,0,0,,gx-no-cache=1472828173274 HTTP/1.1" 200 10118
192.168.10.89 - - [02/Sep/2016:12:00:15 -0300] "GET /cormun/static/Shared/jqueryui/images/ui-bg_highlight-soft_100_c6c2c8_1x100.png HTTP/1.1" 404 1117
192.168.10.89 - - [02/Sep/2016:12:00:15 -0300] "GET /cormun/static/Shared/jqueryui/images/ui-bg_flat_55_994d53_40x100.png HTTP/1.1" 404 1097
192.168.10.89 - - [02/Sep/2016:12:00:15 -0300] "GET /cormun/static/Shared/jqueryui/images/ui-icons_82798d_256x240.png HTTP/1.1" 404 1089
192.168.10.89 - - [02/Sep/2016:12:00:15 -0300] "GET /cormun/static/Shared/jqueryui/images/ui-icons_ebccce_256x240.png HTTP/1.1" 404 1089
186.79.46.102 - - [02/Sep/2016:12:00:15 -0300] "POST /cormun/servlet/solicitudotadjuntos?ccfe58625afe45a4deecd27008751b69,INS,2016,2717,,1, HTTP/1.1" 200 116
186.79.46.102 - - [02/Sep/2016:12:00:15 -0300] "GET /cormun/servlet/hpexe_return? HTTP/1.1" 200 1030
186.79.46.102 - - [02/Sep/2016:12:00:16 -0300] "GET /cormun/servlet/trsolicitudadjuntos?2016,2717, HTTP/1.1" 200 8119
186.79.46.102 - - [02/Sep/2016:12:00:17 -0300] "GET /cormun/servlet/trsolicitudadjuntos?2016,2717, HTTP/1.1" 200 8115
186.79.46.102 - - [02/Sep/2016:12:00:19 -0300] "GET /cormun/servlet/solicitudotadjuntos?INS,2016,2717,,1, HTTP/1.1" 200 5769
186.79.46.102 - - [02/Sep/2016:12:00:19 -0300] "GET /cormun/static/about:blank HTTP/1.1" 404 1011
186.79.46.102 - - [02/Sep/2016:12:00:20 -0300] "GET /cormun/servlet/solicitudotadjuntos?INS,2016,2717,,1, HTTP/1.1" 200 5763
186.79.46.102 - - [02/Sep/2016:12:00:21 -0300] "GET /cormun/servlet/solicitudotadjuntos?8d6441edcfd7351817460e9fa55052ffdc0614ecfbb2fb7a8eff89393a9bfc1b7955d51f631c5de2d9b5d7aee030d630,gx-no-cache=1472828510198 HTTP/1.1" 200 30
186.79.46.102 - - [02/Sep/2016:12:00:21 -0300] "POST /cormun/servlet/solicitudotadjuntos?ccfe58625afe45a4deecd27008751b69,INS,2016,2717,,1,,gx-no-cache=1472828510413 HTTP/1.1" 200 3549
192.168.10.89 - - [02/Sep/2016:12:00:22 -0300] "GET /cormun/servlet/prlicenciaspermisos?16490969,L,,MD,,gxPopupLevel%3D0%3B HTTP/1.1" 200 5446
186.79.46.102 - - [02/Sep/2016:12:00:27 -0300] "POST /cormun/servlet/solicitudotadjuntos?gx-no-cache=1472828515952 HTTP/1.1" 200 26
192.168.10.89 - - [02/Sep/2016:12:00:29 -0300] "POST /cormun/servlet/solicitudot?gx-no-cache=1472828188014 HTTP/1.1" 200 122
192.168.10.89 - - [02/Sep/2016:12:00:29 -0300] "GET /cormun/static/Shared/jqueryui/images/ui-bg_flat_55_fafafa_40x100.png HTTP/1.1" 404 1097
192.168.10.89 - - [02/Sep/2016:12:00:29 -0300] "GET /cormun/static/Shared/jqueryui/images/ui-icons_8d78a5_256x240.png HTTP/1.1" 404 1089
192.168.10.89 - - [02/Sep/2016:12:00:32 -0300] "POST /cormun/servlet/solicitudot?gx-no-cache=1472828190463 HTTP/1.1" 200 1186
192.168.10.89 - - [02/Sep/2016:12:00:32 -0300] "GET /cormun/servlet/solicitudot?086dbef2f4605f093dd13bf72c7762e5fff640b22f9425df2cd3bbb1a2bca5b405391245eae484b05039948912d4f9d474044b4aedfb4e349809304de4ac765ccb1ad25f3795d9774cc5ceead37c074cc6d2064019fc25db1f79f977c266e424028bcac7df1f52b3410e0080af7a6caa2306773c5cb49482665ca7495b1831202e69af38dccff821d71f6a35c7515eb25860dd56bdf5da55554f0554cf10f6cd,gx-no-cache=1472828190550 HTTP/1.1" 200 41
192.168.10.89 - - [02/Sep/2016:12:00:32 -0300] "POST /cormun/servlet/solicitudot?gx-no-cache=1472828190578 HTTP/1.1" 200 1144
192.168.10.89 - - [02/Sep/2016:12:00:32 -0300] "GET /cormun/servlet/solicitudot?086dbef2f4605f093dd13bf72c7762e5beec4381e0940fc32483a3d3494fe591ba86b9b63dfa28b0744871d507895bbe7d714802ae16f84b3ae41a79419ec16cc24e8bda4da61050e052ca770f174e9e931cf42fe067c2d1d48bf68fe92060726a3b01b05263e98c5a684039739fd8af25e386c37c3ad9638878b9637a09d7bc56c585e111c60fe09849995a8c433c7f0095026cf847bf9289398bd124332b8b1a4abd7c8fc31f26240a1dcd118c31e4593a5219a550deb996d3b133261cc10c,gx-no-cache=1472828190624 HTTP/1.1" 200 32
192.168.10.89 - - [02/Sep/2016:12:00:32 -0300] "POST /cormun/servlet/solicitudot?1fae3020e33192d009e5f9cfef5d23ee,INS,0,0,,gx-no-cache=1472828190650 HTTP/1.1" 200 93
192.168.10.89 - - [02/Sep/2016:12:00:32 -0300] "GET /cormun/servlet/hpexe_return? HTTP/1.1" 200 1008
192.168.10.89 - - [02/Sep/2016:12:00:33 -0300] "GET /cormun/servlet/trsolicitudot HTTP/1.1" 200 8595
186.79.46.102 - - [02/Sep/2016:12:00:33 -0300] "GET /cormun/servlet/solicitudotadjuntos?8d6441edcfd7351817460e9fa55052ffe7385bac2df49afbf8dc547890dc6eab,gx-no-cache=1472828522398 HTTP/1.1" 200 30
186.79.46.102 - - [02/Sep/2016:12:00:33 -0300] "GET /cormun/servlet/solicitudotadjuntos?8d6441edcfd7351817460e9fa55052ffe7385bac2df49afbf8dc547890dc6eab,gx-no-cache=1472828522606 HTTP/1.1" 200 30
186.79.46.102 - - [02/Sep/2016:12:00:39 -0300] "POST /cormun/servlet/solicitudotadjuntos?ccfe58625afe45a4deecd27008751b69,INS,2016,2717,,1, HTTP/1.1" 200 116
186.79.46.102 - - [02/Sep/2016:12:00:40 -0300] "GET /cormun/servlet/hpexe_return? HTTP/1.1" 200 1030
186.79.46.102 - - [02/Sep/2016:12:00:40 -0300] "GET /cormun/servlet/trsolicitudadjuntos?2016,2717, HTTP/1.1" 200 8290
186.79.46.102 - - [02/Sep/2016:12:00:42 -0300] "GET /cormun/servlet/trsolicitudadjuntos?2016,2717, HTTP/1.1" 200 8286
192.168.10.89 - - [02/Sep/2016:12:00:42 -0300] "POST /cormun/servlet/trsolicitudot?1fae3020e33192d009e5f9cfef5d23ee,gx-no-cache=1472828201093 HTTP/1.1" 200 106
192.168.10.89 - - [02/Sep/2016:12:00:43 -0300] "GET /cormun/servlet/trsolicitudadjuntos?2016,2626, HTTP/1.1" 200 8015
186.79.46.102 - - [02/Sep/2016:12:00:48 -0300] "GET /cormun/servlet/trsolicitudot? HTTP/1.1" 200 7874
186.79.46.102 - - [02/Sep/2016:12:00:49 -0300] "GET /cormun/servlet/trsolicitudot? HTTP/1.1" 200 7868
186.79.46.102 - - [02/Sep/2016:12:00:56 -0300] "POST /cormun/servlet/trsolicitudot?ccfe58625afe45a4deecd27008751b69,,gx-no-cache=1472828545299 HTTP/1.1" 200 3980
186.79.46.102 - - [02/Sep/2016:12:00:57 -0300] "POST /cormun/servlet/trsolicitudot?ccfe58625afe45a4deecd27008751b69,,gx-no-cache=1472828546100 HTTP/1.1" 200 3832
186.79.46.102 - - [02/Sep/2016:12:01:00 -0300] "GET /cormun/servlet/trautorizarsolicitud? HTTP/1.1" 200 7801
186.79.46.102 - - [02/Sep/2016:12:01:00 -0300] "GET /cormun/static/gxui/gxui-all.css?110300 HTTP/1.1" 200 2179
186.79.46.102 - - [02/Sep/2016:12:01:00 -0300] "GET /cormun/static/gxcfg.js?201651622221839 HTTP/1.1" 200 953
186.79.46.102 - - [02/Sep/2016:12:01:01 -0300] "GET /cormun/static/trautorizarsolicitud.js?201651622222430 HTTP/1.1" 200 44547
192.168.10.89 - - [02/Sep/2016:12:01:01 -0300] "POST /cormun/servlet/trsolicitudadjuntos?1fae3020e33192d009e5f9cfef5d23ee,2016,2626,,gx-no-cache=1472828220202 HTTP/1.1" 200 90
192.168.10.89 - - [02/Sep/2016:12:01:01 -0300] "GET /cormun/servlet/hpexe_link HTTP/1.1" 200 967
186.79.46.102 - - [02/Sep/2016:12:01:01 -0300] "GET /cormun/static/Resources/Spanish/PXTools.css?22123174 HTTP/1.1" 200 89042
192.168.10.89 - - [02/Sep/2016:12:01:02 -0300] "GET /cormun/servlet/trsolicitudot HTTP/1.1" 200 8592
186.79.46.102 - - [02/Sep/2016:12:01:03 -0300] "GET /cormun/static/Shared/ext/resources/css/ext-all.css?205870 HTTP/1.1" 200 416045
186.79.46.102 - - [02/Sep/2016:12:01:05 -0300] "GET /cormun/servlet/trautorizarsolicitud? HTTP/1.1" 200 7801
186.79.46.102 - - [02/Sep/2016:12:01:16 -0300] "POST /cormun/servlet/trautorizarsolicitud?ccfe58625afe45a4deecd27008751b69,,gx-no-cache=1472828565105 HTTP/1.1" 200 3938
186.79.46.102 - - [02/Sep/2016:12:01:17 -0300] "POST /cormun/servlet/trautorizarsolicitud?ccfe58625afe45a4deecd27008751b69,,gx-no-cache=1472828565654 HTTP/1.1" 200 3795
192.168.10.89 - - [02/Sep/2016:12:01:25 -0300] "GET /cormun/servlet/hlogin HTTP/1.1" 200 1738
186.79.46.102 - - [02/Sep/2016:12:01:27 -0300] "GET /cormun/servlet/trlicencias? HTTP/1.1" 200 6553
186.79.46.102 - - [02/Sep/2016:12:01:27 -0300] "GET /cormun/static/gxcfg.js?201652515483078 HTTP/1.1" 200 953
186.79.46.102 - - [02/Sep/2016:12:01:27 -0300] "GET /cormun/static/trlicencias.js?201652515483531 HTTP/1.1" 200 36021
186.79.46.102 - - [02/Sep/2016:12:01:28 -0300] "GET /cormun/servlet/trlicencias? HTTP/1.1" 200 6552
186.79.46.102 - - [02/Sep/2016:12:01:33 -0300] "GET /cormun/servlet/licenciaspermisos?INS,0,,, HTTP/1.1" 200 6900
186.79.46.102 - - [02/Sep/2016:12:01:34 -0300] "GET /cormun/static/gxcfg.js?201652512202376 HTTP/1.1" 200 953
186.79.46.102 - - [02/Sep/2016:12:01:34 -0300] "GET /cormun/static/licenciaspermisos.js?201652512202423 HTTP/1.1" 200 29751
186.79.46.102 - - [02/Sep/2016:12:01:35 -0300] "GET /cormun/servlet/licenciaspermisos?INS,0,,, HTTP/1.1" 200 6900
186.79.46.102 - - [02/Sep/2016:12:01:45 -0300] "GET /cormun/servlet/licenciaspermisos?1f08625baa426f5e0b71bbff3a69001868922b43ebdd08efc2772423fae50e449cb86e221ebd8cb4111dde707d96f972,gx-no-cache=1472828594787 HTTP/1.1" 200 58
91.196.50.33 - - [02/Sep/2016:12:04:55 -0300] "GET /testproxy.php HTTP/1.1" 404 987
186.79.46.102 - - [02/Sep/2016:12:06:01 -0300] "GET /cormun/servlet/licenciaspermisos?1f08625baa426f5e0b71bbff3a690018d567771324619a058280c768336d55abf6268ae35fa07aca3fe446b6074d8e64800a2c1969cf8e586f667e9cede19430fd84295c1d5f349d53b5fec92edd652fd2cb108e5f153139afb60284afaa9183012b89c619ea89340b3906ce972439420eda33f445be48cceef931a7bf4f8d02dabe299ed0c0792a9259f9c6353ca531fe293c50a4bd93be71a879dc92dcddc55a9f78b7ba882934a6a1dc82f2e9d586cb95e1fcbd73bc8e8a1532dd3ddfa531aeae3adc1f37ba4b1c18a07f9bac8ce286d422059476728b617dfc7567b2c03e,gx-no-cache=1472828850229 HTTP/1.1" 200 153
186.79.46.102 - - [02/Sep/2016:12:06:01 -0300] "GET /cormun/static/Shared/jqueryui/images/ui-bg_flat_55_994d53_40x100.png HTTP/1.1" 404 1097
186.79.46.102 - - [02/Sep/2016:12:06:01 -0300] "GET /cormun/static/Shared/jqueryui/images/ui-icons_ebccce_256x240.png HTTP/1.1" 404 1089
186.79.46.102 - - [02/Sep/2016:12:06:02 -0300] "POST /cormun/servlet/licenciaspermisos?ccfe58625afe45a4deecd27008751b69,INS,0,,,,gx-no-cache=1472828850622 HTTP/1.1" 200 4316
186.79.46.102 - - [02/Sep/2016:12:06:13 -0300] "GET /cormun/servlet/licenciaspermisos?1f08625baa426f5e0b71bbff3a690018d567771324619a058280c768336d55ab7b8029bfe6153b207383ed9d0e8f07ac800a2c1969cf8e586f667e9cede19430fd84295c1d5f349d53b5fec92edd652fd2cb108e5f153139afb60284afaa9183012b89c619ea89340b3906ce972439420eda33f445be48cceef931a7bf4f8d02dabe299ed0c0792a9259f9c6353ca531fe293c50a4bd93be71a879dc92dcddc55a9f78b7ba882934a6a1dc82f2e9d586cb95e1fcbd73bc8e8a1532dd3ddfa531aeae3adc1f37ba4b1c18a07f9bac8ce286d422059476728b617dfc7567b2c03e,gx-no-cache=1472828862779 HTTP/1.1" 200 30
186.79.46.102 - - [02/Sep/2016:12:06:14 -0300] "POST /cormun/servlet/licenciaspermisos?ccfe58625afe45a4deecd27008751b69,INS,0,,,,gx-no-cache=1472828863060 HTTP/1.1" 200 4315
186.79.46.102 - - [02/Sep/2016:12:06:18 -0300] "POST /cormun/servlet/licenciaspermisos?ccfe58625afe45a4deecd27008751b69,INS,0,,,,gx-no-cache=1472828866465 HTTP/1.1" 500 10
186.79.46.102 - - [02/Sep/2016:12:06:29 -0300] "GET /cormun/servlet/hlogin HTTP/1.1" 200 1726
186.79.46.102 - - [02/Sep/2016:12:06:40 -0300] "POST /cormun/servlet/hlogin?ccfe58625afe45a4deecd27008751b69,gx-no-cache=1472828888989 HTTP/1.1" 200 90
186.79.46.102 - - [02/Sep/2016:12:06:40 -0300] "GET /cormun/servlet/hpexe_link HTTP/1.1" 200 971
186.79.46.102 - - [02/Sep/2016:12:06:40 -0300] "GET /cormun/servlet/licenciaspermisos?INS,0,,, HTTP/1.1" 200 6901
186.79.46.102 - - [02/Sep/2016:12:06:42 -0300] "GET /cormun/servlet/licenciaspermisos?INS,0,,, HTTP/1.1" 200 6900
186.79.46.102 - - [02/Sep/2016:12:06:46 -0300] "GET /cormun/servlet/trautorizarsolicitud? HTTP/1.1" 200 6599
186.79.46.102 - - [02/Sep/2016:12:06:48 -0300] "GET /cormun/servlet/trautorizarsolicitud? HTTP/1.1" 200 6588
186.79.46.102 - - [02/Sep/2016:12:06:52 -0300] "GET /cormun/servlet/hlogin HTTP/1.1" 200 1750
186.103.157.42 - - [02/Sep/2016:12:06:58 -0300] "GET /cormun/servlet/hlogin HTTP/1.1" 200 1725
186.103.157.42 - - [02/Sep/2016:12:07:01 -0300] "POST /cormun/servlet/hlogin?2134d60b7dc95c50155e5098f4af6d47,gx-no-cache=1472828913446 HTTP/1.1" 200 90
186.103.157.42 - - [02/Sep/2016:12:07:01 -0300] "GET /cormun/servlet/hpexe_link HTTP/1.1" 200 973
186.103.157.42 - - [02/Sep/2016:12:07:01 -0300] "GET /cormun/servlet/veautorizarsolicitud?2016,2626,,General HTTP/1.1" 200 7928
186.103.157.42 - - [02/Sep/2016:12:07:01 -0300] "GET /cormun/pexe_scrolldiv.js HTTP/1.1" 404 1009
186.103.157.42 - - [02/Sep/2016:12:07:03 -0300] "GET /cormun/servlet/veautorizarsolicitud?2016,2626,,General HTTP/1.1" 200 7927
186.103.157.42 - - [02/Sep/2016:12:07:08 -0300] "GET /cormun/servlet/trautorizarsolicitud? HTTP/1.1" 200 8390
186.103.157.42 - - [02/Sep/2016:12:07:09 -0300] "GET /cormun/servlet/trautorizarsolicitud? HTTP/1.1" 200 8385
186.103.157.42 - - [02/Sep/2016:12:07:30 -0300] "POST /cormun/servlet/trautorizarsolicitud?2134d60b7dc95c50155e5098f4af6d47,,gx-no-cache=1472828943087 HTTP/1.1" 200 106
186.103.157.42 - - [02/Sep/2016:12:07:31 -0300] "GET /cormun/servlet/trsolicitudadjuntos?2016,2626, HTTP/1.1" 200 8003
186.103.157.42 - - [02/Sep/2016:12:07:33 -0300] "GET /cormun/servlet/trsolicitudadjuntos?2016,2626, HTTP/1.1" 200 8003
186.103.157.42 - - [02/Sep/2016:12:07:35 -0300] "GET /cormun/servlet/solicitudotadjuntos?INS,2016,2626,,1, HTTP/1.1" 200 5759
186.103.157.42 - - [02/Sep/2016:12:07:36 -0300] "GET /cormun/static/about:blank HTTP/1.1" 404 1011
186.103.157.42 - - [02/Sep/2016:12:07:36 -0300] "GET /cormun/servlet/solicitudotadjuntos?INS,2016,2626,,1, HTTP/1.1" 200 5753
186.103.157.42 - - [02/Sep/2016:12:07:37 -0300] "GET /cormun/servlet/solicitudotadjuntos?64db65e0868e162d7de5bf86100c56ad0f1ba88389083492c92a3290cee0ef1ebf4d04ce846e4db19df3e32701915521,gx-no-cache=1472828949687 HTTP/1.1" 200 30
186.103.157.42 - - [02/Sep/2016:12:07:37 -0300] "POST /cormun/servlet/solicitudotadjuntos?2134d60b7dc95c50155e5098f4af6d47,INS,2016,2626,,1,,gx-no-cache=1472828949789 HTTP/1.1" 200 3575
186.103.157.42 - - [02/Sep/2016:12:07:40 -0300] "POST /cormun/servlet/solicitudotadjuntos?gx-no-cache=1472828952725 HTTP/1.1" 200 26
186.103.157.42 - - [02/Sep/2016:12:07:52 -0300] "GET /cormun/servlet/solicitudotadjuntos?64db65e0868e162d7de5bf86100c56adc03e9bf176f13377fe6214e8803e6d42,gx-no-cache=1472828965115 HTTP/1.1" 200 30
186.103.157.42 - - [02/Sep/2016:12:07:52 -0300] "GET /cormun/servlet/solicitudotadjuntos?64db65e0868e162d7de5bf86100c56adc03e9bf176f13377fe6214e8803e6d42,gx-no-cache=1472828965263 HTTP/1.1" 200 30
186.103.157.42 - - [02/Sep/2016:12:07:56 -0300] "POST /cormun/servlet/solicitudotadjuntos?2134d60b7dc95c50155e5098f4af6d47,INS,2016,2626,,1, HTTP/1.1" 200 116
186.103.157.42 - - [02/Sep/2016:12:07:56 -0300] "GET /cormun/servlet/hpexe_return? HTTP/1.1" 200 1025
186.103.157.42 - - [02/Sep/2016:12:07:57 -0300] "GET /cormun/servlet/trsolicitudadjuntos?2016,2626, HTTP/1.1" 200 8127
186.103.157.42 - - [02/Sep/2016:12:07:58 -0300] "GET /cormun/servlet/trsolicitudadjuntos?2016,2626, HTTP/1.1" 200 8126
186.103.157.42 - - [02/Sep/2016:12:08:00 -0300] "GET /cormun/servlet/solicitudotadjuntos?INS,2016,2626,,1, HTTP/1.1" 200 5759
186.103.157.42 - - [02/Sep/2016:12:08:01 -0300] "GET /cormun/static/about:blank HTTP/1.1" 404 1011
186.103.157.42 - - [02/Sep/2016:12:08:01 -0300] "GET /cormun/servlet/solicitudotadjuntos?INS,2016,2626,,1, HTTP/1.1" 200 5752
186.103.157.42 - - [02/Sep/2016:12:08:02 -0300] "GET /cormun/servlet/solicitudotadjuntos?64db65e0868e162d7de5bf86100c56ad0f1ba88389083492c92a3290cee0ef1ebf4d04ce846e4db19df3e32701915521,gx-no-cache=1472828974912 HTTP/1.1" 200 30
186.103.157.42 - - [02/Sep/2016:12:08:02 -0300] "POST /cormun/servlet/solicitudotadjuntos?2134d60b7dc95c50155e5098f4af6d47,INS,2016,2626,,1,,gx-no-cache=1472828975012 HTTP/1.1" 200 3575
186.103.157.42 - - [02/Sep/2016:12:08:06 -0300] "POST /cormun/servlet/solicitudotadjuntos?gx-no-cache=1472828978902 HTTP/1.1" 200 26
186.103.157.42 - - [02/Sep/2016:12:08:13 -0300] "GET /cormun/servlet/solicitudotadjuntos?64db65e0868e162d7de5bf86100c56adc03e9bf176f13377fe6214e8803e6d42,gx-no-cache=1472828985975 HTTP/1.1" 200 30
186.103.157.42 - - [02/Sep/2016:12:08:13 -0300] "GET /cormun/servlet/solicitudotadjuntos?64db65e0868e162d7de5bf86100c56adc03e9bf176f13377fe6214e8803e6d42,gx-no-cache=1472828986069 HTTP/1.1" 200 30
186.103.157.42 - - [02/Sep/2016:12:08:14 -0300] "POST /cormun/servlet/solicitudotadjuntos?2134d60b7dc95c50155e5098f4af6d47,INS,2016,2626,,1, HTTP/1.1" 200 116
186.103.157.42 - - [02/Sep/2016:12:08:15 -0300] "GET /cormun/servlet/hpexe_return? HTTP/1.1" 200 1025
186.103.157.42 - - [02/Sep/2016:12:08:15 -0300] "GET /cormun/servlet/trsolicitudadjuntos?2016,2626, HTTP/1.1" 200 8294
186.103.157.42 - - [02/Sep/2016:12:08:17 -0300] "GET /cormun/servlet/trsolicitudadjuntos?2016,2626, HTTP/1.1" 200 8293
186.103.157.42 - - [02/Sep/2016:12:08:22 -0300] "GET /cormun/servlet/trautorizarsolicitud? HTTP/1.1" 200 8391
186.103.157.42 - - [02/Sep/2016:12:08:23 -0300] "GET /cormun/servlet/trautorizarsolicitud? HTTP/1.1" 200 8385
186.103.157.42 - - [02/Sep/2016:12:08:32 -0300] "POST /cormun/servlet/trautorizarsolicitud?2134d60b7dc95c50155e5098f4af6d47,,gx-no-cache=1472829004522 HTTP/1.1" 200 5666
186.103.157.42 - - [02/Sep/2016:12:08:32 -0300] "GET /cormun/static/Shared/jqueryui/images/ui-bg_highlight-soft_100_c6c2c8_1x100.png HTTP/1.1" 404 1117
186.103.157.42 - - [02/Sep/2016:12:08:32 -0300] "GET /cormun/static/Shared/jqueryui/images/ui-icons_82798d_256x240.png HTTP/1.1" 404 1089
186.103.157.42 - - [02/Sep/2016:12:08:32 -0300] "GET /cormun/static/Shared/jqueryui/images/ui-bg_flat_55_fafafa_40x100.png HTTP/1.1" 404 1097
186.103.157.42 - - [02/Sep/2016:12:08:32 -0300] "GET /cormun/static/Shared/jqueryui/images/ui-icons_8d78a5_256x240.png HTTP/1.1" 404 1089
186.103.157.42 - - [02/Sep/2016:12:08:36 -0300] "POST /cormun/servlet/trautorizarsolicitud?2134d60b7dc95c50155e5098f4af6d47,,gx-no-cache=1472829008428 HTTP/1.1" 200 5666
186.103.157.42 - - [02/Sep/2016:12:08:44 -0300] "POST /cormun/servlet/trautorizarsolicitud?2134d60b7dc95c50155e5098f4af6d47,,gx-no-cache=1472829016793 HTTP/1.1" 200 3562
186.103.157.42 - - [02/Sep/2016:12:08:46 -0300] "POST /cormun/servlet/trautorizarsolicitud?2134d60b7dc95c50155e5098f4af6d47,,gx-no-cache=1472829018538 HTTP/1.1" 200 3563
186.103.157.42 - - [02/Sep/2016:12:08:52 -0300] "POST /cormun/servlet/trautorizarsolicitud?2134d60b7dc95c50155e5098f4af6d47,,gx-no-cache=1472829024492 HTTP/1.1" 200 3562
186.103.157.42 - - [02/Sep/2016:12:08:54 -0300] "GET /cormun/static/menuarrow.gif HTTP/1.1" 404 1015
186.103.157.42 - - [02/Sep/2016:12:08:58 -0300] "POST /cormun/servlet/trautorizarsolicitud?2134d60b7dc95c50155e5098f4af6d47,,gx-no-cache=1472829031242 HTTP/1.1" 200 3564
186.103.157.42 - - [02/Sep/2016:12:09:03 -0300] "POST /cormun/servlet/trautorizarsolicitud?2134d60b7dc95c50155e5098f4af6d47,,gx-no-cache=1472829034677 HTTP/1.1" 200 5656
186.103.157.42 - - [02/Sep/2016:12:09:08 -0300] "POST /cormun/servlet/trautorizarsolicitud?2134d60b7dc95c50155e5098f4af6d47,,gx-no-cache=1472829040867 HTTP/1.1" 200 5667
186.103.157.42 - - [02/Sep/2016:12:09:35 -0300] "POST /cormun/servlet/trautorizarsolicitud?2134d60b7dc95c50155e5098f4af6d47,,gx-no-cache=1472829042274 HTTP/1.1" 500 10
186.103.157.42 - - [02/Sep/2016:12:10:44 -0300] "GET /cormun/servlet/trautorizarsolicitud? HTTP/1.1" 200 8391
186.103.157.42 - - [02/Sep/2016:12:10:44 -0300] "GET /cormun/static/calendar-system.css?75620 HTTP/1.1" 304 -
186.103.157.42 - - [02/Sep/2016:12:10:44 -0300] "GET /cormun/static/Shared/ext/resources/css/ext-all.css?205870 HTTP/1.1" 304 -
186.103.157.42 - - [02/Sep/2016:12:10:44 -0300] "GET /cormun/static/Resources/Spanish/PXTools.css?22123174 HTTP/1.1" 304 -
186.103.157.42 - - [02/Sep/2016:12:10:44 -0300] "GET /cormun/static/SmoothNavMenu/resources/ddsmoothmenu.css?1012540 HTTP/1.1" 304 -
186.103.157.42 - - [02/Sep/2016:12:10:44 -0300] "GET /cormun/static/SmoothNavMenu/resources/ddsmoothmenu-v.css?1012540 HTTP/1.1" 304 -
186.103.157.42 - - [02/Sep/2016:12:10:44 -0300] "GET /cormun/static/scaMessage/css/jquery.pnotify.default.css?1716380 HTTP/1.1" 304 -
186.103.157.42 - - [02/Sep/2016:12:10:44 -0300] "GET /cormun/static/gxtimezone.js?85251 HTTP/1.1" 304 -
186.103.157.42 - - [02/Sep/2016:12:10:44 -0300] "GET /cormun/static/gxcfg.js?201651622221839 HTTP/1.1" 304 -
186.103.157.42 - - [02/Sep/2016:12:10:44 -0300] "GET /cormun/static/gxgral.js?85251 HTTP/1.1" 304 -
186.103.157.42 - - [02/Sep/2016:12:10:44 -0300] "GET /cormun/static/calendar-setup.js?85251 HTTP/1.1" 304 -
186.103.157.42 - - [02/Sep/2016:12:10:44 -0300] "GET /cormun/static/calendar.js?85251 HTTP/1.1" 304 -
186.103.157.42 - - [02/Sep/2016:12:10:44 -0300] "GET /cormun/static/gxui/gxui-all.js HTTP/1.1" 304 -
186.103.157.42 - - [02/Sep/2016:12:10:44 -0300] "GET /cormun/static/calendar-es.js?85251 HTTP/1.1" 304 -
186.103.157.42 - - [02/Sep/2016:12:10:44 -0300] "GET /cormun/static/RunJS/RunJS.js HTTP/1.1" 304 -
186.103.157.42 - - [02/Sep/2016:12:10:44 -0300] "GET /cormun/static/PXToolsJavascripts/pexe_autoreload.js HTTP/1.1" 304 -
186.103.157.42 - - [02/Sep/2016:12:10:44 -0300] "GET /cormun/static/PXToolsJavascripts/pexe_cookies.js HTTP/1.1" 304 -
186.103.157.42 - - [02/Sep/2016:12:10:44 -0300] "GET /cormun/static/PXToolsJavascripts/pexe_grid.js HTTP/1.1" 304 -
186.103.157.42 - - [02/Sep/2016:12:10:44 -0300] "GET /cormun/static/PXToolsJavascripts/pexe_windows.js HTTP/1.1" 304 -
186.103.157.42 - - [02/Sep/2016:12:10:44 -0300] "GET /cormun/static/PXToolsJavascripts/pexe_griddivfix.js HTTP/1.1" 304 -
186.103.157.42 - - [02/Sep/2016:12:10:44 -0300] "GET /cormun/static/PXToolsJavascripts/pexe_menudivfix.js HTTP/1.1" 304 -
186.103.157.42 - - [02/Sep/2016:12:10:44 -0300] "GET /cormun/static/PXToolsJavascripts/pexe_link.js HTTP/1.1" 304 -
186.103.157.42 - - [02/Sep/2016:12:10:44 -0300] "GET /cormun/static/PXToolsJavascripts/pexe_layers.js HTTP/1.1" 304 -
186.103.157.42 - - [02/Sep/2016:12:10:44 -0300] "GET /cormun/static/PXToolsJavascripts/pexe_oav.js HTTP/1.1" 304 -
186.103.157.42 - - [02/Sep/2016:12:10:44 -0300] "GET /cormun/static/PXToolsJavascripts/pexe_menus.js HTTP/1.1" 304 -
186.103.157.42 - - [02/Sep/2016:12:10:44 -0300] "GET /cormun/static/PXToolsJavascripts/pexe_picture.js HTTP/1.1" 304 -
186.103.157.42 - - [02/Sep/2016:12:10:44 -0300] "GET /cormun/static/PXToolsJavascripts/pexe_oavdivfix.js HTTP/1.1" 304 -
186.103.157.42 - - [02/Sep/2016:12:10:44 -0300] "GET /cormun/static/PXToolsJavascripts/pexe_popup.js HTTP/1.1" 304 -
186.103.157.42 - - [02/Sep/2016:12:10:44 -0300] "GET /cormun/static/PXToolsJavascripts/pexe_scrolldiv.js HTTP/1.1" 304 -
186.103.157.42 - - [02/Sep/2016:12:10:44 -0300] "GET /cormun/static/PXToolsJavascripts/pexe_tabs.js HTTP/1.1" 304 -
186.103.157.42 - - [02/Sep/2016:12:10:44 -0300] "GET /cormun/static/PXToolsJavascripts/pexe_upload.js HTTP/1.1" 304 -
186.103.157.42 - - [02/Sep/2016:12:10:44 -0300] "GET /cormun/static/PXToolsJavascripts/pexe_tabdivfix.js HTTP/1.1" 304 -
186.103.157.42 - - [02/Sep/2016:12:10:44 -0300] "GET /cormun/static/PXToolsJavascripts/PXToolsJavascriptsRender.js HTTP/1.1" 304 -
186.103.157.42 - - [02/Sep/2016:12:10:44 -0300] "GET /cormun/static/messages.spa.js?85251 HTTP/1.1" 304 -
186.103.157.42 - - [02/Sep/2016:12:10:44 -0300] "GET /cormun/static/gxdec.js?85251 HTTP/1.1" 304 -
186.103.157.42 - - [02/Sep/2016:12:10:44 -0300] "GET /cormun/static/Shared/ext/locale/ext-lang-en.js HTTP/1.1" 304 -
186.103.157.42 - - [02/Sep/2016:12:10:44 -0300] "GET /cormun/static/hpexe_recentlink.js?2015111312121342 HTTP/1.1" 304 -
186.103.157.42 - - [02/Sep/2016:12:10:44 -0300] "GET /cormun/static/hwchdr01.js?20162241650484 HTTP/1.1" 304 -
186.103.157.42 - - [02/Sep/2016:12:10:44 -0300] "GET /cormun/static/trautorizarsolicitud.js?201651622222430 HTTP/1.1" 304 -
186.103.157.42 - - [02/Sep/2016:12:10:44 -0300] "GET /cormun/static/hpexe_scripts.js?20151120014546 HTTP/1.1" 304 -
186.103.157.42 - - [02/Sep/2016:12:10:44 -0300] "GET /cormun/static/hpexe_messagecontroller.js?2015112210524422 HTTP/1.1" 304 -
186.103.157.42 - - [02/Sep/2016:12:10:44 -0300] "GET /cormun/static/hpexe_messagepopupcomponent.js?20165162214013 HTTP/1.1" 304 -
186.103.157.42 - - [02/Sep/2016:12:10:44 -0300] "GET /cormun/static/hpexe_messagegenexuscomponent.js?20151120014314 HTTP/1.1" 304 -
186.103.157.42 - - [02/Sep/2016:12:10:44 -0300] "GET /cormun/static/cmcontrolpreferences.js?20151120014525 HTTP/1.1" 304 -
186.103.157.42 - - [02/Sep/2016:12:10:44 -0300] "GET /cormun/static/Shared/jqueryui/jquery-ui.min.css?1245370 HTTP/1.1" 304 -
186.103.157.42 - - [02/Sep/2016:12:10:45 -0300] "GET /cormun/static/SmoothNavMenu/resources/ddsmoothmenu.js HTTP/1.1" 304 -
186.103.157.42 - - [02/Sep/2016:12:10:45 -0300] "GET /cormun/static/Shared/jquery/jquery-1.4.2.min.js HTTP/1.1" 304 -
186.103.157.42 - - [02/Sep/2016:12:10:45 -0300] "GET /cormun/static/Shared/jquery/jquery-1.10.2.min.js HTTP/1.1" 304 -
186.103.157.42 - - [02/Sep/2016:12:10:45 -0300] "GET /cormun/static/Shared/jqueryui/jquery-ui.min.js HTTP/1.1" 304 -
186.103.157.42 - - [02/Sep/2016:12:10:45 -0300] "GET /cormun/static/SmoothNavMenu/resources/SmoothNavMenuRender.js HTTP/1.1" 304 -
186.103.157.42 - - [02/Sep/2016:12:10:45 -0300] "GET /cormun/static/scaMessage/js/jquery.pnotify.min.js HTTP/1.1" 304 -
186.103.157.42 - - [02/Sep/2016:12:10:45 -0300] "GET /cormun/static/scaMessage/scaMessageRender.js HTTP/1.1" 304 -
186.103.157.42 - - [02/Sep/2016:12:10:45 -0300] "GET /cormun/static/hmpwkw03.js?201651622203894 HTTP/1.1" 304 -
186.103.157.42 - - [02/Sep/2016:12:10:45 -0300] "GET /cormun/static/Shared/ext/ext-all.js HTTP/1.1" 304 -
186.103.157.42 - - [02/Sep/2016:12:10:45 -0300] "GET /cormun/static/Resources/logo4.png HTTP/1.1" 304 -
186.103.157.42 - - [02/Sep/2016:12:10:45 -0300] "GET /cormun/static/Resources/PXToolsHeaderActionsLeft.png HTTP/1.1" 304 -
186.103.157.42 - - [02/Sep/2016:12:10:45 -0300] "GET /cormun/static/Resources/PXToolsHeaderHome.png HTTP/1.1" 304 -
186.103.157.42 - - [02/Sep/2016:12:10:45 -0300] "GET /cormun/static/Resources/PXToolsHeaderLogin.png HTTP/1.1" 304 -
186.103.157.42 - - [02/Sep/2016:12:10:45 -0300] "GET /cormun/static/Resources/PXToolsHeaderActionsRight.png HTTP/1.1" 304 -
186.103.157.42 - - [02/Sep/2016:12:10:45 -0300] "GET /cormun/static/Resources/PXToolsHeaderSecurity.png HTTP/1.1" 304 -
186.103.157.42 - - [02/Sep/2016:12:10:45 -0300] "GET /cormun/static/Resources/PXToolsHeaderPreferences.png HTTP/1.1" 304 -
186.103.157.42 - - [02/Sep/2016:12:10:45 -0300] "GET /cormun/static/Resources/PXTools/calendar.png HTTP/1.1" 304 -
186.103.157.42 - - [02/Sep/2016:12:10:46 -0300] "GET /cormun/static/Resources/PXToolsDataSearch.png HTTP/1.1" 304 -
186.103.157.42 - - [02/Sep/2016:12:10:46 -0300] "GET /cormun/static/Resources/PXToolsGridFirstDisabled.gif HTTP/1.1" 304 -
186.103.157.42 - - [02/Sep/2016:12:10:46 -0300] "GET /cormun/static/Resources/PXToolsGridPreviousDisabled.gif HTTP/1.1" 304 -
186.103.157.42 - - [02/Sep/2016:12:10:46 -0300] "GET /cormun/static/Resources/PXToolsGridNextDisabled.gif HTTP/1.1" 304 -
186.103.157.42 - - [02/Sep/2016:12:10:46 -0300] "GET /cormun/static/Resources/PXToolsGridLastDisabled.gif HTTP/1.1" 304 -
186.103.157.42 - - [02/Sep/2016:12:10:46 -0300] "GET /cormun/static/Resources/PXToolsGridPage.gif HTTP/1.1" 304 -
186.103.157.42 - - [02/Sep/2016:12:10:46 -0300] "GET /cormun/static/Resources/PXToolsActionExcel.png HTTP/1.1" 304 -
186.103.157.42 - - [02/Sep/2016:12:11:04 -0300] "GET /cormun/static/gxui/gxui-all.css?110300 HTTP/1.1" 304 -
186.103.157.42 - - [02/Sep/2016:12:11:04 -0300] "GET /cormun/static/Resources/PXToolsFooterBackground2.png HTTP/1.1" 304 -
186.103.157.42 - - [02/Sep/2016:12:11:04 -0300] "GET /cormun/static/Resources/PXToolsHeaderActionsBackground.png HTTP/1.1" 304 -
186.103.157.42 - - [02/Sep/2016:12:11:05 -0300] "GET /cormun/static/Resources/indicator.gif HTTP/1.1" 304 -
186.103.157.42 - - [02/Sep/2016:12:11:05 -0300] "GET /cormun/static/Resources/asc.gif HTTP/1.1" 304 -
186.103.157.42 - - [02/Sep/2016:12:11:05 -0300] "GET /cormun/static/Resources/desc.gif HTTP/1.1" 304 -
186.103.157.42 - - [02/Sep/2016:12:11:05 -0300] "GET /cormun//static/Resources/PXToolsActionView.png HTTP/1.1" 304 -
186.103.157.42 - - [02/Sep/2016:12:11:05 -0300] "GET /cormun//static/Resources/PXToolsRemoveAllAction.png HTTP/1.1" 304 -
186.103.157.42 - - [02/Sep/2016:12:11:05 -0300] "GET /cormun//static/Resources/PXToolsGridDelete.png HTTP/1.1" 304 -
186.103.157.42 - - [02/Sep/2016:12:11:05 -0300] "GET /cormun//static/Resources/PXToolsGridUpdate.png HTTP/1.1" 304 -
186.103.157.42 - - [02/Sep/2016:12:11:05 -0300] "GET /cormun//static/Resources/PXTools/ActionInsert.png HTTP/1.1" 304 -
