200.112.7.204 - - [30/Aug/2016:13:15:58 -0300] "GET /cormun/servlet/solicitudot?f0bb91694a23699043418fc95bc3fcf3189bebb1db5854188866a327907874ae52135bcb2da1f1a6157932857d14da564e7404fc066afad8cfbdd6a724d571fb6ade77c1bfef5fa751329f42bebe6bfb8bd0aea4375955fca6da6e1c01a956ea2ca06036f0fee405eb383bdc46f23ae6e3e21f05181b7033ec641b802acc5a8b6187f765b6a502db0f22790a6c032acef24b934287ab0bec4b8289ef7dfeac67,gx-no-cache=1472573845440 HTTP/1.1" 200 41
200.112.7.204 - - [30/Aug/2016:13:15:59 -0300] "POST /cormun/servlet/solicitudot?gx-no-cache=1472573845554 HTTP/1.1" 200 1143
200.112.7.204 - - [30/Aug/2016:13:15:59 -0300] "GET /cormun/servlet/solicitudot?f0bb91694a23699043418fc95bc3fcf3e6ed82edff117c728f9e86b047db8f3a9f0a72239e820d61da1afa318e16bcb7fb566571955d0389708f9ee51ef352a77ceb8641da3c1f2c77145bca546c72fb2b87a076b726ca98fce5b2803e38a4cff509d82669234b8f213a30856556bfc8ed5e768febbeb62b16eeba636947b325f592713bf89dd003fa1e6f891ea1831539a3b6b25084d8b15922ff6ff37f28b2bccd3322edc76d2f3f07b2d6dfe2a1de666f095ddeff5a091e953833658bfcfe,gx-no-cache=1472573845713 HTTP/1.1" 200 30
200.112.7.204 - - [30/Aug/2016:13:15:59 -0300] "POST /cormun/servlet/solicitudot?0feed8ea952e2b59f4633d422a98de0c,INS,0,0,,gx-no-cache=1472573845785 HTTP/1.1" 200 10099
186.67.172.234 - - [30/Aug/2016:13:17:43 -0300] "GET /cormun/servlet/hlogin HTTP/1.1" 200 1727
200.112.7.204 - - [30/Aug/2016:13:17:54 -0300] "POST /cormun/servlet/solicitudot?gx-no-cache=1472573961450 HTTP/1.1" 200 120
186.67.172.234 - - [30/Aug/2016:13:17:54 -0300] "POST /cormun/servlet/hlogin?2af0dfa285db39b1ef9789ecbb3110ea,gx-no-cache=1472577561054 HTTP/1.1" 200 90
186.67.172.234 - - [30/Aug/2016:13:17:54 -0300] "GET /cormun/servlet/hpexe_link HTTP/1.1" 200 963
200.112.7.204 - - [30/Aug/2016:13:17:55 -0300] "POST /cormun/servlet/solicitudot?gx-no-cache=1472573961592 HTTP/1.1" 200 122
186.67.172.234 - - [30/Aug/2016:13:17:55 -0300] "GET /cormun/servlet/trautorizarsolicitud? HTTP/1.1" 200 6607
200.112.7.204 - - [30/Aug/2016:13:17:55 -0300] "POST /cormun/servlet/solicitudot?gx-no-cache=1472573961706 HTTP/1.1" 200 1184
200.112.7.204 - - [30/Aug/2016:13:17:55 -0300] "GET /cormun/servlet/solicitudot?f0bb91694a23699043418fc95bc3fcf3189bebb1db5854188866a327907874ae52135bcb2da1f1a6157932857d14da564e7404fc066afad8cfbdd6a724d571fb6ade77c1bfef5fa751329f42bebe6bfb8bd0aea4375955fca6da6e1c01a956ea2ca06036f0fee405eb383bdc46f23ae6e3e21f05181b7033ec641b802acc5a8b6187f765b6a502db0f22790a6c032aceb8cda785b4e150b1881b08399da6319c,gx-no-cache=1472573961914 HTTP/1.1" 200 41
200.112.7.204 - - [30/Aug/2016:13:17:55 -0300] "POST /cormun/servlet/solicitudot?gx-no-cache=1472573961987 HTTP/1.1" 200 1143
200.112.7.204 - - [30/Aug/2016:13:17:55 -0300] "GET /cormun/servlet/solicitudot?f0bb91694a23699043418fc95bc3fcf3e6ed82edff117c728f9e86b047db8f3a9f0a72239e820d61da1afa318e16bcb7fb566571955d0389708f9ee51ef352a77ceb8641da3c1f2c77145bca546c72fb2b87a076b726ca98fce5b2803e38a4cff509d82669234b8f213a30856556bfc8ed5e768febbeb62b16eeba636947b325f592713bf89dd003fa1e6f891ea1831539a3b6b25084d8b15922ff6ff37f28b2bccd3322edc76d2f3f07b2d6dfe2a1def1d165100ce8b58a64867a40e7b89a12,gx-no-cache=1472573962143 HTTP/1.1" 200 32
186.67.172.234 - - [30/Aug/2016:13:17:55 -0300] "GET /cormun/servlet/trautorizarsolicitud? HTTP/1.1" 200 6605
200.112.7.204 - - [30/Aug/2016:13:17:56 -0300] "POST /cormun/servlet/solicitudot?0feed8ea952e2b59f4633d422a98de0c,INS,0,0,,gx-no-cache=1472573962230 HTTP/1.1" 200 10147
186.67.172.234 - - [30/Aug/2016:13:18:00 -0300] "GET /cormun/servlet/trsolicitudot? HTTP/1.1" 200 6665
186.67.172.234 - - [30/Aug/2016:13:18:00 -0300] "GET /cormun/servlet/trsolicitudot? HTTP/1.1" 200 6665
186.67.172.234 - - [30/Aug/2016:13:18:03 -0300] "GET /cormun/servlet/solicitudot?INS,0,0, HTTP/1.1" 200 12121
200.112.7.204 - - [30/Aug/2016:13:18:03 -0300] "POST /cormun/servlet/solicitudot?gx-no-cache=1472573969918 HTTP/1.1" 200 120
186.67.172.234 - - [30/Aug/2016:13:18:03 -0300] "GET /cormun/servlet/solicitudot?INS,0,0, HTTP/1.1" 200 12126
200.112.7.204 - - [30/Aug/2016:13:18:07 -0300] "POST /cormun/servlet/solicitudot?gx-no-cache=1472573974040 HTTP/1.1" 200 30
200.112.7.204 - - [30/Aug/2016:13:18:17 -0300] "POST /cormun/servlet/solicitudot?gx-no-cache=1472573983595 HTTP/1.1" 200 30
200.112.7.204 - - [30/Aug/2016:13:18:20 -0300] "POST /cormun/servlet/solicitudot?gx-no-cache=1472573986856 HTTP/1.1" 200 1184
200.112.7.204 - - [30/Aug/2016:13:18:20 -0300] "GET /cormun/servlet/solicitudot?f0bb91694a23699043418fc95bc3fcf3189bebb1db5854188866a327907874ae52135bcb2da1f1a6157932857d14da564e7404fc066afad8cfbdd6a724d571fb6ade77c1bfef5fa751329f42bebe6bfb8bd0aea4375955fca6da6e1c01a956ea2ca06036f0fee405eb383bdc46f23ae6e3e21f05181b7033ec641b802acc5a8b6187f765b6a502db0f22790a6c032aceb8cda785b4e150b1881b08399da6319c,gx-no-cache=1472573987076 HTTP/1.1" 200 41
200.112.7.204 - - [30/Aug/2016:13:18:20 -0300] "POST /cormun/servlet/solicitudot?gx-no-cache=1472573987180 HTTP/1.1" 200 1143
200.112.7.204 - - [30/Aug/2016:13:18:20 -0300] "GET /cormun/servlet/solicitudot?f0bb91694a23699043418fc95bc3fcf3e6ed82edff117c728f9e86b047db8f3a9f0a72239e820d61da1afa318e16bcb7fb566571955d0389708f9ee51ef352a77ceb8641da3c1f2c77145bca546c72fb2b87a076b726ca98fce5b2803e38a4cff509d82669234b8f213a30856556bfc8ed5e768febbeb62b16eeba636947b325f592713bf89dd003fa1e6f891ea1831539a3b6b25084d8b15922ff6ff37f28b2bccd3322edc76d2f3f07b2d6dfe2a1def1d165100ce8b58a64867a40e7b89a12,gx-no-cache=1472573987367 HTTP/1.1" 200 32
200.112.7.204 - - [30/Aug/2016:13:18:21 -0300] "POST /cormun/servlet/solicitudot?0feed8ea952e2b59f4633d422a98de0c,INS,0,0,,gx-no-cache=1472573987439 HTTP/1.1" 200 93
200.112.7.204 - - [30/Aug/2016:13:18:21 -0300] "GET /cormun/servlet/hpexe_return? HTTP/1.1" 200 1006
200.112.7.204 - - [30/Aug/2016:13:18:21 -0300] "GET /cormun/servlet/trsolicitudot HTTP/1.1" 200 7948
200.112.7.204 - - [30/Aug/2016:13:18:24 -0300] "POST /cormun/servlet/trsolicitudot?0feed8ea952e2b59f4633d422a98de0c,gx-no-cache=1472573991211 HTTP/1.1" 200 106
200.112.7.204 - - [30/Aug/2016:13:18:24 -0300] "GET /cormun/servlet/trsolicitudadjuntos?2016,2691, HTTP/1.1" 200 5660
200.112.7.204 - - [30/Aug/2016:13:18:28 -0300] "GET /cormun/servlet/solicitudotadjuntos?INS,2016,2691,,1, HTTP/1.1" 200 5753
200.112.7.204 - - [30/Aug/2016:13:18:29 -0300] "HEAD /cormun/static/about:blank HTTP/1.1" 404 -
200.112.7.204 - - [30/Aug/2016:13:18:29 -0300] "GET /cormun/servlet/solicitudotadjuntos?f0bb91694a23699043418fc95bc3fcf3d57f2b51ba762a81d0931102486e24a43d4d1ece90cd1cb0b459770d9919cc7e,gx-no-cache=1472573996395 HTTP/1.1" 200 30
186.67.172.234 - - [30/Aug/2016:13:18:29 -0300] "POST /cormun/servlet/solicitudot?gx-no-cache=1472577596040 HTTP/1.1" 200 2892
200.112.7.204 - - [30/Aug/2016:13:18:30 -0300] "POST /cormun/servlet/solicitudotadjuntos?0feed8ea952e2b59f4633d422a98de0c,INS,2016,2691,,1,,gx-no-cache=1472573996463 HTTP/1.1" 200 3569
186.67.172.234 - - [30/Aug/2016:13:18:30 -0300] "POST /cormun/servlet/solicitudot?2af0dfa285db39b1ef9789ecbb3110ea,INS,0,0,,gx-no-cache=1472577596240 HTTP/1.1" 200 9034
200.112.7.204 - - [30/Aug/2016:13:18:32 -0300] "POST /cormun/servlet/solicitudotadjuntos?gx-no-cache=1472573999314 HTTP/1.1" 200 26
186.67.172.234 - - [30/Aug/2016:13:18:38 -0300] "GET /cormun/servlet/solicitudot?2972ccc4792aa5e5d61a86ad12f2f481cab3e49375aae6daf27d87996577c9439d4da116d8f0466163b665af54799355,gx-no-cache=1472577604674 HTTP/1.1" 200 30
200.112.7.204 - - [30/Aug/2016:13:18:52 -0300] "GET /cormun/servlet/solicitudotadjuntos?f0bb91694a23699043418fc95bc3fcf35640728c7c2dea4e8e6bd590e37dca4d,gx-no-cache=1472574018785 HTTP/1.1" 200 30
200.112.7.204 - - [30/Aug/2016:13:18:52 -0300] "GET /cormun/servlet/solicitudotadjuntos?f0bb91694a23699043418fc95bc3fcf35640728c7c2dea4e8e6bd590e37dca4d,gx-no-cache=1472574018865 HTTP/1.1" 200 30
200.112.7.204 - - [30/Aug/2016:13:19:01 -0300] "POST /cormun/servlet/solicitudotadjuntos?0feed8ea952e2b59f4633d422a98de0c,INS,2016,2691,,1, HTTP/1.1" 200 116
200.112.7.204 - - [30/Aug/2016:13:19:01 -0300] "GET /cormun/servlet/hpexe_return? HTTP/1.1" 200 1024
200.112.7.204 - - [30/Aug/2016:13:19:01 -0300] "GET /cormun/servlet/trsolicitudadjuntos?2016,2691, HTTP/1.1" 200 7530
200.112.7.204 - - [30/Aug/2016:13:19:04 -0300] "GET /cormun/servlet/solicitudotadjuntos?INS,2016,2691,,1, HTTP/1.1" 200 5753
200.112.7.204 - - [30/Aug/2016:13:19:04 -0300] "HEAD /cormun/static/about:blank HTTP/1.1" 404 -
200.112.7.204 - - [30/Aug/2016:13:19:05 -0300] "GET /cormun/servlet/solicitudotadjuntos?f0bb91694a23699043418fc95bc3fcf3d57f2b51ba762a81d0931102486e24a43d4d1ece90cd1cb0b459770d9919cc7e,gx-no-cache=1472574032204 HTTP/1.1" 200 30
200.112.7.204 - - [30/Aug/2016:13:19:05 -0300] "POST /cormun/servlet/solicitudotadjuntos?0feed8ea952e2b59f4633d422a98de0c,INS,2016,2691,,1,,gx-no-cache=1472574032306 HTTP/1.1" 200 3569
200.112.7.204 - - [30/Aug/2016:13:19:08 -0300] "POST /cormun/servlet/solicitudotadjuntos?gx-no-cache=1472574035367 HTTP/1.1" 200 26
200.112.7.204 - - [30/Aug/2016:13:19:15 -0300] "GET /cormun/servlet/solicitudotadjuntos?f0bb91694a23699043418fc95bc3fcf35640728c7c2dea4e8e6bd590e37dca4d,gx-no-cache=1472574042399 HTTP/1.1" 200 30
200.112.7.204 - - [30/Aug/2016:13:19:15 -0300] "GET /cormun/servlet/solicitudotadjuntos?f0bb91694a23699043418fc95bc3fcf35640728c7c2dea4e8e6bd590e37dca4d,gx-no-cache=1472574042468 HTTP/1.1" 200 30
200.112.7.204 - - [30/Aug/2016:13:19:27 -0300] "POST /cormun/servlet/solicitudotadjuntos?0feed8ea952e2b59f4633d422a98de0c,INS,2016,2691,,1, HTTP/1.1" 200 116
200.112.7.204 - - [30/Aug/2016:13:19:27 -0300] "GET /cormun/servlet/hpexe_return? HTTP/1.1" 200 1024
200.112.7.204 - - [30/Aug/2016:13:19:27 -0300] "GET /cormun/servlet/trsolicitudadjuntos?2016,2691, HTTP/1.1" 200 7698
200.112.7.204 - - [30/Aug/2016:13:19:32 -0300] "GET /cormun/servlet/solicitudotadjuntos?INS,2016,2691,,1, HTTP/1.1" 200 5753
200.112.7.204 - - [30/Aug/2016:13:19:32 -0300] "HEAD /cormun/static/about:blank HTTP/1.1" 404 -
200.112.7.204 - - [30/Aug/2016:13:19:33 -0300] "GET /cormun/servlet/solicitudotadjuntos?f0bb91694a23699043418fc95bc3fcf3d57f2b51ba762a81d0931102486e24a43d4d1ece90cd1cb0b459770d9919cc7e,gx-no-cache=1472574060126 HTTP/1.1" 200 30
200.112.7.204 - - [30/Aug/2016:13:19:33 -0300] "POST /cormun/servlet/solicitudotadjuntos?0feed8ea952e2b59f4633d422a98de0c,INS,2016,2691,,1,,gx-no-cache=1472574060214 HTTP/1.1" 200 3569
200.112.7.204 - - [30/Aug/2016:13:19:36 -0300] "POST /cormun/servlet/solicitudotadjuntos?gx-no-cache=1472574063485 HTTP/1.1" 200 26
200.112.7.204 - - [30/Aug/2016:13:19:46 -0300] "GET /cormun/servlet/solicitudotadjuntos?f0bb91694a23699043418fc95bc3fcf35640728c7c2dea4e8e6bd590e37dca4d,gx-no-cache=1472574072973 HTTP/1.1" 200 30
200.112.7.204 - - [30/Aug/2016:13:19:46 -0300] "GET /cormun/servlet/solicitudotadjuntos?f0bb91694a23699043418fc95bc3fcf35640728c7c2dea4e8e6bd590e37dca4d,gx-no-cache=1472574073077 HTTP/1.1" 200 30
200.112.7.204 - - [30/Aug/2016:13:19:55 -0300] "POST /cormun/servlet/solicitudotadjuntos?0feed8ea952e2b59f4633d422a98de0c,INS,2016,2691,,1, HTTP/1.1" 200 116
200.112.7.204 - - [30/Aug/2016:13:19:55 -0300] "GET /cormun/servlet/hpexe_return? HTTP/1.1" 200 1024
200.112.7.204 - - [30/Aug/2016:13:19:55 -0300] "GET /cormun/servlet/trsolicitudadjuntos?2016,2691, HTTP/1.1" 200 7829
200.112.7.204 - - [30/Aug/2016:13:19:58 -0300] "GET /cormun/servlet/solicitudotadjuntos?INS,2016,2691,,1, HTTP/1.1" 200 5753
200.112.7.204 - - [30/Aug/2016:13:19:58 -0300] "HEAD /cormun/static/about:blank HTTP/1.1" 404 -
200.112.7.204 - - [30/Aug/2016:13:19:59 -0300] "GET /cormun/servlet/solicitudotadjuntos?f0bb91694a23699043418fc95bc3fcf3d57f2b51ba762a81d0931102486e24a43d4d1ece90cd1cb0b459770d9919cc7e,gx-no-cache=1472574086128 HTTP/1.1" 200 30
200.112.7.204 - - [30/Aug/2016:13:19:59 -0300] "POST /cormun/servlet/solicitudotadjuntos?0feed8ea952e2b59f4633d422a98de0c,INS,2016,2691,,1,,gx-no-cache=1472574086329 HTTP/1.1" 200 3569
200.112.7.204 - - [30/Aug/2016:13:20:04 -0300] "POST /cormun/servlet/solicitudotadjuntos?gx-no-cache=1472574091095 HTTP/1.1" 200 26
200.112.7.204 - - [30/Aug/2016:13:20:12 -0300] "GET /cormun/servlet/solicitudotadjuntos?f0bb91694a23699043418fc95bc3fcf35640728c7c2dea4e8e6bd590e37dca4d,gx-no-cache=1472574098758 HTTP/1.1" 200 30
200.112.7.204 - - [30/Aug/2016:13:20:12 -0300] "GET /cormun/servlet/solicitudotadjuntos?f0bb91694a23699043418fc95bc3fcf35640728c7c2dea4e8e6bd590e37dca4d,gx-no-cache=1472574098815 HTTP/1.1" 200 30
200.112.7.204 - - [30/Aug/2016:13:20:19 -0300] "POST /cormun/servlet/solicitudotadjuntos?0feed8ea952e2b59f4633d422a98de0c,INS,2016,2691,,1, HTTP/1.1" 200 116
200.112.7.204 - - [30/Aug/2016:13:20:19 -0300] "GET /cormun/servlet/hpexe_return? HTTP/1.1" 200 1024
200.112.7.204 - - [30/Aug/2016:13:20:20 -0300] "GET /cormun/servlet/trsolicitudadjuntos?2016,2691, HTTP/1.1" 200 7940
200.112.7.204 - - [30/Aug/2016:13:20:23 -0300] "GET /cormun/servlet/solicitudotadjuntos?INS,2016,2691,,1, HTTP/1.1" 200 5753
200.112.7.204 - - [30/Aug/2016:13:20:23 -0300] "HEAD /cormun/static/about:blank HTTP/1.1" 404 -
186.67.172.234 - - [30/Aug/2016:13:20:24 -0300] "POST /cormun/servlet/solicitudot?gx-no-cache=1472577710825 HTTP/1.1" 200 120
200.112.7.204 - - [30/Aug/2016:13:20:24 -0300] "GET /cormun/servlet/solicitudotadjuntos?f0bb91694a23699043418fc95bc3fcf3d57f2b51ba762a81d0931102486e24a43d4d1ece90cd1cb0b459770d9919cc7e,gx-no-cache=1472574111217 HTTP/1.1" 200 30
186.67.172.234 - - [30/Aug/2016:13:20:24 -0300] "GET /cormun/static/Shared/jqueryui/images/ui-bg_highlight-soft_100_c6c2c8_1x100.png HTTP/1.1" 404 1117
186.67.172.234 - - [30/Aug/2016:13:20:24 -0300] "GET /cormun/static/Shared/jqueryui/images/ui-icons_82798d_256x240.png HTTP/1.1" 404 1089
186.67.172.234 - - [30/Aug/2016:13:20:24 -0300] "GET /cormun/static/Shared/jqueryui/images/ui-bg_flat_55_994d53_40x100.png HTTP/1.1" 404 1097
186.67.172.234 - - [30/Aug/2016:13:20:24 -0300] "GET /cormun/static/Shared/jqueryui/images/ui-icons_ebccce_256x240.png HTTP/1.1" 404 1089
200.112.7.204 - - [30/Aug/2016:13:20:24 -0300] "POST /cormun/servlet/solicitudotadjuntos?0feed8ea952e2b59f4633d422a98de0c,INS,2016,2691,,1,,gx-no-cache=1472574111311 HTTP/1.1" 200 3568
186.67.172.234 - - [30/Aug/2016:13:20:26 -0300] "POST /cormun/servlet/solicitudot?gx-no-cache=1472577712367 HTTP/1.1" 200 120
186.67.172.234 - - [30/Aug/2016:13:20:28 -0300] "POST /cormun/servlet/solicitudot?gx-no-cache=1472577714625 HTTP/1.1" 200 30
186.67.172.234 - - [30/Aug/2016:13:20:30 -0300] "POST /cormun/servlet/solicitudot?gx-no-cache=1472577716968 HTTP/1.1" 200 507
186.67.172.234 - - [30/Aug/2016:13:20:30 -0300] "GET /cormun/servlet/solicitudot?2972ccc4792aa5e5d61a86ad12f2f48119ab9dcddb1ba18526005ebe446ced649d81b8cd4b454c32a5db1c38bf062418570fc3637d3741869e2a8db298c3890dbe7379ba31cb339edbdb29dfa8bb34aa16c28dc288ba31aab83fac1e80d6de5615a3f165e804889bef27b894985193d6c820a97b465bbe5b0d42280beeaad60550fc92100551e6913fafcb1e1301d578,gx-no-cache=1472577717050 HTTP/1.1" 200 38
200.112.7.204 - - [30/Aug/2016:13:20:34 -0300] "POST /cormun/servlet/solicitudotadjuntos?gx-no-cache=1472574121309 HTTP/1.1" 200 26
200.112.7.204 - - [30/Aug/2016:13:20:40 -0300] "GET /cormun/servlet/solicitudotadjuntos?f0bb91694a23699043418fc95bc3fcf35640728c7c2dea4e8e6bd590e37dca4d,gx-no-cache=1472574127524 HTTP/1.1" 200 30
200.112.7.204 - - [30/Aug/2016:13:20:41 -0300] "GET /cormun/servlet/solicitudotadjuntos?f0bb91694a23699043418fc95bc3fcf35640728c7c2dea4e8e6bd590e37dca4d,gx-no-cache=1472574127590 HTTP/1.1" 200 30
186.67.172.234 - - [30/Aug/2016:13:20:50 -0300] "GET /cormun/servlet/solicitudot?2972ccc4792aa5e5d61a86ad12f2f48127d3acf4b213bdf9b25dbec66206d7125e794792843f6f07b8ed0da74eff57025127c46b736302862409abbea9bea3c0d0b580b03af128cc5a9ba3e0d229283fa3a248a70e5cfbe73fdaf37976224d568b4b314fa25693f4f3d4cd4ebfa194bb,gx-no-cache=1472577736352 HTTP/1.1" 200 29
200.112.7.204 - - [30/Aug/2016:13:20:50 -0300] "POST /cormun/servlet/solicitudotadjuntos?0feed8ea952e2b59f4633d422a98de0c,INS,2016,2691,,1, HTTP/1.1" 200 5606
200.112.7.204 - - [30/Aug/2016:13:20:50 -0300] "GET /home/sistema/apache-tomcat-7.0.65/webapps/cormun/PrivateTempStorage/upload_00000511.pdf HTTP/1.1" 404 1135
200.112.7.204 - - [30/Aug/2016:13:20:50 -0300] "GET /cormun/static/Shared/jqueryui/images/ui-bg_highlight-soft_100_c6c2c8_1x100.png HTTP/1.1" 404 1117
200.112.7.204 - - [30/Aug/2016:13:20:50 -0300] "GET /cormun/static/Shared/jqueryui/images/ui-bg_flat_55_994d53_40x100.png HTTP/1.1" 404 1097
200.112.7.204 - - [30/Aug/2016:13:20:50 -0300] "GET /cormun/static/Shared/jqueryui/images/ui-icons_82798d_256x240.png HTTP/1.1" 404 1089
200.112.7.204 - - [30/Aug/2016:13:20:50 -0300] "GET /cormun/static/Shared/jqueryui/images/ui-icons_ebccce_256x240.png HTTP/1.1" 404 1089
186.67.172.234 - - [30/Aug/2016:13:20:51 -0300] "POST /cormun/servlet/solicitudot?gx-no-cache=1472577737968 HTTP/1.1" 200 1144
200.112.7.204 - - [30/Aug/2016:13:20:52 -0300] "GET /cormun/PrivateTempStorage/upload_00000511.pdf HTTP/1.1" 200 579764
200.112.7.204 - - [30/Aug/2016:13:20:58 -0300] "GET /cormun/servlet/solicitudotadjuntos?f0bb91694a23699043418fc95bc3fcf323d1d4f13d71d07385a4fe6327b66fa7f4f630e9ec5c22de6cb07f65f8008d61,gx-no-cache=1472574145172 HTTP/1.1" 200 30
186.67.172.234 - - [30/Aug/2016:13:21:05 -0300] "GET /cormun/static/menuarrow.gif HTTP/1.1" 404 1015
200.112.7.204 - - [30/Aug/2016:13:21:11 -0300] "POST /cormun/servlet/solicitudotadjuntos?0feed8ea952e2b59f4633d422a98de0c,INS,2016,2691,,1, HTTP/1.1" 200 5607
200.112.7.204 - - [30/Aug/2016:13:21:11 -0300] "GET /home/sistema/apache-tomcat-7.0.65/webapps/cormun/PrivateTempStorage/upload_00000523.pdf HTTP/1.1" 404 1135
200.112.7.204 - - [30/Aug/2016:13:21:12 -0300] "GET /cormun/PrivateTempStorage/upload_00000523.pdf HTTP/1.1" 200 579764
200.112.7.204 - - [30/Aug/2016:13:21:22 -0300] "POST /cormun/servlet/solicitudotadjuntos?gx-no-cache=1472574168796 HTTP/1.1" 200 26
200.112.7.204 - - [30/Aug/2016:13:21:34 -0300] "GET /cormun/servlet/solicitudotadjuntos?f0bb91694a23699043418fc95bc3fcf386e8fa4af289bcbd693bf9b6621ada9ff4f630e9ec5c22de6cb07f65f8008d61,gx-no-cache=1472574180955 HTTP/1.1" 200 30
200.112.7.204 - - [30/Aug/2016:13:21:34 -0300] "GET /cormun/servlet/solicitudotadjuntos?f0bb91694a23699043418fc95bc3fcf386e8fa4af289bcbd693bf9b6621ada9ff4f630e9ec5c22de6cb07f65f8008d61,gx-no-cache=1472574181013 HTTP/1.1" 200 30
186.67.172.234 - - [30/Aug/2016:13:21:38 -0300] "POST /cormun/servlet/solicitudot?gx-no-cache=1472577784151 HTTP/1.1" 200 120
200.112.7.204 - - [30/Aug/2016:13:21:38 -0300] "POST /cormun/servlet/solicitudotadjuntos?0feed8ea952e2b59f4633d422a98de0c,INS,2016,2691,,1, HTTP/1.1" 200 116
200.112.7.204 - - [30/Aug/2016:13:21:39 -0300] "GET /cormun/servlet/hpexe_return? HTTP/1.1" 200 1024
200.112.7.204 - - [30/Aug/2016:13:21:39 -0300] "GET /cormun/servlet/trsolicitudadjuntos?2016,2691, HTTP/1.1" 200 8066
200.112.7.204 - - [30/Aug/2016:13:21:58 -0300] "GET /cormun/servlet/solicitudotadjuntos?DLT,2016,2691,CERTIF5,0, HTTP/1.1" 200 5722
200.112.7.204 - - [30/Aug/2016:13:22:10 -0300] "GET /cormun/PublicTempStorage/41356009.pdf HTTP/1.1" 200 479959
200.112.7.204 - - [30/Aug/2016:13:22:11 -0300] "GET /cormun/static/Shared/jqueryui/images/ui-icons_8d78a5_256x240.png HTTP/1.1" 404 1089
200.112.7.204 - - [30/Aug/2016:13:22:11 -0300] "GET /cormun/static/Shared/jqueryui/images/ui-icons_82798d_256x240.png HTTP/1.1" 404 1089
200.112.7.204 - - [30/Aug/2016:13:22:11 -0300] "GET /cormun/static/Shared/jqueryui/images/ui-bg_flat_55_fafafa_40x100.png HTTP/1.1" 404 1097
200.112.7.204 - - [30/Aug/2016:13:22:11 -0300] "GET /cormun/static/Shared/jqueryui/images/ui-bg_highlight-soft_100_c6c2c8_1x100.png HTTP/1.1" 404 1117
186.67.172.234 - - [30/Aug/2016:13:22:14 -0300] "POST /cormun/servlet/solicitudot?gx-no-cache=1472577820677 HTTP/1.1" 200 30
186.67.172.234 - - [30/Aug/2016:13:22:14 -0300] "POST /cormun/servlet/solicitudot?gx-no-cache=1472577820750 HTTP/1.1" 200 30
186.67.172.234 - - [30/Aug/2016:13:22:14 -0300] "POST /cormun/servlet/solicitudot?gx-no-cache=1472577820799 HTTP/1.1" 200 1182
186.67.172.234 - - [30/Aug/2016:13:22:14 -0300] "GET /cormun/servlet/solicitudot?2972ccc4792aa5e5d61a86ad12f2f48119ab9dcddb1ba18526005ebe446ced649d81b8cd4b454c32a5db1c38bf062418570fc3637d3741869e2a8db298c3890dbe7379ba31cb339edbdb29dfa8bb34aa16c28dc288ba31aab83fac1e80d6de5615a3f165e804889bef27b894985193d6c820a97b465bbe5b0d42280beeaad605d2160aaa71f281a44817af74ff5f39dfebca20d3da34eb75720e0b9ff674ad34,gx-no-cache=1472577820872 HTTP/1.1" 200 41
186.67.172.234 - - [30/Aug/2016:13:22:14 -0300] "POST /cormun/servlet/solicitudot?gx-no-cache=1472577820901 HTTP/1.1" 200 1144
186.67.172.234 - - [30/Aug/2016:13:22:14 -0300] "GET /cormun/servlet/solicitudot?2972ccc4792aa5e5d61a86ad12f2f4818ac0f613ac8361430c23c99b35f8aa418b67e484bed6bdcfda0b8f2e823124c9fc4a317399ca480103fd255120585d832308ee4b964a318a219203fcfb74ce578f488ae9fce4233f64c25ec6d7dfe0b5f886a9e5f85fb7d7ad77b20ec83bd7c181b62424de1cc3a79307f8ee6bca771b89a5f66f0b997d8567af20fe72b93fdf56bb49cf40b89a209d079a48d0ce7fa8f69e87cbbcac73741ddedb8afb314d78,gx-no-cache=1472577820944 HTTP/1.1" 200 30
186.67.172.234 - - [30/Aug/2016:13:22:14 -0300] "POST /cormun/servlet/solicitudot?2af0dfa285db39b1ef9789ecbb3110ea,INS,0,0,,gx-no-cache=1472577820977 HTTP/1.1" 200 93
186.67.172.234 - - [30/Aug/2016:13:22:14 -0300] "GET /cormun/servlet/hpexe_return? HTTP/1.1" 200 1008
186.67.172.234 - - [30/Aug/2016:13:22:15 -0300] "GET /cormun/servlet/trsolicitudot HTTP/1.1" 200 7894
186.67.172.234 - - [30/Aug/2016:13:22:15 -0300] "GET /cormun/servlet/trsolicitudot HTTP/1.1" 200 7890
200.112.7.204 - - [30/Aug/2016:13:22:16 -0300] "POST /cormun/servlet/solicitudotadjuntos?0feed8ea952e2b59f4633d422a98de0c,DLT,2016,2691,CERTIF5,0,,gx-no-cache=1472574222431 HTTP/1.1" 200 93
200.112.7.204 - - [30/Aug/2016:13:22:16 -0300] "GET /cormun/servlet/hpexe_return? HTTP/1.1" 200 1030
200.112.7.204 - - [30/Aug/2016:13:22:16 -0300] "GET /cormun/servlet/trsolicitudadjuntos?2016,2691, HTTP/1.1" 200 7946
186.67.172.234 - - [30/Aug/2016:13:22:18 -0300] "POST /cormun/servlet/trsolicitudot?2af0dfa285db39b1ef9789ecbb3110ea,gx-no-cache=1472577824621 HTTP/1.1" 200 106
186.67.172.234 - - [30/Aug/2016:13:22:18 -0300] "GET /cormun/servlet/trsolicitudadjuntos?2016,2692, HTTP/1.1" 200 5694
186.67.172.234 - - [30/Aug/2016:13:22:18 -0300] "GET /cormun/servlet/trsolicitudadjuntos?2016,2692, HTTP/1.1" 200 5694
186.67.172.234 - - [30/Aug/2016:13:22:21 -0300] "GET /cormun/servlet/solicitudotadjuntos?INS,2016,2692,,1, HTTP/1.1" 200 5785
186.67.172.234 - - [30/Aug/2016:13:22:21 -0300] "GET /cormun/static/about:blank HTTP/1.1" 404 1011
186.67.172.234 - - [30/Aug/2016:13:22:21 -0300] "GET /cormun/servlet/solicitudotadjuntos?INS,2016,2692,,1, HTTP/1.1" 200 5779
186.67.172.234 - - [30/Aug/2016:13:22:22 -0300] "GET /cormun/servlet/solicitudotadjuntos?2972ccc4792aa5e5d61a86ad12f2f481b5fd02a39d691339ab0921c0756d913a5bb6a9613dd781a8cb7e97bddc857033,gx-no-cache=1472577828614 HTTP/1.1" 200 30
186.67.172.234 - - [30/Aug/2016:13:22:22 -0300] "POST /cormun/servlet/solicitudotadjuntos?2af0dfa285db39b1ef9789ecbb3110ea,INS,2016,2692,,1,,gx-no-cache=1472577828703 HTTP/1.1" 200 3542
200.112.7.204 - - [30/Aug/2016:13:22:31 -0300] "GET /cormun/servlet/solicitudotadjuntos?INS,2016,2691,,1, HTTP/1.1" 200 5754
200.112.7.204 - - [30/Aug/2016:13:22:31 -0300] "HEAD /cormun/static/about:blank HTTP/1.1" 404 -
200.112.7.204 - - [30/Aug/2016:13:22:32 -0300] "GET /cormun/servlet/solicitudotadjuntos?f0bb91694a23699043418fc95bc3fcf3d57f2b51ba762a81d0931102486e24a43d4d1ece90cd1cb0b459770d9919cc7e,gx-no-cache=1472574238895 HTTP/1.1" 200 30
200.112.7.204 - - [30/Aug/2016:13:22:32 -0300] "POST /cormun/servlet/solicitudotadjuntos?0feed8ea952e2b59f4633d422a98de0c,INS,2016,2691,,1,,gx-no-cache=1472574238965 HTTP/1.1" 200 3569
200.112.7.204 - - [30/Aug/2016:13:22:36 -0300] "POST /cormun/servlet/solicitudotadjuntos?gx-no-cache=1472574242684 HTTP/1.1" 200 26
200.112.7.204 - - [30/Aug/2016:13:22:42 -0300] "GET /cormun/servlet/solicitudotadjuntos?f0bb91694a23699043418fc95bc3fcf35640728c7c2dea4e8e6bd590e37dca4d,gx-no-cache=1472574248652 HTTP/1.1" 200 30
200.112.7.204 - - [30/Aug/2016:13:22:42 -0300] "GET /cormun/servlet/solicitudotadjuntos?f0bb91694a23699043418fc95bc3fcf35640728c7c2dea4e8e6bd590e37dca4d,gx-no-cache=1472574248764 HTTP/1.1" 200 30
200.112.7.204 - - [30/Aug/2016:13:22:52 -0300] "POST /cormun/servlet/solicitudotadjuntos?0feed8ea952e2b59f4633d422a98de0c,INS,2016,2691,,1, HTTP/1.1" 200 116
200.112.7.204 - - [30/Aug/2016:13:22:52 -0300] "GET /cormun/servlet/hpexe_return? HTTP/1.1" 200 1024
200.112.7.204 - - [30/Aug/2016:13:22:53 -0300] "GET /cormun/servlet/trsolicitudadjuntos?2016,2691, HTTP/1.1" 200 8068
186.67.172.234 - - [30/Aug/2016:13:22:55 -0300] "POST /cormun/servlet/solicitudotadjuntos?gx-no-cache=1472577861064 HTTP/1.1" 200 26
200.112.7.204 - - [30/Aug/2016:13:23:17 -0300] "GET /cormun/servlet/solicitudotadjuntos?INS,2016,2691,,1, HTTP/1.1" 200 5753
200.112.7.204 - - [30/Aug/2016:13:23:17 -0300] "HEAD /cormun/static/about:blank HTTP/1.1" 404 -
200.112.7.204 - - [30/Aug/2016:13:23:18 -0300] "GET /cormun/servlet/solicitudotadjuntos?f0bb91694a23699043418fc95bc3fcf3d57f2b51ba762a81d0931102486e24a43d4d1ece90cd1cb0b459770d9919cc7e,gx-no-cache=1472574285307 HTTP/1.1" 200 30
200.112.7.204 - - [30/Aug/2016:13:23:19 -0300] "POST /cormun/servlet/solicitudotadjuntos?0feed8ea952e2b59f4633d422a98de0c,INS,2016,2691,,1,,gx-no-cache=1472574285382 HTTP/1.1" 200 3569
200.112.7.204 - - [30/Aug/2016:13:23:22 -0300] "POST /cormun/servlet/solicitudotadjuntos?gx-no-cache=1472574289313 HTTP/1.1" 200 26
200.112.7.204 - - [30/Aug/2016:13:23:29 -0300] "GET /cormun/servlet/solicitudotadjuntos?f0bb91694a23699043418fc95bc3fcf35640728c7c2dea4e8e6bd590e37dca4d,gx-no-cache=1472574295889 HTTP/1.1" 200 30
200.112.7.204 - - [30/Aug/2016:13:23:30 -0300] "GET /cormun/servlet/solicitudotadjuntos?f0bb91694a23699043418fc95bc3fcf35640728c7c2dea4e8e6bd590e37dca4d,gx-no-cache=1472574296666 HTTP/1.1" 200 30
200.112.7.204 - - [30/Aug/2016:13:23:42 -0300] "POST /cormun/servlet/solicitudotadjuntos?0feed8ea952e2b59f4633d422a98de0c,INS,2016,2691,,1, HTTP/1.1" 200 5607
200.112.7.204 - - [30/Aug/2016:13:23:43 -0300] "GET /home/sistema/apache-tomcat-7.0.65/webapps/cormun/PrivateTempStorage/upload_00000559.pdf HTTP/1.1" 404 1135
200.112.7.204 - - [30/Aug/2016:13:23:43 -0300] "GET /cormun/static/Shared/jqueryui/images/ui-icons_ebccce_256x240.png HTTP/1.1" 404 1089
200.112.7.204 - - [30/Aug/2016:13:23:43 -0300] "GET /cormun/static/Shared/jqueryui/images/ui-bg_highlight-soft_100_c6c2c8_1x100.png HTTP/1.1" 404 1117
200.112.7.204 - - [30/Aug/2016:13:23:43 -0300] "GET /cormun/static/Shared/jqueryui/images/ui-bg_flat_55_994d53_40x100.png HTTP/1.1" 404 1097
200.112.7.204 - - [30/Aug/2016:13:23:43 -0300] "GET /cormun/static/Shared/jqueryui/images/ui-icons_82798d_256x240.png HTTP/1.1" 404 1089
200.112.7.204 - - [30/Aug/2016:13:23:44 -0300] "GET /cormun/PrivateTempStorage/upload_00000559.pdf HTTP/1.1" 200 479959
186.67.172.234 - - [30/Aug/2016:13:23:49 -0300] "GET /cormun/servlet/solicitudotadjuntos?2972ccc4792aa5e5d61a86ad12f2f481b8749415b439e5ab7f7a8beb3bffe55f,gx-no-cache=1472577915958 HTTP/1.1" 200 30
186.67.172.234 - - [30/Aug/2016:13:23:49 -0300] "GET /cormun/servlet/solicitudotadjuntos?2972ccc4792aa5e5d61a86ad12f2f481b8749415b439e5ab7f7a8beb3bffe55f,gx-no-cache=1472577916043 HTTP/1.1" 200 30
186.67.172.234 - - [30/Aug/2016:13:23:50 -0300] "POST /cormun/servlet/solicitudotadjuntos?2af0dfa285db39b1ef9789ecbb3110ea,INS,2016,2692,,1, HTTP/1.1" 200 116
186.67.172.234 - - [30/Aug/2016:13:23:50 -0300] "GET /cormun/servlet/hpexe_return? HTTP/1.1" 200 1027
186.67.172.234 - - [30/Aug/2016:13:23:50 -0300] "GET /cormun/servlet/trsolicitudadjuntos?2016,2692, HTTP/1.1" 200 7568
186.67.172.234 - - [30/Aug/2016:13:23:51 -0300] "GET /cormun/servlet/trsolicitudadjuntos?2016,2692, HTTP/1.1" 200 7566
186.67.172.234 - - [30/Aug/2016:13:23:54 -0300] "GET /cormun/servlet/solicitudotadjuntos?INS,2016,2692,,1, HTTP/1.1" 200 5784
186.67.172.234 - - [30/Aug/2016:13:23:54 -0300] "GET /cormun/static/about:blank HTTP/1.1" 404 1011
186.67.172.234 - - [30/Aug/2016:13:23:54 -0300] "GET /cormun/servlet/solicitudotadjuntos?INS,2016,2692,,1, HTTP/1.1" 200 5778
186.67.172.234 - - [30/Aug/2016:13:23:54 -0300] "GET /cormun/servlet/solicitudotadjuntos?2972ccc4792aa5e5d61a86ad12f2f481b5fd02a39d691339ab0921c0756d913a5bb6a9613dd781a8cb7e97bddc857033,gx-no-cache=1472577921071 HTTP/1.1" 200 30
186.67.172.234 - - [30/Aug/2016:13:23:55 -0300] "POST /cormun/servlet/solicitudotadjuntos?2af0dfa285db39b1ef9789ecbb3110ea,INS,2016,2692,,1,,gx-no-cache=1472577921144 HTTP/1.1" 200 3543
186.67.172.234 - - [30/Aug/2016:13:23:58 -0300] "POST /cormun/servlet/solicitudotadjuntos?gx-no-cache=1472577924559 HTTP/1.1" 200 26
186.67.172.234 - - [30/Aug/2016:13:24:06 -0300] "GET /cormun/servlet/solicitudotadjuntos?2972ccc4792aa5e5d61a86ad12f2f481b8749415b439e5ab7f7a8beb3bffe55f,gx-no-cache=1472577932806 HTTP/1.1" 200 30
186.67.172.234 - - [30/Aug/2016:13:24:06 -0300] "GET /cormun/servlet/solicitudotadjuntos?2972ccc4792aa5e5d61a86ad12f2f481b8749415b439e5ab7f7a8beb3bffe55f,gx-no-cache=1472577932874 HTTP/1.1" 200 30
186.67.172.234 - - [30/Aug/2016:13:24:07 -0300] "POST /cormun/servlet/solicitudotadjuntos?2af0dfa285db39b1ef9789ecbb3110ea,INS,2016,2692,,1, HTTP/1.1" 200 116
186.67.172.234 - - [30/Aug/2016:13:24:07 -0300] "GET /cormun/servlet/hpexe_return? HTTP/1.1" 200 1027
186.67.172.234 - - [30/Aug/2016:13:24:07 -0300] "GET /cormun/servlet/trsolicitudadjuntos?2016,2692, HTTP/1.1" 200 7749
186.67.172.234 - - [30/Aug/2016:13:24:08 -0300] "GET /cormun/servlet/trsolicitudadjuntos?2016,2692, HTTP/1.1" 200 7751
186.67.172.234 - - [30/Aug/2016:13:24:10 -0300] "GET /cormun/servlet/solicitudotadjuntos?INS,2016,2692,,1, HTTP/1.1" 200 5785
186.67.172.234 - - [30/Aug/2016:13:24:11 -0300] "GET /cormun/static/about:blank HTTP/1.1" 404 1011
186.67.172.234 - - [30/Aug/2016:13:24:11 -0300] "GET /cormun/servlet/solicitudotadjuntos?INS,2016,2692,,1, HTTP/1.1" 200 5779
186.67.172.234 - - [30/Aug/2016:13:24:11 -0300] "GET /cormun/servlet/solicitudotadjuntos?2972ccc4792aa5e5d61a86ad12f2f481b5fd02a39d691339ab0921c0756d913a5bb6a9613dd781a8cb7e97bddc857033,gx-no-cache=1472577937932 HTTP/1.1" 200 30
186.67.172.234 - - [30/Aug/2016:13:24:11 -0300] "POST /cormun/servlet/solicitudotadjuntos?2af0dfa285db39b1ef9789ecbb3110ea,INS,2016,2692,,1,,gx-no-cache=1472577938000 HTTP/1.1" 200 3542
200.112.7.204 - - [30/Aug/2016:13:24:11 -0300] "GET /cormun/servlet/solicitudotadjuntos?f0bb91694a23699043418fc95bc3fcf323d1d4f13d71d07385a4fe6327b66fa7f4f630e9ec5c22de6cb07f65f8008d61,gx-no-cache=1472574338125 HTTP/1.1" 200 30
200.112.7.204 - - [30/Aug/2016:13:24:12 -0300] "GET /cormun/servlet/solicitudotadjuntos?f0bb91694a23699043418fc95bc3fcf386e8fa4af289bcbd693bf9b6621ada9ff4f630e9ec5c22de6cb07f65f8008d61,gx-no-cache=1472574338618 HTTP/1.1" 200 30
186.67.172.234 - - [30/Aug/2016:13:24:17 -0300] "POST /cormun/servlet/solicitudotadjuntos?gx-no-cache=1472577943536 HTTP/1.1" 200 26
200.112.7.204 - - [30/Aug/2016:13:24:19 -0300] "POST /cormun/servlet/solicitudotadjuntos?0feed8ea952e2b59f4633d422a98de0c,INS,2016,2691,,1, HTTP/1.1" 200 5608
200.112.7.204 - - [30/Aug/2016:13:24:19 -0300] "GET /home/sistema/apache-tomcat-7.0.65/webapps/cormun/PrivateTempStorage/upload_00000595.pdf HTTP/1.1" 404 1135
200.112.7.204 - - [30/Aug/2016:13:24:20 -0300] "GET /cormun/PrivateTempStorage/upload_00000595.pdf HTTP/1.1" 200 479959
186.67.172.234 - - [30/Aug/2016:13:24:23 -0300] "GET /cormun/servlet/solicitudotadjuntos?2972ccc4792aa5e5d61a86ad12f2f481b8749415b439e5ab7f7a8beb3bffe55f,gx-no-cache=1472577949429 HTTP/1.1" 200 30
186.67.172.234 - - [30/Aug/2016:13:24:23 -0300] "GET /cormun/servlet/solicitudotadjuntos?2972ccc4792aa5e5d61a86ad12f2f481b8749415b439e5ab7f7a8beb3bffe55f,gx-no-cache=1472577949498 HTTP/1.1" 200 30
200.112.7.204 - - [30/Aug/2016:13:24:24 -0300] "GET /cormun/servlet/solicitudotadjuntos?f0bb91694a23699043418fc95bc3fcf386e8fa4af289bcbd693bf9b6621ada9ff4f630e9ec5c22de6cb07f65f8008d61,gx-no-cache=1472574350778 HTTP/1.1" 200 30
186.67.172.234 - - [30/Aug/2016:13:24:25 -0300] "POST /cormun/servlet/solicitudotadjuntos?2af0dfa285db39b1ef9789ecbb3110ea,INS,2016,2692,,1, HTTP/1.1" 200 116
186.67.172.234 - - [30/Aug/2016:13:24:25 -0300] "GET /cormun/servlet/hpexe_return? HTTP/1.1" 200 1027
186.67.172.234 - - [30/Aug/2016:13:24:25 -0300] "GET /cormun/servlet/trsolicitudadjuntos?2016,2692, HTTP/1.1" 200 7886
186.67.172.234 - - [30/Aug/2016:13:24:25 -0300] "GET /cormun/servlet/trsolicitudadjuntos?2016,2692, HTTP/1.1" 200 7882
186.67.172.234 - - [30/Aug/2016:13:24:28 -0300] "GET /cormun/servlet/solicitudotadjuntos?INS,2016,2692,,1, HTTP/1.1" 200 5785
186.67.172.234 - - [30/Aug/2016:13:24:28 -0300] "GET /cormun/static/about:blank HTTP/1.1" 404 1011
186.67.172.234 - - [30/Aug/2016:13:24:28 -0300] "GET /cormun/servlet/solicitudotadjuntos?INS,2016,2692,,1, HTTP/1.1" 200 5779
186.67.172.234 - - [30/Aug/2016:13:24:29 -0300] "GET /cormun/servlet/solicitudotadjuntos?2972ccc4792aa5e5d61a86ad12f2f481b5fd02a39d691339ab0921c0756d913a5bb6a9613dd781a8cb7e97bddc857033,gx-no-cache=1472577955220 HTTP/1.1" 200 30
186.67.172.234 - - [30/Aug/2016:13:24:29 -0300] "POST /cormun/servlet/solicitudotadjuntos?2af0dfa285db39b1ef9789ecbb3110ea,INS,2016,2692,,1,,gx-no-cache=1472577955307 HTTP/1.1" 200 3542
200.112.7.204 - - [30/Aug/2016:13:24:32 -0300] "POST /cormun/servlet/solicitudotadjuntos?0feed8ea952e2b59f4633d422a98de0c,INS,2016,2691,,1, HTTP/1.1" 200 5608
200.112.7.204 - - [30/Aug/2016:13:24:32 -0300] "GET /home/sistema/apache-tomcat-7.0.65/webapps/cormun/PrivateTempStorage/upload_00000615.pdf HTTP/1.1" 404 1135
186.67.172.234 - - [30/Aug/2016:13:24:32 -0300] "POST /cormun/servlet/solicitudotadjuntos?gx-no-cache=1472577959143 HTTP/1.1" 200 26
200.112.7.204 - - [30/Aug/2016:13:24:34 -0300] "GET /cormun/PrivateTempStorage/upload_00000615.pdf HTTP/1.1" 200 479959
186.67.172.234 - - [30/Aug/2016:13:24:38 -0300] "GET /cormun/servlet/solicitudotadjuntos?2972ccc4792aa5e5d61a86ad12f2f481b8749415b439e5ab7f7a8beb3bffe55f,gx-no-cache=1472577964501 HTTP/1.1" 200 30
186.67.172.234 - - [30/Aug/2016:13:24:38 -0300] "GET /cormun/servlet/solicitudotadjuntos?2972ccc4792aa5e5d61a86ad12f2f481b8749415b439e5ab7f7a8beb3bffe55f,gx-no-cache=1472577964557 HTTP/1.1" 200 30
186.67.172.234 - - [30/Aug/2016:13:24:39 -0300] "POST /cormun/servlet/solicitudotadjuntos?2af0dfa285db39b1ef9789ecbb3110ea,INS,2016,2692,,1, HTTP/1.1" 200 116
186.67.172.234 - - [30/Aug/2016:13:24:39 -0300] "GET /cormun/servlet/hpexe_return? HTTP/1.1" 200 1027
186.67.172.234 - - [30/Aug/2016:13:24:39 -0300] "GET /cormun/servlet/trsolicitudadjuntos?2016,2692, HTTP/1.1" 200 8007
186.67.172.234 - - [30/Aug/2016:13:24:40 -0300] "GET /cormun/servlet/trsolicitudadjuntos?2016,2692, HTTP/1.1" 200 8006
186.67.172.234 - - [30/Aug/2016:13:24:42 -0300] "GET /cormun/servlet/solicitudotadjuntos?INS,2016,2692,,1, HTTP/1.1" 200 5785
186.67.172.234 - - [30/Aug/2016:13:24:42 -0300] "GET /cormun/static/about:blank HTTP/1.1" 404 1011
186.67.172.234 - - [30/Aug/2016:13:24:43 -0300] "GET /cormun/servlet/solicitudotadjuntos?INS,2016,2692,,1, HTTP/1.1" 200 5779
186.67.172.234 - - [30/Aug/2016:13:24:43 -0300] "GET /cormun/servlet/solicitudotadjuntos?2972ccc4792aa5e5d61a86ad12f2f481b5fd02a39d691339ab0921c0756d913a5bb6a9613dd781a8cb7e97bddc857033,gx-no-cache=1472577969780 HTTP/1.1" 200 30
186.67.172.234 - - [30/Aug/2016:13:24:43 -0300] "POST /cormun/servlet/solicitudotadjuntos?2af0dfa285db39b1ef9789ecbb3110ea,INS,2016,2692,,1,,gx-no-cache=1472577969868 HTTP/1.1" 200 3542
186.67.172.234 - - [30/Aug/2016:13:24:48 -0300] "POST /cormun/servlet/solicitudotadjuntos?gx-no-cache=1472577974151 HTTP/1.1" 200 26
186.67.172.234 - - [30/Aug/2016:13:24:55 -0300] "GET /cormun/servlet/solicitudotadjuntos?2972ccc4792aa5e5d61a86ad12f2f481b8749415b439e5ab7f7a8beb3bffe55f,gx-no-cache=1472577981223 HTTP/1.1" 200 30
186.67.172.234 - - [30/Aug/2016:13:24:55 -0300] "GET /cormun/servlet/solicitudotadjuntos?2972ccc4792aa5e5d61a86ad12f2f481b8749415b439e5ab7f7a8beb3bffe55f,gx-no-cache=1472577981288 HTTP/1.1" 200 30
186.67.172.234 - - [30/Aug/2016:13:24:55 -0300] "POST /cormun/servlet/solicitudotadjuntos?2af0dfa285db39b1ef9789ecbb3110ea,INS,2016,2692,,1, HTTP/1.1" 200 116
186.67.172.234 - - [30/Aug/2016:13:24:56 -0300] "GET /cormun/servlet/hpexe_return? HTTP/1.1" 200 1027
186.67.172.234 - - [30/Aug/2016:13:24:56 -0300] "GET /cormun/servlet/trsolicitudadjuntos?2016,2692, HTTP/1.1" 200 8117
186.67.172.234 - - [30/Aug/2016:13:24:56 -0300] "GET /cormun/servlet/trsolicitudadjuntos?2016,2692, HTTP/1.1" 200 8115
186.67.172.234 - - [30/Aug/2016:13:24:58 -0300] "GET /cormun/servlet/solicitudotadjuntos?INS,2016,2692,,1, HTTP/1.1" 200 5785
186.67.172.234 - - [30/Aug/2016:13:24:59 -0300] "GET /cormun/static/about:blank HTTP/1.1" 404 1011
186.67.172.234 - - [30/Aug/2016:13:24:59 -0300] "GET /cormun/servlet/solicitudotadjuntos?INS,2016,2692,,1, HTTP/1.1" 200 5779
186.67.172.234 - - [30/Aug/2016:13:24:59 -0300] "GET /cormun/servlet/solicitudotadjuntos?2972ccc4792aa5e5d61a86ad12f2f481b5fd02a39d691339ab0921c0756d913a5bb6a9613dd781a8cb7e97bddc857033,gx-no-cache=1472577985729 HTTP/1.1" 200 30
186.67.172.234 - - [30/Aug/2016:13:24:59 -0300] "POST /cormun/servlet/solicitudotadjuntos?2af0dfa285db39b1ef9789ecbb3110ea,INS,2016,2692,,1,,gx-no-cache=1472577985796 HTTP/1.1" 200 3542
186.67.172.234 - - [30/Aug/2016:13:25:03 -0300] "POST /cormun/servlet/solicitudotadjuntos?gx-no-cache=1472577989714 HTTP/1.1" 200 26
186.67.172.234 - - [30/Aug/2016:13:25:09 -0300] "GET /cormun/servlet/solicitudotadjuntos?2972ccc4792aa5e5d61a86ad12f2f481b8749415b439e5ab7f7a8beb3bffe55f,gx-no-cache=1472577995889 HTTP/1.1" 200 30
186.67.172.234 - - [30/Aug/2016:13:25:09 -0300] "GET /cormun/servlet/solicitudotadjuntos?2972ccc4792aa5e5d61a86ad12f2f481b8749415b439e5ab7f7a8beb3bffe55f,gx-no-cache=1472577995952 HTTP/1.1" 200 30
186.67.172.234 - - [30/Aug/2016:13:25:10 -0300] "POST /cormun/servlet/solicitudotadjuntos?2af0dfa285db39b1ef9789ecbb3110ea,INS,2016,2692,,1, HTTP/1.1" 200 116
186.67.172.234 - - [30/Aug/2016:13:25:10 -0300] "GET /cormun/servlet/hpexe_return? HTTP/1.1" 200 1027
186.67.172.234 - - [30/Aug/2016:13:25:11 -0300] "GET /cormun/servlet/trsolicitudadjuntos?2016,2692, HTTP/1.1" 200 8291
186.67.172.234 - - [30/Aug/2016:13:25:11 -0300] "GET /cormun/servlet/trsolicitudadjuntos?2016,2692, HTTP/1.1" 200 8290
200.112.7.204 - - [30/Aug/2016:13:25:18 -0300] "GET /cormun/servlet/solicitudotadjuntos?f0bb91694a23699043418fc95bc3fcf386e8fa4af289bcbd693bf9b6621ada9ff4f630e9ec5c22de6cb07f65f8008d61,gx-no-cache=1472574405099 HTTP/1.1" 200 30
186.67.172.234 - - [30/Aug/2016:13:25:19 -0300] "POST /cormun/servlet/trsolicitudadjuntos?2af0dfa285db39b1ef9789ecbb3110ea,2016,2692,,gx-no-cache=1472578005704 HTTP/1.1" 200 90
186.67.172.234 - - [30/Aug/2016:13:25:20 -0300] "GET /cormun/servlet/hpexe_link HTTP/1.1" 200 969
186.67.172.234 - - [30/Aug/2016:13:25:20 -0300] "GET /cormun/servlet/trsolicitudot HTTP/1.1" 200 7891
186.67.172.234 - - [30/Aug/2016:13:25:21 -0300] "GET /cormun/servlet/trsolicitudot HTTP/1.1" 200 7890
200.112.7.204 - - [30/Aug/2016:13:25:22 -0300] "GET /cormun/servlet/solicitudotadjuntos?f0bb91694a23699043418fc95bc3fcf386e8fa4af289bcbd693bf9b6621ada9ff4f630e9ec5c22de6cb07f65f8008d61,gx-no-cache=1472574408809 HTTP/1.1" 200 30
186.67.172.234 - - [30/Aug/2016:13:25:25 -0300] "POST /cormun/servlet/trsolicitudot?2af0dfa285db39b1ef9789ecbb3110ea,gx-no-cache=1472578010999 HTTP/1.1" 200 3967
186.67.172.234 - - [30/Aug/2016:13:25:25 -0300] "GET /cormun/static/Shared/jqueryui/images/ui-bg_flat_55_fafafa_40x100.png HTTP/1.1" 404 1097
186.67.172.234 - - [30/Aug/2016:13:25:25 -0300] "GET /cormun/static/Shared/jqueryui/images/ui-icons_8d78a5_256x240.png HTTP/1.1" 404 1089
186.67.172.234 - - [30/Aug/2016:13:25:25 -0300] "POST /cormun/servlet/trsolicitudot?2af0dfa285db39b1ef9789ecbb3110ea,gx-no-cache=1472578011334 HTTP/1.1" 200 3815
186.67.172.234 - - [30/Aug/2016:13:25:28 -0300] "GET /cormun/servlet/trautorizarsolicitud? HTTP/1.1" 200 7824
186.67.172.234 - - [30/Aug/2016:13:25:29 -0300] "GET /cormun/servlet/trautorizarsolicitud? HTTP/1.1" 200 7824
200.112.7.204 - - [30/Aug/2016:13:25:31 -0300] "POST /cormun/servlet/solicitudotadjuntos?0feed8ea952e2b59f4633d422a98de0c,INS,2016,2691,,1, HTTP/1.1" 200 5608
200.112.7.204 - - [30/Aug/2016:13:25:31 -0300] "GET /home/sistema/apache-tomcat-7.0.65/webapps/cormun/PrivateTempStorage/upload_00000667.pdf HTTP/1.1" 404 1135
200.112.7.204 - - [30/Aug/2016:13:25:32 -0300] "GET /cormun/PrivateTempStorage/upload_00000667.pdf HTTP/1.1" 200 479959
200.112.7.204 - - [30/Aug/2016:13:25:34 -0300] "GET /cormun/servlet/solicitudotadjuntos?f0bb91694a23699043418fc95bc3fcf386e8fa4af289bcbd693bf9b6621ada9ff4f630e9ec5c22de6cb07f65f8008d61,gx-no-cache=1472574421321 HTTP/1.1" 200 30
186.67.172.234 - - [30/Aug/2016:13:25:39 -0300] "POST /cormun/servlet/trautorizarsolicitud?2af0dfa285db39b1ef9789ecbb3110ea,,gx-no-cache=1472578025850 HTTP/1.1" 200 3943
186.67.172.234 - - [30/Aug/2016:13:25:41 -0300] "POST /cormun/servlet/trautorizarsolicitud?2af0dfa285db39b1ef9789ecbb3110ea,,gx-no-cache=1472578027005 HTTP/1.1" 200 3793
200.112.7.204 - - [30/Aug/2016:13:25:43 -0300] "POST /cormun/servlet/solicitudotadjuntos?0feed8ea952e2b59f4633d422a98de0c,INS,2016,2691,,1, HTTP/1.1" 200 5608
200.112.7.204 - - [30/Aug/2016:13:25:43 -0300] "GET /home/sistema/apache-tomcat-7.0.65/webapps/cormun/PrivateTempStorage/upload_00000679.pdf HTTP/1.1" 404 1135
200.112.7.204 - - [30/Aug/2016:13:25:46 -0300] "GET /cormun/PrivateTempStorage/upload_00000679.pdf HTTP/1.1" 200 479959
200.112.7.204 - - [30/Aug/2016:13:25:58 -0300] "GET /cormun/servlet/trautorizarsolicitud? HTTP/1.1" 200 6582
200.112.7.204 - - [30/Aug/2016:13:26:02 -0300] "GET /cormun/servlet/trsolicitudot? HTTP/1.1" 200 7945
200.112.7.204 - - [30/Aug/2016:13:26:14 -0300] "POST /cormun/servlet/trsolicitudot?0feed8ea952e2b59f4633d422a98de0c,,gx-no-cache=1472574460372 HTTP/1.1" 200 105
200.112.7.204 - - [30/Aug/2016:13:26:14 -0300] "GET /cormun/servlet/solicitudot?UPD,2016,2691, HTTP/1.1" 200 13461
200.112.7.204 - - [30/Aug/2016:13:26:15 -0300] "POST /cormun/servlet/solicitudot?gx-no-cache=1472574462106 HTTP/1.1" 200 2977
200.112.7.204 - - [30/Aug/2016:13:26:17 -0300] "POST /cormun/servlet/solicitudot?0feed8ea952e2b59f4633d422a98de0c,UPD,2016,2691,,gx-no-cache=1472574462809 HTTP/1.1" 200 9820
200.112.7.204 - - [30/Aug/2016:13:26:20 -0300] "GET /cormun/servlet/solicitudot?f0bb91694a23699043418fc95bc3fcf339bbc687025ba77c03c7217e86775d190bbc66cb4f04a7431e3c36ea453c1652,gx-no-cache=1472574466871 HTTP/1.1" 200 30
200.112.7.204 - - [30/Aug/2016:13:26:21 -0300] "POST /cormun/servlet/solicitudot?gx-no-cache=1472574467722 HTTP/1.1" 200 30
200.112.7.204 - - [30/Aug/2016:13:26:21 -0300] "POST /cormun/servlet/solicitudot?gx-no-cache=1472574468385 HTTP/1.1" 200 30
200.112.7.204 - - [30/Aug/2016:13:26:22 -0300] "POST /cormun/servlet/solicitudot?gx-no-cache=1472574468970 HTTP/1.1" 200 1186
200.112.7.204 - - [30/Aug/2016:13:26:23 -0300] "GET /cormun/servlet/solicitudot?f0bb91694a23699043418fc95bc3fcf3189bebb1db5854188866a327907874ae52135bcb2da1f1a6157932857d14da564e7404fc066afad8cfbdd6a724d571fb6ade77c1bfef5fa751329f42bebe6bfb8bd0aea4375955fca6da6e1c01a956ea2ca06036f0fee405eb383bdc46f23ae6e3e21f05181b7033ec641b802acc5a8b6187f765b6a502db0f22790a6c032acef24b934287ab0bec4b8289ef7dfeac67,gx-no-cache=1472574469847 HTTP/1.1" 200 41
200.112.7.204 - - [30/Aug/2016:13:26:29 -0300] "GET /cormun/servlet/trautorizarsolicitud? HTTP/1.1" 200 6586
200.112.7.204 - - [30/Aug/2016:13:26:34 -0300] "GET /cormun/servlet/trautorizarsolicitud? HTTP/1.1" 200 6575
200.112.7.204 - - [30/Aug/2016:13:26:38 -0300] "GET /cormun/servlet/trsolicitudot? HTTP/1.1" 200 7945
200.112.7.204 - - [30/Aug/2016:13:27:11 -0300] "POST /cormun/servlet/trsolicitudot?0feed8ea952e2b59f4633d422a98de0c,,gx-no-cache=1472574516630 HTTP/1.1" 200 106
200.112.7.204 - - [30/Aug/2016:13:27:12 -0300] "GET /cormun/servlet/trsolicitudadjuntos?2016,2691, HTTP/1.1" 200 8060
200.112.7.204 - - [30/Aug/2016:13:27:31 -0300] "GET /cormun/servlet/solicitudotadjuntos?INS,2016,2691,,1, HTTP/1.1" 200 5754
200.112.7.204 - - [30/Aug/2016:13:27:31 -0300] "HEAD /cormun/static/about:blank HTTP/1.1" 404 -
200.112.7.204 - - [30/Aug/2016:13:27:34 -0300] "GET /cormun/servlet/solicitudotadjuntos?f0bb91694a23699043418fc95bc3fcf3d57f2b51ba762a81d0931102486e24a43d4d1ece90cd1cb0b459770d9919cc7e,gx-no-cache=1472574538732 HTTP/1.1" 200 30
200.112.7.204 - - [30/Aug/2016:13:27:34 -0300] "POST /cormun/servlet/solicitudotadjuntos?0feed8ea952e2b59f4633d422a98de0c,INS,2016,2691,,1,,gx-no-cache=1472574540855 HTTP/1.1" 200 3569
200.112.7.204 - - [30/Aug/2016:13:27:42 -0300] "POST /cormun/servlet/solicitudotadjuntos?gx-no-cache=1472574548861 HTTP/1.1" 200 26
200.112.7.204 - - [30/Aug/2016:13:27:48 -0300] "GET /cormun/servlet/solicitudotadjuntos?f0bb91694a23699043418fc95bc3fcf35640728c7c2dea4e8e6bd590e37dca4d,gx-no-cache=1472574555053 HTTP/1.1" 200 30
200.112.7.204 - - [30/Aug/2016:13:27:49 -0300] "GET /cormun/servlet/solicitudotadjuntos?f0bb91694a23699043418fc95bc3fcf35640728c7c2dea4e8e6bd590e37dca4d,gx-no-cache=1472574555733 HTTP/1.1" 200 30
200.112.7.204 - - [30/Aug/2016:13:28:34 -0300] "POST /cormun/servlet/solicitudotadjuntos?0feed8ea952e2b59f4633d422a98de0c,INS,2016,2691,,1, HTTP/1.1" 200 116
200.112.7.204 - - [30/Aug/2016:13:28:34 -0300] "GET /cormun/servlet/hpexe_return? HTTP/1.1" 200 1024
200.112.7.204 - - [30/Aug/2016:13:28:35 -0300] "GET /cormun/servlet/trsolicitudadjuntos?2016,2691, HTTP/1.1" 200 8218
200.112.7.204 - - [30/Aug/2016:13:28:51 -0300] "GET /cormun/servlet/trautorizarsolicitud? HTTP/1.1" 200 6574
200.112.7.204 - - [30/Aug/2016:13:28:56 -0300] "GET /cormun/servlet/trautorizarsolicitud? HTTP/1.1" 200 6563
200.112.7.204 - - [30/Aug/2016:13:29:00 -0300] "GET /cormun/servlet/trautorizarsolicitud? HTTP/1.1" 200 6563
200.112.7.204 - - [30/Aug/2016:13:29:05 -0300] "GET /cormun/servlet/trsolicitudot? HTTP/1.1" 200 7945
200.112.7.204 - - [30/Aug/2016:13:29:08 -0300] "POST /cormun/servlet/trsolicitudot?0feed8ea952e2b59f4633d422a98de0c,,gx-no-cache=1472574634760 HTTP/1.1" 200 4013
200.112.7.204 - - [30/Aug/2016:13:29:09 -0300] "POST /cormun/servlet/trsolicitudot?0feed8ea952e2b59f4633d422a98de0c,,gx-no-cache=1472574635319 HTTP/1.1" 200 3815
200.112.7.204 - - [30/Aug/2016:13:29:09 -0300] "GET /cormun/static/Shared/jqueryui/images/ui-icons_82798d_256x240.png HTTP/1.1" 404 1089
200.112.7.204 - - [30/Aug/2016:13:29:09 -0300] "GET /cormun/static/Shared/jqueryui/images/ui-bg_flat_55_fafafa_40x100.png HTTP/1.1" 404 1097
200.112.7.204 - - [30/Aug/2016:13:29:09 -0300] "GET /cormun/static/Shared/jqueryui/images/ui-icons_8d78a5_256x240.png HTTP/1.1" 404 1089
200.112.7.204 - - [30/Aug/2016:13:29:09 -0300] "GET /cormun/static/Shared/jqueryui/images/ui-bg_highlight-soft_100_c6c2c8_1x100.png HTTP/1.1" 404 1117
200.112.7.204 - - [30/Aug/2016:13:29:18 -0300] "GET /cormun/servlet/trautorizarsolicitud? HTTP/1.1" 200 7880
200.112.7.204 - - [30/Aug/2016:13:29:21 -0300] "POST /cormun/servlet/trautorizarsolicitud?0feed8ea952e2b59f4633d422a98de0c,,gx-no-cache=1472574647730 HTTP/1.1" 200 3984
200.112.7.204 - - [30/Aug/2016:13:29:22 -0300] "POST /cormun/servlet/trautorizarsolicitud?0feed8ea952e2b59f4633d422a98de0c,,gx-no-cache=1472574648372 HTTP/1.1" 200 3789
200.112.7.204 - - [30/Aug/2016:13:29:22 -0300] "GET /cormun/static/Shared/jqueryui/images/ui-icons_8d78a5_256x240.png HTTP/1.1" 404 1089
200.112.7.204 - - [30/Aug/2016:13:29:22 -0300] "GET /cormun/static/Shared/jqueryui/images/ui-icons_82798d_256x240.png HTTP/1.1" 404 1089
200.112.7.204 - - [30/Aug/2016:13:29:22 -0300] "GET /cormun/static/Shared/jqueryui/images/ui-bg_flat_55_fafafa_40x100.png HTTP/1.1" 404 1097
200.112.7.204 - - [30/Aug/2016:13:29:22 -0300] "GET /cormun/static/Shared/jqueryui/images/ui-bg_highlight-soft_100_c6c2c8_1x100.png HTTP/1.1" 404 1117
200.112.4.157 - - [30/Aug/2016:13:42:42 -0300] "GET /cormun/servlet/hlogin HTTP/1.1" 200 1729
200.112.4.157 - - [30/Aug/2016:13:42:43 -0300] "GET /cormun/static/gxtimezone.js?85251 HTTP/1.1" 200 5781
200.112.4.157 - - [30/Aug/2016:13:42:43 -0300] "GET /cormun/static/gxcfg.js?201632119342969 HTTP/1.1" 200 953
200.112.4.157 - - [30/Aug/2016:13:42:43 -0300] "GET /cormun/static/hlogin.js?201632119342986 HTTP/1.1" 200 2136
200.112.4.157 - - [30/Aug/2016:13:42:43 -0300] "GET /cormun/static/messages.spa.js?85251 HTTP/1.1" 200 30736
200.112.4.157 - - [30/Aug/2016:13:42:43 -0300] "GET /cormun/static/Resources/Spanish/PXTools.css?19284387 HTTP/1.1" 200 89042
200.112.4.157 - - [30/Aug/2016:13:42:43 -0300] "GET /cormun/static/Resources/ComunLogin.png HTTP/1.1" 200 17326
200.112.4.157 - - [30/Aug/2016:13:42:43 -0300] "GET /cormun/static/gxgral.js?85251 HTTP/1.1" 200 384558
200.112.4.157 - - [30/Aug/2016:13:42:44 -0300] "GET /cormun/static/Resources/PXToolsLoginTop.png HTTP/1.1" 200 1337
200.112.4.157 - - [30/Aug/2016:13:42:44 -0300] "GET /cormun/static/Resources/PXToolsLoginBackground.png HTTP/1.1" 200 1164
200.112.4.157 - - [30/Aug/2016:13:42:44 -0300] "GET /cormun/static/Resources/PXToolsButtonLeft21.png HTTP/1.1" 200 1287
200.112.4.157 - - [30/Aug/2016:13:42:44 -0300] "GET /cormun/static/Resources/PXToolsButtonRight21.png HTTP/1.1" 200 1283
200.112.4.157 - - [30/Aug/2016:13:42:44 -0300] "GET /cormun/static/Resources/PXToolsButtonBackground2.png HTTP/1.1" 200 1181
200.112.4.157 - - [30/Aug/2016:13:42:44 -0300] "GET /cormun/static/Resources/PXToolsLoginBottom.png HTTP/1.1" 200 1389
200.112.4.157 - - [30/Aug/2016:13:42:44 -0300] "GET /cormun/servlet/hlogin HTTP/1.1" 200 1737
200.112.4.157 - - [30/Aug/2016:13:42:44 -0300] "GET /cormun/static/Resources/indicator.gif HTTP/1.1" 200 1553
200.112.4.157 - - [30/Aug/2016:13:42:44 -0300] "GET /favicon.ico HTTP/1.1" 200 21630
200.112.4.157 - - [30/Aug/2016:13:42:51 -0300] "POST /cormun/servlet/hlogin?0eb4235664e3a46d58fe6ef41380cba9,gx-no-cache=1472575458325 HTTP/1.1" 200 90
200.112.4.157 - - [30/Aug/2016:13:42:51 -0300] "GET /cormun/servlet/hpexe_link HTTP/1.1" 200 952
