191.112.108.80 - - [19/Aug/2016:09:13:31 -0300] "GET /cormun/servlet/solicitudot?6f1ed0b5a8b5371a47939df4dcfebfdee4cf21df0c940f07fde18f30c156f06ce763e228bd834671425591c972615208e0077b9934424dea36bdb70fd43eab887ae186e5fa480b2ee6d4569a0da28f54c9e392148e52be8eec62697a70fddb6485a913dea97f56073bf02603b304945a4c92a785aeca098fe7a084175971759488921633b61e9e06aff7aef0d22727ef,gx-no-cache=1471608887587 HTTP/1.1" 200 38
191.112.108.80 - - [19/Aug/2016:09:13:31 -0300] "GET /cormun/servlet/solicitudot?6f1ed0b5a8b5371a47939df4dcfebfde5c3414d544ae2beaff244c77f8f973f68c659e7aa810e5950329e3836d37a7cbfe4b5f7defdf1fd83381b922411e3ed2a51137f0431062e71b9c4a40d67c219538633774596926d61a574d2ca1a1e5848f4b8f3a1bd15ded578a6730030c8ff7422949090a0ce883daa26df3190753ee5b1a25d011ed3ed3730198df728662f13a303e0f69fe1e0aa099b6c95f353a3a7a79fc156d32100d0301f6afffebc72636e06bdf578c0e6c87be053958904567b76af14720ab6a14d6373173c1049695,gx-no-cache=1471608887694 HTTP/1.1" 200 29
191.112.108.80 - - [19/Aug/2016:09:13:32 -0300] "POST /cormun/servlet/solicitudot?gx-no-cache=1471608887784 HTTP/1.1" 200 1143
186.103.159.186 - - [19/Aug/2016:09:13:42 -0300] "POST /cormun/servlet/hlogin?5703462efad57342992edd0611766133,gx-no-cache=1471612488628 HTTP/1.1" 200 90
186.103.159.186 - - [19/Aug/2016:09:13:42 -0300] "GET /cormun/servlet/hpexe_link HTTP/1.1" 200 942
186.103.159.186 - - [19/Aug/2016:09:13:44 -0300] "GET /cormun/servlet/hhome HTTP/1.1" 200 3573
186.103.157.98 - - [19/Aug/2016:09:13:59 -0300] "GET /cormun/servlet/solicitudot?f5c77aed426d563146ce2fbf544b35f232e0dfed05f6f0848f2878c446f2364321fd2fe60e99261f64aa18a1b56a339b65a76b3c28160dd4a1b351231f3cf3535be42b79d0f4634d88f2a50511f532f052b8ef8ac26feff951f2e4eb931a356e47f1e7dca3c534e3a7f857ca5eeeb6cc,gx-no-cache=1471608918754 HTTP/1.1" 200 29
186.103.157.98 - - [19/Aug/2016:09:13:59 -0300] "POST /cormun/servlet/solicitudot?gx-no-cache=1471608918814 HTTP/1.1" 200 1143
186.103.159.186 - - [19/Aug/2016:09:14:19 -0300] "GET /cormun/servlet/hhome HTTP/1.1" 200 3570
186.103.159.186 - - [19/Aug/2016:09:14:20 -0300] "GET /favicon.ico HTTP/1.1" 200 21630
186.103.159.186 - - [19/Aug/2016:09:14:27 -0300] "GET /cormun/servlet/trsolicitudot? HTTP/1.1" 200 6498
191.112.108.80 - - [19/Aug/2016:09:14:30 -0300] "GET /cormun/static/menuarrow.gif HTTP/1.1" 404 1015
186.103.159.186 - - [19/Aug/2016:09:14:31 -0300] "GET /cormun/servlet/trsolicitudot? HTTP/1.1" 200 6497
191.112.108.80 - - [19/Aug/2016:09:14:37 -0300] "GET /cormun/servlet/solicitudot?6f1ed0b5a8b5371a47939df4dcfebfde567d2567fabcfb8356dbbc5563021a314128083af0c710f258832a256ff0867498084fb9793443b31940527c9dc1046ec9b1e41d2b2004d9e2848021696e305f327c77477b4cce034c2fcf5cc10d3e6fb3bbcb62a68b50d2135e957fc00eb6fd00b48b2664e903ef58e0dd8b27d9c16735e5e7c214d6e63847fe0d435cbce98b310194c99ae5a2dfefb549212e22db70657529753b0599259e3092c26cc67eea,gx-no-cache=1471608953660 HTTP/1.1" 200 30
186.103.157.98 - - [19/Aug/2016:09:14:41 -0300] "GET /cormun/servlet/solicitudot?f5c77aed426d563146ce2fbf544b35f26fc5535243eea22630e5450013f202faaeefa270184af3eeb8c15b917834f1d2390c427399f9cdf6e7baa5da36c197bbbda018f1ce1bd1b94f992d618bb306fcb9d911ed0b6dae1e01b0a0ce6feb3dee525f3c3bcda8468e8876ff89d591aa03a5881ff7646b38eff4a5b972ad5c1f28728966b958b8477faec8fd64ffad30e931c7a2653c7e8ce781030bc420441af95eabdfd4a79a96975e347a129d4e3e1c,gx-no-cache=1471608960565 HTTP/1.1" 200 30
191.112.108.80 - - [19/Aug/2016:09:15:02 -0300] "POST /cormun/servlet/solicitudot?b9a4c3c3eec7fb0523160c6edb2a781a,INS,0,0,,gx-no-cache=1471608977657 HTTP/1.1" 200 93
191.112.108.80 - - [19/Aug/2016:09:15:02 -0300] "GET /cormun/servlet/hpexe_return? HTTP/1.1" 200 1014
191.112.108.80 - - [19/Aug/2016:09:15:03 -0300] "GET /cormun/servlet/trsolicitudot HTTP/1.1" 200 8432
191.112.108.80 - - [19/Aug/2016:09:15:05 -0300] "GET /cormun/servlet/trsolicitudot HTTP/1.1" 200 8428
186.103.159.44 - - [19/Aug/2016:09:15:07 -0300] "POST /cormun/servlet/solicitudot?gx-no-cache=1471608978139 HTTP/1.1" 200 2994
186.103.159.44 - - [19/Aug/2016:09:15:08 -0300] "POST /cormun/servlet/solicitudot?0654d109afc62cad023156661808fe05,INS,0,0,,gx-no-cache=1471608978608 HTTP/1.1" 200 9101
186.103.159.44 - - [19/Aug/2016:09:15:12 -0300] "GET /cormun/servlet/solicitudot?814e3739ce390e7216fac699e05d3e63c45439ab72e33a92ef26a32dbcd8c5dd86e5d42ff39a5ef022d74cb57e120ad6,gx-no-cache=1471608982640 HTTP/1.1" 200 30
186.103.159.44 - - [19/Aug/2016:09:15:12 -0300] "POST /cormun/servlet/solicitudot?gx-no-cache=1471608982734 HTTP/1.1" 200 30
186.103.157.98 - - [19/Aug/2016:09:15:12 -0300] "GET /cormun/static/Resources/resize.gif HTTP/1.1" 200 77
186.103.157.98 - - [19/Aug/2016:09:15:13 -0300] "GET /cormun/servlet/prfichaempleado?,MD,,gxPopupLevel%3D0%3B HTTP/1.1" 200 8568
186.103.157.98 - - [19/Aug/2016:09:15:13 -0300] "GET /cormun/static/gxcfg.js?201651622215715 HTTP/1.1" 200 953
186.103.157.98 - - [19/Aug/2016:09:15:13 -0300] "GET /cormun/static/Resources/PXToolsMenuSearch.png HTTP/1.1" 200 2914
186.103.157.98 - - [19/Aug/2016:09:15:13 -0300] "GET /cormun/static/Resources/PXToolsMenuSearchCancel.png HTTP/1.1" 200 2972
186.103.157.98 - - [19/Aug/2016:09:15:13 -0300] "GET /cormun/static/prfichaempleado.js?201651622215919 HTTP/1.1" 200 15035
186.103.157.98 - - [19/Aug/2016:09:15:13 -0300] "GET /cormun/static/menusearch.js?20165162214271 HTTP/1.1" 200 1424
186.103.157.98 - - [19/Aug/2016:09:15:13 -0300] "GET /cormun/static/hmpwkw011.js?201651622203195 HTTP/1.1" 200 1968
186.103.159.44 - - [19/Aug/2016:09:15:21 -0300] "POST /cormun/servlet/solicitudot?gx-no-cache=1471608992199 HTTP/1.1" 200 30
186.103.159.44 - - [19/Aug/2016:09:15:35 -0300] "GET /cormun/servlet/prfichaempleado?,MD,,gxPopupLevel%3D0%3B HTTP/1.1" 200 8560
186.103.159.44 - - [19/Aug/2016:09:15:35 -0300] "GET /cormun/static/menusearch.js?20165162214271 HTTP/1.1" 304 -
186.103.159.44 - - [19/Aug/2016:09:15:35 -0300] "GET /cormun/static/gxcfg.js?201651622215715 HTTP/1.1" 304 -
186.103.159.44 - - [19/Aug/2016:09:15:35 -0300] "GET /cormun/static/prfichaempleado.js?201651622215919 HTTP/1.1" 304 -
186.103.159.44 - - [19/Aug/2016:09:15:35 -0300] "GET /cormun/static/hmpwkw011.js?201651622203195 HTTP/1.1" 304 -
186.103.159.186 - - [19/Aug/2016:09:15:52 -0300] "GET /cormun/servlet/solicitudot?INS,0,0, HTTP/1.1" 200 11939
186.103.159.186 - - [19/Aug/2016:09:15:55 -0300] "GET /cormun/servlet/solicitudot?INS,0,0, HTTP/1.1" 200 11943
186.103.159.186 - - [19/Aug/2016:09:16:04 -0300] "POST /cormun/servlet/solicitudot?gx-no-cache=1471612639868 HTTP/1.1" 200 2999
186.103.159.186 - - [19/Aug/2016:09:16:34 -0300] "POST /cormun/servlet/solicitudot?5703462efad57342992edd0611766133,INS,0,0,,gx-no-cache=1471612640361 HTTP/1.1" 200 9097
186.103.159.186 - - [19/Aug/2016:09:16:40 -0300] "GET /cormun/servlet/solicitudot?f80ab64d9b1b8587459c1b4ca526369d9439c811621d96941406dd59245a11ece8f009869c27c43d9a77e21229f804a2,gx-no-cache=1471612675885 HTTP/1.1" 200 30
186.103.159.186 - - [19/Aug/2016:09:16:40 -0300] "POST /cormun/servlet/solicitudot?gx-no-cache=1471612675978 HTTP/1.1" 200 30
186.103.159.186 - - [19/Aug/2016:09:16:49 -0300] "POST /cormun/servlet/solicitudot?gx-no-cache=1471612685044 HTTP/1.1" 200 30
186.103.159.186 - - [19/Aug/2016:09:16:59 -0300] "POST /cormun/servlet/solicitudot?gx-no-cache=1471612694765 HTTP/1.1" 200 1186
186.103.159.186 - - [19/Aug/2016:09:16:59 -0300] "GET /cormun/servlet/solicitudot?f80ab64d9b1b8587459c1b4ca526369d551310fb90fbc418a16832f30aba1d57ee069f575e0e07736a1ebab7c094aa3fa69a77acaaf18dc76e07523254276d998d5b9768c5ca90ee5a608129b5c3f1886d95c371eb8235b47f20e92ed353c3f556b1499ab38a22717870fc55642de4d2876b06a0a3183cf7ad8f522626c100586d9dfcf06910c6346204726a1365ea14,gx-no-cache=1471612694966 HTTP/1.1" 200 38
186.103.159.186 - - [19/Aug/2016:09:17:06 -0300] "GET /cormun/servlet/solicitudot?f80ab64d9b1b8587459c1b4ca526369ddad1f2f9d0b31c31030f05d1a5761891bd37864be8e9e30482e5ed87017062bdfaf6986f1a803e7de72ec3a205d5a09d12b572237e6b76600712d914bf4339d3d624482d72d91704d6deec38fc5b72f5a3111cb86bc3e8ec3c00c6e660c44a54ec6a3dd4bdd92d26eebaf6652e837a3c6e3e97bdc08b6bb6028e8b578922ac3518abaab858842fa1859bcee56d6aa628,gx-no-cache=1471612702074 HTTP/1.1" 200 29
186.103.159.44 - - [19/Aug/2016:09:17:11 -0300] "GET /cormun/servlet/hlogin HTTP/1.1" 200 1719
186.103.159.44 - - [19/Aug/2016:09:17:11 -0300] "GET /cormun/static/Resources/Spanish/PXTools.css?19284387 HTTP/1.1" 304 -
186.103.159.44 - - [19/Aug/2016:09:17:11 -0300] "GET /cormun/static/Resources/ComunLogin.png HTTP/1.1" 304 -
186.103.159.44 - - [19/Aug/2016:09:17:11 -0300] "GET /cormun/static/gxcfg.js?201632119342969 HTTP/1.1" 304 -
186.103.159.44 - - [19/Aug/2016:09:17:11 -0300] "GET /cormun/static/gxgral.js?85251 HTTP/1.1" 304 -
186.103.159.44 - - [19/Aug/2016:09:17:11 -0300] "GET /cormun/static/gxtimezone.js?85251 HTTP/1.1" 304 -
186.103.159.44 - - [19/Aug/2016:09:17:11 -0300] "GET /cormun/static/messages.spa.js?85251 HTTP/1.1" 304 -
186.103.159.44 - - [19/Aug/2016:09:17:11 -0300] "GET /cormun/static/hlogin.js?201632119342986 HTTP/1.1" 304 -
186.103.159.44 - - [19/Aug/2016:09:17:12 -0300] "GET /cormun/static/Resources/indicator.gif HTTP/1.1" 304 -
186.103.159.186 - - [19/Aug/2016:09:17:12 -0300] "POST /cormun/servlet/solicitudot?gx-no-cache=1471612707970 HTTP/1.1" 200 1143
186.103.159.186 - - [19/Aug/2016:09:17:12 -0300] "GET /cormun/static/menuarrow.gif HTTP/1.1" 404 1015
186.103.159.186 - - [19/Aug/2016:09:17:29 -0300] "GET /cormun/servlet/solicitudot?f80ab64d9b1b8587459c1b4ca526369d1d5d4a2f85768a68ec2a125a52290cdb25d930fbc99888196f9942d2fc83db0f10f4f3c8a989c948fefff95352c51f94f3b5f0997a613d0f394a2434b854d49276641094e5cbd3ab83affe10749498d01206eaaa1f63c9e28d00decfb26e94a1803e04d960b2e9e14b79ad36f5768db81af3635637a7a4dfca71b631c9b3ec13002b75a646fbdd1170c2c121e861334e26e8cebc9288ca4c47ed995e6b4f719a,gx-no-cache=1471612724965 HTTP/1.1" 200 30
186.103.159.186 - - [19/Aug/2016:09:17:53 -0300] "POST /cormun/servlet/solicitudot?gx-no-cache=1471612748564 HTTP/1.1" 200 1186
186.103.159.186 - - [19/Aug/2016:09:17:53 -0300] "GET /cormun/servlet/solicitudot?f80ab64d9b1b8587459c1b4ca526369d551310fb90fbc418a16832f30aba1d57ee069f575e0e07736a1ebab7c094aa3fa69a77acaaf18dc76e07523254276d998d5b9768c5ca90ee5a608129b5c3f1886d95c371eb8235b47f20e92ed353c3f556b1499ab38a22717870fc55642de4d2876b06a0a3183cf7ad8f522626c10058d3c2b8ff346009f1e4e49b7f35a0b3da5a25ea39c9d923a5e5820a94c657ad3f,gx-no-cache=1471612748980 HTTP/1.1" 200 41
186.103.159.186 - - [19/Aug/2016:09:17:54 -0300] "POST /cormun/servlet/solicitudot?gx-no-cache=1471612749142 HTTP/1.1" 200 1143
186.103.159.186 - - [19/Aug/2016:09:17:54 -0300] "GET /cormun/servlet/solicitudot?f80ab64d9b1b8587459c1b4ca526369d1d5d4a2f85768a68ec2a125a52290cdb25d930fbc99888196f9942d2fc83db0f10f4f3c8a989c948fefff95352c51f94f3b5f0997a613d0f394a2434b854d49276641094e5cbd3ab83affe10749498d01206eaaa1f63c9e28d00decfb26e94a1803e04d960b2e9e14b79ad36f5768db81af3635637a7a4dfca71b631c9b3ec13002b75a646fbdd1170c2c121e861334e26e8cebc9288ca4c47ed995e6b4f719a,gx-no-cache=1471612749254 HTTP/1.1" 200 30
186.103.159.186 - - [19/Aug/2016:09:17:55 -0300] "POST /cormun/servlet/solicitudot?5703462efad57342992edd0611766133,INS,0,0,,gx-no-cache=1471612749379 HTTP/1.1" 200 93
186.103.159.186 - - [19/Aug/2016:09:17:55 -0300] "GET /cormun/servlet/hpexe_return? HTTP/1.1" 200 999
186.103.157.98 - - [19/Aug/2016:09:17:55 -0300] "GET /cormun/servlet/prlicenciaspermisos?12913391,L,,MD,,gxPopupLevel%3D0%3B HTTP/1.1" 200 7152
186.103.157.98 - - [19/Aug/2016:09:17:55 -0300] "GET /cormun/static/prlicenciaspermisos.js?201652512202842 HTTP/1.1" 200 13349
186.103.159.186 - - [19/Aug/2016:09:17:55 -0300] "GET /cormun/servlet/trsolicitudot HTTP/1.1" 200 7751
186.103.157.98 - - [19/Aug/2016:09:17:56 -0300] "GET /cormun/static/gxcfg.js?201652512202696 HTTP/1.1" 200 953
186.103.159.186 - - [19/Aug/2016:09:17:58 -0300] "GET /cormun/servlet/trsolicitudot HTTP/1.1" 200 7748
186.103.159.186 - - [19/Aug/2016:09:18:15 -0300] "GET /cormun/servlet/solicitudot?INS,0,0, HTTP/1.1" 200 11939
186.103.159.186 - - [19/Aug/2016:09:18:20 -0300] "GET /cormun/servlet/solicitudot?INS,0,0, HTTP/1.1" 200 11943
186.103.159.186 - - [19/Aug/2016:09:18:20 -0300] "POST /cormun/servlet/solicitudot?5703462efad57342992edd0611766133,INS,0,0,,gx-no-cache=1471612775874 HTTP/1.1" 200 90
186.103.159.186 - - [19/Aug/2016:09:18:20 -0300] "GET /cormun/servlet/hpexe_link HTTP/1.1" 200 952
186.103.159.186 - - [19/Aug/2016:09:18:54 -0300] "GET /cormun/servlet/hlogin HTTP/1.1" 200 1714
186.103.159.186 - - [19/Aug/2016:09:18:55 -0300] "GET /favicon.ico HTTP/1.1" 200 21630
191.112.108.80 - - [19/Aug/2016:09:19:03 -0300] "POST /cormun/servlet/trsolicitudot?b9a4c3c3eec7fb0523160c6edb2a781a,gx-no-cache=1471609218592 HTTP/1.1" 200 106
191.112.108.80 - - [19/Aug/2016:09:19:03 -0300] "GET /cormun/servlet/solicitudot?DLT,2016,2508, HTTP/1.1" 200 8699
186.103.159.186 - - [19/Aug/2016:09:19:05 -0300] "POST /cormun/servlet/hlogin?5703462efad57342992edd0611766133,gx-no-cache=1471612820758 HTTP/1.1" 200 90
186.103.159.186 - - [19/Aug/2016:09:19:05 -0300] "GET /cormun/servlet/hpexe_link HTTP/1.1" 200 954
191.112.108.80 - - [19/Aug/2016:09:19:05 -0300] "GET /cormun/static/Shared/jqueryui/images/ui-bg_highlight-soft_100_c6c2c8_1x100.png HTTP/1.1" 404 1117
191.112.108.80 - - [19/Aug/2016:09:19:06 -0300] "GET /cormun/static/Shared/jqueryui/images/ui-icons_82798d_256x240.png HTTP/1.1" 404 1089
191.112.108.80 - - [19/Aug/2016:09:19:06 -0300] "GET /cormun/static/Shared/jqueryui/images/ui-bg_flat_55_fafafa_40x100.png HTTP/1.1" 404 1097
191.112.108.80 - - [19/Aug/2016:09:19:06 -0300] "GET /cormun/static/Shared/jqueryui/images/ui-icons_8d78a5_256x240.png HTTP/1.1" 404 1089
186.103.159.186 - - [19/Aug/2016:09:19:06 -0300] "GET /cormun/servlet/solicitudot?INS,0,0, HTTP/1.1" 200 11940
191.112.108.80 - - [19/Aug/2016:09:19:06 -0300] "GET /cormun/servlet/solicitudot?DLT,2016,2508, HTTP/1.1" 200 8708
186.103.159.186 - - [19/Aug/2016:09:19:09 -0300] "GET /cormun/servlet/solicitudot?INS,0,0, HTTP/1.1" 200 11943
186.103.159.186 - - [19/Aug/2016:09:19:12 -0300] "POST /cormun/servlet/solicitudot?5703462efad57342992edd0611766133,INS,0,0,,gx-no-cache=1471612827376 HTTP/1.1" 200 93
186.103.159.186 - - [19/Aug/2016:09:19:12 -0300] "GET /cormun/servlet/hpexe_return? HTTP/1.1" 200 999
186.103.159.186 - - [19/Aug/2016:09:19:13 -0300] "GET /cormun/servlet/trsolicitudot HTTP/1.1" 200 7751
186.103.157.98 - - [19/Aug/2016:09:19:14 -0300] "GET /cormun/servlet/solicitudot?f5c77aed426d563146ce2fbf544b35f2587b1401e04126f5497ff8a5669d299984be7cc55e4a4372fe505a2d7d27fd13c9311f5a136840f446c5744c4acefff6390b20a16b5de9a69afd9b2f553e1052367f6093d0b74c6e0dd1b38c516c096cbc70b7a2d635e0fefefa0a06ff20152a77ec4df8127238e56eb6bfb5f80e6f659ecd2dea55145c5242228240448a851b1fdbd67e3ae1a29ef6296ae42d29c992,gx-no-cache=1471609233429 HTTP/1.1" 200 41
186.103.157.98 - - [19/Aug/2016:09:19:14 -0300] "GET /cormun/servlet/solicitudot?f5c77aed426d563146ce2fbf544b35f26fc5535243eea22630e5450013f202fa718f02c5e2aab766b0c09bc7a220c1025467ecf71c9ac0ea6b6082f799b05cd01f3f57e8be9d2dc102d58045662804000ee8e7f967529180503a702ef2a728d179d0715c1d70c0833aa015cb5f3883cf1d6ed66b8ea2593cd6b31b0166e7efa16159993b9d098e0faeeb4ae2f805e9e406959d58f5ce0318f3f69724179a7f1b43e043628592dd5cd25379b4a855b1152adb2d5ca8f20b5062375eb73447dd3b,gx-no-cache=1471609233547 HTTP/1.1" 200 30
186.103.157.98 - - [19/Aug/2016:09:19:14 -0300] "POST /cormun/servlet/solicitudot?4920f65f433c9e40e1e8ed16bf26e562,INS,0,0,,gx-no-cache=1471609233627 HTTP/1.1" 200 93
186.103.157.98 - - [19/Aug/2016:09:19:15 -0300] "GET /cormun/servlet/hpexe_return? HTTP/1.1" 200 1007
186.103.157.98 - - [19/Aug/2016:09:19:15 -0300] "GET /cormun/static/gxcfg.js?2015111312145050 HTTP/1.1" 200 953
186.103.157.98 - - [19/Aug/2016:09:19:15 -0300] "GET /cormun/static/hpexe_return.js?2015111312145056 HTTP/1.1" 200 1633
186.103.157.98 - - [19/Aug/2016:09:19:15 -0300] "GET /cormun/static/Resources/Spanish/PXTools.css?12112540 HTTP/1.1" 200 89042
186.103.157.98 - - [19/Aug/2016:09:19:15 -0300] "GET /cormun/servlet/trsolicitudot HTTP/1.1" 200 7870
186.103.157.98 - - [19/Aug/2016:09:19:15 -0300] "GET /cormun//static/Resources/PXToolsGridUpdate.png HTTP/1.1" 200 2984
186.103.157.98 - - [19/Aug/2016:09:19:15 -0300] "GET /cormun//static/Resources/PXToolsGridDelete.png HTTP/1.1" 200 357
186.103.157.98 - - [19/Aug/2016:09:19:15 -0300] "GET /cormun//static/Resources/PXToolsActionView.png HTTP/1.1" 200 2995
186.103.157.98 - - [19/Aug/2016:09:19:15 -0300] "GET /cormun//static/Resources/PXTools/ActionInsert.png HTTP/1.1" 200 1482
186.103.157.98 - - [19/Aug/2016:09:19:15 -0300] "GET /cormun//static/Resources/PXToolsRemoveAllAction.png HTTP/1.1" 200 3558
186.103.159.186 - - [19/Aug/2016:09:19:16 -0300] "GET /cormun/servlet/trsolicitudot HTTP/1.1" 200 7748
191.112.108.80 - - [19/Aug/2016:09:19:27 -0300] "POST /cormun/servlet/solicitudot?b9a4c3c3eec7fb0523160c6edb2a781a,DLT,2016,2508,,gx-no-cache=1471609242780 HTTP/1.1" 200 93
191.112.108.80 - - [19/Aug/2016:09:19:27 -0300] "GET /cormun/servlet/hpexe_return? HTTP/1.1" 200 1020
191.112.108.80 - - [19/Aug/2016:09:19:27 -0300] "GET /cormun/servlet/trsolicitudot HTTP/1.1" 200 8170
191.112.108.80 - - [19/Aug/2016:09:19:29 -0300] "GET /cormun/servlet/trsolicitudot HTTP/1.1" 200 8166
186.103.159.186 - - [19/Aug/2016:09:19:30 -0300] "POST /cormun/servlet/trsolicitudot?5703462efad57342992edd0611766133,gx-no-cache=1471612845253 HTTP/1.1" 200 5145
191.112.108.80 - - [19/Aug/2016:09:19:33 -0300] "GET /cormun/servlet/solicitudot?INS,0,0, HTTP/1.1" 200 11967
191.112.108.80 - - [19/Aug/2016:09:19:35 -0300] "GET /cormun/servlet/solicitudot?INS,0,0, HTTP/1.1" 200 11972
186.103.157.98 - - [19/Aug/2016:09:19:44 -0300] "POST /cormun/servlet/trsolicitudot?4920f65f433c9e40e1e8ed16bf26e562,gx-no-cache=1471609247917 HTTP/1.1" 200 106
186.103.157.98 - - [19/Aug/2016:09:19:44 -0300] "GET /cormun/servlet/trsolicitudadjuntos?2016,2511, HTTP/1.1" 200 5628
186.103.157.98 - - [19/Aug/2016:09:19:44 -0300] "GET /cormun/static/gxcfg.js?2016311731090 HTTP/1.1" 200 953
186.103.157.98 - - [19/Aug/2016:09:19:45 -0300] "GET /cormun/static/Resources/PXToolsGridFirst.gif HTTP/1.1" 200 379
186.103.157.98 - - [19/Aug/2016:09:19:45 -0300] "GET /cormun/static/Resources/PXToolsGridPrevious.gif HTTP/1.1" 200 369
186.103.157.98 - - [19/Aug/2016:09:19:45 -0300] "GET /cormun/static/Resources/PXToolsGridNext.gif HTTP/1.1" 200 369
186.103.157.98 - - [19/Aug/2016:09:19:45 -0300] "GET /cormun/static/Resources/PXToolsGridLast.gif HTTP/1.1" 200 370
186.103.157.98 - - [19/Aug/2016:09:19:45 -0300] "GET /cormun/static/Resources/Spanish/PXTools.css?171692 HTTP/1.1" 200 89042
186.103.157.98 - - [19/Aug/2016:09:19:45 -0300] "GET /cormun/static/trsolicitudadjuntos.js?2016311731342 HTTP/1.1" 200 17913
191.112.108.80 - - [19/Aug/2016:09:19:57 -0300] "POST /cormun/servlet/solicitudot?gx-no-cache=1471609272565 HTTP/1.1" 200 3011
191.112.108.80 - - [19/Aug/2016:09:19:57 -0300] "POST /cormun/servlet/solicitudot?b9a4c3c3eec7fb0523160c6edb2a781a,INS,0,0,,gx-no-cache=1471609273117 HTTP/1.1" 200 9117
186.103.157.98 - - [19/Aug/2016:09:20:00 -0300] "GET /cormun/servlet/solicitudotadjuntos?INS,2016,2511,,1, HTTP/1.1" 200 5723
186.103.157.98 - - [19/Aug/2016:09:20:00 -0300] "GET /cormun/static/gxcfg.js?201631622493247 HTTP/1.1" 200 953
186.103.157.98 - - [19/Aug/2016:09:20:00 -0300] "GET /cormun/static/solicitudotadjuntos.js?201631622493267 HTTP/1.1" 200 11762
186.103.157.98 - - [19/Aug/2016:09:20:00 -0300] "HEAD /cormun/static/about:blank HTTP/1.1" 404 -
186.103.157.98 - - [19/Aug/2016:09:20:01 -0300] "GET /cormun/servlet/solicitudotadjuntos?f5c77aed426d563146ce2fbf544b35f2b35c6b9d79e2dac7e6b1b93110acad85658e1a2f466c12027e3441203cf49d83,gx-no-cache=1471609280489 HTTP/1.1" 200 30
186.103.157.98 - - [19/Aug/2016:09:20:01 -0300] "POST /cormun/servlet/solicitudotadjuntos?4920f65f433c9e40e1e8ed16bf26e562,INS,2016,2511,,1,,gx-no-cache=1471609280548 HTTP/1.1" 200 3548
191.112.108.80 - - [19/Aug/2016:09:20:03 -0300] "GET /cormun/servlet/solicitudot?6f1ed0b5a8b5371a47939df4dcfebfdef690a2c9c8806aca0a94afac56c011d30f02d3148933d8affdbfdea91c88ac27,gx-no-cache=1471609279374 HTTP/1.1" 200 30
191.112.108.80 - - [19/Aug/2016:09:20:03 -0300] "POST /cormun/servlet/solicitudot?gx-no-cache=1471609279486 HTTP/1.1" 200 30
191.112.108.80 - - [19/Aug/2016:09:20:03 -0300] "POST /cormun/servlet/solicitudot?gx-no-cache=1471609279595 HTTP/1.1" 200 122
191.112.108.80 - - [19/Aug/2016:09:20:04 -0300] "POST /cormun/servlet/solicitudot?gx-no-cache=1471609279782 HTTP/1.1" 200 1187
191.112.108.80 - - [19/Aug/2016:09:20:04 -0300] "GET /cormun/servlet/solicitudot?6f1ed0b5a8b5371a47939df4dcfebfdee4cf21df0c940f07fde18f30c156f06ce763e228bd834671425591c972615208e0077b9934424dea36bdb70fd43eab887ae186e5fa480b2ee6d4569a0da28f54c9e392148e52be8eec62697a70fddb6485a913dea97f56073bf02603b304945a4c92a785aeca098fe7a084175971759488921633b61e9e06aff7aef0d22727ef,gx-no-cache=1471609279972 HTTP/1.1" 200 38
186.103.159.186 - - [19/Aug/2016:09:20:08 -0300] "POST /cormun/servlet/trsolicitudot?5703462efad57342992edd0611766133,gx-no-cache=1471612883411 HTTP/1.1" 200 3906
191.112.108.80 - - [19/Aug/2016:09:20:18 -0300] "POST /cormun/servlet/solicitudot?gx-no-cache=1471609293797 HTTP/1.1" 200 30
191.112.108.80 - - [19/Aug/2016:09:20:21 -0300] "GET /cormun/servlet/prcontratosol?12510225,,,,,MD,,gxPopupLevel%3D0%3B HTTP/1.1" 200 5704
191.112.108.80 - - [19/Aug/2016:09:20:26 -0300] "POST /cormun/servlet/solicitudot?gx-no-cache=1471609301688 HTTP/1.1" 200 1187
191.112.108.80 - - [19/Aug/2016:09:20:26 -0300] "GET /cormun/servlet/solicitudot?6f1ed0b5a8b5371a47939df4dcfebfdee4cf21df0c940f07fde18f30c156f06ce763e228bd834671425591c972615208e0077b9934424dea36bdb70fd43eab887ae186e5fa480b2ee6d4569a0da28f54c9e392148e52be8eec62697a70fddb6485a913dea97f56073bf02603b304945a4c92a785aeca098fe7a084175971759488921633b61e9e06aff7aef0d22727ef,gx-no-cache=1471609301964 HTTP/1.1" 200 38
191.112.108.80 - - [19/Aug/2016:09:20:26 -0300] "GET /cormun/servlet/solicitudot?6f1ed0b5a8b5371a47939df4dcfebfde5c3414d544ae2beaff244c77f8f973f68c659e7aa810e5950329e3836d37a7cb1134c7d68ba8853521e466bf1c23ca2ea51137f0431062e71b9c4a40d67c219538633774596926d61a574d2ca1a1e5848f4b8f3a1bd15ded578a6730030c8ff7422949090a0ce883daa26df3190753ee5b1a25d011ed3ed3730198df728662f13a303e0f69fe1e0aa099b6c95f353a3a7a79fc156d32100d0301f6afffebc72636e06bdf578c0e6c87be053958904567b76af14720ab6a14d6373173c1049695,gx-no-cache=1471609302081 HTTP/1.1" 200 29
191.112.108.80 - - [19/Aug/2016:09:20:26 -0300] "POST /cormun/servlet/solicitudot?gx-no-cache=1471609302190 HTTP/1.1" 200 1143
186.103.159.204 - - [19/Aug/2016:09:21:00 -0300] "GET /cormun/servlet/solicitudotadjuntos?INS,2016,2440,,2, HTTP/1.1" 200 5130
186.103.159.204 - - [19/Aug/2016:09:21:00 -0300] "GET /cormun/static/calendar-system.css?75620 HTTP/1.1" 200 5572
186.103.159.204 - - [19/Aug/2016:09:21:00 -0300] "GET /cormun/static/SmoothNavMenu/resources/ddsmoothmenu.css?1012540 HTTP/1.1" 200 2223
186.103.159.204 - - [19/Aug/2016:09:21:00 -0300] "GET /cormun/static/SmoothNavMenu/resources/ddsmoothmenu-v.css?1012540 HTTP/1.1" 200 1188
186.103.159.204 - - [19/Aug/2016:09:21:00 -0300] "GET /cormun/static/Shared/jqueryui/jquery-ui.min.css?1245370 HTTP/1.1" 200 30288
186.103.159.204 - - [19/Aug/2016:09:21:00 -0300] "GET /cormun/static/Resources/Spanish/PXTools.css?22445990 HTTP/1.1" 200 89042
186.103.159.204 - - [19/Aug/2016:09:21:00 -0300] "GET /cormun/static/scaMessage/css/jquery.pnotify.default.css?1716380 HTTP/1.1" 200 1707
186.103.159.204 - - [19/Aug/2016:09:21:00 -0300] "GET /cormun/static/gxcfg.js?201631622493247 HTTP/1.1" 200 953
186.103.159.204 - - [19/Aug/2016:09:21:00 -0300] "GET /cormun/static/gxtimezone.js?85251 HTTP/1.1" 200 5781
186.103.159.204 - - [19/Aug/2016:09:21:01 -0300] "GET /cormun/static/calendar.js?85251 HTTP/1.1" 200 26246
186.103.159.204 - - [19/Aug/2016:09:21:01 -0300] "GET /cormun/static/calendar-setup.js?85251 HTTP/1.1" 200 2588
186.103.159.204 - - [19/Aug/2016:09:21:01 -0300] "GET /cormun/static/PXToolsJavascripts/pexe_autoreload.js HTTP/1.1" 200 1762
186.103.159.204 - - [19/Aug/2016:09:21:01 -0300] "GET /cormun/static/RunJS/RunJS.js HTTP/1.1" 200 288
186.103.159.204 - - [19/Aug/2016:09:21:01 -0300] "GET /cormun/static/calendar-es.js?85251 HTTP/1.1" 200 1901
186.103.159.204 - - [19/Aug/2016:09:21:01 -0300] "GET /cormun/static/PXToolsJavascripts/pexe_grid.js HTTP/1.1" 200 7559
186.103.159.204 - - [19/Aug/2016:09:21:01 -0300] "GET /cormun/static/PXToolsJavascripts/pexe_cookies.js HTTP/1.1" 200 792
186.103.159.204 - - [19/Aug/2016:09:21:01 -0300] "GET /cormun/static/PXToolsJavascripts/pexe_griddivfix.js HTTP/1.1" 200 6644
186.103.159.204 - - [19/Aug/2016:09:21:01 -0300] "GET /cormun/static/PXToolsJavascripts/pexe_link.js HTTP/1.1" 200 5671
186.103.159.204 - - [19/Aug/2016:09:21:01 -0300] "GET /cormun/static/PXToolsJavascripts/pexe_windows.js HTTP/1.1" 200 15207
186.103.159.204 - - [19/Aug/2016:09:21:01 -0300] "GET /cormun/static/PXToolsJavascripts/pexe_menudivfix.js HTTP/1.1" 200 333
186.103.159.204 - - [19/Aug/2016:09:21:01 -0300] "GET /cormun/static/PXToolsJavascripts/pexe_menus.js HTTP/1.1" 200 1286
186.103.159.204 - - [19/Aug/2016:09:21:01 -0300] "GET /cormun/static/PXToolsJavascripts/pexe_layers.js HTTP/1.1" 200 4114
186.103.159.204 - - [19/Aug/2016:09:21:01 -0300] "GET /cormun/static/PXToolsJavascripts/pexe_oav.js HTTP/1.1" 200 645
186.103.159.204 - - [19/Aug/2016:09:21:01 -0300] "GET /cormun/static/PXToolsJavascripts/pexe_oavdivfix.js HTTP/1.1" 200 639
186.103.159.204 - - [19/Aug/2016:09:21:01 -0300] "GET /cormun/static/PXToolsJavascripts/pexe_picture.js HTTP/1.1" 200 689
186.103.159.204 - - [19/Aug/2016:09:21:01 -0300] "GET /cormun/static/PXToolsJavascripts/pexe_popup.js HTTP/1.1" 200 13458
186.103.159.204 - - [19/Aug/2016:09:21:01 -0300] "GET /cormun/static/PXToolsJavascripts/pexe_scrolldiv.js HTTP/1.1" 200 4138
186.103.159.204 - - [19/Aug/2016:09:21:01 -0300] "GET /cormun/static/PXToolsJavascripts/pexe_tabs.js HTTP/1.1" 200 3748
186.103.159.204 - - [19/Aug/2016:09:21:01 -0300] "GET /cormun/static/PXToolsJavascripts/pexe_tabdivfix.js HTTP/1.1" 200 876
186.103.159.204 - - [19/Aug/2016:09:21:01 -0300] "GET /cormun/static/PXToolsJavascripts/PXToolsJavascriptsRender.js HTTP/1.1" 200 367
186.103.159.204 - - [19/Aug/2016:09:21:01 -0300] "GET /cormun/static/PXToolsJavascripts/pexe_upload.js HTTP/1.1" 200 1423
186.103.159.204 - - [19/Aug/2016:09:21:01 -0300] "GET /cormun/static/Shared/ext/locale/ext-lang-en.js HTTP/1.1" 200 10940
186.103.159.204 - - [19/Aug/2016:09:21:01 -0300] "GET /cormun/static/gxdec.js?85251 HTTP/1.1" 200 19579
186.103.159.204 - - [19/Aug/2016:09:21:01 -0300] "GET /cormun/static/solicitudotadjuntos.js?201631622493267 HTTP/1.1" 200 11762
186.103.159.204 - - [19/Aug/2016:09:21:02 -0300] "GET /cormun/static/hwchdr01.js?20162241650484 HTTP/1.1" 200 1183
186.103.159.204 - - [19/Aug/2016:09:21:02 -0300] "GET /cormun/static/hpexe_recentlink.js?2015111312121342 HTTP/1.1" 200 2144
186.103.159.204 - - [19/Aug/2016:09:21:02 -0300] "GET /cormun/static/messages.spa.js?85251 HTTP/1.1" 200 30736
186.103.159.204 - - [19/Aug/2016:09:21:02 -0300] "GET /cormun/static/hpexe_scripts.js?20151120014546 HTTP/1.1" 200 1544
186.103.159.204 - - [19/Aug/2016:09:21:02 -0300] "GET /cormun/static/hpexe_messagecontroller.js?2015112210524422 HTTP/1.1" 200 870
186.103.159.204 - - [19/Aug/2016:09:21:02 -0300] "GET /cormun/static/hpexe_messagepopupcomponent.js?20165162214013 HTTP/1.1" 200 605
186.103.159.204 - - [19/Aug/2016:09:21:02 -0300] "GET /cormun/static/hpexe_messagegenexuscomponent.js?20151120014314 HTTP/1.1" 200 587
186.103.159.204 - - [19/Aug/2016:09:21:02 -0300] "GET /cormun/static/cmcontrolpreferences.js?20151120014525 HTTP/1.1" 200 1375
186.103.159.204 - - [19/Aug/2016:09:21:02 -0300] "GET /cormun/static/SmoothNavMenu/resources/ddsmoothmenu.js HTTP/1.1" 200 12712
186.103.159.204 - - [19/Aug/2016:09:21:03 -0300] "GET /cormun/static/SmoothNavMenu/resources/SmoothNavMenuRender.js HTTP/1.1" 200 5951
186.103.159.204 - - [19/Aug/2016:09:21:03 -0300] "GET /cormun/static/scaMessage/js/jquery.pnotify.min.js HTTP/1.1" 200 13038
186.103.159.204 - - [19/Aug/2016:09:21:03 -0300] "GET /cormun/static/scaMessage/scaMessageRender.js HTTP/1.1" 200 11977
186.103.159.204 - - [19/Aug/2016:09:21:04 -0300] "GET /cormun/static/Shared/jquery/jquery-1.4.2.min.js HTTP/1.1" 200 72174
186.103.159.204 - - [19/Aug/2016:09:21:04 -0300] "GET /cormun/static/Shared/jqueryui/jquery-ui.min.js HTTP/1.1" 200 240427
186.103.159.204 - - [19/Aug/2016:09:21:04 -0300] "GET /cormun/static/Shared/jquery/jquery-1.10.2.min.js HTTP/1.1" 200 273199
186.103.159.204 - - [19/Aug/2016:09:21:05 -0300] "GET /cormun/static/Shared/ext/ext-all.js HTTP/1.1" 200 1289687
186.103.159.204 - - [19/Aug/2016:09:21:05 -0300] "GET /cormun/static/hmpwkw03.js?201651622203894 HTTP/1.1" 200 3898
191.112.108.80 - - [19/Aug/2016:09:21:10 -0300] "GET /cormun/servlet/solicitudot?6f1ed0b5a8b5371a47939df4dcfebfdea3c2b97ed7ba606e8c521a535e92a25feb88feb5726e946b4246560ef46da9129ffc5cdc925289ececf5ba7d90c8e4acc9b1e41d2b2004d9e2848021696e305f327c77477b4cce034c2fcf5cc10d3e6fb3bbcb62a68b50d2135e957fc00eb6fd00b48b2664e903ef58e0dd8b27d9c16735e5e7c214d6e63847fe0d435cbce98b310194c99ae5a2dfefb549212e22db70657529753b0599259e3092c26cc67eea,gx-no-cache=1471609345722 HTTP/1.1" 200 30
186.103.159.186 - - [19/Aug/2016:09:21:20 -0300] "GET /cormun/servlet/hpexe_return? HTTP/1.1" 200 999
186.103.159.186 - - [19/Aug/2016:09:21:21 -0300] "GET /cormun/servlet/hhome HTTP/1.1" 200 3575
186.103.159.186 - - [19/Aug/2016:09:21:23 -0300] "GET /cormun/servlet/hhome HTTP/1.1" 200 3570
191.112.108.80 - - [19/Aug/2016:09:21:25 -0300] "POST /cormun/servlet/solicitudot?b9a4c3c3eec7fb0523160c6edb2a781a,INS,0,0,,gx-no-cache=1471609361195 HTTP/1.1" 200 10016
191.112.108.80 - - [19/Aug/2016:09:21:26 -0300] "GET /cormun/static/Shared/jqueryui/images/ui-bg_flat_55_994d53_40x100.png HTTP/1.1" 404 1097
191.112.108.80 - - [19/Aug/2016:09:21:26 -0300] "GET /cormun/static/Shared/jqueryui/images/ui-icons_ebccce_256x240.png HTTP/1.1" 404 1089
186.103.159.186 - - [19/Aug/2016:09:21:27 -0300] "GET /cormun/servlet/hpexe_return? HTTP/1.1" 200 999
186.103.159.186 - - [19/Aug/2016:09:21:28 -0300] "GET /cormun/servlet/hhome HTTP/1.1" 200 3575
186.103.159.186 - - [19/Aug/2016:09:22:06 -0300] "GET /cormun/servlet/hlogin HTTP/1.1" 200 1714
186.103.159.186 - - [19/Aug/2016:09:22:07 -0300] "GET /favicon.ico HTTP/1.1" 200 21630
186.103.159.186 - - [19/Aug/2016:09:22:15 -0300] "POST /cormun/servlet/hlogin?5703462efad57342992edd0611766133,gx-no-cache=1471613010724 HTTP/1.1" 200 90
186.103.159.186 - - [19/Aug/2016:09:22:15 -0300] "GET /cormun/servlet/hpexe_link HTTP/1.1" 200 942
186.103.159.186 - - [19/Aug/2016:09:22:16 -0300] "GET /cormun/servlet/hhome HTTP/1.1" 200 3573
186.103.159.186 - - [19/Aug/2016:09:22:19 -0300] "GET /cormun/servlet/hhome HTTP/1.1" 200 3570
186.103.159.186 - - [19/Aug/2016:09:22:23 -0300] "GET /cormun/servlet/trsolicitudot? HTTP/1.1" 200 6518
186.103.159.186 - - [19/Aug/2016:09:22:26 -0300] "GET /cormun/servlet/trsolicitudot? HTTP/1.1" 200 6517
186.103.159.186 - - [19/Aug/2016:09:22:30 -0300] "POST /cormun/servlet/trsolicitudot?5703462efad57342992edd0611766133,,gx-no-cache=1471613025041 HTTP/1.1" 200 3782
186.103.159.189 - - [19/Aug/2016:09:22:30 -0300] "GET /cormun/servlet/hlogin HTTP/1.1" 200 1725
186.103.159.189 - - [19/Aug/2016:09:22:30 -0300] "GET /cormun/static/Resources/Spanish/PXTools.css?19284387 HTTP/1.1" 304 -
186.103.159.189 - - [19/Aug/2016:09:22:30 -0300] "GET /cormun/static/gxtimezone.js?85251 HTTP/1.1" 304 -
186.103.159.189 - - [19/Aug/2016:09:22:30 -0300] "GET /cormun/static/gxcfg.js?201632119342969 HTTP/1.1" 304 -
186.103.159.189 - - [19/Aug/2016:09:22:30 -0300] "GET /cormun/static/messages.spa.js?85251 HTTP/1.1" 304 -
186.103.159.189 - - [19/Aug/2016:09:22:30 -0300] "GET /cormun/static/hlogin.js?201632119342986 HTTP/1.1" 304 -
186.103.159.189 - - [19/Aug/2016:09:22:31 -0300] "GET /cormun/servlet/hlogin HTTP/1.1" 200 1735
186.103.159.189 - - [19/Aug/2016:09:22:31 -0300] "GET /favicon.ico HTTP/1.1" 200 21630
186.103.159.186 - - [19/Aug/2016:09:22:32 -0300] "POST /cormun/servlet/trsolicitudot?5703462efad57342992edd0611766133,,gx-no-cache=1471613027459 HTTP/1.1" 200 3782
186.103.159.186 - - [19/Aug/2016:09:22:37 -0300] "POST /cormun/servlet/trsolicitudot?5703462efad57342992edd0611766133,,gx-no-cache=1471613032078 HTTP/1.1" 200 3782
191.112.108.80 - - [19/Aug/2016:09:22:47 -0300] "GET /cormun/servlet/solicitudot?6f1ed0b5a8b5371a47939df4dcfebfdea3c2b97ed7ba606e8c521a535e92a25feb88feb5726e946b4246560ef46da9129ffc5cdc925289ececf5ba7d90c8e4acc9b1e41d2b2004d9e2848021696e305f327c77477b4cce034c2fcf5cc10d3e6fb3bbcb62a68b50d2135e957fc00eb6fd00b48b2664e903ef58e0dd8b27d9c16735e5e7c214d6e63847fe0d435cbce98b310194c99ae5a2dfefb549212e22db70657529753b0599259e3092c26cc67eea,gx-no-cache=1471609443576 HTTP/1.1" 200 30
191.112.108.80 - - [19/Aug/2016:09:22:48 -0300] "POST /cormun/servlet/solicitudot?b9a4c3c3eec7fb0523160c6edb2a781a,INS,0,0,,gx-no-cache=1471609443702 HTTP/1.1" 200 10067
186.103.159.204 - - [19/Aug/2016:09:23:06 -0300] "GET /cormun/static/gxui/gxui-all.js HTTP/1.1" 200 81920
191.112.108.80 - - [19/Aug/2016:09:23:32 -0300] "POST /cormun/servlet/solicitudot?b9a4c3c3eec7fb0523160c6edb2a781a,INS,0,0,,gx-no-cache=1471609487887 HTTP/1.1" 200 93
191.112.108.80 - - [19/Aug/2016:09:23:32 -0300] "GET /cormun/servlet/hpexe_return? HTTP/1.1" 200 1014
191.112.108.80 - - [19/Aug/2016:09:23:33 -0300] "GET /cormun/servlet/trsolicitudot HTTP/1.1" 200 8170
191.112.108.80 - - [19/Aug/2016:09:23:35 -0300] "GET /cormun/servlet/trsolicitudot HTTP/1.1" 200 8166
186.103.159.186 - - [19/Aug/2016:09:23:49 -0300] "GET /cormun/servlet/hlogin HTTP/1.1" 200 1725
186.103.159.186 - - [19/Aug/2016:09:23:49 -0300] "GET /favicon.ico HTTP/1.1" 200 21630
186.103.159.186 - - [19/Aug/2016:09:24:00 -0300] "POST /cormun/servlet/hlogin?4a3c212d608afa3081006d0ac09485b9,gx-no-cache=1471613115604 HTTP/1.1" 200 90
186.103.159.186 - - [19/Aug/2016:09:24:00 -0300] "GET /cormun/servlet/hpexe_link HTTP/1.1" 200 953
186.103.159.189 - - [19/Aug/2016:09:24:00 -0300] "POST /cormun/servlet/hlogin?92f43d0d91322d83d4d46ba0c98819cb,gx-no-cache=1471609516878 HTTP/1.1" 200 90
186.103.159.189 - - [19/Aug/2016:09:24:00 -0300] "GET /cormun/servlet/hpexe_link HTTP/1.1" 200 954
186.103.159.189 - - [19/Aug/2016:09:24:01 -0300] "GET /cormun/static/gxcfg.js?20151120044395 HTTP/1.1" 304 -
186.103.159.189 - - [19/Aug/2016:09:24:01 -0300] "GET /cormun/static/hpexe_link.js?20151120044398 HTTP/1.1" 304 -
186.103.159.189 - - [19/Aug/2016:09:24:01 -0300] "GET /cormun/static/Resources/Spanish/PXTools.css?005343 HTTP/1.1" 304 -
186.103.159.189 - - [19/Aug/2016:09:24:01 -0300] "GET /cormun/servlet/hhome HTTP/1.1" 200 3607
186.103.159.189 - - [19/Aug/2016:09:24:01 -0300] "GET /cormun/static/Resources/Spanish/PXTools.css?10515224 HTTP/1.1" 304 -
186.103.159.189 - - [19/Aug/2016:09:24:01 -0300] "GET /cormun/static/gxcfg.js?2015112210564248 HTTP/1.1" 304 -
186.103.159.189 - - [19/Aug/2016:09:24:01 -0300] "GET /cormun/static/hhome.js?2015112210564255 HTTP/1.1" 304 -
186.103.159.189 - - [19/Aug/2016:09:24:01 -0300] "GET /cormun/static/hwchdr01.js?20162241650484 HTTP/1.1" 304 -
186.103.159.189 - - [19/Aug/2016:09:24:01 -0300] "GET /cormun/static/hpexe_recentlink.js?2015111312121342 HTTP/1.1" 304 -
186.103.159.189 - - [19/Aug/2016:09:24:01 -0300] "GET /cormun/static/hpexe_scripts.js?20151120014546 HTTP/1.1" 304 -
186.103.159.189 - - [19/Aug/2016:09:24:01 -0300] "GET /cormun/static/hpexe_messagecontroller.js?2015112210524422 HTTP/1.1" 304 -
186.103.159.189 - - [19/Aug/2016:09:24:01 -0300] "GET /cormun/static/hpexe_messagepopupcomponent.js?20165162214013 HTTP/1.1" 304 -
186.103.159.189 - - [19/Aug/2016:09:24:01 -0300] "GET /cormun/static/hpexe_messagegenexuscomponent.js?20151120014314 HTTP/1.1" 304 -
186.103.159.189 - - [19/Aug/2016:09:24:01 -0300] "GET /cormun/static/cmcontrolpreferences.js?20151120014525 HTTP/1.1" 304 -
186.103.159.189 - - [19/Aug/2016:09:24:01 -0300] "GET /cormun/static/hmpwkw03.js?201651622203894 HTTP/1.1" 304 -
186.103.159.186 - - [19/Aug/2016:09:24:02 -0300] "GET /cormun/servlet/hhome HTTP/1.1" 200 3623
186.103.159.189 - - [19/Aug/2016:09:24:04 -0300] "GET /cormun/servlet/hhome HTTP/1.1" 200 3606
186.103.159.186 - - [19/Aug/2016:09:24:04 -0300] "GET /cormun/servlet/hhome HTTP/1.1" 200 3620
186.103.159.186 - - [19/Aug/2016:09:24:08 -0300] "GET /cormun/servlet/trautorizarsolicitud? HTTP/1.1" 200 7726
186.103.159.186 - - [19/Aug/2016:09:24:11 -0300] "GET /cormun/servlet/trautorizarsolicitud? HTTP/1.1" 200 7724
186.103.159.189 - - [19/Aug/2016:09:24:12 -0300] "GET /cormun/servlet/trsolicitudot? HTTP/1.1" 200 6532
186.103.159.189 - - [19/Aug/2016:09:24:12 -0300] "GET /cormun/static/Resources/Spanish/PXTools.css?2139548 HTTP/1.1" 304 -
186.103.159.189 - - [19/Aug/2016:09:24:12 -0300] "GET /cormun/static/gxcfg.js?201631022392470 HTTP/1.1" 304 -
186.103.159.189 - - [19/Aug/2016:09:24:12 -0300] "GET /cormun/static/calendar.js?85251 HTTP/1.1" 304 -
186.103.159.189 - - [19/Aug/2016:09:24:12 -0300] "GET /cormun/static/calendar-setup.js?85251 HTTP/1.1" 304 -
186.103.159.189 - - [19/Aug/2016:09:24:12 -0300] "GET /cormun/static/calendar-es.js?85251 HTTP/1.1" 304 -
186.103.159.189 - - [19/Aug/2016:09:24:12 -0300] "GET /cormun/static/gxdec.js?85251 HTTP/1.1" 304 -
186.103.159.189 - - [19/Aug/2016:09:24:12 -0300] "GET /cormun/static/trsolicitudot.js?201631022393178 HTTP/1.1" 304 -
186.103.159.189 - - [19/Aug/2016:09:24:15 -0300] "GET /cormun/servlet/trsolicitudot? HTTP/1.1" 200 6532
186.103.159.186 - - [19/Aug/2016:09:24:23 -0300] "POST /cormun/servlet/trautorizarsolicitud?4a3c212d608afa3081006d0ac09485b9,,gx-no-cache=1471613137809 HTTP/1.1" 200 3932
186.103.159.186 - - [19/Aug/2016:09:24:23 -0300] "GET /cormun/static/Shared/jqueryui/images/ui-icons_82798d_256x240.png HTTP/1.1" 404 1089
186.103.159.186 - - [19/Aug/2016:09:24:23 -0300] "GET /cormun/static/Shared/jqueryui/images/ui-bg_flat_55_fafafa_40x100.png HTTP/1.1" 404 1097
186.103.159.186 - - [19/Aug/2016:09:24:23 -0300] "GET /cormun/static/Shared/jqueryui/images/ui-bg_highlight-soft_100_c6c2c8_1x100.png HTTP/1.1" 404 1117
186.103.159.186 - - [19/Aug/2016:09:24:23 -0300] "GET /cormun/static/Shared/jqueryui/images/ui-icons_8d78a5_256x240.png HTTP/1.1" 404 1089
186.103.159.186 - - [19/Aug/2016:09:24:23 -0300] "POST /cormun/servlet/trautorizarsolicitud?4a3c212d608afa3081006d0ac09485b9,,gx-no-cache=1471613138534 HTTP/1.1" 200 3787
191.112.108.80 - - [19/Aug/2016:09:24:34 -0300] "GET /cormun/servlet/solicitudot?INS,0,0, HTTP/1.1" 200 11966
186.103.159.189 - - [19/Aug/2016:09:24:35 -0300] "GET /cormun/servlet/solicitudot?INS,0,0, HTTP/1.1" 200 11981
186.103.159.189 - - [19/Aug/2016:09:24:36 -0300] "GET /cormun/static/calendar-system.css?75620 HTTP/1.1" 200 5572
186.103.159.189 - - [19/Aug/2016:09:24:36 -0300] "GET /cormun/static/gxcfg.js?201631710541238 HTTP/1.1" 200 953
186.103.159.189 - - [19/Aug/2016:09:24:36 -0300] "GET /cormun/static/solicitudot.js?201631710541292 HTTP/1.1" 200 45515
186.103.159.189 - - [19/Aug/2016:09:24:37 -0300] "GET /cormun/static/Resources/prompt.gif HTTP/1.1" 200 902
186.103.159.189 - - [19/Aug/2016:09:24:37 -0300] "GET /cormun/static/Resources/Spanish/PXTools.css?22445990 HTTP/1.1" 200 89042
191.112.108.80 - - [19/Aug/2016:09:24:37 -0300] "GET /cormun/servlet/solicitudot?INS,0,0, HTTP/1.1" 200 11971
186.103.159.189 - - [19/Aug/2016:09:24:39 -0300] "GET /cormun/servlet/solicitudot?INS,0,0, HTTP/1.1" 200 11986
186.103.159.186 - - [19/Aug/2016:09:24:41 -0300] "GET /cormun/servlet/hlogin HTTP/1.1" 200 1723
186.103.159.186 - - [19/Aug/2016:09:24:42 -0300] "GET /favicon.ico HTTP/1.1" 200 21630
191.112.108.80 - - [19/Aug/2016:09:24:53 -0300] "POST /cormun/servlet/solicitudot?gx-no-cache=1471609568832 HTTP/1.1" 200 2990
191.112.108.80 - - [19/Aug/2016:09:24:54 -0300] "POST /cormun/servlet/solicitudot?b9a4c3c3eec7fb0523160c6edb2a781a,INS,0,0,,gx-no-cache=1471609569509 HTTP/1.1" 200 9103
186.103.159.186 - - [19/Aug/2016:09:24:55 -0300] "POST /cormun/servlet/hlogin?f61df0d03d1b0cf3a35bf878eb2667a0,gx-no-cache=1471613171047 HTTP/1.1" 200 90
186.103.159.186 - - [19/Aug/2016:09:24:56 -0300] "GET /cormun/servlet/hpexe_link HTTP/1.1" 200 951
186.103.159.186 - - [19/Aug/2016:09:24:56 -0300] "GET /cormun/servlet/hhome HTTP/1.1" 200 3582
191.112.108.80 - - [19/Aug/2016:09:24:58 -0300] "GET /cormun/servlet/solicitudot?6f1ed0b5a8b5371a47939df4dcfebfdef0000fc41286cb6a8867ef5d9b2f66680f02d3148933d8affdbfdea91c88ac27,gx-no-cache=1471609574181 HTTP/1.1" 200 30
191.112.108.80 - - [19/Aug/2016:09:24:58 -0300] "POST /cormun/servlet/solicitudot?gx-no-cache=1471609574315 HTTP/1.1" 200 30
186.103.159.186 - - [19/Aug/2016:09:24:59 -0300] "GET /cormun/servlet/hhome HTTP/1.1" 200 3579
186.103.159.189 - - [19/Aug/2016:09:25:02 -0300] "POST /cormun/servlet/solicitudot?gx-no-cache=1471609578922 HTTP/1.1" 200 2997
186.103.159.189 - - [19/Aug/2016:09:25:03 -0300] "POST /cormun/servlet/solicitudot?92f43d0d91322d83d4d46ba0c98819cb,INS,0,0,,gx-no-cache=1471609579360 HTTP/1.1" 200 9100
186.103.159.186 - - [19/Aug/2016:09:25:05 -0300] "GET /cormun/servlet/trsolicitudot? HTTP/1.1" 200 6508
186.103.159.189 - - [19/Aug/2016:09:25:08 -0300] "GET /cormun/servlet/solicitudot?86d8c8aeecfda11d6941053b8f319613205684fbedf6c44613c63914aac8a98cba0b89f508a01cb64f211e01950358fb,gx-no-cache=1471609584357 HTTP/1.1" 200 30
186.103.159.186 - - [19/Aug/2016:09:25:08 -0300] "GET /cormun/servlet/trsolicitudot? HTTP/1.1" 200 6507
186.103.159.189 - - [19/Aug/2016:09:25:08 -0300] "POST /cormun/servlet/solicitudot?gx-no-cache=1471609584460 HTTP/1.1" 200 30
186.103.159.189 - - [19/Aug/2016:09:25:08 -0300] "POST /cormun/servlet/solicitudot?gx-no-cache=1471609584834 HTTP/1.1" 200 122
186.103.159.189 - - [19/Aug/2016:09:25:08 -0300] "GET /cormun/static/Shared/jqueryui/images/ui-bg_highlight-soft_100_c6c2c8_1x100.png HTTP/1.1" 404 1117
186.103.159.189 - - [19/Aug/2016:09:25:08 -0300] "GET /cormun/static/Shared/jqueryui/images/ui-icons_82798d_256x240.png HTTP/1.1" 404 1089
186.103.159.189 - - [19/Aug/2016:09:25:08 -0300] "GET /cormun/static/Shared/jqueryui/images/ui-icons_8d78a5_256x240.png HTTP/1.1" 404 1089
186.103.159.189 - - [19/Aug/2016:09:25:08 -0300] "POST /cormun/servlet/solicitudot?gx-no-cache=1471609585036 HTTP/1.1" 200 1187
186.103.159.189 - - [19/Aug/2016:09:25:08 -0300] "GET /cormun/servlet/solicitudot?86d8c8aeecfda11d6941053b8f319613de781acdbd796e422711e0d4d743d2a249dd9524d1a275ae0a11c1e6b5e10cab4bfba147511022bbc472408af52fb38bc28396abc7614d82ba884fd73d5bcbc982450dc609eed18bd8afdbdbb040ba1eea0b8547e0126c342c6e01f21623265363b881b769664f4f73e5c463707025850457adb38ec684842f54a0d3e333db4c,gx-no-cache=1471609585229 HTTP/1.1" 200 38
186.103.159.189 - - [19/Aug/2016:09:25:09 -0300] "GET /cormun/static/Shared/jqueryui/images/ui-bg_flat_55_fafafa_40x100.png HTTP/1.1" 404 1097
186.103.159.189 - - [19/Aug/2016:09:25:18 -0300] "POST /cormun/servlet/solicitudot?gx-no-cache=1471609594890 HTTP/1.1" 200 30
186.103.159.186 - - [19/Aug/2016:09:25:28 -0300] "GET /cormun/servlet/solicitudot?INS,0,0, HTTP/1.1" 200 11950
186.103.159.186 - - [19/Aug/2016:09:25:30 -0300] "GET /cormun/servlet/solicitudot?INS,0,0, HTTP/1.1" 200 11955
186.103.159.189 - - [19/Aug/2016:09:25:35 -0300] "POST /cormun/servlet/solicitudot?gx-no-cache=1471609611107 HTTP/1.1" 200 30
186.103.159.186 - - [19/Aug/2016:09:25:40 -0300] "POST /cormun/servlet/solicitudot?gx-no-cache=1471613215633 HTTP/1.1" 200 2999
186.103.159.186 - - [19/Aug/2016:09:25:40 -0300] "POST /cormun/servlet/solicitudot?f61df0d03d1b0cf3a35bf878eb2667a0,INS,0,0,,gx-no-cache=1471613215879 HTTP/1.1" 200 9107
186.103.159.186 - - [19/Aug/2016:09:25:45 -0300] "GET /cormun/servlet/solicitudot?18a71364a6053a0bf9e2f74ed32f4f0347167feef6b429aa1a9ab99f40f4c9c95d31fe793ce59aaac634707528130dc7,gx-no-cache=1471613220475 HTTP/1.1" 200 30
186.103.159.186 - - [19/Aug/2016:09:25:45 -0300] "POST /cormun/servlet/solicitudot?gx-no-cache=1471613220574 HTTP/1.1" 200 30
186.103.159.189 - - [19/Aug/2016:09:25:45 -0300] "POST /cormun/servlet/solicitudot?gx-no-cache=1471609621745 HTTP/1.1" 200 30
186.103.159.186 - - [19/Aug/2016:09:25:47 -0300] "POST /cormun/servlet/solicitudot?gx-no-cache=1471613223082 HTTP/1.1" 200 30
186.103.159.186 - - [19/Aug/2016:09:25:51 -0300] "POST /cormun/servlet/solicitudot?gx-no-cache=1471613226095 HTTP/1.1" 200 1186
186.103.159.186 - - [19/Aug/2016:09:25:51 -0300] "GET /cormun/servlet/solicitudot?18a71364a6053a0bf9e2f74ed32f4f035534ce1697a9eaaa32555a4ed1a7e1c242e8302c17f6a3a2031c34ddc7bd86e2c8f161b91f2f2b20f381c11a8ff12c99af12d566d58857b5079c5c1fe6d5cfe198efc6b0d5d5e28d439aca2937bd959dbb8a782e02261a4a927f84a0b3ea6ed67fb41a408ea43896eda13b1ee9c2a8bb6f01a540dbacfd9b5547461774e007c4,gx-no-cache=1471613226825 HTTP/1.1" 200 38
186.103.159.189 - - [19/Aug/2016:09:25:52 -0300] "POST /cormun/servlet/solicitudot?gx-no-cache=1471609629005 HTTP/1.1" 200 30
191.112.108.80 - - [19/Aug/2016:09:25:55 -0300] "POST /cormun/servlet/solicitudot?gx-no-cache=1471609631347 HTTP/1.1" 200 30
186.103.159.186 - - [19/Aug/2016:09:25:59 -0300] "GET /cormun/servlet/solicitudot?18a71364a6053a0bf9e2f74ed32f4f03ecafba78542a53f46e6db1cf886ebb34292740549ded5f25cf8727c0c31908a6e1a4b063340c8a9debbbbebc0a33bfbb2779046ace894db1187d6227f0ed5e434e93362392425b9b2b7466cfaadc613c5251fb058126a50877bfc7102f38a7b84bfa304eccdd05a70078d2c6e39237ab282d40f039c0a9a2597a272a58822c505ec6990c1053fc7bdfc229590fdd9b42,gx-no-cache=1471613234295 HTTP/1.1" 200 29
186.103.159.189 - - [19/Aug/2016:09:25:59 -0300] "GET /cormun/static/Resources/resize.gif HTTP/1.1" 200 77
186.103.159.189 - - [19/Aug/2016:09:25:59 -0300] "GET /cormun/servlet/prcontratosol?16494648,,,,,MD,,gxPopupLevel%3D0%3B HTTP/1.1" 200 5713
186.103.159.189 - - [19/Aug/2016:09:25:59 -0300] "GET /cormun/static/gxcfg.js?2016141247819 HTTP/1.1" 200 953
186.103.159.189 - - [19/Aug/2016:09:26:00 -0300] "GET /cormun/static/Resources/PXToolsMenuSearch.png HTTP/1.1" 200 2914
186.103.159.189 - - [19/Aug/2016:09:26:00 -0300] "GET /cormun/static/prcontratosol.js?2016141247993 HTTP/1.1" 200 14084
186.103.159.189 - - [19/Aug/2016:09:26:00 -0300] "GET /cormun/static/Resources/PXToolsMenuSearchCancel.png HTTP/1.1" 200 2972
186.103.159.189 - - [19/Aug/2016:09:26:00 -0300] "GET /cormun/static/Resources/PXToolsGridFirst.gif HTTP/1.1" 200 379
186.103.159.189 - - [19/Aug/2016:09:26:01 -0300] "GET /cormun/static/Resources/PXToolsGridPrevious.gif HTTP/1.1" 200 369
186.103.159.189 - - [19/Aug/2016:09:26:01 -0300] "GET /cormun/static/menusearch.js?20165162214271 HTTP/1.1" 200 1424
186.103.159.189 - - [19/Aug/2016:09:26:01 -0300] "GET /cormun/static/hmpwkw011.js?201651622203195 HTTP/1.1" 200 1968
186.103.159.189 - - [19/Aug/2016:09:26:01 -0300] "GET /cormun/static/Resources/PXToolsGridNext.gif HTTP/1.1" 200 369
186.103.159.189 - - [19/Aug/2016:09:26:01 -0300] "GET /cormun/static/Resources/PXToolsGridLast.gif HTTP/1.1" 200 370
186.103.159.189 - - [19/Aug/2016:09:26:01 -0300] "GET /cormun/static/Resources/Spanish/PXTools.css?1423257 HTTP/1.1" 200 89042
186.103.159.186 - - [19/Aug/2016:09:26:01 -0300] "POST /cormun/servlet/solicitudot?gx-no-cache=1471613236949 HTTP/1.1" 200 1143
186.103.159.186 - - [19/Aug/2016:09:26:01 -0300] "GET /cormun/static/menuarrow.gif HTTP/1.1" 404 1015
186.103.159.189 - - [19/Aug/2016:09:26:09 -0300] "POST /cormun/servlet/solicitudot?gx-no-cache=1471609645924 HTTP/1.1" 200 1187
186.103.159.189 - - [19/Aug/2016:09:26:09 -0300] "GET /cormun/servlet/solicitudot?86d8c8aeecfda11d6941053b8f319613de781acdbd796e422711e0d4d743d2a249dd9524d1a275ae0a11c1e6b5e10cab4bfba147511022bbc472408af52fb38bc28396abc7614d82ba884fd73d5bcbc982450dc609eed18bd8afdbdbb040ba1eea0b8547e0126c342c6e01f21623265363b881b769664f4f73e5c463707025850457adb38ec684842f54a0d3e333db4c,gx-no-cache=1471609646074 HTTP/1.1" 200 38
186.103.159.189 - - [19/Aug/2016:09:26:09 -0300] "GET /cormun/servlet/solicitudot?86d8c8aeecfda11d6941053b8f31961334c30c4b90caf59e5e66ee111e6295bf54f911ad9e9e852ab43971683fc6f8087fc3ac40f20de04b9ae49455af0ca99b37d0e0cd544d06bfd7353c2efce020cdadc07b255ecb5b0fd0cbf5965722d31f815f08e2641b0b35e1c7eff5947718a3ca4750d47fb0b263c03e7534f3251285917f00dd88c17a5e9d616a2cbdf4405b7e328cc1d31b382630638c7b3f1c2667,gx-no-cache=1471609646120 HTTP/1.1" 200 29
186.103.159.189 - - [19/Aug/2016:09:26:09 -0300] "POST /cormun/servlet/solicitudot?gx-no-cache=1471609646156 HTTP/1.1" 200 1144
191.112.108.80 - - [19/Aug/2016:09:26:15 -0300] "POST /cormun/servlet/solicitudot?gx-no-cache=1471609651113 HTTP/1.1" 200 1186
191.112.108.80 - - [19/Aug/2016:09:26:15 -0300] "GET /cormun/servlet/solicitudot?6f1ed0b5a8b5371a47939df4dcfebfdee4cf21df0c940f07fde18f30c156f06ce763e228bd834671425591c972615208e0077b9934424dea36bdb70fd43eab887ae186e5fa480b2ee6d4569a0da28f54c9e392148e52be8eec62697a70fddb6485a913dea97f56073bf02603b304945a4c92a785aeca098fe7a084175971759488921633b61e9e06aff7aef0d22727ef,gx-no-cache=1471609651317 HTTP/1.1" 200 38
186.103.159.186 - - [19/Aug/2016:09:26:18 -0300] "GET /cormun/servlet/solicitudot?18a71364a6053a0bf9e2f74ed32f4f0355cc835089d247190e9ae849836ca0c326470c644dec1ce9221e9ca650a2d7723f545dcf8f68454c8ece708fd3da45ccb32b442b83264d07a2ad67e773899e41b74c68bed89562b64bdef91e3bc93a767e2ef667409484b869060b11bb649c51dd9c7fd3cb488b1b879b87ff5f4982efc27022b5ff5d4d1106c06b524f46000f731c8744bf2f7e4149616c33703a1748f6287970828e9d32a807bb1af88a0be2,gx-no-cache=1471613253234 HTTP/1.1" 200 30
186.103.159.189 - - [19/Aug/2016:09:26:23 -0300] "GET /cormun/static/menuarrow.gif HTTP/1.1" 404 1015
191.112.108.80 - - [19/Aug/2016:09:26:33 -0300] "GET /cormun/servlet/solicitudot?6f1ed0b5a8b5371a47939df4dcfebfde5c3414d544ae2beaff244c77f8f973f68c659e7aa810e5950329e3836d37a7cb1134c7d68ba8853521e466bf1c23ca2ea51137f0431062e71b9c4a40d67c219538633774596926d61a574d2ca1a1e5848f4b8f3a1bd15ded578a6730030c8ff7422949090a0ce883daa26df3190753ee5b1a25d011ed3ed3730198df728662f13a303e0f69fe1e0aa099b6c95f353a3a7a79fc156d32100d0301f6afffebc72636e06bdf578c0e6c87be053958904567b76af14720ab6a14d6373173c1049695,gx-no-cache=1471609669135 HTTP/1.1" 200 29
