191.112.108.80 - - [19/Aug/2016:09:38:19 -0300] "GET /cormun/servlet/solicitudot?6f1ed0b5a8b5371a47939df4dcfebfde5c3414d544ae2beaff244c77f8f973f68c659e7aa810e5950329e3836d37a7cb764a7bbade185ebeade9e6b317c1ab9ba51137f0431062e71b9c4a40d67c219538633774596926d61a574d2ca1a1e5848f4b8f3a1bd15ded578a6730030c8ff7422949090a0ce883daa26df3190753ee5b1a25d011ed3ed3730198df728662f13a303e0f69fe1e0aa099b6c95f353a3a7a79fc156d32100d0301f6afffebc72636e06bdf578c0e6c87be053958904567b76af14720ab6a14d6373173c1049695,gx-no-cache=1471610375038 HTTP/1.1" 200 29
191.112.108.80 - - [19/Aug/2016:09:38:33 -0300] "POST /cormun/servlet/solicitudot?gx-no-cache=1471610388623 HTTP/1.1" 200 1143
186.103.159.189 - - [19/Aug/2016:09:38:38 -0300] "GET /cormun/servlet/solicitudot?INS,0,0, HTTP/1.1" 200 11983
186.103.159.189 - - [19/Aug/2016:09:38:41 -0300] "GET /cormun/servlet/solicitudot?INS,0,0, HTTP/1.1" 200 11988
200.112.5.47 - - [19/Aug/2016:09:38:44 -0300] "GET /cormun/servlet/hlogin HTTP/1.1" 200 1726
200.112.5.47 - - [19/Aug/2016:09:38:47 -0300] "GET /cormun/static/gxgral.js?85251 HTTP/1.1" 304 -
200.112.5.47 - - [19/Aug/2016:09:38:47 -0300] "GET /cormun/static/hlogin.js?201632119342986 HTTP/1.1" 304 -
200.112.5.47 - - [19/Aug/2016:09:38:47 -0300] "GET /cormun/static/gxtimezone.js?85251 HTTP/1.1" 304 -
200.112.5.47 - - [19/Aug/2016:09:38:47 -0300] "GET /cormun/static/gxcfg.js?201632119342969 HTTP/1.1" 304 -
200.112.5.47 - - [19/Aug/2016:09:38:47 -0300] "GET /cormun/static/messages.spa.js?85251 HTTP/1.1" 304 -
200.112.5.47 - - [19/Aug/2016:09:38:47 -0300] "GET /cormun/static/Resources/ComunLogin.png HTTP/1.1" 304 -
200.112.5.47 - - [19/Aug/2016:09:38:48 -0300] "GET /cormun/static/Resources/Spanish/PXTools.css?19284387 HTTP/1.1" 304 -
200.112.5.47 - - [19/Aug/2016:09:38:48 -0300] "GET /cormun/servlet/hlogin HTTP/1.1" 200 1736
200.112.5.47 - - [19/Aug/2016:09:38:48 -0300] "GET /cormun/static/Resources/indicator.gif HTTP/1.1" 304 -
200.112.5.47 - - [19/Aug/2016:09:38:48 -0300] "GET /cormun/static/Resources/PXToolsLoginBackground.png HTTP/1.1" 304 -
200.112.5.47 - - [19/Aug/2016:09:38:48 -0300] "GET /cormun/static/Resources/PXToolsButtonBackground2.png HTTP/1.1" 304 -
200.112.5.47 - - [19/Aug/2016:09:38:48 -0300] "GET /cormun/static/Resources/PXToolsButtonRight21.png HTTP/1.1" 304 -
200.112.5.47 - - [19/Aug/2016:09:38:48 -0300] "GET /cormun/static/Resources/PXToolsButtonLeft21.png HTTP/1.1" 304 -
200.112.5.47 - - [19/Aug/2016:09:38:48 -0300] "GET /cormun/static/Resources/PXToolsLoginTop.png HTTP/1.1" 304 -
200.112.5.47 - - [19/Aug/2016:09:38:48 -0300] "GET /cormun/static/Resources/PXToolsLoginBottom.png HTTP/1.1" 304 -
186.103.158.250 - - [19/Aug/2016:09:38:51 -0300] "POST /cormun/servlet/solicitudot?gx-no-cache=1471614354494 HTTP/1.1" 200 2989
186.103.158.250 - - [19/Aug/2016:09:38:51 -0300] "POST /cormun/servlet/solicitudot?e9ce437b8eec6b7fde682595c6dbd8ec,INS,0,0,,gx-no-cache=1471614354784 HTTP/1.1" 200 9090
191.112.108.80 - - [19/Aug/2016:09:38:54 -0300] "GET /cormun/servlet/solicitudot?6f1ed0b5a8b5371a47939df4dcfebfdecabe913faa040d7f1dc0d2a48964fced0f5b6c56ff38f85611c310ba004a395f6c365c89e77320f094cf1ce93327053e03a9624d2a620fcbfda775992266349b8a4851ab42d84833acd8aa7a2891f1b6206d6a40a15983500731e9ee7053fe488b05d9e05ec6e3d7063aa6fc832338d0f393a6e6bc3489bfb68e8549ea90c6ccdb38ff349c2cba39dd91f8136a51aa9c5b4135dec3910df76aaade3b83a8010c,gx-no-cache=1471610410632 HTTP/1.1" 200 30
186.103.159.189 - - [19/Aug/2016:09:38:55 -0300] "POST /cormun/servlet/solicitudot?gx-no-cache=1471610411449 HTTP/1.1" 200 3009
186.103.159.189 - - [19/Aug/2016:09:38:56 -0300] "POST /cormun/servlet/solicitudot?92f43d0d91322d83d4d46ba0c98819cb,INS,0,0,,gx-no-cache=1471610412531 HTTP/1.1" 200 9111
200.112.5.47 - - [19/Aug/2016:09:38:59 -0300] "POST /cormun/servlet/hlogin?24f15fa1e408cadddf56e831c1bb1684,gx-no-cache=1471610416382 HTTP/1.1" 200 90
200.112.5.47 - - [19/Aug/2016:09:38:59 -0300] "GET /cormun/servlet/hpexe_link HTTP/1.1" 200 953
200.112.5.47 - - [19/Aug/2016:09:38:59 -0300] "GET /cormun/static/Resources/Spanish/PXTools.css?005343 HTTP/1.1" 304 -
200.112.5.47 - - [19/Aug/2016:09:38:59 -0300] "GET /cormun/static/gxcfg.js?20151120044395 HTTP/1.1" 304 -
200.112.5.47 - - [19/Aug/2016:09:38:59 -0300] "GET /cormun/static/hpexe_link.js?20151120044398 HTTP/1.1" 304 -
200.112.5.47 - - [19/Aug/2016:09:39:00 -0300] "GET /cormun/servlet/hhome HTTP/1.1" 200 3720
200.112.5.47 - - [19/Aug/2016:09:39:00 -0300] "GET /cormun/static/Resources/Spanish/PXTools.css?10515224 HTTP/1.1" 304 -
200.112.5.47 - - [19/Aug/2016:09:39:00 -0300] "GET /cormun/static/gxcfg.js?2015112210564248 HTTP/1.1" 304 -
200.112.5.47 - - [19/Aug/2016:09:39:00 -0300] "GET /cormun/static/hhome.js?2015112210564255 HTTP/1.1" 304 -
200.112.5.47 - - [19/Aug/2016:09:39:00 -0300] "GET /cormun/static/hwchdr01.js?20162241650484 HTTP/1.1" 304 -
200.112.5.47 - - [19/Aug/2016:09:39:00 -0300] "GET /cormun/static/hpexe_recentlink.js?2015111312121342 HTTP/1.1" 304 -
200.112.5.47 - - [19/Aug/2016:09:39:00 -0300] "GET /cormun/static/hpexe_scripts.js?20151120014546 HTTP/1.1" 304 -
200.112.5.47 - - [19/Aug/2016:09:39:00 -0300] "GET /cormun/static/hpexe_messagecontroller.js?2015112210524422 HTTP/1.1" 304 -
200.112.5.47 - - [19/Aug/2016:09:39:00 -0300] "GET /cormun/static/hpexe_messagepopupcomponent.js?20165162214013 HTTP/1.1" 304 -
200.112.5.47 - - [19/Aug/2016:09:39:00 -0300] "GET /cormun/static/hpexe_messagegenexuscomponent.js?20151120014314 HTTP/1.1" 304 -
200.112.5.47 - - [19/Aug/2016:09:39:00 -0300] "GET /cormun/static/cmcontrolpreferences.js?20151120014525 HTTP/1.1" 304 -
200.112.5.47 - - [19/Aug/2016:09:39:00 -0300] "GET /cormun/static/SmoothNavMenu/resources/SmoothNavMenuRender.js HTTP/1.1" 304 -
200.112.5.47 - - [19/Aug/2016:09:39:00 -0300] "GET /cormun/static/hmpwkw03.js?201651622203894 HTTP/1.1" 304 -
186.103.159.189 - - [19/Aug/2016:09:39:00 -0300] "GET /cormun/servlet/solicitudot?86d8c8aeecfda11d6941053b8f319613adf33a37650fc0b3769da328b83c4458ba0b89f508a01cb64f211e01950358fb,gx-no-cache=1471610417232 HTTP/1.1" 200 30
186.103.159.189 - - [19/Aug/2016:09:39:01 -0300] "POST /cormun/servlet/solicitudot?gx-no-cache=1471610417336 HTTP/1.1" 200 30
186.103.159.189 - - [19/Aug/2016:09:39:02 -0300] "POST /cormun/servlet/solicitudot?gx-no-cache=1471610418858 HTTP/1.1" 200 30
186.103.158.250 - - [19/Aug/2016:09:39:03 -0300] "GET /cormun/servlet/solicitudot?c68ec304599b3590a1ff5df447214654eeecf662ab72b9745c31c7a67f80fe377e712173ed78b0d5bf6b5fa60ba8743b,gx-no-cache=1471614366641 HTTP/1.1" 200 30
186.103.158.250 - - [19/Aug/2016:09:39:03 -0300] "POST /cormun/servlet/solicitudot?gx-no-cache=1471614366721 HTTP/1.1" 200 30
200.112.5.47 - - [19/Aug/2016:09:39:11 -0300] "GET /cormun/servlet/trsolicitudot? HTTP/1.1" 200 6637
186.103.158.250 - - [19/Aug/2016:09:39:12 -0300] "POST /cormun/servlet/solicitudot?gx-no-cache=1471614375924 HTTP/1.1" 200 30
200.112.5.47 - - [19/Aug/2016:09:39:13 -0300] "GET /cormun/static/gxcfg.js?201631022392470 HTTP/1.1" 304 -
200.112.5.47 - - [19/Aug/2016:09:39:13 -0300] "GET /cormun/static/calendar.js?85251 HTTP/1.1" 304 -
200.112.5.47 - - [19/Aug/2016:09:39:13 -0300] "GET /cormun/static/calendar-setup.js?85251 HTTP/1.1" 304 -
200.112.5.47 - - [19/Aug/2016:09:39:13 -0300] "GET /cormun/static/calendar-es.js?85251 HTTP/1.1" 304 -
200.112.5.47 - - [19/Aug/2016:09:39:13 -0300] "GET /cormun/static/gxdec.js?85251 HTTP/1.1" 304 -
186.103.159.189 - - [19/Aug/2016:09:39:15 -0300] "POST /cormun/servlet/solicitudot?gx-no-cache=1471610431617 HTTP/1.1" 200 1187
186.103.159.189 - - [19/Aug/2016:09:39:15 -0300] "GET /cormun/servlet/solicitudot?86d8c8aeecfda11d6941053b8f319613de781acdbd796e422711e0d4d743d2a249dd9524d1a275ae0a11c1e6b5e10cab4bfba147511022bbc472408af52fb38bc28396abc7614d82ba884fd73d5bcbc982450dc609eed18bd8afdbdbb040ba1eea0b8547e0126c342c6e01f21623265363b881b769664f4f73e5c463707025850457adb38ec684842f54a0d3e333db4c,gx-no-cache=1471610431731 HTTP/1.1" 200 38
200.112.5.47 - - [19/Aug/2016:09:39:21 -0300] "GET /cormun/servlet/solicitudot?INS,0,0, HTTP/1.1" 200 12096
200.112.5.47 - - [19/Aug/2016:09:39:22 -0300] "GET /cormun/static/gxcfg.js?201631710541238 HTTP/1.1" 304 -
186.103.158.250 - - [19/Aug/2016:09:39:24 -0300] "POST /cormun/servlet/solicitudot?gx-no-cache=1471614387729 HTTP/1.1" 200 1187
186.103.158.250 - - [19/Aug/2016:09:39:24 -0300] "GET /cormun/servlet/solicitudot?c68ec304599b3590a1ff5df447214654f8e5f5187924d9a3afea3b949f0e49521c63e28c79a0470fff31e68dff234416e39ac40d1d6321c1548230fffc7512095d000964c5bda14fc81cfcf655c7c91bfde333e832614c55cc2383d970b6e8b253db518061ed1c3deef38368d20d0a8df539a70a506ac5e79cac8ce20b30fd821795b5dfb9c7c28292246a8758d5090d,gx-no-cache=1471614387823 HTTP/1.1" 200 38
186.103.158.250 - - [19/Aug/2016:09:39:24 -0300] "GET /cormun/servlet/solicitudot?c68ec304599b3590a1ff5df4472146548195437f36c9cffc2412aa6394a78b37507366ef976ad02355a023a97e3ca89884c81ee619973a7fadaf3ec7524a6d984a0fcbdb0423af9bb4ddcafe4c4988f2b82fd1eb0e16c4145da2dcd701adcb38bae6a73944b2370b6312a214b8fd2b24a643a23b49f09d4dd19089814b21457071a454da0e9a8d84303ed06c92c840ea96e1460244a496780412b215aed0d010,gx-no-cache=1471614387864 HTTP/1.1" 200 29
186.103.158.250 - - [19/Aug/2016:09:39:24 -0300] "POST /cormun/servlet/solicitudot?gx-no-cache=1471614387899 HTTP/1.1" 200 1144
186.103.158.250 - - [19/Aug/2016:09:39:24 -0300] "GET /cormun/static/menuarrow.gif HTTP/1.1" 404 1015
186.103.159.186 - - [19/Aug/2016:09:39:25 -0300] "GET /cormun/servlet/solicitudot?INS,0,0, HTTP/1.1" 200 11972
186.103.159.189 - - [19/Aug/2016:09:39:25 -0300] "GET /cormun/servlet/solicitudot?86d8c8aeecfda11d6941053b8f31961334c30c4b90caf59e5e66ee111e6295bf54f911ad9e9e852ab43971683fc6f8087fc3ac40f20de04b9ae49455af0ca99b37d0e0cd544d06bfd7353c2efce020cdadc07b255ecb5b0fd0cbf5965722d31f815f08e2641b0b35e1c7eff5947718a3ca4750d47fb0b263c03e7534f3251285917f00dd88c17a5e9d616a2cbdf4405b7e328cc1d31b382630638c7b3f1c2667,gx-no-cache=1471610441948 HTTP/1.1" 200 29
186.103.159.189 - - [19/Aug/2016:09:39:25 -0300] "POST /cormun/servlet/solicitudot?gx-no-cache=1471610442150 HTTP/1.1" 200 1143
191.112.108.80 - - [19/Aug/2016:09:39:27 -0300] "POST /cormun/servlet/solicitudot?b9a4c3c3eec7fb0523160c6edb2a781a,INS,0,0,,gx-no-cache=1471610442919 HTTP/1.1" 200 93
191.112.108.80 - - [19/Aug/2016:09:39:27 -0300] "GET /cormun/servlet/hpexe_return? HTTP/1.1" 200 1014
186.103.159.186 - - [19/Aug/2016:09:39:27 -0300] "GET /cormun/servlet/solicitudot?INS,0,0, HTTP/1.1" 200 11955
191.112.108.80 - - [19/Aug/2016:09:39:28 -0300] "GET /cormun/servlet/trsolicitudot HTTP/1.1" 200 9365
191.112.108.80 - - [19/Aug/2016:09:39:30 -0300] "GET /cormun/servlet/trsolicitudot HTTP/1.1" 200 9360
186.103.159.186 - - [19/Aug/2016:09:39:37 -0300] "POST /cormun/servlet/solicitudot?gx-no-cache=1471614052047 HTTP/1.1" 200 2994
186.103.159.186 - - [19/Aug/2016:09:39:37 -0300] "POST /cormun/servlet/solicitudot?f61df0d03d1b0cf3a35bf878eb2667a0,INS,0,0,,gx-no-cache=1471614052547 HTTP/1.1" 200 9129
191.112.108.80 - - [19/Aug/2016:09:39:39 -0300] "GET /cormun/servlet/solicitudot?INS,0,0, HTTP/1.1" 200 11967
186.103.159.186 - - [19/Aug/2016:09:39:40 -0300] "GET /cormun/servlet/solicitudot?18a71364a6053a0bf9e2f74ed32f4f03ab2de1abd774cf5c5f524717e7f053f25d31fe793ce59aaac634707528130dc7,gx-no-cache=1471614055969 HTTP/1.1" 200 30
186.103.159.186 - - [19/Aug/2016:09:39:40 -0300] "POST /cormun/servlet/solicitudot?gx-no-cache=1471614056067 HTTP/1.1" 200 30
191.112.108.80 - - [19/Aug/2016:09:39:41 -0300] "GET /cormun/servlet/solicitudot?INS,0,0, HTTP/1.1" 200 11972
186.103.159.186 - - [19/Aug/2016:09:39:42 -0300] "POST /cormun/servlet/solicitudot?gx-no-cache=1471614057243 HTTP/1.1" 200 30
186.103.159.189 - - [19/Aug/2016:09:39:43 -0300] "GET /cormun/servlet/solicitudot?86d8c8aeecfda11d6941053b8f31961342036391c6998534d03036945a6b5db82a55869eac2977976fd6313e01dc033b93ec9a88a6d40a59d109efd32e3a5e4879530db0e2838a9e5a95a538843921e6bab10eeefb93caef663aedeffde80ed96877e375da7a84009ef7a38bd01003c27b9091b79c6aab320f7ed6613c4c4a0a580a69fac4bd4c21170cc7baa7bf4b4abe72bfc05d376e588a2fe152de2656c13694396d94e22bbd75f6166fd6b1a3a7,gx-no-cache=1471610459726 HTTP/1.1" 200 30
186.103.159.186 - - [19/Aug/2016:09:39:47 -0300] "POST /cormun/servlet/solicitudot?gx-no-cache=1471614062382 HTTP/1.1" 200 1187
186.103.159.186 - - [19/Aug/2016:09:39:47 -0300] "GET /cormun/servlet/solicitudot?18a71364a6053a0bf9e2f74ed32f4f035534ce1697a9eaaa32555a4ed1a7e1c242e8302c17f6a3a2031c34ddc7bd86e2c8f161b91f2f2b20f381c11a8ff12c99af12d566d58857b5079c5c1fe6d5cfe198efc6b0d5d5e28d439aca2937bd959dbb8a782e02261a4a927f84a0b3ea6ed67fb41a408ea43896eda13b1ee9c2a8bb6f01a540dbacfd9b5547461774e007c4,gx-no-cache=1471614062587 HTTP/1.1" 200 38
200.112.5.47 - - [19/Aug/2016:09:39:48 -0300] "POST /cormun/servlet/solicitudot?gx-no-cache=1471610462951 HTTP/1.1" 200 2999
200.112.5.47 - - [19/Aug/2016:09:39:48 -0300] "POST /cormun/servlet/solicitudot?24f15fa1e408cadddf56e831c1bb1684,INS,0,0,,gx-no-cache=1471610465343 HTTP/1.1" 200 9159
200.112.5.47 - - [19/Aug/2016:09:39:55 -0300] "GET /cormun/servlet/solicitudot?32ec826102a6f870264326acee369b75fb5b2ba26bc731237772f5652e3f61b37db48964f7419742ddc34108a8837f5f,gx-no-cache=1471610470751 HTTP/1.1" 200 30
200.112.5.47 - - [19/Aug/2016:09:39:55 -0300] "POST /cormun/servlet/solicitudot?gx-no-cache=1471610471895 HTTP/1.1" 200 30
186.103.159.186 - - [19/Aug/2016:09:39:56 -0300] "GET /cormun/servlet/solicitudot?18a71364a6053a0bf9e2f74ed32f4f03ecafba78542a53f46e6db1cf886ebb34292740549ded5f25cf8727c0c31908a63bddc0570a90d41309c82776430dc2a02779046ace894db1187d6227f0ed5e434e93362392425b9b2b7466cfaadc613c5251fb058126a50877bfc7102f38a7b84bfa304eccdd05a70078d2c6e39237ab282d40f039c0a9a2597a272a58822c505ec6990c1053fc7bdfc229590fdd9b42,gx-no-cache=1471614071997 HTTP/1.1" 200 29
186.103.159.186 - - [19/Aug/2016:09:39:56 -0300] "POST /cormun/servlet/solicitudot?gx-no-cache=1471614072079 HTTP/1.1" 200 1144
186.103.159.186 - - [19/Aug/2016:09:39:57 -0300] "GET /cormun/static/menuarrow.gif HTTP/1.1" 404 1015
191.112.108.80 - - [19/Aug/2016:09:40:02 -0300] "POST /cormun/servlet/solicitudot?gx-no-cache=1471610477458 HTTP/1.1" 200 2990
191.112.108.80 - - [19/Aug/2016:09:40:02 -0300] "POST /cormun/servlet/solicitudot?b9a4c3c3eec7fb0523160c6edb2a781a,INS,0,0,,gx-no-cache=1471610477986 HTTP/1.1" 200 9104
200.112.5.47 - - [19/Aug/2016:09:40:03 -0300] "POST /cormun/servlet/solicitudot?gx-no-cache=1471610480542 HTTP/1.1" 200 30
200.112.5.47 - - [19/Aug/2016:09:40:08 -0300] "POST /cormun/servlet/solicitudot?gx-no-cache=1471610485563 HTTP/1.1" 200 1187
200.112.5.47 - - [19/Aug/2016:09:40:09 -0300] "GET /cormun/servlet/solicitudot?32ec826102a6f870264326acee369b757b9ed19d090e9b2f1a4a0be01e82520645be09a95230fe976374336d33843a81b74681305fe4a8f2970f3c7b44c241040f9e30fdbd704f1cd29a5af73f6ee4b5859442de46ebff9913d5d086a062702586258723cf0e117f62620a6d11558da57a6dac40389873b9399a507da00cae2d42c243e402b2d5ebf8e8faf2f51cdda7,gx-no-cache=1471610485771 HTTP/1.1" 200 38
191.112.108.80 - - [19/Aug/2016:09:40:11 -0300] "GET /cormun/servlet/solicitudot?6f1ed0b5a8b5371a47939df4dcfebfdef0000fc41286cb6a8867ef5d9b2f66680f02d3148933d8affdbfdea91c88ac27,gx-no-cache=1471610486964 HTTP/1.1" 200 30
191.112.108.80 - - [19/Aug/2016:09:40:11 -0300] "POST /cormun/servlet/solicitudot?gx-no-cache=1471610487075 HTTP/1.1" 200 30
191.112.108.80 - - [19/Aug/2016:09:40:15 -0300] "POST /cormun/servlet/solicitudot?gx-no-cache=1471610491427 HTTP/1.1" 200 30
191.112.108.80 - - [19/Aug/2016:09:40:19 -0300] "POST /cormun/servlet/solicitudot?gx-no-cache=1471610495584 HTTP/1.1" 200 1186
191.112.108.80 - - [19/Aug/2016:09:40:20 -0300] "GET /cormun/servlet/solicitudot?6f1ed0b5a8b5371a47939df4dcfebfdee4cf21df0c940f07fde18f30c156f06ce763e228bd834671425591c972615208e0077b9934424dea36bdb70fd43eab887ae186e5fa480b2ee6d4569a0da28f54c9e392148e52be8eec62697a70fddb6485a913dea97f56073bf02603b304945a4c92a785aeca098fe7a084175971759488921633b61e9e06aff7aef0d22727ef,gx-no-cache=1471610495760 HTTP/1.1" 200 38
191.112.108.80 - - [19/Aug/2016:09:40:30 -0300] "GET /cormun/servlet/solicitudot?6f1ed0b5a8b5371a47939df4dcfebfde5c3414d544ae2beaff244c77f8f973f68c659e7aa810e5950329e3836d37a7cb764a7bbade185ebeade9e6b317c1ab9ba51137f0431062e71b9c4a40d67c219538633774596926d61a574d2ca1a1e5848f4b8f3a1bd15ded578a6730030c8ff7422949090a0ce883daa26df3190753ee5b1a25d011ed3ed3730198df728662f13a303e0f69fe1e0aa099b6c95f353a3a7a79fc156d32100d0301f6afffebc72636e06bdf578c0e6c87be053958904567b76af14720ab6a14d6373173c1049695,gx-no-cache=1471610506132 HTTP/1.1" 200 29
186.103.159.186 - - [19/Aug/2016:09:40:31 -0300] "GET /cormun/servlet/solicitudot?18a71364a6053a0bf9e2f74ed32f4f03e2ce7e2d5a36a19ee41fe96acc1da06e8f14e23b112b33d7df9417413f8b2b513f545dcf8f68454c8ece708fd3da45ccb32b442b83264d07a2ad67e773899e41b74c68bed89562b64bdef91e3bc93a767e2ef667409484b869060b11bb649c51dd9c7fd3cb488b1b879b87ff5f4982efc27022b5ff5d4d1106c06b524f46000f731c8744bf2f7e4149616c33703a1748f6287970828e9d32a807bb1af88a0be2,gx-no-cache=1471614106977 HTTP/1.1" 200 30
191.112.108.80 - - [19/Aug/2016:09:40:38 -0300] "POST /cormun/servlet/solicitudot?gx-no-cache=1471610514132 HTTP/1.1" 200 1143
191.112.108.80 - - [19/Aug/2016:09:40:59 -0300] "GET /cormun/servlet/solicitudot?6f1ed0b5a8b5371a47939df4dcfebfdecabe913faa040d7f1dc0d2a48964fced0f5b6c56ff38f85611c310ba004a395f6c365c89e77320f094cf1ce93327053e03a9624d2a620fcbfda775992266349b8a4851ab42d84833acd8aa7a2891f1b6206d6a40a15983500731e9ee7053fe488b05d9e05ec6e3d7063aa6fc832338d0f393a6e6bc3489bfb68e8549ea90c6ccdb38ff349c2cba39dd91f8136a51aa9c5b4135dec3910df76aaade3b83a8010c,gx-no-cache=1471610534911 HTTP/1.1" 200 30
186.103.159.186 - - [19/Aug/2016:09:41:00 -0300] "POST /cormun/servlet/solicitudot?f61df0d03d1b0cf3a35bf878eb2667a0,INS,0,0,,gx-no-cache=1471614135634 HTTP/1.1" 200 93
186.103.159.186 - - [19/Aug/2016:09:41:00 -0300] "GET /cormun/servlet/hpexe_return? HTTP/1.1" 200 1030
200.112.5.47 - - [19/Aug/2016:09:41:00 -0300] "GET /cormun/servlet/solicitudot?INS,0,0, HTTP/1.1" 200 12095
186.103.159.186 - - [19/Aug/2016:09:41:01 -0300] "GET /cormun/servlet/trsolicitudot?gx-no-cache=1471613290281 HTTP/1.1" 200 7780
186.103.159.186 - - [19/Aug/2016:09:41:04 -0300] "GET /cormun/servlet/trsolicitudot?gx-no-cache=1471613290281 HTTP/1.1" 200 7797
200.112.5.47 - - [19/Aug/2016:09:41:07 -0300] "POST /cormun/servlet/solicitudot?gx-no-cache=1471610544294 HTTP/1.1" 200 2999
200.112.5.47 - - [19/Aug/2016:09:41:08 -0300] "POST /cormun/servlet/solicitudot?24f15fa1e408cadddf56e831c1bb1684,INS,0,0,,gx-no-cache=1471610544728 HTTP/1.1" 200 9160
191.112.108.80 - - [19/Aug/2016:09:41:10 -0300] "POST /cormun/servlet/solicitudot?b9a4c3c3eec7fb0523160c6edb2a781a,INS,0,0,,gx-no-cache=1471610545630 HTTP/1.1" 200 93
191.112.108.80 - - [19/Aug/2016:09:41:10 -0300] "GET /cormun/servlet/hpexe_return? HTTP/1.1" 200 1014
200.112.5.47 - - [19/Aug/2016:09:41:11 -0300] "GET /cormun/servlet/solicitudot?32ec826102a6f870264326acee369b75fb5b2ba26bc731237772f5652e3f61b37db48964f7419742ddc34108a8837f5f,gx-no-cache=1471610547686 HTTP/1.1" 200 30
191.112.108.80 - - [19/Aug/2016:09:41:11 -0300] "GET /cormun/servlet/trsolicitudot HTTP/1.1" 200 9591
200.112.5.47 - - [19/Aug/2016:09:41:11 -0300] "POST /cormun/servlet/solicitudot?gx-no-cache=1471610547791 HTTP/1.1" 200 30
200.112.5.47 - - [19/Aug/2016:09:41:11 -0300] "POST /cormun/servlet/solicitudot?gx-no-cache=1471610547895 HTTP/1.1" 200 122
200.112.5.47 - - [19/Aug/2016:09:41:11 -0300] "POST /cormun/servlet/solicitudot?gx-no-cache=1471610548012 HTTP/1.1" 200 1187
200.112.5.47 - - [19/Aug/2016:09:41:11 -0300] "GET /cormun/servlet/solicitudot?32ec826102a6f870264326acee369b757b9ed19d090e9b2f1a4a0be01e82520645be09a95230fe976374336d33843a81b74681305fe4a8f2970f3c7b44c241040f9e30fdbd704f1cd29a5af73f6ee4b5859442de46ebff9913d5d086a062702586258723cf0e117f62620a6d11558da57a6dac40389873b9399a507da00cae2d42c243e402b2d5ebf8e8faf2f51cdda7,gx-no-cache=1471610548211 HTTP/1.1" 200 38
200.112.5.47 - - [19/Aug/2016:09:41:11 -0300] "GET /cormun/static/Shared/jqueryui/images/ui-bg_highlight-soft_100_c6c2c8_1x100.png HTTP/1.1" 404 1117
200.112.5.47 - - [19/Aug/2016:09:41:11 -0300] "GET /cormun/static/Shared/jqueryui/images/ui-icons_82798d_256x240.png HTTP/1.1" 404 1089
200.112.5.47 - - [19/Aug/2016:09:41:11 -0300] "GET /cormun/static/Shared/jqueryui/images/ui-bg_flat_55_fafafa_40x100.png HTTP/1.1" 404 1097
200.112.5.47 - - [19/Aug/2016:09:41:11 -0300] "GET /cormun/static/Shared/jqueryui/images/ui-icons_8d78a5_256x240.png HTTP/1.1" 404 1089
186.103.159.186 - - [19/Aug/2016:09:41:11 -0300] "POST /cormun/servlet/trsolicitudot?f61df0d03d1b0cf3a35bf878eb2667a0,gx-no-cache=1471613290281,gx-no-cache=1471614146788 HTTP/1.1" 200 3922
186.103.159.186 - - [19/Aug/2016:09:41:12 -0300] "GET /cormun/static/Shared/jqueryui/images/ui-icons_82798d_256x240.png HTTP/1.1" 404 1089
186.103.159.186 - - [19/Aug/2016:09:41:12 -0300] "GET /cormun/static/Shared/jqueryui/images/ui-bg_highlight-soft_100_c6c2c8_1x100.png HTTP/1.1" 404 1117
186.103.159.186 - - [19/Aug/2016:09:41:12 -0300] "GET /cormun/static/Shared/jqueryui/images/ui-bg_flat_55_fafafa_40x100.png HTTP/1.1" 404 1097
186.103.159.186 - - [19/Aug/2016:09:41:12 -0300] "GET /cormun/static/Shared/jqueryui/images/ui-icons_8d78a5_256x240.png HTTP/1.1" 404 1089
186.103.159.186 - - [19/Aug/2016:09:41:12 -0300] "POST /cormun/servlet/trsolicitudot?f61df0d03d1b0cf3a35bf878eb2667a0,gx-no-cache=1471613290281,gx-no-cache=1471614147259 HTTP/1.1" 200 3780
191.112.108.80 - - [19/Aug/2016:09:41:13 -0300] "GET /cormun/servlet/trsolicitudot HTTP/1.1" 200 9587
200.112.5.47 - - [19/Aug/2016:09:41:19 -0300] "POST /cormun/servlet/solicitudot?gx-no-cache=1471610555173 HTTP/1.1" 200 30
191.112.108.80 - - [19/Aug/2016:09:41:26 -0300] "GET /cormun/servlet/solicitudot?INS,0,0, HTTP/1.1" 200 11968
200.112.5.47 - - [19/Aug/2016:09:41:26 -0300] "POST /cormun/servlet/solicitudot?gx-no-cache=1471610561565 HTTP/1.1" 200 1187
200.112.5.47 - - [19/Aug/2016:09:41:26 -0300] "GET /cormun/servlet/solicitudot?32ec826102a6f870264326acee369b757b9ed19d090e9b2f1a4a0be01e82520645be09a95230fe976374336d33843a81b74681305fe4a8f2970f3c7b44c241040f9e30fdbd704f1cd29a5af73f6ee4b5859442de46ebff9913d5d086a062702586258723cf0e117f62620a6d11558da57a6dac40389873b9399a507da00cae2d42c243e402b2d5ebf8e8faf2f51cdda7,gx-no-cache=1471610563293 HTTP/1.1" 200 38
191.112.108.80 - - [19/Aug/2016:09:41:28 -0300] "GET /cormun/servlet/solicitudot?INS,0,0, HTTP/1.1" 200 11973
186.103.159.186 - - [19/Aug/2016:09:41:39 -0300] "GET /cormun/servlet/hlogin HTTP/1.1" 200 1721
186.103.159.186 - - [19/Aug/2016:09:41:39 -0300] "GET /favicon.ico HTTP/1.1" 200 21630
191.112.108.80 - - [19/Aug/2016:09:41:45 -0300] "POST /cormun/servlet/solicitudot?gx-no-cache=1471610580760 HTTP/1.1" 200 2990
191.112.108.80 - - [19/Aug/2016:09:41:45 -0300] "POST /cormun/servlet/solicitudot?b9a4c3c3eec7fb0523160c6edb2a781a,INS,0,0,,gx-no-cache=1471610581276 HTTP/1.1" 200 9104
191.112.108.80 - - [19/Aug/2016:09:41:53 -0300] "GET /cormun/servlet/solicitudot?6f1ed0b5a8b5371a47939df4dcfebfdef0000fc41286cb6a8867ef5d9b2f66680f02d3148933d8affdbfdea91c88ac27,gx-no-cache=1471610589538 HTTP/1.1" 200 30
191.112.108.80 - - [19/Aug/2016:09:41:53 -0300] "POST /cormun/servlet/solicitudot?gx-no-cache=1471610589657 HTTP/1.1" 200 30
186.103.159.186 - - [19/Aug/2016:09:41:55 -0300] "POST /cormun/servlet/hlogin?6dfcdcdabbe740858aed89f0e60fdecd,gx-no-cache=1471614190930 HTTP/1.1" 200 90
186.103.159.186 - - [19/Aug/2016:09:41:55 -0300] "GET /cormun/servlet/hpexe_link HTTP/1.1" 200 948
186.103.159.186 - - [19/Aug/2016:09:41:56 -0300] "GET /cormun/servlet/hhome HTTP/1.1" 200 3617
191.112.108.80 - - [19/Aug/2016:09:41:58 -0300] "POST /cormun/servlet/solicitudot?gx-no-cache=1471610594137 HTTP/1.1" 200 30
186.103.159.186 - - [19/Aug/2016:09:41:59 -0300] "GET /cormun/servlet/hhome HTTP/1.1" 200 3614
186.103.159.186 - - [19/Aug/2016:09:42:02 -0300] "GET /cormun/servlet/trautorizarsolicitud? HTTP/1.1" 200 9626
200.112.5.47 - - [19/Aug/2016:09:42:03 -0300] "GET /cormun/servlet/solicitudot?32ec826102a6f870264326acee369b75d1ced82945e3c3343fdfab0f40d23d006a95c48a89884a70a2ab93c42072f9814b3801a73382b25da9ab5505bcdd053bb3efab0941f4987fdb8c2e048f6f47b14dd3305e3668dce0a863a9f3d793e51c0388bdd6a1441ff788b518ab05ec42a7,gx-no-cache=1471610597869 HTTP/1.1" 200 29
200.112.5.47 - - [19/Aug/2016:09:42:04 -0300] "POST /cormun/servlet/solicitudot?gx-no-cache=1471610600333 HTTP/1.1" 200 1144
200.112.5.47 - - [19/Aug/2016:09:42:04 -0300] "GET /cormun/static/menuarrow.gif HTTP/1.1" 404 1015
186.103.159.186 - - [19/Aug/2016:09:42:05 -0300] "GET /cormun/servlet/trautorizarsolicitud? HTTP/1.1" 200 9624
191.112.108.80 - - [19/Aug/2016:09:42:09 -0300] "POST /cormun/servlet/solicitudot?gx-no-cache=1471610604904 HTTP/1.1" 200 1186
191.112.108.80 - - [19/Aug/2016:09:42:09 -0300] "GET /cormun/servlet/solicitudot?6f1ed0b5a8b5371a47939df4dcfebfdee4cf21df0c940f07fde18f30c156f06ce763e228bd834671425591c972615208e0077b9934424dea36bdb70fd43eab887ae186e5fa480b2ee6d4569a0da28f54c9e392148e52be8eec62697a70fddb6485a913dea97f56073bf02603b304945a4c92a785aeca098fe7a084175971759488921633b61e9e06aff7aef0d22727ef,gx-no-cache=1471610605086 HTTP/1.1" 200 38
186.103.159.186 - - [19/Aug/2016:09:42:18 -0300] "POST /cormun/servlet/trautorizarsolicitud?6dfcdcdabbe740858aed89f0e60fdecd,,gx-no-cache=1471614210845 HTTP/1.1" 200 7157
191.112.108.80 - - [19/Aug/2016:09:42:19 -0300] "GET /cormun/servlet/solicitudot?6f1ed0b5a8b5371a47939df4dcfebfde5c3414d544ae2beaff244c77f8f973f68c659e7aa810e5950329e3836d37a7cb764a7bbade185ebeade9e6b317c1ab9ba51137f0431062e71b9c4a40d67c219538633774596926d61a574d2ca1a1e5848f4b8f3a1bd15ded578a6730030c8ff7422949090a0ce883daa26df3190753ee5b1a25d011ed3ed3730198df728662f13a303e0f69fe1e0aa099b6c95f353a3a7a79fc156d32100d0301f6afffebc72636e06bdf578c0e6c87be053958904567b76af14720ab6a14d6373173c1049695,gx-no-cache=1471610615232 HTTP/1.1" 200 29
191.112.108.80 - - [19/Aug/2016:09:42:24 -0300] "POST /cormun/servlet/solicitudot?gx-no-cache=1471610620567 HTTP/1.1" 200 1143
200.112.5.47 - - [19/Aug/2016:09:42:40 -0300] "GET /cormun/servlet/solicitudot?32ec826102a6f870264326acee369b75f7cdf8f14f96cbf7627ae1bac83ac346b635d8a746ae90115ec434da2d486ff97ebc45e46901f4f8747dc9b60b82a8bbc9b45ecb46250229a2e1842bab7a0313b8692eabe83762324a7347893968547fde4a97285d8c37692ea2858d1bf5b5373690d2c75ef41c2d81d5c46c87898e3082bb95d51dca1489f73240247fa52220cf82c3694d54f4a0a5b440d3d75f88b6eec4b5c47a0087920f48bf42f4971bf7,gx-no-cache=1471610635863 HTTP/1.1" 200 30
200.112.5.47 - - [19/Aug/2016:09:42:42 -0300] "POST /cormun/servlet/solicitudot?24f15fa1e408cadddf56e831c1bb1684,INS,0,0,,gx-no-cache=1471610636815 HTTP/1.1" 200 93
200.112.5.47 - - [19/Aug/2016:09:42:42 -0300] "GET /cormun/servlet/hpexe_return? HTTP/1.1" 200 1010
200.112.5.47 - - [19/Aug/2016:09:42:43 -0300] "GET /cormun/static/gxcfg.js?2015111312145050 HTTP/1.1" 304 -
200.112.5.47 - - [19/Aug/2016:09:42:45 -0300] "GET /cormun/servlet/trsolicitudot HTTP/1.1" 200 7878
191.112.108.80 - - [19/Aug/2016:09:42:49 -0300] "GET /cormun/servlet/solicitudot?6f1ed0b5a8b5371a47939df4dcfebfdecabe913faa040d7f1dc0d2a48964fced0f5b6c56ff38f85611c310ba004a395f6c365c89e77320f094cf1ce93327053e03a9624d2a620fcbfda775992266349b8a4851ab42d84833acd8aa7a2891f1b6206d6a40a15983500731e9ee7053fe488b05d9e05ec6e3d7063aa6fc832338d0f393a6e6bc3489bfb68e8549ea90c6ccdb38ff349c2cba39dd91f8136a51aa9c5b4135dec3910df76aaade3b83a8010c,gx-no-cache=1471610645237 HTTP/1.1" 200 30
186.103.159.186 - - [19/Aug/2016:09:42:50 -0300] "POST /cormun/servlet/trautorizarsolicitud?6dfcdcdabbe740858aed89f0e60fdecd,,gx-no-cache=1471614225309 HTTP/1.1" 500 10
200.112.5.47 - - [19/Aug/2016:09:43:00 -0300] "POST /cormun/servlet/trsolicitudot?24f15fa1e408cadddf56e831c1bb1684,gx-no-cache=1471610649882 HTTP/1.1" 200 3978
191.112.108.80 - - [19/Aug/2016:09:43:02 -0300] "POST /cormun/servlet/solicitudot?b9a4c3c3eec7fb0523160c6edb2a781a,INS,0,0,,gx-no-cache=1471610657494 HTTP/1.1" 200 93
191.112.108.80 - - [19/Aug/2016:09:43:02 -0300] "GET /cormun/servlet/hpexe_return? HTTP/1.1" 200 1014
200.112.5.47 - - [19/Aug/2016:09:43:02 -0300] "POST /cormun/servlet/trsolicitudot?24f15fa1e408cadddf56e831c1bb1684,gx-no-cache=1471610657732 HTTP/1.1" 200 3814
191.112.108.80 - - [19/Aug/2016:09:43:03 -0300] "GET /cormun/servlet/trsolicitudot HTTP/1.1" 200 9889
200.112.5.47 - - [19/Aug/2016:09:43:03 -0300] "GET /cormun/static/Shared/jqueryui/images/ui-bg_highlight-soft_100_c6c2c8_1x100.png HTTP/1.1" 404 1117
200.112.5.47 - - [19/Aug/2016:09:43:04 -0300] "GET /cormun/static/Shared/jqueryui/images/ui-icons_82798d_256x240.png HTTP/1.1" 404 1089
200.112.5.47 - - [19/Aug/2016:09:43:04 -0300] "GET /cormun/static/Shared/jqueryui/images/ui-bg_flat_55_fafafa_40x100.png HTTP/1.1" 404 1097
200.112.5.47 - - [19/Aug/2016:09:43:04 -0300] "GET /cormun/static/Shared/jqueryui/images/ui-icons_8d78a5_256x240.png HTTP/1.1" 404 1089
191.112.108.80 - - [19/Aug/2016:09:43:05 -0300] "GET /cormun/servlet/trsolicitudot HTTP/1.1" 200 9884
200.112.5.47 - - [19/Aug/2016:09:43:09 -0300] "GET /cormun/servlet/trautorizarsolicitud? HTTP/1.1" 200 7812
200.112.5.47 - - [19/Aug/2016:09:43:10 -0300] "GET /cormun/static/gxcfg.js?201651622221839 HTTP/1.1" 304 -
200.112.5.47 - - [19/Aug/2016:09:43:14 -0300] "POST /cormun/servlet/trautorizarsolicitud?24f15fa1e408cadddf56e831c1bb1684,,gx-no-cache=1471610669771 HTTP/1.1" 200 3948
200.112.5.47 - - [19/Aug/2016:09:43:16 -0300] "POST /cormun/servlet/trautorizarsolicitud?24f15fa1e408cadddf56e831c1bb1684,,gx-no-cache=1471610671276 HTTP/1.1" 200 3791
200.112.5.47 - - [19/Aug/2016:09:43:17 -0300] "GET /cormun/static/Shared/jqueryui/images/ui-icons_8d78a5_256x240.png HTTP/1.1" 404 1089
200.112.5.47 - - [19/Aug/2016:09:43:17 -0300] "GET /cormun/static/Shared/jqueryui/images/ui-bg_highlight-soft_100_c6c2c8_1x100.png HTTP/1.1" 404 1117
200.112.5.47 - - [19/Aug/2016:09:43:17 -0300] "GET /cormun/static/Shared/jqueryui/images/ui-icons_82798d_256x240.png HTTP/1.1" 404 1089
200.112.5.47 - - [19/Aug/2016:09:43:17 -0300] "GET /cormun/static/Shared/jqueryui/images/ui-bg_flat_55_fafafa_40x100.png HTTP/1.1" 404 1097
200.112.5.47 - - [19/Aug/2016:09:43:23 -0300] "GET /cormun/servlet/trsolicitudot? HTTP/1.1" 200 6637
200.112.5.47 - - [19/Aug/2016:09:43:28 -0300] "GET /cormun/servlet/solicitudot?INS,0,0, HTTP/1.1" 200 12096
186.103.159.186 - - [19/Aug/2016:09:43:37 -0300] "GET /cormun/servlet/hlogin HTTP/1.1" 200 1723
186.103.159.186 - - [19/Aug/2016:09:43:37 -0300] "GET /favicon.ico HTTP/1.1" 200 21630
191.112.108.80 - - [19/Aug/2016:09:43:46 -0300] "GET /cormun/servlet/solicitudot?INS,0,0, HTTP/1.1" 200 11968
186.103.159.186 - - [19/Aug/2016:09:43:47 -0300] "POST /cormun/servlet/hlogin?00c2fb733975fddaadd6aa62799fde2f,gx-no-cache=1471614302730 HTTP/1.1" 200 90
186.103.159.186 - - [19/Aug/2016:09:43:47 -0300] "GET /cormun/servlet/hpexe_link HTTP/1.1" 200 949
186.103.159.186 - - [19/Aug/2016:09:43:48 -0300] "GET /cormun/servlet/hhome HTTP/1.1" 200 3617
191.112.108.80 - - [19/Aug/2016:09:43:49 -0300] "GET /cormun/servlet/solicitudot?INS,0,0, HTTP/1.1" 200 11972
200.112.5.47 - - [19/Aug/2016:09:43:49 -0300] "POST /cormun/servlet/solicitudot?gx-no-cache=1471610706147 HTTP/1.1" 200 2997
200.112.5.47 - - [19/Aug/2016:09:43:50 -0300] "POST /cormun/servlet/solicitudot?24f15fa1e408cadddf56e831c1bb1684,INS,0,0,,gx-no-cache=1471610706638 HTTP/1.1" 200 9167
186.103.159.186 - - [19/Aug/2016:09:43:50 -0300] "GET /cormun/servlet/hhome HTTP/1.1" 200 3614
186.103.159.186 - - [19/Aug/2016:09:43:53 -0300] "GET /cormun/servlet/trautorizarsolicitud? HTTP/1.1" 200 9626
200.112.5.47 - - [19/Aug/2016:09:43:55 -0300] "GET /cormun/servlet/solicitudot?32ec826102a6f870264326acee369b758363d6cd35f664313f3a1e7aa3598a5c7db48964f7419742ddc34108a8837f5f,gx-no-cache=1471610712564 HTTP/1.1" 200 30
200.112.5.47 - - [19/Aug/2016:09:43:55 -0300] "POST /cormun/servlet/solicitudot?gx-no-cache=1471610712644 HTTP/1.1" 200 30
200.112.5.47 - - [19/Aug/2016:09:43:56 -0300] "POST /cormun/servlet/solicitudot?gx-no-cache=1471610712717 HTTP/1.1" 200 122
200.112.5.47 - - [19/Aug/2016:09:43:56 -0300] "POST /cormun/servlet/solicitudot?gx-no-cache=1471610712829 HTTP/1.1" 200 1187
200.112.5.47 - - [19/Aug/2016:09:43:56 -0300] "GET /cormun/servlet/solicitudot?32ec826102a6f870264326acee369b757b9ed19d090e9b2f1a4a0be01e82520645be09a95230fe976374336d33843a81b74681305fe4a8f2970f3c7b44c241040f9e30fdbd704f1cd29a5af73f6ee4b5859442de46ebff9913d5d086a062702586258723cf0e117f62620a6d11558da57a6dac40389873b9399a507da00cae2d42c243e402b2d5ebf8e8faf2f51cdda7,gx-no-cache=1471610713029 HTTP/1.1" 200 38
200.112.5.47 - - [19/Aug/2016:09:43:56 -0300] "GET /cormun/static/Shared/jqueryui/images/ui-icons_82798d_256x240.png HTTP/1.1" 404 1089
200.112.5.47 - - [19/Aug/2016:09:43:56 -0300] "GET /cormun/static/Shared/jqueryui/images/ui-icons_8d78a5_256x240.png HTTP/1.1" 404 1089
200.112.5.47 - - [19/Aug/2016:09:43:56 -0300] "GET /cormun/static/Shared/jqueryui/images/ui-bg_highlight-soft_100_c6c2c8_1x100.png HTTP/1.1" 404 1117
200.112.5.47 - - [19/Aug/2016:09:43:56 -0300] "GET /cormun/static/Shared/jqueryui/images/ui-bg_flat_55_fafafa_40x100.png HTTP/1.1" 404 1097
186.103.159.186 - - [19/Aug/2016:09:43:56 -0300] "GET /cormun/servlet/trautorizarsolicitud? HTTP/1.1" 200 9624
200.112.5.47 - - [19/Aug/2016:09:44:04 -0300] "POST /cormun/servlet/solicitudot?gx-no-cache=1471610720604 HTTP/1.1" 200 30
186.103.159.186 - - [19/Aug/2016:09:44:05 -0300] "POST /cormun/servlet/trautorizarsolicitud?00c2fb733975fddaadd6aa62799fde2f,,gx-no-cache=1471614317017 HTTP/1.1" 200 7155
191.112.108.80 - - [19/Aug/2016:09:44:08 -0300] "POST /cormun/servlet/solicitudot?gx-no-cache=1471610724005 HTTP/1.1" 200 3011
191.112.108.80 - - [19/Aug/2016:09:44:09 -0300] "POST /cormun/servlet/solicitudot?b9a4c3c3eec7fb0523160c6edb2a781a,INS,0,0,,gx-no-cache=1471610724504 HTTP/1.1" 200 9119
200.112.5.47 - - [19/Aug/2016:09:44:09 -0300] "POST /cormun/servlet/solicitudot?gx-no-cache=1471610725594 HTTP/1.1" 200 1187
200.112.5.47 - - [19/Aug/2016:09:44:09 -0300] "GET /cormun/servlet/solicitudot?32ec826102a6f870264326acee369b757b9ed19d090e9b2f1a4a0be01e82520645be09a95230fe976374336d33843a81b74681305fe4a8f2970f3c7b44c241040f9e30fdbd704f1cd29a5af73f6ee4b5859442de46ebff9913d5d086a062702586258723cf0e117f62620a6d11558da57a6dac40389873b9399a507da00cae2d42c243e402b2d5ebf8e8faf2f51cdda7,gx-no-cache=1471610726277 HTTP/1.1" 200 38
186.103.159.186 - - [19/Aug/2016:09:44:12 -0300] "POST /cormun/servlet/trautorizarsolicitud?00c2fb733975fddaadd6aa62799fde2f,,gx-no-cache=1471614327173 HTTP/1.1" 200 6907
186.103.159.186 - - [19/Aug/2016:09:44:13 -0300] "GET /cormun/static/Shared/jqueryui/images/ui-bg_highlight-soft_100_c6c2c8_1x100.png HTTP/1.1" 404 1117
186.103.159.186 - - [19/Aug/2016:09:44:13 -0300] "GET /cormun/static/Shared/jqueryui/images/ui-bg_flat_55_fafafa_40x100.png HTTP/1.1" 404 1097
186.103.159.186 - - [19/Aug/2016:09:44:13 -0300] "GET /cormun/static/Shared/jqueryui/images/ui-icons_8d78a5_256x240.png HTTP/1.1" 404 1089
186.103.159.186 - - [19/Aug/2016:09:44:13 -0300] "GET /cormun/static/Shared/jqueryui/images/ui-icons_82798d_256x240.png HTTP/1.1" 404 1089
186.103.159.186 - - [19/Aug/2016:09:44:14 -0300] "POST /cormun/servlet/trautorizarsolicitud?00c2fb733975fddaadd6aa62799fde2f,,gx-no-cache=1471614328183 HTTP/1.1" 200 6851
200.112.5.47 - - [19/Aug/2016:09:44:15 -0300] "GET /cormun/servlet/solicitudot?32ec826102a6f870264326acee369b75d1ced82945e3c3343fdfab0f40d23d006a95c48a89884a70a2ab93c42072f981eb31363d2acff8a64aaeafd948548c2d7e803c0911b0dfcc054712866b23e57ccff2f4baa86207bbd6e2131ba9be5c247f4ed1f920555bb46e1942878575e38a874093b18a55a10f7439f140691758aeddf4d8d38173d7eeae2e2330d134e676f5e685449b68313f397f27856919e371,gx-no-cache=1471610731988 HTTP/1.1" 200 29
200.112.5.47 - - [19/Aug/2016:09:44:15 -0300] "POST /cormun/servlet/solicitudot?gx-no-cache=1471610732062 HTTP/1.1" 200 1144
186.103.159.186 - - [19/Aug/2016:09:44:17 -0300] "POST /cormun/servlet/trautorizarsolicitud?00c2fb733975fddaadd6aa62799fde2f,,gx-no-cache=1471614332182 HTTP/1.1" 200 6630
186.103.159.186 - - [19/Aug/2016:09:44:17 -0300] "POST /cormun/servlet/trautorizarsolicitud?00c2fb733975fddaadd6aa62799fde2f,,gx-no-cache=1471614332798 HTTP/1.1" 200 6571
191.112.108.80 - - [19/Aug/2016:09:44:20 -0300] "GET /cormun/servlet/solicitudot?6f1ed0b5a8b5371a47939df4dcfebfdef690a2c9c8806aca0a94afac56c011d30f02d3148933d8affdbfdea91c88ac27,gx-no-cache=1471610736655 HTTP/1.1" 200 30
191.112.108.80 - - [19/Aug/2016:09:44:21 -0300] "POST /cormun/servlet/solicitudot?gx-no-cache=1471610736813 HTTP/1.1" 200 30
186.103.159.186 - - [19/Aug/2016:09:44:24 -0300] "POST /cormun/servlet/trautorizarsolicitud?00c2fb733975fddaadd6aa62799fde2f,,gx-no-cache=1471614339597 HTTP/1.1" 200 6402
200.112.5.47 - - [19/Aug/2016:09:44:26 -0300] "GET /cormun/static/menuarrow.gif HTTP/1.1" 404 1015
186.103.159.186 - - [19/Aug/2016:09:44:26 -0300] "POST /cormun/servlet/trautorizarsolicitud?00c2fb733975fddaadd6aa62799fde2f,,gx-no-cache=1471614340392 HTTP/1.1" 200 6343
186.103.159.186 - - [19/Aug/2016:09:44:28 -0300] "POST /cormun/servlet/trautorizarsolicitud?00c2fb733975fddaadd6aa62799fde2f,,gx-no-cache=1471614343444 HTTP/1.1" 200 6110
186.103.159.186 - - [19/Aug/2016:09:44:29 -0300] "POST /cormun/servlet/trautorizarsolicitud?00c2fb733975fddaadd6aa62799fde2f,,gx-no-cache=1471614344390 HTTP/1.1" 200 6054
191.112.108.80 - - [19/Aug/2016:09:44:31 -0300] "POST /cormun/servlet/solicitudot?gx-no-cache=1471610747058 HTTP/1.1" 200 30
186.103.159.186 - - [19/Aug/2016:09:44:36 -0300] "POST /cormun/servlet/trautorizarsolicitud?00c2fb733975fddaadd6aa62799fde2f,,gx-no-cache=1471614351364 HTTP/1.1" 200 5880
191.112.108.80 - - [19/Aug/2016:09:44:36 -0300] "POST /cormun/servlet/solicitudot?gx-no-cache=1471610751985 HTTP/1.1" 200 1187
191.112.108.80 - - [19/Aug/2016:09:44:36 -0300] "GET /cormun/servlet/solicitudot?6f1ed0b5a8b5371a47939df4dcfebfdee4cf21df0c940f07fde18f30c156f06ce763e228bd834671425591c972615208e0077b9934424dea36bdb70fd43eab887ae186e5fa480b2ee6d4569a0da28f54c9e392148e52be8eec62697a70fddb6485a913dea97f56073bf02603b304945a4c92a785aeca098fe7a084175971759488921633b61e9e06aff7aef0d22727ef,gx-no-cache=1471610752195 HTTP/1.1" 200 38
186.103.159.186 - - [19/Aug/2016:09:44:37 -0300] "POST /cormun/servlet/trautorizarsolicitud?00c2fb733975fddaadd6aa62799fde2f,,gx-no-cache=1471614351982 HTTP/1.1" 200 5824
186.103.159.186 - - [19/Aug/2016:09:44:38 -0300] "POST /cormun/servlet/trautorizarsolicitud?00c2fb733975fddaadd6aa62799fde2f,,gx-no-cache=1471614353891 HTTP/1.1" 200 5559
186.103.159.186 - - [19/Aug/2016:09:44:39 -0300] "POST /cormun/servlet/trautorizarsolicitud?00c2fb733975fddaadd6aa62799fde2f,,gx-no-cache=1471614354607 HTTP/1.1" 200 5502
191.112.108.80 - - [19/Aug/2016:09:44:43 -0300] "GET /cormun/servlet/solicitudot?6f1ed0b5a8b5371a47939df4dcfebfde5c3414d544ae2beaff244c77f8f973f68c659e7aa810e5950329e3836d37a7cb764a7bbade185ebeade9e6b317c1ab9ba51137f0431062e71b9c4a40d67c219538633774596926d61a574d2ca1a1e5848f4b8f3a1bd15ded578a6730030c8ff7422949090a0ce883daa26df3190753ee5b1a25d011ed3ed3730198df728662f13a303e0f69fe1e0aa099b6c95f353a3a7a79fc156d32100d0301f6afffebc72636e06bdf578c0e6c87be053958904567b76af14720ab6a14d6373173c1049695,gx-no-cache=1471610759267 HTTP/1.1" 200 29
186.103.159.186 - - [19/Aug/2016:09:44:45 -0300] "POST /cormun/servlet/trautorizarsolicitud?00c2fb733975fddaadd6aa62799fde2f,,gx-no-cache=1471614360488 HTTP/1.1" 200 5200
200.112.5.47 - - [19/Aug/2016:09:44:46 -0300] "GET /cormun/servlet/solicitudot?32ec826102a6f870264326acee369b75f0517263baf61ccf4057df2a9065681822f3c528ef561a8492ab08cdd336aee97ebc45e46901f4f8747dc9b60b82a8bbc9b45ecb46250229a2e1842bab7a0313b8692eabe83762324a7347893968547fde4a97285d8c37692ea2858d1bf5b5373690d2c75ef41c2d81d5c46c87898e3082bb95d51dca1489f73240247fa52220cf82c3694d54f4a0a5b440d3d75f88b6eec4b5c47a0087920f48bf42f4971bf7,gx-no-cache=1471610762829 HTTP/1.1" 200 30
191.112.108.80 - - [19/Aug/2016:09:44:47 -0300] "POST /cormun/servlet/solicitudot?gx-no-cache=1471610762747 HTTP/1.1" 200 1143
186.103.159.186 - - [19/Aug/2016:09:44:47 -0300] "POST /cormun/servlet/trautorizarsolicitud?00c2fb733975fddaadd6aa62799fde2f,,gx-no-cache=1471614361604 HTTP/1.1" 200 5143
200.112.5.47 - - [19/Aug/2016:09:44:48 -0300] "POST /cormun/servlet/solicitudot?24f15fa1e408cadddf56e831c1bb1684,INS,0,0,,gx-no-cache=1471610763966 HTTP/1.1" 200 93
200.112.5.47 - - [19/Aug/2016:09:44:48 -0300] "GET /cormun/servlet/hpexe_return? HTTP/1.1" 200 1010
200.112.5.47 - - [19/Aug/2016:09:44:48 -0300] "GET /cormun/servlet/trsolicitudot HTTP/1.1" 200 7889
200.112.5.47 - - [19/Aug/2016:09:44:53 -0300] "POST /cormun/servlet/trsolicitudot?24f15fa1e408cadddf56e831c1bb1684,gx-no-cache=1471610769562 HTTP/1.1" 200 3965
200.112.5.47 - - [19/Aug/2016:09:44:53 -0300] "POST /cormun/servlet/trsolicitudot?24f15fa1e408cadddf56e831c1bb1684,gx-no-cache=1471610770082 HTTP/1.1" 200 3814
200.112.5.47 - - [19/Aug/2016:09:44:53 -0300] "GET /cormun/static/Shared/jqueryui/images/ui-icons_82798d_256x240.png HTTP/1.1" 404 1089
200.112.5.47 - - [19/Aug/2016:09:44:54 -0300] "GET /cormun/static/Shared/jqueryui/images/ui-bg_flat_55_fafafa_40x100.png HTTP/1.1" 404 1097
200.112.5.47 - - [19/Aug/2016:09:44:54 -0300] "GET /cormun/static/Shared/jqueryui/images/ui-bg_highlight-soft_100_c6c2c8_1x100.png HTTP/1.1" 404 1117
200.112.5.47 - - [19/Aug/2016:09:44:54 -0300] "GET /cormun/static/Shared/jqueryui/images/ui-icons_8d78a5_256x240.png HTTP/1.1" 404 1089
186.103.159.186 - - [19/Aug/2016:09:44:58 -0300] "POST /cormun/servlet/trautorizarsolicitud?00c2fb733975fddaadd6aa62799fde2f,,gx-no-cache=1471614373025 HTTP/1.1" 200 3931
186.103.159.186 - - [19/Aug/2016:09:44:59 -0300] "POST /cormun/servlet/trautorizarsolicitud?00c2fb733975fddaadd6aa62799fde2f,,gx-no-cache=1471614373588 HTTP/1.1" 200 3785
200.112.5.47 - - [19/Aug/2016:09:44:59 -0300] "GET /cormun/servlet/trautorizarsolicitud? HTTP/1.1" 200 7824
200.112.5.47 - - [19/Aug/2016:09:45:07 -0300] "POST /cormun/servlet/trautorizarsolicitud?24f15fa1e408cadddf56e831c1bb1684,,gx-no-cache=1471610783921 HTTP/1.1" 200 3941
200.112.5.47 - - [19/Aug/2016:09:45:07 -0300] "POST /cormun/servlet/trautorizarsolicitud?24f15fa1e408cadddf56e831c1bb1684,,gx-no-cache=1471610784398 HTTP/1.1" 200 3792
200.112.5.47 - - [19/Aug/2016:09:45:08 -0300] "GET /cormun/static/Shared/jqueryui/images/ui-icons_82798d_256x240.png HTTP/1.1" 404 1089
200.112.5.47 - - [19/Aug/2016:09:45:08 -0300] "GET /cormun/static/Shared/jqueryui/images/ui-bg_highlight-soft_100_c6c2c8_1x100.png HTTP/1.1" 404 1117
200.112.5.47 - - [19/Aug/2016:09:45:08 -0300] "GET /cormun/static/Shared/jqueryui/images/ui-bg_flat_55_fafafa_40x100.png HTTP/1.1" 404 1097
200.112.5.47 - - [19/Aug/2016:09:45:08 -0300] "GET /cormun/static/Shared/jqueryui/images/ui-icons_8d78a5_256x240.png HTTP/1.1" 404 1089
191.112.108.80 - - [19/Aug/2016:09:45:11 -0300] "GET /cormun/servlet/solicitudot?6f1ed0b5a8b5371a47939df4dcfebfdea3c2b97ed7ba606e8c521a535e92a25f339b5a390a9613c21aedb88c2aecb48f6c365c89e77320f094cf1ce93327053e03a9624d2a620fcbfda775992266349b8a4851ab42d84833acd8aa7a2891f1b6206d6a40a15983500731e9ee7053fe488b05d9e05ec6e3d7063aa6fc832338d0f393a6e6bc3489bfb68e8549ea90c6cc9d888928282f73452a51c167ab4584db5b4135dec3910df76aaade3b83a8010c,gx-no-cache=1471610786943 HTTP/1.1" 200 30
186.103.159.186 - - [19/Aug/2016:09:45:28 -0300] "GET /cormun/servlet/trvisualizadoreventos? HTTP/1.1" 200 6341
186.103.159.186 - - [19/Aug/2016:09:45:29 -0300] "GET /cormun/static/gxcfg.js?201631021481342 HTTP/1.1" 200 953
186.103.159.186 - - [19/Aug/2016:09:45:29 -0300] "GET /cormun/static/trvisualizadoreventos.js?201631021481717 HTTP/1.1" 200 19288
186.103.159.186 - - [19/Aug/2016:09:45:29 -0300] "GET /cormun/static/Resources/PXToolsActionPrint.png HTTP/1.1" 200 3317
186.103.159.186 - - [19/Aug/2016:09:45:31 -0300] "GET /cormun/servlet/trvisualizadoreventos? HTTP/1.1" 200 6341
191.112.108.80 - - [19/Aug/2016:09:45:38 -0300] "GET /cormun/servlet/solicitudot?6f1ed0b5a8b5371a47939df4dcfebfdea3c2b97ed7ba606e8c521a535e92a25f339b5a390a9613c21aedb88c2aecb48f6c365c89e77320f094cf1ce93327053e03a9624d2a620fcbfda775992266349b8a4851ab42d84833acd8aa7a2891f1b6206d6a40a15983500731e9ee7053fe488b05d9e05ec6e3d7063aa6fc832338d0f393a6e6bc3489bfb68e8549ea90c6ccdb38ff349c2cba39dd91f8136a51aa9c5b4135dec3910df76aaade3b83a8010c,gx-no-cache=1471610813863 HTTP/1.1" 200 30
186.103.159.186 - - [19/Aug/2016:09:45:42 -0300] "POST /cormun/servlet/trvisualizadoreventos?00c2fb733975fddaadd6aa62799fde2f,,gx-no-cache=1471614416347 HTTP/1.1" 200 4381
200.112.5.47 - - [19/Aug/2016:09:45:45 -0300] "GET /cormun/servlet/trsolicitudot? HTTP/1.1" 200 6637
191.112.108.80 - - [19/Aug/2016:09:45:51 -0300] "POST /cormun/servlet/solicitudot?b9a4c3c3eec7fb0523160c6edb2a781a,INS,0,0,,gx-no-cache=1471610827131 HTTP/1.1" 200 93
191.112.108.80 - - [19/Aug/2016:09:45:52 -0300] "GET /cormun/servlet/hpexe_return? HTTP/1.1" 200 1014
191.112.108.80 - - [19/Aug/2016:09:45:52 -0300] "GET /cormun/servlet/trsolicitudot HTTP/1.1" 200 10205
191.112.108.80 - - [19/Aug/2016:09:45:55 -0300] "GET /cormun/servlet/trsolicitudot HTTP/1.1" 200 10200
200.112.5.47 - - [19/Aug/2016:09:45:55 -0300] "GET /cormun/servlet/solicitudot?INS,0,0, HTTP/1.1" 200 12096
191.112.108.80 - - [19/Aug/2016:09:46:09 -0300] "GET /cormun/servlet/solicitudot?INS,0,0, HTTP/1.1" 200 11967
191.112.108.80 - - [19/Aug/2016:09:46:11 -0300] "GET /cormun/servlet/solicitudot?INS,0,0, HTTP/1.1" 200 11972
186.103.159.189 - - [19/Aug/2016:09:46:19 -0300] "GET /cormun/servlet/solicitudot?INS,0,0, HTTP/1.1" 200 11987
186.67.172.234 - - [19/Aug/2016:09:46:24 -0300] "GET /cormun/servlet/hlogin HTTP/1.1" 200 1726
186.103.159.189 - - [19/Aug/2016:09:46:24 -0300] "GET /cormun/servlet/solicitudot?INS,0,0, HTTP/1.1" 200 11987
200.112.5.47 - - [19/Aug/2016:09:46:31 -0300] "POST /cormun/servlet/solicitudot?gx-no-cache=1471610867154 HTTP/1.1" 200 2992
200.112.5.47 - - [19/Aug/2016:09:46:31 -0300] "POST /cormun/servlet/solicitudot?24f15fa1e408cadddf56e831c1bb1684,INS,0,0,,gx-no-cache=1471610868102 HTTP/1.1" 200 9168
191.112.108.80 - - [19/Aug/2016:09:46:34 -0300] "POST /cormun/servlet/solicitudot?gx-no-cache=1471610869921 HTTP/1.1" 200 3011
191.112.108.80 - - [19/Aug/2016:09:46:35 -0300] "POST /cormun/servlet/solicitudot?b9a4c3c3eec7fb0523160c6edb2a781a,INS,0,0,,gx-no-cache=1471610870545 HTTP/1.1" 200 9119
200.112.5.47 - - [19/Aug/2016:09:46:35 -0300] "GET /cormun/servlet/solicitudot?32ec826102a6f870264326acee369b7514a66582e0d47515f9fa4b19070d5cd67db48964f7419742ddc34108a8837f5f,gx-no-cache=1471610872353 HTTP/1.1" 200 30
200.112.5.47 - - [19/Aug/2016:09:46:35 -0300] "POST /cormun/servlet/solicitudot?gx-no-cache=1471610872430 HTTP/1.1" 200 30
186.103.159.189 - - [19/Aug/2016:09:46:37 -0300] "POST /cormun/servlet/solicitudot?gx-no-cache=1471610872430 HTTP/1.1" 200 3009
186.67.172.234 - - [19/Aug/2016:09:46:39 -0300] "POST /cormun/servlet/hlogin?47b600dbc333e41b15f8a8347f856551,gx-no-cache=1471614476078 HTTP/1.1" 200 90
186.67.172.234 - - [19/Aug/2016:09:46:39 -0300] "GET /cormun/servlet/hpexe_link HTTP/1.1" 200 949
186.103.159.189 - - [19/Aug/2016:09:46:39 -0300] "POST /cormun/servlet/solicitudot?92f43d0d91322d83d4d46ba0c98819cb,INS,0,0,,gx-no-cache=1471610873601 HTTP/1.1" 200 9115
186.67.172.234 - - [19/Aug/2016:09:46:39 -0300] "GET /cormun/servlet/hhome HTTP/1.1" 200 3752
186.67.172.234 - - [19/Aug/2016:09:46:40 -0300] "GET /cormun/servlet/hhome HTTP/1.1" 200 3749
200.112.5.47 - - [19/Aug/2016:09:46:40 -0300] "POST /cormun/servlet/solicitudot?gx-no-cache=1471610877334 HTTP/1.1" 200 30
191.112.108.80 - - [19/Aug/2016:09:46:43 -0300] "GET /cormun/servlet/solicitudot?6f1ed0b5a8b5371a47939df4dcfebfdef690a2c9c8806aca0a94afac56c011d30f02d3148933d8affdbfdea91c88ac27,gx-no-cache=1471610879477 HTTP/1.1" 200 30
186.103.159.189 - - [19/Aug/2016:09:46:43 -0300] "GET /cormun/servlet/solicitudot?86d8c8aeecfda11d6941053b8f319613adf33a37650fc0b3769da328b83c4458ba0b89f508a01cb64f211e01950358fb,gx-no-cache=1471610880076 HTTP/1.1" 200 30
186.103.159.189 - - [19/Aug/2016:09:46:43 -0300] "POST /cormun/servlet/solicitudot?gx-no-cache=1471610880173 HTTP/1.1" 200 30
191.112.108.80 - - [19/Aug/2016:09:46:43 -0300] "POST /cormun/servlet/solicitudot?gx-no-cache=1471610879621 HTTP/1.1" 200 30
191.112.108.80 - - [19/Aug/2016:09:46:44 -0300] "POST /cormun/servlet/solicitudot?gx-no-cache=1471610879711 HTTP/1.1" 200 122
191.112.108.80 - - [19/Aug/2016:09:46:44 -0300] "GET /cormun/static/Shared/jqueryui/images/ui-bg_highlight-soft_100_c6c2c8_1x100.png HTTP/1.1" 404 1117
191.112.108.80 - - [19/Aug/2016:09:46:44 -0300] "GET /cormun/static/Shared/jqueryui/images/ui-icons_82798d_256x240.png HTTP/1.1" 404 1089
191.112.108.80 - - [19/Aug/2016:09:46:44 -0300] "GET /cormun/static/Shared/jqueryui/images/ui-bg_flat_55_fafafa_40x100.png HTTP/1.1" 404 1097
191.112.108.80 - - [19/Aug/2016:09:46:44 -0300] "GET /cormun/static/Shared/jqueryui/images/ui-icons_8d78a5_256x240.png HTTP/1.1" 404 1089
191.112.108.80 - - [19/Aug/2016:09:46:44 -0300] "POST /cormun/servlet/solicitudot?gx-no-cache=1471610879939 HTTP/1.1" 200 1187
191.112.108.80 - - [19/Aug/2016:09:46:44 -0300] "GET /cormun/servlet/solicitudot?6f1ed0b5a8b5371a47939df4dcfebfdee4cf21df0c940f07fde18f30c156f06ce763e228bd834671425591c972615208e0077b9934424dea36bdb70fd43eab887ae186e5fa480b2ee6d4569a0da28f54c9e392148e52be8eec62697a70fddb6485a913dea97f56073bf02603b304945a4c92a785aeca098fe7a084175971759488921633b61e9e06aff7aef0d22727ef,gx-no-cache=1471610880220 HTTP/1.1" 200 38
200.112.5.47 - - [19/Aug/2016:09:46:48 -0300] "POST /cormun/servlet/solicitudot?gx-no-cache=1471610884698 HTTP/1.1" 200 1187
200.112.5.47 - - [19/Aug/2016:09:46:48 -0300] "GET /cormun/servlet/solicitudot?32ec826102a6f870264326acee369b757b9ed19d090e9b2f1a4a0be01e82520645be09a95230fe976374336d33843a81b74681305fe4a8f2970f3c7b44c241040f9e30fdbd704f1cd29a5af73f6ee4b5859442de46ebff9913d5d086a062702586258723cf0e117f62620a6d11558da57a6dac40389873b9399a507da00cae2d42c243e402b2d5ebf8e8faf2f51cdda7,gx-no-cache=1471610884929 HTTP/1.1" 200 38
186.103.159.189 - - [19/Aug/2016:09:46:48 -0300] "POST /cormun/servlet/solicitudot?gx-no-cache=1471610884658 HTTP/1.1" 200 30
