186.103.159.44 - - [19/Aug/2016:10:18:28 -0300] "POST /cormun/servlet/solicitudot?gx-no-cache=1471612778686 HTTP/1.1" 200 2994
186.103.159.44 - - [19/Aug/2016:10:18:28 -0300] "POST /cormun/servlet/solicitudot?62bb7462fa34cbc6bc77ed9efcf97e96,INS,0,0,,gx-no-cache=1471612779107 HTTP/1.1" 200 9095
186.103.159.44 - - [19/Aug/2016:10:18:32 -0300] "GET /cormun/servlet/solicitudot?1a3be55e01eb7b64c78111bd58e6ef96ddd3c2b668c74b2e37cc42fd5753daa51e11947eff51b39dd593cfa7ee8d368e,gx-no-cache=1471612782670 HTTP/1.1" 200 30
186.103.159.44 - - [19/Aug/2016:10:18:32 -0300] "POST /cormun/servlet/solicitudot?gx-no-cache=1471612782763 HTTP/1.1" 200 30
186.103.159.44 - - [19/Aug/2016:10:18:44 -0300] "POST /cormun/servlet/solicitudot?gx-no-cache=1471612794857 HTTP/1.1" 200 30
186.103.159.44 - - [19/Aug/2016:10:19:11 -0300] "POST /cormun/servlet/solicitudot?gx-no-cache=1471612821724 HTTP/1.1" 200 1187
186.103.159.44 - - [19/Aug/2016:10:19:11 -0300] "GET /cormun/servlet/solicitudot?1a3be55e01eb7b64c78111bd58e6ef96ac9c6f0baa1053322bb8c6365bf7c86befc38da1a5174b6d6aafbd7c2d5d68a26144110a4085af2a1b708c87830e4c607553c68828ed0fe8b328d44c4cbf02f925a1d932eae68ec9b988c459dafd634fdcff0894fe614ae2de94e137070d0a72e51c955216a2b695a1e2fbccd62e364d8a52d6c036412558ec4d05a2943634ea,gx-no-cache=1471612822010 HTTP/1.1" 200 38
186.67.172.234 - - [19/Aug/2016:10:19:11 -0300] "POST /cormun/servlet/trsolicitudot?47b600dbc333e41b15f8a8347f856551,gx-no-cache=1471616428201 HTTP/1.1" 200 5823
186.67.172.234 - - [19/Aug/2016:10:19:11 -0300] "POST /cormun/servlet/trsolicitudot?47b600dbc333e41b15f8a8347f856551,gx-no-cache=1471616428466 HTTP/1.1" 200 5762
186.67.172.234 - - [19/Aug/2016:10:19:14 -0300] "POST /cormun/servlet/trsolicitudot?47b600dbc333e41b15f8a8347f856551,gx-no-cache=1471616430251 HTTP/1.1" 200 5522
186.67.172.234 - - [19/Aug/2016:10:19:14 -0300] "POST /cormun/servlet/trsolicitudot?47b600dbc333e41b15f8a8347f856551,gx-no-cache=1471616430799 HTTP/1.1" 200 5462
186.67.172.234 - - [19/Aug/2016:10:19:16 -0300] "POST /cormun/servlet/trsolicitudot?47b600dbc333e41b15f8a8347f856551,gx-no-cache=1471616433072 HTTP/1.1" 200 5239
186.67.172.234 - - [19/Aug/2016:10:19:16 -0300] "POST /cormun/servlet/trsolicitudot?47b600dbc333e41b15f8a8347f856551,gx-no-cache=1471616433298 HTTP/1.1" 200 5179
186.67.172.234 - - [19/Aug/2016:10:19:17 -0300] "POST /cormun/servlet/trsolicitudot?47b600dbc333e41b15f8a8347f856551,gx-no-cache=1471616434444 HTTP/1.1" 200 3965
186.67.172.234 - - [19/Aug/2016:10:19:18 -0300] "POST /cormun/servlet/trsolicitudot?47b600dbc333e41b15f8a8347f856551,gx-no-cache=1471616434627 HTTP/1.1" 200 3816
191.112.108.80 - - [19/Aug/2016:10:19:20 -0300] "GET /cormun/servlet/solicitudot?INS,0,0, HTTP/1.1" 200 11967
186.67.172.234 - - [19/Aug/2016:10:19:22 -0300] "GET /cormun/servlet/trautorizarsolicitud? HTTP/1.1" 200 8668
186.67.172.234 - - [19/Aug/2016:10:19:23 -0300] "GET /cormun/servlet/trautorizarsolicitud? HTTP/1.1" 200 8668
191.112.108.80 - - [19/Aug/2016:10:19:23 -0300] "GET /cormun/servlet/solicitudot?INS,0,0, HTTP/1.1" 200 11972
186.103.159.44 - - [19/Aug/2016:10:19:24 -0300] "GET /cormun/servlet/solicitudot?1a3be55e01eb7b64c78111bd58e6ef96dcc8f65519ad9296f33a3e7e7267e07b0e8b8950e9df72f39fd5b65ea2bf07861803fa7b674aa515256b02ed36f33fa68b5cc169b38bdb568780777c171757c3d388763f18253e8afa9c76fc8139a507ab93b97b6a6f1bccd5ee252d297549b4c34a465dcbd27682545a7148f3a2bf0ed607717a4b784283e73f02d70134b8887759e34a0ef98b64e02f33e841e4e23c,gx-no-cache=1471612834999 HTTP/1.1" 200 29
186.103.159.44 - - [19/Aug/2016:10:19:24 -0300] "POST /cormun/servlet/solicitudot?gx-no-cache=1471612835057 HTTP/1.1" 200 1144
186.103.159.44 - - [19/Aug/2016:10:19:25 -0300] "GET /cormun/static/menuarrow.gif HTTP/1.1" 404 1015
186.67.172.234 - - [19/Aug/2016:10:19:32 -0300] "POST /cormun/servlet/trautorizarsolicitud?47b600dbc333e41b15f8a8347f856551,,gx-no-cache=1471616448876 HTTP/1.1" 200 5794
186.67.172.234 - - [19/Aug/2016:10:19:32 -0300] "POST /cormun/servlet/trautorizarsolicitud?47b600dbc333e41b15f8a8347f856551,,gx-no-cache=1471616449121 HTTP/1.1" 200 5736
186.67.172.234 - - [19/Aug/2016:10:19:34 -0300] "POST /cormun/servlet/trautorizarsolicitud?47b600dbc333e41b15f8a8347f856551,,gx-no-cache=1471616450885 HTTP/1.1" 200 5495
186.67.172.234 - - [19/Aug/2016:10:19:34 -0300] "POST /cormun/servlet/trautorizarsolicitud?47b600dbc333e41b15f8a8347f856551,,gx-no-cache=1471616451107 HTTP/1.1" 200 5438
186.67.172.234 - - [19/Aug/2016:10:19:35 -0300] "POST /cormun/servlet/trautorizarsolicitud?47b600dbc333e41b15f8a8347f856551,,gx-no-cache=1471616452217 HTTP/1.1" 200 5209
186.67.172.234 - - [19/Aug/2016:10:19:36 -0300] "POST /cormun/servlet/trautorizarsolicitud?47b600dbc333e41b15f8a8347f856551,,gx-no-cache=1471616452425 HTTP/1.1" 200 5152
186.67.172.234 - - [19/Aug/2016:10:19:37 -0300] "POST /cormun/servlet/trautorizarsolicitud?47b600dbc333e41b15f8a8347f856551,,gx-no-cache=1471616454433 HTTP/1.1" 200 3942
186.67.172.234 - - [19/Aug/2016:10:19:38 -0300] "POST /cormun/servlet/trautorizarsolicitud?47b600dbc333e41b15f8a8347f856551,,gx-no-cache=1471616454731 HTTP/1.1" 200 3792
191.112.108.80 - - [19/Aug/2016:10:19:40 -0300] "POST /cormun/servlet/solicitudot?gx-no-cache=1471612856001 HTTP/1.1" 200 2998
191.112.108.80 - - [19/Aug/2016:10:19:41 -0300] "POST /cormun/servlet/solicitudot?b9a4c3c3eec7fb0523160c6edb2a781a,INS,0,0,,gx-no-cache=1471612856479 HTTP/1.1" 200 9113
191.112.108.80 - - [19/Aug/2016:10:19:47 -0300] "GET /cormun/servlet/solicitudot?6f1ed0b5a8b5371a47939df4dcfebfde11013c330256e85255c509524db152f60f02d3148933d8affdbfdea91c88ac27,gx-no-cache=1471612863125 HTTP/1.1" 200 30
191.112.108.80 - - [19/Aug/2016:10:19:47 -0300] "POST /cormun/servlet/solicitudot?gx-no-cache=1471612863264 HTTP/1.1" 200 30
186.103.159.44 - - [19/Aug/2016:10:19:48 -0300] "GET /cormun/servlet/solicitudot?1a3be55e01eb7b64c78111bd58e6ef96a2d18311c530da929819897317f79bf9a88ae809244931f448ad9b6dce2126d8b2f724f4af61815166d8db46db93e79b0cd7e5dbc5ac363b473b90a02fa2ef9b059b0fe493f418e3449a62d3009c4540a7a1fe4e41217462cd4375777d360709d969e8ef36e3ae41d929f306f9b19654400388c805ebe1755a09a41f3b551fe6328d767968638433db1aa0cd29e1c2c79deb0e84ddeb2893c6932f3850a67493,gx-no-cache=1471612859114 HTTP/1.1" 200 30
191.112.108.80 - - [19/Aug/2016:10:19:50 -0300] "POST /cormun/servlet/solicitudot?gx-no-cache=1471612866326 HTTP/1.1" 200 30
191.112.108.80 - - [19/Aug/2016:10:19:53 -0300] "POST /cormun/servlet/solicitudot?gx-no-cache=1471612868826 HTTP/1.1" 200 1186
191.112.108.80 - - [19/Aug/2016:10:19:53 -0300] "GET /cormun/servlet/solicitudot?6f1ed0b5a8b5371a47939df4dcfebfdee4cf21df0c940f07fde18f30c156f06ce763e228bd834671425591c972615208e0077b9934424dea36bdb70fd43eab887ae186e5fa480b2ee6d4569a0da28f54c9e392148e52be8eec62697a70fddb6485a913dea97f56073bf02603b304945a4c92a785aeca098fe7a084175971759488921633b61e9e06aff7aef0d22727ef,gx-no-cache=1471612869021 HTTP/1.1" 200 38
191.112.108.80 - - [19/Aug/2016:10:19:59 -0300] "GET /cormun/servlet/solicitudot?6f1ed0b5a8b5371a47939df4dcfebfde5c3414d544ae2beaff244c77f8f973f68c659e7aa810e5950329e3836d37a7cb764a7bbade185ebeade9e6b317c1ab9ba51137f0431062e71b9c4a40d67c219538633774596926d61a574d2ca1a1e5848f4b8f3a1bd15ded578a6730030c8ff7422949090a0ce883daa26df3190753ee5b1a25d011ed3ed3730198df728662f13a303e0f69fe1e0aa099b6c95f353a3a7a79fc156d32100d0301f6afffebc72636e06bdf578c0e6c87be053958904567b76af14720ab6a14d6373173c1049695,gx-no-cache=1471612875003 HTTP/1.1" 200 29
191.112.108.80 - - [19/Aug/2016:10:20:02 -0300] "POST /cormun/servlet/solicitudot?gx-no-cache=1471612878367 HTTP/1.1" 200 1143
191.112.108.80 - - [19/Aug/2016:10:20:26 -0300] "GET /cormun/servlet/solicitudot?6f1ed0b5a8b5371a47939df4dcfebfdefbab3b307e8ab0a2d22e4b1ef4d46298339b5a390a9613c21aedb88c2aecb48f6c365c89e77320f094cf1ce93327053e03a9624d2a620fcbfda775992266349b8a4851ab42d84833acd8aa7a2891f1b6206d6a40a15983500731e9ee7053fe488b05d9e05ec6e3d7063aa6fc832338d0f393a6e6bc3489bfb68e8549ea90c6ccdb38ff349c2cba39dd91f8136a51aa9c5b4135dec3910df76aaade3b83a8010c,gx-no-cache=1471612901812 HTTP/1.1" 200 30
191.112.108.80 - - [19/Aug/2016:10:20:40 -0300] "POST /cormun/servlet/solicitudot?b9a4c3c3eec7fb0523160c6edb2a781a,INS,0,0,,gx-no-cache=1471612915665 HTTP/1.1" 200 93
191.112.108.80 - - [19/Aug/2016:10:20:40 -0300] "GET /cormun/servlet/hpexe_return? HTTP/1.1" 200 1014
191.112.108.80 - - [19/Aug/2016:10:20:41 -0300] "GET /cormun/servlet/trsolicitudot HTTP/1.1" 200 12185
191.112.108.80 - - [19/Aug/2016:10:20:43 -0300] "GET /cormun/servlet/trsolicitudot HTTP/1.1" 200 12180
191.112.108.80 - - [19/Aug/2016:10:20:54 -0300] "GET /cormun/servlet/solicitudot?INS,0,0, HTTP/1.1" 200 11964
191.112.108.80 - - [19/Aug/2016:10:20:56 -0300] "GET /cormun/servlet/solicitudot?INS,0,0, HTTP/1.1" 200 11969
191.112.108.80 - - [19/Aug/2016:10:21:23 -0300] "POST /cormun/servlet/solicitudot?gx-no-cache=1471612958925 HTTP/1.1" 200 3011
191.112.108.80 - - [19/Aug/2016:10:21:24 -0300] "POST /cormun/servlet/solicitudot?b9a4c3c3eec7fb0523160c6edb2a781a,INS,0,0,,gx-no-cache=1471612959472 HTTP/1.1" 200 9117
191.112.108.80 - - [19/Aug/2016:10:21:32 -0300] "GET /cormun/servlet/solicitudot?6f1ed0b5a8b5371a47939df4dcfebfdef690a2c9c8806aca0a94afac56c011d30f02d3148933d8affdbfdea91c88ac27,gx-no-cache=1471612967704 HTTP/1.1" 200 30
191.112.108.80 - - [19/Aug/2016:10:21:32 -0300] "POST /cormun/servlet/solicitudot?gx-no-cache=1471612967815 HTTP/1.1" 200 30
191.112.108.80 - - [19/Aug/2016:10:21:40 -0300] "POST /cormun/servlet/solicitudot?gx-no-cache=1471612976542 HTTP/1.1" 200 30
191.112.108.80 - - [19/Aug/2016:10:21:44 -0300] "POST /cormun/servlet/solicitudot?gx-no-cache=1471612980496 HTTP/1.1" 200 1187
191.112.108.80 - - [19/Aug/2016:10:21:44 -0300] "GET /cormun/servlet/solicitudot?6f1ed0b5a8b5371a47939df4dcfebfdee4cf21df0c940f07fde18f30c156f06ce763e228bd834671425591c972615208e0077b9934424dea36bdb70fd43eab887ae186e5fa480b2ee6d4569a0da28f54c9e392148e52be8eec62697a70fddb6485a913dea97f56073bf02603b304945a4c92a785aeca098fe7a084175971759488921633b61e9e06aff7aef0d22727ef,gx-no-cache=1471612980682 HTTP/1.1" 200 38
191.112.108.80 - - [19/Aug/2016:10:21:59 -0300] "GET /cormun/servlet/solicitudot?6f1ed0b5a8b5371a47939df4dcfebfde5c3414d544ae2beaff244c77f8f973f68c659e7aa810e5950329e3836d37a7cb1134c7d68ba8853521e466bf1c23ca2ea51137f0431062e71b9c4a40d67c219538633774596926d61a574d2ca1a1e5848f4b8f3a1bd15ded578a6730030c8ff7422949090a0ce883daa26df3190753ee5b1a25d011ed3ed3730198df728662f13a303e0f69fe1e0aa099b6c95f353a3a7a79fc156d32100d0301f6afffebc72636e06bdf578c0e6c87be053958904567b76af14720ab6a14d6373173c1049695,gx-no-cache=1471612995465 HTTP/1.1" 200 29
191.112.108.80 - - [19/Aug/2016:10:21:59 -0300] "POST /cormun/servlet/solicitudot?gx-no-cache=1471612995545 HTTP/1.1" 200 1143
191.112.108.80 - - [19/Aug/2016:10:22:19 -0300] "GET /cormun/servlet/solicitudot?6f1ed0b5a8b5371a47939df4dcfebfdea3c2b97ed7ba606e8c521a535e92a25f339b5a390a9613c21aedb88c2aecb48f6c365c89e77320f094cf1ce93327053e03a9624d2a620fcbfda775992266349b8a4851ab42d84833acd8aa7a2891f1b6206d6a40a15983500731e9ee7053fe488b05d9e05ec6e3d7063aa6fc832338d0f393a6e6bc3489bfb68e8549ea90c6ccdb38ff349c2cba39dd91f8136a51aa9c5b4135dec3910df76aaade3b83a8010c,gx-no-cache=1471613015008 HTTP/1.1" 200 30
191.112.108.80 - - [19/Aug/2016:10:22:33 -0300] "POST /cormun/servlet/solicitudot?b9a4c3c3eec7fb0523160c6edb2a781a,INS,0,0,,gx-no-cache=1471613028829 HTTP/1.1" 200 93
191.112.108.80 - - [19/Aug/2016:10:22:33 -0300] "GET /cormun/servlet/hpexe_return? HTTP/1.1" 200 1014
191.112.108.80 - - [19/Aug/2016:10:22:34 -0300] "GET /cormun/servlet/trsolicitudot HTTP/1.1" 200 12406
191.112.108.80 - - [19/Aug/2016:10:22:37 -0300] "GET /cormun/servlet/trsolicitudot HTTP/1.1" 200 12401
186.103.159.44 - - [19/Aug/2016:10:23:27 -0300] "POST /cormun/servlet/solicitudot?gx-no-cache=1471613078245 HTTP/1.1" 200 30
186.103.159.44 - - [19/Aug/2016:10:23:30 -0300] "POST /cormun/servlet/solicitudot?gx-no-cache=1471613081423 HTTP/1.1" 200 1187
186.103.159.44 - - [19/Aug/2016:10:23:31 -0300] "GET /cormun/servlet/solicitudot?1a3be55e01eb7b64c78111bd58e6ef96ac9c6f0baa1053322bb8c6365bf7c86befc38da1a5174b6d6aafbd7c2d5d68a26144110a4085af2a1b708c87830e4c607553c68828ed0fe8b328d44c4cbf02f925a1d932eae68ec9b988c459dafd634fdcff0894fe614ae2de94e137070d0a72e51c955216a2b695a1e2fbccd62e364d2a6fe798453473c47d3731d23c23c3b2b893eda761d9fbfad40515721f39390c,gx-no-cache=1471613081514 HTTP/1.1" 200 41
186.103.159.44 - - [19/Aug/2016:10:23:31 -0300] "POST /cormun/servlet/solicitudot?gx-no-cache=1471613081604 HTTP/1.1" 200 1144
186.103.159.44 - - [19/Aug/2016:10:23:31 -0300] "GET /cormun/servlet/solicitudot?1a3be55e01eb7b64c78111bd58e6ef96a2d18311c530da929819897317f79bf9a88ae809244931f448ad9b6dce2126d8b2f724f4af61815166d8db46db93e79b0cd7e5dbc5ac363b473b90a02fa2ef9b059b0fe493f418e3449a62d3009c4540a7a1fe4e41217462cd4375777d360709d969e8ef36e3ae41d929f306f9b19654400388c805ebe1755a09a41f3b551fe6328d767968638433db1aa0cd29e1c2c79deb0e84ddeb2893c6932f3850a67493,gx-no-cache=1471613081676 HTTP/1.1" 200 30
186.103.159.44 - - [19/Aug/2016:10:23:31 -0300] "POST /cormun/servlet/solicitudot?62bb7462fa34cbc6bc77ed9efcf97e96,INS,0,0,,gx-no-cache=1471613081742 HTTP/1.1" 200 93
186.103.159.44 - - [19/Aug/2016:10:23:31 -0300] "GET /cormun/servlet/hpexe_return? HTTP/1.1" 200 1000
186.103.159.44 - - [19/Aug/2016:10:23:31 -0300] "GET /cormun/static/Resources/Spanish/PXTools.css?12112540 HTTP/1.1" 304 -
186.103.159.44 - - [19/Aug/2016:10:23:31 -0300] "GET /cormun/static/gxcfg.js?2015111312145050 HTTP/1.1" 304 -
186.103.159.44 - - [19/Aug/2016:10:23:32 -0300] "GET /cormun/static/hpexe_return.js?2015111312145056 HTTP/1.1" 304 -
186.103.159.44 - - [19/Aug/2016:10:23:32 -0300] "GET /cormun/servlet/trsolicitudot HTTP/1.1" 200 7778
186.103.159.44 - - [19/Aug/2016:10:23:38 -0300] "GET /cormun/servlet/solicitudot?INS,0,0, HTTP/1.1" 200 11982
191.112.108.80 - - [19/Aug/2016:10:24:54 -0300] "POST /cormun/servlet/trsolicitudot?b9a4c3c3eec7fb0523160c6edb2a781a,gx-no-cache=1471613169204 HTTP/1.1" 200 9848
191.112.108.80 - - [19/Aug/2016:10:24:56 -0300] "POST /cormun/servlet/trsolicitudot?b9a4c3c3eec7fb0523160c6edb2a781a,gx-no-cache=1471613171394 HTTP/1.1" 200 9786
191.112.108.80 - - [19/Aug/2016:10:25:03 -0300] "POST /cormun/servlet/trsolicitudot?b9a4c3c3eec7fb0523160c6edb2a781a,gx-no-cache=1471613177973 HTTP/1.1" 200 9644
191.112.108.80 - - [19/Aug/2016:10:25:05 -0300] "POST /cormun/servlet/trsolicitudot?b9a4c3c3eec7fb0523160c6edb2a781a,gx-no-cache=1471613180199 HTTP/1.1" 200 9581
191.112.108.80 - - [19/Aug/2016:10:25:09 -0300] "POST /cormun/servlet/trsolicitudot?b9a4c3c3eec7fb0523160c6edb2a781a,gx-no-cache=1471613184592 HTTP/1.1" 200 9430
191.112.108.80 - - [19/Aug/2016:10:25:11 -0300] "POST /cormun/servlet/trsolicitudot?b9a4c3c3eec7fb0523160c6edb2a781a,gx-no-cache=1471613186795 HTTP/1.1" 200 9369
191.112.108.80 - - [19/Aug/2016:10:25:16 -0300] "POST /cormun/servlet/trsolicitudot?b9a4c3c3eec7fb0523160c6edb2a781a,gx-no-cache=1471613190999 HTTP/1.1" 200 9209
191.112.108.80 - - [19/Aug/2016:10:25:18 -0300] "POST /cormun/servlet/trsolicitudot?b9a4c3c3eec7fb0523160c6edb2a781a,gx-no-cache=1471613193605 HTTP/1.1" 200 9146
191.112.108.80 - - [19/Aug/2016:10:25:24 -0300] "POST /cormun/servlet/trsolicitudot?b9a4c3c3eec7fb0523160c6edb2a781a,gx-no-cache=1471613199286 HTTP/1.1" 200 8896
191.112.108.80 - - [19/Aug/2016:10:25:26 -0300] "POST /cormun/servlet/trsolicitudot?b9a4c3c3eec7fb0523160c6edb2a781a,gx-no-cache=1471613201972 HTTP/1.1" 200 8834
191.112.108.80 - - [19/Aug/2016:10:25:30 -0300] "POST /cormun/servlet/trsolicitudot?b9a4c3c3eec7fb0523160c6edb2a781a,gx-no-cache=1471613205577 HTTP/1.1" 200 8680
191.112.108.80 - - [19/Aug/2016:10:25:33 -0300] "POST /cormun/servlet/trsolicitudot?b9a4c3c3eec7fb0523160c6edb2a781a,gx-no-cache=1471613208426 HTTP/1.1" 200 8617
191.112.108.80 - - [19/Aug/2016:10:25:38 -0300] "POST /cormun/servlet/trsolicitudot?b9a4c3c3eec7fb0523160c6edb2a781a,gx-no-cache=1471613213625 HTTP/1.1" 200 8469
191.112.108.80 - - [19/Aug/2016:10:25:41 -0300] "POST /cormun/servlet/trsolicitudot?b9a4c3c3eec7fb0523160c6edb2a781a,gx-no-cache=1471613216451 HTTP/1.1" 200 8406
191.112.108.80 - - [19/Aug/2016:10:25:45 -0300] "POST /cormun/servlet/trsolicitudot?b9a4c3c3eec7fb0523160c6edb2a781a,gx-no-cache=1471613220012 HTTP/1.1" 200 8090
186.103.159.189 - - [19/Aug/2016:10:25:47 -0300] "GET /cormun/servlet/hlogin HTTP/1.1" 200 1719
191.112.108.80 - - [19/Aug/2016:10:25:47 -0300] "POST /cormun/servlet/trsolicitudot?b9a4c3c3eec7fb0523160c6edb2a781a,gx-no-cache=1471613222922 HTTP/1.1" 200 8030
186.103.159.189 - - [19/Aug/2016:10:25:47 -0300] "GET /cormun/static/Resources/PXToolsButtonLeft21.png HTTP/1.1" 304 -
186.103.159.189 - - [19/Aug/2016:10:25:47 -0300] "GET /cormun/static/Resources/PXToolsButtonRight21.png HTTP/1.1" 304 -
186.103.159.189 - - [19/Aug/2016:10:25:47 -0300] "GET /cormun/static/Resources/PXToolsButtonBackground2.png HTTP/1.1" 304 -
186.103.159.189 - - [19/Aug/2016:10:25:49 -0300] "POST /cormun/servlet/hlogin?bfe0c57c65bfdd0e06a1db9ab62cd288,gx-no-cache=1471613307176 HTTP/1.1" 200 90
186.103.159.189 - - [19/Aug/2016:10:25:49 -0300] "GET /cormun/servlet/hpexe_link HTTP/1.1" 200 945
186.103.159.189 - - [19/Aug/2016:10:25:49 -0300] "GET /cormun/servlet/hhome HTTP/1.1" 200 3683
186.103.159.189 - - [19/Aug/2016:10:25:50 -0300] "GET /cormun/servlet/hhome HTTP/1.1" 200 3679
191.112.108.80 - - [19/Aug/2016:10:25:52 -0300] "POST /cormun/servlet/trsolicitudot?b9a4c3c3eec7fb0523160c6edb2a781a,gx-no-cache=1471613227240 HTTP/1.1" 200 7858
191.112.108.80 - - [19/Aug/2016:10:25:55 -0300] "POST /cormun/servlet/trsolicitudot?b9a4c3c3eec7fb0523160c6edb2a781a,gx-no-cache=1471613230773 HTTP/1.1" 200 7798
186.103.159.189 - - [19/Aug/2016:10:25:57 -0300] "GET /cormun/servlet/trautorizarsolicitud? HTTP/1.1" 200 8439
186.103.159.189 - - [19/Aug/2016:10:25:57 -0300] "GET /cormun/static/calendar-system.css?75620 HTTP/1.1" 200 5572
186.103.159.189 - - [19/Aug/2016:10:25:57 -0300] "GET /cormun/static/gxui/gxui-all.css?110300 HTTP/1.1" 200 2179
186.103.159.189 - - [19/Aug/2016:10:25:57 -0300] "GET /cormun/static/gxcfg.js?201651622221839 HTTP/1.1" 200 953
186.103.159.189 - - [19/Aug/2016:10:25:57 -0300] "GET /cormun/static/calendar.js?85251 HTTP/1.1" 304 -
186.103.159.189 - - [19/Aug/2016:10:25:57 -0300] "GET /cormun/static/calendar-setup.js?85251 HTTP/1.1" 304 -
186.103.159.189 - - [19/Aug/2016:10:25:57 -0300] "GET /cormun/static/calendar-es.js?85251 HTTP/1.1" 304 -
186.103.159.189 - - [19/Aug/2016:10:25:57 -0300] "GET /cormun/static/Resources/Spanish/PXTools.css?22123174 HTTP/1.1" 200 89042
186.103.159.189 - - [19/Aug/2016:10:25:57 -0300] "GET /cormun/static/gxdec.js?85251 HTTP/1.1" 304 -
186.103.159.189 - - [19/Aug/2016:10:25:57 -0300] "GET /cormun/static/Shared/ext/resources/css/ext-all.css?205870 HTTP/1.1" 200 416045
186.103.159.189 - - [19/Aug/2016:10:25:57 -0300] "GET /cormun/static/trautorizarsolicitud.js?201651622222430 HTTP/1.1" 304 -
186.103.159.189 - - [19/Aug/2016:10:25:58 -0300] "GET /cormun//static/Resources/PXToolsActionView.png HTTP/1.1" 200 2995
186.103.159.189 - - [19/Aug/2016:10:25:58 -0300] "GET /cormun//static/Resources/PXToolsRemoveAllAction.png HTTP/1.1" 200 3558
186.103.159.189 - - [19/Aug/2016:10:25:58 -0300] "GET /cormun//static/Resources/PXToolsGridUpdate.png HTTP/1.1" 200 2984
186.103.159.189 - - [19/Aug/2016:10:25:58 -0300] "GET /cormun//static/Resources/PXToolsGridDelete.png HTTP/1.1" 200 357
186.103.159.189 - - [19/Aug/2016:10:25:58 -0300] "GET /cormun/servlet/trautorizarsolicitud? HTTP/1.1" 200 8437
186.103.159.189 - - [19/Aug/2016:10:25:58 -0300] "GET /cormun//static/Resources/PXTools/ActionInsert.png HTTP/1.1" 200 1482
191.112.108.80 - - [19/Aug/2016:10:25:59 -0300] "POST /cormun/servlet/trsolicitudot?b9a4c3c3eec7fb0523160c6edb2a781a,gx-no-cache=1471613234516 HTTP/1.1" 200 7581
191.112.108.80 - - [19/Aug/2016:10:26:02 -0300] "POST /cormun/servlet/trsolicitudot?b9a4c3c3eec7fb0523160c6edb2a781a,gx-no-cache=1471613237405 HTTP/1.1" 200 7522
186.103.159.189 - - [19/Aug/2016:10:26:02 -0300] "POST /cormun/servlet/trautorizarsolicitud?bfe0c57c65bfdd0e06a1db9ab62cd288,,gx-no-cache=1471613319809 HTTP/1.1" 200 5537
186.103.159.189 - - [19/Aug/2016:10:26:02 -0300] "GET /cormun/static/Shared/jqueryui/images/ui-bg_highlight-soft_100_c6c2c8_1x100.png HTTP/1.1" 404 1117
186.103.159.189 - - [19/Aug/2016:10:26:02 -0300] "GET /cormun/static/Shared/jqueryui/images/ui-icons_8d78a5_256x240.png HTTP/1.1" 404 1089
186.103.159.189 - - [19/Aug/2016:10:26:02 -0300] "POST /cormun/servlet/trautorizarsolicitud?bfe0c57c65bfdd0e06a1db9ab62cd288,,gx-no-cache=1471613320177 HTTP/1.1" 200 5480
186.103.159.189 - - [19/Aug/2016:10:26:02 -0300] "GET /cormun/static/Shared/jqueryui/images/ui-icons_82798d_256x240.png HTTP/1.1" 404 1089
186.103.159.189 - - [19/Aug/2016:10:26:02 -0300] "GET /cormun/static/Shared/jqueryui/images/ui-bg_flat_55_fafafa_40x100.png HTTP/1.1" 404 1097
186.103.159.189 - - [19/Aug/2016:10:26:04 -0300] "POST /cormun/servlet/trautorizarsolicitud?bfe0c57c65bfdd0e06a1db9ab62cd288,,gx-no-cache=1471613321859 HTTP/1.1" 200 5183
186.103.159.189 - - [19/Aug/2016:10:26:04 -0300] "POST /cormun/servlet/trautorizarsolicitud?bfe0c57c65bfdd0e06a1db9ab62cd288,,gx-no-cache=1471613322477 HTTP/1.1" 200 5127
191.112.108.80 - - [19/Aug/2016:10:26:06 -0300] "POST /cormun/servlet/trsolicitudot?b9a4c3c3eec7fb0523160c6edb2a781a,gx-no-cache=1471613241215 HTTP/1.1" 200 7339
186.103.159.189 - - [19/Aug/2016:10:26:07 -0300] "POST /cormun/servlet/trautorizarsolicitud?bfe0c57c65bfdd0e06a1db9ab62cd288,,gx-no-cache=1471613325309 HTTP/1.1" 200 3934
186.103.159.189 - - [19/Aug/2016:10:26:08 -0300] "POST /cormun/servlet/trautorizarsolicitud?bfe0c57c65bfdd0e06a1db9ab62cd288,,gx-no-cache=1471613325505 HTTP/1.1" 200 3776
191.112.108.80 - - [19/Aug/2016:10:26:08 -0300] "POST /cormun/servlet/trsolicitudot?b9a4c3c3eec7fb0523160c6edb2a781a,gx-no-cache=1471613244001 HTTP/1.1" 200 7277
191.112.108.80 - - [19/Aug/2016:10:26:17 -0300] "POST /cormun/servlet/trsolicitudot?b9a4c3c3eec7fb0523160c6edb2a781a,gx-no-cache=1471613253107 HTTP/1.1" 200 7105
191.112.108.80 - - [19/Aug/2016:10:26:20 -0300] "POST /cormun/servlet/trsolicitudot?b9a4c3c3eec7fb0523160c6edb2a781a,gx-no-cache=1471613255825 HTTP/1.1" 200 7046
191.112.108.80 - - [19/Aug/2016:10:26:26 -0300] "POST /cormun/servlet/trsolicitudot?b9a4c3c3eec7fb0523160c6edb2a781a,gx-no-cache=1471613261473 HTTP/1.1" 200 6843
191.112.108.80 - - [19/Aug/2016:10:26:28 -0300] "POST /cormun/servlet/trsolicitudot?b9a4c3c3eec7fb0523160c6edb2a781a,gx-no-cache=1471613264078 HTTP/1.1" 200 6783
191.112.108.80 - - [19/Aug/2016:10:26:32 -0300] "POST /cormun/servlet/trsolicitudot?b9a4c3c3eec7fb0523160c6edb2a781a,gx-no-cache=1471613267643 HTTP/1.1" 200 6617
191.112.108.80 - - [19/Aug/2016:10:26:34 -0300] "POST /cormun/servlet/trsolicitudot?b9a4c3c3eec7fb0523160c6edb2a781a,gx-no-cache=1471613270103 HTTP/1.1" 200 6556
191.112.108.80 - - [19/Aug/2016:10:26:39 -0300] "POST /cormun/servlet/trsolicitudot?b9a4c3c3eec7fb0523160c6edb2a781a,gx-no-cache=1471613275071 HTTP/1.1" 200 6377
191.112.108.80 - - [19/Aug/2016:10:26:41 -0300] "POST /cormun/servlet/trsolicitudot?b9a4c3c3eec7fb0523160c6edb2a781a,gx-no-cache=1471613277292 HTTP/1.1" 200 6317
191.112.108.80 - - [19/Aug/2016:10:26:45 -0300] "POST /cormun/servlet/trsolicitudot?b9a4c3c3eec7fb0523160c6edb2a781a,gx-no-cache=1471613280377 HTTP/1.1" 200 6149
191.112.108.80 - - [19/Aug/2016:10:26:47 -0300] "POST /cormun/servlet/trsolicitudot?b9a4c3c3eec7fb0523160c6edb2a781a,gx-no-cache=1471613282465 HTTP/1.1" 200 6089
191.112.108.80 - - [19/Aug/2016:10:26:50 -0300] "POST /cormun/servlet/trsolicitudot?b9a4c3c3eec7fb0523160c6edb2a781a,gx-no-cache=1471613285446 HTTP/1.1" 200 5896
191.112.108.80 - - [19/Aug/2016:10:26:51 -0300] "POST /cormun/servlet/trsolicitudot?b9a4c3c3eec7fb0523160c6edb2a781a,gx-no-cache=1471613287051 HTTP/1.1" 200 5837
191.112.108.80 - - [19/Aug/2016:10:26:55 -0300] "POST /cormun/servlet/trsolicitudot?b9a4c3c3eec7fb0523160c6edb2a781a,gx-no-cache=1471613290959 HTTP/1.1" 200 5570
191.112.108.80 - - [19/Aug/2016:10:26:57 -0300] "POST /cormun/servlet/trsolicitudot?b9a4c3c3eec7fb0523160c6edb2a781a,gx-no-cache=1471613292513 HTTP/1.1" 200 5510
191.112.108.80 - - [19/Aug/2016:10:27:00 -0300] "POST /cormun/servlet/trsolicitudot?b9a4c3c3eec7fb0523160c6edb2a781a,gx-no-cache=1471613295704 HTTP/1.1" 200 5192
191.112.108.80 - - [19/Aug/2016:10:27:01 -0300] "POST /cormun/servlet/trsolicitudot?b9a4c3c3eec7fb0523160c6edb2a781a,gx-no-cache=1471613296882 HTTP/1.1" 200 5136
191.112.108.80 - - [19/Aug/2016:10:27:04 -0300] "POST /cormun/servlet/trsolicitudot?b9a4c3c3eec7fb0523160c6edb2a781a,gx-no-cache=1471613299469 HTTP/1.1" 200 3922
191.112.108.80 - - [19/Aug/2016:10:27:05 -0300] "POST /cormun/servlet/trsolicitudot?b9a4c3c3eec7fb0523160c6edb2a781a,gx-no-cache=1471613300490 HTTP/1.1" 200 3760
191.112.108.80 - - [19/Aug/2016:10:27:30 -0300] "GET /cormun/servlet/hlogin HTTP/1.1" 200 1727
191.112.108.80 - - [19/Aug/2016:10:28:09 -0300] "POST /cormun/servlet/hlogin?f7693be51cc61ad7ba1157e445b45c09,gx-no-cache=1471613364743 HTTP/1.1" 200 90
191.112.108.80 - - [19/Aug/2016:10:28:09 -0300] "GET /cormun/servlet/hpexe_link HTTP/1.1" 200 954
191.112.108.80 - - [19/Aug/2016:10:28:09 -0300] "GET /cormun/servlet/hhome HTTP/1.1" 200 3690
191.112.108.80 - - [19/Aug/2016:10:28:12 -0300] "GET /cormun/servlet/hhome HTTP/1.1" 200 3686
191.112.108.80 - - [19/Aug/2016:10:28:36 -0300] "GET /cormun/servlet/trautorizarsolicitud? HTTP/1.1" 200 12434
191.112.108.80 - - [19/Aug/2016:10:28:36 -0300] "GET /cormun/static/gxcfg.js?201651622221839 HTTP/1.1" 304 -
191.112.108.80 - - [19/Aug/2016:10:28:38 -0300] "GET /cormun/servlet/trautorizarsolicitud? HTTP/1.1" 200 12432
186.103.159.44 - - [19/Aug/2016:10:28:42 -0300] "POST /cormun/servlet/solicitudot?gx-no-cache=1471613392821 HTTP/1.1" 200 3003
186.103.159.44 - - [19/Aug/2016:10:28:43 -0300] "POST /cormun/servlet/solicitudot?62bb7462fa34cbc6bc77ed9efcf97e96,INS,0,0,,gx-no-cache=1471613393394 HTTP/1.1" 200 9101
186.103.159.44 - - [19/Aug/2016:10:28:54 -0300] "GET /cormun/servlet/solicitudot?1a3be55e01eb7b64c78111bd58e6ef9607cc5bd3980c1af6a45e9cc1886e34001e11947eff51b39dd593cfa7ee8d368e,gx-no-cache=1471613405123 HTTP/1.1" 200 30
186.103.159.44 - - [19/Aug/2016:10:28:54 -0300] "POST /cormun/servlet/solicitudot?gx-no-cache=1471613405254 HTTP/1.1" 200 30
186.103.159.44 - - [19/Aug/2016:10:28:57 -0300] "POST /cormun/servlet/solicitudot?gx-no-cache=1471613408167 HTTP/1.1" 200 30
186.103.159.44 - - [19/Aug/2016:10:29:20 -0300] "POST /cormun/servlet/solicitudot?gx-no-cache=1471613430586 HTTP/1.1" 200 1187
186.103.159.44 - - [19/Aug/2016:10:29:20 -0300] "GET /cormun/servlet/solicitudot?1a3be55e01eb7b64c78111bd58e6ef96ac9c6f0baa1053322bb8c6365bf7c86befc38da1a5174b6d6aafbd7c2d5d68a26144110a4085af2a1b708c87830e4c607553c68828ed0fe8b328d44c4cbf02f925a1d932eae68ec9b988c459dafd634fdcff0894fe614ae2de94e137070d0a72e51c955216a2b695a1e2fbccd62e364d8a52d6c036412558ec4d05a2943634ea,gx-no-cache=1471613430855 HTTP/1.1" 200 38
186.103.159.44 - - [19/Aug/2016:10:30:13 -0300] "GET /cormun/servlet/solicitudot?1a3be55e01eb7b64c78111bd58e6ef96dcc8f65519ad9296f33a3e7e7267e07b0e8b8950e9df72f39fd5b65ea2bf07861803fa7b674aa515256b02ed36f33fa68b5cc169b38bdb568780777c171757c3d388763f18253e8afa9c76fc8139a507ab93b97b6a6f1bccd5ee252d297549b4c34a465dcbd27682545a7148f3a2bf0ed607717a4b784283e73f02d70134b8887759e34a0ef98b64e02f33e841e4e23c,gx-no-cache=1471613484262 HTTP/1.1" 200 29
186.103.159.44 - - [19/Aug/2016:10:30:14 -0300] "POST /cormun/servlet/solicitudot?gx-no-cache=1471613484352 HTTP/1.1" 200 1143
186.103.159.44 - - [19/Aug/2016:10:30:14 -0300] "GET /cormun/static/menuarrow.gif HTTP/1.1" 404 1015
192.168.10.17 - - [19/Aug/2016:10:30:18 -0300] "GET /cormun/servlet/vesolicitudnombre?2016,2434,,SolicitudOTAdjuntos HTTP/1.1" 200 9898
192.168.10.17 - - [19/Aug/2016:10:30:18 -0300] "GET /cormun/pexe_scrolldiv.js HTTP/1.1" 404 1009
192.168.10.17 - - [19/Aug/2016:10:30:20 -0300] "GET /cormun/servlet/vesolicitudnombre?2016,2434,,SolicitudOTAdjuntos HTTP/1.1" 200 9897
192.168.10.17 - - [19/Aug/2016:10:30:20 -0300] "GET /cormun/pexe_scrolldiv.js HTTP/1.1" 404 1009
192.168.10.17 - - [19/Aug/2016:10:30:21 -0300] "POST /cormun/servlet/acontrolpreferencessavestate?None,CDROGUETT,true HTTP/1.1" 200 35
192.168.10.17 - - [19/Aug/2016:10:30:23 -0300] "GET /cormun/servlet/trconsultaempleado? HTTP/1.1" 200 6563
191.112.108.80 - - [19/Aug/2016:10:30:25 -0300] "POST /cormun/servlet/trautorizarsolicitud?f7693be51cc61ad7ba1157e445b45c09,,gx-no-cache=1471613499834 HTTP/1.1" 200 9854
191.112.108.80 - - [19/Aug/2016:10:30:26 -0300] "GET /cormun/static/Shared/jqueryui/images/ui-bg_highlight-soft_100_c6c2c8_1x100.png HTTP/1.1" 404 1117
191.112.108.80 - - [19/Aug/2016:10:30:26 -0300] "GET /cormun/static/Shared/jqueryui/images/ui-icons_82798d_256x240.png HTTP/1.1" 404 1089
191.112.108.80 - - [19/Aug/2016:10:30:26 -0300] "GET /cormun/static/Shared/jqueryui/images/ui-bg_flat_55_fafafa_40x100.png HTTP/1.1" 404 1097
191.112.108.80 - - [19/Aug/2016:10:30:26 -0300] "GET /cormun/static/Shared/jqueryui/images/ui-icons_8d78a5_256x240.png HTTP/1.1" 404 1089
186.103.159.44 - - [19/Aug/2016:10:30:27 -0300] "GET /cormun/servlet/solicitudot?1a3be55e01eb7b64c78111bd58e6ef96fd4ecbf8e74649abc5ed0115b6d06f7fc485efaf73ef8c1c95bbdfeb6f493888b2f724f4af61815166d8db46db93e79b0cd7e5dbc5ac363b473b90a02fa2ef9b059b0fe493f418e3449a62d3009c4540a7a1fe4e41217462cd4375777d360709d969e8ef36e3ae41d929f306f9b19654400388c805ebe1755a09a41f3b551fe6328d767968638433db1aa0cd29e1c2c79deb0e84ddeb2893c6932f3850a67493,gx-no-cache=1471613497953 HTTP/1.1" 200 30
191.112.108.80 - - [19/Aug/2016:10:30:28 -0300] "POST /cormun/servlet/trautorizarsolicitud?f7693be51cc61ad7ba1157e445b45c09,,gx-no-cache=1471613502908 HTTP/1.1" 200 9794
191.112.108.80 - - [19/Aug/2016:10:30:33 -0300] "POST /cormun/servlet/trautorizarsolicitud?f7693be51cc61ad7ba1157e445b45c09,,gx-no-cache=1471613508448 HTTP/1.1" 200 9548
191.112.108.80 - - [19/Aug/2016:10:30:35 -0300] "POST /cormun/servlet/trautorizarsolicitud?f7693be51cc61ad7ba1157e445b45c09,,gx-no-cache=1471613510718 HTTP/1.1" 200 9488
191.112.108.80 - - [19/Aug/2016:10:30:40 -0300] "POST /cormun/servlet/trautorizarsolicitud?f7693be51cc61ad7ba1157e445b45c09,,gx-no-cache=1471613514991 HTTP/1.1" 200 9340
191.112.108.80 - - [19/Aug/2016:10:30:42 -0300] "POST /cormun/servlet/trautorizarsolicitud?f7693be51cc61ad7ba1157e445b45c09,,gx-no-cache=1471613517324 HTTP/1.1" 200 9282
191.112.108.80 - - [19/Aug/2016:10:30:46 -0300] "POST /cormun/servlet/trautorizarsolicitud?f7693be51cc61ad7ba1157e445b45c09,,gx-no-cache=1471613521484 HTTP/1.1" 200 9134
186.103.159.44 - - [19/Aug/2016:10:30:47 -0300] "POST /cormun/servlet/solicitudot?62bb7462fa34cbc6bc77ed9efcf97e96,INS,0,0,,gx-no-cache=1471613518206 HTTP/1.1" 200 93
186.103.159.44 - - [19/Aug/2016:10:30:47 -0300] "GET /cormun/servlet/hpexe_return? HTTP/1.1" 200 1000
191.112.108.80 - - [19/Aug/2016:10:30:48 -0300] "POST /cormun/servlet/trautorizarsolicitud?f7693be51cc61ad7ba1157e445b45c09,,gx-no-cache=1471613524011 HTTP/1.1" 200 9075
186.103.159.44 - - [19/Aug/2016:10:30:49 -0300] "GET /cormun/servlet/trsolicitudot HTTP/1.1" 200 8124
191.112.108.80 - - [19/Aug/2016:10:30:54 -0300] "POST /cormun/servlet/trautorizarsolicitud?f7693be51cc61ad7ba1157e445b45c09,,gx-no-cache=1471613529184 HTTP/1.1" 200 8908
191.112.108.80 - - [19/Aug/2016:10:30:56 -0300] "POST /cormun/servlet/trautorizarsolicitud?f7693be51cc61ad7ba1157e445b45c09,,gx-no-cache=1471613531760 HTTP/1.1" 200 8850
191.112.108.80 - - [19/Aug/2016:10:31:00 -0300] "POST /cormun/servlet/trautorizarsolicitud?f7693be51cc61ad7ba1157e445b45c09,,gx-no-cache=1471613535661 HTTP/1.1" 200 8690
191.112.108.80 - - [19/Aug/2016:10:31:03 -0300] "POST /cormun/servlet/trautorizarsolicitud?f7693be51cc61ad7ba1157e445b45c09,,gx-no-cache=1471613538267 HTTP/1.1" 200 8632
186.103.159.44 - - [19/Aug/2016:10:31:05 -0300] "GET /cormun/servlet/solicitudot?INS,0,0, HTTP/1.1" 200 11981
192.168.10.17 - - [19/Aug/2016:10:31:07 -0300] "POST /cormun/servlet/trconsultaempleado?738f0b59d5907f9c435223f9d870e6fa,,gx-no-cache=1471616956025 HTTP/1.1" 200 4158
191.112.108.80 - - [19/Aug/2016:10:31:07 -0300] "POST /cormun/servlet/trautorizarsolicitud?f7693be51cc61ad7ba1157e445b45c09,,gx-no-cache=1471613542837 HTTP/1.1" 200 8470
191.112.108.80 - - [19/Aug/2016:10:31:10 -0300] "POST /cormun/servlet/trautorizarsolicitud?f7693be51cc61ad7ba1157e445b45c09,,gx-no-cache=1471613545571 HTTP/1.1" 200 8411
192.168.10.17 - - [19/Aug/2016:10:31:12 -0300] "GET /cormun/servlet/trsolicitudnombre?15125209, HTTP/1.1" 200 7146
191.112.108.80 - - [19/Aug/2016:10:31:15 -0300] "POST /cormun/servlet/trautorizarsolicitud?f7693be51cc61ad7ba1157e445b45c09,,gx-no-cache=1471613550454 HTTP/1.1" 200 8148
191.112.108.80 - - [19/Aug/2016:10:31:18 -0300] "POST /cormun/servlet/trautorizarsolicitud?f7693be51cc61ad7ba1157e445b45c09,,gx-no-cache=1471613553182 HTTP/1.1" 200 8091
186.103.159.44 - - [19/Aug/2016:10:31:18 -0300] "POST /cormun/servlet/solicitudot?gx-no-cache=1471613548632 HTTP/1.1" 200 2892
186.103.159.44 - - [19/Aug/2016:10:31:18 -0300] "POST /cormun/servlet/solicitudot?62bb7462fa34cbc6bc77ed9efcf97e96,INS,0,0,,gx-no-cache=1471613549103 HTTP/1.1" 200 8964
191.112.108.80 - - [19/Aug/2016:10:31:21 -0300] "POST /cormun/servlet/trautorizarsolicitud?f7693be51cc61ad7ba1157e445b45c09,,gx-no-cache=1471613556628 HTTP/1.1" 200 7869
191.112.108.80 - - [19/Aug/2016:10:31:24 -0300] "POST /cormun/servlet/trautorizarsolicitud?f7693be51cc61ad7ba1157e445b45c09,,gx-no-cache=1471613559363 HTTP/1.1" 200 7812
186.103.159.44 - - [19/Aug/2016:10:31:27 -0300] "GET /cormun/servlet/prfichaempleado?,MD,,gxPopupLevel%3D0%3B HTTP/1.1" 200 8556
186.103.159.44 - - [19/Aug/2016:10:31:27 -0300] "GET /cormun/static/Resources/Spanish/PXTools.css?22123174 HTTP/1.1" 304 -
191.112.108.80 - - [19/Aug/2016:10:31:28 -0300] "POST /cormun/servlet/trautorizarsolicitud?f7693be51cc61ad7ba1157e445b45c09,,gx-no-cache=1471613564006 HTTP/1.1" 200 7634
192.168.10.17 - - [19/Aug/2016:10:31:30 -0300] "GET /cormun/servlet/vesolicitudnombre?2016,2469,, HTTP/1.1" 200 8364
192.168.10.17 - - [19/Aug/2016:10:31:30 -0300] "GET /cormun/pexe_scrolldiv.js HTTP/1.1" 404 1009
191.112.108.80 - - [19/Aug/2016:10:31:31 -0300] "POST /cormun/servlet/trautorizarsolicitud?f7693be51cc61ad7ba1157e445b45c09,,gx-no-cache=1471613566796 HTTP/1.1" 200 7564
192.168.10.17 - - [19/Aug/2016:10:31:34 -0300] "GET /cormun/servlet/vesolicitudnombre?2016,2469,,SolicitudOTAdjuntos HTTP/1.1" 200 9912
192.168.10.17 - - [19/Aug/2016:10:31:34 -0300] "GET /cormun/pexe_scrolldiv.js HTTP/1.1" 404 1009
191.112.108.80 - - [19/Aug/2016:10:31:35 -0300] "POST /cormun/servlet/trautorizarsolicitud?f7693be51cc61ad7ba1157e445b45c09,,gx-no-cache=1471613570906 HTTP/1.1" 200 7342
192.168.10.17 - - [19/Aug/2016:10:31:36 -0300] "POST /cormun/servlet/acontrolpreferencessavestate?None,CDROGUETT,true HTTP/1.1" 200 35
191.112.108.80 - - [19/Aug/2016:10:31:38 -0300] "POST /cormun/servlet/trautorizarsolicitud?f7693be51cc61ad7ba1157e445b45c09,,gx-no-cache=1471613573755 HTTP/1.1" 200 7286
192.168.10.17 - - [19/Aug/2016:10:31:38 -0300] "GET /cormun/PublicTempStorage/titulo2146533.jpg HTTP/1.1" 200 882929
186.103.159.44 - - [19/Aug/2016:10:31:42 -0300] "POST /cormun/servlet/solicitudot?gx-no-cache=1471613572519 HTTP/1.1" 200 3003
186.103.159.44 - - [19/Aug/2016:10:31:42 -0300] "POST /cormun/servlet/solicitudot?62bb7462fa34cbc6bc77ed9efcf97e96,INS,0,0,,gx-no-cache=1471613572783 HTTP/1.1" 200 9158
191.112.108.80 - - [19/Aug/2016:10:31:44 -0300] "POST /cormun/servlet/trautorizarsolicitud?f7693be51cc61ad7ba1157e445b45c09,,gx-no-cache=1471613579303 HTTP/1.1" 200 7147
191.112.108.80 - - [19/Aug/2016:10:31:46 -0300] "POST /cormun/servlet/trautorizarsolicitud?f7693be51cc61ad7ba1157e445b45c09,,gx-no-cache=1471613581869 HTTP/1.1" 200 7090
191.112.108.80 - - [19/Aug/2016:10:31:51 -0300] "POST /cormun/servlet/trautorizarsolicitud?f7693be51cc61ad7ba1157e445b45c09,,gx-no-cache=1471613586397 HTTP/1.1" 200 6829
186.103.159.44 - - [19/Aug/2016:10:31:51 -0300] "GET /cormun/servlet/solicitudot?1a3be55e01eb7b64c78111bd58e6ef9607cc5bd3980c1af6a45e9cc1886e34001e11947eff51b39dd593cfa7ee8d368e,gx-no-cache=1471613581818 HTTP/1.1" 200 30
186.103.159.44 - - [19/Aug/2016:10:31:51 -0300] "POST /cormun/servlet/solicitudot?gx-no-cache=1471613581994 HTTP/1.1" 200 30
191.112.108.80 - - [19/Aug/2016:10:31:53 -0300] "POST /cormun/servlet/trautorizarsolicitud?f7693be51cc61ad7ba1157e445b45c09,,gx-no-cache=1471613588873 HTTP/1.1" 200 6771
186.103.159.44 - - [19/Aug/2016:10:31:55 -0300] "POST /cormun/servlet/solicitudot?gx-no-cache=1471613585958 HTTP/1.1" 200 30
191.112.108.80 - - [19/Aug/2016:10:31:59 -0300] "POST /cormun/servlet/trautorizarsolicitud?f7693be51cc61ad7ba1157e445b45c09,,gx-no-cache=1471613595040 HTTP/1.1" 200 6602
191.112.108.80 - - [19/Aug/2016:10:32:02 -0300] "POST /cormun/servlet/trautorizarsolicitud?f7693be51cc61ad7ba1157e445b45c09,,gx-no-cache=1471613597338 HTTP/1.1" 200 6545
191.112.108.80 - - [19/Aug/2016:10:32:06 -0300] "POST /cormun/servlet/trautorizarsolicitud?f7693be51cc61ad7ba1157e445b45c09,,gx-no-cache=1471613601363 HTTP/1.1" 200 6313
186.103.159.44 - - [19/Aug/2016:10:32:08 -0300] "POST /cormun/servlet/solicitudot?gx-no-cache=1471613598732 HTTP/1.1" 200 1187
191.112.108.80 - - [19/Aug/2016:10:32:08 -0300] "POST /cormun/servlet/trautorizarsolicitud?f7693be51cc61ad7ba1157e445b45c09,,gx-no-cache=1471613603592 HTTP/1.1" 200 6257
186.103.159.44 - - [19/Aug/2016:10:32:08 -0300] "GET /cormun/servlet/solicitudot?1a3be55e01eb7b64c78111bd58e6ef96ac9c6f0baa1053322bb8c6365bf7c86befc38da1a5174b6d6aafbd7c2d5d68a26144110a4085af2a1b708c87830e4c607553c68828ed0fe8b328d44c4cbf02f925a1d932eae68ec9b988c459dafd634fdcff0894fe614ae2de94e137070d0a72e51c955216a2b695a1e2fbccd62e364d8a52d6c036412558ec4d05a2943634ea,gx-no-cache=1471613598956 HTTP/1.1" 200 38
191.112.108.80 - - [19/Aug/2016:10:32:13 -0300] "POST /cormun/servlet/trautorizarsolicitud?f7693be51cc61ad7ba1157e445b45c09,,gx-no-cache=1471613608861 HTTP/1.1" 200 6073
191.112.108.80 - - [19/Aug/2016:10:32:15 -0300] "POST /cormun/servlet/trautorizarsolicitud?f7693be51cc61ad7ba1157e445b45c09,,gx-no-cache=1471613610902 HTTP/1.1" 200 6017
191.112.108.80 - - [19/Aug/2016:10:32:20 -0300] "POST /cormun/servlet/trautorizarsolicitud?f7693be51cc61ad7ba1157e445b45c09,,gx-no-cache=1471613616016 HTTP/1.1" 200 5817
191.112.108.80 - - [19/Aug/2016:10:32:22 -0300] "POST /cormun/servlet/trautorizarsolicitud?f7693be51cc61ad7ba1157e445b45c09,,gx-no-cache=1471613617717 HTTP/1.1" 200 5764
191.112.108.80 - - [19/Aug/2016:10:32:39 -0300] "POST /cormun/servlet/trautorizarsolicitud?f7693be51cc61ad7ba1157e445b45c09,,gx-no-cache=1471613634723 HTTP/1.1" 200 5577
191.112.108.80 - - [19/Aug/2016:10:32:41 -0300] "POST /cormun/servlet/trautorizarsolicitud?f7693be51cc61ad7ba1157e445b45c09,,gx-no-cache=1471613636742 HTTP/1.1" 200 5521
191.112.108.80 - - [19/Aug/2016:10:32:46 -0300] "POST /cormun/servlet/trautorizarsolicitud?f7693be51cc61ad7ba1157e445b45c09,,gx-no-cache=1471613641952 HTTP/1.1" 200 5216
191.112.108.80 - - [19/Aug/2016:10:32:47 -0300] "POST /cormun/servlet/trautorizarsolicitud?f7693be51cc61ad7ba1157e445b45c09,,gx-no-cache=1471613643295 HTTP/1.1" 200 5160
186.103.159.44 - - [19/Aug/2016:10:32:49 -0300] "GET /cormun/servlet/solicitudot?1a3be55e01eb7b64c78111bd58e6ef96dcc8f65519ad9296f33a3e7e7267e07b0e8b8950e9df72f39fd5b65ea2bf07860324a8a93bdad730ac8fa63a86cdfa078b5cc169b38bdb568780777c171757c3d388763f18253e8afa9c76fc8139a507ab93b97b6a6f1bccd5ee252d297549b4c34a465dcbd27682545a7148f3a2bf0ed607717a4b784283e73f02d70134b8887759e34a0ef98b64e02f33e841e4e23c,gx-no-cache=1471613639661 HTTP/1.1" 200 29
186.103.159.44 - - [19/Aug/2016:10:32:49 -0300] "POST /cormun/servlet/solicitudot?gx-no-cache=1471613639761 HTTP/1.1" 200 1143
186.103.159.44 - - [19/Aug/2016:10:32:49 -0300] "GET /cormun/static/menuarrow.gif HTTP/1.1" 404 1015
191.112.108.80 - - [19/Aug/2016:10:32:52 -0300] "POST /cormun/servlet/trautorizarsolicitud?f7693be51cc61ad7ba1157e445b45c09,,gx-no-cache=1471613647867 HTTP/1.1" 200 3951
191.112.108.80 - - [19/Aug/2016:10:32:53 -0300] "POST /cormun/servlet/trautorizarsolicitud?f7693be51cc61ad7ba1157e445b45c09,,gx-no-cache=1471613648958 HTTP/1.1" 200 3786
186.103.159.44 - - [19/Aug/2016:10:33:04 -0300] "GET /cormun/servlet/solicitudot?1a3be55e01eb7b64c78111bd58e6ef96fd4ecbf8e74649abc5ed0115b6d06f7f19d4b52c5ef849e6da7c70393d192d65b2f724f4af61815166d8db46db93e79b0cd7e5dbc5ac363b473b90a02fa2ef9b059b0fe493f418e3449a62d3009c4540a7a1fe4e41217462cd4375777d360709d969e8ef36e3ae41d929f306f9b19654400388c805ebe1755a09a41f3b551fe6328d767968638433db1aa0cd29e1c2c79deb0e84ddeb2893c6932f3850a67493,gx-no-cache=1471613654780 HTTP/1.1" 200 30
186.103.159.44 - - [19/Aug/2016:10:33:15 -0300] "POST /cormun/servlet/solicitudot?62bb7462fa34cbc6bc77ed9efcf97e96,INS,0,0,,gx-no-cache=1471613666067 HTTP/1.1" 200 93
186.103.159.44 - - [19/Aug/2016:10:33:15 -0300] "GET /cormun/servlet/hpexe_return? HTTP/1.1" 200 1000
186.103.159.44 - - [19/Aug/2016:10:33:16 -0300] "GET /cormun/servlet/trsolicitudot HTTP/1.1" 200 8398
186.103.159.44 - - [19/Aug/2016:10:33:24 -0300] "GET /cormun/servlet/solicitudot?INS,0,0, HTTP/1.1" 200 11982
186.103.159.44 - - [19/Aug/2016:10:33:43 -0300] "POST /cormun/servlet/solicitudot?gx-no-cache=1471613693629 HTTP/1.1" 200 3003
186.103.159.44 - - [19/Aug/2016:10:33:43 -0300] "POST /cormun/servlet/solicitudot?62bb7462fa34cbc6bc77ed9efcf97e96,INS,0,0,,gx-no-cache=1471613693970 HTTP/1.1" 200 9101
186.103.159.44 - - [19/Aug/2016:10:33:48 -0300] "GET /cormun/servlet/solicitudot?1a3be55e01eb7b64c78111bd58e6ef9607cc5bd3980c1af6a45e9cc1886e34001e11947eff51b39dd593cfa7ee8d368e,gx-no-cache=1471613698872 HTTP/1.1" 200 30
186.103.159.44 - - [19/Aug/2016:10:33:48 -0300] "POST /cormun/servlet/solicitudot?gx-no-cache=1471613698937 HTTP/1.1" 200 30
186.103.159.44 - - [19/Aug/2016:10:33:48 -0300] "POST /cormun/servlet/solicitudot?gx-no-cache=1471613698988 HTTP/1.1" 200 122
186.103.159.44 - - [19/Aug/2016:10:33:48 -0300] "POST /cormun/servlet/solicitudot?gx-no-cache=1471613699152 HTTP/1.1" 200 1187
186.103.159.44 - - [19/Aug/2016:10:33:48 -0300] "GET /cormun/servlet/solicitudot?1a3be55e01eb7b64c78111bd58e6ef96ac9c6f0baa1053322bb8c6365bf7c86befc38da1a5174b6d6aafbd7c2d5d68a26144110a4085af2a1b708c87830e4c607553c68828ed0fe8b328d44c4cbf02f925a1d932eae68ec9b988c459dafd634fdcff0894fe614ae2de94e137070d0a72e51c955216a2b695a1e2fbccd62e364d8a52d6c036412558ec4d05a2943634ea,gx-no-cache=1471613699382 HTTP/1.1" 200 38
186.103.159.44 - - [19/Aug/2016:10:33:48 -0300] "GET /cormun/static/Shared/jqueryui/images/ui-bg_flat_55_fafafa_40x100.png HTTP/1.1" 404 1097
186.103.159.44 - - [19/Aug/2016:10:33:48 -0300] "GET /cormun/static/Shared/jqueryui/images/ui-bg_highlight-soft_100_c6c2c8_1x100.png HTTP/1.1" 404 1117
186.103.159.44 - - [19/Aug/2016:10:33:48 -0300] "GET /cormun/static/Shared/jqueryui/images/ui-icons_82798d_256x240.png HTTP/1.1" 404 1089
186.103.159.44 - - [19/Aug/2016:10:33:48 -0300] "GET /cormun/static/Shared/jqueryui/images/ui-icons_8d78a5_256x240.png HTTP/1.1" 404 1089
186.103.159.44 - - [19/Aug/2016:10:34:40 -0300] "POST /cormun/servlet/solicitudot?gx-no-cache=1471613751400 HTTP/1.1" 200 30
186.103.159.44 - - [19/Aug/2016:10:35:04 -0300] "POST /cormun/servlet/solicitudot?gx-no-cache=1471613774852 HTTP/1.1" 200 1187
186.103.159.44 - - [19/Aug/2016:10:35:04 -0300] "GET /cormun/servlet/solicitudot?1a3be55e01eb7b64c78111bd58e6ef96ac9c6f0baa1053322bb8c6365bf7c86befc38da1a5174b6d6aafbd7c2d5d68a26144110a4085af2a1b708c87830e4c607553c68828ed0fe8b328d44c4cbf02f925a1d932eae68ec9b988c459dafd634fdcff0894fe614ae2de94e137070d0a72e51c955216a2b695a1e2fbccd62e364d8a52d6c036412558ec4d05a2943634ea,gx-no-cache=1471613774987 HTTP/1.1" 200 38
186.103.159.44 - - [19/Aug/2016:10:35:04 -0300] "GET /cormun/servlet/solicitudot?1a3be55e01eb7b64c78111bd58e6ef96dcc8f65519ad9296f33a3e7e7267e07b0e8b8950e9df72f39fd5b65ea2bf07861803fa7b674aa515256b02ed36f33fa68b5cc169b38bdb568780777c171757c3d388763f18253e8afa9c76fc8139a507ab93b97b6a6f1bccd5ee252d297549b4c34a465dcbd27682545a7148f3a2bf0ed607717a4b784283e73f02d70134b8887759e34a0ef98b64e02f33e841e4e23c,gx-no-cache=1471613775030 HTTP/1.1" 200 29
186.103.159.44 - - [19/Aug/2016:10:35:04 -0300] "POST /cormun/servlet/solicitudot?gx-no-cache=1471613775072 HTTP/1.1" 200 1143
186.103.159.44 - - [19/Aug/2016:10:35:04 -0300] "GET /cormun/static/menuarrow.gif HTTP/1.1" 404 1015
186.103.159.44 - - [19/Aug/2016:10:35:05 -0300] "POST /cormun/servlet/solicitudot?gx-no-cache=1471613776403 HTTP/1.1" 200 1187
186.103.159.44 - - [19/Aug/2016:10:35:06 -0300] "GET /cormun/servlet/solicitudot?1a3be55e01eb7b64c78111bd58e6ef96ac9c6f0baa1053322bb8c6365bf7c86befc38da1a5174b6d6aafbd7c2d5d68a26144110a4085af2a1b708c87830e4c607553c68828ed0fe8b328d44c4cbf02f925a1d932eae68ec9b988c459dafd634fdcff0894fe614ae2de94e137070d0a72e51c955216a2b695a1e2fbccd62e364d8a52d6c036412558ec4d05a2943634ea,gx-no-cache=1471613776521 HTTP/1.1" 200 38
186.103.159.44 - - [19/Aug/2016:10:35:06 -0300] "POST /cormun/servlet/solicitudot?gx-no-cache=1471613776589 HTTP/1.1" 200 1143
186.103.159.44 - - [19/Aug/2016:10:35:17 -0300] "GET /cormun/servlet/solicitudot?1a3be55e01eb7b64c78111bd58e6ef96fd4ecbf8e74649abc5ed0115b6d06f7f272dadae0293ffaa6845389d1cc66590b2f724f4af61815166d8db46db93e79b0cd7e5dbc5ac363b473b90a02fa2ef9b059b0fe493f418e3449a62d3009c4540a7a1fe4e41217462cd4375777d360709d969e8ef36e3ae41d929f306f9b19654400388c805ebe1755a09a41f3b551fe6328d767968638433db1aa0cd29e1c2c79deb0e84ddeb2893c6932f3850a67493,gx-no-cache=1471613787489 HTTP/1.1" 200 30
186.103.159.44 - - [19/Aug/2016:10:35:29 -0300] "POST /cormun/servlet/solicitudot?62bb7462fa34cbc6bc77ed9efcf97e96,INS,0,0,,gx-no-cache=1471613800067 HTTP/1.1" 200 93
186.103.159.44 - - [19/Aug/2016:10:35:29 -0300] "GET /cormun/servlet/hpexe_return? HTTP/1.1" 200 1000
186.103.159.44 - - [19/Aug/2016:10:35:30 -0300] "GET /cormun/servlet/trsolicitudot HTTP/1.1" 200 8617
186.103.159.44 - - [19/Aug/2016:10:35:51 -0300] "GET /cormun/servlet/solicitudot?INS,0,0, HTTP/1.1" 200 11982
186.103.159.44 - - [19/Aug/2016:10:36:05 -0300] "POST /cormun/servlet/solicitudot?gx-no-cache=1471613835428 HTTP/1.1" 200 2994
186.103.159.44 - - [19/Aug/2016:10:36:05 -0300] "POST /cormun/servlet/solicitudot?62bb7462fa34cbc6bc77ed9efcf97e96,INS,0,0,,gx-no-cache=1471613835828 HTTP/1.1" 200 9089
186.103.159.44 - - [19/Aug/2016:10:36:09 -0300] "GET /cormun/servlet/solicitudot?1a3be55e01eb7b64c78111bd58e6ef96f9c2e857a197796d99521be2b332687f1e11947eff51b39dd593cfa7ee8d368e,gx-no-cache=1471613840039 HTTP/1.1" 200 30
186.103.159.44 - - [19/Aug/2016:10:36:09 -0300] "POST /cormun/servlet/solicitudot?gx-no-cache=1471613840102 HTTP/1.1" 200 30
186.103.159.44 - - [19/Aug/2016:10:36:11 -0300] "POST /cormun/servlet/solicitudot?gx-no-cache=1471613841765 HTTP/1.1" 200 30
186.103.159.44 - - [19/Aug/2016:10:36:27 -0300] "POST /cormun/servlet/solicitudot?gx-no-cache=1471613857794 HTTP/1.1" 200 1187
186.103.159.44 - - [19/Aug/2016:10:36:27 -0300] "GET /cormun/servlet/solicitudot?1a3be55e01eb7b64c78111bd58e6ef96ac9c6f0baa1053322bb8c6365bf7c86befc38da1a5174b6d6aafbd7c2d5d68a26144110a4085af2a1b708c87830e4c607553c68828ed0fe8b328d44c4cbf02f925a1d932eae68ec9b988c459dafd634fdcff0894fe614ae2de94e137070d0a72e51c955216a2b695a1e2fbccd62e364d8a52d6c036412558ec4d05a2943634ea,gx-no-cache=1471613858068 HTTP/1.1" 200 38
186.103.159.44 - - [19/Aug/2016:10:36:32 -0300] "GET /cormun/servlet/solicitudot?1a3be55e01eb7b64c78111bd58e6ef96dcc8f65519ad9296f33a3e7e7267e07b0e8b8950e9df72f39fd5b65ea2bf07861803fa7b674aa515256b02ed36f33fa68b5cc169b38bdb568780777c171757c3d388763f18253e8afa9c76fc8139a507ab93b97b6a6f1bccd5ee252d297549b4c34a465dcbd27682545a7148f3a2bf0ed607717a4b784283e73f02d70134b8887759e34a0ef98b64e02f33e841e4e23c,gx-no-cache=1471613863311 HTTP/1.1" 200 29
186.103.159.44 - - [19/Aug/2016:10:36:32 -0300] "POST /cormun/servlet/solicitudot?gx-no-cache=1471613863365 HTTP/1.1" 200 1143
186.103.159.44 - - [19/Aug/2016:10:36:33 -0300] "GET /cormun/static/menuarrow.gif HTTP/1.1" 404 1015
186.103.159.44 - - [19/Aug/2016:10:36:56 -0300] "GET /cormun/servlet/solicitudot?1a3be55e01eb7b64c78111bd58e6ef96328c5a2b48e3b496c797b3cfa08adc7ea8883c72e1a02f07db04a20136e55416b2f724f4af61815166d8db46db93e79b0cd7e5dbc5ac363b473b90a02fa2ef9b059b0fe493f418e3449a62d3009c4540a7a1fe4e41217462cd4375777d360709d969e8ef36e3ae41d929f306f9b19654400388c805ebe1755a09a41f3b551fe6328d767968638433db1aa0cd29e1c2c79deb0e84ddeb2893c6932f3850a67493,gx-no-cache=1471613886591 HTTP/1.1" 200 30
186.103.159.44 - - [19/Aug/2016:10:39:31 -0300] "POST /cormun/servlet/solicitudot?62bb7462fa34cbc6bc77ed9efcf97e96,INS,0,0,,gx-no-cache=1471614041814 HTTP/1.1" 200 93
186.103.159.44 - - [19/Aug/2016:10:39:31 -0300] "GET /cormun/servlet/hpexe_return? HTTP/1.1" 200 1000
186.103.159.44 - - [19/Aug/2016:10:39:32 -0300] "GET /cormun/servlet/trsolicitudot HTTP/1.1" 200 8894
186.103.159.44 - - [19/Aug/2016:10:39:39 -0300] "GET /cormun/servlet/solicitudot?INS,0,0, HTTP/1.1" 200 11982
186.103.159.44 - - [19/Aug/2016:10:39:50 -0300] "POST /cormun/servlet/solicitudot?gx-no-cache=1471614061057 HTTP/1.1" 200 2994
186.103.159.44 - - [19/Aug/2016:10:39:51 -0300] "POST /cormun/servlet/solicitudot?62bb7462fa34cbc6bc77ed9efcf97e96,INS,0,0,,gx-no-cache=1471614061475 HTTP/1.1" 200 9090
186.103.159.44 - - [19/Aug/2016:10:43:52 -0300] "GET /cormun/servlet/solicitudot?1a3be55e01eb7b64c78111bd58e6ef96f9c2e857a197796d99521be2b332687f1e11947eff51b39dd593cfa7ee8d368e,gx-no-cache=1471614302762 HTTP/1.1" 200 30
186.103.159.44 - - [19/Aug/2016:10:43:52 -0300] "POST /cormun/servlet/solicitudot?gx-no-cache=1471614302869 HTTP/1.1" 200 30
186.103.159.44 - - [19/Aug/2016:10:43:54 -0300] "POST /cormun/servlet/solicitudot?gx-no-cache=1471614304728 HTTP/1.1" 200 30
186.103.159.44 - - [19/Aug/2016:10:44:10 -0300] "POST /cormun/servlet/solicitudot?gx-no-cache=1471614320720 HTTP/1.1" 200 1187
