191.112.108.80 - - [19/Aug/2016:09:46:54 -0300] "POST /cormun/servlet/solicitudot?gx-no-cache=1471610889758 HTTP/1.1" 200 30
200.112.5.47 - - [19/Aug/2016:09:46:56 -0300] "GET /cormun/servlet/solicitudot?32ec826102a6f870264326acee369b75d1ced82945e3c3343fdfab0f40d23d006a95c48a89884a70a2ab93c42072f981eb31363d2acff8a64aaeafd948548c2d7e803c0911b0dfcc054712866b23e57ccff2f4baa86207bbd6e2131ba9be5c247f4ed1f920555bb46e1942878575e38a874093b18a55a10f7439f140691758aeddf4d8d38173d7eeae2e2330d134e676f5e685449b68313f397f27856919e371,gx-no-cache=1471610892821 HTTP/1.1" 200 29
200.112.5.47 - - [19/Aug/2016:09:46:56 -0300] "POST /cormun/servlet/solicitudot?gx-no-cache=1471610892937 HTTP/1.1" 200 1144
186.103.159.189 - - [19/Aug/2016:09:47:02 -0300] "POST /cormun/servlet/solicitudot?gx-no-cache=1471610898496 HTTP/1.1" 200 30
186.67.172.234 - - [19/Aug/2016:09:47:04 -0300] "GET /cormun/servlet/trsolicitudot? HTTP/1.1" 200 6664
186.67.172.234 - - [19/Aug/2016:09:47:05 -0300] "GET /cormun/servlet/trsolicitudot? HTTP/1.1" 200 6663
191.112.108.80 - - [19/Aug/2016:09:47:05 -0300] "POST /cormun/servlet/solicitudot?gx-no-cache=1471610901140 HTTP/1.1" 200 1187
191.112.108.80 - - [19/Aug/2016:09:47:05 -0300] "GET /cormun/servlet/solicitudot?6f1ed0b5a8b5371a47939df4dcfebfdee4cf21df0c940f07fde18f30c156f06ce763e228bd834671425591c972615208e0077b9934424dea36bdb70fd43eab887ae186e5fa480b2ee6d4569a0da28f54c9e392148e52be8eec62697a70fddb6485a913dea97f56073bf02603b304945a4c92a785aeca098fe7a084175971759488921633b61e9e06aff7aef0d22727ef,gx-no-cache=1471610901364 HTTP/1.1" 200 38
186.67.172.234 - - [19/Aug/2016:09:47:07 -0300] "GET /cormun/servlet/solicitudot?INS,0,0, HTTP/1.1" 200 12120
186.67.172.234 - - [19/Aug/2016:09:47:08 -0300] "GET /cormun/servlet/solicitudot?INS,0,0, HTTP/1.1" 200 12125
191.112.108.80 - - [19/Aug/2016:09:47:11 -0300] "GET /cormun/servlet/solicitudot?6f1ed0b5a8b5371a47939df4dcfebfde5c3414d544ae2beaff244c77f8f973f68c659e7aa810e5950329e3836d37a7cb764a7bbade185ebeade9e6b317c1ab9ba51137f0431062e71b9c4a40d67c219538633774596926d61a574d2ca1a1e5848f4b8f3a1bd15ded578a6730030c8ff7422949090a0ce883daa26df3190753ee5b1a25d011ed3ed3730198df728662f13a303e0f69fe1e0aa099b6c95f353a3a7a79fc156d32100d0301f6afffebc72636e06bdf578c0e6c87be053958904567b76af14720ab6a14d6373173c1049695,gx-no-cache=1471610906853 HTTP/1.1" 200 29
200.112.5.47 - - [19/Aug/2016:09:47:14 -0300] "GET /cormun/static/menuarrow.gif HTTP/1.1" 404 1015
191.112.108.80 - - [19/Aug/2016:09:47:20 -0300] "POST /cormun/servlet/solicitudot?gx-no-cache=1471610916178 HTTP/1.1" 200 1143
186.103.159.189 - - [19/Aug/2016:09:47:30 -0300] "POST /cormun/servlet/solicitudot?gx-no-cache=1471610926986 HTTP/1.1" 200 30
186.103.159.189 - - [19/Aug/2016:09:47:33 -0300] "GET /cormun/servlet/prcontratosol?12911771,,,,,MD,,gxPopupLevel%3D0%3B HTTP/1.1" 200 5711
200.112.5.47 - - [19/Aug/2016:09:47:37 -0300] "GET /cormun/servlet/solicitudot?32ec826102a6f870264326acee369b75de512db031e86e598c2f9656b6d78911edfc150a7d934359840ae654d18ce3317ebc45e46901f4f8747dc9b60b82a8bbc9b45ecb46250229a2e1842bab7a0313b8692eabe83762324a7347893968547fde4a97285d8c37692ea2858d1bf5b5373690d2c75ef41c2d81d5c46c87898e3082bb95d51dca1489f73240247fa52220cf82c3694d54f4a0a5b440d3d75f88b6eec4b5c47a0087920f48bf42f4971bf7,gx-no-cache=1471610934194 HTTP/1.1" 200 30
200.112.5.47 - - [19/Aug/2016:09:47:38 -0300] "POST /cormun/servlet/solicitudot?24f15fa1e408cadddf56e831c1bb1684,INS,0,0,,gx-no-cache=1471610934358 HTTP/1.1" 200 93
200.112.5.47 - - [19/Aug/2016:09:47:38 -0300] "GET /cormun/servlet/hpexe_return? HTTP/1.1" 200 1010
186.67.172.234 - - [19/Aug/2016:09:47:38 -0300] "POST /cormun/servlet/solicitudot?gx-no-cache=1471614535156 HTTP/1.1" 200 3004
200.112.5.47 - - [19/Aug/2016:09:47:38 -0300] "GET /cormun/servlet/trsolicitudot HTTP/1.1" 200 7886
186.67.172.234 - - [19/Aug/2016:09:47:39 -0300] "POST /cormun/servlet/solicitudot?47b600dbc333e41b15f8a8347f856551,INS,0,0,,gx-no-cache=1471614535314 HTTP/1.1" 200 9177
186.103.159.189 - - [19/Aug/2016:09:47:41 -0300] "POST /cormun/servlet/solicitudot?gx-no-cache=1471610937571 HTTP/1.1" 200 1187
186.103.159.189 - - [19/Aug/2016:09:47:41 -0300] "GET /cormun/servlet/solicitudot?86d8c8aeecfda11d6941053b8f319613de781acdbd796e422711e0d4d743d2a249dd9524d1a275ae0a11c1e6b5e10cab4bfba147511022bbc472408af52fb38bc28396abc7614d82ba884fd73d5bcbc982450dc609eed18bd8afdbdbb040ba1eea0b8547e0126c342c6e01f21623265363b881b769664f4f73e5c463707025850457adb38ec684842f54a0d3e333db4c,gx-no-cache=1471610937784 HTTP/1.1" 200 38
186.103.159.189 - - [19/Aug/2016:09:47:41 -0300] "GET /cormun/servlet/solicitudot?86d8c8aeecfda11d6941053b8f31961334c30c4b90caf59e5e66ee111e6295bf54f911ad9e9e852ab43971683fc6f8087fc3ac40f20de04b9ae49455af0ca99b37d0e0cd544d06bfd7353c2efce020cdadc07b255ecb5b0fd0cbf5965722d31f815f08e2641b0b35e1c7eff5947718a3ca4750d47fb0b263c03e7534f3251285917f00dd88c17a5e9d616a2cbdf4405b7e328cc1d31b382630638c7b3f1c2667,gx-no-cache=1471610937829 HTTP/1.1" 200 29
191.112.108.80 - - [19/Aug/2016:09:47:41 -0300] "GET /cormun/servlet/solicitudot?6f1ed0b5a8b5371a47939df4dcfebfdea3c2b97ed7ba606e8c521a535e92a25f339b5a390a9613c21aedb88c2aecb48f6c365c89e77320f094cf1ce93327053e03a9624d2a620fcbfda775992266349b8a4851ab42d84833acd8aa7a2891f1b6206d6a40a15983500731e9ee7053fe488b05d9e05ec6e3d7063aa6fc832338d0f393a6e6bc3489bfb68e8549ea90c6ccdb38ff349c2cba39dd91f8136a51aa9c5b4135dec3910df76aaade3b83a8010c,gx-no-cache=1471610937522 HTTP/1.1" 200 30
186.103.159.189 - - [19/Aug/2016:09:47:41 -0300] "POST /cormun/servlet/solicitudot?gx-no-cache=1471610937865 HTTP/1.1" 200 1143
200.112.5.47 - - [19/Aug/2016:09:47:42 -0300] "POST /cormun/servlet/trsolicitudot?24f15fa1e408cadddf56e831c1bb1684,gx-no-cache=1471610938432 HTTP/1.1" 200 3966
200.112.5.47 - - [19/Aug/2016:09:47:42 -0300] "POST /cormun/servlet/trsolicitudot?24f15fa1e408cadddf56e831c1bb1684,gx-no-cache=1471610938924 HTTP/1.1" 200 3814
200.112.5.47 - - [19/Aug/2016:09:47:42 -0300] "GET /cormun/static/Shared/jqueryui/images/ui-bg_highlight-soft_100_c6c2c8_1x100.png HTTP/1.1" 404 1117
200.112.5.47 - - [19/Aug/2016:09:47:42 -0300] "GET /cormun/static/Shared/jqueryui/images/ui-icons_82798d_256x240.png HTTP/1.1" 404 1089
200.112.5.47 - - [19/Aug/2016:09:47:42 -0300] "GET /cormun/static/Shared/jqueryui/images/ui-bg_flat_55_fafafa_40x100.png HTTP/1.1" 404 1097
200.112.5.47 - - [19/Aug/2016:09:47:42 -0300] "GET /cormun/static/Shared/jqueryui/images/ui-icons_8d78a5_256x240.png HTTP/1.1" 404 1089
186.67.172.234 - - [19/Aug/2016:09:47:45 -0300] "GET /cormun/servlet/solicitudot?21dd63b49649f7baf3d43b5f27f84c906e7c71128b344a885a0e27bbe3a409ca6288ce9bb7c7cd9bd592926ec47d5e26,gx-no-cache=1471614542459 HTTP/1.1" 200 30
186.67.172.234 - - [19/Aug/2016:09:47:45 -0300] "POST /cormun/servlet/solicitudot?gx-no-cache=1471614542555 HTTP/1.1" 200 30
200.112.5.47 - - [19/Aug/2016:09:47:48 -0300] "GET /cormun/servlet/trautorizarsolicitud? HTTP/1.1" 200 7821
186.67.172.234 - - [19/Aug/2016:09:47:48 -0300] "POST /cormun/servlet/solicitudot?gx-no-cache=1471614544785 HTTP/1.1" 200 30
186.103.159.189 - - [19/Aug/2016:09:47:48 -0300] "POST /cormun/servlet/solicitudot?gx-no-cache=1471610945211 HTTP/1.1" 200 30
186.67.172.234 - - [19/Aug/2016:09:47:49 -0300] "GET /cormun/servlet/prcontratosol?15992242,,,,,MD,,gxPopupLevel%3D0%3B HTTP/1.1" 200 5783
200.112.5.47 - - [19/Aug/2016:09:47:51 -0300] "POST /cormun/servlet/trautorizarsolicitud?24f15fa1e408cadddf56e831c1bb1684,,gx-no-cache=1471610947889 HTTP/1.1" 200 3940
200.112.5.47 - - [19/Aug/2016:09:47:52 -0300] "POST /cormun/servlet/trautorizarsolicitud?24f15fa1e408cadddf56e831c1bb1684,,gx-no-cache=1471610948376 HTTP/1.1" 200 3792
200.112.5.47 - - [19/Aug/2016:09:47:52 -0300] "GET /cormun/static/Shared/jqueryui/images/ui-icons_82798d_256x240.png HTTP/1.1" 404 1089
200.112.5.47 - - [19/Aug/2016:09:47:52 -0300] "GET /cormun/static/Shared/jqueryui/images/ui-bg_highlight-soft_100_c6c2c8_1x100.png HTTP/1.1" 404 1117
200.112.5.47 - - [19/Aug/2016:09:47:52 -0300] "GET /cormun/static/Shared/jqueryui/images/ui-icons_8d78a5_256x240.png HTTP/1.1" 404 1089
200.112.5.47 - - [19/Aug/2016:09:47:52 -0300] "GET /cormun/static/Shared/jqueryui/images/ui-bg_flat_55_fafafa_40x100.png HTTP/1.1" 404 1097
186.103.159.189 - - [19/Aug/2016:09:47:53 -0300] "POST /cormun/servlet/solicitudot?gx-no-cache=1471610949570 HTTP/1.1" 200 1187
186.103.159.189 - - [19/Aug/2016:09:47:53 -0300] "GET /cormun/servlet/solicitudot?86d8c8aeecfda11d6941053b8f319613de781acdbd796e422711e0d4d743d2a249dd9524d1a275ae0a11c1e6b5e10cab4bfba147511022bbc472408af52fb38bc28396abc7614d82ba884fd73d5bcbc982450dc609eed18bd8afdbdbb040ba1eea0b8547e0126c342c6e01f21623265363b881b769664f4f73e5c4637070258575352c50f70db0adb7447e587098d55fa513a025f822c9c72b2c25bd020f7482,gx-no-cache=1471610949709 HTTP/1.1" 200 41
186.103.159.189 - - [19/Aug/2016:09:47:53 -0300] "POST /cormun/servlet/solicitudot?gx-no-cache=1471610949767 HTTP/1.1" 200 1143
186.103.159.189 - - [19/Aug/2016:09:47:53 -0300] "GET /cormun/servlet/solicitudot?86d8c8aeecfda11d6941053b8f31961342036391c6998534d03036945a6b5db8e9f2571e0b700d5222f920b35fa1c8560d43937e147b23b4a4bde8f192d3bde2c54fc2f9df4871efa69a883b0665aee8a6b6a1cad6c2ed5b7a0f3b4b419850cbd61b0b857d4bfd4f49ebcf08a60c549cf24a226db581703071fd2a4092975cee784d8faf60436987acc7b99742357591fc200f0979f3a3bfdbcce3bb89ed7f97b67e9f2ec8e92bd23c4ae581fbfe5f7f,gx-no-cache=1471610949869 HTTP/1.1" 200 30
191.112.108.80 - - [19/Aug/2016:09:47:54 -0300] "POST /cormun/servlet/solicitudot?b9a4c3c3eec7fb0523160c6edb2a781a,INS,0,0,,gx-no-cache=1471610950099 HTTP/1.1" 200 93
191.112.108.80 - - [19/Aug/2016:09:47:54 -0300] "GET /cormun/servlet/hpexe_return? HTTP/1.1" 200 1014
191.112.108.80 - - [19/Aug/2016:09:47:55 -0300] "GET /cormun/servlet/trsolicitudot HTTP/1.1" 200 10441
191.112.108.80 - - [19/Aug/2016:09:47:58 -0300] "GET /cormun/servlet/trsolicitudot HTTP/1.1" 200 10436
186.67.172.234 - - [19/Aug/2016:09:48:05 -0300] "POST /cormun/servlet/solicitudot?gx-no-cache=1471614561983 HTTP/1.1" 200 1186
186.67.172.234 - - [19/Aug/2016:09:48:05 -0300] "GET /cormun/servlet/solicitudot?21dd63b49649f7baf3d43b5f27f84c90f2eca4b7ffa9eabe4e4d6b2bd4c0e997003f4a26f5b9bac3a81ca5f5b18fbf70dba9d1adddf1e1da286df8d72e0ec2224fba32810669ae77ddae3b74249d926d7291cd7e8a10f389108ce18532cff01d83f4dadbe23515d924c803ebf02191cae88c8c2438f5149ecec2bc157e90fac242e4d8dc594ebaa8cc94dc7d9eef5bd3,gx-no-cache=1471614562027 HTTP/1.1" 200 38
186.67.172.234 - - [19/Aug/2016:09:48:05 -0300] "GET /cormun/servlet/solicitudot?21dd63b49649f7baf3d43b5f27f84c9043a2dcb0ec859b68c88dcbb606dc9c370aa135730e45f8b5aec4693315a29cc3447aa27ccc3a1d32001f146904535dd830019ba496f74ced539d815319ef10778ad5fc720a60d8d8a9dab772c556e0d515d061ca324c42c7fc3bcd31ddd131e178ac9d3d1680fe0cc6864d3db813dba26eb604862b5fa2071fc1ae00b1ba3c826f79250b59e1c93e71769c7cee6ab4a127749cff62c8efc2dad951e037a7dcc1d9b81b30866cdd78bf4bd1e5e008aa4fd9c17219dfc0f7faf11f80a0d84685ef,gx-no-cache=1471614562051 HTTP/1.1" 200 29
186.67.172.234 - - [19/Aug/2016:09:48:05 -0300] "POST /cormun/servlet/solicitudot?gx-no-cache=1471614562073 HTTP/1.1" 200 1144
200.112.5.47 - - [19/Aug/2016:09:48:14 -0300] "GET /cormun/servlet/trsolicitudot? HTTP/1.1" 200 6637
186.67.172.234 - - [19/Aug/2016:09:48:15 -0300] "POST /cormun/servlet/solicitudot?gx-no-cache=1471614572529 HTTP/1.1" 200 1186
186.67.172.234 - - [19/Aug/2016:09:48:15 -0300] "GET /cormun/servlet/solicitudot?21dd63b49649f7baf3d43b5f27f84c90f2eca4b7ffa9eabe4e4d6b2bd4c0e997003f4a26f5b9bac3a81ca5f5b18fbf70dba9d1adddf1e1da286df8d72e0ec2224fba32810669ae77ddae3b74249d926d7291cd7e8a10f389108ce18532cff01d83f4dadbe23515d924c803ebf02191cae88c8c2438f5149ecec2bc157e90fac242e4d8dc594ebaa8cc94dc7d9eef5bd3,gx-no-cache=1471614572596 HTTP/1.1" 200 38
200.112.5.47 - - [19/Aug/2016:09:48:17 -0300] "GET /cormun/servlet/solicitudot?INS,0,0, HTTP/1.1" 200 12096
186.67.172.234 - - [19/Aug/2016:09:48:19 -0300] "GET /cormun/servlet/solicitudot?21dd63b49649f7baf3d43b5f27f84c9043a2dcb0ec859b68c88dcbb606dc9c370aa135730e45f8b5aec4693315a29cc374cadb3eb53693ba3ebbc87fe7d6a98730019ba496f74ced539d815319ef10778ad5fc720a60d8d8a9dab772c556e0d515d061ca324c42c7fc3bcd31ddd131e178ac9d3d1680fe0cc6864d3db813dba26eb604862b5fa2071fc1ae00b1ba3c826f79250b59e1c93e71769c7cee6ab4a127749cff62c8efc2dad951e037a7dcc1d9b81b30866cdd78bf4bd1e5e008aa4fd9c17219dfc0f7faf11f80a0d84685ef,gx-no-cache=1471614576017 HTTP/1.1" 200 29
200.112.5.47 - - [19/Aug/2016:09:48:24 -0300] "POST /cormun/servlet/solicitudot?gx-no-cache=1471610980569 HTTP/1.1" 200 3008
200.112.5.47 - - [19/Aug/2016:09:48:24 -0300] "POST /cormun/servlet/solicitudot?24f15fa1e408cadddf56e831c1bb1684,INS,0,0,,gx-no-cache=1471610981067 HTTP/1.1" 200 9182
200.112.5.47 - - [19/Aug/2016:09:48:31 -0300] "GET /cormun/servlet/solicitudot?32ec826102a6f870264326acee369b7565458dccb5e7f8ea7f773ae29994b8817db48964f7419742ddc34108a8837f5f,gx-no-cache=1471610988077 HTTP/1.1" 200 30
200.112.5.47 - - [19/Aug/2016:09:48:31 -0300] "POST /cormun/servlet/solicitudot?gx-no-cache=1471610988155 HTTP/1.1" 200 30
200.112.5.47 - - [19/Aug/2016:09:48:31 -0300] "POST /cormun/servlet/solicitudot?gx-no-cache=1471610988231 HTTP/1.1" 200 122
200.112.5.47 - - [19/Aug/2016:09:48:31 -0300] "POST /cormun/servlet/solicitudot?gx-no-cache=1471610988342 HTTP/1.1" 200 1187
200.112.5.47 - - [19/Aug/2016:09:48:31 -0300] "GET /cormun/servlet/solicitudot?32ec826102a6f870264326acee369b757b9ed19d090e9b2f1a4a0be01e82520645be09a95230fe976374336d33843a81b74681305fe4a8f2970f3c7b44c241040f9e30fdbd704f1cd29a5af73f6ee4b5859442de46ebff9913d5d086a062702586258723cf0e117f62620a6d11558da57a6dac40389873b9399a507da00cae2d42c243e402b2d5ebf8e8faf2f51cdda7,gx-no-cache=1471610988545 HTTP/1.1" 200 38
200.112.5.47 - - [19/Aug/2016:09:48:31 -0300] "GET /cormun/static/Shared/jqueryui/images/ui-icons_82798d_256x240.png HTTP/1.1" 404 1089
200.112.5.47 - - [19/Aug/2016:09:48:31 -0300] "GET /cormun/static/Shared/jqueryui/images/ui-icons_8d78a5_256x240.png HTTP/1.1" 404 1089
200.112.5.47 - - [19/Aug/2016:09:48:31 -0300] "GET /cormun/static/Shared/jqueryui/images/ui-bg_highlight-soft_100_c6c2c8_1x100.png HTTP/1.1" 404 1117
200.112.5.47 - - [19/Aug/2016:09:48:31 -0300] "GET /cormun/static/Shared/jqueryui/images/ui-bg_flat_55_fafafa_40x100.png HTTP/1.1" 404 1097
186.103.159.189 - - [19/Aug/2016:09:48:33 -0300] "GET /cormun/servlet/solicitudot?86d8c8aeecfda11d6941053b8f31961342036391c6998534d03036945a6b5db8e9f2571e0b700d5222f920b35fa1c856533067bb101b507484c055e0fb8fad62c54fc2f9df4871efa69a883b0665aee8a6b6a1cad6c2ed5b7a0f3b4b419850cbd61b0b857d4bfd4f49ebcf08a60c549cf24a226db581703071fd2a4092975cee784d8faf60436987acc7b99742357591fc200f0979f3a3bfdbcce3bb89ed7f9744441a1eb62f5145f3e7434a11b1982c,gx-no-cache=1471610989434 HTTP/1.1" 200 30
186.103.159.189 - - [19/Aug/2016:09:48:33 -0300] "POST /cormun/servlet/solicitudot?92f43d0d91322d83d4d46ba0c98819cb,INS,0,0,,gx-no-cache=1471610989532 HTTP/1.1" 200 93
186.103.159.189 - - [19/Aug/2016:09:48:33 -0300] "GET /cormun/servlet/hpexe_return? HTTP/1.1" 200 1010
186.103.159.189 - - [19/Aug/2016:09:48:34 -0300] "GET /cormun/servlet/trsolicitudot HTTP/1.1" 200 8124
186.103.159.189 - - [19/Aug/2016:09:48:36 -0300] "GET /cormun/servlet/trsolicitudot HTTP/1.1" 200 8120
200.112.5.47 - - [19/Aug/2016:09:48:36 -0300] "POST /cormun/servlet/solicitudot?gx-no-cache=1471610993042 HTTP/1.1" 200 30
200.112.5.47 - - [19/Aug/2016:09:48:39 -0300] "POST /cormun/servlet/solicitudot?gx-no-cache=1471610996582 HTTP/1.1" 200 1187
200.112.5.47 - - [19/Aug/2016:09:48:40 -0300] "GET /cormun/servlet/solicitudot?32ec826102a6f870264326acee369b757b9ed19d090e9b2f1a4a0be01e82520645be09a95230fe976374336d33843a81b74681305fe4a8f2970f3c7b44c241040f9e30fdbd704f1cd29a5af73f6ee4b5859442de46ebff9913d5d086a062702586258723cf0e117f62620a6d11558da57a6dac40389873b9399a507da00cae2d42c243e402b2d5ebf8e8faf2f51cdda7,gx-no-cache=1471610996811 HTTP/1.1" 200 38
186.67.172.234 - - [19/Aug/2016:09:48:40 -0300] "GET /cormun/servlet/prcontratosol?15992242,,,,,MD,,gxPopupLevel%3D0%3B HTTP/1.1" 200 5783
186.103.159.189 - - [19/Aug/2016:09:48:42 -0300] "GET /cormun/servlet/solicitudot?INS,0,0, HTTP/1.1" 200 11983
186.67.172.234 - - [19/Aug/2016:09:48:44 -0300] "POST /cormun/servlet/solicitudot?gx-no-cache=1471614601187 HTTP/1.1" 200 1144
186.103.159.189 - - [19/Aug/2016:09:48:44 -0300] "GET /cormun/servlet/solicitudot?INS,0,0, HTTP/1.1" 200 11988
200.112.5.47 - - [19/Aug/2016:09:48:44 -0300] "GET /cormun/servlet/solicitudot?32ec826102a6f870264326acee369b75d1ced82945e3c3343fdfab0f40d23d006a95c48a89884a70a2ab93c42072f981eb31363d2acff8a64aaeafd948548c2d7e803c0911b0dfcc054712866b23e57ccff2f4baa86207bbd6e2131ba9be5c247f4ed1f920555bb46e1942878575e38a874093b18a55a10f7439f140691758aeddf4d8d38173d7eeae2e2330d134e676f5e685449b68313f397f27856919e371,gx-no-cache=1471611001456 HTTP/1.1" 200 29
200.112.5.47 - - [19/Aug/2016:09:48:44 -0300] "POST /cormun/servlet/solicitudot?gx-no-cache=1471611001523 HTTP/1.1" 200 1144
186.67.172.234 - - [19/Aug/2016:09:48:46 -0300] "GET /cormun/static/menuarrow.gif HTTP/1.1" 404 1015
191.112.108.80 - - [19/Aug/2016:09:48:48 -0300] "GET /cormun/servlet/solicitudot?INS,0,0, HTTP/1.1" 200 11968
191.112.108.80 - - [19/Aug/2016:09:48:51 -0300] "GET /cormun/servlet/solicitudot?INS,0,0, HTTP/1.1" 200 11972
200.112.5.47 - - [19/Aug/2016:09:48:54 -0300] "GET /cormun/static/menuarrow.gif HTTP/1.1" 404 1015
191.112.108.80 - - [19/Aug/2016:09:49:04 -0300] "POST /cormun/servlet/solicitudot?gx-no-cache=1471611019839 HTTP/1.1" 200 3011
191.112.108.80 - - [19/Aug/2016:09:49:04 -0300] "POST /cormun/servlet/solicitudot?b9a4c3c3eec7fb0523160c6edb2a781a,INS,0,0,,gx-no-cache=1471611020335 HTTP/1.1" 200 9119
191.112.108.80 - - [19/Aug/2016:09:49:13 -0300] "GET /cormun/servlet/solicitudot?6f1ed0b5a8b5371a47939df4dcfebfdef690a2c9c8806aca0a94afac56c011d30f02d3148933d8affdbfdea91c88ac27,gx-no-cache=1471611028846 HTTP/1.1" 200 30
191.112.108.80 - - [19/Aug/2016:09:49:13 -0300] "POST /cormun/servlet/solicitudot?gx-no-cache=1471611028976 HTTP/1.1" 200 30
200.112.5.47 - - [19/Aug/2016:09:49:13 -0300] "GET /cormun/servlet/solicitudot?32ec826102a6f870264326acee369b753c018f248eb063b594dce80a41ac72a93afc5e81d9694bd7751d04f8a4f85ccb7ebc45e46901f4f8747dc9b60b82a8bbc9b45ecb46250229a2e1842bab7a0313b8692eabe83762324a7347893968547fde4a97285d8c37692ea2858d1bf5b5373690d2c75ef41c2d81d5c46c87898e3082bb95d51dca1489f73240247fa52220cf82c3694d54f4a0a5b440d3d75f88b6eec4b5c47a0087920f48bf42f4971bf7,gx-no-cache=1471611030417 HTTP/1.1" 200 30
200.112.5.47 - - [19/Aug/2016:09:49:14 -0300] "POST /cormun/servlet/solicitudot?24f15fa1e408cadddf56e831c1bb1684,INS,0,0,,gx-no-cache=1471611030651 HTTP/1.1" 200 93
200.112.5.47 - - [19/Aug/2016:09:49:14 -0300] "GET /cormun/servlet/hpexe_return? HTTP/1.1" 200 1010
200.112.5.47 - - [19/Aug/2016:09:49:14 -0300] "GET /cormun/servlet/trsolicitudot HTTP/1.1" 200 7887
191.112.108.80 - - [19/Aug/2016:09:49:16 -0300] "POST /cormun/servlet/solicitudot?gx-no-cache=1471611031776 HTTP/1.1" 200 30
186.67.172.234 - - [19/Aug/2016:09:49:16 -0300] "GET /cormun/servlet/solicitudot?21dd63b49649f7baf3d43b5f27f84c90e5329c1ea36c4fe124ebcf8156602f48de9faf2e1e78d6271c8946d8c71b2b31473edcd14dc788a3441cfc025c6ba767bd5a2eb7931b1ea99099a20e0f25bce92d796346b7034219865cd59823fc2697930fce0854ab95f680270da43194f8da1ec74a1db4b8be3032c8158c20b865ed5395380a98ea689b7018cb80a1f689943fe03023756c4cba0940b74c6032682789b968a06ffc6879bcc5736a5c44fe83,gx-no-cache=1471614633283 HTTP/1.1" 200 30
186.67.172.234 - - [19/Aug/2016:09:49:16 -0300] "POST /cormun/servlet/solicitudot?47b600dbc333e41b15f8a8347f856551,INS,0,0,,gx-no-cache=1471614633345 HTTP/1.1" 200 10057
186.67.172.234 - - [19/Aug/2016:09:49:16 -0300] "GET /cormun/static/Shared/jqueryui/images/ui-bg_highlight-soft_100_c6c2c8_1x100.png HTTP/1.1" 404 1117
186.67.172.234 - - [19/Aug/2016:09:49:16 -0300] "GET /cormun/static/Shared/jqueryui/images/ui-icons_82798d_256x240.png HTTP/1.1" 404 1089
186.67.172.234 - - [19/Aug/2016:09:49:16 -0300] "GET /cormun/static/Shared/jqueryui/images/ui-bg_flat_55_994d53_40x100.png HTTP/1.1" 404 1097
186.67.172.234 - - [19/Aug/2016:09:49:16 -0300] "GET /cormun/static/Shared/jqueryui/images/ui-icons_ebccce_256x240.png HTTP/1.1" 404 1089
200.112.5.47 - - [19/Aug/2016:09:49:17 -0300] "POST /cormun/servlet/trsolicitudot?24f15fa1e408cadddf56e831c1bb1684,gx-no-cache=1471611034173 HTTP/1.1" 200 3965
200.112.5.47 - - [19/Aug/2016:09:49:18 -0300] "POST /cormun/servlet/trsolicitudot?24f15fa1e408cadddf56e831c1bb1684,gx-no-cache=1471611034698 HTTP/1.1" 200 3814
200.112.5.47 - - [19/Aug/2016:09:49:18 -0300] "GET /cormun/static/Shared/jqueryui/images/ui-icons_8d78a5_256x240.png HTTP/1.1" 404 1089
200.112.5.47 - - [19/Aug/2016:09:49:18 -0300] "GET /cormun/static/Shared/jqueryui/images/ui-bg_highlight-soft_100_c6c2c8_1x100.png HTTP/1.1" 404 1117
200.112.5.47 - - [19/Aug/2016:09:49:18 -0300] "GET /cormun/static/Shared/jqueryui/images/ui-icons_82798d_256x240.png HTTP/1.1" 404 1089
200.112.5.47 - - [19/Aug/2016:09:49:18 -0300] "GET /cormun/static/Shared/jqueryui/images/ui-bg_flat_55_fafafa_40x100.png HTTP/1.1" 404 1097
186.103.157.98 - - [19/Aug/2016:09:49:21 -0300] "GET /cormun/servlet/trsolicitudadjuntos?2016,2511, HTTP/1.1" 200 5628
200.112.5.47 - - [19/Aug/2016:09:49:21 -0300] "GET /cormun/servlet/trautorizarsolicitud? HTTP/1.1" 200 7821
186.103.159.189 - - [19/Aug/2016:09:49:22 -0300] "POST /cormun/servlet/solicitudot?gx-no-cache=1471611038200 HTTP/1.1" 200 3006
186.103.159.189 - - [19/Aug/2016:09:49:22 -0300] "POST /cormun/servlet/solicitudot?92f43d0d91322d83d4d46ba0c98819cb,INS,0,0,,gx-no-cache=1471611038556 HTTP/1.1" 200 9114
191.112.108.80 - - [19/Aug/2016:09:49:23 -0300] "POST /cormun/servlet/solicitudot?gx-no-cache=1471611039016 HTTP/1.1" 200 1187
191.112.108.80 - - [19/Aug/2016:09:49:23 -0300] "GET /cormun/servlet/solicitudot?6f1ed0b5a8b5371a47939df4dcfebfdee4cf21df0c940f07fde18f30c156f06ce763e228bd834671425591c972615208e0077b9934424dea36bdb70fd43eab887ae186e5fa480b2ee6d4569a0da28f54c9e392148e52be8eec62697a70fddb6485a913dea97f56073bf02603b304945a4c92a785aeca098fe7a084175971759488921633b61e9e06aff7aef0d22727ef,gx-no-cache=1471611039187 HTTP/1.1" 200 38
200.112.5.47 - - [19/Aug/2016:09:49:24 -0300] "POST /cormun/servlet/trautorizarsolicitud?24f15fa1e408cadddf56e831c1bb1684,,gx-no-cache=1471611041307 HTTP/1.1" 200 3938
200.112.5.47 - - [19/Aug/2016:09:49:25 -0300] "POST /cormun/servlet/trautorizarsolicitud?24f15fa1e408cadddf56e831c1bb1684,,gx-no-cache=1471611041791 HTTP/1.1" 200 3791
186.103.159.189 - - [19/Aug/2016:09:49:25 -0300] "GET /cormun/servlet/solicitudot?86d8c8aeecfda11d6941053b8f3196136a2a8f02610cec6fe93f5d32e3b2fcb3ba0b89f508a01cb64f211e01950358fb,gx-no-cache=1471611041667 HTTP/1.1" 200 30
186.103.159.189 - - [19/Aug/2016:09:49:25 -0300] "POST /cormun/servlet/solicitudot?gx-no-cache=1471611041765 HTTP/1.1" 200 30
200.112.5.47 - - [19/Aug/2016:09:49:25 -0300] "GET /cormun/static/Shared/jqueryui/images/ui-bg_flat_55_fafafa_40x100.png HTTP/1.1" 404 1097
200.112.5.47 - - [19/Aug/2016:09:49:25 -0300] "GET /cormun/static/Shared/jqueryui/images/ui-bg_highlight-soft_100_c6c2c8_1x100.png HTTP/1.1" 404 1117
200.112.5.47 - - [19/Aug/2016:09:49:25 -0300] "GET /cormun/static/Shared/jqueryui/images/ui-icons_82798d_256x240.png HTTP/1.1" 404 1089
200.112.5.47 - - [19/Aug/2016:09:49:25 -0300] "GET /cormun/static/Shared/jqueryui/images/ui-icons_8d78a5_256x240.png HTTP/1.1" 404 1089
191.112.108.80 - - [19/Aug/2016:09:49:29 -0300] "GET /cormun/servlet/solicitudot?6f1ed0b5a8b5371a47939df4dcfebfde5c3414d544ae2beaff244c77f8f973f68c659e7aa810e5950329e3836d37a7cb764a7bbade185ebeade9e6b317c1ab9ba51137f0431062e71b9c4a40d67c219538633774596926d61a574d2ca1a1e5848f4b8f3a1bd15ded578a6730030c8ff7422949090a0ce883daa26df3190753ee5b1a25d011ed3ed3730198df728662f13a303e0f69fe1e0aa099b6c95f353a3a7a79fc156d32100d0301f6afffebc72636e06bdf578c0e6c87be053958904567b76af14720ab6a14d6373173c1049695,gx-no-cache=1471611045405 HTTP/1.1" 200 29
186.103.159.189 - - [19/Aug/2016:09:49:32 -0300] "POST /cormun/servlet/solicitudot?gx-no-cache=1471611049065 HTTP/1.1" 200 30
186.103.159.189 - - [19/Aug/2016:09:49:34 -0300] "GET /cormun/servlet/prcontratosol?11364882,,,,,MD,,gxPopupLevel%3D0%3B HTTP/1.1" 200 5712
191.112.108.80 - - [19/Aug/2016:09:49:34 -0300] "POST /cormun/servlet/solicitudot?gx-no-cache=1471611050601 HTTP/1.1" 200 1143
186.103.159.189 - - [19/Aug/2016:09:49:40 -0300] "POST /cormun/servlet/solicitudot?gx-no-cache=1471611056307 HTTP/1.1" 200 1187
186.103.159.189 - - [19/Aug/2016:09:49:40 -0300] "GET /cormun/servlet/solicitudot?86d8c8aeecfda11d6941053b8f319613de781acdbd796e422711e0d4d743d2a249dd9524d1a275ae0a11c1e6b5e10cab4bfba147511022bbc472408af52fb38bc28396abc7614d82ba884fd73d5bcbc982450dc609eed18bd8afdbdbb040ba1eea0b8547e0126c342c6e01f21623265363b881b769664f4f73e5c463707025850457adb38ec684842f54a0d3e333db4c,gx-no-cache=1471611056438 HTTP/1.1" 200 38
186.103.159.189 - - [19/Aug/2016:09:49:40 -0300] "GET /cormun/servlet/solicitudot?86d8c8aeecfda11d6941053b8f31961334c30c4b90caf59e5e66ee111e6295bf54f911ad9e9e852ab43971683fc6f8087fc3ac40f20de04b9ae49455af0ca99b37d0e0cd544d06bfd7353c2efce020cdadc07b255ecb5b0fd0cbf5965722d31f815f08e2641b0b35e1c7eff5947718a3ca4750d47fb0b263c03e7534f3251285917f00dd88c17a5e9d616a2cbdf4405b7e328cc1d31b382630638c7b3f1c2667,gx-no-cache=1471611056489 HTTP/1.1" 200 29
186.103.159.189 - - [19/Aug/2016:09:49:40 -0300] "POST /cormun/servlet/solicitudot?gx-no-cache=1471611056526 HTTP/1.1" 200 1144
186.103.157.98 - - [19/Aug/2016:09:49:41 -0300] "GET /cormun/servlet/solicitudotadjuntos?INS,2016,2511,,1, HTTP/1.1" 200 5723
186.103.157.98 - - [19/Aug/2016:09:49:41 -0300] "HEAD /cormun/static/about:blank HTTP/1.1" 404 -
186.103.157.98 - - [19/Aug/2016:09:49:42 -0300] "GET /cormun/servlet/solicitudotadjuntos?f5c77aed426d563146ce2fbf544b35f2b35c6b9d79e2dac7e6b1b93110acad85658e1a2f466c12027e3441203cf49d83,gx-no-cache=1471611061127 HTTP/1.1" 200 30
186.103.157.98 - - [19/Aug/2016:09:49:42 -0300] "POST /cormun/servlet/solicitudotadjuntos?4920f65f433c9e40e1e8ed16bf26e562,INS,2016,2511,,1,,gx-no-cache=1471611061160 HTTP/1.1" 200 3548
200.112.5.47 - - [19/Aug/2016:09:49:42 -0300] "GET /cormun/servlet/trsolicitudot? HTTP/1.1" 200 6637
186.103.157.98 - - [19/Aug/2016:09:49:44 -0300] "POST /cormun/servlet/solicitudotadjuntos?gx-no-cache=1471611063212 HTTP/1.1" 200 26
200.112.5.47 - - [19/Aug/2016:09:49:45 -0300] "GET /cormun/servlet/solicitudot?INS,0,0, HTTP/1.1" 200 12096
186.103.159.189 - - [19/Aug/2016:09:49:48 -0300] "POST /cormun/servlet/solicitudot?gx-no-cache=1471611064752 HTTP/1.1" 200 30
186.103.159.189 - - [19/Aug/2016:09:49:52 -0300] "POST /cormun/servlet/solicitudot?gx-no-cache=1471611068574 HTTP/1.1" 200 1187
186.103.159.189 - - [19/Aug/2016:09:49:52 -0300] "GET /cormun/servlet/solicitudot?86d8c8aeecfda11d6941053b8f319613de781acdbd796e422711e0d4d743d2a249dd9524d1a275ae0a11c1e6b5e10cab4bfba147511022bbc472408af52fb38bc28396abc7614d82ba884fd73d5bcbc982450dc609eed18bd8afdbdbb040ba1eea0b8547e0126c342c6e01f21623265363b881b769664f4f73e5c4637070258575352c50f70db0adb7447e587098d55fa513a025f822c9c72b2c25bd020f7482,gx-no-cache=1471611068699 HTTP/1.1" 200 41
200.112.5.47 - - [19/Aug/2016:09:49:54 -0300] "GET /cormun/static/Resources/resize.gif HTTP/1.1" 304 -
200.112.5.47 - - [19/Aug/2016:09:49:55 -0300] "GET /cormun/servlet/prfichaempleado?,MD,,gxPopupLevel%3D0%3B HTTP/1.1" 200 8603
200.112.5.47 - - [19/Aug/2016:09:49:55 -0300] "GET /cormun/static/gxcfg.js?201651622215715 HTTP/1.1" 304 -
200.112.5.47 - - [19/Aug/2016:09:49:55 -0300] "GET /cormun/static/prfichaempleado.js?201651622215919 HTTP/1.1" 304 -
200.112.5.47 - - [19/Aug/2016:09:49:55 -0300] "GET /cormun/static/menusearch.js?20165162214271 HTTP/1.1" 304 -
200.112.5.47 - - [19/Aug/2016:09:49:55 -0300] "GET /cormun/static/hmpwkw011.js?201651622203195 HTTP/1.1" 304 -
191.112.108.80 - - [19/Aug/2016:09:49:57 -0300] "GET /cormun/servlet/solicitudot?6f1ed0b5a8b5371a47939df4dcfebfdea3c2b97ed7ba606e8c521a535e92a25f339b5a390a9613c21aedb88c2aecb48f6c365c89e77320f094cf1ce93327053e03a9624d2a620fcbfda775992266349b8a4851ab42d84833acd8aa7a2891f1b6206d6a40a15983500731e9ee7053fe488b05d9e05ec6e3d7063aa6fc832338d0f393a6e6bc3489bfb68e8549ea90c6ccdb38ff349c2cba39dd91f8136a51aa9c5b4135dec3910df76aaade3b83a8010c,gx-no-cache=1471611073070 HTTP/1.1" 200 30
186.103.159.189 - - [19/Aug/2016:09:49:58 -0300] "POST /cormun/servlet/solicitudot?gx-no-cache=1471611074266 HTTP/1.1" 200 1144
186.103.159.189 - - [19/Aug/2016:09:50:11 -0300] "GET /cormun/servlet/solicitudot?86d8c8aeecfda11d6941053b8f3196135a5466c5f4c936bb993e1d3857584960ab2745b3167625d38a0a3b532c8acb37533067bb101b507484c055e0fb8fad62c54fc2f9df4871efa69a883b0665aee8a6b6a1cad6c2ed5b7a0f3b4b419850cbd61b0b857d4bfd4f49ebcf08a60c549cf24a226db581703071fd2a4092975cee784d8faf60436987acc7b99742357591fc200f0979f3a3bfdbcce3bb89ed7f9744441a1eb62f5145f3e7434a11b1982c,gx-no-cache=1471611088242 HTTP/1.1" 200 30
200.112.5.47 - - [19/Aug/2016:09:50:12 -0300] "POST /cormun/servlet/solicitudot?gx-no-cache=1471611088854 HTTP/1.1" 200 2983
200.112.5.47 - - [19/Aug/2016:09:50:13 -0300] "POST /cormun/servlet/solicitudot?24f15fa1e408cadddf56e831c1bb1684,INS,0,0,,gx-no-cache=1471611089480 HTTP/1.1" 200 9162
191.112.108.80 - - [19/Aug/2016:09:50:13 -0300] "POST /cormun/servlet/solicitudot?b9a4c3c3eec7fb0523160c6edb2a781a,INS,0,0,,gx-no-cache=1471611088795 HTTP/1.1" 200 93
191.112.108.80 - - [19/Aug/2016:09:50:13 -0300] "GET /cormun/servlet/hpexe_return? HTTP/1.1" 200 1014
191.112.108.80 - - [19/Aug/2016:09:50:14 -0300] "GET /cormun/servlet/trsolicitudot HTTP/1.1" 200 10681
191.112.108.80 - - [19/Aug/2016:09:50:17 -0300] "GET /cormun/servlet/trsolicitudot HTTP/1.1" 200 10676
200.112.5.47 - - [19/Aug/2016:09:50:17 -0300] "GET /cormun/servlet/solicitudot?32ec826102a6f870264326acee369b75fe219013dce12d70a91aacfe5dd4c2277db48964f7419742ddc34108a8837f5f,gx-no-cache=1471611093809 HTTP/1.1" 200 30
200.112.5.47 - - [19/Aug/2016:09:50:17 -0300] "POST /cormun/servlet/solicitudot?gx-no-cache=1471611094023 HTTP/1.1" 200 30
200.112.5.47 - - [19/Aug/2016:09:50:19 -0300] "POST /cormun/servlet/solicitudot?gx-no-cache=1471611095764 HTTP/1.1" 200 30
200.112.5.47 - - [19/Aug/2016:09:50:23 -0300] "POST /cormun/servlet/solicitudot?gx-no-cache=1471611100236 HTTP/1.1" 200 1187
200.112.5.47 - - [19/Aug/2016:09:50:23 -0300] "GET /cormun/servlet/solicitudot?32ec826102a6f870264326acee369b757b9ed19d090e9b2f1a4a0be01e82520645be09a95230fe976374336d33843a81b74681305fe4a8f2970f3c7b44c241040f9e30fdbd704f1cd29a5af73f6ee4b5859442de46ebff9913d5d086a062702586258723cf0e117f62620a6d11558da57a6dac40389873b9399a507da00cae2d42c243e402b2d5ebf8e8faf2f51cdda7,gx-no-cache=1471611100507 HTTP/1.1" 200 38
186.103.159.189 - - [19/Aug/2016:09:50:24 -0300] "POST /cormun/servlet/solicitudot?92f43d0d91322d83d4d46ba0c98819cb,INS,0,0,,gx-no-cache=1471611100971 HTTP/1.1" 200 93
186.103.159.189 - - [19/Aug/2016:09:50:24 -0300] "GET /cormun/servlet/hpexe_return? HTTP/1.1" 200 1010
186.103.159.189 - - [19/Aug/2016:09:50:25 -0300] "GET /cormun/servlet/trsolicitudot HTTP/1.1" 200 8438
186.103.159.189 - - [19/Aug/2016:09:50:27 -0300] "GET /cormun/servlet/trsolicitudot HTTP/1.1" 200 8434
200.112.5.47 - - [19/Aug/2016:09:50:31 -0300] "GET /cormun/servlet/solicitudot?32ec826102a6f870264326acee369b75d1ced82945e3c3343fdfab0f40d23d006a95c48a89884a70a2ab93c42072f981eb31363d2acff8a64aaeafd948548c2d7e803c0911b0dfcc054712866b23e57ccff2f4baa86207bbd6e2131ba9be5c247f4ed1f920555bb46e1942878575e38a874093b18a55a10f7439f140691758aeddf4d8d38173d7eeae2e2330d134e676f5e685449b68313f397f27856919e371,gx-no-cache=1471611107829 HTTP/1.1" 200 29
200.112.5.47 - - [19/Aug/2016:09:50:31 -0300] "POST /cormun/servlet/solicitudot?gx-no-cache=1471611107942 HTTP/1.1" 200 1144
186.103.157.98 - - [19/Aug/2016:09:50:44 -0300] "GET /cormun/servlet/solicitudotadjuntos?f5c77aed426d563146ce2fbf544b35f29383ba6ae3e4e2331b7e36cef18c56e1,gx-no-cache=1471611123072 HTTP/1.1" 200 30
186.103.157.98 - - [19/Aug/2016:09:50:44 -0300] "GET /cormun/servlet/solicitudotadjuntos?f5c77aed426d563146ce2fbf544b35f29383ba6ae3e4e2331b7e36cef18c56e1,gx-no-cache=1471611123174 HTTP/1.1" 200 30
186.103.157.98 - - [19/Aug/2016:09:50:45 -0300] "POST /cormun/servlet/solicitudotadjuntos?4920f65f433c9e40e1e8ed16bf26e562,INS,2016,2511,,1, HTTP/1.1" 200 116
186.103.157.98 - - [19/Aug/2016:09:50:45 -0300] "GET /cormun/servlet/hpexe_return? HTTP/1.1" 200 1026
186.103.157.98 - - [19/Aug/2016:09:50:45 -0300] "GET /cormun/servlet/trsolicitudadjuntos?2016,2511, HTTP/1.1" 200 7530
200.112.5.47 - - [19/Aug/2016:09:50:45 -0300] "GET /cormun/static/menuarrow.gif HTTP/1.1" 404 1015
186.103.157.98 - - [19/Aug/2016:09:50:48 -0300] "GET /cormun/servlet/solicitudotadjuntos?INS,2016,2511,,1, HTTP/1.1" 200 5724
186.103.157.98 - - [19/Aug/2016:09:50:48 -0300] "HEAD /cormun/static/about:blank HTTP/1.1" 404 -
186.103.157.98 - - [19/Aug/2016:09:50:49 -0300] "GET /cormun/servlet/solicitudotadjuntos?f5c77aed426d563146ce2fbf544b35f2b35c6b9d79e2dac7e6b1b93110acad85658e1a2f466c12027e3441203cf49d83,gx-no-cache=1471611128608 HTTP/1.1" 200 30
186.103.157.98 - - [19/Aug/2016:09:50:49 -0300] "POST /cormun/servlet/solicitudotadjuntos?4920f65f433c9e40e1e8ed16bf26e562,INS,2016,2511,,1,,gx-no-cache=1471611128645 HTTP/1.1" 200 3548
186.103.157.98 - - [19/Aug/2016:09:50:59 -0300] "POST /cormun/servlet/solicitudotadjuntos?gx-no-cache=1471611138948 HTTP/1.1" 200 26
191.112.108.80 - - [19/Aug/2016:09:51:01 -0300] "GET /cormun/servlet/solicitudot?INS,0,0, HTTP/1.1" 200 11966
186.103.159.189 - - [19/Aug/2016:09:51:04 -0300] "POST /cormun/servlet/trsolicitudot?92f43d0d91322d83d4d46ba0c98819cb,gx-no-cache=1471611140133 HTTP/1.1" 200 5511
186.103.159.189 - - [19/Aug/2016:09:51:04 -0300] "GET /cormun/static/Shared/jqueryui/images/ui-bg_highlight-soft_100_c6c2c8_1x100.png HTTP/1.1" 404 1117
186.103.159.189 - - [19/Aug/2016:09:51:04 -0300] "GET /cormun/static/Shared/jqueryui/images/ui-icons_82798d_256x240.png HTTP/1.1" 404 1089
186.103.159.189 - - [19/Aug/2016:09:51:04 -0300] "GET /cormun/static/Shared/jqueryui/images/ui-bg_flat_55_fafafa_40x100.png HTTP/1.1" 404 1097
186.103.159.189 - - [19/Aug/2016:09:51:04 -0300] "GET /cormun/static/Shared/jqueryui/images/ui-icons_8d78a5_256x240.png HTTP/1.1" 404 1089
191.112.108.80 - - [19/Aug/2016:09:51:04 -0300] "GET /cormun/servlet/solicitudot?INS,0,0, HTTP/1.1" 200 11971
186.103.159.189 - - [19/Aug/2016:09:51:04 -0300] "POST /cormun/servlet/trsolicitudot?92f43d0d91322d83d4d46ba0c98819cb,gx-no-cache=1471611140886 HTTP/1.1" 200 5451
186.103.159.189 - - [19/Aug/2016:09:51:06 -0300] "POST /cormun/servlet/trsolicitudot?92f43d0d91322d83d4d46ba0c98819cb,gx-no-cache=1471611142850 HTTP/1.1" 200 5176
186.103.159.189 - - [19/Aug/2016:09:51:07 -0300] "POST /cormun/servlet/trsolicitudot?92f43d0d91322d83d4d46ba0c98819cb,gx-no-cache=1471611143396 HTTP/1.1" 200 5118
186.103.159.189 - - [19/Aug/2016:09:51:09 -0300] "POST /cormun/servlet/trsolicitudot?92f43d0d91322d83d4d46ba0c98819cb,gx-no-cache=1471611145038 HTTP/1.1" 200 3917
186.103.159.189 - - [19/Aug/2016:09:51:09 -0300] "POST /cormun/servlet/trsolicitudot?92f43d0d91322d83d4d46ba0c98819cb,gx-no-cache=1471611145629 HTTP/1.1" 200 3756
191.112.108.80 - - [19/Aug/2016:09:51:16 -0300] "POST /cormun/servlet/solicitudot?gx-no-cache=1471611151682 HTTP/1.1" 200 3002
191.112.108.80 - - [19/Aug/2016:09:51:16 -0300] "POST /cormun/servlet/solicitudot?b9a4c3c3eec7fb0523160c6edb2a781a,INS,0,0,,gx-no-cache=1471611152150 HTTP/1.1" 200 9117
191.112.108.80 - - [19/Aug/2016:09:51:23 -0300] "GET /cormun/servlet/solicitudot?6f1ed0b5a8b5371a47939df4dcfebfde19f5aafdc483ee1c93c477e444a993b80f02d3148933d8affdbfdea91c88ac27,gx-no-cache=1471611159331 HTTP/1.1" 200 30
191.112.108.80 - - [19/Aug/2016:09:51:23 -0300] "POST /cormun/servlet/solicitudot?gx-no-cache=1471611159453 HTTP/1.1" 200 30
186.103.157.98 - - [19/Aug/2016:09:51:30 -0300] "POST /cormun/servlet/solicitudotadjuntos?gx-no-cache=1471611169556 HTTP/1.1" 200 26
200.112.5.47 - - [19/Aug/2016:09:51:30 -0300] "GET /cormun/servlet/solicitudot?32ec826102a6f870264326acee369b75bf73bfc82964498abe613375670fb056edfc150a7d934359840ae654d18ce3317ebc45e46901f4f8747dc9b60b82a8bbc9b45ecb46250229a2e1842bab7a0313b8692eabe83762324a7347893968547fde4a97285d8c37692ea2858d1bf5b5373690d2c75ef41c2d81d5c46c87898e3082bb95d51dca1489f73240247fa52220cf82c3694d54f4a0a5b440d3d75f88b6eec4b5c47a0087920f48bf42f4971bf7,gx-no-cache=1471611167576 HTTP/1.1" 200 30
200.112.5.47 - - [19/Aug/2016:09:51:31 -0300] "POST /cormun/servlet/solicitudot?24f15fa1e408cadddf56e831c1bb1684,INS,0,0,,gx-no-cache=1471611167704 HTTP/1.1" 200 93
200.112.5.47 - - [19/Aug/2016:09:51:31 -0300] "GET /cormun/servlet/hpexe_return? HTTP/1.1" 200 1010
200.112.5.47 - - [19/Aug/2016:09:51:31 -0300] "GET /cormun/servlet/trsolicitudot HTTP/1.1" 200 7886
191.112.108.80 - - [19/Aug/2016:09:51:34 -0300] "POST /cormun/servlet/solicitudot?gx-no-cache=1471611169691 HTTP/1.1" 200 30
200.112.5.47 - - [19/Aug/2016:09:51:34 -0300] "POST /cormun/servlet/trsolicitudot?24f15fa1e408cadddf56e831c1bb1684,gx-no-cache=1471611171286 HTTP/1.1" 200 3965
200.112.5.47 - - [19/Aug/2016:09:51:35 -0300] "POST /cormun/servlet/trsolicitudot?24f15fa1e408cadddf56e831c1bb1684,gx-no-cache=1471611171810 HTTP/1.1" 200 3814
200.112.5.47 - - [19/Aug/2016:09:51:35 -0300] "GET /cormun/static/Shared/jqueryui/images/ui-bg_highlight-soft_100_c6c2c8_1x100.png HTTP/1.1" 404 1117
200.112.5.47 - - [19/Aug/2016:09:51:35 -0300] "GET /cormun/static/Shared/jqueryui/images/ui-icons_8d78a5_256x240.png HTTP/1.1" 404 1089
200.112.5.47 - - [19/Aug/2016:09:51:35 -0300] "GET /cormun/static/Shared/jqueryui/images/ui-icons_82798d_256x240.png HTTP/1.1" 404 1089
200.112.5.47 - - [19/Aug/2016:09:51:35 -0300] "GET /cormun/static/Shared/jqueryui/images/ui-bg_flat_55_fafafa_40x100.png HTTP/1.1" 404 1097
200.112.5.47 - - [19/Aug/2016:09:51:39 -0300] "GET /cormun/servlet/trautorizarsolicitud? HTTP/1.1" 200 7822
191.112.108.80 - - [19/Aug/2016:09:51:40 -0300] "POST /cormun/servlet/solicitudot?gx-no-cache=1471611176425 HTTP/1.1" 200 1187
191.112.108.80 - - [19/Aug/2016:09:51:40 -0300] "GET /cormun/servlet/solicitudot?6f1ed0b5a8b5371a47939df4dcfebfdee4cf21df0c940f07fde18f30c156f06ce763e228bd834671425591c972615208e0077b9934424dea36bdb70fd43eab887ae186e5fa480b2ee6d4569a0da28f54c9e392148e52be8eec62697a70fddb6485a913dea97f56073bf02603b304945a4c92a785aeca098fe7a084175971759488921633b61e9e06aff7aef0d22727ef,gx-no-cache=1471611176612 HTTP/1.1" 200 38
186.103.157.98 - - [19/Aug/2016:09:51:42 -0300] "GET /cormun/servlet/solicitudotadjuntos?f5c77aed426d563146ce2fbf544b35f29383ba6ae3e4e2331b7e36cef18c56e1,gx-no-cache=1471611181014 HTTP/1.1" 200 30
186.103.157.98 - - [19/Aug/2016:09:51:42 -0300] "GET /cormun/servlet/solicitudotadjuntos?f5c77aed426d563146ce2fbf544b35f29383ba6ae3e4e2331b7e36cef18c56e1,gx-no-cache=1471611181042 HTTP/1.1" 200 30
186.103.157.98 - - [19/Aug/2016:09:51:42 -0300] "POST /cormun/servlet/solicitudotadjuntos?4920f65f433c9e40e1e8ed16bf26e562,INS,2016,2511,,1, HTTP/1.1" 200 116
186.103.157.98 - - [19/Aug/2016:09:51:42 -0300] "GET /cormun/servlet/hpexe_return? HTTP/1.1" 200 1026
186.103.157.98 - - [19/Aug/2016:09:51:42 -0300] "GET /cormun/servlet/trsolicitudadjuntos?2016,2511, HTTP/1.1" 200 7729
200.112.5.47 - - [19/Aug/2016:09:51:43 -0300] "POST /cormun/servlet/trautorizarsolicitud?24f15fa1e408cadddf56e831c1bb1684,,gx-no-cache=1471611179462 HTTP/1.1" 200 3939
200.112.5.47 - - [19/Aug/2016:09:51:43 -0300] "POST /cormun/servlet/trautorizarsolicitud?24f15fa1e408cadddf56e831c1bb1684,,gx-no-cache=1471611180000 HTTP/1.1" 200 3791
200.112.5.47 - - [19/Aug/2016:09:51:43 -0300] "GET /cormun/static/Shared/jqueryui/images/ui-bg_flat_55_fafafa_40x100.png HTTP/1.1" 404 1097
200.112.5.47 - - [19/Aug/2016:09:51:43 -0300] "GET /cormun/static/Shared/jqueryui/images/ui-bg_highlight-soft_100_c6c2c8_1x100.png HTTP/1.1" 404 1117
200.112.5.47 - - [19/Aug/2016:09:51:43 -0300] "GET /cormun/static/Shared/jqueryui/images/ui-icons_82798d_256x240.png HTTP/1.1" 404 1089
200.112.5.47 - - [19/Aug/2016:09:51:43 -0300] "GET /cormun/static/Shared/jqueryui/images/ui-icons_8d78a5_256x240.png HTTP/1.1" 404 1089
66.249.83.219 - - [19/Aug/2016:09:51:45 -0300] "GET /cormun/servlet/hlogin HTTP/1.1" 200 1726
66.249.83.223 - - [19/Aug/2016:09:51:45 -0300] "GET /cormun/servlet/hlogin?_escaped_fragment_= HTTP/1.1" 200 1721
66.249.83.227 - - [19/Aug/2016:09:51:46 -0300] "GET /favicon.ico HTTP/1.1" 200 21630
191.112.108.80 - - [19/Aug/2016:09:51:47 -0300] "GET /cormun/servlet/solicitudot?6f1ed0b5a8b5371a47939df4dcfebfde5c3414d544ae2beaff244c77f8f973f68c659e7aa810e5950329e3836d37a7cb764a7bbade185ebeade9e6b317c1ab9ba51137f0431062e71b9c4a40d67c219538633774596926d61a574d2ca1a1e5848f4b8f3a1bd15ded578a6730030c8ff7422949090a0ce883daa26df3190753ee5b1a25d011ed3ed3730198df728662f13a303e0f69fe1e0aa099b6c95f353a3a7a79fc156d32100d0301f6afffebc72636e06bdf578c0e6c87be053958904567b76af14720ab6a14d6373173c1049695,gx-no-cache=1471611183164 HTTP/1.1" 200 29
186.103.157.98 - - [19/Aug/2016:09:51:47 -0300] "GET /cormun/servlet/solicitudotadjuntos?INS,2016,2511,,1, HTTP/1.1" 200 5724
186.103.157.98 - - [19/Aug/2016:09:51:48 -0300] "HEAD /cormun/static/about:blank HTTP/1.1" 404 -
186.103.157.98 - - [19/Aug/2016:09:51:49 -0300] "GET /cormun/servlet/solicitudotadjuntos?f5c77aed426d563146ce2fbf544b35f2b35c6b9d79e2dac7e6b1b93110acad85658e1a2f466c12027e3441203cf49d83,gx-no-cache=1471611187922 HTTP/1.1" 200 30
186.103.157.98 - - [19/Aug/2016:09:51:49 -0300] "POST /cormun/servlet/solicitudotadjuntos?4920f65f433c9e40e1e8ed16bf26e562,INS,2016,2511,,1,,gx-no-cache=1471611188491 HTTP/1.1" 200 3549
191.112.108.80 - - [19/Aug/2016:09:51:52 -0300] "POST /cormun/servlet/solicitudot?gx-no-cache=1471611187940 HTTP/1.1" 200 1144
186.103.157.98 - - [19/Aug/2016:09:51:56 -0300] "POST /cormun/servlet/solicitudotadjuntos?gx-no-cache=1471611195320 HTTP/1.1" 200 26
191.112.108.80 - - [19/Aug/2016:09:52:18 -0300] "GET /cormun/servlet/solicitudot?6f1ed0b5a8b5371a47939df4dcfebfde2c917eb113b6206814a584b8be1942b606deee80fa0f7278ab02f52dd0fbc8b36c365c89e77320f094cf1ce93327053e03a9624d2a620fcbfda775992266349b8a4851ab42d84833acd8aa7a2891f1b6206d6a40a15983500731e9ee7053fe488b05d9e05ec6e3d7063aa6fc832338d0f393a6e6bc3489bfb68e8549ea90c6ccdb38ff349c2cba39dd91f8136a51aa9c5b4135dec3910df76aaade3b83a8010c,gx-no-cache=1471611213912 HTTP/1.1" 200 30
186.103.157.98 - - [19/Aug/2016:09:52:21 -0300] "GET /cormun/servlet/solicitudotadjuntos?f5c77aed426d563146ce2fbf544b35f29383ba6ae3e4e2331b7e36cef18c56e1,gx-no-cache=1471611220170 HTTP/1.1" 200 30
186.103.157.98 - - [19/Aug/2016:09:52:21 -0300] "GET /cormun/servlet/solicitudotadjuntos?f5c77aed426d563146ce2fbf544b35f29383ba6ae3e4e2331b7e36cef18c56e1,gx-no-cache=1471611220215 HTTP/1.1" 200 30
186.103.157.98 - - [19/Aug/2016:09:52:21 -0300] "POST /cormun/servlet/solicitudotadjuntos?4920f65f433c9e40e1e8ed16bf26e562,INS,2016,2511,,1, HTTP/1.1" 200 116
186.103.157.98 - - [19/Aug/2016:09:52:21 -0300] "GET /cormun/servlet/hpexe_return? HTTP/1.1" 200 1026
186.103.157.98 - - [19/Aug/2016:09:52:21 -0300] "GET /cormun/servlet/trsolicitudadjuntos?2016,2511, HTTP/1.1" 200 7904
191.112.108.80 - - [19/Aug/2016:09:52:31 -0300] "POST /cormun/servlet/solicitudot?b9a4c3c3eec7fb0523160c6edb2a781a,INS,0,0,,gx-no-cache=1471611226352 HTTP/1.1" 200 93
191.112.108.80 - - [19/Aug/2016:09:52:31 -0300] "GET /cormun/servlet/hpexe_return? HTTP/1.1" 200 1014
191.112.108.80 - - [19/Aug/2016:09:52:31 -0300] "GET /cormun/servlet/trsolicitudot HTTP/1.1" 200 10957
186.103.157.98 - - [19/Aug/2016:09:52:32 -0300] "GET /cormun/servlet/solicitudotadjuntos?INS,2016,2511,,1, HTTP/1.1" 200 5724
186.103.157.98 - - [19/Aug/2016:09:52:33 -0300] "HEAD /cormun/static/about:blank HTTP/1.1" 404 -
186.103.157.98 - - [19/Aug/2016:09:52:33 -0300] "GET /cormun/servlet/solicitudotadjuntos?f5c77aed426d563146ce2fbf544b35f2b35c6b9d79e2dac7e6b1b93110acad85658e1a2f466c12027e3441203cf49d83,gx-no-cache=1471611232897 HTTP/1.1" 200 30
186.103.157.98 - - [19/Aug/2016:09:52:33 -0300] "POST /cormun/servlet/solicitudotadjuntos?4920f65f433c9e40e1e8ed16bf26e562,INS,2016,2511,,1,,gx-no-cache=1471611232939 HTTP/1.1" 200 3549
191.112.108.80 - - [19/Aug/2016:09:52:34 -0300] "GET /cormun/servlet/trsolicitudot HTTP/1.1" 200 10952
186.103.157.98 - - [19/Aug/2016:09:52:39 -0300] "POST /cormun/servlet/solicitudotadjuntos?gx-no-cache=1471611238501 HTTP/1.1" 200 26
191.112.108.80 - - [19/Aug/2016:09:52:43 -0300] "GET /cormun/servlet/solicitudot?INS,0,0, HTTP/1.1" 200 11968
191.112.108.80 - - [19/Aug/2016:09:52:45 -0300] "GET /cormun/servlet/solicitudot?INS,0,0, HTTP/1.1" 200 11972
186.103.157.98 - - [19/Aug/2016:09:52:46 -0300] "GET /cormun/servlet/solicitudotadjuntos?f5c77aed426d563146ce2fbf544b35f29383ba6ae3e4e2331b7e36cef18c56e1,gx-no-cache=1471611245861 HTTP/1.1" 200 30
186.103.157.98 - - [19/Aug/2016:09:52:46 -0300] "GET /cormun/servlet/solicitudotadjuntos?f5c77aed426d563146ce2fbf544b35f29383ba6ae3e4e2331b7e36cef18c56e1,gx-no-cache=1471611245889 HTTP/1.1" 200 30
186.103.157.98 - - [19/Aug/2016:09:52:47 -0300] "POST /cormun/servlet/solicitudotadjuntos?4920f65f433c9e40e1e8ed16bf26e562,INS,2016,2511,,1, HTTP/1.1" 200 116
186.103.157.98 - - [19/Aug/2016:09:52:47 -0300] "GET /cormun/servlet/hpexe_return? HTTP/1.1" 200 1026
186.103.157.98 - - [19/Aug/2016:09:52:48 -0300] "GET /cormun/servlet/trsolicitudadjuntos?2016,2511, HTTP/1.1" 200 8040
186.103.157.98 - - [19/Aug/2016:09:52:52 -0300] "GET /cormun/servlet/solicitudotadjuntos?INS,2016,2511,,1, HTTP/1.1" 200 5724
186.103.157.98 - - [19/Aug/2016:09:52:52 -0300] "HEAD /cormun/static/about:blank HTTP/1.1" 404 -
186.103.157.98 - - [19/Aug/2016:09:52:53 -0300] "GET /cormun/servlet/solicitudotadjuntos?f5c77aed426d563146ce2fbf544b35f2b35c6b9d79e2dac7e6b1b93110acad85658e1a2f466c12027e3441203cf49d83,gx-no-cache=1471611252050 HTTP/1.1" 200 30
186.103.157.98 - - [19/Aug/2016:09:52:53 -0300] "POST /cormun/servlet/solicitudotadjuntos?4920f65f433c9e40e1e8ed16bf26e562,INS,2016,2511,,1,,gx-no-cache=1471611252099 HTTP/1.1" 200 3549
191.112.108.80 - - [19/Aug/2016:09:52:57 -0300] "POST /cormun/servlet/solicitudot?gx-no-cache=1471611252837 HTTP/1.1" 200 3002
186.103.157.98 - - [19/Aug/2016:09:52:57 -0300] "POST /cormun/servlet/solicitudotadjuntos?gx-no-cache=1471611256450 HTTP/1.1" 200 26
191.112.108.80 - - [19/Aug/2016:09:52:57 -0300] "POST /cormun/servlet/solicitudot?b9a4c3c3eec7fb0523160c6edb2a781a,INS,0,0,,gx-no-cache=1471611253323 HTTP/1.1" 200 9117
191.112.108.80 - - [19/Aug/2016:09:53:06 -0300] "GET /cormun/servlet/solicitudot?6f1ed0b5a8b5371a47939df4dcfebfde19f5aafdc483ee1c93c477e444a993b80f02d3148933d8affdbfdea91c88ac27,gx-no-cache=1471611262699 HTTP/1.1" 200 30
191.112.108.80 - - [19/Aug/2016:09:53:07 -0300] "POST /cormun/servlet/solicitudot?gx-no-cache=1471611262811 HTTP/1.1" 200 30
191.112.108.80 - - [19/Aug/2016:09:53:10 -0300] "POST /cormun/servlet/solicitudot?gx-no-cache=1471611265232 HTTP/1.1" 200 30
191.112.108.80 - - [19/Aug/2016:09:53:14 -0300] "POST /cormun/servlet/solicitudot?gx-no-cache=1471611270555 HTTP/1.1" 200 1187
191.112.108.80 - - [19/Aug/2016:09:53:15 -0300] "GET /cormun/servlet/solicitudot?6f1ed0b5a8b5371a47939df4dcfebfdee4cf21df0c940f07fde18f30c156f06ce763e228bd834671425591c972615208e0077b9934424dea36bdb70fd43eab887ae186e5fa480b2ee6d4569a0da28f54c9e392148e52be8eec62697a70fddb6485a913dea97f56073bf02603b304945a4c92a785aeca098fe7a084175971759488921633b61e9e06aff7aef0d22727ef,gx-no-cache=1471611270771 HTTP/1.1" 200 38
191.112.108.80 - - [19/Aug/2016:09:53:22 -0300] "GET /cormun/servlet/solicitudot?6f1ed0b5a8b5371a47939df4dcfebfde5c3414d544ae2beaff244c77f8f973f68c659e7aa810e5950329e3836d37a7cb764a7bbade185ebeade9e6b317c1ab9ba51137f0431062e71b9c4a40d67c219538633774596926d61a574d2ca1a1e5848f4b8f3a1bd15ded578a6730030c8ff7422949090a0ce883daa26df3190753ee5b1a25d011ed3ed3730198df728662f13a303e0f69fe1e0aa099b6c95f353a3a7a79fc156d32100d0301f6afffebc72636e06bdf578c0e6c87be053958904567b76af14720ab6a14d6373173c1049695,gx-no-cache=1471611278662 HTTP/1.1" 200 29
191.112.108.80 - - [19/Aug/2016:09:53:27 -0300] "POST /cormun/servlet/solicitudot?gx-no-cache=1471611283420 HTTP/1.1" 200 1144
186.103.157.98 - - [19/Aug/2016:09:53:56 -0300] "GET /cormun/servlet/solicitudotadjuntos?f5c77aed426d563146ce2fbf544b35f29383ba6ae3e4e2331b7e36cef18c56e1,gx-no-cache=1471611315122 HTTP/1.1" 200 30
186.103.157.98 - - [19/Aug/2016:09:53:56 -0300] "GET /cormun/servlet/solicitudotadjuntos?f5c77aed426d563146ce2fbf544b35f29383ba6ae3e4e2331b7e36cef18c56e1,gx-no-cache=1471611315175 HTTP/1.1" 200 30
186.103.157.98 - - [19/Aug/2016:09:53:56 -0300] "POST /cormun/servlet/solicitudotadjuntos?4920f65f433c9e40e1e8ed16bf26e562,INS,2016,2511,,1, HTTP/1.1" 200 116
186.103.157.98 - - [19/Aug/2016:09:53:56 -0300] "GET /cormun/servlet/hpexe_return? HTTP/1.1" 200 1026
191.112.108.80 - - [19/Aug/2016:09:53:56 -0300] "GET /cormun/servlet/solicitudot?6f1ed0b5a8b5371a47939df4dcfebfde2c917eb113b6206814a584b8be1942b606deee80fa0f7278ab02f52dd0fbc8b36c365c89e77320f094cf1ce93327053e03a9624d2a620fcbfda775992266349b8a4851ab42d84833acd8aa7a2891f1b6206d6a40a15983500731e9ee7053fe488b05d9e05ec6e3d7063aa6fc832338d0f393a6e6bc3489bfb68e8549ea90c6ccdb38ff349c2cba39dd91f8136a51aa9c5b4135dec3910df76aaade3b83a8010c,gx-no-cache=1471611312159 HTTP/1.1" 200 30
186.103.157.98 - - [19/Aug/2016:09:53:56 -0300] "GET /cormun/servlet/trsolicitudadjuntos?2016,2511, HTTP/1.1" 200 8212
191.112.108.80 - - [19/Aug/2016:09:54:04 -0300] "POST /cormun/servlet/solicitudot?b9a4c3c3eec7fb0523160c6edb2a781a,INS,0,0,,gx-no-cache=1471611319517 HTTP/1.1" 200 93
191.112.108.80 - - [19/Aug/2016:09:54:04 -0300] "GET /cormun/servlet/hpexe_return? HTTP/1.1" 200 1014
186.103.157.98 - - [19/Aug/2016:09:54:04 -0300] "GET /cormun/servlet/solicitudotadjuntos?INS,2016,2511,,1, HTTP/1.1" 200 5724
186.103.157.98 - - [19/Aug/2016:09:54:04 -0300] "HEAD /cormun/static/about:blank HTTP/1.1" 404 -
191.112.108.80 - - [19/Aug/2016:09:54:04 -0300] "GET /cormun/servlet/trsolicitudot HTTP/1.1" 200 11141
186.103.157.98 - - [19/Aug/2016:09:54:05 -0300] "GET /cormun/servlet/solicitudotadjuntos?f5c77aed426d563146ce2fbf544b35f2b35c6b9d79e2dac7e6b1b93110acad85658e1a2f466c12027e3441203cf49d83,gx-no-cache=1471611324587 HTTP/1.1" 200 30
