186.103.157.98 - - [19/Aug/2016:09:54:05 -0300] "POST /cormun/servlet/solicitudotadjuntos?4920f65f433c9e40e1e8ed16bf26e562,INS,2016,2511,,1,,gx-no-cache=1471611324624 HTTP/1.1" 200 3549
191.112.108.80 - - [19/Aug/2016:09:54:07 -0300] "GET /cormun/servlet/trsolicitudot HTTP/1.1" 200 11136
191.112.108.80 - - [19/Aug/2016:09:54:21 -0300] "GET /cormun/servlet/solicitudot?INS,0,0, HTTP/1.1" 200 11966
191.112.108.80 - - [19/Aug/2016:09:54:23 -0300] "GET /cormun/servlet/solicitudot?INS,0,0, HTTP/1.1" 200 11971
186.103.157.98 - - [19/Aug/2016:09:54:27 -0300] "POST /cormun/servlet/solicitudotadjuntos?gx-no-cache=1471611346686 HTTP/1.1" 200 26
191.112.108.80 - - [19/Aug/2016:09:54:36 -0300] "POST /cormun/servlet/solicitudot?gx-no-cache=1471611352244 HTTP/1.1" 200 3002
191.112.108.80 - - [19/Aug/2016:09:54:37 -0300] "POST /cormun/servlet/solicitudot?b9a4c3c3eec7fb0523160c6edb2a781a,INS,0,0,,gx-no-cache=1471611352740 HTTP/1.1" 200 9117
191.112.108.80 - - [19/Aug/2016:09:54:42 -0300] "GET /cormun/servlet/solicitudot?6f1ed0b5a8b5371a47939df4dcfebfde19f5aafdc483ee1c93c477e444a993b80f02d3148933d8affdbfdea91c88ac27,gx-no-cache=1471611358646 HTTP/1.1" 200 30
191.112.108.80 - - [19/Aug/2016:09:54:43 -0300] "POST /cormun/servlet/solicitudot?gx-no-cache=1471611358756 HTTP/1.1" 200 30
191.112.108.80 - - [19/Aug/2016:09:54:50 -0300] "POST /cormun/servlet/solicitudot?gx-no-cache=1471611366559 HTTP/1.1" 200 30
191.112.108.80 - - [19/Aug/2016:09:54:56 -0300] "POST /cormun/servlet/solicitudot?gx-no-cache=1471611371839 HTTP/1.1" 200 1187
191.112.108.80 - - [19/Aug/2016:09:54:56 -0300] "GET /cormun/servlet/solicitudot?6f1ed0b5a8b5371a47939df4dcfebfdee4cf21df0c940f07fde18f30c156f06ce763e228bd834671425591c972615208e0077b9934424dea36bdb70fd43eab887ae186e5fa480b2ee6d4569a0da28f54c9e392148e52be8eec62697a70fddb6485a913dea97f56073bf02603b304945a4c92a785aeca098fe7a084175971759488921633b61e9e06aff7aef0d22727ef,gx-no-cache=1471611372011 HTTP/1.1" 200 38
191.112.108.80 - - [19/Aug/2016:09:55:02 -0300] "GET /cormun/servlet/solicitudot?6f1ed0b5a8b5371a47939df4dcfebfde5c3414d544ae2beaff244c77f8f973f68c659e7aa810e5950329e3836d37a7cb764a7bbade185ebeade9e6b317c1ab9ba51137f0431062e71b9c4a40d67c219538633774596926d61a574d2ca1a1e5848f4b8f3a1bd15ded578a6730030c8ff7422949090a0ce883daa26df3190753ee5b1a25d011ed3ed3730198df728662f13a303e0f69fe1e0aa099b6c95f353a3a7a79fc156d32100d0301f6afffebc72636e06bdf578c0e6c87be053958904567b76af14720ab6a14d6373173c1049695,gx-no-cache=1471611377910 HTTP/1.1" 200 29
191.112.108.80 - - [19/Aug/2016:09:55:07 -0300] "POST /cormun/servlet/solicitudot?gx-no-cache=1471611382895 HTTP/1.1" 200 1144
191.112.108.80 - - [19/Aug/2016:09:55:29 -0300] "GET /cormun/servlet/solicitudot?6f1ed0b5a8b5371a47939df4dcfebfde2c917eb113b6206814a584b8be1942b606deee80fa0f7278ab02f52dd0fbc8b36c365c89e77320f094cf1ce93327053e03a9624d2a620fcbfda775992266349b8a4851ab42d84833acd8aa7a2891f1b6206d6a40a15983500731e9ee7053fe488b05d9e05ec6e3d7063aa6fc832338d0f393a6e6bc3489bfb68e8549ea90c6ccdb38ff349c2cba39dd91f8136a51aa9c5b4135dec3910df76aaade3b83a8010c,gx-no-cache=1471611405576 HTTP/1.1" 200 30
191.112.108.80 - - [19/Aug/2016:09:55:37 -0300] "POST /cormun/servlet/solicitudot?b9a4c3c3eec7fb0523160c6edb2a781a,INS,0,0,,gx-no-cache=1471611413192 HTTP/1.1" 200 93
191.112.108.80 - - [19/Aug/2016:09:55:37 -0300] "GET /cormun/servlet/hpexe_return? HTTP/1.1" 200 1014
191.112.108.80 - - [19/Aug/2016:09:55:38 -0300] "GET /cormun/servlet/trsolicitudot HTTP/1.1" 200 11329
191.112.108.80 - - [19/Aug/2016:09:55:41 -0300] "GET /cormun/servlet/trsolicitudot HTTP/1.1" 200 11325
191.112.108.80 - - [19/Aug/2016:09:56:33 -0300] "GET /cormun/servlet/solicitudot?INS,0,0, HTTP/1.1" 200 11967
191.112.108.80 - - [19/Aug/2016:09:56:35 -0300] "GET /cormun/servlet/solicitudot?INS,0,0, HTTP/1.1" 200 11972
191.112.108.80 - - [19/Aug/2016:09:56:46 -0300] "POST /cormun/servlet/solicitudot?gx-no-cache=1471611481589 HTTP/1.1" 200 2998
191.112.108.80 - - [19/Aug/2016:09:56:46 -0300] "POST /cormun/servlet/solicitudot?b9a4c3c3eec7fb0523160c6edb2a781a,INS,0,0,,gx-no-cache=1471611482149 HTTP/1.1" 200 9115
191.112.108.80 - - [19/Aug/2016:09:56:57 -0300] "GET /cormun/servlet/solicitudot?6f1ed0b5a8b5371a47939df4dcfebfde11013c330256e85255c509524db152f60f02d3148933d8affdbfdea91c88ac27,gx-no-cache=1471611492681 HTTP/1.1" 200 30
191.112.108.80 - - [19/Aug/2016:09:56:57 -0300] "POST /cormun/servlet/solicitudot?gx-no-cache=1471611492941 HTTP/1.1" 200 30
191.112.108.80 - - [19/Aug/2016:09:57:00 -0300] "POST /cormun/servlet/solicitudot?gx-no-cache=1471611496556 HTTP/1.1" 200 30
191.112.108.80 - - [19/Aug/2016:09:57:05 -0300] "POST /cormun/servlet/solicitudot?gx-no-cache=1471611500693 HTTP/1.1" 200 1186
191.112.108.80 - - [19/Aug/2016:09:57:05 -0300] "GET /cormun/servlet/solicitudot?6f1ed0b5a8b5371a47939df4dcfebfdee4cf21df0c940f07fde18f30c156f06ce763e228bd834671425591c972615208e0077b9934424dea36bdb70fd43eab887ae186e5fa480b2ee6d4569a0da28f54c9e392148e52be8eec62697a70fddb6485a913dea97f56073bf02603b304945a4c92a785aeca098fe7a084175971759488921633b61e9e06aff7aef0d22727ef,gx-no-cache=1471611500899 HTTP/1.1" 200 38
191.112.108.80 - - [19/Aug/2016:09:57:14 -0300] "GET /cormun/servlet/solicitudot?6f1ed0b5a8b5371a47939df4dcfebfde5c3414d544ae2beaff244c77f8f973f68c659e7aa810e5950329e3836d37a7cb764a7bbade185ebeade9e6b317c1ab9ba51137f0431062e71b9c4a40d67c219538633774596926d61a574d2ca1a1e5848f4b8f3a1bd15ded578a6730030c8ff7422949090a0ce883daa26df3190753ee5b1a25d011ed3ed3730198df728662f13a303e0f69fe1e0aa099b6c95f353a3a7a79fc156d32100d0301f6afffebc72636e06bdf578c0e6c87be053958904567b76af14720ab6a14d6373173c1049695,gx-no-cache=1471611509731 HTTP/1.1" 200 29
186.103.157.98 - - [19/Aug/2016:09:57:16 -0300] "POST /cormun/servlet/solicitudotadjuntos?4920f65f433c9e40e1e8ed16bf26e562,INS,2016,2511,,1,,gx-no-cache=1471611515747 HTTP/1.1" 200 90
186.103.157.98 - - [19/Aug/2016:09:57:16 -0300] "GET /cormun/servlet/hpexe_link HTTP/1.1" 200 979
186.103.157.98 - - [19/Aug/2016:09:57:17 -0300] "GET /cormun/servlet/trsolicitudadjuntos?2016,2511, HTTP/1.1" 200 8190
191.112.108.80 - - [19/Aug/2016:09:57:27 -0300] "POST /cormun/servlet/solicitudot?gx-no-cache=1471611523115 HTTP/1.1" 200 1143
186.67.172.234 - - [19/Aug/2016:09:57:38 -0300] "POST /cormun/servlet/solicitudot?gx-no-cache=1471615135495 HTTP/1.1" 200 30
186.67.172.234 - - [19/Aug/2016:09:57:43 -0300] "POST /cormun/servlet/solicitudot?gx-no-cache=1471615139821 HTTP/1.1" 200 1186
186.67.172.234 - - [19/Aug/2016:09:57:43 -0300] "GET /cormun/servlet/solicitudot?21dd63b49649f7baf3d43b5f27f84c90f2eca4b7ffa9eabe4e4d6b2bd4c0e997003f4a26f5b9bac3a81ca5f5b18fbf70dba9d1adddf1e1da286df8d72e0ec2224fba32810669ae77ddae3b74249d926d7291cd7e8a10f389108ce18532cff01d83f4dadbe23515d924c803ebf02191cae88c8c2438f5149ecec2bc157e90fac24e2cd62bacef62348fe5c567a56ad069e1cbeb8fe6678f4f93352d29ede55cab,gx-no-cache=1471615139900 HTTP/1.1" 200 41
186.67.172.234 - - [19/Aug/2016:09:57:43 -0300] "POST /cormun/servlet/solicitudot?gx-no-cache=1471615139937 HTTP/1.1" 200 1144
186.67.172.234 - - [19/Aug/2016:09:57:43 -0300] "GET /cormun/servlet/solicitudot?21dd63b49649f7baf3d43b5f27f84c90e5329c1ea36c4fe124ebcf8156602f48de9faf2e1e78d6271c8946d8c71b2b31473edcd14dc788a3441cfc025c6ba767bd5a2eb7931b1ea99099a20e0f25bce92d796346b7034219865cd59823fc2697930fce0854ab95f680270da43194f8da1ec74a1db4b8be3032c8158c20b865ed5395380a98ea689b7018cb80a1f689943fe03023756c4cba0940b74c6032682789b968a06ffc6879bcc5736a5c44fe83,gx-no-cache=1471615139992 HTTP/1.1" 200 30
186.67.172.234 - - [19/Aug/2016:09:57:43 -0300] "POST /cormun/servlet/solicitudot?47b600dbc333e41b15f8a8347f856551,INS,0,0,,gx-no-cache=1471615140034 HTTP/1.1" 200 93
186.67.172.234 - - [19/Aug/2016:09:57:43 -0300] "GET /cormun/servlet/hpexe_return? HTTP/1.1" 200 1006
186.67.172.234 - - [19/Aug/2016:09:57:43 -0300] "GET /cormun/servlet/trsolicitudot HTTP/1.1" 200 7919
186.67.172.234 - - [19/Aug/2016:09:57:44 -0300] "GET /cormun/servlet/trsolicitudot HTTP/1.1" 200 7915
191.112.108.80 - - [19/Aug/2016:09:57:55 -0300] "GET /cormun/servlet/solicitudot?6f1ed0b5a8b5371a47939df4dcfebfdefbab3b307e8ab0a2d22e4b1ef4d46298339b5a390a9613c21aedb88c2aecb48f6c365c89e77320f094cf1ce93327053e03a9624d2a620fcbfda775992266349b8a4851ab42d84833acd8aa7a2891f1b6206d6a40a15983500731e9ee7053fe488b05d9e05ec6e3d7063aa6fc832338d0f393a6e6bc3489bfb68e8549ea90c6ccdb38ff349c2cba39dd91f8136a51aa9c5b4135dec3910df76aaade3b83a8010c,gx-no-cache=1471611550894 HTTP/1.1" 200 30
191.112.108.80 - - [19/Aug/2016:09:58:06 -0300] "POST /cormun/servlet/solicitudot?b9a4c3c3eec7fb0523160c6edb2a781a,INS,0,0,,gx-no-cache=1471611562254 HTTP/1.1" 200 93
191.112.108.80 - - [19/Aug/2016:09:58:07 -0300] "GET /cormun/servlet/hpexe_return? HTTP/1.1" 200 1014
191.112.108.80 - - [19/Aug/2016:09:58:07 -0300] "GET /cormun/servlet/trsolicitudot HTTP/1.1" 200 11623
191.112.108.80 - - [19/Aug/2016:09:58:10 -0300] "GET /cormun/servlet/trsolicitudot HTTP/1.1" 200 11618
186.103.157.98 - - [19/Aug/2016:09:58:22 -0300] "GET /cormun/servlet/solicitudotadjuntos?INS,2016,2511,,1, HTTP/1.1" 200 5724
186.103.157.98 - - [19/Aug/2016:09:58:22 -0300] "HEAD /cormun/static/about:blank HTTP/1.1" 404 -
186.103.157.98 - - [19/Aug/2016:09:58:23 -0300] "GET /cormun/servlet/solicitudotadjuntos?f5c77aed426d563146ce2fbf544b35f2b35c6b9d79e2dac7e6b1b93110acad85658e1a2f466c12027e3441203cf49d83,gx-no-cache=1471611582607 HTTP/1.1" 200 30
186.103.157.98 - - [19/Aug/2016:09:58:23 -0300] "POST /cormun/servlet/solicitudotadjuntos?4920f65f433c9e40e1e8ed16bf26e562,INS,2016,2511,,1,,gx-no-cache=1471611582705 HTTP/1.1" 200 3549
191.112.108.80 - - [19/Aug/2016:09:58:27 -0300] "GET /cormun/servlet/solicitudot?INS,0,0, HTTP/1.1" 200 11968
191.112.108.80 - - [19/Aug/2016:09:58:30 -0300] "GET /cormun/servlet/solicitudot?INS,0,0, HTTP/1.1" 200 11972
186.67.172.234 - - [19/Aug/2016:09:58:36 -0300] "GET /cormun/servlet/solicitudot?INS,0,0, HTTP/1.1" 200 12120
186.67.172.234 - - [19/Aug/2016:09:58:37 -0300] "GET /cormun/servlet/solicitudot?INS,0,0, HTTP/1.1" 200 12125
191.112.108.80 - - [19/Aug/2016:09:58:41 -0300] "POST /cormun/servlet/solicitudot?gx-no-cache=1471611597191 HTTP/1.1" 200 2998
191.112.108.80 - - [19/Aug/2016:09:58:42 -0300] "POST /cormun/servlet/solicitudot?b9a4c3c3eec7fb0523160c6edb2a781a,INS,0,0,,gx-no-cache=1471611597778 HTTP/1.1" 200 9115
191.112.108.80 - - [19/Aug/2016:09:58:50 -0300] "GET /cormun/servlet/solicitudot?6f1ed0b5a8b5371a47939df4dcfebfde11013c330256e85255c509524db152f60f02d3148933d8affdbfdea91c88ac27,gx-no-cache=1471611606136 HTTP/1.1" 200 30
191.112.108.80 - - [19/Aug/2016:09:58:50 -0300] "POST /cormun/servlet/solicitudot?gx-no-cache=1471611606245 HTTP/1.1" 200 30
191.112.108.80 - - [19/Aug/2016:09:58:53 -0300] "POST /cormun/servlet/solicitudot?gx-no-cache=1471611609345 HTTP/1.1" 200 30
191.112.108.80 - - [19/Aug/2016:09:58:59 -0300] "POST /cormun/servlet/solicitudot?gx-no-cache=1471611614786 HTTP/1.1" 200 1186
191.112.108.80 - - [19/Aug/2016:09:58:59 -0300] "GET /cormun/servlet/solicitudot?6f1ed0b5a8b5371a47939df4dcfebfdee4cf21df0c940f07fde18f30c156f06ce763e228bd834671425591c972615208e0077b9934424dea36bdb70fd43eab887ae186e5fa480b2ee6d4569a0da28f54c9e392148e52be8eec62697a70fddb6485a913dea97f56073bf02603b304945a4c92a785aeca098fe7a084175971759488921633b61e9e06aff7aef0d22727ef,gx-no-cache=1471611614973 HTTP/1.1" 200 38
186.67.172.234 - - [19/Aug/2016:10:00:19 -0300] "POST /cormun/servlet/solicitudot?gx-no-cache=1471615295779 HTTP/1.1" 200 2998
186.67.172.234 - - [19/Aug/2016:10:00:19 -0300] "POST /cormun/servlet/solicitudot?47b600dbc333e41b15f8a8347f856551,INS,0,0,,gx-no-cache=1471615295939 HTTP/1.1" 200 9174
186.67.172.234 - - [19/Aug/2016:10:00:42 -0300] "GET /cormun/servlet/solicitudot?21dd63b49649f7baf3d43b5f27f84c9086528db2ecda27d5004be618fd503e5e6288ce9bb7c7cd9bd592926ec47d5e26,gx-no-cache=1471615318786 HTTP/1.1" 200 30
186.67.172.234 - - [19/Aug/2016:10:00:42 -0300] "POST /cormun/servlet/solicitudot?gx-no-cache=1471615318901 HTTP/1.1" 200 30
186.67.172.234 - - [19/Aug/2016:10:00:47 -0300] "POST /cormun/servlet/solicitudot?gx-no-cache=1471615324564 HTTP/1.1" 200 30
191.112.108.80 - - [19/Aug/2016:10:01:34 -0300] "GET /cormun/servlet/solicitudot?6f1ed0b5a8b5371a47939df4dcfebfde5c3414d544ae2beaff244c77f8f973f68c659e7aa810e5950329e3836d37a7cb1134c7d68ba8853521e466bf1c23ca2ea51137f0431062e71b9c4a40d67c219538633774596926d61a574d2ca1a1e5848f4b8f3a1bd15ded578a6730030c8ff7422949090a0ce883daa26df3190753ee5b1a25d011ed3ed3730198df728662f13a303e0f69fe1e0aa099b6c95f353a3a7a79fc156d32100d0301f6afffebc72636e06bdf578c0e6c87be053958904567b76af14720ab6a14d6373173c1049695,gx-no-cache=1471611769813 HTTP/1.1" 200 29
191.112.108.80 - - [19/Aug/2016:10:01:34 -0300] "POST /cormun/servlet/solicitudot?gx-no-cache=1471611769982 HTTP/1.1" 200 1143
186.67.172.234 - - [19/Aug/2016:10:01:42 -0300] "POST /cormun/servlet/solicitudot?gx-no-cache=1471615379380 HTTP/1.1" 200 1187
186.67.172.234 - - [19/Aug/2016:10:01:42 -0300] "GET /cormun/servlet/solicitudot?21dd63b49649f7baf3d43b5f27f84c90f2eca4b7ffa9eabe4e4d6b2bd4c0e997003f4a26f5b9bac3a81ca5f5b18fbf70dba9d1adddf1e1da286df8d72e0ec2224fba32810669ae77ddae3b74249d926d7291cd7e8a10f389108ce18532cff01d83f4dadbe23515d924c803ebf02191cae88c8c2438f5149ecec2bc157e90fac242e4d8dc594ebaa8cc94dc7d9eef5bd3,gx-no-cache=1471615379599 HTTP/1.1" 200 38
186.67.172.234 - - [19/Aug/2016:10:01:47 -0300] "GET /cormun/servlet/solicitudot?21dd63b49649f7baf3d43b5f27f84c9043a2dcb0ec859b68c88dcbb606dc9c370aa135730e45f8b5aec4693315a29cc374cadb3eb53693ba3ebbc87fe7d6a98730019ba496f74ced539d815319ef10778ad5fc720a60d8d8a9dab772c556e0d515d061ca324c42c7fc3bcd31ddd131e178ac9d3d1680fe0cc6864d3db813dba26eb604862b5fa2071fc1ae00b1ba3c826f79250b59e1c93e71769c7cee6ab4a127749cff62c8efc2dad951e037a7dcc1d9b81b30866cdd78bf4bd1e5e008aa4fd9c17219dfc0f7faf11f80a0d84685ef,gx-no-cache=1471615384405 HTTP/1.1" 200 29
186.67.172.234 - - [19/Aug/2016:10:01:52 -0300] "POST /cormun/servlet/solicitudot?gx-no-cache=1471615389342 HTTP/1.1" 200 1144
186.67.172.234 - - [19/Aug/2016:10:01:52 -0300] "GET /cormun/static/menuarrow.gif HTTP/1.1" 404 1015
191.112.108.80 - - [19/Aug/2016:10:01:56 -0300] "GET /cormun/servlet/solicitudot?6f1ed0b5a8b5371a47939df4dcfebfdefbab3b307e8ab0a2d22e4b1ef4d46298339b5a390a9613c21aedb88c2aecb48f6c365c89e77320f094cf1ce93327053e03a9624d2a620fcbfda775992266349b8a4851ab42d84833acd8aa7a2891f1b6206d6a40a15983500731e9ee7053fe488b05d9e05ec6e3d7063aa6fc832338d0f393a6e6bc3489bfb68e8549ea90c6ccdb38ff349c2cba39dd91f8136a51aa9c5b4135dec3910df76aaade3b83a8010c,gx-no-cache=1471611792005 HTTP/1.1" 200 30
191.112.108.80 - - [19/Aug/2016:10:02:33 -0300] "POST /cormun/servlet/solicitudot?b9a4c3c3eec7fb0523160c6edb2a781a,INS,0,0,,gx-no-cache=1471611828557 HTTP/1.1" 200 93
191.112.108.80 - - [19/Aug/2016:10:02:33 -0300] "GET /cormun/servlet/hpexe_return? HTTP/1.1" 200 1014
191.112.108.80 - - [19/Aug/2016:10:02:33 -0300] "GET /cormun/servlet/trsolicitudot HTTP/1.1" 200 11805
191.112.108.80 - - [19/Aug/2016:10:02:36 -0300] "GET /cormun/servlet/trsolicitudot HTTP/1.1" 200 11800
186.103.157.98 - - [19/Aug/2016:10:02:51 -0300] "POST /cormun/servlet/solicitudotadjuntos?gx-no-cache=1471611850372 HTTP/1.1" 200 26
186.67.172.234 - - [19/Aug/2016:10:03:09 -0300] "GET /cormun/servlet/solicitudot?21dd63b49649f7baf3d43b5f27f84c90ce3ef26b1e13ab0a49c63e97fe6c47058a6e9fe4661aa7e51d39f151b7ee5b60e9d930f9184e1529af21b338548c6f0c020b65396a946b90f5d3b2767293c565feedbbad4a7d826151479c5347ac91f315e182f90d5ae297a1271caf5a7e7515d289a868cb064719ec4c413a09b47d7cc93a2c09bae475e57a103f5203d11075b5035cc280be7bfaf4988317eac406e19e9a103466b8e3a3ffd014f40ce54e80,gx-no-cache=1471615466294 HTTP/1.1" 200 30
186.67.172.234 - - [19/Aug/2016:10:03:10 -0300] "POST /cormun/servlet/solicitudot?47b600dbc333e41b15f8a8347f856551,INS,0,0,,gx-no-cache=1471615466581 HTTP/1.1" 200 93
186.67.172.234 - - [19/Aug/2016:10:03:10 -0300] "GET /cormun/servlet/hpexe_return? HTTP/1.1" 200 1006
186.67.172.234 - - [19/Aug/2016:10:03:10 -0300] "GET /cormun/servlet/trsolicitudot HTTP/1.1" 200 8263
186.67.172.234 - - [19/Aug/2016:10:03:10 -0300] "GET /cormun/servlet/trsolicitudot HTTP/1.1" 200 8260
186.67.172.234 - - [19/Aug/2016:10:03:22 -0300] "POST /cormun/servlet/trsolicitudot?47b600dbc333e41b15f8a8347f856551,gx-no-cache=1471615479185 HTTP/1.1" 200 105
186.67.172.234 - - [19/Aug/2016:10:03:22 -0300] "GET /cormun/servlet/solicitudot?DLT,2016,2541, HTTP/1.1" 200 8832
186.67.172.234 - - [19/Aug/2016:10:03:23 -0300] "GET /cormun/static/Shared/jqueryui/images/ui-bg_highlight-soft_100_c6c2c8_1x100.png HTTP/1.1" 404 1117
186.67.172.234 - - [19/Aug/2016:10:03:23 -0300] "GET /cormun/static/Shared/jqueryui/images/ui-icons_82798d_256x240.png HTTP/1.1" 404 1089
186.67.172.234 - - [19/Aug/2016:10:03:23 -0300] "GET /cormun/static/Shared/jqueryui/images/ui-bg_flat_55_fafafa_40x100.png HTTP/1.1" 404 1097
186.67.172.234 - - [19/Aug/2016:10:03:23 -0300] "GET /cormun/static/Shared/jqueryui/images/ui-icons_8d78a5_256x240.png HTTP/1.1" 404 1089
186.67.172.234 - - [19/Aug/2016:10:03:23 -0300] "GET /cormun/servlet/solicitudot?DLT,2016,2541, HTTP/1.1" 200 8842
186.103.157.98 - - [19/Aug/2016:10:03:33 -0300] "POST /cormun/servlet/solicitudotadjuntos?gx-no-cache=1471611892075 HTTP/1.1" 200 26
186.67.172.234 - - [19/Aug/2016:10:03:34 -0300] "POST /cormun/servlet/solicitudot?47b600dbc333e41b15f8a8347f856551,DLT,2016,2541,,gx-no-cache=1471615491344 HTTP/1.1" 200 93
186.67.172.234 - - [19/Aug/2016:10:03:34 -0300] "GET /cormun/servlet/hpexe_return? HTTP/1.1" 200 1012
186.67.172.234 - - [19/Aug/2016:10:03:35 -0300] "GET /cormun/servlet/trsolicitudot HTTP/1.1" 200 7918
186.67.172.234 - - [19/Aug/2016:10:03:35 -0300] "GET /cormun/servlet/trsolicitudot HTTP/1.1" 200 7914
186.103.157.98 - - [19/Aug/2016:10:03:43 -0300] "GET /cormun/servlet/solicitudotadjuntos?f5c77aed426d563146ce2fbf544b35f29383ba6ae3e4e2331b7e36cef18c56e1,gx-no-cache=1471611902420 HTTP/1.1" 200 30
186.103.157.98 - - [19/Aug/2016:10:03:43 -0300] "GET /cormun/servlet/solicitudotadjuntos?f5c77aed426d563146ce2fbf544b35f29383ba6ae3e4e2331b7e36cef18c56e1,gx-no-cache=1471611902486 HTTP/1.1" 200 30
186.103.157.98 - - [19/Aug/2016:10:03:43 -0300] "POST /cormun/servlet/solicitudotadjuntos?4920f65f433c9e40e1e8ed16bf26e562,INS,2016,2511,,1, HTTP/1.1" 200 116
186.103.157.98 - - [19/Aug/2016:10:03:43 -0300] "GET /cormun/servlet/hpexe_return? HTTP/1.1" 200 1026
186.103.157.98 - - [19/Aug/2016:10:03:44 -0300] "GET /cormun/servlet/trsolicitudadjuntos?2016,2511, HTTP/1.1" 200 8350
186.67.172.234 - - [19/Aug/2016:10:04:16 -0300] "GET /cormun/servlet/solicitudot?INS,0,0, HTTP/1.1" 200 12120
186.67.172.234 - - [19/Aug/2016:10:04:16 -0300] "GET /cormun/servlet/solicitudot?INS,0,0, HTTP/1.1" 200 12125
192.168.10.17 - - [19/Aug/2016:10:04:24 -0300] "GET /cormun/servlet/hlogin HTTP/1.1" 200 1720
192.168.10.17 - - [19/Aug/2016:10:04:34 -0300] "POST /cormun/servlet/hlogin?738f0b59d5907f9c435223f9d870e6fa,gx-no-cache=1471615362433 HTTP/1.1" 200 90
192.168.10.17 - - [19/Aug/2016:10:04:34 -0300] "GET /cormun/servlet/hpexe_link HTTP/1.1" 200 946
192.168.10.17 - - [19/Aug/2016:10:04:34 -0300] "GET /cormun/servlet/hhome HTTP/1.1" 200 4139
186.67.172.234 - - [19/Aug/2016:10:04:39 -0300] "POST /cormun/servlet/solicitudot?gx-no-cache=1471615556237 HTTP/1.1" 200 3004
192.168.10.17 - - [19/Aug/2016:10:04:39 -0300] "GET /cormun/servlet/trconsultaempleado? HTTP/1.1" 200 9226
186.67.172.234 - - [19/Aug/2016:10:04:40 -0300] "POST /cormun/servlet/solicitudot?47b600dbc333e41b15f8a8347f856551,INS,0,0,,gx-no-cache=1471615556567 HTTP/1.1" 200 9180
192.168.10.17 - - [19/Aug/2016:10:04:50 -0300] "POST /cormun/servlet/trconsultaempleado?738f0b59d5907f9c435223f9d870e6fa,,gx-no-cache=1471615378696 HTTP/1.1" 200 4144
192.168.10.17 - - [19/Aug/2016:10:04:52 -0300] "GET /cormun/servlet/trsolicitudnombre?12135823, HTTP/1.1" 200 7114
192.168.10.17 - - [19/Aug/2016:10:04:55 -0300] "GET /cormun/servlet/vesolicitudnombre?2016,2434,, HTTP/1.1" 200 8334
192.168.10.17 - - [19/Aug/2016:10:04:55 -0300] "GET /cormun/pexe_scrolldiv.js HTTP/1.1" 404 1009
192.168.10.17 - - [19/Aug/2016:10:05:11 -0300] "GET /cormun/servlet/vesolicitudnombre?2016,2434,,SolicitudOTAdjuntos HTTP/1.1" 200 9890
192.168.10.17 - - [19/Aug/2016:10:05:11 -0300] "GET /cormun/pexe_scrolldiv.js HTTP/1.1" 404 1009
192.168.10.17 - - [19/Aug/2016:10:05:13 -0300] "POST /cormun/servlet/acontrolpreferencessavestate?None,CDROGUETT,true HTTP/1.1" 200 35
192.168.10.17 - - [19/Aug/2016:10:05:15 -0300] "GET /cormun/PublicTempStorage/titulojpg4445682.jpg HTTP/1.1" 200 634902
186.103.157.98 - - [19/Aug/2016:10:05:18 -0300] "POST /cormun/servlet/trsolicitudadjuntos?4920f65f433c9e40e1e8ed16bf26e562,2016,2511,,gx-no-cache=1471611997828 HTTP/1.1" 200 90
186.103.157.98 - - [19/Aug/2016:10:05:19 -0300] "GET /cormun/servlet/hpexe_link HTTP/1.1" 200 968
186.103.157.98 - - [19/Aug/2016:10:05:19 -0300] "GET /cormun/servlet/trsolicitudot HTTP/1.1" 200 7867
186.67.172.234 - - [19/Aug/2016:10:05:22 -0300] "GET /cormun/servlet/solicitudot?21dd63b49649f7baf3d43b5f27f84c906e7c71128b344a885a0e27bbe3a409ca6288ce9bb7c7cd9bd592926ec47d5e26,gx-no-cache=1471615598775 HTTP/1.1" 200 30
186.67.172.234 - - [19/Aug/2016:10:05:22 -0300] "POST /cormun/servlet/solicitudot?gx-no-cache=1471615598879 HTTP/1.1" 200 30
186.67.172.234 - - [19/Aug/2016:10:05:25 -0300] "POST /cormun/servlet/solicitudot?gx-no-cache=1471615602425 HTTP/1.1" 200 30
186.103.157.98 - - [19/Aug/2016:10:05:34 -0300] "POST /cormun/servlet/trsolicitudot?4920f65f433c9e40e1e8ed16bf26e562,gx-no-cache=1471612013545 HTTP/1.1" 200 3992
186.103.157.98 - - [19/Aug/2016:10:05:34 -0300] "POST /cormun/servlet/trsolicitudot?4920f65f433c9e40e1e8ed16bf26e562,gx-no-cache=1471612013852 HTTP/1.1" 200 3814
186.103.157.98 - - [19/Aug/2016:10:05:35 -0300] "GET /cormun/static/Shared/jqueryui/images/ui-bg_highlight-soft_100_c6c2c8_1x100.png HTTP/1.1" 404 1117
186.103.157.98 - - [19/Aug/2016:10:05:35 -0300] "GET /cormun/static/Shared/jqueryui/images/ui-icons_82798d_256x240.png HTTP/1.1" 404 1089
186.103.157.98 - - [19/Aug/2016:10:05:35 -0300] "GET /cormun/static/Shared/jqueryui/images/ui-icons_8d78a5_256x240.png HTTP/1.1" 404 1089
186.103.157.98 - - [19/Aug/2016:10:05:35 -0300] "GET /cormun/static/Shared/jqueryui/images/ui-bg_flat_55_fafafa_40x100.png HTTP/1.1" 404 1097
186.67.172.234 - - [19/Aug/2016:10:05:36 -0300] "POST /cormun/servlet/solicitudot?gx-no-cache=1471615613055 HTTP/1.1" 200 1186
186.67.172.234 - - [19/Aug/2016:10:05:36 -0300] "GET /cormun/servlet/solicitudot?21dd63b49649f7baf3d43b5f27f84c90f2eca4b7ffa9eabe4e4d6b2bd4c0e997003f4a26f5b9bac3a81ca5f5b18fbf70dba9d1adddf1e1da286df8d72e0ec2224fba32810669ae77ddae3b74249d926d7291cd7e8a10f389108ce18532cff01d83f4dadbe23515d924c803ebf02191cae88c8c2438f5149ecec2bc157e90fac242e4d8dc594ebaa8cc94dc7d9eef5bd3,gx-no-cache=1471615613146 HTTP/1.1" 200 38
186.67.172.234 - - [19/Aug/2016:10:05:40 -0300] "GET /cormun/servlet/solicitudot?21dd63b49649f7baf3d43b5f27f84c9043a2dcb0ec859b68c88dcbb606dc9c370aa135730e45f8b5aec4693315a29cc374cadb3eb53693ba3ebbc87fe7d6a98730019ba496f74ced539d815319ef10778ad5fc720a60d8d8a9dab772c556e0d515d061ca324c42c7fc3bcd31ddd131e178ac9d3d1680fe0cc6864d3db813dba26eb604862b5fa2071fc1ae00b1ba3c826f79250b59e1c93e71769c7cee6ab4a127749cff62c8efc2dad951e037a7dcc1d9b81b30866cdd78bf4bd1e5e008aa4fd9c17219dfc0f7faf11f80a0d84685ef,gx-no-cache=1471615616865 HTTP/1.1" 200 29
186.67.172.234 - - [19/Aug/2016:10:05:42 -0300] "POST /cormun/servlet/solicitudot?gx-no-cache=1471615618959 HTTP/1.1" 200 1144
186.67.172.234 - - [19/Aug/2016:10:05:42 -0300] "GET /cormun/static/menuarrow.gif HTTP/1.1" 404 1015
186.103.157.98 - - [19/Aug/2016:10:05:47 -0300] "GET /cormun/servlet/trautorizarsolicitud? HTTP/1.1" 200 7794
186.67.172.234 - - [19/Aug/2016:10:05:57 -0300] "GET /cormun/servlet/solicitudot?21dd63b49649f7baf3d43b5f27f84c90e5329c1ea36c4fe124ebcf8156602f48d70b44203d90ad9d03023efc62f5a6e2e9d930f9184e1529af21b338548c6f0c020b65396a946b90f5d3b2767293c565feedbbad4a7d826151479c5347ac91f315e182f90d5ae297a1271caf5a7e7515d289a868cb064719ec4c413a09b47d7cc93a2c09bae475e57a103f5203d11075b5035cc280be7bfaf4988317eac406e19e9a103466b8e3a3ffd014f40ce54e80,gx-no-cache=1471615634295 HTTP/1.1" 200 30
186.67.172.234 - - [19/Aug/2016:10:05:57 -0300] "POST /cormun/servlet/solicitudot?47b600dbc333e41b15f8a8347f856551,INS,0,0,,gx-no-cache=1471615634356 HTTP/1.1" 200 93
186.67.172.234 - - [19/Aug/2016:10:05:57 -0300] "GET /cormun/servlet/hpexe_return? HTTP/1.1" 200 1006
186.67.172.234 - - [19/Aug/2016:10:05:58 -0300] "GET /cormun/servlet/trsolicitudot HTTP/1.1" 200 8279
186.67.172.234 - - [19/Aug/2016:10:05:59 -0300] "GET /cormun/servlet/trsolicitudot HTTP/1.1" 200 8275
186.103.157.98 - - [19/Aug/2016:10:05:59 -0300] "POST /cormun/servlet/trautorizarsolicitud?4920f65f433c9e40e1e8ed16bf26e562,,gx-no-cache=1471612038816 HTTP/1.1" 200 3964
186.103.157.98 - - [19/Aug/2016:10:06:00 -0300] "POST /cormun/servlet/trautorizarsolicitud?4920f65f433c9e40e1e8ed16bf26e562,,gx-no-cache=1471612039122 HTTP/1.1" 200 3792
186.103.157.98 - - [19/Aug/2016:10:06:00 -0300] "GET /cormun/static/Shared/jqueryui/images/ui-bg_flat_55_fafafa_40x100.png HTTP/1.1" 404 1097
186.103.157.98 - - [19/Aug/2016:10:06:00 -0300] "GET /cormun/static/Shared/jqueryui/images/ui-icons_8d78a5_256x240.png HTTP/1.1" 404 1089
186.103.157.98 - - [19/Aug/2016:10:06:00 -0300] "GET /cormun/static/Shared/jqueryui/images/ui-bg_highlight-soft_100_c6c2c8_1x100.png HTTP/1.1" 404 1117
186.103.157.98 - - [19/Aug/2016:10:06:00 -0300] "GET /cormun/static/Shared/jqueryui/images/ui-icons_82798d_256x240.png HTTP/1.1" 404 1089
186.103.157.98 - - [19/Aug/2016:10:06:34 -0300] "GET /cormun/servlet/trsolicitudot HTTP/1.1" 200 6602
186.67.172.234 - - [19/Aug/2016:10:06:35 -0300] "POST /cormun/servlet/trsolicitudot?47b600dbc333e41b15f8a8347f856551,gx-no-cache=1471615672181 HTTP/1.1" 200 5242
186.67.172.234 - - [19/Aug/2016:10:06:35 -0300] "POST /cormun/servlet/trsolicitudot?47b600dbc333e41b15f8a8347f856551,gx-no-cache=1471615672435 HTTP/1.1" 200 5184
186.67.172.234 - - [19/Aug/2016:10:06:37 -0300] "POST /cormun/servlet/trsolicitudot?47b600dbc333e41b15f8a8347f856551,gx-no-cache=1471615673874 HTTP/1.1" 200 3966
186.67.172.234 - - [19/Aug/2016:10:06:37 -0300] "POST /cormun/servlet/trsolicitudot?47b600dbc333e41b15f8a8347f856551,gx-no-cache=1471615674062 HTTP/1.1" 200 3815
192.168.10.17 - - [19/Aug/2016:10:06:39 -0300] "GET /cormun/servlet/vesolicitudnombre?2016,2434,,SolicitudOTAdjuntos HTTP/1.1" 200 9891
192.168.10.17 - - [19/Aug/2016:10:06:39 -0300] "GET /cormun/pexe_scrolldiv.js HTTP/1.1" 404 1009
192.168.10.17 - - [19/Aug/2016:10:06:41 -0300] "POST /cormun/servlet/acontrolpreferencessavestate?None,CDROGUETT,true HTTP/1.1" 200 35
192.168.10.17 - - [19/Aug/2016:10:06:42 -0300] "GET /cormun/PublicTempStorage/fonasa3958394.jpg HTTP/1.1" 200 387183
186.67.172.234 - - [19/Aug/2016:10:07:01 -0300] "GET /cormun/servlet/trautorizarsolicitud? HTTP/1.1" 200 8211
186.67.172.234 - - [19/Aug/2016:10:07:02 -0300] "GET /cormun/servlet/trautorizarsolicitud? HTTP/1.1" 200 8211
186.103.159.44 - - [19/Aug/2016:10:09:06 -0300] "POST /cormun/servlet/hlogin?0654d109afc62cad023156661808fe05,gx-no-cache=1471612216920 HTTP/1.1" 440 972
186.103.159.44 - - [19/Aug/2016:10:09:17 -0300] "GET /cormun/servlet/hlogin HTTP/1.1" 200 1725
186.67.172.234 - - [19/Aug/2016:10:09:24 -0300] "POST /cormun/servlet/trautorizarsolicitud?47b600dbc333e41b15f8a8347f856551,,gx-no-cache=1471615840814 HTTP/1.1" 200 115
186.67.172.234 - - [19/Aug/2016:10:09:24 -0300] "GET /cormun/servlet/solicitudotlog?INS,2016,2544,0,REC, HTTP/1.1" 200 5458
186.67.172.234 - - [19/Aug/2016:10:09:24 -0300] "GET /cormun/static/gxcfg.js?201631622494164 HTTP/1.1" 200 953
186.67.172.234 - - [19/Aug/2016:10:09:24 -0300] "GET /cormun/static/solicitudotlog.js?201631622494176 HTTP/1.1" 200 8270
186.67.172.234 - - [19/Aug/2016:10:09:25 -0300] "GET /cormun/servlet/solicitudotlog?INS,2016,2544,0,REC, HTTP/1.1" 200 5459
186.67.172.234 - - [19/Aug/2016:10:09:25 -0300] "GET /cormun/servlet/solicitudotlog?21dd63b49649f7baf3d43b5f27f84c90fcd5f6d4534e8befd68cf236323f4a51,gx-no-cache=1471615842328 HTTP/1.1" 200 26
186.103.159.44 - - [19/Aug/2016:10:09:30 -0300] "POST /cormun/servlet/hlogin?62bb7462fa34cbc6bc77ed9efcf97e96,gx-no-cache=1471612240589 HTTP/1.1" 200 90
186.103.159.44 - - [19/Aug/2016:10:09:30 -0300] "GET /cormun/servlet/hpexe_link HTTP/1.1" 200 942
186.103.159.44 - - [19/Aug/2016:10:09:30 -0300] "GET /cormun/servlet/hhome HTTP/1.1" 200 3604
186.67.172.234 - - [19/Aug/2016:10:09:36 -0300] "POST /cormun/servlet/solicitudotlog?47b600dbc333e41b15f8a8347f856551,INS,2016,2544,0,REC,,gx-no-cache=1471615853183 HTTP/1.1" 200 93
186.67.172.234 - - [19/Aug/2016:10:09:36 -0300] "GET /cormun/servlet/hpexe_return? HTTP/1.1" 200 1027
186.67.172.234 - - [19/Aug/2016:10:09:36 -0300] "GET /cormun/servlet/trautorizarsolicitud HTTP/1.1" 200 7866
186.67.172.234 - - [19/Aug/2016:10:09:37 -0300] "GET /cormun/servlet/trautorizarsolicitud HTTP/1.1" 200 7863
186.67.172.234 - - [19/Aug/2016:10:09:44 -0300] "POST /cormun/servlet/trautorizarsolicitud?47b600dbc333e41b15f8a8347f856551,gx-no-cache=1471615860859 HTTP/1.1" 200 115
186.67.172.234 - - [19/Aug/2016:10:09:44 -0300] "GET /cormun/servlet/solicitudotlog?INS,2016,2545,0,ANU, HTTP/1.1" 200 5460
186.67.172.234 - - [19/Aug/2016:10:09:44 -0300] "GET /cormun/servlet/solicitudotlog?INS,2016,2545,0,ANU, HTTP/1.1" 200 5461
186.67.172.234 - - [19/Aug/2016:10:09:45 -0300] "GET /cormun/servlet/solicitudotlog?21dd63b49649f7baf3d43b5f27f84c906d589a92b5d4418e76da445e56c578cb,gx-no-cache=1471615861876 HTTP/1.1" 200 26
186.67.172.234 - - [19/Aug/2016:10:09:48 -0300] "POST /cormun/servlet/solicitudotlog?47b600dbc333e41b15f8a8347f856551,INS,2016,2545,0,ANU,,gx-no-cache=1471615865178 HTTP/1.1" 200 93
186.67.172.234 - - [19/Aug/2016:10:09:48 -0300] "GET /cormun/servlet/hpexe_return? HTTP/1.1" 200 1027
186.67.172.234 - - [19/Aug/2016:10:09:48 -0300] "GET /cormun/servlet/trautorizarsolicitud HTTP/1.1" 200 6608
186.67.172.234 - - [19/Aug/2016:10:09:49 -0300] "GET /cormun/servlet/trautorizarsolicitud HTTP/1.1" 200 6604
186.67.172.234 - - [19/Aug/2016:10:10:35 -0300] "GET /cormun/servlet/trsolicitudot? HTTP/1.1" 200 7915
186.67.172.234 - - [19/Aug/2016:10:10:36 -0300] "GET /cormun/servlet/trsolicitudot? HTTP/1.1" 200 7914
186.67.172.234 - - [19/Aug/2016:10:10:44 -0300] "POST /cormun/servlet/trsolicitudot?47b600dbc333e41b15f8a8347f856551,,gx-no-cache=1471615921149 HTTP/1.1" 200 106
186.67.172.234 - - [19/Aug/2016:10:10:44 -0300] "GET /cormun/servlet/solicitudot?DLT,2016,2544, HTTP/1.1" 200 8852
186.67.172.234 - - [19/Aug/2016:10:10:45 -0300] "GET /cormun/servlet/solicitudot?DLT,2016,2544, HTTP/1.1" 200 8861
186.67.172.234 - - [19/Aug/2016:10:11:04 -0300] "POST /cormun/servlet/solicitudot?47b600dbc333e41b15f8a8347f856551,DLT,2016,2544,,gx-no-cache=1471615940566 HTTP/1.1" 200 93
186.67.172.234 - - [19/Aug/2016:10:11:04 -0300] "GET /cormun/servlet/hpexe_return? HTTP/1.1" 200 1012
186.67.172.234 - - [19/Aug/2016:10:11:04 -0300] "GET /cormun/servlet/trsolicitudot HTTP/1.1" 200 7918
186.67.172.234 - - [19/Aug/2016:10:11:05 -0300] "GET /cormun/servlet/trsolicitudot HTTP/1.1" 200 7914
191.112.77.12 - - [19/Aug/2016:10:11:09 -0300] "GET /cormun/servlet/hlogin HTTP/1.1" 200 1719
191.112.77.12 - - [19/Aug/2016:10:11:10 -0300] "GET /cormun/servlet/hlogin HTTP/1.1" 200 1729
186.67.172.234 - - [19/Aug/2016:10:11:17 -0300] "POST /cormun/servlet/trsolicitudot?47b600dbc333e41b15f8a8347f856551,gx-no-cache=1471615954151 HTTP/1.1" 200 106
186.67.172.234 - - [19/Aug/2016:10:11:17 -0300] "GET /cormun/servlet/solicitudot?UPD,2016,2544, HTTP/1.1" 200 13383
186.67.172.234 - - [19/Aug/2016:10:11:18 -0300] "GET /cormun/servlet/solicitudot?UPD,2016,2544, HTTP/1.1" 200 13393
186.67.172.234 - - [19/Aug/2016:10:11:18 -0300] "POST /cormun/servlet/solicitudot?gx-no-cache=1471615955451 HTTP/1.1" 200 2998
186.67.172.234 - - [19/Aug/2016:10:11:18 -0300] "POST /cormun/servlet/solicitudot?47b600dbc333e41b15f8a8347f856551,UPD,2016,2544,,gx-no-cache=1471615955603 HTTP/1.1" 200 9810
186.67.172.234 - - [19/Aug/2016:10:11:19 -0300] "GET /cormun/servlet/solicitudot?21dd63b49649f7baf3d43b5f27f84c9086528db2ecda27d5004be618fd503e5eee24409a305f48fdbcb31b1078bb1357,gx-no-cache=1471615955791 HTTP/1.1" 200 30
186.67.172.234 - - [19/Aug/2016:10:11:19 -0300] "POST /cormun/servlet/solicitudot?gx-no-cache=1471615955815 HTTP/1.1" 200 30
186.67.172.234 - - [19/Aug/2016:10:11:19 -0300] "POST /cormun/servlet/solicitudot?gx-no-cache=1471615955837 HTTP/1.1" 200 30
186.67.172.234 - - [19/Aug/2016:10:11:19 -0300] "POST /cormun/servlet/solicitudot?gx-no-cache=1471615955862 HTTP/1.1" 200 1187
186.67.172.234 - - [19/Aug/2016:10:11:19 -0300] "GET /cormun/servlet/solicitudot?21dd63b49649f7baf3d43b5f27f84c90f2eca4b7ffa9eabe4e4d6b2bd4c0e997003f4a26f5b9bac3a81ca5f5b18fbf70dba9d1adddf1e1da286df8d72e0ec2224fba32810669ae77ddae3b74249d926d7291cd7e8a10f389108ce18532cff01d83f4dadbe23515d924c803ebf02191cae88c8c2438f5149ecec2bc157e90fac24e2cd62bacef62348fe5c567a56ad069e1cbeb8fe6678f4f93352d29ede55cab,gx-no-cache=1471615955899 HTTP/1.1" 200 41
191.112.77.12 - - [19/Aug/2016:10:11:29 -0300] "POST /cormun/servlet/hlogin?70c5fd6099fac566b4b68643f917ee86,gx-no-cache=1471612367483 HTTP/1.1" 200 90
191.112.77.12 - - [19/Aug/2016:10:11:29 -0300] "GET /cormun/servlet/hpexe_link HTTP/1.1" 200 945
191.112.77.12 - - [19/Aug/2016:10:11:30 -0300] "GET /cormun/servlet/hhome HTTP/1.1" 200 3722
191.112.77.12 - - [19/Aug/2016:10:11:30 -0300] "GET /cormun/static/gxcfg.js?2015112210564248 HTTP/1.1" 200 953
191.112.77.12 - - [19/Aug/2016:10:11:30 -0300] "GET /cormun/static/Resources/Spanish/PXTools.css?10515224 HTTP/1.1" 200 89042
191.112.77.12 - - [19/Aug/2016:10:11:30 -0300] "GET /cormun/static/hhome.js?2015112210564255 HTTP/1.1" 200 777
191.112.77.12 - - [19/Aug/2016:10:11:32 -0300] "GET /cormun/servlet/hhome HTTP/1.1" 200 3720
186.67.172.234 - - [19/Aug/2016:10:12:03 -0300] "GET /cormun/servlet/solicitudot?21dd63b49649f7baf3d43b5f27f84c90f81c632e73a19517aecc98467fa8d78e3241a6917d46f2d6f1413c01c1ee2fc25a7b844ddf3eb099e4fcff358792324a7db69648d6aa427b799d860f885667e959a7174ec47dc83c5ea4cd801cdf3b10c5d5b6c7f7f5320f68b41c408f0bbee8d3bbe3a5ab94ab8013136d02dbe83f59771d85c21b31e5a654aa020fb72c4524956f04d88d8ce28782afe032f6ef843560d2939fbb39fc2a6e25818c896a4b8158d94d3866c9104bee6aa2cb121a452956c78e245f07c3e15eb64c642711d8fb,gx-no-cache=1471615999740 HTTP/1.1" 200 29
186.67.172.234 - - [19/Aug/2016:10:12:03 -0300] "POST /cormun/servlet/solicitudot?gx-no-cache=1471615999784 HTTP/1.1" 200 1144
186.67.172.234 - - [19/Aug/2016:10:12:03 -0300] "GET /cormun/servlet/solicitudot?21dd63b49649f7baf3d43b5f27f84c90ce3ef26b1e13ab0a49c63e97fe6c47058a6e9fe4661aa7e51d39f151b7ee5b60e9d930f9184e1529af21b338548c6f0c020b65396a946b90f5d3b2767293c565feedbbad4a7d826151479c5347ac91f315e182f90d5ae297a1271caf5a7e7515d289a868cb064719ec4c413a09b47d7cc93a2c09bae475e57a103f5203d11075b5035cc280be7bfaf4988317eac406e19e9a103466b8e3a3ffd014f40ce54e80,gx-no-cache=1471616000173 HTTP/1.1" 200 30
186.67.172.234 - - [19/Aug/2016:10:12:03 -0300] "POST /cormun/servlet/solicitudot?47b600dbc333e41b15f8a8347f856551,UPD,2016,2544,,gx-no-cache=1471616000237 HTTP/1.1" 200 93
186.67.172.234 - - [19/Aug/2016:10:12:03 -0300] "GET /cormun/servlet/hpexe_return? HTTP/1.1" 200 1012
186.67.172.234 - - [19/Aug/2016:10:12:03 -0300] "GET /cormun/servlet/trsolicitudot HTTP/1.1" 200 7919
186.67.172.234 - - [19/Aug/2016:10:12:04 -0300] "GET /cormun/servlet/trsolicitudot HTTP/1.1" 200 7916
186.67.172.234 - - [19/Aug/2016:10:12:09 -0300] "GET /cormun/servlet/solicitudot?INS,0,0, HTTP/1.1" 200 12120
186.67.172.234 - - [19/Aug/2016:10:12:09 -0300] "GET /cormun/servlet/solicitudot?INS,0,0, HTTP/1.1" 200 12125
186.103.159.44 - - [19/Aug/2016:10:12:29 -0300] "GET /cormun/servlet/trsolicitudot? HTTP/1.1" 200 6529
186.103.159.44 - - [19/Aug/2016:10:12:32 -0300] "GET /cormun/servlet/solicitudot?INS,0,0, HTTP/1.1" 200 11983
186.67.172.234 - - [19/Aug/2016:10:12:34 -0300] "POST /cormun/servlet/solicitudot?gx-no-cache=1471616031111 HTTP/1.1" 200 2998
186.67.172.234 - - [19/Aug/2016:10:12:34 -0300] "POST /cormun/servlet/solicitudot?47b600dbc333e41b15f8a8347f856551,INS,0,0,,gx-no-cache=1471616031345 HTTP/1.1" 200 9174
186.67.172.234 - - [19/Aug/2016:10:12:42 -0300] "GET /cormun/servlet/solicitudot?21dd63b49649f7baf3d43b5f27f84c9086528db2ecda27d5004be618fd503e5e6288ce9bb7c7cd9bd592926ec47d5e26,gx-no-cache=1471616039109 HTTP/1.1" 200 30
186.67.172.234 - - [19/Aug/2016:10:12:42 -0300] "POST /cormun/servlet/solicitudot?gx-no-cache=1471616039182 HTTP/1.1" 200 30
186.67.172.234 - - [19/Aug/2016:10:12:44 -0300] "POST /cormun/servlet/solicitudot?gx-no-cache=1471616040778 HTTP/1.1" 200 30
186.67.172.234 - - [19/Aug/2016:10:12:46 -0300] "POST /cormun/servlet/solicitudot?gx-no-cache=1471616043357 HTTP/1.1" 200 1187
186.67.172.234 - - [19/Aug/2016:10:12:46 -0300] "GET /cormun/servlet/solicitudot?21dd63b49649f7baf3d43b5f27f84c90f2eca4b7ffa9eabe4e4d6b2bd4c0e997003f4a26f5b9bac3a81ca5f5b18fbf70dba9d1adddf1e1da286df8d72e0ec2224fba32810669ae77ddae3b74249d926d7291cd7e8a10f389108ce18532cff01d83f4dadbe23515d924c803ebf02191cae88c8c2438f5149ecec2bc157e90fac242e4d8dc594ebaa8cc94dc7d9eef5bd3,gx-no-cache=1471616043437 HTTP/1.1" 200 38
191.112.77.12 - - [19/Aug/2016:10:12:59 -0300] "GET /cormun/Manuales/ManualSolicitud.pdf HTTP/1.1" 206 182133
186.67.172.234 - - [19/Aug/2016:10:13:01 -0300] "GET /cormun/servlet/solicitudot?21dd63b49649f7baf3d43b5f27f84c9043a2dcb0ec859b68c88dcbb606dc9c370aa135730e45f8b5aec4693315a29cc374cadb3eb53693ba3ebbc87fe7d6a98730019ba496f74ced539d815319ef10778ad5fc720a60d8d8a9dab772c556e0d515d061ca324c42c7fc3bcd31ddd131e178ac9d3d1680fe0cc6864d3db813dba26eb604862b5fa2071fc1ae00b1ba3c826f79250b59e1c93e71769c7cee6ab4a127749cff62c8efc2dad951e037a7dcc1d9b81b30866cdd78bf4bd1e5e008aa4fd9c17219dfc0f7faf11f80a0d84685ef,gx-no-cache=1471616057752 HTTP/1.1" 200 29
186.67.172.234 - - [19/Aug/2016:10:13:05 -0300] "POST /cormun/servlet/solicitudot?gx-no-cache=1471616062421 HTTP/1.1" 200 1144
186.67.172.234 - - [19/Aug/2016:10:13:05 -0300] "GET /cormun/static/menuarrow.gif HTTP/1.1" 404 1015
186.67.172.234 - - [19/Aug/2016:10:13:29 -0300] "GET /cormun/servlet/solicitudot?21dd63b49649f7baf3d43b5f27f84c90ce3ef26b1e13ab0a49c63e97fe6c47058a6e9fe4661aa7e51d39f151b7ee5b60e9d930f9184e1529af21b338548c6f0c020b65396a946b90f5d3b2767293c565feedbbad4a7d826151479c5347ac91f315e182f90d5ae297a1271caf5a7e7515d289a868cb064719ec4c413a09b47d7cc93a2c09bae475e57a103f5203d11075b5035cc280be7bfaf4988317eac406e19e9a103466b8e3a3ffd014f40ce54e80,gx-no-cache=1471616086661 HTTP/1.1" 200 30
186.67.172.234 - - [19/Aug/2016:10:13:30 -0300] "POST /cormun/servlet/solicitudot?47b600dbc333e41b15f8a8347f856551,INS,0,0,,gx-no-cache=1471616086712 HTTP/1.1" 200 93
186.67.172.234 - - [19/Aug/2016:10:13:30 -0300] "GET /cormun/servlet/hpexe_return? HTTP/1.1" 200 1006
186.67.172.234 - - [19/Aug/2016:10:13:30 -0300] "GET /cormun/servlet/trsolicitudot HTTP/1.1" 200 8215
186.67.172.234 - - [19/Aug/2016:10:13:30 -0300] "GET /cormun/servlet/trsolicitudot HTTP/1.1" 200 8211
191.112.77.12 - - [19/Aug/2016:10:13:35 -0300] "GET /cormun/servlet/hhome HTTP/1.1" 200 3722
191.112.77.12 - - [19/Aug/2016:10:13:37 -0300] "GET /cormun/servlet/hhome HTTP/1.1" 200 3720
191.112.77.12 - - [19/Aug/2016:10:13:39 -0300] "GET /cormun/servlet/trsolicitudot? HTTP/1.1" 200 6637
191.112.77.12 - - [19/Aug/2016:10:13:39 -0300] "GET /cormun/static/gxui/gxui-all.css?120300 HTTP/1.1" 200 2179
191.112.77.12 - - [19/Aug/2016:10:13:39 -0300] "GET /cormun/static/calendar-system.css?85620 HTTP/1.1" 200 5572
191.112.77.12 - - [19/Aug/2016:10:13:39 -0300] "GET /cormun/static/gxcfg.js?201631022392470 HTTP/1.1" 200 953
191.112.77.12 - - [19/Aug/2016:10:13:40 -0300] "GET /cormun/static/Resources/Spanish/PXTools.css?2139548 HTTP/1.1" 200 89042
191.112.77.12 - - [19/Aug/2016:10:13:41 -0300] "GET /cormun/static/Shared/ext/resources/css/ext-all.css?215870 HTTP/1.1" 200 416045
191.112.77.12 - - [19/Aug/2016:10:13:43 -0300] "GET /cormun/servlet/trsolicitudot? HTTP/1.1" 200 6637
191.112.77.12 - - [19/Aug/2016:10:13:50 -0300] "GET /cormun/servlet/solicitudot?INS,0,0, HTTP/1.1" 200 12093
191.112.77.12 - - [19/Aug/2016:10:13:50 -0300] "GET /cormun/static/gxcfg.js?201631710541238 HTTP/1.1" 200 953
191.112.77.12 - - [19/Aug/2016:10:13:50 -0300] "GET /cormun/static/solicitudot.js?201631710541292 HTTP/1.1" 200 45515
191.112.77.12 - - [19/Aug/2016:10:13:50 -0300] "GET /cormun/static/Resources/Spanish/PXTools.css?22445990 HTTP/1.1" 200 89042
186.67.172.234 - - [19/Aug/2016:10:13:52 -0300] "GET /cormun/servlet/solicitudot?INS,0,0, HTTP/1.1" 200 12120
191.112.77.12 - - [19/Aug/2016:10:13:53 -0300] "GET /cormun/servlet/solicitudot?INS,0,0, HTTP/1.1" 200 12098
186.67.172.234 - - [19/Aug/2016:10:13:53 -0300] "GET /cormun/servlet/solicitudot?INS,0,0, HTTP/1.1" 200 12125
186.67.172.234 - - [19/Aug/2016:10:14:17 -0300] "POST /cormun/servlet/solicitudot?gx-no-cache=1471616134491 HTTP/1.1" 200 3004
186.67.172.234 - - [19/Aug/2016:10:14:18 -0300] "POST /cormun/servlet/solicitudot?47b600dbc333e41b15f8a8347f856551,INS,0,0,,gx-no-cache=1471616134654 HTTP/1.1" 200 9180
186.67.172.234 - - [19/Aug/2016:10:14:28 -0300] "GET /cormun/servlet/solicitudot?21dd63b49649f7baf3d43b5f27f84c906e7c71128b344a885a0e27bbe3a409ca6288ce9bb7c7cd9bd592926ec47d5e26,gx-no-cache=1471616145250 HTTP/1.1" 200 30
186.67.172.234 - - [19/Aug/2016:10:14:28 -0300] "POST /cormun/servlet/solicitudot?gx-no-cache=1471616145310 HTTP/1.1" 200 30
186.67.172.234 - - [19/Aug/2016:10:14:30 -0300] "POST /cormun/servlet/solicitudot?gx-no-cache=1471616146696 HTTP/1.1" 200 30
186.67.172.234 - - [19/Aug/2016:10:14:32 -0300] "POST /cormun/servlet/solicitudot?gx-no-cache=1471616149308 HTTP/1.1" 200 1186
186.67.172.234 - - [19/Aug/2016:10:14:32 -0300] "GET /cormun/servlet/solicitudot?21dd63b49649f7baf3d43b5f27f84c90f2eca4b7ffa9eabe4e4d6b2bd4c0e997003f4a26f5b9bac3a81ca5f5b18fbf70dba9d1adddf1e1da286df8d72e0ec2224fba32810669ae77ddae3b74249d926d7291cd7e8a10f389108ce18532cff01d83f4dadbe23515d924c803ebf02191cae88c8c2438f5149ecec2bc157e90fac242e4d8dc594ebaa8cc94dc7d9eef5bd3,gx-no-cache=1471616149374 HTTP/1.1" 200 38
186.67.172.234 - - [19/Aug/2016:10:14:37 -0300] "GET /cormun/servlet/solicitudot?21dd63b49649f7baf3d43b5f27f84c9043a2dcb0ec859b68c88dcbb606dc9c370aa135730e45f8b5aec4693315a29cc374cadb3eb53693ba3ebbc87fe7d6a98730019ba496f74ced539d815319ef10778ad5fc720a60d8d8a9dab772c556e0d515d061ca324c42c7fc3bcd31ddd131e178ac9d3d1680fe0cc6864d3db813dba26eb604862b5fa2071fc1ae00b1ba3c826f79250b59e1c93e71769c7cee6ab4a127749cff62c8efc2dad951e037a7dcc1d9b81b30866cdd78bf4bd1e5e008aa4fd9c17219dfc0f7faf11f80a0d84685ef,gx-no-cache=1471616154585 HTTP/1.1" 200 29
186.67.172.234 - - [19/Aug/2016:10:14:45 -0300] "POST /cormun/servlet/solicitudot?gx-no-cache=1471616162245 HTTP/1.1" 200 1144
186.67.172.234 - - [19/Aug/2016:10:15:55 -0300] "GET /cormun/servlet/solicitudot?21dd63b49649f7baf3d43b5f27f84c90e5329c1ea36c4fe124ebcf8156602f48d70b44203d90ad9d03023efc62f5a6e2e9d930f9184e1529af21b338548c6f0c020b65396a946b90f5d3b2767293c565feedbbad4a7d826151479c5347ac91f315e182f90d5ae297a1271caf5a7e7515d289a868cb064719ec4c413a09b47d7cc93a2c09bae475e57a103f5203d11075b5035cc280be7bfaf4988317eac406e19e9a103466b8e3a3ffd014f40ce54e80,gx-no-cache=1471616232083 HTTP/1.1" 200 30
186.67.172.234 - - [19/Aug/2016:10:15:56 -0300] "POST /cormun/servlet/solicitudot?47b600dbc333e41b15f8a8347f856551,INS,0,0,,gx-no-cache=1471616233157 HTTP/1.1" 200 93
186.67.172.234 - - [19/Aug/2016:10:15:56 -0300] "GET /cormun/servlet/hpexe_return? HTTP/1.1" 200 1006
186.67.172.234 - - [19/Aug/2016:10:15:56 -0300] "GET /cormun/servlet/trsolicitudot HTTP/1.1" 200 8522
186.67.172.234 - - [19/Aug/2016:10:15:57 -0300] "GET /cormun/servlet/trsolicitudot HTTP/1.1" 200 8517
186.67.172.234 - - [19/Aug/2016:10:16:07 -0300] "GET /cormun/servlet/solicitudot?INS,0,0, HTTP/1.1" 200 12120
186.67.172.234 - - [19/Aug/2016:10:16:07 -0300] "GET /cormun/servlet/solicitudot?INS,0,0, HTTP/1.1" 200 12125
186.67.172.234 - - [19/Aug/2016:10:16:17 -0300] "POST /cormun/servlet/solicitudot?gx-no-cache=1471616253862 HTTP/1.1" 200 3004
186.67.172.234 - - [19/Aug/2016:10:16:17 -0300] "POST /cormun/servlet/solicitudot?47b600dbc333e41b15f8a8347f856551,INS,0,0,,gx-no-cache=1471616254012 HTTP/1.1" 200 9179
186.67.172.234 - - [19/Aug/2016:10:16:25 -0300] "GET /cormun/servlet/solicitudot?21dd63b49649f7baf3d43b5f27f84c906e7c71128b344a885a0e27bbe3a409ca6288ce9bb7c7cd9bd592926ec47d5e26,gx-no-cache=1471616262055 HTTP/1.1" 200 30
186.67.172.234 - - [19/Aug/2016:10:16:25 -0300] "POST /cormun/servlet/solicitudot?gx-no-cache=1471616262112 HTTP/1.1" 200 30
186.67.172.234 - - [19/Aug/2016:10:16:27 -0300] "POST /cormun/servlet/solicitudot?gx-no-cache=1471616263816 HTTP/1.1" 200 30
191.112.108.80 - - [19/Aug/2016:10:16:29 -0300] "GET /cormun/servlet/solicitudot?INS,0,0, HTTP/1.1" 200 11967
186.67.172.234 - - [19/Aug/2016:10:16:29 -0300] "POST /cormun/servlet/solicitudot?gx-no-cache=1471616266261 HTTP/1.1" 200 1186
186.67.172.234 - - [19/Aug/2016:10:16:29 -0300] "GET /cormun/servlet/solicitudot?21dd63b49649f7baf3d43b5f27f84c90f2eca4b7ffa9eabe4e4d6b2bd4c0e997003f4a26f5b9bac3a81ca5f5b18fbf70dba9d1adddf1e1da286df8d72e0ec2224fba32810669ae77ddae3b74249d926d7291cd7e8a10f389108ce18532cff01d83f4dadbe23515d924c803ebf02191cae88c8c2438f5149ecec2bc157e90fac242e4d8dc594ebaa8cc94dc7d9eef5bd3,gx-no-cache=1471616266338 HTTP/1.1" 200 38
191.112.108.80 - - [19/Aug/2016:10:16:31 -0300] "GET /cormun/servlet/solicitudot?INS,0,0, HTTP/1.1" 200 11972
186.67.172.234 - - [19/Aug/2016:10:16:36 -0300] "GET /cormun/servlet/solicitudot?21dd63b49649f7baf3d43b5f27f84c9043a2dcb0ec859b68c88dcbb606dc9c370aa135730e45f8b5aec4693315a29cc374cadb3eb53693ba3ebbc87fe7d6a98730019ba496f74ced539d815319ef10778ad5fc720a60d8d8a9dab772c556e0d515d061ca324c42c7fc3bcd31ddd131e178ac9d3d1680fe0cc6864d3db813dba26eb604862b5fa2071fc1ae00b1ba3c826f79250b59e1c93e71769c7cee6ab4a127749cff62c8efc2dad951e037a7dcc1d9b81b30866cdd78bf4bd1e5e008aa4fd9c17219dfc0f7faf11f80a0d84685ef,gx-no-cache=1471616273205 HTTP/1.1" 200 29
186.67.172.234 - - [19/Aug/2016:10:16:38 -0300] "POST /cormun/servlet/solicitudot?gx-no-cache=1471616274841 HTTP/1.1" 200 1144
191.112.108.80 - - [19/Aug/2016:10:16:44 -0300] "POST /cormun/servlet/solicitudot?gx-no-cache=1471612680344 HTTP/1.1" 200 2998
191.112.108.80 - - [19/Aug/2016:10:16:45 -0300] "POST /cormun/servlet/solicitudot?b9a4c3c3eec7fb0523160c6edb2a781a,INS,0,0,,gx-no-cache=1471612680836 HTTP/1.1" 200 9114
191.112.108.80 - - [19/Aug/2016:10:16:57 -0300] "GET /cormun/servlet/solicitudot?6f1ed0b5a8b5371a47939df4dcfebfde11013c330256e85255c509524db152f60f02d3148933d8affdbfdea91c88ac27,gx-no-cache=1471612692861 HTTP/1.1" 200 30
191.112.108.80 - - [19/Aug/2016:10:16:57 -0300] "POST /cormun/servlet/solicitudot?gx-no-cache=1471612692996 HTTP/1.1" 200 30
191.112.108.80 - - [19/Aug/2016:10:17:00 -0300] "POST /cormun/servlet/solicitudot?gx-no-cache=1471612696016 HTTP/1.1" 200 30
191.112.108.80 - - [19/Aug/2016:10:17:03 -0300] "POST /cormun/servlet/solicitudot?gx-no-cache=1471612699449 HTTP/1.1" 200 1186
191.112.108.80 - - [19/Aug/2016:10:17:03 -0300] "GET /cormun/servlet/solicitudot?6f1ed0b5a8b5371a47939df4dcfebfdee4cf21df0c940f07fde18f30c156f06ce763e228bd834671425591c972615208e0077b9934424dea36bdb70fd43eab887ae186e5fa480b2ee6d4569a0da28f54c9e392148e52be8eec62697a70fddb6485a913dea97f56073bf02603b304945a4c92a785aeca098fe7a084175971759488921633b61e9e06aff7aef0d22727ef,gx-no-cache=1471612699636 HTTP/1.1" 200 38
191.112.108.80 - - [19/Aug/2016:10:17:13 -0300] "GET /cormun/servlet/solicitudot?6f1ed0b5a8b5371a47939df4dcfebfde5c3414d544ae2beaff244c77f8f973f68c659e7aa810e5950329e3836d37a7cb764a7bbade185ebeade9e6b317c1ab9ba51137f0431062e71b9c4a40d67c219538633774596926d61a574d2ca1a1e5848f4b8f3a1bd15ded578a6730030c8ff7422949090a0ce883daa26df3190753ee5b1a25d011ed3ed3730198df728662f13a303e0f69fe1e0aa099b6c95f353a3a7a79fc156d32100d0301f6afffebc72636e06bdf578c0e6c87be053958904567b76af14720ab6a14d6373173c1049695,gx-no-cache=1471612709085 HTTP/1.1" 200 29
191.112.108.80 - - [19/Aug/2016:10:17:18 -0300] "POST /cormun/servlet/solicitudot?gx-no-cache=1471612713851 HTTP/1.1" 200 1143
186.67.172.234 - - [19/Aug/2016:10:17:32 -0300] "GET /cormun/servlet/solicitudot?21dd63b49649f7baf3d43b5f27f84c90e5329c1ea36c4fe124ebcf8156602f48d70b44203d90ad9d03023efc62f5a6e2e9d930f9184e1529af21b338548c6f0c020b65396a946b90f5d3b2767293c565feedbbad4a7d826151479c5347ac91f315e182f90d5ae297a1271caf5a7e7515d289a868cb064719ec4c413a09b47d7cc93a2c09bae475e57a103f5203d11075b5035cc280be7bfaf4988317eac406e19e9a103466b8e3a3ffd014f40ce54e80,gx-no-cache=1471616328964 HTTP/1.1" 200 30
186.67.172.234 - - [19/Aug/2016:10:17:32 -0300] "POST /cormun/servlet/solicitudot?47b600dbc333e41b15f8a8347f856551,INS,0,0,,gx-no-cache=1471616329068 HTTP/1.1" 200 93
186.67.172.234 - - [19/Aug/2016:10:17:32 -0300] "GET /cormun/servlet/hpexe_return? HTTP/1.1" 200 1006
186.67.172.234 - - [19/Aug/2016:10:17:33 -0300] "GET /cormun/servlet/trsolicitudot HTTP/1.1" 200 8734
186.67.172.234 - - [19/Aug/2016:10:17:33 -0300] "GET /cormun/servlet/trsolicitudot HTTP/1.1" 200 8730
191.112.108.80 - - [19/Aug/2016:10:17:47 -0300] "GET /cormun/servlet/solicitudot?6f1ed0b5a8b5371a47939df4dcfebfdefbab3b307e8ab0a2d22e4b1ef4d46298339b5a390a9613c21aedb88c2aecb48f6c365c89e77320f094cf1ce93327053e03a9624d2a620fcbfda775992266349b8a4851ab42d84833acd8aa7a2891f1b6206d6a40a15983500731e9ee7053fe488b05d9e05ec6e3d7063aa6fc832338d0f393a6e6bc3489bfb68e8549ea90c6ccdb38ff349c2cba39dd91f8136a51aa9c5b4135dec3910df76aaade3b83a8010c,gx-no-cache=1471612743380 HTTP/1.1" 200 30
191.112.108.80 - - [19/Aug/2016:10:18:07 -0300] "POST /cormun/servlet/solicitudot?b9a4c3c3eec7fb0523160c6edb2a781a,INS,0,0,,gx-no-cache=1471612762929 HTTP/1.1" 200 93
191.112.108.80 - - [19/Aug/2016:10:18:07 -0300] "GET /cormun/servlet/hpexe_return? HTTP/1.1" 200 1014
191.112.108.80 - - [19/Aug/2016:10:18:08 -0300] "GET /cormun/servlet/trsolicitudot HTTP/1.1" 200 12011
191.112.108.80 - - [19/Aug/2016:10:18:11 -0300] "GET /cormun/servlet/trsolicitudot HTTP/1.1" 200 12006
