191.112.108.80 - - [19/Aug/2016:09:26:33 -0300] "POST /cormun/servlet/solicitudot?gx-no-cache=1471609669213 HTTP/1.1" 200 1143
186.103.159.186 - - [19/Aug/2016:09:26:34 -0300] "POST /cormun/servlet/solicitudot?f61df0d03d1b0cf3a35bf878eb2667a0,INS,0,0,,gx-no-cache=1471613269566 HTTP/1.1" 200 93
186.103.159.186 - - [19/Aug/2016:09:26:34 -0300] "GET /cormun/servlet/hpexe_return? HTTP/1.1" 200 1009
186.103.159.186 - - [19/Aug/2016:09:26:35 -0300] "GET /cormun/servlet/trsolicitudot HTTP/1.1" 200 7761
186.103.159.186 - - [19/Aug/2016:09:26:38 -0300] "GET /cormun/servlet/trsolicitudot HTTP/1.1" 200 7758
186.103.159.186 - - [19/Aug/2016:09:26:54 -0300] "POST /cormun/servlet/trsolicitudot?f61df0d03d1b0cf3a35bf878eb2667a0,gx-no-cache=1471613289413 HTTP/1.1" 200 3909
186.103.159.186 - - [19/Aug/2016:09:26:55 -0300] "GET /cormun/static/Shared/jqueryui/images/ui-bg_highlight-soft_100_c6c2c8_1x100.png HTTP/1.1" 404 1117
186.103.159.186 - - [19/Aug/2016:09:26:55 -0300] "GET /cormun/static/Shared/jqueryui/images/ui-icons_8d78a5_256x240.png HTTP/1.1" 404 1089
186.103.159.186 - - [19/Aug/2016:09:26:55 -0300] "GET /cormun/static/Shared/jqueryui/images/ui-icons_82798d_256x240.png HTTP/1.1" 404 1089
186.103.159.186 - - [19/Aug/2016:09:26:55 -0300] "POST /cormun/servlet/trsolicitudot?f61df0d03d1b0cf3a35bf878eb2667a0,gx-no-cache=1471613290281 HTTP/1.1" 200 3760
186.103.159.189 - - [19/Aug/2016:09:27:12 -0300] "GET /cormun/servlet/solicitudot?86d8c8aeecfda11d6941053b8f3196130d7d03e3468bd3447367a547159d85d18d707117ad4aa527ebd3d0b1852e8cb9533067bb101b507484c055e0fb8fad62c54fc2f9df4871efa69a883b0665aee8a6b6a1cad6c2ed5b7a0f3b4b419850cbd61b0b857d4bfd4f49ebcf08a60c549cf24a226db581703071fd2a4092975cee784d8faf60436987acc7b99742357591fc200f0979f3a3bfdbcce3bb89ed7f9744441a1eb62f5145f3e7434a11b1982c,gx-no-cache=1471609699730 HTTP/1.1" 200 30
186.103.159.186 - - [19/Aug/2016:09:27:13 -0300] "GET /cormun/servlet/solicitudot?INS,0,0, HTTP/1.1" 200 11950
186.103.159.186 - - [19/Aug/2016:09:27:16 -0300] "GET /cormun/servlet/solicitudot?INS,0,0, HTTP/1.1" 200 11955
186.103.159.186 - - [19/Aug/2016:09:27:17 -0300] "GET /cormun/static/Shared/jqueryui/images/ui-bg_flat_55_fafafa_40x100.png HTTP/1.1" 404 1097
186.103.159.189 - - [19/Aug/2016:09:27:26 -0300] "GET /cormun/servlet/solicitudot?86d8c8aeecfda11d6941053b8f3196130d7d03e3468bd3447367a547159d85d18d707117ad4aa527ebd3d0b1852e8cb9533067bb101b507484c055e0fb8fad62c54fc2f9df4871efa69a883b0665aee8a6b6a1cad6c2ed5b7a0f3b4b419850cbd61b0b857d4bfd4f49ebcf08a60c549cf24a226db581703071fd2a4092975cee784d8faf60436987acc7b99742357591fc200f0979f3a3bfdbcce3bb89ed7f9744441a1eb62f5145f3e7434a11b1982c,gx-no-cache=1471609722623 HTTP/1.1" 200 30
186.103.159.186 - - [19/Aug/2016:09:27:31 -0300] "POST /cormun/servlet/solicitudot?gx-no-cache=1471613327003 HTTP/1.1" 200 2996
186.103.159.186 - - [19/Aug/2016:09:27:32 -0300] "POST /cormun/servlet/solicitudot?f61df0d03d1b0cf3a35bf878eb2667a0,INS,0,0,,gx-no-cache=1471613327241 HTTP/1.1" 200 9079
186.103.159.186 - - [19/Aug/2016:09:27:35 -0300] "GET /cormun/servlet/solicitudot?18a71364a6053a0bf9e2f74ed32f4f03d43bf1545a7c3fa37159532d07cd221c38ee8749d4264fd9914a868322154321,gx-no-cache=1471613330567 HTTP/1.1" 200 30
186.103.159.186 - - [19/Aug/2016:09:27:35 -0300] "POST /cormun/servlet/solicitudot?gx-no-cache=1471613330655 HTTP/1.1" 200 30
186.103.159.186 - - [19/Aug/2016:09:27:37 -0300] "POST /cormun/servlet/solicitudot?gx-no-cache=1471613332453 HTTP/1.1" 200 30
186.103.159.186 - - [19/Aug/2016:09:27:40 -0300] "POST /cormun/servlet/solicitudot?gx-no-cache=1471613335384 HTTP/1.1" 200 1186
186.103.159.186 - - [19/Aug/2016:09:27:40 -0300] "GET /cormun/servlet/solicitudot?18a71364a6053a0bf9e2f74ed32f4f035534ce1697a9eaaa32555a4ed1a7e1c242e8302c17f6a3a2031c34ddc7bd86e2c8f161b91f2f2b20f381c11a8ff12c99af12d566d58857b5079c5c1fe6d5cfe198efc6b0d5d5e28d439aca2937bd959dbb8a782e02261a4a927f84a0b3ea6ed67fb41a408ea43896eda13b1ee9c2a8bb6f01a540dbacfd9b5547461774e007c4,gx-no-cache=1471613335572 HTTP/1.1" 200 38
186.103.159.186 - - [19/Aug/2016:09:27:44 -0300] "GET /cormun/servlet/solicitudot?18a71364a6053a0bf9e2f74ed32f4f03ecafba78542a53f46e6db1cf886ebb34292740549ded5f25cf8727c0c31908a6751efccc4dde4bad4d765e1f5004d1cd7bcab873218d985972c01d9983bf180c2a39ba9f290c19aeadd0d0ca56cc8a6ec84d81c82cdb905f92d3bb87e87a676f,gx-no-cache=1471613339670 HTTP/1.1" 200 29
186.103.159.186 - - [19/Aug/2016:09:27:44 -0300] "POST /cormun/servlet/solicitudot?gx-no-cache=1471613339734 HTTP/1.1" 200 1143
186.103.159.186 - - [19/Aug/2016:09:27:44 -0300] "GET /cormun/static/menuarrow.gif HTTP/1.1" 404 1015
186.103.159.186 - - [19/Aug/2016:09:27:58 -0300] "GET /cormun/servlet/solicitudot?18a71364a6053a0bf9e2f74ed32f4f033cefa918d9df44a9760c6df31b5b6c62a81526842b7d447cacb0ceb3dc75bcb75637dc36e52e3219ace7ffd1288cd3f80b23134a725bdca2fdde232c7e46ea3e998d2667ff0df380f3627bbf9c579c44b8d2aaa2f26645d2190b7387f5bb3534ce78dacf6158c670e9d660cfc74c4fb69871ac555a08e484c6a1796c88eb74dd60f205c317a58275f5e3b4d707ddc0e9ce6fd9c9612cce680d4101822f07e1ad,gx-no-cache=1471613353360 HTTP/1.1" 200 30
186.103.159.189 - - [19/Aug/2016:09:28:00 -0300] "POST /cormun/servlet/solicitudot?92f43d0d91322d83d4d46ba0c98819cb,INS,0,0,,gx-no-cache=1471609756091 HTTP/1.1" 200 10014
186.103.159.189 - - [19/Aug/2016:09:28:00 -0300] "GET /cormun/static/Shared/jqueryui/images/ui-bg_flat_55_994d53_40x100.png HTTP/1.1" 404 1097
186.103.159.189 - - [19/Aug/2016:09:28:00 -0300] "GET /cormun/static/Shared/jqueryui/images/ui-icons_ebccce_256x240.png HTTP/1.1" 404 1089
186.103.159.186 - - [19/Aug/2016:09:28:27 -0300] "POST /cormun/servlet/solicitudot?f61df0d03d1b0cf3a35bf878eb2667a0,INS,0,0,,gx-no-cache=1471613377690 HTTP/1.1" 200 93
186.103.159.186 - - [19/Aug/2016:09:28:27 -0300] "GET /cormun/servlet/hpexe_return? HTTP/1.1" 200 1030
186.103.159.186 - - [19/Aug/2016:09:28:27 -0300] "GET /cormun/servlet/trsolicitudot?gx-no-cache=1471613290281 HTTP/1.1" 200 7731
186.103.159.186 - - [19/Aug/2016:09:28:30 -0300] "GET /cormun/servlet/trsolicitudot?gx-no-cache=1471613290281 HTTP/1.1" 200 7749
191.112.108.80 - - [19/Aug/2016:09:28:37 -0300] "GET /cormun/servlet/solicitudot?6f1ed0b5a8b5371a47939df4dcfebfdecabe913faa040d7f1dc0d2a48964fced0f5b6c56ff38f85611c310ba004a395f6c365c89e77320f094cf1ce93327053e03a9624d2a620fcbfda775992266349b8a4851ab42d84833acd8aa7a2891f1b6206d6a40a15983500731e9ee7053fe488b05d9e05ec6e3d7063aa6fc832338d0f393a6e6bc3489bfb68e8549ea90c6ccdb38ff349c2cba39dd91f8136a51aa9c5b4135dec3910df76aaade3b83a8010c,gx-no-cache=1471609792744 HTTP/1.1" 200 30
186.103.159.186 - - [19/Aug/2016:09:28:49 -0300] "POST /cormun/servlet/trsolicitudot?f61df0d03d1b0cf3a35bf878eb2667a0,gx-no-cache=1471613290281,gx-no-cache=1471613404159 HTTP/1.1" 200 3907
191.112.108.80 - - [19/Aug/2016:09:28:49 -0300] "POST /cormun/servlet/solicitudot?b9a4c3c3eec7fb0523160c6edb2a781a,INS,0,0,,gx-no-cache=1471609804930 HTTP/1.1" 200 93
186.103.159.186 - - [19/Aug/2016:09:28:49 -0300] "GET /cormun/static/Shared/jqueryui/images/ui-bg_highlight-soft_100_c6c2c8_1x100.png HTTP/1.1" 404 1117
186.103.159.186 - - [19/Aug/2016:09:28:49 -0300] "GET /cormun/static/Shared/jqueryui/images/ui-icons_82798d_256x240.png HTTP/1.1" 404 1089
186.103.159.186 - - [19/Aug/2016:09:28:49 -0300] "GET /cormun/static/Shared/jqueryui/images/ui-bg_flat_55_fafafa_40x100.png HTTP/1.1" 404 1097
186.103.159.186 - - [19/Aug/2016:09:28:49 -0300] "GET /cormun/static/Shared/jqueryui/images/ui-icons_8d78a5_256x240.png HTTP/1.1" 404 1089
191.112.108.80 - - [19/Aug/2016:09:28:49 -0300] "GET /cormun/servlet/hpexe_return? HTTP/1.1" 200 1014
186.103.159.186 - - [19/Aug/2016:09:28:49 -0300] "POST /cormun/servlet/trsolicitudot?f61df0d03d1b0cf3a35bf878eb2667a0,gx-no-cache=1471613290281,gx-no-cache=1471613404817 HTTP/1.1" 200 3760
191.112.108.80 - - [19/Aug/2016:09:28:50 -0300] "GET /cormun/servlet/trsolicitudot HTTP/1.1" 200 8500
191.112.108.80 - - [19/Aug/2016:09:28:52 -0300] "GET /cormun/servlet/trsolicitudot HTTP/1.1" 200 8496
186.103.159.186 - - [19/Aug/2016:09:29:05 -0300] "GET /cormun/servlet/solicitudot?INS,0,0, HTTP/1.1" 200 11972
186.103.159.186 - - [19/Aug/2016:09:29:08 -0300] "GET /cormun/servlet/solicitudot?INS,0,0, HTTP/1.1" 200 11955
186.103.159.186 - - [19/Aug/2016:09:29:15 -0300] "POST /cormun/servlet/solicitudot?gx-no-cache=1471613430922 HTTP/1.1" 200 2988
186.103.159.186 - - [19/Aug/2016:09:29:16 -0300] "POST /cormun/servlet/solicitudot?f61df0d03d1b0cf3a35bf878eb2667a0,INS,0,0,,gx-no-cache=1471613431167 HTTP/1.1" 200 9121
186.103.159.186 - - [19/Aug/2016:09:29:19 -0300] "GET /cormun/servlet/solicitudot?18a71364a6053a0bf9e2f74ed32f4f03fd3207c77c9619b7865e90f7f54710425d31fe793ce59aaac634707528130dc7,gx-no-cache=1471613434849 HTTP/1.1" 200 30
186.103.159.186 - - [19/Aug/2016:09:29:19 -0300] "POST /cormun/servlet/solicitudot?gx-no-cache=1471613435049 HTTP/1.1" 200 30
186.103.159.186 - - [19/Aug/2016:09:29:21 -0300] "POST /cormun/servlet/solicitudot?gx-no-cache=1471613436991 HTTP/1.1" 200 30
186.103.159.186 - - [19/Aug/2016:09:29:27 -0300] "POST /cormun/servlet/solicitudot?gx-no-cache=1471613442401 HTTP/1.1" 200 1186
186.103.159.186 - - [19/Aug/2016:09:29:27 -0300] "GET /cormun/servlet/solicitudot?18a71364a6053a0bf9e2f74ed32f4f035534ce1697a9eaaa32555a4ed1a7e1c242e8302c17f6a3a2031c34ddc7bd86e2c8f161b91f2f2b20f381c11a8ff12c99af12d566d58857b5079c5c1fe6d5cfe198efc6b0d5d5e28d439aca2937bd959dbb8a782e02261a4a927f84a0b3ea6ed67fb41a408ea43896eda13b1ee9c2a8bb6f01a540dbacfd9b5547461774e007c4,gx-no-cache=1471613442632 HTTP/1.1" 200 38
186.103.159.186 - - [19/Aug/2016:09:29:35 -0300] "GET /cormun/servlet/solicitudot?18a71364a6053a0bf9e2f74ed32f4f03ecafba78542a53f46e6db1cf886ebb34292740549ded5f25cf8727c0c31908a6e1a4b063340c8a9debbbbebc0a33bfbb2779046ace894db1187d6227f0ed5e434e93362392425b9b2b7466cfaadc613c5251fb058126a50877bfc7102f38a7b84bfa304eccdd05a70078d2c6e39237ab282d40f039c0a9a2597a272a58822c505ec6990c1053fc7bdfc229590fdd9b42,gx-no-cache=1471613450517 HTTP/1.1" 200 29
186.103.159.186 - - [19/Aug/2016:09:29:42 -0300] "POST /cormun/servlet/solicitudot?gx-no-cache=1471613457691 HTTP/1.1" 200 1143
186.103.159.186 - - [19/Aug/2016:09:29:42 -0300] "GET /cormun/static/menuarrow.gif HTTP/1.1" 404 1015
191.112.108.80 - - [19/Aug/2016:09:29:47 -0300] "GET /cormun/servlet/solicitudot?INS,0,0, HTTP/1.1" 200 11967
191.112.108.80 - - [19/Aug/2016:09:29:50 -0300] "GET /cormun/servlet/solicitudot?INS,0,0, HTTP/1.1" 200 11972
186.103.159.186 - - [19/Aug/2016:09:29:53 -0300] "GET /cormun/servlet/solicitudot?18a71364a6053a0bf9e2f74ed32f4f03804fa32afb447c9dda1e69eec827d633ca3e133c68b5442944dcd14208e9aab33f545dcf8f68454c8ece708fd3da45ccb32b442b83264d07a2ad67e773899e41b74c68bed89562b64bdef91e3bc93a767e2ef667409484b869060b11bb649c51dd9c7fd3cb488b1b879b87ff5f4982efc27022b5ff5d4d1106c06b524f46000f820ff2969b8761e6cd5d50dfef3d8fb5e9d0fbfb4537ce6c1fddd35045803153,gx-no-cache=1471613468137 HTTP/1.1" 200 30
191.112.108.80 - - [19/Aug/2016:09:30:08 -0300] "POST /cormun/servlet/solicitudot?gx-no-cache=1471609883778 HTTP/1.1" 200 2990
191.112.108.80 - - [19/Aug/2016:09:30:08 -0300] "POST /cormun/servlet/solicitudot?b9a4c3c3eec7fb0523160c6edb2a781a,INS,0,0,,gx-no-cache=1471609884327 HTTP/1.1" 200 9104
186.103.159.186 - - [19/Aug/2016:09:30:10 -0300] "POST /cormun/servlet/solicitudot?f61df0d03d1b0cf3a35bf878eb2667a0,INS,0,0,,gx-no-cache=1471613485977 HTTP/1.1" 200 93
186.103.159.186 - - [19/Aug/2016:09:30:11 -0300] "GET /cormun/servlet/hpexe_return? HTTP/1.1" 200 1030
186.103.159.186 - - [19/Aug/2016:09:30:11 -0300] "GET /cormun/servlet/trsolicitudot?gx-no-cache=1471613290281 HTTP/1.1" 200 7768
186.103.159.186 - - [19/Aug/2016:09:30:14 -0300] "GET /cormun/servlet/trsolicitudot?gx-no-cache=1471613290281 HTTP/1.1" 200 7788
191.112.108.80 - - [19/Aug/2016:09:30:21 -0300] "GET /cormun/servlet/solicitudot?6f1ed0b5a8b5371a47939df4dcfebfdef0000fc41286cb6a8867ef5d9b2f66680f02d3148933d8affdbfdea91c88ac27,gx-no-cache=1471609896830 HTTP/1.1" 200 30
191.112.108.80 - - [19/Aug/2016:09:30:21 -0300] "POST /cormun/servlet/solicitudot?gx-no-cache=1471609896941 HTTP/1.1" 200 30
191.112.108.80 - - [19/Aug/2016:09:30:28 -0300] "POST /cormun/servlet/solicitudot?gx-no-cache=1471609904547 HTTP/1.1" 200 30
186.103.159.186 - - [19/Aug/2016:09:30:32 -0300] "POST /cormun/servlet/trsolicitudot?f61df0d03d1b0cf3a35bf878eb2667a0,gx-no-cache=1471613290281,gx-no-cache=1471613507667 HTTP/1.1" 200 3909
186.103.159.186 - - [19/Aug/2016:09:30:32 -0300] "GET /cormun/static/Shared/jqueryui/images/ui-bg_highlight-soft_100_c6c2c8_1x100.png HTTP/1.1" 404 1117
186.103.159.186 - - [19/Aug/2016:09:30:32 -0300] "GET /cormun/static/Shared/jqueryui/images/ui-icons_82798d_256x240.png HTTP/1.1" 404 1089
186.103.159.186 - - [19/Aug/2016:09:30:32 -0300] "GET /cormun/static/Shared/jqueryui/images/ui-bg_flat_55_fafafa_40x100.png HTTP/1.1" 404 1097
186.103.159.186 - - [19/Aug/2016:09:30:32 -0300] "GET /cormun/static/Shared/jqueryui/images/ui-icons_8d78a5_256x240.png HTTP/1.1" 404 1089
191.112.108.80 - - [19/Aug/2016:09:30:33 -0300] "POST /cormun/servlet/solicitudot?gx-no-cache=1471609909254 HTTP/1.1" 200 1186
191.112.108.80 - - [19/Aug/2016:09:30:33 -0300] "GET /cormun/servlet/solicitudot?6f1ed0b5a8b5371a47939df4dcfebfdee4cf21df0c940f07fde18f30c156f06ce763e228bd834671425591c972615208e0077b9934424dea36bdb70fd43eab887ae186e5fa480b2ee6d4569a0da28f54c9e392148e52be8eec62697a70fddb6485a913dea97f56073bf02603b304945a4c92a785aeca098fe7a084175971759488921633b61e9e06aff7aef0d22727ef,gx-no-cache=1471609909444 HTTP/1.1" 200 38
186.103.159.186 - - [19/Aug/2016:09:30:34 -0300] "POST /cormun/servlet/trsolicitudot?f61df0d03d1b0cf3a35bf878eb2667a0,gx-no-cache=1471613290281,gx-no-cache=1471613508052 HTTP/1.1" 200 3760
191.112.108.80 - - [19/Aug/2016:09:30:43 -0300] "GET /cormun/servlet/solicitudot?6f1ed0b5a8b5371a47939df4dcfebfde5c3414d544ae2beaff244c77f8f973f68c659e7aa810e5950329e3836d37a7cb764a7bbade185ebeade9e6b317c1ab9ba51137f0431062e71b9c4a40d67c219538633774596926d61a574d2ca1a1e5848f4b8f3a1bd15ded578a6730030c8ff7422949090a0ce883daa26df3190753ee5b1a25d011ed3ed3730198df728662f13a303e0f69fe1e0aa099b6c95f353a3a7a79fc156d32100d0301f6afffebc72636e06bdf578c0e6c87be053958904567b76af14720ab6a14d6373173c1049695,gx-no-cache=1471609918888 HTTP/1.1" 200 29
186.103.159.186 - - [19/Aug/2016:09:30:48 -0300] "GET /cormun/servlet/solicitudot?INS,0,0, HTTP/1.1" 200 11971
186.103.159.186 - - [19/Aug/2016:09:30:51 -0300] "GET /cormun/servlet/solicitudot?INS,0,0, HTTP/1.1" 200 11953
191.112.108.80 - - [19/Aug/2016:09:30:54 -0300] "POST /cormun/servlet/solicitudot?gx-no-cache=1471609930094 HTTP/1.1" 200 1143
186.103.159.186 - - [19/Aug/2016:09:31:01 -0300] "POST /cormun/servlet/solicitudot?gx-no-cache=1471613536964 HTTP/1.1" 200 2988
186.103.159.186 - - [19/Aug/2016:09:31:02 -0300] "POST /cormun/servlet/solicitudot?f61df0d03d1b0cf3a35bf878eb2667a0,INS,0,0,,gx-no-cache=1471613537211 HTTP/1.1" 200 9121
186.103.159.186 - - [19/Aug/2016:09:31:06 -0300] "GET /cormun/servlet/solicitudot?18a71364a6053a0bf9e2f74ed32f4f03fd3207c77c9619b7865e90f7f54710425d31fe793ce59aaac634707528130dc7,gx-no-cache=1471613541160 HTTP/1.1" 200 30
186.103.159.186 - - [19/Aug/2016:09:31:06 -0300] "POST /cormun/servlet/solicitudot?gx-no-cache=1471613541273 HTTP/1.1" 200 30
186.103.159.186 - - [19/Aug/2016:09:31:07 -0300] "POST /cormun/servlet/solicitudot?gx-no-cache=1471613542822 HTTP/1.1" 200 30
186.103.159.186 - - [19/Aug/2016:09:31:11 -0300] "POST /cormun/servlet/solicitudot?gx-no-cache=1471613546489 HTTP/1.1" 200 1186
186.103.159.186 - - [19/Aug/2016:09:31:11 -0300] "GET /cormun/servlet/solicitudot?18a71364a6053a0bf9e2f74ed32f4f035534ce1697a9eaaa32555a4ed1a7e1c242e8302c17f6a3a2031c34ddc7bd86e2c8f161b91f2f2b20f381c11a8ff12c99af12d566d58857b5079c5c1fe6d5cfe198efc6b0d5d5e28d439aca2937bd959dbb8a782e02261a4a927f84a0b3ea6ed67fb41a408ea43896eda13b1ee9c2a8bb6f01a540dbacfd9b5547461774e007c4,gx-no-cache=1471613546695 HTTP/1.1" 200 38
186.103.158.250 - - [19/Aug/2016:09:31:15 -0300] "GET /cormun/servlet/hlogin HTTP/1.1" 200 1725
186.103.158.250 - - [19/Aug/2016:09:31:15 -0300] "GET /cormun/static/Resources/Spanish/PXTools.css?19284387 HTTP/1.1" 304 -
186.103.158.250 - - [19/Aug/2016:09:31:15 -0300] "GET /cormun/static/gxtimezone.js?85251 HTTP/1.1" 304 -
186.103.158.250 - - [19/Aug/2016:09:31:15 -0300] "GET /cormun/static/gxcfg.js?201632119342969 HTTP/1.1" 304 -
186.103.158.250 - - [19/Aug/2016:09:31:15 -0300] "GET /cormun/static/messages.spa.js?85251 HTTP/1.1" 304 -
186.103.158.250 - - [19/Aug/2016:09:31:15 -0300] "GET /cormun/static/hlogin.js?201632119342986 HTTP/1.1" 304 -
186.103.158.250 - - [19/Aug/2016:09:31:15 -0300] "GET /cormun/static/Resources/PXToolsButtonLeft21.png HTTP/1.1" 304 -
186.103.158.250 - - [19/Aug/2016:09:31:15 -0300] "GET /cormun/static/Resources/PXToolsButtonRight21.png HTTP/1.1" 304 -
186.103.158.250 - - [19/Aug/2016:09:31:15 -0300] "GET /cormun/static/Resources/PXToolsButtonBackground2.png HTTP/1.1" 304 -
186.103.158.250 - - [19/Aug/2016:09:31:15 -0300] "GET /cormun/servlet/hlogin HTTP/1.1" 200 1735
186.103.159.186 - - [19/Aug/2016:09:31:17 -0300] "GET /cormun/servlet/solicitudot?18a71364a6053a0bf9e2f74ed32f4f03ecafba78542a53f46e6db1cf886ebb34292740549ded5f25cf8727c0c31908a6e1a4b063340c8a9debbbbebc0a33bfbb2779046ace894db1187d6227f0ed5e434e93362392425b9b2b7466cfaadc613c5251fb058126a50877bfc7102f38a7b84bfa304eccdd05a70078d2c6e39237ab282d40f039c0a9a2597a272a58822c505ec6990c1053fc7bdfc229590fdd9b42,gx-no-cache=1471613552621 HTTP/1.1" 200 29
186.103.159.186 - - [19/Aug/2016:09:31:20 -0300] "POST /cormun/servlet/solicitudot?gx-no-cache=1471613555314 HTTP/1.1" 200 1143
186.103.159.186 - - [19/Aug/2016:09:31:20 -0300] "GET /cormun/static/menuarrow.gif HTTP/1.1" 404 1015
191.112.108.80 - - [19/Aug/2016:09:31:22 -0300] "GET /cormun/servlet/solicitudot?6f1ed0b5a8b5371a47939df4dcfebfdecabe913faa040d7f1dc0d2a48964fced0f5b6c56ff38f85611c310ba004a395f6c365c89e77320f094cf1ce93327053e03a9624d2a620fcbfda775992266349b8a4851ab42d84833acd8aa7a2891f1b6206d6a40a15983500731e9ee7053fe488b05d9e05ec6e3d7063aa6fc832338d0f393a6e6bc3489bfb68e8549ea90c6ccdb38ff349c2cba39dd91f8136a51aa9c5b4135dec3910df76aaade3b83a8010c,gx-no-cache=1471609957772 HTTP/1.1" 200 30
186.103.159.186 - - [19/Aug/2016:09:31:28 -0300] "GET /cormun/servlet/solicitudot?18a71364a6053a0bf9e2f74ed32f4f03804fa32afb447c9dda1e69eec827d633ca3e133c68b5442944dcd14208e9aab33f545dcf8f68454c8ece708fd3da45ccb32b442b83264d07a2ad67e773899e41b74c68bed89562b64bdef91e3bc93a767e2ef667409484b869060b11bb649c51dd9c7fd3cb488b1b879b87ff5f4982efc27022b5ff5d4d1106c06b524f46000f820ff2969b8761e6cd5d50dfef3d8fb5e9d0fbfb4537ce6c1fddd35045803153,gx-no-cache=1471613564010 HTTP/1.1" 200 30
191.112.108.80 - - [19/Aug/2016:09:31:40 -0300] "POST /cormun/servlet/solicitudot?b9a4c3c3eec7fb0523160c6edb2a781a,INS,0,0,,gx-no-cache=1471609975551 HTTP/1.1" 200 93
191.112.108.80 - - [19/Aug/2016:09:31:40 -0300] "GET /cormun/servlet/hpexe_return? HTTP/1.1" 200 1014
191.112.108.80 - - [19/Aug/2016:09:31:40 -0300] "GET /cormun/servlet/trsolicitudot HTTP/1.1" 200 8721
191.112.108.80 - - [19/Aug/2016:09:31:43 -0300] "GET /cormun/servlet/trsolicitudot HTTP/1.1" 200 8717
191.112.108.80 - - [19/Aug/2016:09:31:52 -0300] "GET /cormun/servlet/solicitudot?INS,0,0, HTTP/1.1" 200 11968
191.112.108.80 - - [19/Aug/2016:09:31:54 -0300] "GET /cormun/servlet/solicitudot?INS,0,0, HTTP/1.1" 200 11972
191.112.108.80 - - [19/Aug/2016:09:32:09 -0300] "POST /cormun/servlet/solicitudot?gx-no-cache=1471610005067 HTTP/1.1" 200 2990
191.112.108.80 - - [19/Aug/2016:09:32:10 -0300] "POST /cormun/servlet/solicitudot?b9a4c3c3eec7fb0523160c6edb2a781a,INS,0,0,,gx-no-cache=1471610005555 HTTP/1.1" 200 9104
186.103.159.186 - - [19/Aug/2016:09:32:10 -0300] "POST /cormun/servlet/solicitudot?f61df0d03d1b0cf3a35bf878eb2667a0,INS,0,0,,gx-no-cache=1471613573936 HTTP/1.1" 200 93
186.103.159.186 - - [19/Aug/2016:09:32:10 -0300] "GET /cormun/servlet/hpexe_return? HTTP/1.1" 200 1030
186.103.159.186 - - [19/Aug/2016:09:32:10 -0300] "GET /cormun/servlet/trsolicitudot?gx-no-cache=1471613290281 HTTP/1.1" 200 7766
186.103.159.186 - - [19/Aug/2016:09:32:13 -0300] "GET /cormun/servlet/trsolicitudot?gx-no-cache=1471613290281 HTTP/1.1" 200 7786
186.103.159.189 - - [19/Aug/2016:09:32:17 -0300] "GET /cormun/servlet/solicitudot?86d8c8aeecfda11d6941053b8f3196130d7d03e3468bd3447367a547159d85d18d707117ad4aa527ebd3d0b1852e8cb9533067bb101b507484c055e0fb8fad62c54fc2f9df4871efa69a883b0665aee8a6b6a1cad6c2ed5b7a0f3b4b419850cbd61b0b857d4bfd4f49ebcf08a60c549cf24a226db581703071fd2a4092975cee784d8faf60436987acc7b99742357591fc200f0979f3a3bfdbcce3bb89ed7f9744441a1eb62f5145f3e7434a11b1982c,gx-no-cache=1471610012605 HTTP/1.1" 200 30
186.103.159.189 - - [19/Aug/2016:09:32:17 -0300] "POST /cormun/servlet/solicitudot?92f43d0d91322d83d4d46ba0c98819cb,INS,0,0,,gx-no-cache=1471610013708 HTTP/1.1" 200 10064
186.103.159.186 - - [19/Aug/2016:09:32:22 -0300] "POST /cormun/servlet/trsolicitudot?f61df0d03d1b0cf3a35bf878eb2667a0,gx-no-cache=1471613290281,gx-no-cache=1471613617033 HTTP/1.1" 200 3912
186.103.159.186 - - [19/Aug/2016:09:32:22 -0300] "GET /cormun/static/Shared/jqueryui/images/ui-bg_highlight-soft_100_c6c2c8_1x100.png HTTP/1.1" 404 1117
186.103.159.186 - - [19/Aug/2016:09:32:22 -0300] "GET /cormun/static/Shared/jqueryui/images/ui-icons_8d78a5_256x240.png HTTP/1.1" 404 1089
186.103.159.186 - - [19/Aug/2016:09:32:22 -0300] "GET /cormun/static/Shared/jqueryui/images/ui-icons_82798d_256x240.png HTTP/1.1" 404 1089
186.103.159.186 - - [19/Aug/2016:09:32:22 -0300] "GET /cormun/static/Shared/jqueryui/images/ui-bg_flat_55_fafafa_40x100.png HTTP/1.1" 404 1097
186.103.159.186 - - [19/Aug/2016:09:32:22 -0300] "POST /cormun/servlet/trsolicitudot?f61df0d03d1b0cf3a35bf878eb2667a0,gx-no-cache=1471613290281,gx-no-cache=1471613617413 HTTP/1.1" 200 3760
191.112.108.80 - - [19/Aug/2016:09:32:25 -0300] "GET /cormun/servlet/solicitudot?6f1ed0b5a8b5371a47939df4dcfebfdef0000fc41286cb6a8867ef5d9b2f66680f02d3148933d8affdbfdea91c88ac27,gx-no-cache=1471610021341 HTTP/1.1" 200 30
191.112.108.80 - - [19/Aug/2016:09:32:25 -0300] "POST /cormun/servlet/solicitudot?gx-no-cache=1471610021452 HTTP/1.1" 200 30
191.112.108.80 - - [19/Aug/2016:09:32:28 -0300] "POST /cormun/servlet/solicitudot?gx-no-cache=1471610024174 HTTP/1.1" 200 30
191.112.108.80 - - [19/Aug/2016:09:32:31 -0300] "POST /cormun/servlet/solicitudot?gx-no-cache=1471610027335 HTTP/1.1" 200 1186
191.112.108.80 - - [19/Aug/2016:09:32:31 -0300] "GET /cormun/servlet/solicitudot?6f1ed0b5a8b5371a47939df4dcfebfdee4cf21df0c940f07fde18f30c156f06ce763e228bd834671425591c972615208e0077b9934424dea36bdb70fd43eab887ae186e5fa480b2ee6d4569a0da28f54c9e392148e52be8eec62697a70fddb6485a913dea97f56073bf02603b304945a4c92a785aeca098fe7a084175971759488921633b61e9e06aff7aef0d22727ef,gx-no-cache=1471610027505 HTTP/1.1" 200 38
186.103.158.250 - - [19/Aug/2016:09:32:34 -0300] "POST /cormun/servlet/hlogin?e9ce437b8eec6b7fde682595c6dbd8ec,gx-no-cache=1471613977591 HTTP/1.1" 200 90
186.103.158.250 - - [19/Aug/2016:09:32:34 -0300] "GET /cormun/servlet/hpexe_link HTTP/1.1" 200 954
186.103.158.250 - - [19/Aug/2016:09:32:34 -0300] "GET /cormun/static/Resources/Spanish/PXTools.css?005343 HTTP/1.1" 304 -
186.103.158.250 - - [19/Aug/2016:09:32:34 -0300] "GET /cormun/static/gxcfg.js?20151120044395 HTTP/1.1" 304 -
186.103.158.250 - - [19/Aug/2016:09:32:34 -0300] "GET /cormun/static/hpexe_link.js?20151120044398 HTTP/1.1" 304 -
186.103.158.250 - - [19/Aug/2016:09:32:34 -0300] "GET /cormun/servlet/hhome HTTP/1.1" 200 3616
186.103.158.250 - - [19/Aug/2016:09:32:34 -0300] "GET /cormun/static/Resources/Spanish/PXTools.css?10515224 HTTP/1.1" 304 -
186.103.158.250 - - [19/Aug/2016:09:32:34 -0300] "GET /cormun/static/gxcfg.js?2015112210564248 HTTP/1.1" 304 -
186.103.158.250 - - [19/Aug/2016:09:32:35 -0300] "GET /cormun/static/hhome.js?2015112210564255 HTTP/1.1" 304 -
186.103.158.250 - - [19/Aug/2016:09:32:35 -0300] "GET /cormun/static/hpexe_scripts.js?20151120014546 HTTP/1.1" 304 -
186.103.158.250 - - [19/Aug/2016:09:32:35 -0300] "GET /cormun/static/hpexe_messagecontroller.js?2015112210524422 HTTP/1.1" 304 -
186.103.158.250 - - [19/Aug/2016:09:32:35 -0300] "GET /cormun/static/Resources/PXToolsFooterBackground2.png HTTP/1.1" 304 -
186.103.158.250 - - [19/Aug/2016:09:32:35 -0300] "GET /cormun/static/Resources/logo4.png HTTP/1.1" 304 -
186.103.158.250 - - [19/Aug/2016:09:32:35 -0300] "GET /cormun/static/Resources/PXToolsHeaderBackground2.png HTTP/1.1" 304 -
186.103.158.250 - - [19/Aug/2016:09:32:35 -0300] "GET /cormun/static/hpexe_messagepopupcomponent.js?20165162214013 HTTP/1.1" 304 -
186.103.158.250 - - [19/Aug/2016:09:32:35 -0300] "GET /cormun/static/hpexe_messagegenexuscomponent.js?20151120014314 HTTP/1.1" 304 -
186.103.158.250 - - [19/Aug/2016:09:32:35 -0300] "GET /cormun/static/cmcontrolpreferences.js?20151120014525 HTTP/1.1" 304 -
186.103.158.250 - - [19/Aug/2016:09:32:35 -0300] "GET /cormun/static/hwchdr01.js?20162241650484 HTTP/1.1" 304 -
186.103.158.250 - - [19/Aug/2016:09:32:35 -0300] "GET /cormun/static/hmpwkw03.js?201651622203894 HTTP/1.1" 304 -
186.103.158.250 - - [19/Aug/2016:09:32:36 -0300] "GET /cormun/static/hpexe_recentlink.js?2015111312121342 HTTP/1.1" 304 -
186.103.158.250 - - [19/Aug/2016:09:32:36 -0300] "GET /cormun/servlet/hhome HTTP/1.1" 200 3613
186.103.158.250 - - [19/Aug/2016:09:32:47 -0300] "GET /cormun/servlet/trsolicitudot? HTTP/1.1" 200 6539
186.103.159.186 - - [19/Aug/2016:09:32:47 -0300] "GET /cormun/servlet/solicitudot?INS,0,0, HTTP/1.1" 200 11972
186.103.158.250 - - [19/Aug/2016:09:32:47 -0300] "GET /cormun/static/gxcfg.js?201631022392470 HTTP/1.1" 304 -
186.103.158.250 - - [19/Aug/2016:09:32:47 -0300] "GET /cormun/static/Resources/Spanish/PXTools.css?2139548 HTTP/1.1" 304 -
186.103.158.250 - - [19/Aug/2016:09:32:47 -0300] "GET /cormun/static/calendar.js?85251 HTTP/1.1" 304 -
186.103.158.250 - - [19/Aug/2016:09:32:47 -0300] "GET /cormun/static/calendar-setup.js?85251 HTTP/1.1" 304 -
186.103.158.250 - - [19/Aug/2016:09:32:47 -0300] "GET /cormun/static/calendar-es.js?85251 HTTP/1.1" 304 -
186.103.158.250 - - [19/Aug/2016:09:32:47 -0300] "GET /cormun/static/gxdec.js?85251 HTTP/1.1" 304 -
186.103.158.250 - - [19/Aug/2016:09:32:47 -0300] "GET /cormun/static/trsolicitudot.js?201631022393178 HTTP/1.1" 304 -
186.103.158.250 - - [19/Aug/2016:09:32:49 -0300] "GET /cormun/servlet/trsolicitudot? HTTP/1.1" 200 6538
191.112.108.80 - - [19/Aug/2016:09:32:49 -0300] "GET /cormun/servlet/solicitudot?6f1ed0b5a8b5371a47939df4dcfebfde5c3414d544ae2beaff244c77f8f973f68c659e7aa810e5950329e3836d37a7cb1134c7d68ba8853521e466bf1c23ca2ea51137f0431062e71b9c4a40d67c219538633774596926d61a574d2ca1a1e5848f4b8f3a1bd15ded578a6730030c8ff7422949090a0ce883daa26df3190753ee5b1a25d011ed3ed3730198df728662f13a303e0f69fe1e0aa099b6c95f353a3a7a79fc156d32100d0301f6afffebc72636e06bdf578c0e6c87be053958904567b76af14720ab6a14d6373173c1049695,gx-no-cache=1471610045568 HTTP/1.1" 200 29
191.112.108.80 - - [19/Aug/2016:09:32:50 -0300] "POST /cormun/servlet/solicitudot?gx-no-cache=1471610045650 HTTP/1.1" 200 1143
186.103.159.186 - - [19/Aug/2016:09:33:02 -0300] "GET /cormun/servlet/solicitudot?INS,0,0, HTTP/1.1" 200 11972
186.103.159.186 - - [19/Aug/2016:09:33:05 -0300] "GET /cormun/servlet/solicitudot?INS,0,0, HTTP/1.1" 200 11955
186.103.159.186 - - [19/Aug/2016:09:33:14 -0300] "POST /cormun/servlet/solicitudot?gx-no-cache=1471613669480 HTTP/1.1" 200 2987
186.103.159.186 - - [19/Aug/2016:09:33:14 -0300] "POST /cormun/servlet/solicitudot?f61df0d03d1b0cf3a35bf878eb2667a0,INS,0,0,,gx-no-cache=1471613669722 HTTP/1.1" 200 9123
191.112.108.80 - - [19/Aug/2016:09:33:15 -0300] "GET /cormun/servlet/solicitudot?6f1ed0b5a8b5371a47939df4dcfebfdecabe913faa040d7f1dc0d2a48964fced0f5b6c56ff38f85611c310ba004a395f6c365c89e77320f094cf1ce93327053e03a9624d2a620fcbfda775992266349b8a4851ab42d84833acd8aa7a2891f1b6206d6a40a15983500731e9ee7053fe488b05d9e05ec6e3d7063aa6fc832338d0f393a6e6bc3489bfb68e8549ea90c6ccdb38ff349c2cba39dd91f8136a51aa9c5b4135dec3910df76aaade3b83a8010c,gx-no-cache=1471610071433 HTTP/1.1" 200 30
186.103.159.186 - - [19/Aug/2016:09:33:16 -0300] "GET /cormun/servlet/solicitudot?18a71364a6053a0bf9e2f74ed32f4f031659f2d6a6c660d54ca56f4c7e5fc7505d31fe793ce59aaac634707528130dc7,gx-no-cache=1471613672094 HTTP/1.1" 200 30
186.103.159.186 - - [19/Aug/2016:09:33:17 -0300] "POST /cormun/servlet/solicitudot?gx-no-cache=1471613672189 HTTP/1.1" 200 30
186.103.159.186 - - [19/Aug/2016:09:33:19 -0300] "POST /cormun/servlet/solicitudot?gx-no-cache=1471613674292 HTTP/1.1" 200 30
186.103.159.186 - - [19/Aug/2016:09:33:24 -0300] "POST /cormun/servlet/solicitudot?gx-no-cache=1471613679966 HTTP/1.1" 200 1187
186.103.159.186 - - [19/Aug/2016:09:33:25 -0300] "GET /cormun/servlet/solicitudot?18a71364a6053a0bf9e2f74ed32f4f035534ce1697a9eaaa32555a4ed1a7e1c242e8302c17f6a3a2031c34ddc7bd86e2c8f161b91f2f2b20f381c11a8ff12c99af12d566d58857b5079c5c1fe6d5cfe198efc6b0d5d5e28d439aca2937bd959dbb8a782e02261a4a927f84a0b3ea6ed67fb41a408ea43896eda13b1ee9c2a8bb6f01a540dbacfd9b5547461774e007c4,gx-no-cache=1471613680167 HTTP/1.1" 200 38
191.112.108.80 - - [19/Aug/2016:09:33:30 -0300] "POST /cormun/servlet/solicitudot?b9a4c3c3eec7fb0523160c6edb2a781a,INS,0,0,,gx-no-cache=1471610085486 HTTP/1.1" 200 93
191.112.108.80 - - [19/Aug/2016:09:33:30 -0300] "GET /cormun/servlet/hpexe_return? HTTP/1.1" 200 1014
191.112.108.80 - - [19/Aug/2016:09:33:30 -0300] "GET /cormun/servlet/trsolicitudot HTTP/1.1" 200 8943
191.112.108.80 - - [19/Aug/2016:09:33:33 -0300] "GET /cormun/servlet/trsolicitudot HTTP/1.1" 200 8938
186.103.159.186 - - [19/Aug/2016:09:33:40 -0300] "GET /cormun/servlet/solicitudot?18a71364a6053a0bf9e2f74ed32f4f03ecafba78542a53f46e6db1cf886ebb34292740549ded5f25cf8727c0c31908a63bddc0570a90d41309c82776430dc2a02779046ace894db1187d6227f0ed5e434e93362392425b9b2b7466cfaadc613c5251fb058126a50877bfc7102f38a7b84bfa304eccdd05a70078d2c6e39237ab282d40f039c0a9a2597a272a58822c505ec6990c1053fc7bdfc229590fdd9b42,gx-no-cache=1471613695338 HTTP/1.1" 200 29
186.103.159.186 - - [19/Aug/2016:09:33:40 -0300] "POST /cormun/servlet/solicitudot?gx-no-cache=1471613695417 HTTP/1.1" 200 1144
186.103.159.186 - - [19/Aug/2016:09:33:40 -0300] "GET /cormun/static/menuarrow.gif HTTP/1.1" 404 1015
186.103.159.186 - - [19/Aug/2016:09:33:52 -0300] "GET /cormun/servlet/solicitudot?18a71364a6053a0bf9e2f74ed32f4f03200d81ec86e116576817caadf3706b8e8db1a4feb55b2837d5647331e8fb42083f545dcf8f68454c8ece708fd3da45ccb32b442b83264d07a2ad67e773899e41b74c68bed89562b64bdef91e3bc93a767e2ef667409484b869060b11bb649c51dd9c7fd3cb488b1b879b87ff5f4982efc27022b5ff5d4d1106c06b524f46000f820ff2969b8761e6cd5d50dfef3d8fb5e9d0fbfb4537ce6c1fddd35045803153,gx-no-cache=1471613707958 HTTP/1.1" 200 30
186.103.158.250 - - [19/Aug/2016:09:34:07 -0300] "GET /cormun/servlet/solicitudot?INS,0,0, HTTP/1.1" 200 11993
186.103.158.250 - - [19/Aug/2016:09:34:07 -0300] "GET /cormun/static/Resources/Spanish/PXTools.css?22445990 HTTP/1.1" 304 -
186.103.158.250 - - [19/Aug/2016:09:34:07 -0300] "GET /cormun/static/gxcfg.js?201631710541238 HTTP/1.1" 304 -
186.103.158.250 - - [19/Aug/2016:09:34:07 -0300] "GET /cormun/static/solicitudot.js?201631710541292 HTTP/1.1" 304 -
186.103.158.250 - - [19/Aug/2016:09:34:09 -0300] "GET /cormun/servlet/solicitudot?INS,0,0, HTTP/1.1" 200 11998
186.103.159.186 - - [19/Aug/2016:09:34:12 -0300] "POST /cormun/servlet/solicitudot?f61df0d03d1b0cf3a35bf878eb2667a0,INS,0,0,,gx-no-cache=1471613727128 HTTP/1.1" 200 93
186.103.159.186 - - [19/Aug/2016:09:34:12 -0300] "GET /cormun/servlet/hpexe_return? HTTP/1.1" 200 1030
186.103.159.186 - - [19/Aug/2016:09:34:13 -0300] "GET /cormun/servlet/trsolicitudot?gx-no-cache=1471613290281 HTTP/1.1" 200 7747
186.103.159.186 - - [19/Aug/2016:09:34:15 -0300] "GET /cormun/servlet/trsolicitudot?gx-no-cache=1471613290281 HTTP/1.1" 200 7765
186.103.158.250 - - [19/Aug/2016:09:34:28 -0300] "POST /cormun/servlet/solicitudot?gx-no-cache=1471614091932 HTTP/1.1" 200 3009
186.103.158.250 - - [19/Aug/2016:09:34:28 -0300] "POST /cormun/servlet/solicitudot?e9ce437b8eec6b7fde682595c6dbd8ec,INS,0,0,,gx-no-cache=1471614092238 HTTP/1.1" 200 9122
186.103.159.186 - - [19/Aug/2016:09:34:30 -0300] "POST /cormun/servlet/trsolicitudot?f61df0d03d1b0cf3a35bf878eb2667a0,gx-no-cache=1471613290281,gx-no-cache=1471613745570 HTTP/1.1" 200 5134
186.103.159.186 - - [19/Aug/2016:09:34:38 -0300] "POST /cormun/servlet/trsolicitudot?f61df0d03d1b0cf3a35bf878eb2667a0,gx-no-cache=1471613290281,gx-no-cache=1471613753765 HTTP/1.1" 200 3901
186.103.159.186 - - [19/Aug/2016:09:34:38 -0300] "GET /cormun/static/Shared/jqueryui/images/ui-bg_highlight-soft_100_c6c2c8_1x100.png HTTP/1.1" 404 1117
186.103.159.186 - - [19/Aug/2016:09:34:38 -0300] "GET /cormun/static/Shared/jqueryui/images/ui-icons_82798d_256x240.png HTTP/1.1" 404 1089
186.103.159.186 - - [19/Aug/2016:09:34:38 -0300] "GET /cormun/static/Shared/jqueryui/images/ui-bg_flat_55_fafafa_40x100.png HTTP/1.1" 404 1097
186.103.159.186 - - [19/Aug/2016:09:34:39 -0300] "GET /cormun/static/Shared/jqueryui/images/ui-icons_8d78a5_256x240.png HTTP/1.1" 404 1089
186.103.158.250 - - [19/Aug/2016:09:34:40 -0300] "GET /cormun/servlet/solicitudot?c68ec304599b3590a1ff5df447214654cbfe3c3ce28ed44d2740275bab5cdb797e712173ed78b0d5bf6b5fa60ba8743b,gx-no-cache=1471614103055 HTTP/1.1" 200 30
186.103.158.250 - - [19/Aug/2016:09:34:40 -0300] "POST /cormun/servlet/solicitudot?gx-no-cache=1471614104035 HTTP/1.1" 200 30
186.103.158.250 - - [19/Aug/2016:09:34:45 -0300] "POST /cormun/servlet/solicitudot?gx-no-cache=1471614108990 HTTP/1.1" 200 30
186.103.159.186 - - [19/Aug/2016:09:34:59 -0300] "POST /cormun/servlet/trsolicitudot?f61df0d03d1b0cf3a35bf878eb2667a0,gx-no-cache=1471613290281,gx-no-cache=1471613754117 HTTP/1.1" 200 3768
191.112.108.80 - - [19/Aug/2016:09:35:02 -0300] "GET /cormun/servlet/solicitudot?INS,0,0, HTTP/1.1" 200 11967
191.112.108.80 - - [19/Aug/2016:09:35:05 -0300] "GET /cormun/servlet/solicitudot?INS,0,0, HTTP/1.1" 200 11971
186.103.159.186 - - [19/Aug/2016:09:35:10 -0300] "GET /cormun/servlet/solicitudot?INS,0,0, HTTP/1.1" 200 11972
186.103.159.186 - - [19/Aug/2016:09:35:13 -0300] "GET /cormun/servlet/solicitudot?INS,0,0, HTTP/1.1" 200 11955
191.112.108.80 - - [19/Aug/2016:09:35:20 -0300] "POST /cormun/servlet/solicitudot?gx-no-cache=1471610196042 HTTP/1.1" 200 2990
191.112.108.80 - - [19/Aug/2016:09:35:21 -0300] "POST /cormun/servlet/solicitudot?b9a4c3c3eec7fb0523160c6edb2a781a,INS,0,0,,gx-no-cache=1471610196545 HTTP/1.1" 200 9104
186.103.159.186 - - [19/Aug/2016:09:35:27 -0300] "POST /cormun/servlet/solicitudot?gx-no-cache=1471613802799 HTTP/1.1" 200 2987
186.103.159.186 - - [19/Aug/2016:09:35:27 -0300] "POST /cormun/servlet/solicitudot?f61df0d03d1b0cf3a35bf878eb2667a0,INS,0,0,,gx-no-cache=1471613803041 HTTP/1.1" 200 9122
191.112.108.80 - - [19/Aug/2016:09:35:30 -0300] "GET /cormun/servlet/solicitudot?6f1ed0b5a8b5371a47939df4dcfebfdef0000fc41286cb6a8867ef5d9b2f66680f02d3148933d8affdbfdea91c88ac27,gx-no-cache=1471610205753 HTTP/1.1" 200 30
191.112.108.80 - - [19/Aug/2016:09:35:30 -0300] "POST /cormun/servlet/solicitudot?gx-no-cache=1471610205874 HTTP/1.1" 200 30
186.103.159.186 - - [19/Aug/2016:09:35:30 -0300] "GET /cormun/servlet/solicitudot?18a71364a6053a0bf9e2f74ed32f4f031659f2d6a6c660d54ca56f4c7e5fc7505d31fe793ce59aaac634707528130dc7,gx-no-cache=1471613805849 HTTP/1.1" 200 30
186.103.159.186 - - [19/Aug/2016:09:35:30 -0300] "POST /cormun/servlet/solicitudot?gx-no-cache=1471613805936 HTTP/1.1" 200 30
186.103.159.186 - - [19/Aug/2016:09:35:32 -0300] "POST /cormun/servlet/solicitudot?gx-no-cache=1471613807568 HTTP/1.1" 200 30
191.112.108.80 - - [19/Aug/2016:09:35:34 -0300] "POST /cormun/servlet/solicitudot?gx-no-cache=1471610209801 HTTP/1.1" 200 30
186.103.159.186 - - [19/Aug/2016:09:35:34 -0300] "POST /cormun/servlet/solicitudot?gx-no-cache=1471613810066 HTTP/1.1" 200 1187
186.103.159.186 - - [19/Aug/2016:09:35:35 -0300] "GET /cormun/servlet/solicitudot?18a71364a6053a0bf9e2f74ed32f4f035534ce1697a9eaaa32555a4ed1a7e1c242e8302c17f6a3a2031c34ddc7bd86e2c8f161b91f2f2b20f381c11a8ff12c99af12d566d58857b5079c5c1fe6d5cfe198efc6b0d5d5e28d439aca2937bd959dbb8a782e02261a4a927f84a0b3ea6ed67fb41a408ea43896eda13b1ee9c2a8bb6f01a540dbacfd9b5547461774e007c4,gx-no-cache=1471613810258 HTTP/1.1" 200 38
191.112.108.80 - - [19/Aug/2016:09:35:43 -0300] "POST /cormun/servlet/solicitudot?gx-no-cache=1471610219177 HTTP/1.1" 200 1186
191.112.108.80 - - [19/Aug/2016:09:35:43 -0300] "GET /cormun/servlet/solicitudot?6f1ed0b5a8b5371a47939df4dcfebfdee4cf21df0c940f07fde18f30c156f06ce763e228bd834671425591c972615208e0077b9934424dea36bdb70fd43eab887ae186e5fa480b2ee6d4569a0da28f54c9e392148e52be8eec62697a70fddb6485a913dea97f56073bf02603b304945a4c92a785aeca098fe7a084175971759488921633b61e9e06aff7aef0d22727ef,gx-no-cache=1471610219377 HTTP/1.1" 200 38
186.103.159.186 - - [19/Aug/2016:09:35:47 -0300] "GET /cormun/servlet/solicitudot?18a71364a6053a0bf9e2f74ed32f4f03ecafba78542a53f46e6db1cf886ebb34292740549ded5f25cf8727c0c31908a63bddc0570a90d41309c82776430dc2a02779046ace894db1187d6227f0ed5e434e93362392425b9b2b7466cfaadc613c5251fb058126a50877bfc7102f38a7b84bfa304eccdd05a70078d2c6e39237ab282d40f039c0a9a2597a272a58822c505ec6990c1053fc7bdfc229590fdd9b42,gx-no-cache=1471613822423 HTTP/1.1" 200 29
186.103.159.186 - - [19/Aug/2016:09:35:47 -0300] "POST /cormun/servlet/solicitudot?gx-no-cache=1471613822496 HTTP/1.1" 200 1144
186.103.159.186 - - [19/Aug/2016:09:35:47 -0300] "GET /cormun/static/menuarrow.gif HTTP/1.1" 404 1015
191.112.108.80 - - [19/Aug/2016:09:35:50 -0300] "GET /cormun/servlet/solicitudot?6f1ed0b5a8b5371a47939df4dcfebfde5c3414d544ae2beaff244c77f8f973f68c659e7aa810e5950329e3836d37a7cb764a7bbade185ebeade9e6b317c1ab9ba51137f0431062e71b9c4a40d67c219538633774596926d61a574d2ca1a1e5848f4b8f3a1bd15ded578a6730030c8ff7422949090a0ce883daa26df3190753ee5b1a25d011ed3ed3730198df728662f13a303e0f69fe1e0aa099b6c95f353a3a7a79fc156d32100d0301f6afffebc72636e06bdf578c0e6c87be053958904567b76af14720ab6a14d6373173c1049695,gx-no-cache=1471610226430 HTTP/1.1" 200 29
186.103.159.186 - - [19/Aug/2016:09:35:57 -0300] "GET /cormun/servlet/solicitudot?18a71364a6053a0bf9e2f74ed32f4f03200d81ec86e116576817caadf3706b8e8db1a4feb55b2837d5647331e8fb42083f545dcf8f68454c8ece708fd3da45ccb32b442b83264d07a2ad67e773899e41b74c68bed89562b64bdef91e3bc93a767e2ef667409484b869060b11bb649c51dd9c7fd3cb488b1b879b87ff5f4982efc27022b5ff5d4d1106c06b524f46000f820ff2969b8761e6cd5d50dfef3d8fb5e9d0fbfb4537ce6c1fddd35045803153,gx-no-cache=1471613832436 HTTP/1.1" 200 30
186.103.159.186 - - [19/Aug/2016:09:36:06 -0300] "POST /cormun/servlet/solicitudot?f61df0d03d1b0cf3a35bf878eb2667a0,INS,0,0,,gx-no-cache=1471613841625 HTTP/1.1" 200 93
186.103.159.186 - - [19/Aug/2016:09:36:06 -0300] "GET /cormun/servlet/hpexe_return? HTTP/1.1" 200 1030
186.103.159.186 - - [19/Aug/2016:09:36:07 -0300] "GET /cormun/servlet/trsolicitudot?gx-no-cache=1471613290281 HTTP/1.1" 200 7752
186.103.159.186 - - [19/Aug/2016:09:36:09 -0300] "GET /cormun/servlet/trsolicitudot?gx-no-cache=1471613290281 HTTP/1.1" 200 7770
191.112.108.80 - - [19/Aug/2016:09:36:14 -0300] "POST /cormun/servlet/solicitudot?gx-no-cache=1471610249990 HTTP/1.1" 200 1143
186.103.159.186 - - [19/Aug/2016:09:36:19 -0300] "POST /cormun/servlet/trsolicitudot?f61df0d03d1b0cf3a35bf878eb2667a0,gx-no-cache=1471613290281,gx-no-cache=1471613854567 HTTP/1.1" 200 3903
186.103.159.186 - - [19/Aug/2016:09:36:19 -0300] "GET /cormun/static/Shared/jqueryui/images/ui-bg_highlight-soft_100_c6c2c8_1x100.png HTTP/1.1" 404 1117
186.103.159.186 - - [19/Aug/2016:09:36:19 -0300] "GET /cormun/static/Shared/jqueryui/images/ui-bg_flat_55_fafafa_40x100.png HTTP/1.1" 404 1097
186.103.159.186 - - [19/Aug/2016:09:36:19 -0300] "GET /cormun/static/Shared/jqueryui/images/ui-icons_82798d_256x240.png HTTP/1.1" 404 1089
186.103.159.186 - - [19/Aug/2016:09:36:19 -0300] "GET /cormun/static/Shared/jqueryui/images/ui-icons_8d78a5_256x240.png HTTP/1.1" 404 1089
186.103.159.186 - - [19/Aug/2016:09:36:19 -0300] "POST /cormun/servlet/trsolicitudot?f61df0d03d1b0cf3a35bf878eb2667a0,gx-no-cache=1471613290281,gx-no-cache=1471613854962 HTTP/1.1" 200 3768
191.112.108.80 - - [19/Aug/2016:09:36:34 -0300] "GET /cormun/servlet/solicitudot?6f1ed0b5a8b5371a47939df4dcfebfdecabe913faa040d7f1dc0d2a48964fced0f5b6c56ff38f85611c310ba004a395f6c365c89e77320f094cf1ce93327053e03a9624d2a620fcbfda775992266349b8a4851ab42d84833acd8aa7a2891f1b6206d6a40a15983500731e9ee7053fe488b05d9e05ec6e3d7063aa6fc832338d0f393a6e6bc3489bfb68e8549ea90c6ccdb38ff349c2cba39dd91f8136a51aa9c5b4135dec3910df76aaade3b83a8010c,gx-no-cache=1471610270487 HTTP/1.1" 200 30
186.103.159.186 - - [19/Aug/2016:09:36:38 -0300] "GET /cormun/servlet/solicitudot?INS,0,0, HTTP/1.1" 200 11972
186.103.159.186 - - [19/Aug/2016:09:36:40 -0300] "GET /cormun/servlet/solicitudot?INS,0,0, HTTP/1.1" 200 11955
191.112.108.80 - - [19/Aug/2016:09:36:48 -0300] "POST /cormun/servlet/solicitudot?b9a4c3c3eec7fb0523160c6edb2a781a,INS,0,0,,gx-no-cache=1471610283753 HTTP/1.1" 200 93
191.112.108.80 - - [19/Aug/2016:09:36:48 -0300] "GET /cormun/servlet/hpexe_return? HTTP/1.1" 200 1014
191.112.108.80 - - [19/Aug/2016:09:36:49 -0300] "GET /cormun/servlet/trsolicitudot HTTP/1.1" 200 9155
186.103.159.186 - - [19/Aug/2016:09:36:49 -0300] "POST /cormun/servlet/solicitudot?gx-no-cache=1471613884841 HTTP/1.1" 200 2994
186.103.159.186 - - [19/Aug/2016:09:36:50 -0300] "POST /cormun/servlet/solicitudot?f61df0d03d1b0cf3a35bf878eb2667a0,INS,0,0,,gx-no-cache=1471613885085 HTTP/1.1" 200 9129
191.112.108.80 - - [19/Aug/2016:09:36:51 -0300] "GET /cormun/servlet/trsolicitudot HTTP/1.1" 200 9150
186.103.159.186 - - [19/Aug/2016:09:36:54 -0300] "GET /cormun/servlet/solicitudot?18a71364a6053a0bf9e2f74ed32f4f03ab2de1abd774cf5c5f524717e7f053f25d31fe793ce59aaac634707528130dc7,gx-no-cache=1471613889792 HTTP/1.1" 200 30
186.103.159.186 - - [19/Aug/2016:09:36:54 -0300] "POST /cormun/servlet/solicitudot?gx-no-cache=1471613889879 HTTP/1.1" 200 30
186.103.159.186 - - [19/Aug/2016:09:36:56 -0300] "POST /cormun/servlet/solicitudot?gx-no-cache=1471613891511 HTTP/1.1" 200 30
186.103.159.189 - - [19/Aug/2016:09:37:00 -0300] "GET /cormun/servlet/prcontratosol?16494648,,,,,MD,,gxPopupLevel%3D0%3B HTTP/1.1" 200 5713
186.103.159.186 - - [19/Aug/2016:09:37:05 -0300] "POST /cormun/servlet/solicitudot?gx-no-cache=1471613900121 HTTP/1.1" 200 1187
186.103.159.186 - - [19/Aug/2016:09:37:05 -0300] "GET /cormun/servlet/solicitudot?18a71364a6053a0bf9e2f74ed32f4f035534ce1697a9eaaa32555a4ed1a7e1c242e8302c17f6a3a2031c34ddc7bd86e2c8f161b91f2f2b20f381c11a8ff12c99af12d566d58857b5079c5c1fe6d5cfe198efc6b0d5d5e28d439aca2937bd959dbb8a782e02261a4a927f84a0b3ea6ed67fb41a408ea43896eda13b1ee9c2a8bb6f01a540dbacfd9b5547461774e007c4,gx-no-cache=1471613900334 HTTP/1.1" 200 38
186.103.159.204 - - [19/Aug/2016:09:37:05 -0300] "GET /cormun/static/gxgral.js?85251 HTTP/1.1" 200 188416
186.103.159.189 - - [19/Aug/2016:09:37:09 -0300] "POST /cormun/servlet/solicitudot?gx-no-cache=1471610305412 HTTP/1.1" 200 30
186.103.159.186 - - [19/Aug/2016:09:37:10 -0300] "GET /cormun/servlet/solicitudot?18a71364a6053a0bf9e2f74ed32f4f03ecafba78542a53f46e6db1cf886ebb34292740549ded5f25cf8727c0c31908a63bddc0570a90d41309c82776430dc2a02779046ace894db1187d6227f0ed5e434e93362392425b9b2b7466cfaadc613c5251fb058126a50877bfc7102f38a7b84bfa304eccdd05a70078d2c6e39237ab282d40f039c0a9a2597a272a58822c505ec6990c1053fc7bdfc229590fdd9b42,gx-no-cache=1471613905662 HTTP/1.1" 200 29
186.103.159.186 - - [19/Aug/2016:09:37:10 -0300] "POST /cormun/servlet/solicitudot?gx-no-cache=1471613905739 HTTP/1.1" 200 1144
186.103.159.186 - - [19/Aug/2016:09:37:10 -0300] "GET /cormun/static/menuarrow.gif HTTP/1.1" 404 1015
191.112.108.80 - - [19/Aug/2016:09:37:17 -0300] "GET /cormun/servlet/solicitudot?INS,0,0, HTTP/1.1" 200 11967
191.112.108.80 - - [19/Aug/2016:09:37:20 -0300] "GET /cormun/servlet/solicitudot?INS,0,0, HTTP/1.1" 200 11972
186.103.159.186 - - [19/Aug/2016:09:37:22 -0300] "GET /cormun/servlet/solicitudot?18a71364a6053a0bf9e2f74ed32f4f03e2ce7e2d5a36a19ee41fe96acc1da06e8f14e23b112b33d7df9417413f8b2b513f545dcf8f68454c8ece708fd3da45ccb32b442b83264d07a2ad67e773899e41b74c68bed89562b64bdef91e3bc93a767e2ef667409484b869060b11bb649c51dd9c7fd3cb488b1b879b87ff5f4982efc27022b5ff5d4d1106c06b524f46000f731c8744bf2f7e4149616c33703a1748f6287970828e9d32a807bb1af88a0be2,gx-no-cache=1471613917553 HTTP/1.1" 200 30
191.112.108.80 - - [19/Aug/2016:09:37:35 -0300] "POST /cormun/servlet/solicitudot?gx-no-cache=1471610331357 HTTP/1.1" 200 2990
191.112.108.80 - - [19/Aug/2016:09:37:36 -0300] "POST /cormun/servlet/solicitudot?b9a4c3c3eec7fb0523160c6edb2a781a,INS,0,0,,gx-no-cache=1471610331880 HTTP/1.1" 200 9104
186.103.159.186 - - [19/Aug/2016:09:37:43 -0300] "POST /cormun/servlet/solicitudot?f61df0d03d1b0cf3a35bf878eb2667a0,INS,0,0,,gx-no-cache=1471613938539 HTTP/1.1" 200 93
186.103.159.186 - - [19/Aug/2016:09:37:43 -0300] "GET /cormun/servlet/hpexe_return? HTTP/1.1" 200 1030
186.103.159.186 - - [19/Aug/2016:09:37:44 -0300] "GET /cormun/servlet/trsolicitudot?gx-no-cache=1471613290281 HTTP/1.1" 200 6519
186.103.158.250 - - [19/Aug/2016:09:37:46 -0300] "POST /cormun/servlet/solicitudot?e9ce437b8eec6b7fde682595c6dbd8ec,INS,0,0,,gx-no-cache=1471614289446 HTTP/1.1" 200 90
186.103.158.250 - - [19/Aug/2016:09:37:46 -0300] "GET /cormun/servlet/hpexe_link HTTP/1.1" 200 965
186.103.158.250 - - [19/Aug/2016:09:37:46 -0300] "GET /cormun/servlet/trsolicitudot HTTP/1.1" 200 6540
186.103.159.186 - - [19/Aug/2016:09:37:47 -0300] "GET /cormun/servlet/trsolicitudot?gx-no-cache=1471613290281 HTTP/1.1" 200 6540
186.103.158.250 - - [19/Aug/2016:09:37:48 -0300] "GET /cormun/servlet/trsolicitudot HTTP/1.1" 200 6538
191.112.108.80 - - [19/Aug/2016:09:37:49 -0300] "GET /cormun/servlet/solicitudot?6f1ed0b5a8b5371a47939df4dcfebfdef0000fc41286cb6a8867ef5d9b2f66680f02d3148933d8affdbfdea91c88ac27,gx-no-cache=1471610344989 HTTP/1.1" 200 30
191.112.108.80 - - [19/Aug/2016:09:37:49 -0300] "POST /cormun/servlet/solicitudot?gx-no-cache=1471610345104 HTTP/1.1" 200 30
191.112.108.80 - - [19/Aug/2016:09:37:52 -0300] "POST /cormun/servlet/solicitudot?gx-no-cache=1471610348275 HTTP/1.1" 200 30
186.103.158.250 - - [19/Aug/2016:09:37:53 -0300] "GET /cormun/servlet/solicitudot?INS,0,0, HTTP/1.1" 200 11993
186.103.158.250 - - [19/Aug/2016:09:37:55 -0300] "GET /cormun/servlet/solicitudot?INS,0,0, HTTP/1.1" 200 11998
191.112.108.80 - - [19/Aug/2016:09:37:58 -0300] "POST /cormun/servlet/solicitudot?gx-no-cache=1471610354328 HTTP/1.1" 200 1186
191.112.108.80 - - [19/Aug/2016:09:37:58 -0300] "GET /cormun/servlet/solicitudot?6f1ed0b5a8b5371a47939df4dcfebfdee4cf21df0c940f07fde18f30c156f06ce763e228bd834671425591c972615208e0077b9934424dea36bdb70fd43eab887ae186e5fa480b2ee6d4569a0da28f54c9e392148e52be8eec62697a70fddb6485a913dea97f56073bf02603b304945a4c92a785aeca098fe7a084175971759488921633b61e9e06aff7aef0d22727ef,gx-no-cache=1471610354523 HTTP/1.1" 200 38
186.103.159.186 - - [19/Aug/2016:09:37:59 -0300] "POST /cormun/servlet/trsolicitudot?f61df0d03d1b0cf3a35bf878eb2667a0,gx-no-cache=1471613290281,gx-no-cache=1471613954524 HTTP/1.1" 200 5150
186.103.159.189 - - [19/Aug/2016:09:38:00 -0300] "POST /cormun/servlet/solicitudot?gx-no-cache=1471610356734 HTTP/1.1" 200 1187
186.103.159.189 - - [19/Aug/2016:09:38:00 -0300] "GET /cormun/servlet/solicitudot?86d8c8aeecfda11d6941053b8f319613de781acdbd796e422711e0d4d743d2a249dd9524d1a275ae0a11c1e6b5e10cab4bfba147511022bbc472408af52fb38bc28396abc7614d82ba884fd73d5bcbc982450dc609eed18bd8afdbdbb040ba1eea0b8547e0126c342c6e01f21623265363b881b769664f4f73e5c463707025855e2defb04a0942d9308f07db108db9bba513a025f822c9c72b2c25bd020f7482,gx-no-cache=1471610356994 HTTP/1.1" 200 41
186.103.159.189 - - [19/Aug/2016:09:38:00 -0300] "POST /cormun/servlet/solicitudot?gx-no-cache=1471610357039 HTTP/1.1" 200 1144
186.103.159.189 - - [19/Aug/2016:09:38:00 -0300] "GET /cormun/servlet/solicitudot?86d8c8aeecfda11d6941053b8f3196130d7d03e3468bd3447367a547159d85d18d707117ad4aa527ebd3d0b1852e8cb9533067bb101b507484c055e0fb8fad62c54fc2f9df4871efa69a883b0665aee8a6b6a1cad6c2ed5b7a0f3b4b419850cbd61b0b857d4bfd4f49ebcf08a60c549cf24a226db581703071fd2a4092975cee784d8faf60436987acc7b99742357591fc200f0979f3a3bfdbcce3bb89ed7f9744441a1eb62f5145f3e7434a11b1982c,gx-no-cache=1471610357181 HTTP/1.1" 200 30
186.103.159.189 - - [19/Aug/2016:09:38:01 -0300] "POST /cormun/servlet/solicitudot?92f43d0d91322d83d4d46ba0c98819cb,INS,0,0,,gx-no-cache=1471610357231 HTTP/1.1" 200 93
186.103.159.189 - - [19/Aug/2016:09:38:01 -0300] "GET /cormun/servlet/hpexe_return? HTTP/1.1" 200 1010
186.103.159.189 - - [19/Aug/2016:09:38:01 -0300] "GET /cormun/static/gxcfg.js?2015111312145050 HTTP/1.1" 200 953
186.103.159.189 - - [19/Aug/2016:09:38:01 -0300] "GET /cormun/static/hpexe_return.js?2015111312145056 HTTP/1.1" 200 1633
186.103.159.189 - - [19/Aug/2016:09:38:02 -0300] "GET /cormun/static/Resources/Spanish/PXTools.css?12112540 HTTP/1.1" 200 89042
186.103.159.189 - - [19/Aug/2016:09:38:02 -0300] "GET /cormun/servlet/trsolicitudot HTTP/1.1" 200 7789
186.103.159.189 - - [19/Aug/2016:09:38:05 -0300] "GET /cormun/servlet/trsolicitudot HTTP/1.1" 200 7785
186.103.159.186 - - [19/Aug/2016:09:38:14 -0300] "POST /cormun/servlet/trsolicitudot?f61df0d03d1b0cf3a35bf878eb2667a0,gx-no-cache=1471613290281,gx-no-cache=1471613969801 HTTP/1.1" 200 3919
186.103.159.186 - - [19/Aug/2016:09:38:14 -0300] "GET /cormun/static/Shared/jqueryui/images/ui-bg_highlight-soft_100_c6c2c8_1x100.png HTTP/1.1" 404 1117
186.103.159.186 - - [19/Aug/2016:09:38:15 -0300] "GET /cormun/static/Shared/jqueryui/images/ui-icons_82798d_256x240.png HTTP/1.1" 404 1089
186.103.159.186 - - [19/Aug/2016:09:38:15 -0300] "GET /cormun/static/Shared/jqueryui/images/ui-icons_8d78a5_256x240.png HTTP/1.1" 404 1089
186.103.159.186 - - [19/Aug/2016:09:38:15 -0300] "GET /cormun/static/Shared/jqueryui/images/ui-bg_flat_55_fafafa_40x100.png HTTP/1.1" 404 1097
186.103.159.186 - - [19/Aug/2016:09:38:17 -0300] "POST /cormun/servlet/trsolicitudot?f61df0d03d1b0cf3a35bf878eb2667a0,gx-no-cache=1471613290281,gx-no-cache=1471613970129 HTTP/1.1" 200 3780
