186.103.159.186 - - [16/Aug/2016:12:41:08 -0300] "GET /cormun/servlet/solicitudot?56636f6fcbb057c67a6b1f250a6d15b6d0e0cb3d021e1e0f37f1a4594ff2589278f680e274545f9a9124927338463364,gx-no-cache=1471365743898 HTTP/1.1" 200 30
186.103.159.186 - - [16/Aug/2016:12:41:09 -0300] "POST /cormun/servlet/solicitudot?gx-no-cache=1471365744015 HTTP/1.1" 200 30
186.103.159.186 - - [16/Aug/2016:12:41:26 -0300] "POST /cormun/servlet/solicitudot?gx-no-cache=1471365761280 HTTP/1.1" 200 30
192.168.10.89 - - [16/Aug/2016:12:42:05 -0300] "GET /cormun/servlet/prlicenciaspermisos?8013876,L,,MD,,gxPopupLevel%3D0%3B HTTP/1.1" 200 5865
192.168.10.89 - - [16/Aug/2016:12:42:06 -0300] "GET /cormun/static/gxcfg.js?201652512202696 HTTP/1.1" 304 -
192.168.10.89 - - [16/Aug/2016:12:42:06 -0300] "GET /cormun/static/prlicenciaspermisos.js?201652512202842 HTTP/1.1" 304 -
192.168.10.89 - - [16/Aug/2016:12:42:07 -0300] "POST /cormun/servlet/acontrolpreferencessavestate?None,MQUEZADA,true HTTP/1.1" 200 35
192.168.10.89 - - [16/Aug/2016:12:42:12 -0300] "POST /cormun/servlet/solicitudot?gx-no-cache=1471361885363 HTTP/1.1" 200 1185
186.103.157.246 - - [16/Aug/2016:12:42:36 -0300] "GET /cormun/static/menuarrow.gif HTTP/1.1" 404 1015
192.168.10.89 - - [16/Aug/2016:12:42:40 -0300] "GET /cormun/servlet/solicitudot?6c6908f9d1a179259e12a85e2082e2948b073ca7d0f36641a035d39879148caa34201e169ce8e9a1362c456303dfa69c56fca9e9b1cdcdee43c1bddcc157281564c3a30ccceadd5c9aa7548c9d17164110ca9e54583a0e784fd22bd4b76be5fa23390dede16bb91e71d10c1c4a2aedd2ee8ae1ccc20f2d7560339b3fbd0c511e028379de38fc4dcc84ae625cf685bffde934461f3e58a41003dbbfb02a3e3c78,gx-no-cache=1471361913430 HTTP/1.1" 200 38
192.168.10.89 - - [16/Aug/2016:12:42:44 -0300] "GET /cormun/servlet/solicitudot?6c6908f9d1a179259e12a85e2082e29439f4dbf8076c80ea0aeb8fc02153c2ab6ee8d926edbb7bce99ddf996a6d0c82c3eee58291257dffee66007b62982a9e714110fd197cfa02ce9e8df427a15ee83914701ef7f6813ed1a8dbe271b2cc89a5af300387b3ab397706a909f7fa9b5c1a40f0642759762ff53726902aeea02e59d396ee54f9902729322427e9d98a6cd52f0389cb268455c7279348bde1aa027,gx-no-cache=1471361917079 HTTP/1.1" 200 29
192.168.10.89 - - [16/Aug/2016:12:42:44 -0300] "POST /cormun/servlet/solicitudot?gx-no-cache=1471361917112 HTTP/1.1" 200 1143
186.103.157.246 - - [16/Aug/2016:12:42:54 -0300] "GET /cormun/servlet/solicitudot?INS,0,0, HTTP/1.1" 200 11968
192.168.10.89 - - [16/Aug/2016:12:42:55 -0300] "GET /cormun/servlet/prlicenciaspermisos?8013876,L,,MD,,gxPopupLevel%3D0%3B HTTP/1.1" 200 5871
186.103.157.246 - - [16/Aug/2016:12:42:55 -0300] "GET /cormun/static/calendar-system.css?75620 HTTP/1.1" 304 -
186.103.157.246 - - [16/Aug/2016:12:42:55 -0300] "GET /cormun/static/Resources/Spanish/PXTools.css?22445990 HTTP/1.1" 304 -
186.103.157.246 - - [16/Aug/2016:12:42:55 -0300] "GET /cormun/static/gxcfg.js?201631710541238 HTTP/1.1" 304 -
192.168.10.89 - - [16/Aug/2016:12:42:59 -0300] "GET /cormun/servlet/solicitudot?6c6908f9d1a179259e12a85e2082e2948b073ca7d0f36641a035d39879148caa34201e169ce8e9a1362c456303dfa69c56fca9e9b1cdcdee43c1bddcc157281564c3a30ccceadd5c9aa7548c9d17164110ca9e54583a0e784fd22bd4b76be5fa23390dede16bb91e71d10c1c4a2aedd2ee8ae1ccc20f2d7560339b3fbd0c511e028379de38fc4dcc84ae625cf685bffde934461f3e58a41003dbbfb02a3e3c78,gx-no-cache=1471361932078 HTTP/1.1" 200 38
192.168.10.89 - - [16/Aug/2016:12:43:02 -0300] "GET /cormun/servlet/solicitudot?6c6908f9d1a179259e12a85e2082e2946acb5703a083c2ba11aebf153d832a13af03c276c5eadd02b3da4cb45b9a172e56d349ba930a6a1e9f913fd465dd0a44e55ed2a5bc07d1d5b3ac631b3761a48e903f1c181aa53d688db08f8364379417854be8c9bf2736a73d662166f6d891f6f3242122c035a6f5b50266818b335b523da5c4171e304220c5bfd03587a9d5d5f2f2cc2665979c57fc78b6d3ad937532ff78927be6d11d5d3a4937379bc662b1ce1d42df97b309fd4f1917a9fb7d8577,gx-no-cache=1471361935412 HTTP/1.1" 200 30
192.168.10.89 - - [16/Aug/2016:12:43:14 -0300] "POST /cormun/servlet/solicitudot?9ddb11539b8991568e3a0643076105a4,INS,0,0,,gx-no-cache=1471361947279 HTTP/1.1" 200 93
192.168.10.89 - - [16/Aug/2016:12:43:14 -0300] "GET /cormun/servlet/hpexe_return? HTTP/1.1" 200 1005
192.168.10.89 - - [16/Aug/2016:12:43:15 -0300] "GET /cormun/static/gxcfg.js?2015111312145050 HTTP/1.1" 304 -
186.103.157.246 - - [16/Aug/2016:12:43:15 -0300] "GET /cormun/servlet/hlogin HTTP/1.1" 200 1713
186.103.157.246 - - [16/Aug/2016:12:43:15 -0300] "GET /cormun/static/Resources/Spanish/PXTools.css?19284387 HTTP/1.1" 304 -
186.103.157.246 - - [16/Aug/2016:12:43:15 -0300] "GET /cormun/static/gxcfg.js?201632119342969 HTTP/1.1" 304 -
186.103.157.246 - - [16/Aug/2016:12:43:15 -0300] "GET /cormun/static/messages.spa.js?85251 HTTP/1.1" 304 -
186.103.157.246 - - [16/Aug/2016:12:43:15 -0300] "GET /cormun/static/gxgral.js?85251 HTTP/1.1" 304 -
192.168.10.89 - - [16/Aug/2016:12:43:15 -0300] "GET /cormun/servlet/trsolicitudot HTTP/1.1" 200 7848
186.103.157.246 - - [16/Aug/2016:12:43:18 -0300] "GET /cormun/static/gxtimezone.js?85251 HTTP/1.1" 304 -
186.103.157.246 - - [16/Aug/2016:12:43:18 -0300] "GET /cormun/static/hlogin.js?201632119342986 HTTP/1.1" 304 -
186.103.157.246 - - [16/Aug/2016:12:43:18 -0300] "GET /cormun/static/Resources/ComunLogin.png HTTP/1.1" 304 -
186.103.157.246 - - [16/Aug/2016:12:43:18 -0300] "GET /cormun/static/Resources/PXToolsLoginTop.png HTTP/1.1" 304 -
186.103.157.246 - - [16/Aug/2016:12:43:18 -0300] "GET /cormun/static/Resources/PXToolsLoginBackground.png HTTP/1.1" 304 -
186.103.157.246 - - [16/Aug/2016:12:43:18 -0300] "GET /cormun/static/Resources/PXToolsButtonLeft21.png HTTP/1.1" 304 -
186.103.157.246 - - [16/Aug/2016:12:43:18 -0300] "GET /cormun/static/Resources/PXToolsButtonRight21.png HTTP/1.1" 304 -
186.103.157.246 - - [16/Aug/2016:12:43:18 -0300] "GET /cormun/static/Resources/PXToolsLoginBottom.png HTTP/1.1" 304 -
186.103.157.246 - - [16/Aug/2016:12:43:18 -0300] "GET /cormun/static/Resources/PXToolsButtonBackground2.png HTTP/1.1" 304 -
186.103.157.246 - - [16/Aug/2016:12:43:18 -0300] "GET /cormun/static/Resources/indicator.gif HTTP/1.1" 304 -
192.168.10.89 - - [16/Aug/2016:12:43:19 -0300] "GET /cormun/servlet/solicitudot?INS,0,0, HTTP/1.1" 200 12032
192.168.10.89 - - [16/Aug/2016:12:43:24 -0300] "GET /cormun/servlet/prfichaempleado?,MD,,gxPopupLevel%3D0%3B HTTP/1.1" 200 8531
192.168.10.89 - - [16/Aug/2016:12:43:37 -0300] "POST /cormun/servlet/prfichaempleado?9ddb11539b8991568e3a0643076105a4,,MD,,gxPopupLevel%3D0%3B,gx-no-cache=1471361969820 HTTP/1.1" 200 3362
192.168.10.89 - - [16/Aug/2016:12:43:39 -0300] "POST /cormun/servlet/solicitudot?gx-no-cache=1471361972503 HTTP/1.1" 200 2967
192.168.10.89 - - [16/Aug/2016:12:43:40 -0300] "POST /cormun/servlet/solicitudot?9ddb11539b8991568e3a0643076105a4,INS,0,0,,gx-no-cache=1471361972752 HTTP/1.1" 200 8855
192.168.10.89 - - [16/Aug/2016:12:43:44 -0300] "GET /cormun/servlet/solicitudot?6c6908f9d1a179259e12a85e2082e2940498a8902dfeb9903ac550dc8a8c2a6ad729ed63ef2e1165d97f23d47b4305a2,gx-no-cache=1471361977644 HTTP/1.1" 200 30
192.168.10.89 - - [16/Aug/2016:12:43:44 -0300] "POST /cormun/servlet/solicitudot?gx-no-cache=1471361977690 HTTP/1.1" 200 30
192.168.10.89 - - [16/Aug/2016:12:43:47 -0300] "POST /cormun/servlet/solicitudot?gx-no-cache=1471361980658 HTTP/1.1" 200 30
192.168.10.89 - - [16/Aug/2016:12:43:50 -0300] "GET /cormun/servlet/prsolicitudot?5805423,,,,,MD,,gxPopupLevel%3D0%3B HTTP/1.1" 200 5544
192.168.10.89 - - [16/Aug/2016:12:43:50 -0300] "GET /cormun/static/gxcfg.js?201631022393559 HTTP/1.1" 304 -
192.168.10.89 - - [16/Aug/2016:12:43:51 -0300] "GET /cormun/static/prsolicitudot.js?201631022393730 HTTP/1.1" 304 -
192.168.10.89 - - [16/Aug/2016:12:43:52 -0300] "POST /cormun/servlet/acontrolpreferencessavestate?None,MQUEZADA,true HTTP/1.1" 200 35
192.168.10.89 - - [16/Aug/2016:12:43:54 -0300] "POST /cormun/servlet/solicitudot?gx-no-cache=1471361986971 HTTP/1.1" 200 494
192.168.10.89 - - [16/Aug/2016:12:43:54 -0300] "GET /cormun/servlet/solicitudot?6c6908f9d1a179259e12a85e2082e2948b073ca7d0f36641a035d39879148caa34201e169ce8e9a1362c456303dfa69c56fca9e9b1cdcdee43c1bddcc157281564c3a30ccceadd5c9aa7548c9d17164110ca9e54583a0e784fd22bd4b76be5fa23390dede16bb91e71d10c1c4a2aedd2ee8ae1ccc20f2d7560339b3fbd0c511e35242cc7381cda7d44672a466f61163b,gx-no-cache=1471361987010 HTTP/1.1" 200 38
192.168.10.89 - - [16/Aug/2016:12:43:54 -0300] "GET /cormun/servlet/solicitudot?6c6908f9d1a179259e12a85e2082e29439f4dbf8076c80ea0aeb8fc02153c2ab6ee8d926edbb7bce99ddf996a6d0c82c3eee58291257dffee66007b62982a9e714110fd197cfa02ce9e8df427a15ee83914701ef7f6813ed1a8dbe271b2cc89a5af300387b3ab397706a909f7fa9b5c1a40f0642759762ff53726902aeea02e59d396ee54f9902729322427e9d98a6cd52f0389cb268455c7279348bde1aa027,gx-no-cache=1471361987036 HTTP/1.1" 200 29
192.168.10.89 - - [16/Aug/2016:12:43:54 -0300] "POST /cormun/servlet/solicitudot?gx-no-cache=1471361987061 HTTP/1.1" 200 446
192.168.10.89 - - [16/Aug/2016:12:43:55 -0300] "GET /cormun/servlet/prpersonalsolicitud?5805423,,,,,MD,,gxPopupLevel%3D0%3B HTTP/1.1" 200 5397
192.168.10.89 - - [16/Aug/2016:12:43:55 -0300] "GET /cormun/static/gxcfg.js?20163117361395 HTTP/1.1" 200 953
192.168.10.89 - - [16/Aug/2016:12:43:55 -0300] "GET /cormun/static/prpersonalsolicitud.js?20163117361535 HTTP/1.1" 200 13873
192.168.10.89 - - [16/Aug/2016:12:43:56 -0300] "POST /cormun/servlet/acontrolpreferencessavestate?None,MQUEZADA,true HTTP/1.1" 200 35
192.168.10.89 - - [16/Aug/2016:12:43:58 -0300] "GET /cormun/servlet/prcontratosol?5805423,,,,,MD,,gxPopupLevel%3D0%3B HTTP/1.1" 200 5377
192.168.10.89 - - [16/Aug/2016:12:43:58 -0300] "GET /cormun/static/Resources/Spanish/PXTools.css?1423257 HTTP/1.1" 304 -
192.168.10.89 - - [16/Aug/2016:12:43:58 -0300] "GET /cormun/static/gxcfg.js?2016141247819 HTTP/1.1" 304 -
192.168.10.89 - - [16/Aug/2016:12:43:58 -0300] "GET /cormun/static/prcontratosol.js?2016141247993 HTTP/1.1" 304 -
192.168.10.89 - - [16/Aug/2016:12:44:06 -0300] "GET /cormun/servlet/prfichaempleado?,MD,,gxPopupLevel%3D0%3B HTTP/1.1" 200 8544
192.168.10.89 - - [16/Aug/2016:12:44:14 -0300] "POST /cormun/servlet/prfichaempleado?9ddb11539b8991568e3a0643076105a4,,MD,,gxPopupLevel%3D0%3B,gx-no-cache=1471362006853 HTTP/1.1" 200 3363
192.168.10.89 - - [16/Aug/2016:12:44:17 -0300] "GET /cormun/servlet/prlicenciaspermisos?8013876,L,,MD,,gxPopupLevel%3D0%3B HTTP/1.1" 200 5884
192.168.10.89 - - [16/Aug/2016:12:44:19 -0300] "POST /cormun/servlet/solicitudot?gx-no-cache=1471362012744 HTTP/1.1" 200 1185
192.168.10.89 - - [16/Aug/2016:12:44:21 -0300] "GET /cormun/servlet/solicitudot?6c6908f9d1a179259e12a85e2082e2948b073ca7d0f36641a035d39879148caa34201e169ce8e9a1362c456303dfa69c56fca9e9b1cdcdee43c1bddcc157281564c3a30ccceadd5c9aa7548c9d17164110ca9e54583a0e784fd22bd4b76be5fa23390dede16bb91e71d10c1c4a2aedd2ee8ae1ccc20f2d7560339b3fbd0c511e028379de38fc4dcc84ae625cf685bffde934461f3e58a41003dbbfb02a3e3c78,gx-no-cache=1471362014807 HTTP/1.1" 200 38
192.168.10.89 - - [16/Aug/2016:12:44:25 -0300] "POST /cormun/servlet/solicitudot?gx-no-cache=1471362018739 HTTP/1.1" 200 1143
192.168.10.89 - - [16/Aug/2016:12:44:36 -0300] "GET /cormun/servlet/solicitudot?6c6908f9d1a179259e12a85e2082e2946acb5703a083c2ba11aebf153d832a13af03c276c5eadd02b3da4cb45b9a172e56d349ba930a6a1e9f913fd465dd0a44e55ed2a5bc07d1d5b3ac631b3761a48e903f1c181aa53d688db08f8364379417854be8c9bf2736a73d662166f6d891f6f3242122c035a6f5b50266818b335b523da5c4171e304220c5bfd03587a9d5d5f2f2cc2665979c57fc78b6d3ad937532ff78927be6d11d5d3a4937379bc662b1ce1d42df97b309fd4f1917a9fb7d8577,gx-no-cache=1471362029655 HTTP/1.1" 200 30
186.103.159.186 - - [16/Aug/2016:12:44:36 -0300] "GET /cormun/static/Resources/resize.gif HTTP/1.1" 200 77
186.103.159.186 - - [16/Aug/2016:12:44:36 -0300] "GET /cormun/servlet/prlicenciaspermisos?155232668,L,,MD,,gxPopupLevel%3D0%3B HTTP/1.1" 200 5054
186.103.159.186 - - [16/Aug/2016:12:44:37 -0300] "GET /cormun/static/gxui/gxui-all.css?110300 HTTP/1.1" 200 2179
186.103.159.186 - - [16/Aug/2016:12:44:37 -0300] "GET /cormun/static/gxcfg.js?201652512202696 HTTP/1.1" 200 953
186.103.159.186 - - [16/Aug/2016:12:44:37 -0300] "GET /cormun/static/Resources/Spanish/PXTools.css?22123174 HTTP/1.1" 200 89042
186.103.159.186 - - [16/Aug/2016:12:44:37 -0300] "GET /cormun/static/menusearch.js?20165162214271 HTTP/1.1" 200 1424
186.103.159.186 - - [16/Aug/2016:12:44:37 -0300] "GET /cormun/static/prlicenciaspermisos.js?201652512202842 HTTP/1.1" 200 13349
186.103.159.186 - - [16/Aug/2016:12:44:37 -0300] "GET /cormun/static/hmpwkw011.js?201651622203195 HTTP/1.1" 200 1968
186.103.159.186 - - [16/Aug/2016:12:44:40 -0300] "GET /cormun/static/Shared/ext/resources/css/ext-all.css?205870 HTTP/1.1" 200 416045
186.103.159.186 - - [16/Aug/2016:12:44:41 -0300] "GET /cormun/static/Resources/PXToolsMenuSearchCancel.png HTTP/1.1" 200 2972
192.168.10.89 - - [16/Aug/2016:12:44:47 -0300] "POST /cormun/servlet/solicitudot?9ddb11539b8991568e3a0643076105a4,INS,0,0,,gx-no-cache=1471362040155 HTTP/1.1" 200 9809
192.168.10.89 - - [16/Aug/2016:12:44:47 -0300] "GET /cormun/static/Shared/jqueryui/images/ui-icons_ebccce_256x240.png HTTP/1.1" 404 1089
192.168.10.89 - - [16/Aug/2016:12:44:47 -0300] "GET /cormun/static/Shared/jqueryui/images/ui-icons_82798d_256x240.png HTTP/1.1" 404 1089
192.168.10.89 - - [16/Aug/2016:12:44:47 -0300] "GET /cormun/static/Shared/jqueryui/images/ui-bg_highlight-soft_100_c6c2c8_1x100.png HTTP/1.1" 404 1117
192.168.10.89 - - [16/Aug/2016:12:44:47 -0300] "GET /cormun/static/Shared/jqueryui/images/ui-bg_flat_55_994d53_40x100.png HTTP/1.1" 404 1097
186.103.159.186 - - [16/Aug/2016:12:44:52 -0300] "POST /cormun/servlet/solicitudot?gx-no-cache=1471365967811 HTTP/1.1" 200 617
192.168.10.89 - - [16/Aug/2016:12:44:53 -0300] "POST /cormun/servlet/solicitudot?9ddb11539b8991568e3a0643076105a4,INS,0,0,,gx-no-cache=1471362045780 HTTP/1.1" 200 93
192.168.10.89 - - [16/Aug/2016:12:44:53 -0300] "GET /cormun/servlet/hpexe_return? HTTP/1.1" 200 1005
186.103.159.186 - - [16/Aug/2016:12:44:53 -0300] "GET /cormun/static/Shared/jqueryui/images/ui-icons_82798d_256x240.png HTTP/1.1" 404 1089
186.103.159.186 - - [16/Aug/2016:12:44:53 -0300] "GET /cormun/static/Shared/jqueryui/images/ui-bg_highlight-soft_100_c6c2c8_1x100.png HTTP/1.1" 404 1117
186.103.159.186 - - [16/Aug/2016:12:44:53 -0300] "GET /cormun/static/Shared/jqueryui/images/ui-bg_flat_55_994d53_40x100.png HTTP/1.1" 404 1097
192.168.10.89 - - [16/Aug/2016:12:44:53 -0300] "GET /cormun/servlet/trsolicitudot HTTP/1.1" 200 7865
192.168.10.89 - - [16/Aug/2016:12:44:57 -0300] "POST /cormun/servlet/trsolicitudot?9ddb11539b8991568e3a0643076105a4,gx-no-cache=1471362049914 HTTP/1.1" 200 107
192.168.10.89 - - [16/Aug/2016:12:44:57 -0300] "GET /cormun/servlet/trsolicitudadjuntos?2016,2485, HTTP/1.1" 200 5609
192.168.10.89 - - [16/Aug/2016:12:44:57 -0300] "GET /cormun/static/gxcfg.js?2016311731090 HTTP/1.1" 304 -
192.168.10.89 - - [16/Aug/2016:12:44:59 -0300] "GET /cormun/servlet/solicitudotadjuntos?INS,2016,2485,,1, HTTP/1.1" 200 5705
192.168.10.89 - - [16/Aug/2016:12:45:00 -0300] "GET /cormun/static/gxcfg.js?201631622493247 HTTP/1.1" 304 -
192.168.10.89 - - [16/Aug/2016:12:45:00 -0300] "HEAD /cormun/static/about:blank HTTP/1.1" 404 -
192.168.10.89 - - [16/Aug/2016:12:45:01 -0300] "GET /cormun/servlet/solicitudotadjuntos?6c6908f9d1a179259e12a85e2082e2949e23f1b24a938ea3401f3ebfa18e909cc52812c9719579fc2857a548e9b9db35,gx-no-cache=1471362054107 HTTP/1.1" 200 30
192.168.10.89 - - [16/Aug/2016:12:45:01 -0300] "POST /cormun/servlet/solicitudotadjuntos?9ddb11539b8991568e3a0643076105a4,INS,2016,2485,,1,,gx-no-cache=1471362054141 HTTP/1.1" 200 3573
186.103.159.186 - - [16/Aug/2016:12:45:01 -0300] "GET /cormun/static/menuarrow.gif HTTP/1.1" 404 1015
192.168.10.89 - - [16/Aug/2016:12:45:02 -0300] "POST /cormun/servlet/solicitudotadjuntos?gx-no-cache=1471362054981 HTTP/1.1" 200 26
186.103.159.186 - - [16/Aug/2016:12:45:06 -0300] "GET /cormun/servlet/solicitudot?56636f6fcbb057c67a6b1f250a6d15b69177061fb10bef305bdda4d9bdc00a26ae599e360ddd18c90c9afb767cdc79f17daf785bd597f2fc7ec867df19999756f8c96d98166fe2a681d8fd4b20b357d6b080b3770dbd23062228bb5792f4670483625a89e941747b2877380cbe587f5a25963597388abdfdcd95bed11be6fb126b46c518cd013aa9296b4c59d24c1556,gx-no-cache=1471365981536 HTTP/1.1" 200 38
186.103.159.186 - - [16/Aug/2016:12:45:48 -0300] "GET /cormun/static/Shared/jqueryui/images/ui-icons_ebccce_256x240.png HTTP/1.1" 404 1089
186.103.159.186 - - [16/Aug/2016:12:46:05 -0300] "GET /cormun/servlet/solicitudot?56636f6fcbb057c67a6b1f250a6d15b60163abb67911506359bfbd144b4d6d3702c240af1ed1c3c20d3bc5b28dc8c6101333c0bc3dce1a5efc729cdbebcf1cdc0a9ae81581c3879260359d22a4967fd445b16e855ceefda05bc2c7ca958fd5c9109b6cb77b8883d86c7333faf55acfd7,gx-no-cache=1471366040577 HTTP/1.1" 200 29
186.103.159.186 - - [16/Aug/2016:12:46:06 -0300] "POST /cormun/servlet/solicitudot?gx-no-cache=1471366041643 HTTP/1.1" 200 1144
192.168.10.17 - - [16/Aug/2016:12:46:20 -0300] "GET /cormun/servlet/vesolicitudnombre?2016,2397,,SolicitudOTAdjuntos HTTP/1.1" 200 9946
192.168.10.17 - - [16/Aug/2016:12:46:20 -0300] "GET /cormun/pexe_scrolldiv.js HTTP/1.1" 404 1009
192.168.10.17 - - [16/Aug/2016:12:46:21 -0300] "POST /cormun/servlet/acontrolpreferencessavestate?None,CDROGUETT,true HTTP/1.1" 200 35
192.168.10.17 - - [16/Aug/2016:12:46:24 -0300] "GET /cormun/servlet/trconsultaempleado? HTTP/1.1" 200 6571
186.103.159.186 - - [16/Aug/2016:12:46:30 -0300] "GET /cormun/servlet/solicitudot?56636f6fcbb057c67a6b1f250a6d15b630c27ed6811e4f66761f25c6c8bcaa7ae6a7eda32ba3019f38cb1ed0c127cb258d12f26c7a0e69eb1a9da39eaa70ff9c9e174af55943e987043468b5935715527e0eaa8cc134637185222465f4fd99cef1042fb6c5eaea014e6e3ae4d3e84cb7c8eea9599e4e70edc99b5d49c44372bd45b16e855ceefda05bc2c7ca958fd5c9129e3511776d7cd963cd46477e6dc3d41e0e5ac0ad2bb7972610d37c71850871,gx-no-cache=1471366064778 HTTP/1.1" 200 30
192.168.10.17 - - [16/Aug/2016:12:46:32 -0300] "POST /cormun/servlet/trconsultaempleado?f92c3b59e1ea3946615fa406164303e2,,gx-no-cache=1471365874453 HTTP/1.1" 200 4164
192.168.10.17 - - [16/Aug/2016:12:46:34 -0300] "GET /cormun/servlet/trsolicitudnombre?17136219, HTTP/1.1" 200 7591
192.168.10.17 - - [16/Aug/2016:12:46:38 -0300] "GET /cormun/servlet/vesolicitudnombre?2016,2422,, HTTP/1.1" 200 8396
192.168.10.17 - - [16/Aug/2016:12:46:38 -0300] "GET /cormun/pexe_scrolldiv.js HTTP/1.1" 404 1009
192.168.10.17 - - [16/Aug/2016:12:46:43 -0300] "GET /cormun/servlet/vesolicitudnombre?2016,2422,,SolicitudOTAdjuntos HTTP/1.1" 200 9164
192.168.10.17 - - [16/Aug/2016:12:46:43 -0300] "GET /cormun/pexe_scrolldiv.js HTTP/1.1" 404 1009
192.168.10.17 - - [16/Aug/2016:12:46:45 -0300] "POST /cormun/servlet/acontrolpreferencessavestate?None,CDROGUETT,true HTTP/1.1" 200 35
192.168.10.17 - - [16/Aug/2016:12:46:49 -0300] "GET /cormun/servlet/vesolicitudnombre?2016,2422,, HTTP/1.1" 200 8396
192.168.10.17 - - [16/Aug/2016:12:46:49 -0300] "GET /cormun/pexe_scrolldiv.js HTTP/1.1" 404 1009
192.168.10.17 - - [16/Aug/2016:12:46:52 -0300] "GET /cormun/servlet/trsolicitudnombre?17136219, HTTP/1.1" 200 7591
192.168.10.17 - - [16/Aug/2016:12:46:55 -0300] "GET /cormun/servlet/vesolicitudnombre?2016,2424,, HTTP/1.1" 200 8392
192.168.10.17 - - [16/Aug/2016:12:46:55 -0300] "GET /cormun/pexe_scrolldiv.js HTTP/1.1" 404 1009
192.168.10.17 - - [16/Aug/2016:12:46:58 -0300] "GET /cormun/servlet/vesolicitudnombre?2016,2424,,SolicitudOTAdjuntos HTTP/1.1" 200 9899
192.168.10.17 - - [16/Aug/2016:12:46:58 -0300] "GET /cormun/pexe_scrolldiv.js HTTP/1.1" 404 1009
192.168.10.17 - - [16/Aug/2016:12:46:59 -0300] "POST /cormun/servlet/acontrolpreferencessavestate?None,CDROGUETT,true HTTP/1.1" 200 35
192.168.10.17 - - [16/Aug/2016:12:47:01 -0300] "GET /cormun/PublicTempStorage/cedula2945495.jpg HTTP/1.1" 200 827953
192.168.10.17 - - [16/Aug/2016:12:47:09 -0300] "GET /cormun/servlet/vesolicitudnombre?2016,2424,,SolicitudOTAdjuntos HTTP/1.1" 200 9897
186.103.159.186 - - [16/Aug/2016:12:47:09 -0300] "POST /cormun/servlet/solicitudot?c55133ce453de87e2f781a66ad32174a,INS,0,0,,gx-no-cache=1471366084086 HTTP/1.1" 500 10
192.168.10.17 - - [16/Aug/2016:12:47:09 -0300] "GET /cormun/pexe_scrolldiv.js HTTP/1.1" 404 1009
192.168.10.17 - - [16/Aug/2016:12:47:11 -0300] "POST /cormun/servlet/acontrolpreferencessavestate?None,CDROGUETT,true HTTP/1.1" 200 35
192.168.10.17 - - [16/Aug/2016:12:47:11 -0300] "GET /cormun/PublicTempStorage/titulo685626.jpg HTTP/1.1" 200 720214
192.168.10.17 - - [16/Aug/2016:12:47:23 -0300] "GET /cormun/servlet/vesolicitudnombre?2016,2424,,SolicitudOTAdjuntos HTTP/1.1" 200 9898
192.168.10.17 - - [16/Aug/2016:12:47:23 -0300] "GET /cormun/pexe_scrolldiv.js HTTP/1.1" 404 1009
192.168.10.17 - - [16/Aug/2016:12:47:25 -0300] "POST /cormun/servlet/acontrolpreferencessavestate?None,CDROGUETT,true HTTP/1.1" 200 35
192.168.10.17 - - [16/Aug/2016:12:47:26 -0300] "GET /cormun/PublicTempStorage/afp8556575.jpg HTTP/1.1" 200 905812
192.168.10.17 - - [16/Aug/2016:12:47:33 -0300] "GET /cormun/servlet/vesolicitudnombre?2016,2424,,SolicitudOTAdjuntos HTTP/1.1" 200 9899
192.168.10.17 - - [16/Aug/2016:12:47:33 -0300] "GET /cormun/pexe_scrolldiv.js HTTP/1.1" 404 1009
192.168.10.17 - - [16/Aug/2016:12:47:35 -0300] "POST /cormun/servlet/acontrolpreferencessavestate?None,CDROGUETT,true HTTP/1.1" 200 35
192.168.10.17 - - [16/Aug/2016:12:47:36 -0300] "GET /cormun/PublicTempStorage/fonasa7845747.jpg HTTP/1.1" 200 512834
186.103.159.186 - - [16/Aug/2016:12:47:39 -0300] "GET /cormun/servlet/solicitudot?INS,0,0, HTTP/1.1" 200 11946
192.168.10.17 - - [16/Aug/2016:12:47:42 -0300] "GET /cormun/servlet/vesolicitudnombre?2016,2424,,SolicitudOTAdjuntos HTTP/1.1" 200 9898
192.168.10.17 - - [16/Aug/2016:12:47:42 -0300] "GET /cormun/pexe_scrolldiv.js HTTP/1.1" 404 1009
186.103.159.186 - - [16/Aug/2016:12:47:42 -0300] "GET /cormun/servlet/solicitudot?INS,0,0, HTTP/1.1" 200 11951
186.103.159.186 - - [16/Aug/2016:12:47:42 -0300] "GET /favicon.ico HTTP/1.1" 200 21630
192.168.10.17 - - [16/Aug/2016:12:47:43 -0300] "POST /cormun/servlet/acontrolpreferencessavestate?None,CDROGUETT,true HTTP/1.1" 200 35
192.168.10.17 - - [16/Aug/2016:12:47:44 -0300] "GET /cormun/PublicTempStorage/antec7883678.jpg HTTP/1.1" 200 894788
186.103.159.186 - - [16/Aug/2016:12:47:46 -0300] "POST /cormun/servlet/solicitudot?c55133ce453de87e2f781a66ad32174a,INS,0,0,,gx-no-cache=1471366141223 HTTP/1.1" 200 93
186.103.159.186 - - [16/Aug/2016:12:47:46 -0300] "GET /cormun/servlet/hpexe_return? HTTP/1.1" 200 1005
186.103.159.186 - - [16/Aug/2016:12:47:46 -0300] "GET /cormun/static/gxcfg.js?2015111312145050 HTTP/1.1" 200 953
186.103.159.186 - - [16/Aug/2016:12:47:46 -0300] "GET /cormun/static/Resources/Spanish/PXTools.css?12112540 HTTP/1.1" 200 89042
186.103.159.186 - - [16/Aug/2016:12:47:49 -0300] "GET /cormun/static/hpexe_return.js?2015111312145056 HTTP/1.1" 200 1633
186.103.159.186 - - [16/Aug/2016:12:47:49 -0300] "GET /cormun/servlet/trsolicitudot HTTP/1.1" 200 6506
192.168.10.17 - - [16/Aug/2016:12:47:51 -0300] "GET /cormun/servlet/vesolicitudnombre?2016,2424,,SolicitudOTAdjuntos HTTP/1.1" 200 9900
192.168.10.17 - - [16/Aug/2016:12:47:51 -0300] "GET /cormun/pexe_scrolldiv.js HTTP/1.1" 404 1009
186.103.159.186 - - [16/Aug/2016:12:47:52 -0300] "GET /cormun/servlet/trsolicitudot HTTP/1.1" 200 6502
192.168.10.17 - - [16/Aug/2016:12:47:52 -0300] "POST /cormun/servlet/acontrolpreferencessavestate?None,CDROGUETT,true HTTP/1.1" 200 35
192.168.10.17 - - [16/Aug/2016:12:47:53 -0300] "GET /cormun/PublicTempStorage/curri17153537.jpg HTTP/1.1" 200 684041
192.168.10.89 - - [16/Aug/2016:12:47:57 -0300] "POST /cormun/servlet/solicitudotadjuntos?gx-no-cache=1471362230806 HTTP/1.1" 200 26
192.168.10.17 - - [16/Aug/2016:12:48:04 -0300] "GET /cormun/servlet/vesolicitudnombre?2016,2424,,SolicitudOTAdjuntos HTTP/1.1" 200 9899
192.168.10.17 - - [16/Aug/2016:12:48:04 -0300] "GET /cormun/pexe_scrolldiv.js HTTP/1.1" 404 1009
192.168.10.17 - - [16/Aug/2016:12:48:05 -0300] "POST /cormun/servlet/acontrolpreferencessavestate?None,CDROGUETT,true HTTP/1.1" 200 35
192.168.10.17 - - [16/Aug/2016:12:48:10 -0300] "GET /cormun/servlet/vesolicitudnombre?2016,2424,,SolicitudOTAdjuntos HTTP/1.1" 200 9899
192.168.10.17 - - [16/Aug/2016:12:48:10 -0300] "GET /cormun/pexe_scrolldiv.js HTTP/1.1" 404 1009
186.103.159.186 - - [16/Aug/2016:12:48:12 -0300] "GET /cormun/servlet/solicitudot?INS,0,0, HTTP/1.1" 200 11946
192.168.10.89 - - [16/Aug/2016:12:48:12 -0300] "GET /cormun/servlet/solicitudotadjuntos?6c6908f9d1a179259e12a85e2082e294e4acd7e184c7287f3284796e4e397b10,gx-no-cache=1471362245371 HTTP/1.1" 200 30
192.168.10.89 - - [16/Aug/2016:12:48:12 -0300] "GET /cormun/servlet/solicitudotadjuntos?6c6908f9d1a179259e12a85e2082e294e4acd7e184c7287f3284796e4e397b10,gx-no-cache=1471362245418 HTTP/1.1" 200 30
192.168.10.17 - - [16/Aug/2016:12:48:12 -0300] "POST /cormun/servlet/acontrolpreferencessavestate?None,CDROGUETT,true HTTP/1.1" 200 35
192.168.10.89 - - [16/Aug/2016:12:48:13 -0300] "POST /cormun/servlet/solicitudotadjuntos?9ddb11539b8991568e3a0643076105a4,INS,2016,2485,,1, HTTP/1.1" 200 116
192.168.10.89 - - [16/Aug/2016:12:48:13 -0300] "GET /cormun/servlet/hpexe_return? HTTP/1.1" 200 1025
192.168.10.17 - - [16/Aug/2016:12:48:13 -0300] "GET /cormun/servlet/vesolicitudnombre?2016,2424,,General HTTP/1.1" 200 8393
192.168.10.17 - - [16/Aug/2016:12:48:13 -0300] "GET /cormun/pexe_scrolldiv.js HTTP/1.1" 404 1009
192.168.10.89 - - [16/Aug/2016:12:48:14 -0300] "GET /cormun/servlet/trsolicitudadjuntos?2016,2485, HTTP/1.1" 200 7489
192.168.10.89 - - [16/Aug/2016:12:48:16 -0300] "GET /cormun/servlet/solicitudotadjuntos?INS,2016,2485,,1, HTTP/1.1" 200 5704
192.168.10.89 - - [16/Aug/2016:12:48:17 -0300] "HEAD /cormun/static/about:blank HTTP/1.1" 404 -
192.168.10.89 - - [16/Aug/2016:12:48:18 -0300] "GET /cormun/servlet/solicitudotadjuntos?6c6908f9d1a179259e12a85e2082e2949e23f1b24a938ea3401f3ebfa18e909cc52812c9719579fc2857a548e9b9db35,gx-no-cache=1471362251119 HTTP/1.1" 200 30
192.168.10.89 - - [16/Aug/2016:12:48:18 -0300] "POST /cormun/servlet/solicitudotadjuntos?9ddb11539b8991568e3a0643076105a4,INS,2016,2485,,1,,gx-no-cache=1471362251155 HTTP/1.1" 200 3573
192.168.10.17 - - [16/Aug/2016:12:48:20 -0300] "GET /cormun/servlet/vesolicitudnombre?2016,2424,,SolicitudOTAdjuntos HTTP/1.1" 200 9896
192.168.10.17 - - [16/Aug/2016:12:48:20 -0300] "GET /cormun/pexe_scrolldiv.js HTTP/1.1" 404 1009
192.168.10.89 - - [16/Aug/2016:12:48:20 -0300] "POST /cormun/servlet/solicitudotadjuntos?gx-no-cache=1471362253363 HTTP/1.1" 200 26
192.168.10.17 - - [16/Aug/2016:12:48:21 -0300] "POST /cormun/servlet/acontrolpreferencessavestate?None,CDROGUETT,true HTTP/1.1" 200 35
186.103.159.186 - - [16/Aug/2016:12:48:21 -0300] "GET /cormun/servlet/solicitudot?INS,0,0, HTTP/1.1" 200 11951
192.168.10.17 - - [16/Aug/2016:12:48:23 -0300] "GET /cormun/servlet/vesolicitudnombre?2016,2424,, HTTP/1.1" 200 8392
192.168.10.17 - - [16/Aug/2016:12:48:23 -0300] "GET /cormun/pexe_scrolldiv.js HTTP/1.1" 404 1009
192.168.10.17 - - [16/Aug/2016:12:48:24 -0300] "GET /cormun/servlet/trsolicitudnombre?17136219, HTTP/1.1" 200 7592
192.168.10.89 - - [16/Aug/2016:12:48:25 -0300] "GET /cormun/servlet/solicitudotadjuntos?6c6908f9d1a179259e12a85e2082e294e4acd7e184c7287f3284796e4e397b10,gx-no-cache=1471362257853 HTTP/1.1" 200 30
192.168.10.89 - - [16/Aug/2016:12:48:25 -0300] "GET /cormun/servlet/solicitudotadjuntos?6c6908f9d1a179259e12a85e2082e294e4acd7e184c7287f3284796e4e397b10,gx-no-cache=1471362257876 HTTP/1.1" 200 30
192.168.10.89 - - [16/Aug/2016:12:48:25 -0300] "POST /cormun/servlet/solicitudotadjuntos?9ddb11539b8991568e3a0643076105a4,INS,2016,2485,,1, HTTP/1.1" 200 116
192.168.10.89 - - [16/Aug/2016:12:48:25 -0300] "GET /cormun/servlet/hpexe_return? HTTP/1.1" 200 1025
192.168.10.89 - - [16/Aug/2016:12:48:26 -0300] "GET /cormun/servlet/trsolicitudadjuntos?2016,2485, HTTP/1.1" 200 7654
192.168.10.17 - - [16/Aug/2016:12:48:28 -0300] "GET /cormun/servlet/vesolicitudnombre?2016,2424,, HTTP/1.1" 200 8392
192.168.10.17 - - [16/Aug/2016:12:48:28 -0300] "GET /cormun/pexe_scrolldiv.js HTTP/1.1" 404 1009
192.168.10.89 - - [16/Aug/2016:12:48:28 -0300] "GET /cormun/servlet/solicitudotadjuntos?INS,2016,2485,,1, HTTP/1.1" 200 5704
186.103.159.186 - - [16/Aug/2016:12:48:29 -0300] "POST /cormun/servlet/solicitudot?gx-no-cache=1471366181648 HTTP/1.1" 200 2990
192.168.10.89 - - [16/Aug/2016:12:48:29 -0300] "HEAD /cormun/static/about:blank HTTP/1.1" 404 -
186.103.159.186 - - [16/Aug/2016:12:48:29 -0300] "POST /cormun/servlet/solicitudot?c55133ce453de87e2f781a66ad32174a,INS,0,0,,gx-no-cache=1471366184194 HTTP/1.1" 200 8781
192.168.10.89 - - [16/Aug/2016:12:48:29 -0300] "GET /cormun/servlet/solicitudotadjuntos?6c6908f9d1a179259e12a85e2082e2949e23f1b24a938ea3401f3ebfa18e909cc52812c9719579fc2857a548e9b9db35,gx-no-cache=1471362262791 HTTP/1.1" 200 30
192.168.10.89 - - [16/Aug/2016:12:48:30 -0300] "POST /cormun/servlet/solicitudotadjuntos?9ddb11539b8991568e3a0643076105a4,INS,2016,2485,,1,,gx-no-cache=1471362262820 HTTP/1.1" 200 3573
192.168.10.17 - - [16/Aug/2016:12:48:31 -0300] "GET /cormun/servlet/vesolicitudnombre?2016,2424,,SolicitudOTAdjuntos HTTP/1.1" 200 9899
192.168.10.17 - - [16/Aug/2016:12:48:31 -0300] "GET /cormun/pexe_scrolldiv.js HTTP/1.1" 404 1009
192.168.10.89 - - [16/Aug/2016:12:48:31 -0300] "POST /cormun/servlet/solicitudotadjuntos?gx-no-cache=1471362264839 HTTP/1.1" 200 26
192.168.10.17 - - [16/Aug/2016:12:48:33 -0300] "POST /cormun/servlet/acontrolpreferencessavestate?None,CDROGUETT,true HTTP/1.1" 200 35
192.168.10.89 - - [16/Aug/2016:12:48:34 -0300] "GET /cormun/servlet/solicitudotadjuntos?6c6908f9d1a179259e12a85e2082e294e4acd7e184c7287f3284796e4e397b10,gx-no-cache=1471362267652 HTTP/1.1" 200 30
192.168.10.89 - - [16/Aug/2016:12:48:34 -0300] "GET /cormun/servlet/solicitudotadjuntos?6c6908f9d1a179259e12a85e2082e294e4acd7e184c7287f3284796e4e397b10,gx-no-cache=1471362267689 HTTP/1.1" 200 30
192.168.10.17 - - [16/Aug/2016:12:48:34 -0300] "GET /cormun/servlet/vesolicitudnombre?2016,2424,, HTTP/1.1" 200 8392
192.168.10.17 - - [16/Aug/2016:12:48:34 -0300] "GET /cormun/pexe_scrolldiv.js HTTP/1.1" 404 1009
192.168.10.89 - - [16/Aug/2016:12:48:35 -0300] "POST /cormun/servlet/solicitudotadjuntos?9ddb11539b8991568e3a0643076105a4,INS,2016,2485,,1, HTTP/1.1" 200 116
192.168.10.89 - - [16/Aug/2016:12:48:35 -0300] "GET /cormun/servlet/hpexe_return? HTTP/1.1" 200 1025
192.168.10.89 - - [16/Aug/2016:12:48:36 -0300] "GET /cormun/servlet/trsolicitudadjuntos?2016,2485, HTTP/1.1" 200 7796
186.103.159.186 - - [16/Aug/2016:12:48:37 -0300] "GET /cormun/servlet/solicitudot?56636f6fcbb057c67a6b1f250a6d15b6d0e0cb3d021e1e0f37f1a4594ff2589278f680e274545f9a9124927338463364,gx-no-cache=1471366192383 HTTP/1.1" 200 30
192.168.10.17 - - [16/Aug/2016:12:48:37 -0300] "GET /cormun/servlet/trsolicitudnombre?17136219, HTTP/1.1" 200 7592
186.103.159.186 - - [16/Aug/2016:12:48:37 -0300] "POST /cormun/servlet/solicitudot?gx-no-cache=1471366192482 HTTP/1.1" 200 30
192.168.10.89 - - [16/Aug/2016:12:48:38 -0300] "GET /cormun/servlet/solicitudotadjuntos?INS,2016,2485,,1, HTTP/1.1" 200 5704
192.168.10.89 - - [16/Aug/2016:12:48:39 -0300] "HEAD /cormun/static/about:blank HTTP/1.1" 404 -
192.168.10.89 - - [16/Aug/2016:12:48:40 -0300] "GET /cormun/servlet/solicitudotadjuntos?6c6908f9d1a179259e12a85e2082e2949e23f1b24a938ea3401f3ebfa18e909cc52812c9719579fc2857a548e9b9db35,gx-no-cache=1471362273056 HTTP/1.1" 200 30
192.168.10.89 - - [16/Aug/2016:12:48:40 -0300] "POST /cormun/servlet/solicitudotadjuntos?9ddb11539b8991568e3a0643076105a4,INS,2016,2485,,1,,gx-no-cache=1471362273086 HTTP/1.1" 200 3573
192.168.10.17 - - [16/Aug/2016:12:48:40 -0300] "GET /cormun/servlet/vesolicitudnombre?2016,2422,, HTTP/1.1" 200 8396
192.168.10.17 - - [16/Aug/2016:12:48:40 -0300] "GET /cormun/pexe_scrolldiv.js HTTP/1.1" 404 1009
186.103.159.186 - - [16/Aug/2016:12:48:40 -0300] "POST /cormun/servlet/solicitudot?gx-no-cache=1471366195878 HTTP/1.1" 200 30
192.168.10.89 - - [16/Aug/2016:12:48:41 -0300] "POST /cormun/servlet/solicitudotadjuntos?gx-no-cache=1471362274751 HTTP/1.1" 200 26
192.168.10.17 - - [16/Aug/2016:12:48:43 -0300] "GET /cormun/servlet/vesolicitudnombre?2016,2422,,SolicitudOTAdjuntos HTTP/1.1" 200 9164
192.168.10.17 - - [16/Aug/2016:12:48:43 -0300] "GET /cormun/pexe_scrolldiv.js HTTP/1.1" 404 1009
192.168.10.89 - - [16/Aug/2016:12:48:44 -0300] "GET /cormun/servlet/solicitudotadjuntos?6c6908f9d1a179259e12a85e2082e294e4acd7e184c7287f3284796e4e397b10,gx-no-cache=1471362277678 HTTP/1.1" 200 30
192.168.10.89 - - [16/Aug/2016:12:48:44 -0300] "GET /cormun/servlet/solicitudotadjuntos?6c6908f9d1a179259e12a85e2082e294e4acd7e184c7287f3284796e4e397b10,gx-no-cache=1471362277704 HTTP/1.1" 200 30
192.168.10.17 - - [16/Aug/2016:12:48:44 -0300] "POST /cormun/servlet/acontrolpreferencessavestate?None,CDROGUETT,true HTTP/1.1" 200 35
192.168.10.89 - - [16/Aug/2016:12:48:45 -0300] "POST /cormun/servlet/solicitudotadjuntos?9ddb11539b8991568e3a0643076105a4,INS,2016,2485,,1, HTTP/1.1" 200 116
192.168.10.89 - - [16/Aug/2016:12:48:45 -0300] "GET /cormun/servlet/hpexe_return? HTTP/1.1" 200 1025
192.168.10.17 - - [16/Aug/2016:12:48:45 -0300] "GET /cormun/PublicTempStorage/antec8179578.jpg HTTP/1.1" 200 894788
186.103.159.186 - - [16/Aug/2016:12:48:45 -0300] "POST /cormun/servlet/solicitudot?gx-no-cache=1471366200905 HTTP/1.1" 200 494
186.103.159.186 - - [16/Aug/2016:12:48:46 -0300] "GET /cormun/servlet/solicitudot?56636f6fcbb057c67a6b1f250a6d15b69177061fb10bef305bdda4d9bdc00a26ae599e360ddd18c90c9afb767cdc79f17daf785bd597f2fc7ec867df19999756f8c96d98166fe2a681d8fd4b20b357d6b080b3770dbd23062228bb5792f4670483625a89e941747b2877380cbe587f5a53e0f14323944694726e78365a7f7a43,gx-no-cache=1471366201010 HTTP/1.1" 200 38
192.168.10.89 - - [16/Aug/2016:12:48:46 -0300] "GET /cormun/servlet/trsolicitudadjuntos?2016,2485, HTTP/1.1" 200 7916
192.168.10.17 - - [16/Aug/2016:12:48:47 -0300] "GET /cormun/servlet/vesolicitudnombre?2016,2422,,SolicitudOTAdjuntos HTTP/1.1" 200 9163
192.168.10.17 - - [16/Aug/2016:12:48:47 -0300] "GET /cormun/pexe_scrolldiv.js HTTP/1.1" 404 1009
192.168.10.17 - - [16/Aug/2016:12:48:49 -0300] "POST /cormun/servlet/acontrolpreferencessavestate?None,CDROGUETT,true HTTP/1.1" 200 35
192.168.10.89 - - [16/Aug/2016:12:48:49 -0300] "GET /cormun/servlet/solicitudotadjuntos?INS,2016,2485,,1, HTTP/1.1" 200 5704
192.168.10.89 - - [16/Aug/2016:12:48:50 -0300] "HEAD /cormun/static/about:blank HTTP/1.1" 404 -
192.168.10.89 - - [16/Aug/2016:12:48:51 -0300] "GET /cormun/servlet/solicitudotadjuntos?6c6908f9d1a179259e12a85e2082e2949e23f1b24a938ea3401f3ebfa18e909cc52812c9719579fc2857a548e9b9db35,gx-no-cache=1471362283903 HTTP/1.1" 200 30
192.168.10.17 - - [16/Aug/2016:12:48:51 -0300] "GET /cormun/servlet/vesolicitudnombre?2016,2422,, HTTP/1.1" 200 8396
192.168.10.17 - - [16/Aug/2016:12:48:51 -0300] "GET /cormun/pexe_scrolldiv.js HTTP/1.1" 404 1009
192.168.10.89 - - [16/Aug/2016:12:48:51 -0300] "POST /cormun/servlet/solicitudotadjuntos?9ddb11539b8991568e3a0643076105a4,INS,2016,2485,,1,,gx-no-cache=1471362283935 HTTP/1.1" 200 3573
192.168.10.17 - - [16/Aug/2016:12:48:52 -0300] "GET /cormun/servlet/trsolicitudnombre?17136219, HTTP/1.1" 200 7591
192.168.10.89 - - [16/Aug/2016:12:48:52 -0300] "POST /cormun/servlet/solicitudotadjuntos?gx-no-cache=1471362285778 HTTP/1.1" 200 26
192.168.10.17 - - [16/Aug/2016:12:48:55 -0300] "GET /cormun/servlet/vesolicitudnombre?2016,2425,, HTTP/1.1" 200 8336
192.168.10.17 - - [16/Aug/2016:12:48:55 -0300] "GET /cormun/pexe_scrolldiv.js HTTP/1.1" 404 1009
192.168.10.89 - - [16/Aug/2016:12:48:56 -0300] "GET /cormun/servlet/solicitudotadjuntos?6c6908f9d1a179259e12a85e2082e294e4acd7e184c7287f3284796e4e397b10,gx-no-cache=1471362289688 HTTP/1.1" 200 30
192.168.10.89 - - [16/Aug/2016:12:48:56 -0300] "GET /cormun/servlet/solicitudotadjuntos?6c6908f9d1a179259e12a85e2082e294e4acd7e184c7287f3284796e4e397b10,gx-no-cache=1471362289748 HTTP/1.1" 200 30
192.168.10.89 - - [16/Aug/2016:12:48:57 -0300] "POST /cormun/servlet/solicitudotadjuntos?9ddb11539b8991568e3a0643076105a4,INS,2016,2485,,1, HTTP/1.1" 200 116
192.168.10.89 - - [16/Aug/2016:12:48:57 -0300] "GET /cormun/servlet/hpexe_return? HTTP/1.1" 200 1025
192.168.10.17 - - [16/Aug/2016:12:48:58 -0300] "GET /cormun/servlet/vesolicitudnombre?2016,2425,,SolicitudOTAdjuntos HTTP/1.1" 200 7363
192.168.10.89 - - [16/Aug/2016:12:48:58 -0300] "GET /cormun/servlet/trsolicitudadjuntos?2016,2485, HTTP/1.1" 200 8033
192.168.10.17 - - [16/Aug/2016:12:48:58 -0300] "GET /cormun/pexe_scrolldiv.js HTTP/1.1" 404 1009
192.168.10.17 - - [16/Aug/2016:12:49:00 -0300] "POST /cormun/servlet/acontrolpreferencessavestate?None,CDROGUETT,true HTTP/1.1" 200 35
192.168.10.89 - - [16/Aug/2016:12:49:01 -0300] "POST /cormun/servlet/trsolicitudadjuntos?9ddb11539b8991568e3a0643076105a4,2016,2485,,gx-no-cache=1471362293837 HTTP/1.1" 200 90
192.168.10.89 - - [16/Aug/2016:12:49:01 -0300] "GET /cormun/servlet/hpexe_link HTTP/1.1" 200 966
192.168.10.17 - - [16/Aug/2016:12:49:01 -0300] "GET /cormun/servlet/vesolicitudnombre?2016,2425,, HTTP/1.1" 200 8336
192.168.10.17 - - [16/Aug/2016:12:49:01 -0300] "GET /cormun/pexe_scrolldiv.js HTTP/1.1" 404 1009
192.168.10.89 - - [16/Aug/2016:12:49:01 -0300] "GET /cormun/servlet/trsolicitudot HTTP/1.1" 200 7863
192.168.10.89 - - [16/Aug/2016:12:49:04 -0300] "POST /cormun/servlet/trsolicitudot?9ddb11539b8991568e3a0643076105a4,gx-no-cache=1471362297708 HTTP/1.1" 200 3987
192.168.10.89 - - [16/Aug/2016:12:49:05 -0300] "POST /cormun/servlet/trsolicitudot?9ddb11539b8991568e3a0643076105a4,gx-no-cache=1471362298057 HTTP/1.1" 200 3819
192.168.10.89 - - [16/Aug/2016:12:49:05 -0300] "GET /cormun/static/Shared/jqueryui/images/ui-bg_flat_55_fafafa_40x100.png HTTP/1.1" 404 1097
192.168.10.89 - - [16/Aug/2016:12:49:05 -0300] "GET /cormun/static/Shared/jqueryui/images/ui-icons_8d78a5_256x240.png HTTP/1.1" 404 1089
192.168.10.89 - - [16/Aug/2016:12:49:05 -0300] "GET /cormun/static/Shared/jqueryui/images/ui-bg_highlight-soft_100_c6c2c8_1x100.png HTTP/1.1" 404 1117
192.168.10.89 - - [16/Aug/2016:12:49:05 -0300] "GET /cormun/static/Shared/jqueryui/images/ui-icons_82798d_256x240.png HTTP/1.1" 404 1089
192.168.10.89 - - [16/Aug/2016:12:49:08 -0300] "GET /cormun/servlet/trautorizarsolicitud? HTTP/1.1" 200 7793
192.168.10.89 - - [16/Aug/2016:12:49:08 -0300] "GET /cormun/static/gxcfg.js?201651622221839 HTTP/1.1" 304 -
192.168.10.89 - - [16/Aug/2016:12:49:14 -0300] "POST /cormun/servlet/trautorizarsolicitud?9ddb11539b8991568e3a0643076105a4,,gx-no-cache=1471362306869 HTTP/1.1" 200 3954
192.168.10.89 - - [16/Aug/2016:12:49:14 -0300] "POST /cormun/servlet/trautorizarsolicitud?9ddb11539b8991568e3a0643076105a4,,gx-no-cache=1471362307189 HTTP/1.1" 200 3791
192.168.10.89 - - [16/Aug/2016:12:49:14 -0300] "GET /cormun/static/Shared/jqueryui/images/ui-bg_flat_55_fafafa_40x100.png HTTP/1.1" 404 1097
192.168.10.89 - - [16/Aug/2016:12:49:14 -0300] "GET /cormun/static/Shared/jqueryui/images/ui-bg_highlight-soft_100_c6c2c8_1x100.png HTTP/1.1" 404 1117
192.168.10.89 - - [16/Aug/2016:12:49:14 -0300] "GET /cormun/static/Shared/jqueryui/images/ui-icons_82798d_256x240.png HTTP/1.1" 404 1089
192.168.10.89 - - [16/Aug/2016:12:49:14 -0300] "GET /cormun/static/Shared/jqueryui/images/ui-icons_8d78a5_256x240.png HTTP/1.1" 404 1089
186.103.159.186 - - [16/Aug/2016:12:49:30 -0300] "POST /cormun/servlet/solicitudot?gx-no-cache=1471366245630 HTTP/1.1" 200 617
186.103.159.186 - - [16/Aug/2016:12:49:30 -0300] "GET /cormun/static/Shared/jqueryui/images/ui-bg_highlight-soft_100_c6c2c8_1x100.png HTTP/1.1" 404 1117
186.103.159.186 - - [16/Aug/2016:12:49:30 -0300] "GET /cormun/static/Shared/jqueryui/images/ui-icons_82798d_256x240.png HTTP/1.1" 404 1089
186.103.159.186 - - [16/Aug/2016:12:49:30 -0300] "GET /cormun/static/Shared/jqueryui/images/ui-bg_flat_55_994d53_40x100.png HTTP/1.1" 404 1097
186.103.159.186 - - [16/Aug/2016:12:49:31 -0300] "GET /cormun/static/Shared/jqueryui/images/ui-icons_ebccce_256x240.png HTTP/1.1" 404 1089
186.103.159.186 - - [16/Aug/2016:12:49:45 -0300] "POST /cormun/servlet/solicitudot?gx-no-cache=1471366260770 HTTP/1.1" 200 494
186.103.159.186 - - [16/Aug/2016:12:49:51 -0300] "GET /cormun/servlet/solicitudot?56636f6fcbb057c67a6b1f250a6d15b60163abb67911506359bfbd144b4d6d3702c240af1ed1c3c20d3bc5b28dc8c6101333c0bc3dce1a5efc729cdbebcf1cdc0a9ae81581c3879260359d22a4967fd445b16e855ceefda05bc2c7ca958fd5c9109b6cb77b8883d86c7333faf55acfd7,gx-no-cache=1471366266826 HTTP/1.1" 200 29
186.103.159.186 - - [16/Aug/2016:12:50:17 -0300] "POST /cormun/servlet/solicitudot?gx-no-cache=1471366267736 HTTP/1.1" 200 1144
186.103.159.186 - - [16/Aug/2016:12:50:29 -0300] "GET /cormun/static/menuarrow.gif HTTP/1.1" 404 1015
186.103.159.186 - - [16/Aug/2016:12:50:47 -0300] "GET /cormun/servlet/solicitudot?56636f6fcbb057c67a6b1f250a6d15b630c27ed6811e4f66761f25c6c8bcaa7a885923e81fc091305745e11a28037a69c29387a26df976fa439d570f090c31907da9f563449cb0b5a0852b786a7edc236df0d240e46496d54cb50d4fad068688d1c0259b5a6bd17cb751c2613093276b1a83ebd7388198aeb3c263a022bd96052fc4b4377785c4033f989b18806cd9371e0e5ac0ad2bb7972610d37c71850871,gx-no-cache=1471366309507 HTTP/1.1" 200 30
186.103.159.186 - - [16/Aug/2016:12:51:12 -0300] "POST /cormun/servlet/solicitudot?c55133ce453de87e2f781a66ad32174a,INS,0,0,,gx-no-cache=1471366339811 HTTP/1.1" 200 9738
115.61.84.196 - - [16/Aug/2016:12:51:32 -0300] "GET / HTTP/1.1" 200 11217
115.61.84.196 - - [16/Aug/2016:12:51:34 -0300] "GET / HTTP/1.1" 200 11217
115.61.84.196 - - [16/Aug/2016:12:51:36 -0300] "GET / HTTP/1.1" 200 11217
186.103.157.246 - - [16/Aug/2016:12:53:40 -0300] "GET /cormun/servlet/hlogin HTTP/1.1" 200 1713
186.103.157.246 - - [16/Aug/2016:12:53:41 -0300] "GET /cormun/static/gxtimezone.js?85251 HTTP/1.1" 304 -
186.103.157.246 - - [16/Aug/2016:12:53:41 -0300] "GET /cormun/static/gxcfg.js?201632119342969 HTTP/1.1" 304 -
186.103.157.246 - - [16/Aug/2016:12:53:41 -0300] "GET /cormun/static/hlogin.js?201632119342986 HTTP/1.1" 304 -
186.103.157.246 - - [16/Aug/2016:12:53:41 -0300] "GET /cormun/static/messages.spa.js?85251 HTTP/1.1" 304 -
186.103.157.246 - - [16/Aug/2016:12:53:41 -0300] "GET /cormun/static/gxgral.js?85251 HTTP/1.1" 304 -
186.103.157.246 - - [16/Aug/2016:12:53:41 -0300] "GET /cormun/static/Resources/Spanish/PXTools.css?19284387 HTTP/1.1" 304 -
186.103.157.246 - - [16/Aug/2016:12:53:41 -0300] "GET /cormun/static/Resources/PXToolsLoginBackground.png HTTP/1.1" 304 -
186.103.157.246 - - [16/Aug/2016:12:53:41 -0300] "GET /cormun/static/Resources/PXToolsLoginTop.png HTTP/1.1" 304 -
186.103.157.246 - - [16/Aug/2016:12:53:41 -0300] "GET /cormun/static/Resources/ComunLogin.png HTTP/1.1" 304 -
186.103.157.246 - - [16/Aug/2016:12:53:41 -0300] "GET /cormun/static/Resources/PXToolsButtonLeft21.png HTTP/1.1" 304 -
186.103.157.246 - - [16/Aug/2016:12:53:41 -0300] "GET /cormun/static/Resources/PXToolsButtonRight21.png HTTP/1.1" 304 -
186.103.157.246 - - [16/Aug/2016:12:53:41 -0300] "GET /cormun/static/Resources/PXToolsLoginBottom.png HTTP/1.1" 304 -
186.103.157.246 - - [16/Aug/2016:12:53:41 -0300] "GET /cormun/static/Resources/PXToolsButtonBackground2.png HTTP/1.1" 304 -
186.103.157.246 - - [16/Aug/2016:12:53:41 -0300] "GET /cormun/static/Resources/indicator.gif HTTP/1.1" 304 -
192.168.10.89 - - [16/Aug/2016:12:53:58 -0300] "GET /cormun/static/Shared/jqueryui/images/ui-bg_highlight-soft_100_eae6ea_1x100.png HTTP/1.1" 404 1117
192.168.10.89 - - [16/Aug/2016:12:53:59 -0300] "GET /cormun/servlet/hlogin HTTP/1.1" 200 1743
192.168.10.89 - - [16/Aug/2016:12:54:10 -0300] "POST /cormun/servlet/hlogin?9ddb11539b8991568e3a0643076105a4,gx-no-cache=1471362603696 HTTP/1.1" 200 90
192.168.10.89 - - [16/Aug/2016:12:54:11 -0300] "GET /cormun/servlet/hpexe_link HTTP/1.1" 200 949
192.168.10.89 - - [16/Aug/2016:12:54:12 -0300] "GET /cormun/servlet/hhome HTTP/1.1" 200 3580
192.168.10.89 - - [16/Aug/2016:12:54:14 -0300] "GET /cormun/servlet/trsolicitudot? HTTP/1.1" 200 6512
192.168.10.89 - - [16/Aug/2016:12:54:20 -0300] "GET /cormun/servlet/solicitudot?INS,0,0, HTTP/1.1" 200 11946
192.168.10.89 - - [16/Aug/2016:12:54:23 -0300] "GET /cormun/servlet/prfichaempleado?,MD,,gxPopupLevel%3D0%3B HTTP/1.1" 200 8526
192.168.10.89 - - [16/Aug/2016:12:54:29 -0300] "POST /cormun/servlet/prfichaempleado?9ddb11539b8991568e3a0643076105a4,,MD,,gxPopupLevel%3D0%3B,gx-no-cache=1471362622731 HTTP/1.1" 200 3362
192.168.10.89 - - [16/Aug/2016:12:54:32 -0300] "POST /cormun/servlet/solicitudot?gx-no-cache=1471362625559 HTTP/1.1" 200 2990
192.168.10.89 - - [16/Aug/2016:12:54:33 -0300] "POST /cormun/servlet/solicitudot?9ddb11539b8991568e3a0643076105a4,INS,0,0,,gx-no-cache=1471362625840 HTTP/1.1" 200 8780
192.168.10.89 - - [16/Aug/2016:12:54:36 -0300] "GET /cormun/servlet/solicitudot?6c6908f9d1a179259e12a85e2082e294672b9d5038c8f3d9746d049201ef1549fb86064a933ee1d3f32d30652ba259a4,gx-no-cache=1471362629106 HTTP/1.1" 200 30
192.168.10.89 - - [16/Aug/2016:12:54:36 -0300] "POST /cormun/servlet/solicitudot?gx-no-cache=1471362629148 HTTP/1.1" 200 30
192.168.10.89 - - [16/Aug/2016:12:54:38 -0300] "POST /cormun/servlet/solicitudot?gx-no-cache=1471362630960 HTTP/1.1" 200 30
192.168.10.89 - - [16/Aug/2016:12:54:40 -0300] "GET /cormun/servlet/prfichaempleado?,MD,,gxPopupLevel%3D0%3B HTTP/1.1" 200 8526
192.168.10.89 - - [16/Aug/2016:12:54:51 -0300] "POST /cormun/servlet/prfichaempleado?9ddb11539b8991568e3a0643076105a4,,MD,,gxPopupLevel%3D0%3B,gx-no-cache=1471362644568 HTTP/1.1" 200 3466
192.168.10.89 - - [16/Aug/2016:12:54:55 -0300] "GET /cormun/servlet/prlicenciaspermisos?15523266,L,,MD,,gxPopupLevel%3D0%3B HTTP/1.1" 200 5362
192.168.10.89 - - [16/Aug/2016:12:55:00 -0300] "POST /cormun/servlet/solicitudot?gx-no-cache=1471362653545 HTTP/1.1" 200 1185
192.168.10.89 - - [16/Aug/2016:12:55:03 -0300] "GET /cormun/servlet/solicitudot?6c6908f9d1a179259e12a85e2082e2948b073ca7d0f36641a035d39879148caa34201e169ce8e9a1362c456303dfa69c56fca9e9b1cdcdee43c1bddcc157281564c3a30ccceadd5c9aa7548c9d17164110ca9e54583a0e784fd22bd4b76be5fa23390dede16bb91e71d10c1c4a2aedd2ee8ae1ccc20f2d7560339b3fbd0c511e5caf36baf54688f76a52174efa1e955ace8fd738fbb5ce913806fd10857de38f,gx-no-cache=1471362655984 HTTP/1.1" 200 38
192.168.10.89 - - [16/Aug/2016:12:55:15 -0300] "GET /cormun/servlet/solicitudot?6c6908f9d1a179259e12a85e2082e29439f4dbf8076c80ea0aeb8fc02153c2ab6ee8d926edbb7bce99ddf996a6d0c82c17fd468e992ee14bd5af57704b07a996fcc5f8f221e8ba65ff17f44ac0aaf4d7788d0c47e363e6e4129c38056b296c6672252782deaa1b33004ab537439c6da2,gx-no-cache=1471362668033 HTTP/1.1" 200 29
192.168.10.89 - - [16/Aug/2016:12:55:15 -0300] "POST /cormun/servlet/solicitudot?gx-no-cache=1471362668069 HTTP/1.1" 200 1143
192.168.10.89 - - [16/Aug/2016:12:55:37 -0300] "GET /cormun/servlet/solicitudot?6c6908f9d1a179259e12a85e2082e294ae968420f4320034fe0dbcadce2b06d4a4f0724c63f2d2a38ac21118c1b60396a839bd9e08fc989b75d9cb4b5dc1ac0de2a361ec63946a44bdcc44f3c5fe2b1f3842cb06a95405cabea39be3628fdde1db5151197f2e4a7cba92089e0d12009d0b53bebc7cdd4815c75d3df5adcef808580230e3baca14154807f47234e9a6bb982a6127219a8fe538f65a1062de64ac4279ddb53b45dda724e44487fc0edb9b5447c9e2ec6a114fada2aeb23e86055d,gx-no-cache=1471362690344 HTTP/1.1" 200 30
192.168.10.89 - - [16/Aug/2016:12:55:37 -0300] "POST /cormun/servlet/solicitudot?9ddb11539b8991568e3a0643076105a4,INS,0,0,,gx-no-cache=1471362690418 HTTP/1.1" 200 93
192.168.10.89 - - [16/Aug/2016:12:55:37 -0300] "GET /cormun/servlet/hpexe_return? HTTP/1.1" 200 1005
192.168.10.89 - - [16/Aug/2016:12:55:39 -0300] "GET /cormun/servlet/trsolicitudot HTTP/1.1" 200 7764
192.168.10.89 - - [16/Aug/2016:12:56:34 -0300] "POST /cormun/servlet/trsolicitudot?9ddb11539b8991568e3a0643076105a4,gx-no-cache=1471362747492 HTTP/1.1" 200 106
192.168.10.89 - - [16/Aug/2016:12:56:34 -0300] "GET /cormun/servlet/solicitudot?UPD,2016,2486, HTTP/1.1" 200 13181
192.168.10.89 - - [16/Aug/2016:12:56:36 -0300] "POST /cormun/servlet/solicitudot?gx-no-cache=1471362749580 HTTP/1.1" 200 2990
192.168.10.89 - - [16/Aug/2016:12:56:37 -0300] "POST /cormun/servlet/solicitudot?9ddb11539b8991568e3a0643076105a4,UPD,2016,2486,,gx-no-cache=1471362749821 HTTP/1.1" 200 9433
192.168.10.89 - - [16/Aug/2016:12:56:37 -0300] "GET /cormun/servlet/solicitudot?6c6908f9d1a179259e12a85e2082e294672b9d5038c8f3d9746d049201ef1549494ce9cedb35dc973dc343d084d8634d,gx-no-cache=1471362750050 HTTP/1.1" 200 30
192.168.10.89 - - [16/Aug/2016:12:56:37 -0300] "POST /cormun/servlet/solicitudot?gx-no-cache=1471362750167 HTTP/1.1" 200 30
192.168.10.89 - - [16/Aug/2016:12:56:37 -0300] "POST /cormun/servlet/solicitudot?gx-no-cache=1471362750191 HTTP/1.1" 200 30
192.168.10.89 - - [16/Aug/2016:12:56:37 -0300] "POST /cormun/servlet/solicitudot?gx-no-cache=1471362750233 HTTP/1.1" 200 1185
192.168.10.89 - - [16/Aug/2016:12:56:37 -0300] "GET /cormun/servlet/solicitudot?6c6908f9d1a179259e12a85e2082e2948b073ca7d0f36641a035d39879148caa34201e169ce8e9a1362c456303dfa69c56fca9e9b1cdcdee43c1bddcc157281564c3a30ccceadd5c9aa7548c9d17164110ca9e54583a0e784fd22bd4b76be5fa23390dede16bb91e71d10c1c4a2aedd2ee8ae1ccc20f2d7560339b3fbd0c511e5caf36baf54688f76a52174efa1e955adc1463c228bb6a104eceedbb0b4101aa,gx-no-cache=1471362750331 HTTP/1.1" 200 41
192.168.10.89 - - [16/Aug/2016:12:56:42 -0300] "POST /cormun/servlet/solicitudot?gx-no-cache=1471362755720 HTTP/1.1" 200 30
192.168.10.89 - - [16/Aug/2016:12:56:46 -0300] "GET /cormun/servlet/prsolicitudot?17136219,,,,,MD,,gxPopupLevel%3D0%3B HTTP/1.1" 200 5815
192.168.10.89 - - [16/Aug/2016:12:56:49 -0300] "POST /cormun/servlet/solicitudot?gx-no-cache=1471362762484 HTTP/1.1" 200 1185
192.168.10.89 - - [16/Aug/2016:12:56:49 -0300] "GET /cormun/servlet/solicitudot?6c6908f9d1a179259e12a85e2082e2948b073ca7d0f36641a035d39879148caa34201e169ce8e9a1362c456303dfa69c56fca9e9b1cdcdee43c1bddcc157281564c3a30ccceadd5c9aa7548c9d17164110ca9e54583a0e784fd22bd4b76be5fa23390dede16bb91e71d10c1c4a2aedd2ee8ae1ccc20f2d7560339b3fbd0c511e5caf36baf54688f76a52174efa1e955adc1463c228bb6a104eceedbb0b4101aa,gx-no-cache=1471362762568 HTTP/1.1" 200 41
192.168.10.89 - - [16/Aug/2016:12:56:49 -0300] "GET /cormun/servlet/solicitudot?6c6908f9d1a179259e12a85e2082e2949e4d80d5022dfb9cdee4b5302a31ed6a96cf6da686efa30955eeac45b0a3a430824e2e059314e9ebf1cb6acd3e3294b6db26c2e7433427b709ea24a5d15e76bb0c9a8de3bf7e56678ef5bcd6190b42bd6da3f7f781f1249cf6a10d14e0ec7d68,gx-no-cache=1471362762593 HTTP/1.1" 200 29
