186.67.172.234 - - [09/Aug/2016:10:38:46 -0300] "POST /cormun/servlet/solicitudot?gx-no-cache=1470749955480 HTTP/1.1" 200 1185
186.67.172.234 - - [09/Aug/2016:10:38:46 -0300] "GET /cormun/static/menuarrow.gif HTTP/1.1" 404 1015
186.67.172.234 - - [09/Aug/2016:10:38:53 -0300] "GET /cormun/servlet/solicitudot?479a260143c7a614242efe723d07ceda821e2d220cad12e8f8855a45c57b5c045ebe85e3c51204e70133e53d36f11706134b457ee7c0b8550fccb734ebbeb02aeb5a41702df117d853063f38b879b0422229007b124901a4b22938a5ce7c10babe6a947c3b4bd957540090b810c1c95789bf591e5d2df53aab88d9eb718332dcf99bf5b6802e6419be061b4460901c81a5f8d8ee2d8e092299568a09de7607f8,gx-no-cache=1470749963157 HTTP/1.1" 200 38
186.67.172.234 - - [09/Aug/2016:10:38:57 -0300] "GET /cormun/servlet/solicitudot?479a260143c7a614242efe723d07ceda0073ce92fb98ebdeebfb4e0d4f0f7138bfce29f3f7db593b025c0de5ed774d9e589d4adcd405f8c735234dfb2dc69face4db37f067882b5d4fee8a3ebb1185451adf15e9d6bc8960430410013fcf073496abdae92b72d42b8ce2fcf1285904cff6bf9f41ae74d8db19390b0aab28b326f65ea7a515e8016ef10b7249881fa4232359232409c866b635648e70fbbb28691d8cade03fd06ac36489671af45ff38d6f3f2c45155637df501cdd4f212ca556b1f28757a51128dcb6897cb53a4598c6,gx-no-cache=1470749967071 HTTP/1.1" 200 29
186.67.172.234 - - [09/Aug/2016:10:39:05 -0300] "POST /cormun/servlet/solicitudot?gx-no-cache=1470749971757 HTTP/1.1" 200 1144
192.168.10.17 - - [09/Aug/2016:10:39:13 -0300] "HEAD /cormun/PublicTempStorage/cv_cynthia_%281%29152279.docx HTTP/1.1" 200 -
186.67.172.234 - - [09/Aug/2016:10:39:27 -0300] "GET /cormun/servlet/solicitudot?479a260143c7a614242efe723d07ceda6d196008f5fdbc913ca5f7c7e72c923b3217804e3a74eed0521654628afa875e080b1c5ab68fb9ff3dcba3d11e8c7a8adde3fedef7b4cd0bef102cd1e2e1893d3a48791d6a109731ae28cc6fae112c36d25f029656fbe6a2739bf93d7b118c46eafdb7fab51e3cf328a77aefc1a580abf01a7173ff4b1c53ea3390fc29e69a5f6eac7885b9e9fbbfcedc0c00b289ce9e278f35e7946a8204277dd771efbcbc54d707e6ba2cceaa4a4bcd4debbcb7cdfa,gx-no-cache=1470749997169 HTTP/1.1" 200 30
186.67.172.234 - - [09/Aug/2016:10:39:30 -0300] "POST /cormun/servlet/solicitudot?8b7c48e8f2f37f872aada9965c5971c9,INS,0,0,,gx-no-cache=1470749997319 HTTP/1.1" 200 93
186.67.172.234 - - [09/Aug/2016:10:39:31 -0300] "GET /cormun/servlet/hpexe_return? HTTP/1.1" 200 1008
186.67.172.234 - - [09/Aug/2016:10:39:31 -0300] "GET /cormun/servlet/trsolicitudot HTTP/1.1" 200 8318
186.67.172.234 - - [09/Aug/2016:10:39:32 -0300] "GET /cormun/servlet/trsolicitudot HTTP/1.1" 200 8314
186.67.172.234 - - [09/Aug/2016:10:39:41 -0300] "GET /cormun/servlet/solicitudot?INS,0,0, HTTP/1.1" 200 12127
66.249.83.223 - - [09/Aug/2016:10:39:46 -0300] "GET /cormun/servlet/hlogin HTTP/1.1" 200 1720
66.249.83.227 - - [09/Aug/2016:10:39:46 -0300] "GET /cormun/servlet/hlogin?_escaped_fragment_= HTTP/1.1" 200 1721
186.67.172.234 - - [09/Aug/2016:10:39:49 -0300] "GET /cormun/servlet/solicitudot?INS,0,0, HTTP/1.1" 200 12132
186.67.172.234 - - [09/Aug/2016:10:40:17 -0300] "POST /cormun/servlet/solicitudot?gx-no-cache=1470750047038 HTTP/1.1" 200 3003
186.67.172.234 - - [09/Aug/2016:10:40:18 -0300] "POST /cormun/servlet/solicitudot?8b7c48e8f2f37f872aada9965c5971c9,INS,0,0,,gx-no-cache=1470750047357 HTTP/1.1" 200 8885
186.67.172.234 - - [09/Aug/2016:10:40:33 -0300] "GET /cormun/servlet/solicitudot?479a260143c7a614242efe723d07ceda91dcee51dec6124c94e41663e84ee28f9a8038836d7e2198164d8c542972e1ce,gx-no-cache=1470750063236 HTTP/1.1" 200 30
186.67.172.234 - - [09/Aug/2016:10:40:33 -0300] "POST /cormun/servlet/solicitudot?gx-no-cache=1470750063340 HTTP/1.1" 200 30
186.67.172.234 - - [09/Aug/2016:10:40:36 -0300] "POST /cormun/servlet/solicitudot?gx-no-cache=1470750065797 HTTP/1.1" 200 30
186.67.172.234 - - [09/Aug/2016:10:40:39 -0300] "GET /cormun/servlet/prcontratosol?6821304,,,,,MD,,gxPopupLevel%3D0%3B HTTP/1.1" 200 5787
186.67.172.234 - - [09/Aug/2016:10:40:45 -0300] "POST /cormun/servlet/solicitudot?gx-no-cache=1470750075101 HTTP/1.1" 200 1187
186.67.172.234 - - [09/Aug/2016:10:40:46 -0300] "GET /cormun/servlet/solicitudot?479a260143c7a614242efe723d07ceda821e2d220cad12e8f8855a45c57b5c045ebe85e3c51204e70133e53d36f11706134b457ee7c0b8550fccb734ebbeb02aeb5a41702df117d853063f38b879b0422229007b124901a4b22938a5ce7c10babe6a947c3b4bd957540090b810c1c95789bf591e5d2df53aab88d9eb718332dc0ca4a46201a1e7a41ae75f2786d4c364,gx-no-cache=1470750075243 HTTP/1.1" 200 38
186.67.172.234 - - [09/Aug/2016:10:40:46 -0300] "GET /cormun/servlet/solicitudot?479a260143c7a614242efe723d07ceda0073ce92fb98ebdeebfb4e0d4f0f7138bfce29f3f7db593b025c0de5ed774d9e65c56e8aebcfac64e778b2655f9b485ce4db37f067882b5d4fee8a3ebb1185451adf15e9d6bc8960430410013fcf073496abdae92b72d42b8ce2fcf1285904cff6bf9f41ae74d8db19390b0aab28b326f65ea7a515e8016ef10b7249881fa4232359232409c866b635648e70fbbb28691d8cade03fd06ac36489671af45ff38d6f3f2c45155637df501cdd4f212ca556b1f28757a51128dcb6897cb53a4598c6,gx-no-cache=1470750076229 HTTP/1.1" 200 29
186.67.172.234 - - [09/Aug/2016:10:40:46 -0300] "POST /cormun/servlet/solicitudot?gx-no-cache=1470750076306 HTTP/1.1" 200 1144
186.67.172.234 - - [09/Aug/2016:10:45:08 -0300] "POST /cormun/servlet/solicitudot?gx-no-cache=1470750338420 HTTP/1.1" 200 1185
186.67.172.234 - - [09/Aug/2016:10:45:09 -0300] "GET /cormun/static/menuarrow.gif HTTP/1.1" 404 1015
186.67.172.234 - - [09/Aug/2016:10:45:21 -0300] "GET /cormun/servlet/solicitudot?479a260143c7a614242efe723d07ceda821e2d220cad12e8f8855a45c57b5c045ebe85e3c51204e70133e53d36f11706134b457ee7c0b8550fccb734ebbeb02aeb5a41702df117d853063f38b879b0422229007b124901a4b22938a5ce7c10babe6a947c3b4bd957540090b810c1c95789bf591e5d2df53aab88d9eb718332dcf99bf5b6802e6419be061b4460901c81a5f8d8ee2d8e092299568a09de7607f8,gx-no-cache=1470750351631 HTTP/1.1" 200 38
186.67.172.234 - - [09/Aug/2016:10:45:25 -0300] "GET /cormun/servlet/solicitudot?479a260143c7a614242efe723d07ceda0073ce92fb98ebdeebfb4e0d4f0f7138bfce29f3f7db593b025c0de5ed774d9e589d4adcd405f8c735234dfb2dc69face4db37f067882b5d4fee8a3ebb1185451adf15e9d6bc8960430410013fcf073496abdae92b72d42b8ce2fcf1285904cff6bf9f41ae74d8db19390b0aab28b326f65ea7a515e8016ef10b7249881fa4232359232409c866b635648e70fbbb28691d8cade03fd06ac36489671af45ff38d6f3f2c45155637df501cdd4f212ca556b1f28757a51128dcb6897cb53a4598c6,gx-no-cache=1470750355107 HTTP/1.1" 200 29
186.67.172.234 - - [09/Aug/2016:10:45:31 -0300] "POST /cormun/servlet/solicitudot?gx-no-cache=1470750361205 HTTP/1.1" 200 1144
186.67.172.234 - - [09/Aug/2016:10:45:40 -0300] "GET /cormun/servlet/solicitudot?479a260143c7a614242efe723d07ceda0d404978adbae0f40ae95b4fbcfc8c3c8b913c74ec60316d4587a3233dae3b84e21a12a105121f7569a60b5ea65aa1fe9ab5a28ca8fdc29ac803a905a54e723a8453461495f4c89fbb4099eca249e1f6141e6ce7087d5d6bda84a10179563c2e003e9edbdbb2195c84a641ce6cb925dd79e5dfbb493cd055a6a2ced0a37f4d6bf275d14bddbbcc9de11e46a1466e491482c04a61f7c0d4e8ae81eefb48875c25fa30e21accbd8eb09225c943e78cc9f3,gx-no-cache=1470750370571 HTTP/1.1" 200 30
186.67.172.234 - - [09/Aug/2016:10:45:41 -0300] "POST /cormun/servlet/solicitudot?8b7c48e8f2f37f872aada9965c5971c9,INS,0,0,,gx-no-cache=1470750370610 HTTP/1.1" 200 93
186.67.172.234 - - [09/Aug/2016:10:45:41 -0300] "GET /cormun/servlet/hpexe_return? HTTP/1.1" 200 1008
186.67.172.234 - - [09/Aug/2016:10:45:41 -0300] "GET /cormun/servlet/trsolicitudot HTTP/1.1" 200 8604
186.67.172.234 - - [09/Aug/2016:10:45:42 -0300] "GET /cormun/servlet/trsolicitudot HTTP/1.1" 200 8600
186.67.172.234 - - [09/Aug/2016:10:45:49 -0300] "GET /cormun/servlet/solicitudot?INS,0,0, HTTP/1.1" 200 12126
186.67.172.234 - - [09/Aug/2016:10:45:49 -0300] "GET /cormun/servlet/solicitudot?INS,0,0, HTTP/1.1" 200 12131
186.67.172.234 - - [09/Aug/2016:10:46:09 -0300] "POST /cormun/servlet/solicitudot?gx-no-cache=1470750399146 HTTP/1.1" 200 2999
186.67.172.234 - - [09/Aug/2016:10:46:09 -0300] "POST /cormun/servlet/solicitudot?8b7c48e8f2f37f872aada9965c5971c9,INS,0,0,,gx-no-cache=1470750399285 HTTP/1.1" 200 8880
186.67.172.234 - - [09/Aug/2016:10:46:14 -0300] "GET /cormun/servlet/solicitudot?479a260143c7a614242efe723d07ceda72fcf7760a2ed784cfeff74f256b6701b942faa1a7cb843c5c29e1f6f00c228d,gx-no-cache=1470750404761 HTTP/1.1" 200 30
186.67.172.234 - - [09/Aug/2016:10:46:15 -0300] "POST /cormun/servlet/solicitudot?gx-no-cache=1470750405302 HTTP/1.1" 200 30
186.67.172.234 - - [09/Aug/2016:10:46:18 -0300] "POST /cormun/servlet/solicitudot?gx-no-cache=1470750407781 HTTP/1.1" 200 30
186.67.172.234 - - [09/Aug/2016:10:46:19 -0300] "GET /cormun/servlet/prcontratosol?17136258,,,,,MD,,gxPopupLevel%3D0%3B HTTP/1.1" 200 5786
186.67.172.234 - - [09/Aug/2016:10:46:22 -0300] "POST /cormun/servlet/solicitudot?gx-no-cache=1470750412562 HTTP/1.1" 200 1187
186.67.172.234 - - [09/Aug/2016:10:46:22 -0300] "GET /cormun/servlet/solicitudot?479a260143c7a614242efe723d07ceda821e2d220cad12e8f8855a45c57b5c045ebe85e3c51204e70133e53d36f11706134b457ee7c0b8550fccb734ebbeb02aeb5a41702df117d853063f38b879b0422229007b124901a4b22938a5ce7c10babe6a947c3b4bd957540090b810c1c95789bf591e5d2df53aab88d9eb718332dc0ca4a46201a1e7a41ae75f2786d4c364,gx-no-cache=1470750412612 HTTP/1.1" 200 38
186.67.172.234 - - [09/Aug/2016:10:46:22 -0300] "GET /cormun/servlet/solicitudot?479a260143c7a614242efe723d07ceda0073ce92fb98ebdeebfb4e0d4f0f7138bfce29f3f7db593b025c0de5ed774d9e65c56e8aebcfac64e778b2655f9b485ce4db37f067882b5d4fee8a3ebb1185451adf15e9d6bc8960430410013fcf073496abdae92b72d42b8ce2fcf1285904cff6bf9f41ae74d8db19390b0aab28b326f65ea7a515e8016ef10b7249881fa4232359232409c866b635648e70fbbb28691d8cade03fd06ac36489671af45ff38d6f3f2c45155637df501cdd4f212ca556b1f28757a51128dcb6897cb53a4598c6,gx-no-cache=1470750412638 HTTP/1.1" 200 29
186.67.172.234 - - [09/Aug/2016:10:46:22 -0300] "POST /cormun/servlet/solicitudot?gx-no-cache=1470750412664 HTTP/1.1" 200 1144
186.103.159.189 - - [09/Aug/2016:10:46:39 -0300] "GET /cormun/servlet/hlogin HTTP/1.1" 200 1725
186.103.159.189 - - [09/Aug/2016:10:46:39 -0300] "GET /cormun/static/Resources/Spanish/PXTools.css?19284387 HTTP/1.1" 304 -
186.103.159.189 - - [09/Aug/2016:10:46:39 -0300] "GET /cormun/static/gxcfg.js?201632119342969 HTTP/1.1" 304 -
186.103.159.189 - - [09/Aug/2016:10:46:39 -0300] "GET /cormun/static/messages.spa.js?85251 HTTP/1.1" 304 -
186.103.159.189 - - [09/Aug/2016:10:46:39 -0300] "GET /cormun/static/hlogin.js?201632119342986 HTTP/1.1" 304 -
186.103.159.189 - - [09/Aug/2016:10:46:40 -0300] "GET /cormun/servlet/hlogin HTTP/1.1" 200 1736
186.67.172.234 - - [09/Aug/2016:10:46:52 -0300] "POST /cormun/servlet/solicitudot?gx-no-cache=1470750440634 HTTP/1.1" 200 1185
186.67.172.234 - - [09/Aug/2016:10:46:52 -0300] "GET /cormun/static/menuarrow.gif HTTP/1.1" 404 1015
186.67.172.234 - - [09/Aug/2016:10:46:58 -0300] "GET /cormun/servlet/solicitudot?479a260143c7a614242efe723d07ceda821e2d220cad12e8f8855a45c57b5c045ebe85e3c51204e70133e53d36f11706134b457ee7c0b8550fccb734ebbeb02aeb5a41702df117d853063f38b879b0422229007b124901a4b22938a5ce7c10babe6a947c3b4bd957540090b810c1c95789bf591e5d2df53aab88d9eb718332dcf99bf5b6802e6419be061b4460901c81a5f8d8ee2d8e092299568a09de7607f8,gx-no-cache=1470750448705 HTTP/1.1" 200 38
186.67.172.234 - - [09/Aug/2016:10:47:02 -0300] "GET /cormun/servlet/solicitudot?479a260143c7a614242efe723d07ceda0073ce92fb98ebdeebfb4e0d4f0f7138bfce29f3f7db593b025c0de5ed774d9e589d4adcd405f8c735234dfb2dc69face4db37f067882b5d4fee8a3ebb1185451adf15e9d6bc8960430410013fcf073496abdae92b72d42b8ce2fcf1285904cff6bf9f41ae74d8db19390b0aab28b326f65ea7a515e8016ef10b7249881fa4232359232409c866b635648e70fbbb28691d8cade03fd06ac36489671af45ff38d6f3f2c45155637df501cdd4f212ca556b1f28757a51128dcb6897cb53a4598c6,gx-no-cache=1470750451869 HTTP/1.1" 200 29
186.103.159.189 - - [09/Aug/2016:10:47:03 -0300] "POST /cormun/servlet/hlogin?aa246b1b89da1a5212422d3644fe9f03,gx-no-cache=1470750443536 HTTP/1.1" 200 446
186.67.172.234 - - [09/Aug/2016:10:47:04 -0300] "POST /cormun/servlet/solicitudot?gx-no-cache=1470750454648 HTTP/1.1" 200 1144
186.103.159.189 - - [09/Aug/2016:10:47:19 -0300] "POST /cormun/servlet/hlogin?aa246b1b89da1a5212422d3644fe9f03,gx-no-cache=1470750459587 HTTP/1.1" 200 446
186.67.172.234 - - [09/Aug/2016:10:47:25 -0300] "GET /cormun/servlet/solicitudot?479a260143c7a614242efe723d07ceda9431be9147299a55eb65692c1491bb11cdc1d9ace0a0b2c4df67f662e8bf7ee7080b1c5ab68fb9ff3dcba3d11e8c7a8adde3fedef7b4cd0bef102cd1e2e1893d3a48791d6a109731ae28cc6fae112c36d25f029656fbe6a2739bf93d7b118c46eafdb7fab51e3cf328a77aefc1a580abf01a7173ff4b1c53ea3390fc29e69a5f6eac7885b9e9fbbfcedc0c00b289ce9e278f35e7946a8204277dd771efbcbc54d707e6ba2cceaa4a4bcd4debbcb7cdfa,gx-no-cache=1470750475085 HTTP/1.1" 200 30
186.67.172.234 - - [09/Aug/2016:10:47:25 -0300] "POST /cormun/servlet/solicitudot?8b7c48e8f2f37f872aada9965c5971c9,INS,0,0,,gx-no-cache=1470750475157 HTTP/1.1" 200 93
186.67.172.234 - - [09/Aug/2016:10:47:25 -0300] "GET /cormun/servlet/hpexe_return? HTTP/1.1" 200 1008
186.67.172.234 - - [09/Aug/2016:10:47:25 -0300] "GET /cormun/servlet/trsolicitudot HTTP/1.1" 200 8882
186.67.172.234 - - [09/Aug/2016:10:47:26 -0300] "GET /cormun/servlet/trsolicitudot HTTP/1.1" 200 8878
186.67.172.234 - - [09/Aug/2016:10:47:41 -0300] "GET /cormun/servlet/solicitudot?INS,0,0, HTTP/1.1" 200 12127
186.67.172.234 - - [09/Aug/2016:10:47:42 -0300] "GET /cormun/servlet/solicitudot?INS,0,0, HTTP/1.1" 200 12132
186.67.172.234 - - [09/Aug/2016:10:48:05 -0300] "POST /cormun/servlet/solicitudot?gx-no-cache=1470750515365 HTTP/1.1" 200 3032
186.67.172.234 - - [09/Aug/2016:10:48:06 -0300] "POST /cormun/servlet/solicitudot?8b7c48e8f2f37f872aada9965c5971c9,INS,0,0,,gx-no-cache=1470750515508 HTTP/1.1" 200 8908
186.103.159.189 - - [09/Aug/2016:10:48:10 -0300] "POST /cormun/servlet/hlogin?aa246b1b89da1a5212422d3644fe9f03,gx-no-cache=1470750509830 HTTP/1.1" 200 90
186.103.159.189 - - [09/Aug/2016:10:48:10 -0300] "GET /cormun/servlet/hpexe_link HTTP/1.1" 200 950
186.103.159.189 - - [09/Aug/2016:10:48:10 -0300] "GET /cormun/servlet/hhome HTTP/1.1" 200 3691
186.103.159.189 - - [09/Aug/2016:10:48:11 -0300] "GET /cormun/static/hwchdr01.js?20162241650484 HTTP/1.1" 304 -
186.103.159.189 - - [09/Aug/2016:10:48:11 -0300] "GET /cormun/static/hpexe_recentlink.js?2015111312121342 HTTP/1.1" 304 -
186.103.159.189 - - [09/Aug/2016:10:48:11 -0300] "GET /cormun/static/hpexe_scripts.js?20151120014546 HTTP/1.1" 304 -
186.103.159.189 - - [09/Aug/2016:10:48:11 -0300] "GET /cormun/static/cmcontrolpreferences.js?20151120014525 HTTP/1.1" 304 -
186.103.159.189 - - [09/Aug/2016:10:48:11 -0300] "GET /cormun/static/hmpwkw03.js?201651622203894 HTTP/1.1" 304 -
186.103.159.189 - - [09/Aug/2016:10:48:13 -0300] "GET /cormun/servlet/hhome HTTP/1.1" 200 3687
186.67.172.234 - - [09/Aug/2016:10:48:14 -0300] "GET /cormun/servlet/solicitudot?479a260143c7a614242efe723d07ceda43f963181b7fd75770fc9a16b4853570b942faa1a7cb843c5c29e1f6f00c228d,gx-no-cache=1470750524266 HTTP/1.1" 200 30
186.67.172.234 - - [09/Aug/2016:10:48:14 -0300] "POST /cormun/servlet/solicitudot?gx-no-cache=1470750524327 HTTP/1.1" 200 30
186.67.172.234 - - [09/Aug/2016:10:48:16 -0300] "POST /cormun/servlet/solicitudot?gx-no-cache=1470750526636 HTTP/1.1" 200 30
186.67.172.234 - - [09/Aug/2016:10:48:18 -0300] "GET /cormun/servlet/prcontratosol?18104597,,,,,MD,,gxPopupLevel%3D0%3B HTTP/1.1" 200 5785
186.103.159.189 - - [09/Aug/2016:10:48:23 -0300] "GET /cormun/servlet/trsolicitudot? HTTP/1.1" 200 6610
186.103.159.189 - - [09/Aug/2016:10:48:24 -0300] "GET /cormun/static/Resources/Spanish/PXTools.css?2139548 HTTP/1.1" 304 -
186.103.159.189 - - [09/Aug/2016:10:48:24 -0300] "GET /cormun/static/trsolicitudot.js?201631022393178 HTTP/1.1" 304 -
186.103.159.189 - - [09/Aug/2016:10:48:27 -0300] "GET /cormun/servlet/trsolicitudot? HTTP/1.1" 200 6609
186.67.172.234 - - [09/Aug/2016:10:48:27 -0300] "POST /cormun/servlet/solicitudot?gx-no-cache=1470750537318 HTTP/1.1" 200 1187
186.67.172.234 - - [09/Aug/2016:10:48:27 -0300] "GET /cormun/servlet/solicitudot?479a260143c7a614242efe723d07ceda821e2d220cad12e8f8855a45c57b5c045ebe85e3c51204e70133e53d36f11706134b457ee7c0b8550fccb734ebbeb02aeb5a41702df117d853063f38b879b0422229007b124901a4b22938a5ce7c10babe6a947c3b4bd957540090b810c1c95789bf591e5d2df53aab88d9eb718332dc0ca4a46201a1e7a41ae75f2786d4c364,gx-no-cache=1470750537359 HTTP/1.1" 200 38
186.67.172.234 - - [09/Aug/2016:10:48:27 -0300] "GET /cormun/servlet/solicitudot?479a260143c7a614242efe723d07ceda0073ce92fb98ebdeebfb4e0d4f0f7138bfce29f3f7db593b025c0de5ed774d9e65c56e8aebcfac64e778b2655f9b485ce4db37f067882b5d4fee8a3ebb1185451adf15e9d6bc8960430410013fcf073496abdae92b72d42b8ce2fcf1285904cff6bf9f41ae74d8db19390b0aab28b326f65ea7a515e8016ef10b7249881fa4232359232409c866b635648e70fbbb28691d8cade03fd06ac36489671af45ff38d6f3f2c45155637df501cdd4f212ca556b1f28757a51128dcb6897cb53a4598c6,gx-no-cache=1470750537394 HTTP/1.1" 200 29
186.67.172.234 - - [09/Aug/2016:10:48:27 -0300] "POST /cormun/servlet/solicitudot?gx-no-cache=1470750537417 HTTP/1.1" 200 1144
186.103.159.189 - - [09/Aug/2016:10:48:32 -0300] "POST /cormun/servlet/trsolicitudot?aa246b1b89da1a5212422d3644fe9f03,,gx-no-cache=1470750532206 HTTP/1.1" 200 3834
186.103.159.189 - - [09/Aug/2016:10:48:42 -0300] "POST /cormun/servlet/trsolicitudot?aa246b1b89da1a5212422d3644fe9f03,,gx-no-cache=1470750541590 HTTP/1.1" 200 3839
186.103.159.189 - - [09/Aug/2016:10:48:46 -0300] "POST /cormun/servlet/trsolicitudot?aa246b1b89da1a5212422d3644fe9f03,,gx-no-cache=1470750545697 HTTP/1.1" 200 3840
186.103.159.189 - - [09/Aug/2016:10:48:50 -0300] "POST /cormun/servlet/trsolicitudot?aa246b1b89da1a5212422d3644fe9f03,,gx-no-cache=1470750549449 HTTP/1.1" 200 3838
186.67.172.234 - - [09/Aug/2016:10:48:52 -0300] "POST /cormun/servlet/solicitudot?gx-no-cache=1470750562095 HTTP/1.1" 200 1185
186.67.172.234 - - [09/Aug/2016:10:48:52 -0300] "GET /cormun/static/menuarrow.gif HTTP/1.1" 404 1015
186.103.159.189 - - [09/Aug/2016:10:48:57 -0300] "POST /cormun/servlet/trsolicitudot?aa246b1b89da1a5212422d3644fe9f03,,gx-no-cache=1470750557187 HTTP/1.1" 200 3841
186.67.172.234 - - [09/Aug/2016:10:49:00 -0300] "GET /cormun/servlet/solicitudot?479a260143c7a614242efe723d07ceda821e2d220cad12e8f8855a45c57b5c045ebe85e3c51204e70133e53d36f11706134b457ee7c0b8550fccb734ebbeb02aeb5a41702df117d853063f38b879b0422229007b124901a4b22938a5ce7c10babe6a947c3b4bd957540090b810c1c95789bf591e5d2df53aab88d9eb718332dcf99bf5b6802e6419be061b4460901c81a5f8d8ee2d8e092299568a09de7607f8,gx-no-cache=1470750570282 HTTP/1.1" 200 38
186.103.159.189 - - [09/Aug/2016:10:49:02 -0300] "POST /cormun/servlet/trsolicitudot?aa246b1b89da1a5212422d3644fe9f03,,gx-no-cache=1470750562392 HTTP/1.1" 200 3838
186.67.172.234 - - [09/Aug/2016:10:49:04 -0300] "GET /cormun/servlet/solicitudot?479a260143c7a614242efe723d07ceda0073ce92fb98ebdeebfb4e0d4f0f7138bfce29f3f7db593b025c0de5ed774d9e589d4adcd405f8c735234dfb2dc69face4db37f067882b5d4fee8a3ebb1185451adf15e9d6bc8960430410013fcf073496abdae92b72d42b8ce2fcf1285904cff6bf9f41ae74d8db19390b0aab28b326f65ea7a515e8016ef10b7249881fa4232359232409c866b635648e70fbbb28691d8cade03fd06ac36489671af45ff38d6f3f2c45155637df501cdd4f212ca556b1f28757a51128dcb6897cb53a4598c6,gx-no-cache=1470750574468 HTTP/1.1" 200 29
186.67.172.234 - - [09/Aug/2016:10:49:12 -0300] "POST /cormun/servlet/solicitudot?gx-no-cache=1470750582748 HTTP/1.1" 200 1144
186.103.159.189 - - [09/Aug/2016:10:49:17 -0300] "POST /cormun/servlet/trsolicitudot?aa246b1b89da1a5212422d3644fe9f03,,gx-no-cache=1470750576918 HTTP/1.1" 200 3841
186.103.159.189 - - [09/Aug/2016:10:49:18 -0300] "POST /cormun/servlet/trsolicitudot?aa246b1b89da1a5212422d3644fe9f03,,gx-no-cache=1470750577981 HTTP/1.1" 200 3841
186.67.172.234 - - [09/Aug/2016:10:49:20 -0300] "GET /cormun/servlet/solicitudot?479a260143c7a614242efe723d07cedade1bb5a5fb1dfc377dd240023680c2bc5c8a59f63ef866f63f5a9e24ea2ac38a2aef90c43fcf667cbe39ddaf0e6405e08453f3062779660eaa47a5d493039207d2047c8d5f65b17487672028d557f66ad562020db2b35d6e2352adf10aa442cf6aa120c7b12823c2138d3cdb7dcab015000f7f9460b05cbf6684ee783e574198d05abd17f0f758163dcd68175d0eb3e363ea9570558c1422db14ee6cf631fdd1b942faa1a7cb843c5c29e1f6f00c228d,gx-no-cache=1470750590335 HTTP/1.1" 200 30
186.67.172.234 - - [09/Aug/2016:10:49:21 -0300] "POST /cormun/servlet/solicitudot?8b7c48e8f2f37f872aada9965c5971c9,INS,0,0,,gx-no-cache=1470750590390 HTTP/1.1" 200 93
186.67.172.234 - - [09/Aug/2016:10:49:21 -0300] "GET /cormun/servlet/hpexe_return? HTTP/1.1" 200 1008
186.67.172.234 - - [09/Aug/2016:10:49:21 -0300] "GET /cormun/servlet/trsolicitudot HTTP/1.1" 200 9156
186.103.159.189 - - [09/Aug/2016:10:49:21 -0300] "POST /cormun/servlet/trsolicitudot?aa246b1b89da1a5212422d3644fe9f03,,gx-no-cache=1470750581325 HTTP/1.1" 200 5185
186.67.172.234 - - [09/Aug/2016:10:49:21 -0300] "GET /cormun/servlet/trsolicitudot HTTP/1.1" 200 9152
186.103.159.189 - - [09/Aug/2016:10:49:43 -0300] "POST /cormun/servlet/trsolicitudot?aa246b1b89da1a5212422d3644fe9f03,,gx-no-cache=1470750603255 HTTP/1.1" 200 3969
186.103.159.189 - - [09/Aug/2016:10:49:44 -0300] "GET /cormun/static/Shared/jqueryui/images/ui-bg_highlight-soft_100_c6c2c8_1x100.png HTTP/1.1" 404 1117
186.103.159.189 - - [09/Aug/2016:10:49:44 -0300] "GET /cormun/static/Shared/jqueryui/images/ui-icons_82798d_256x240.png HTTP/1.1" 404 1089
186.103.159.189 - - [09/Aug/2016:10:49:44 -0300] "GET /cormun/static/Shared/jqueryui/images/ui-bg_flat_55_fafafa_40x100.png HTTP/1.1" 404 1097
186.103.159.189 - - [09/Aug/2016:10:49:44 -0300] "GET /cormun/static/Shared/jqueryui/images/ui-icons_8d78a5_256x240.png HTTP/1.1" 404 1089
186.103.159.189 - - [09/Aug/2016:10:49:44 -0300] "POST /cormun/servlet/trsolicitudot?aa246b1b89da1a5212422d3644fe9f03,,gx-no-cache=1470750604121 HTTP/1.1" 200 3820
186.103.159.189 - - [09/Aug/2016:10:49:58 -0300] "POST /cormun/servlet/trsolicitudot?aa246b1b89da1a5212422d3644fe9f03,,gx-no-cache=1470750618372 HTTP/1.1" 200 5184
186.103.159.189 - - [09/Aug/2016:10:50:02 -0300] "POST /cormun/servlet/trsolicitudot?aa246b1b89da1a5212422d3644fe9f03,,gx-no-cache=1470750621804 HTTP/1.1" 200 5183
186.103.159.189 - - [09/Aug/2016:10:50:11 -0300] "POST /cormun/servlet/trsolicitudot?aa246b1b89da1a5212422d3644fe9f03,,gx-no-cache=1470750631254 HTTP/1.1" 200 3842
186.103.159.189 - - [09/Aug/2016:10:50:13 -0300] "POST /cormun/servlet/trsolicitudot?aa246b1b89da1a5212422d3644fe9f03,,gx-no-cache=1470750632788 HTTP/1.1" 200 3841
186.103.159.189 - - [09/Aug/2016:10:50:16 -0300] "POST /cormun/servlet/trsolicitudot?aa246b1b89da1a5212422d3644fe9f03,,gx-no-cache=1470750636084 HTTP/1.1" 200 3842
186.103.159.189 - - [09/Aug/2016:10:50:17 -0300] "POST /cormun/servlet/trsolicitudot?aa246b1b89da1a5212422d3644fe9f03,,gx-no-cache=1470750637212 HTTP/1.1" 200 3841
186.67.172.234 - - [09/Aug/2016:10:50:20 -0300] "GET /cormun/servlet/solicitudot?INS,0,0, HTTP/1.1" 200 12127
186.103.159.189 - - [09/Aug/2016:10:50:20 -0300] "POST /cormun/servlet/trsolicitudot?aa246b1b89da1a5212422d3644fe9f03,,gx-no-cache=1470750640356 HTTP/1.1" 200 3843
186.67.172.234 - - [09/Aug/2016:10:50:21 -0300] "GET /cormun/servlet/solicitudot?INS,0,0, HTTP/1.1" 200 12132
186.103.159.189 - - [09/Aug/2016:10:50:21 -0300] "POST /cormun/servlet/trsolicitudot?aa246b1b89da1a5212422d3644fe9f03,,gx-no-cache=1470750641587 HTTP/1.1" 200 3843
186.103.159.189 - - [09/Aug/2016:10:50:25 -0300] "POST /cormun/servlet/trsolicitudot?aa246b1b89da1a5212422d3644fe9f03,,gx-no-cache=1470750645067 HTTP/1.1" 200 5172
186.103.159.189 - - [09/Aug/2016:10:50:31 -0300] "POST /cormun/servlet/trsolicitudot?aa246b1b89da1a5212422d3644fe9f03,,gx-no-cache=1470750650864 HTTP/1.1" 200 5171
186.103.159.189 - - [09/Aug/2016:10:50:33 -0300] "POST /cormun/servlet/trsolicitudot?aa246b1b89da1a5212422d3644fe9f03,,gx-no-cache=1470750653479 HTTP/1.1" 200 5197
186.103.159.189 - - [09/Aug/2016:10:50:35 -0300] "POST /cormun/servlet/trsolicitudot?aa246b1b89da1a5212422d3644fe9f03,,gx-no-cache=1470750654809 HTTP/1.1" 200 5197
186.67.172.234 - - [09/Aug/2016:10:50:49 -0300] "POST /cormun/servlet/solicitudot?gx-no-cache=1470750679005 HTTP/1.1" 200 3000
186.67.172.234 - - [09/Aug/2016:10:50:49 -0300] "POST /cormun/servlet/solicitudot?8b7c48e8f2f37f872aada9965c5971c9,INS,0,0,,gx-no-cache=1470750679141 HTTP/1.1" 200 8880
186.67.172.234 - - [09/Aug/2016:10:50:56 -0300] "GET /cormun/servlet/solicitudot?479a260143c7a614242efe723d07ceda7fc5a06b0b3dd072b2a6944c3a5a33f8b942faa1a7cb843c5c29e1f6f00c228d,gx-no-cache=1470750686241 HTTP/1.1" 200 30
186.67.172.234 - - [09/Aug/2016:10:50:56 -0300] "POST /cormun/servlet/solicitudot?gx-no-cache=1470750686299 HTTP/1.1" 200 30
186.67.172.234 - - [09/Aug/2016:10:51:00 -0300] "POST /cormun/servlet/solicitudot?gx-no-cache=1470750690034 HTTP/1.1" 200 30
186.67.172.234 - - [09/Aug/2016:10:51:01 -0300] "GET /cormun/servlet/prcontratosol?15106255,,,,,MD,,gxPopupLevel%3D0%3B HTTP/1.1" 200 5787
186.67.172.234 - - [09/Aug/2016:10:51:06 -0300] "POST /cormun/servlet/solicitudot?gx-no-cache=1470750696771 HTTP/1.1" 200 1187
186.67.172.234 - - [09/Aug/2016:10:51:07 -0300] "GET /cormun/servlet/solicitudot?479a260143c7a614242efe723d07ceda821e2d220cad12e8f8855a45c57b5c045ebe85e3c51204e70133e53d36f11706134b457ee7c0b8550fccb734ebbeb02aeb5a41702df117d853063f38b879b0422229007b124901a4b22938a5ce7c10babe6a947c3b4bd957540090b810c1c95789bf591e5d2df53aab88d9eb718332dc0ca4a46201a1e7a41ae75f2786d4c364,gx-no-cache=1470750696806 HTTP/1.1" 200 38
186.67.172.234 - - [09/Aug/2016:10:51:07 -0300] "GET /cormun/servlet/solicitudot?479a260143c7a614242efe723d07ceda0073ce92fb98ebdeebfb4e0d4f0f7138bfce29f3f7db593b025c0de5ed774d9e65c56e8aebcfac64e778b2655f9b485ce4db37f067882b5d4fee8a3ebb1185451adf15e9d6bc8960430410013fcf073496abdae92b72d42b8ce2fcf1285904cff6bf9f41ae74d8db19390b0aab28b326f65ea7a515e8016ef10b7249881fa4232359232409c866b635648e70fbbb28691d8cade03fd06ac36489671af45ff38d6f3f2c45155637df501cdd4f212ca556b1f28757a51128dcb6897cb53a4598c6,gx-no-cache=1470750696826 HTTP/1.1" 200 29
186.67.172.234 - - [09/Aug/2016:10:51:07 -0300] "POST /cormun/servlet/solicitudot?gx-no-cache=1470750696842 HTTP/1.1" 200 1144
186.103.159.189 - - [09/Aug/2016:10:51:36 -0300] "POST /cormun/servlet/trsolicitudot?aa246b1b89da1a5212422d3644fe9f03,,gx-no-cache=1470750716018 HTTP/1.1" 200 3980
186.103.159.189 - - [09/Aug/2016:10:51:36 -0300] "POST /cormun/servlet/trsolicitudot?aa246b1b89da1a5212422d3644fe9f03,,gx-no-cache=1470750716604 HTTP/1.1" 200 3822
186.67.172.234 - - [09/Aug/2016:10:51:41 -0300] "POST /cormun/servlet/solicitudot?gx-no-cache=1470750730803 HTTP/1.1" 200 1185
186.67.172.234 - - [09/Aug/2016:10:51:41 -0300] "GET /cormun/static/menuarrow.gif HTTP/1.1" 404 1015
186.103.159.189 - - [09/Aug/2016:10:51:44 -0300] "POST /cormun/servlet/trsolicitudot?aa246b1b89da1a5212422d3644fe9f03,,gx-no-cache=1470750723956 HTTP/1.1" 200 3843
186.103.159.189 - - [09/Aug/2016:10:51:47 -0300] "POST /cormun/servlet/trsolicitudot?aa246b1b89da1a5212422d3644fe9f03,,gx-no-cache=1470750727438 HTTP/1.1" 200 5583
186.67.172.234 - - [09/Aug/2016:10:52:01 -0300] "GET /cormun/servlet/solicitudot?479a260143c7a614242efe723d07ceda821e2d220cad12e8f8855a45c57b5c045ebe85e3c51204e70133e53d36f11706134b457ee7c0b8550fccb734ebbeb02aeb5a41702df117d853063f38b879b0422229007b124901a4b22938a5ce7c10babe6a947c3b4bd957540090b810c1c95789bf591e5d2df53aab88d9eb718332dc2a20c9b343aba2a2b51616813db5754a47469fd4b02fafb9c971f8f0859869f0,gx-no-cache=1470750750785 HTTP/1.1" 200 38
186.67.172.234 - - [09/Aug/2016:10:52:05 -0300] "GET /cormun/servlet/solicitudot?479a260143c7a614242efe723d07ceda0073ce92fb98ebdeebfb4e0d4f0f7138bfce29f3f7db593b025c0de5ed774d9e589d4adcd405f8c735234dfb2dc69face4db37f067882b5d4fee8a3ebb1185451adf15e9d6bc8960430410013fcf073496abdae92b72d42b8ce2fcf1285904cff6bf9f41ae74d8db19390b0aab28b326f65ea7a515e8016ef10b7249881fa4232359232409c866b635648e70fbbb28691d8cade03fd06ac36489671af45ff38d6f3f2c45155637df501cdd4f212ca556b1f28757a51128dcb6897cb53a4598c6,gx-no-cache=1470750755680 HTTP/1.1" 200 29
186.67.172.234 - - [09/Aug/2016:10:52:07 -0300] "POST /cormun/servlet/solicitudot?gx-no-cache=1470750757388 HTTP/1.1" 200 1144
186.103.159.189 - - [09/Aug/2016:10:52:10 -0300] "POST /cormun/servlet/trsolicitudot?aa246b1b89da1a5212422d3644fe9f03,,gx-no-cache=1470750750425 HTTP/1.1" 200 3840
186.103.159.189 - - [09/Aug/2016:10:52:13 -0300] "POST /cormun/servlet/trsolicitudot?aa246b1b89da1a5212422d3644fe9f03,,gx-no-cache=1470750753121 HTTP/1.1" 200 3840
186.103.159.189 - - [09/Aug/2016:10:52:18 -0300] "POST /cormun/servlet/trsolicitudot?aa246b1b89da1a5212422d3644fe9f03,,gx-no-cache=1470750757872 HTTP/1.1" 200 3840
186.67.172.234 - - [09/Aug/2016:10:52:18 -0300] "GET /cormun/servlet/solicitudot?479a260143c7a614242efe723d07cedaa2454c33fbcc1467d784e40c1cf0590e30ccb92c19ebc4b4661e2b63f6df70fcfb44c607e286b8b1495ec08ce03638d6dde3fedef7b4cd0bef102cd1e2e1893d3a48791d6a109731ae28cc6fae112c36d25f029656fbe6a2739bf93d7b118c46eafdb7fab51e3cf328a77aefc1a580abf01a7173ff4b1c53ea3390fc29e69a5f6eac7885b9e9fbbfcedc0c00b289ce9efc536bc215dc7cdbf8690ca513f3e05ed707e6ba2cceaa4a4bcd4debbcb7cdfa,gx-no-cache=1470750768076 HTTP/1.1" 200 30
186.67.172.234 - - [09/Aug/2016:10:52:18 -0300] "POST /cormun/servlet/solicitudot?8b7c48e8f2f37f872aada9965c5971c9,INS,0,0,,gx-no-cache=1470750768130 HTTP/1.1" 200 93
186.67.172.234 - - [09/Aug/2016:10:52:18 -0300] "GET /cormun/servlet/hpexe_return? HTTP/1.1" 200 1008
186.67.172.234 - - [09/Aug/2016:10:52:18 -0300] "GET /cormun/servlet/trsolicitudot HTTP/1.1" 200 9446
186.67.172.234 - - [09/Aug/2016:10:52:19 -0300] "GET /cormun/servlet/trsolicitudot HTTP/1.1" 200 9441
186.103.159.189 - - [09/Aug/2016:10:52:19 -0300] "POST /cormun/servlet/trsolicitudot?aa246b1b89da1a5212422d3644fe9f03,,gx-no-cache=1470750759086 HTTP/1.1" 200 3840
186.103.159.189 - - [09/Aug/2016:10:52:21 -0300] "POST /cormun/servlet/trsolicitudot?aa246b1b89da1a5212422d3644fe9f03,,gx-no-cache=1470750761385 HTTP/1.1" 200 3842
186.103.159.189 - - [09/Aug/2016:10:52:22 -0300] "POST /cormun/servlet/trsolicitudot?aa246b1b89da1a5212422d3644fe9f03,,gx-no-cache=1470750762487 HTTP/1.1" 200 3843
186.103.159.189 - - [09/Aug/2016:10:52:25 -0300] "POST /cormun/servlet/trsolicitudot?aa246b1b89da1a5212422d3644fe9f03,,gx-no-cache=1470750764969 HTTP/1.1" 200 3843
186.103.159.189 - - [09/Aug/2016:10:52:26 -0300] "POST /cormun/servlet/trsolicitudot?aa246b1b89da1a5212422d3644fe9f03,,gx-no-cache=1470750765984 HTTP/1.1" 200 3843
186.103.159.189 - - [09/Aug/2016:10:52:32 -0300] "POST /cormun/servlet/trsolicitudot?aa246b1b89da1a5212422d3644fe9f03,,gx-no-cache=1470750772226 HTTP/1.1" 200 5172
186.103.159.189 - - [09/Aug/2016:10:52:34 -0300] "POST /cormun/servlet/trsolicitudot?aa246b1b89da1a5212422d3644fe9f03,,gx-no-cache=1470750774467 HTTP/1.1" 200 5173
186.67.172.234 - - [09/Aug/2016:10:52:36 -0300] "GET /cormun/servlet/solicitudot?INS,0,0, HTTP/1.1" 200 12128
186.67.172.234 - - [09/Aug/2016:10:52:36 -0300] "GET /cormun/servlet/solicitudot?INS,0,0, HTTP/1.1" 200 12133
186.103.159.189 - - [09/Aug/2016:10:52:38 -0300] "POST /cormun/servlet/trsolicitudot?aa246b1b89da1a5212422d3644fe9f03,,gx-no-cache=1470750777907 HTTP/1.1" 200 3842
186.103.159.189 - - [09/Aug/2016:10:52:40 -0300] "POST /cormun/servlet/trsolicitudot?aa246b1b89da1a5212422d3644fe9f03,,gx-no-cache=1470750780205 HTTP/1.1" 200 3842
186.103.159.189 - - [09/Aug/2016:10:52:48 -0300] "POST /cormun/servlet/trsolicitudot?aa246b1b89da1a5212422d3644fe9f03,,gx-no-cache=1470750788630 HTTP/1.1" 200 3843
186.103.159.189 - - [09/Aug/2016:10:52:51 -0300] "POST /cormun/servlet/trsolicitudot?aa246b1b89da1a5212422d3644fe9f03,,gx-no-cache=1470750791535 HTTP/1.1" 200 5173
186.103.159.189 - - [09/Aug/2016:10:53:01 -0300] "POST /cormun/servlet/trsolicitudot?aa246b1b89da1a5212422d3644fe9f03,,gx-no-cache=1470750801492 HTTP/1.1" 200 3977
186.103.159.189 - - [09/Aug/2016:10:53:02 -0300] "POST /cormun/servlet/trsolicitudot?aa246b1b89da1a5212422d3644fe9f03,,gx-no-cache=1470750802213 HTTP/1.1" 200 3822
186.103.159.189 - - [09/Aug/2016:10:53:10 -0300] "POST /cormun/servlet/trsolicitudot?aa246b1b89da1a5212422d3644fe9f03,,gx-no-cache=1470750810129 HTTP/1.1" 200 5907
186.103.159.189 - - [09/Aug/2016:10:53:25 -0300] "POST /cormun/servlet/trsolicitudot?aa246b1b89da1a5212422d3644fe9f03,,gx-no-cache=1470750825046 HTTP/1.1" 200 3841
186.103.159.189 - - [09/Aug/2016:10:53:27 -0300] "POST /cormun/servlet/trsolicitudot?aa246b1b89da1a5212422d3644fe9f03,,gx-no-cache=1470750827147 HTTP/1.1" 200 3841
186.103.159.189 - - [09/Aug/2016:10:53:30 -0300] "POST /cormun/servlet/trsolicitudot?aa246b1b89da1a5212422d3644fe9f03,,gx-no-cache=1470750830466 HTTP/1.1" 200 5907
186.103.159.189 - - [09/Aug/2016:10:53:34 -0300] "POST /cormun/servlet/trsolicitudot?aa246b1b89da1a5212422d3644fe9f03,,gx-no-cache=1470750834471 HTTP/1.1" 200 5942
186.103.159.189 - - [09/Aug/2016:10:53:36 -0300] "POST /cormun/servlet/trsolicitudot?aa246b1b89da1a5212422d3644fe9f03,,gx-no-cache=1470750836274 HTTP/1.1" 200 5884
186.103.159.189 - - [09/Aug/2016:10:53:38 -0300] "POST /cormun/servlet/trsolicitudot?aa246b1b89da1a5212422d3644fe9f03,,gx-no-cache=1470750837881 HTTP/1.1" 200 5943
186.103.159.189 - - [09/Aug/2016:10:53:40 -0300] "POST /cormun/servlet/trsolicitudot?aa246b1b89da1a5212422d3644fe9f03,,gx-no-cache=1470750839692 HTTP/1.1" 200 5883
186.103.159.189 - - [09/Aug/2016:10:53:41 -0300] "POST /cormun/servlet/trsolicitudot?aa246b1b89da1a5212422d3644fe9f03,,gx-no-cache=1470750841082 HTTP/1.1" 200 5943
186.103.159.189 - - [09/Aug/2016:10:53:43 -0300] "POST /cormun/servlet/trsolicitudot?aa246b1b89da1a5212422d3644fe9f03,,gx-no-cache=1470750843012 HTTP/1.1" 200 5883
186.103.159.189 - - [09/Aug/2016:10:53:56 -0300] "POST /cormun/servlet/trsolicitudot?aa246b1b89da1a5212422d3644fe9f03,,gx-no-cache=1470750856441 HTTP/1.1" 200 5943
186.103.159.189 - - [09/Aug/2016:10:53:58 -0300] "POST /cormun/servlet/trsolicitudot?aa246b1b89da1a5212422d3644fe9f03,,gx-no-cache=1470750858361 HTTP/1.1" 200 5884
186.103.159.189 - - [09/Aug/2016:10:54:00 -0300] "POST /cormun/servlet/trsolicitudot?aa246b1b89da1a5212422d3644fe9f03,,gx-no-cache=1470750860185 HTTP/1.1" 200 5943
186.103.159.189 - - [09/Aug/2016:10:54:03 -0300] "POST /cormun/servlet/trsolicitudot?aa246b1b89da1a5212422d3644fe9f03,,gx-no-cache=1470750862125 HTTP/1.1" 200 5884
191.112.122.1 - - [09/Aug/2016:11:02:20 -0300] "GET /cormun/servlet/hlogin HTTP/1.1" 200 1729
191.112.122.1 - - [09/Aug/2016:11:02:20 -0300] "GET /cormun/static/messages.spa.js?85251 HTTP/1.1" 304 -
191.112.122.1 - - [09/Aug/2016:11:02:20 -0300] "GET /cormun/static/Resources/ComunLogin.png HTTP/1.1" 200 17326
191.112.122.1 - - [09/Aug/2016:11:02:20 -0300] "GET /cormun/static/Resources/PXToolsLoginTop.png HTTP/1.1" 200 1337
191.112.122.1 - - [09/Aug/2016:11:02:20 -0300] "GET /cormun/static/Resources/PXToolsLoginBackground.png HTTP/1.1" 200 1164
191.112.122.1 - - [09/Aug/2016:11:02:21 -0300] "GET /cormun/static/Resources/PXToolsLoginBottom.png HTTP/1.1" 200 1389
191.112.122.1 - - [09/Aug/2016:11:02:21 -0300] "GET /cormun/servlet/hlogin HTTP/1.1" 200 1739
191.112.122.1 - - [09/Aug/2016:11:02:21 -0300] "GET /favicon.ico HTTP/1.1" 200 21630
191.112.122.1 - - [09/Aug/2016:11:02:33 -0300] "POST /cormun/servlet/hlogin?5ae214da57c6e6b6e893904fcfb1c30b,gx-no-cache=1470751385659 HTTP/1.1" 200 90
191.112.122.1 - - [09/Aug/2016:11:02:34 -0300] "GET /cormun/servlet/hpexe_link HTTP/1.1" 200 956
191.112.122.1 - - [09/Aug/2016:11:02:34 -0300] "GET /cormun/servlet/hhome HTTP/1.1" 200 3734
191.112.122.1 - - [09/Aug/2016:11:02:36 -0300] "GET /cormun/servlet/hhome HTTP/1.1" 200 3731
191.112.122.1 - - [09/Aug/2016:11:02:42 -0300] "GET /cormun/servlet/trlicencias? HTTP/1.1" 200 6554
191.112.122.1 - - [09/Aug/2016:11:02:44 -0300] "GET /cormun/servlet/trlicencias? HTTP/1.1" 200 6553
191.112.122.1 - - [09/Aug/2016:11:02:46 -0300] "GET /cormun/servlet/licenciaspermisos?INS,0,,, HTTP/1.1" 200 6900
191.112.122.1 - - [09/Aug/2016:11:02:47 -0300] "GET /cormun/servlet/licenciaspermisos?INS,0,,, HTTP/1.1" 200 6900
191.112.122.1 - - [09/Aug/2016:11:03:07 -0300] "GET /cormun/servlet/licenciaspermisos?eca847672a3c472901961cd2ccb18458db5bd17f24870004d1e03614e320507ca59b09fbce1ed821fdc409b6c22f8d9a,gx-no-cache=1470751419947 HTTP/1.1" 200 62
191.112.122.1 - - [09/Aug/2016:11:03:32 -0300] "GET /cormun/static/menuarrow.gif HTTP/1.1" 404 1015
192.168.10.17 - - [09/Aug/2016:11:04:15 -0300] "GET /cormun/servlet/trconsultaempleado? HTTP/1.1" 200 6434
192.168.10.17 - - [09/Aug/2016:11:04:24 -0300] "POST /cormun/servlet/trconsultaempleado?969c8285e22801286590ec40e133ee18,,gx-no-cache=1470751711641 HTTP/1.1" 200 3947
192.168.10.17 - - [09/Aug/2016:11:04:31 -0300] "GET /cormun/servlet/trsolicitudnombre?8450124, HTTP/1.1" 200 7326
192.168.10.17 - - [09/Aug/2016:11:04:37 -0300] "GET /cormun/servlet/vesolicitudnombre?2016,2309,, HTTP/1.1" 200 8409
192.168.10.17 - - [09/Aug/2016:11:04:37 -0300] "GET /cormun/pexe_scrolldiv.js HTTP/1.1" 404 1009
192.168.10.17 - - [09/Aug/2016:11:04:40 -0300] "GET /cormun/servlet/vesolicitudnombre?2016,2309,,SolicitudOTAdjuntos HTTP/1.1" 200 10081
192.168.10.17 - - [09/Aug/2016:11:04:40 -0300] "GET /cormun/pexe_scrolldiv.js HTTP/1.1" 404 1009
192.168.10.17 - - [09/Aug/2016:11:04:42 -0300] "POST /cormun/servlet/acontrolpreferencessavestate?None,CDROGUETT,true HTTP/1.1" 200 35
192.168.10.17 - - [09/Aug/2016:11:04:43 -0300] "GET /cormun/PublicTempStorage/ci1377444.jpg HTTP/1.1" 200 23922
192.168.10.17 - - [09/Aug/2016:11:04:51 -0300] "GET /cormun/servlet/vesolicitudnombre?2016,2309,,SolicitudOTAdjuntos HTTP/1.1" 200 10079
192.168.10.17 - - [09/Aug/2016:11:04:51 -0300] "GET /cormun/pexe_scrolldiv.js HTTP/1.1" 404 1009
192.168.10.17 - - [09/Aug/2016:11:04:52 -0300] "POST /cormun/servlet/acontrolpreferencessavestate?None,CDROGUETT,true HTTP/1.1" 200 35
192.168.10.17 - - [09/Aug/2016:11:04:53 -0300] "GET /cormun/PublicTempStorage/isapre8799576.jpg HTTP/1.1" 200 352241
192.168.10.17 - - [09/Aug/2016:11:04:59 -0300] "GET /cormun/servlet/vesolicitudnombre?2016,2309,,SolicitudOTAdjuntos HTTP/1.1" 200 10080
192.168.10.17 - - [09/Aug/2016:11:04:59 -0300] "GET /cormun/pexe_scrolldiv.js HTTP/1.1" 404 1009
192.168.10.17 - - [09/Aug/2016:11:05:01 -0300] "POST /cormun/servlet/acontrolpreferencessavestate?None,CDROGUETT,true HTTP/1.1" 200 35
192.168.10.17 - - [09/Aug/2016:11:05:02 -0300] "GET /cormun/PublicTempStorage/cert._ant9591145.jpg HTTP/1.1" 200 268147
192.168.10.17 - - [09/Aug/2016:11:05:07 -0300] "GET /cormun/servlet/vesolicitudnombre?2016,2309,,SolicitudOTAdjuntos HTTP/1.1" 200 10080
192.168.10.17 - - [09/Aug/2016:11:05:07 -0300] "GET /cormun/pexe_scrolldiv.js HTTP/1.1" 404 1009
192.168.10.17 - - [09/Aug/2016:11:05:09 -0300] "POST /cormun/servlet/acontrolpreferencessavestate?None,CDROGUETT,true HTTP/1.1" 200 35
192.168.10.17 - - [09/Aug/2016:11:05:09 -0300] "GET /cormun/PublicTempStorage/certificado_perfeccionamiento4800520.jpg HTTP/1.1" 200 768101
192.168.10.17 - - [09/Aug/2016:11:05:16 -0300] "GET /cormun/servlet/vesolicitudnombre?2016,2309,,SolicitudOTAdjuntos HTTP/1.1" 200 10083
192.168.10.17 - - [09/Aug/2016:11:05:16 -0300] "GET /cormun/pexe_scrolldiv.js HTTP/1.1" 404 1009
192.168.10.17 - - [09/Aug/2016:11:05:18 -0300] "POST /cormun/servlet/acontrolpreferencessavestate?None,CDROGUETT,true HTTP/1.1" 200 35
192.168.10.17 - - [09/Aug/2016:11:05:19 -0300] "GET /cormun/PublicTempStorage/certificado_de_antiguedad_laboral7322957.docx HTTP/1.1" 200 989278
192.168.10.17 - - [09/Aug/2016:11:05:24 -0300] "OPTIONS /cormun/PublicTempStorage HTTP/1.1" 302 -
192.168.10.17 - - [09/Aug/2016:11:05:24 -0300] "OPTIONS /cormun/PublicTempStorage/ HTTP/1.1" 200 -
192.168.10.17 - - [09/Aug/2016:11:05:26 -0300] "PROPFIND /cormun/PublicTempStorage HTTP/1.1" 302 -
192.168.10.17 - - [09/Aug/2016:11:05:26 -0300] "PROPFIND /cormun/PublicTempStorage/ HTTP/1.1" 501 1141
192.168.10.17 - - [09/Aug/2016:11:05:29 -0300] "PROPFIND /cormun HTTP/1.1" 302 -
192.168.10.17 - - [09/Aug/2016:11:05:29 -0300] "PROPFIND /cormun/ HTTP/1.1" 501 1141
191.112.122.1 - - [09/Aug/2016:11:05:29 -0300] "GET /cormun/servlet/licenciaspermisos?eca847672a3c472901961cd2ccb184588b9cbc958eb4d6de1456ed66786df7dbc79b364a88fd1b5a23766cec6195eddc4f41a76cb6c5270748c1a183f3715e73d5d4c988d3eb96f9b677b00f1c662f1d0a459c3af0f32fd0b1ca799a1134b1ce044856fda1e181c5f4feb9540623a5dcdac606f84691755b6c62a5d0bbe2cb16bc85e802481ce038b19e47408f0eb71eecd62e243aed54b66633695ea48d88b9f6f7cebc6cc5e622240ecac2bcb773154262631794feec6d98995d29cee67e467c64e02b61a95c71fd9b1193d3a3098cf272e56397fe68394b06d2526d309cdb,gx-no-cache=1470751561944 HTTP/1.1" 200 30
191.112.122.1 - - [09/Aug/2016:11:05:30 -0300] "POST /cormun/servlet/licenciaspermisos?5ae214da57c6e6b6e893904fcfb1c30b,INS,0,,,,gx-no-cache=1470751562247 HTTP/1.1" 200 93
191.112.122.1 - - [09/Aug/2016:11:05:30 -0300] "GET /cormun/servlet/hpexe_return? HTTP/1.1" 200 1018
191.112.122.1 - - [09/Aug/2016:11:05:30 -0300] "GET /cormun/static/gxcfg.js?2015111312145050 HTTP/1.1" 304 -
191.112.122.1 - - [09/Aug/2016:11:05:31 -0300] "GET /cormun/servlet/trlicencias HTTP/1.1" 200 7684
192.168.10.17 - - [09/Aug/2016:11:05:31 -0300] "PROPFIND /cormun HTTP/1.1" 302 -
192.168.10.17 - - [09/Aug/2016:11:05:31 -0300] "PROPFIND /cormun/ HTTP/1.1" 501 1141
191.112.122.1 - - [09/Aug/2016:11:05:33 -0300] "GET /cormun/servlet/trlicencias HTTP/1.1" 200 7680
191.112.122.1 - - [09/Aug/2016:11:05:33 -0300] "GET /cormun//static/Resources/PXToolsActionPrint.png HTTP/1.1" 200 3317
191.112.122.1 - - [09/Aug/2016:11:05:33 -0300] "GET /cormun//static/Resources/PXToolsGridDisplay.png HTTP/1.1" 200 362
191.112.122.1 - - [09/Aug/2016:11:05:33 -0300] "GET /cormun//static/Resources/PXToolsHeaderHelp.png HTTP/1.1" 200 4055
191.112.122.1 - - [09/Aug/2016:11:05:33 -0300] "GET /cormun//static/Resources/PXToolsHeaderFavorites.png HTTP/1.1" 200 2744
192.168.10.17 - - [09/Aug/2016:11:05:33 -0300] "PROPFIND /cormun/PublicTempStorage HTTP/1.1" 302 -
192.168.10.17 - - [09/Aug/2016:11:05:33 -0300] "PROPFIND /cormun/PublicTempStorage/ HTTP/1.1" 501 1141
192.168.10.17 - - [09/Aug/2016:11:05:36 -0300] "PROPFIND /cormun HTTP/1.1" 302 -
192.168.10.17 - - [09/Aug/2016:11:05:36 -0300] "PROPFIND /cormun/ HTTP/1.1" 501 1141
192.168.10.17 - - [09/Aug/2016:11:05:36 -0300] "HEAD /cormun/PublicTempStorage/certificado_de_antiguedad_laboral7322957.docx HTTP/1.1" 200 -
191.112.122.1 - - [09/Aug/2016:11:05:43 -0300] "GET /cormun/servlet/licenciaspermisos?INS,0,,, HTTP/1.1" 200 6900
191.112.122.1 - - [09/Aug/2016:11:05:46 -0300] "GET /cormun/servlet/licenciaspermisos?INS,0,,, HTTP/1.1" 200 6900
191.112.122.1 - - [09/Aug/2016:11:05:55 -0300] "GET /cormun/servlet/licenciaspermisos?eca847672a3c472901961cd2ccb18458aa19e0c3496a5ec07f9ede6a3ae0c4d14503ac68124d821889f205d820b5588b,gx-no-cache=1470751587679 HTTP/1.1" 200 64
186.67.172.234 - - [09/Aug/2016:11:06:37 -0300] "POST /cormun/servlet/solicitudot?gx-no-cache=1470751627354 HTTP/1.1" 200 3013
186.67.172.234 - - [09/Aug/2016:11:06:37 -0300] "POST /cormun/servlet/solicitudot?8b7c48e8f2f37f872aada9965c5971c9,INS,0,0,,gx-no-cache=1470751627664 HTTP/1.1" 200 8894
186.67.172.234 - - [09/Aug/2016:11:06:58 -0300] "GET /cormun/servlet/solicitudot?479a260143c7a614242efe723d07ceda757821ee605f2ffa98cf37bb0d955013b942faa1a7cb843c5c29e1f6f00c228d,gx-no-cache=1470751648602 HTTP/1.1" 200 30
186.67.172.234 - - [09/Aug/2016:11:06:58 -0300] "POST /cormun/servlet/solicitudot?gx-no-cache=1470751648734 HTTP/1.1" 200 30
186.67.172.234 - - [09/Aug/2016:11:07:01 -0300] "POST /cormun/servlet/solicitudot?gx-no-cache=1470751651339 HTTP/1.1" 200 30
186.67.172.234 - - [09/Aug/2016:11:07:02 -0300] "GET /cormun/servlet/prcontratosol?16817419,,,,,MD,,gxPopupLevel%3D0%3B HTTP/1.1" 200 5787
186.67.172.234 - - [09/Aug/2016:11:07:08 -0300] "POST /cormun/servlet/solicitudot?gx-no-cache=1470751657982 HTTP/1.1" 200 1187
186.67.172.234 - - [09/Aug/2016:11:07:08 -0300] "GET /cormun/servlet/solicitudot?479a260143c7a614242efe723d07ceda821e2d220cad12e8f8855a45c57b5c045ebe85e3c51204e70133e53d36f11706134b457ee7c0b8550fccb734ebbeb02aeb5a41702df117d853063f38b879b0422229007b124901a4b22938a5ce7c10babe6a947c3b4bd957540090b810c1c95789bf591e5d2df53aab88d9eb718332dc0ca4a46201a1e7a41ae75f2786d4c364,gx-no-cache=1470751658073 HTTP/1.1" 200 38
186.67.172.234 - - [09/Aug/2016:11:07:08 -0300] "GET /cormun/servlet/solicitudot?479a260143c7a614242efe723d07ceda0073ce92fb98ebdeebfb4e0d4f0f7138bfce29f3f7db593b025c0de5ed774d9e65c56e8aebcfac64e778b2655f9b485ce4db37f067882b5d4fee8a3ebb1185451adf15e9d6bc8960430410013fcf073496abdae92b72d42b8ce2fcf1285904cff6bf9f41ae74d8db19390b0aab28b326f65ea7a515e8016ef10b7249881fa4232359232409c866b635648e70fbbb28691d8cade03fd06ac36489671af45ff38d6f3f2c45155637df501cdd4f212ca556b1f28757a51128dcb6897cb53a4598c6,gx-no-cache=1470751658115 HTTP/1.1" 200 29
186.67.172.234 - - [09/Aug/2016:11:07:08 -0300] "POST /cormun/servlet/solicitudot?gx-no-cache=1470751658162 HTTP/1.1" 200 1144
186.67.172.234 - - [09/Aug/2016:11:07:41 -0300] "POST /cormun/servlet/solicitudot?gx-no-cache=1470751690867 HTTP/1.1" 200 1185
186.67.172.234 - - [09/Aug/2016:11:07:41 -0300] "GET /cormun/static/menuarrow.gif HTTP/1.1" 404 1015
191.112.122.1 - - [09/Aug/2016:11:07:44 -0300] "GET /cormun/servlet/licenciaspermisos?eca847672a3c472901961cd2ccb184588b9cbc958eb4d6de1456ed66786df7dbc79b364a88fd1b5a23766cec6195eddc4f41a76cb6c5270748c1a183f3715e73d5d4c988d3eb96f9b677b00f1c662f1d0a459c3af0f32fd0b1ca799a1134b1ce044856fda1e181c5f4feb9540623a5dcdac606f84691755b6c62a5d0bbe2cb16bc85e802481ce038b19e47408f0eb71eecd62e243aed54b66633695ea48d88b9f6f7cebc6cc5e622240ecac2bcb773154262631794feec6d98995d29cee67e467c64e02b61a95c71fd9b1193d3a3098c913ffe898117d2d2c07aa0d4e3b9e908,gx-no-cache=1470751696589 HTTP/1.1" 200 30
191.112.122.1 - - [09/Aug/2016:11:07:44 -0300] "POST /cormun/servlet/licenciaspermisos?5ae214da57c6e6b6e893904fcfb1c30b,INS,0,,,,gx-no-cache=1470751696746 HTTP/1.1" 200 93
191.112.122.1 - - [09/Aug/2016:11:07:45 -0300] "GET /cormun/servlet/hpexe_return? HTTP/1.1" 200 1018
191.112.122.1 - - [09/Aug/2016:11:07:45 -0300] "GET /cormun/servlet/trlicencias HTTP/1.1" 200 7983
191.112.122.1 - - [09/Aug/2016:11:07:47 -0300] "GET /cormun/servlet/trlicencias HTTP/1.1" 200 7978
186.67.172.234 - - [09/Aug/2016:11:07:50 -0300] "GET /cormun/servlet/solicitudot?479a260143c7a614242efe723d07ceda821e2d220cad12e8f8855a45c57b5c045ebe85e3c51204e70133e53d36f11706134b457ee7c0b8550fccb734ebbeb02aeb5a41702df117d853063f38b879b0422229007b124901a4b22938a5ce7c10babe6a947c3b4bd957540090b810c1c95789bf591e5d2df53aab88d9eb718332dc2a20c9b343aba2a2b51616813db5754a47469fd4b02fafb9c971f8f0859869f0,gx-no-cache=1470751700092 HTTP/1.1" 200 38
191.112.122.1 - - [09/Aug/2016:11:07:54 -0300] "GET /cormun/servlet/trlicenciaspermisosadjuntos?9343812,20160809,L, HTTP/1.1" 200 6074
191.112.122.1 - - [09/Aug/2016:11:07:54 -0300] "GET /cormun/static/gxcfg.js?201652513303629 HTTP/1.1" 200 953
186.67.172.234 - - [09/Aug/2016:11:07:55 -0300] "GET /cormun/servlet/solicitudot?479a260143c7a614242efe723d07ceda0073ce92fb98ebdeebfb4e0d4f0f7138bfce29f3f7db593b025c0de5ed774d9e589d4adcd405f8c735234dfb2dc69face4db37f067882b5d4fee8a3ebb1185451adf15e9d6bc8960430410013fcf073496abdae92b72d42b8ce2fcf1285904cff6bf9f41ae74d8db19390b0aab28b326f65ea7a515e8016ef10b7249881fa4232359232409c866b635648e70fbbb28691d8cade03fd06ac36489671af45ff38d6f3f2c45155637df501cdd4f212ca556b1f28757a51128dcb6897cb53a4598c6,gx-no-cache=1470751705679 HTTP/1.1" 200 29
191.112.122.1 - - [09/Aug/2016:11:07:55 -0300] "GET /cormun/servlet/trlicenciaspermisosadjuntos?9343812,20160809,L, HTTP/1.1" 200 6074
191.112.122.1 - - [09/Aug/2016:11:07:59 -0300] "GET /cormun/servlet/licenciaspermisosadjuntos?INS,9343812,L,20160809,, HTTP/1.1" 200 5373
191.112.122.1 - - [09/Aug/2016:11:07:59 -0300] "GET /cormun/static/gxcfg.js?201652512191366 HTTP/1.1" 200 953
186.67.172.234 - - [09/Aug/2016:11:07:59 -0300] "POST /cormun/servlet/solicitudot?gx-no-cache=1470751708716 HTTP/1.1" 200 1144
191.112.122.1 - - [09/Aug/2016:11:07:59 -0300] "GET /cormun/static/about:blank HTTP/1.1" 404 1011
191.112.122.1 - - [09/Aug/2016:11:08:00 -0300] "GET /cormun/servlet/licenciaspermisosadjuntos?INS,9343812,L,20160809,, HTTP/1.1" 200 5362
186.67.172.234 - - [09/Aug/2016:11:08:07 -0300] "GET /cormun/servlet/solicitudot?479a260143c7a614242efe723d07ceda78d58a4b9ea1a45d18baae0f76aaef05594dd9e4a081f70715d36bab99334818fb44c607e286b8b1495ec08ce03638d6dde3fedef7b4cd0bef102cd1e2e1893d3a48791d6a109731ae28cc6fae112c36d25f029656fbe6a2739bf93d7b118c46eafdb7fab51e3cf328a77aefc1a580abf01a7173ff4b1c53ea3390fc29e69a5f6eac7885b9e9fbbfcedc0c00b289ce9efc536bc215dc7cdbf8690ca513f3e05ed707e6ba2cceaa4a4bcd4debbcb7cdfa,gx-no-cache=1470751716935 HTTP/1.1" 200 30
186.67.172.234 - - [09/Aug/2016:11:08:07 -0300] "POST /cormun/servlet/solicitudot?8b7c48e8f2f37f872aada9965c5971c9,INS,0,0,,gx-no-cache=1470751716978 HTTP/1.1" 200 93
186.67.172.234 - - [09/Aug/2016:11:08:07 -0300] "GET /cormun/servlet/hpexe_return? HTTP/1.1" 200 1008
186.67.172.234 - - [09/Aug/2016:11:08:07 -0300] "GET /cormun/servlet/trsolicitudot HTTP/1.1" 200 9726
186.67.172.234 - - [09/Aug/2016:11:08:08 -0300] "GET /cormun/servlet/trsolicitudot HTTP/1.1" 200 9721
191.112.122.1 - - [09/Aug/2016:11:08:34 -0300] "POST /cormun/servlet/licenciaspermisosadjuntos?5ae214da57c6e6b6e893904fcfb1c30b,INS,9343812,L,20160809,, HTTP/1.1" 200 116
191.112.122.1 - - [09/Aug/2016:11:08:34 -0300] "GET /cormun/servlet/hpexe_return? HTTP/1.1" 200 1045
191.112.122.1 - - [09/Aug/2016:11:08:35 -0300] "GET /cormun/servlet/trlicenciaspermisosadjuntos?9343812,20160809,L, HTTP/1.1" 200 6538
191.112.122.1 - - [09/Aug/2016:11:08:37 -0300] "GET /cormun/servlet/trlicenciaspermisosadjuntos?9343812,20160809,L, HTTP/1.1" 200 6534
191.112.122.1 - - [09/Aug/2016:11:08:42 -0300] "GET /cormun/servlet/trlicencias? HTTP/1.1" 200 7972
191.112.122.1 - - [09/Aug/2016:11:08:44 -0300] "GET /cormun/servlet/trlicencias? HTTP/1.1" 200 7978
191.112.122.1 - - [09/Aug/2016:11:08:47 -0300] "GET /cormun/servlet/trlicenciaspermisosadjuntos?16792393,20160809,L, HTTP/1.1" 200 6077
191.112.122.1 - - [09/Aug/2016:11:08:49 -0300] "GET /cormun/servlet/trlicenciaspermisosadjuntos?16792393,20160809,L, HTTP/1.1" 200 6077
191.112.122.1 - - [09/Aug/2016:11:08:51 -0300] "GET /cormun/servlet/licenciaspermisosadjuntos?INS,16792393,L,20160809,, HTTP/1.1" 200 5378
191.112.122.1 - - [09/Aug/2016:11:08:52 -0300] "GET /cormun/static/about:blank HTTP/1.1" 404 1011
