186.67.172.234 - - [08/Aug/2016:16:47:13 -0300] "GET /cormun/servlet/solicitudotadjuntos?INS,2016,2450,,1, HTTP/1.1" 200 5778
186.67.172.234 - - [08/Aug/2016:16:47:14 -0300] "GET /cormun/servlet/solicitudotadjuntos?28fed6dac6be4754b3da3b8e274cb1443054dcb992f8cf3fcb785ec465aaedb0fdeb9f8fcf3efe8868f63c3edf5d1ed0,gx-no-cache=1470685663855 HTTP/1.1" 200 30
186.67.172.234 - - [08/Aug/2016:16:47:14 -0300] "POST /cormun/servlet/solicitudotadjuntos?0d907c4ae8721d32e0e41113fe308f3a,INS,2016,2450,,1,,gx-no-cache=1470685663883 HTTP/1.1" 200 3545
186.67.172.234 - - [08/Aug/2016:16:47:16 -0300] "POST /cormun/servlet/solicitudotadjuntos?gx-no-cache=1470685665839 HTTP/1.1" 200 26
186.79.229.249 - - [08/Aug/2016:16:47:33 -0300] "POST /cormun/servlet/trsolicitudot?e09b0c326d9e9fa9abac238f732ab869,,gx-no-cache=1470682078641 HTTP/1.1" 200 107
186.79.229.249 - - [08/Aug/2016:16:47:33 -0300] "GET /cormun/servlet/trsolicitudadjuntos?2016,2439, HTTP/1.1" 200 5572
186.78.46.62 - - [08/Aug/2016:16:47:34 -0300] "POST /cormun/servlet/solicitudot?b7b51ed8813077df6c26fdfab3a51789,INS,0,0,,gx-no-cache=1470685683998 HTTP/1.1" 200 93
186.78.46.62 - - [08/Aug/2016:16:47:34 -0300] "GET /cormun/servlet/hpexe_return? HTTP/1.1" 200 1005
186.78.46.62 - - [08/Aug/2016:16:47:35 -0300] "GET /cormun/servlet/trsolicitudot HTTP/1.1" 200 7773
186.78.46.62 - - [08/Aug/2016:16:47:35 -0300] "GET /cormun/servlet/trsolicitudot HTTP/1.1" 200 7769
186.79.229.249 - - [08/Aug/2016:16:47:40 -0300] "GET /cormun/servlet/trsolicitudadjuntos?2016,2439, HTTP/1.1" 200 5573
186.79.229.249 - - [08/Aug/2016:16:47:46 -0300] "GET /cormun/servlet/solicitudotadjuntos?INS,2016,2439,,1, HTTP/1.1" 200 5664
186.79.229.249 - - [08/Aug/2016:16:47:49 -0300] "GET /cormun/servlet/solicitudotadjuntos?INS,2016,2439,,1, HTTP/1.1" 200 5664
186.79.229.249 - - [08/Aug/2016:16:47:49 -0300] "GET /cormun/servlet/solicitudotadjuntos?INS,2016,2439,,1, HTTP/1.1" 200 5664
186.78.46.62 - - [08/Aug/2016:16:47:50 -0300] "POST /cormun/servlet/trsolicitudot?b7b51ed8813077df6c26fdfab3a51789,gx-no-cache=1470685700221 HTTP/1.1" 200 3905
186.78.46.62 - - [08/Aug/2016:16:47:51 -0300] "GET /cormun/static/Shared/jqueryui/images/ui-bg_highlight-soft_100_c6c2c8_1x100.png HTTP/1.1" 404 1117
186.78.46.62 - - [08/Aug/2016:16:47:51 -0300] "GET /cormun/static/Shared/jqueryui/images/ui-icons_82798d_256x240.png HTTP/1.1" 404 1089
186.78.46.62 - - [08/Aug/2016:16:47:51 -0300] "GET /cormun/static/Shared/jqueryui/images/ui-bg_flat_55_fafafa_40x100.png HTTP/1.1" 404 1097
186.78.46.62 - - [08/Aug/2016:16:47:51 -0300] "GET /cormun/static/Shared/jqueryui/images/ui-icons_8d78a5_256x240.png HTTP/1.1" 404 1089
186.78.46.62 - - [08/Aug/2016:16:47:51 -0300] "POST /cormun/servlet/trsolicitudot?b7b51ed8813077df6c26fdfab3a51789,gx-no-cache=1470685700611 HTTP/1.1" 200 3760
186.78.46.62 - - [08/Aug/2016:16:47:54 -0300] "GET /cormun/static/Shared/jqueryui/images/ui-bg_highlight-soft_100_eae6ea_1x100.png HTTP/1.1" 404 1117
186.79.229.249 - - [08/Aug/2016:16:47:59 -0300] "GET /cormun/static/about:blank HTTP/1.1" 404 1011
186.67.172.234 - - [08/Aug/2016:16:48:01 -0300] "GET /cormun/servlet/solicitudotadjuntos?28fed6dac6be4754b3da3b8e274cb144e402fa4d4d93423e2815cfe62ac693c1,gx-no-cache=1470685711738 HTTP/1.1" 200 30
186.67.172.234 - - [08/Aug/2016:16:48:01 -0300] "GET /cormun/servlet/solicitudotadjuntos?28fed6dac6be4754b3da3b8e274cb144e402fa4d4d93423e2815cfe62ac693c1,gx-no-cache=1470685711774 HTTP/1.1" 200 30
186.67.172.234 - - [08/Aug/2016:16:48:02 -0300] "POST /cormun/servlet/solicitudotadjuntos?0d907c4ae8721d32e0e41113fe308f3a,INS,2016,2450,,1, HTTP/1.1" 200 116
186.67.172.234 - - [08/Aug/2016:16:48:02 -0300] "GET /cormun/servlet/hpexe_return? HTTP/1.1" 200 1028
186.67.172.234 - - [08/Aug/2016:16:48:02 -0300] "GET /cormun/servlet/trsolicitudadjuntos?2016,2450, HTTP/1.1" 200 7565
186.67.172.234 - - [08/Aug/2016:16:48:02 -0300] "GET /cormun/servlet/trsolicitudadjuntos?2016,2450, HTTP/1.1" 200 7561
186.67.172.234 - - [08/Aug/2016:16:48:05 -0300] "GET /cormun/servlet/solicitudotadjuntos?INS,2016,2450,,1, HTTP/1.1" 200 5785
186.67.172.234 - - [08/Aug/2016:16:48:05 -0300] "GET /cormun/static/about:blank HTTP/1.1" 404 1011
186.67.172.234 - - [08/Aug/2016:16:48:06 -0300] "GET /cormun/servlet/solicitudotadjuntos?INS,2016,2450,,1, HTTP/1.1" 200 5779
186.67.172.234 - - [08/Aug/2016:16:48:06 -0300] "GET /cormun/servlet/solicitudotadjuntos?28fed6dac6be4754b3da3b8e274cb1443054dcb992f8cf3fcb785ec465aaedb0fdeb9f8fcf3efe8868f63c3edf5d1ed0,gx-no-cache=1470685716380 HTTP/1.1" 200 30
186.67.172.234 - - [08/Aug/2016:16:48:06 -0300] "POST /cormun/servlet/solicitudotadjuntos?0d907c4ae8721d32e0e41113fe308f3a,INS,2016,2450,,1,,gx-no-cache=1470685716435 HTTP/1.1" 200 3546
186.67.172.234 - - [08/Aug/2016:16:48:09 -0300] "POST /cormun/servlet/solicitudotadjuntos?gx-no-cache=1470685719418 HTTP/1.1" 200 26
186.67.172.234 - - [08/Aug/2016:16:48:14 -0300] "GET /cormun/servlet/solicitudotadjuntos?28fed6dac6be4754b3da3b8e274cb144e402fa4d4d93423e2815cfe62ac693c1,gx-no-cache=1470685724804 HTTP/1.1" 200 30
186.67.172.234 - - [08/Aug/2016:16:48:15 -0300] "GET /cormun/servlet/solicitudotadjuntos?28fed6dac6be4754b3da3b8e274cb144e402fa4d4d93423e2815cfe62ac693c1,gx-no-cache=1470685724854 HTTP/1.1" 200 30
186.67.172.234 - - [08/Aug/2016:16:48:15 -0300] "POST /cormun/servlet/solicitudotadjuntos?0d907c4ae8721d32e0e41113fe308f3a,INS,2016,2450,,1, HTTP/1.1" 200 116
186.67.172.234 - - [08/Aug/2016:16:48:15 -0300] "GET /cormun/servlet/hpexe_return? HTTP/1.1" 200 1028
186.67.172.234 - - [08/Aug/2016:16:48:15 -0300] "GET /cormun/servlet/trsolicitudadjuntos?2016,2450, HTTP/1.1" 200 7737
186.67.172.234 - - [08/Aug/2016:16:48:16 -0300] "GET /cormun/servlet/trsolicitudadjuntos?2016,2450, HTTP/1.1" 200 7732
186.67.172.234 - - [08/Aug/2016:16:48:18 -0300] "GET /cormun/servlet/solicitudotadjuntos?INS,2016,2450,,1, HTTP/1.1" 200 5785
186.67.172.234 - - [08/Aug/2016:16:48:18 -0300] "GET /cormun/static/about:blank HTTP/1.1" 404 1011
186.67.172.234 - - [08/Aug/2016:16:48:19 -0300] "GET /cormun/servlet/solicitudotadjuntos?INS,2016,2450,,1, HTTP/1.1" 200 5779
186.67.172.234 - - [08/Aug/2016:16:48:19 -0300] "GET /cormun/servlet/solicitudotadjuntos?28fed6dac6be4754b3da3b8e274cb1443054dcb992f8cf3fcb785ec465aaedb0fdeb9f8fcf3efe8868f63c3edf5d1ed0,gx-no-cache=1470685729342 HTTP/1.1" 200 30
186.67.172.234 - - [08/Aug/2016:16:48:19 -0300] "POST /cormun/servlet/solicitudotadjuntos?0d907c4ae8721d32e0e41113fe308f3a,INS,2016,2450,,1,,gx-no-cache=1470685729386 HTTP/1.1" 200 3546
186.67.172.234 - - [08/Aug/2016:16:48:23 -0300] "POST /cormun/servlet/solicitudotadjuntos?gx-no-cache=1470685732981 HTTP/1.1" 200 26
186.67.172.234 - - [08/Aug/2016:16:48:28 -0300] "GET /cormun/servlet/solicitudotadjuntos?28fed6dac6be4754b3da3b8e274cb144e402fa4d4d93423e2815cfe62ac693c1,gx-no-cache=1470685738667 HTTP/1.1" 200 30
186.67.172.234 - - [08/Aug/2016:16:48:28 -0300] "GET /cormun/servlet/solicitudotadjuntos?28fed6dac6be4754b3da3b8e274cb144e402fa4d4d93423e2815cfe62ac693c1,gx-no-cache=1470685738708 HTTP/1.1" 200 30
186.67.172.234 - - [08/Aug/2016:16:48:28 -0300] "POST /cormun/servlet/solicitudotadjuntos?0d907c4ae8721d32e0e41113fe308f3a,INS,2016,2450,,1, HTTP/1.1" 200 116
186.67.172.234 - - [08/Aug/2016:16:48:29 -0300] "GET /cormun/servlet/hpexe_return? HTTP/1.1" 200 1028
186.67.172.234 - - [08/Aug/2016:16:48:29 -0300] "GET /cormun/servlet/trsolicitudadjuntos?2016,2450, HTTP/1.1" 200 7875
186.67.172.234 - - [08/Aug/2016:16:48:29 -0300] "GET /cormun/servlet/trsolicitudadjuntos?2016,2450, HTTP/1.1" 200 7876
186.67.172.234 - - [08/Aug/2016:16:48:32 -0300] "GET /cormun/servlet/solicitudotadjuntos?INS,2016,2450,,1, HTTP/1.1" 200 5785
186.67.172.234 - - [08/Aug/2016:16:48:32 -0300] "GET /cormun/static/about:blank HTTP/1.1" 404 1011
186.79.229.249 - - [08/Aug/2016:16:48:33 -0300] "GET /cormun/servlet/hlogin HTTP/1.1" 200 1724
186.79.229.249 - - [08/Aug/2016:16:48:33 -0300] "GET /cormun/servlet/hlogin HTTP/1.1" 200 1724
186.67.172.234 - - [08/Aug/2016:16:48:33 -0300] "GET /cormun/servlet/solicitudotadjuntos?INS,2016,2450,,1, HTTP/1.1" 200 5779
186.67.172.234 - - [08/Aug/2016:16:48:33 -0300] "GET /cormun/servlet/solicitudotadjuntos?28fed6dac6be4754b3da3b8e274cb1443054dcb992f8cf3fcb785ec465aaedb0fdeb9f8fcf3efe8868f63c3edf5d1ed0,gx-no-cache=1470685743453 HTTP/1.1" 200 30
186.67.172.234 - - [08/Aug/2016:16:48:33 -0300] "POST /cormun/servlet/solicitudotadjuntos?0d907c4ae8721d32e0e41113fe308f3a,INS,2016,2450,,1,,gx-no-cache=1470685743488 HTTP/1.1" 200 3546
186.79.229.249 - - [08/Aug/2016:16:48:36 -0300] "POST /cormun/servlet/hlogin?e09b0c326d9e9fa9abac238f732ab869,gx-no-cache=1470682142232 HTTP/1.1" 200 90
186.79.229.249 - - [08/Aug/2016:16:48:36 -0300] "GET /cormun/servlet/hpexe_link HTTP/1.1" 200 979
186.79.229.249 - - [08/Aug/2016:16:48:36 -0300] "GET /cormun/servlet/solicitudotadjuntos?INS,2016,2439,,1, HTTP/1.1" 200 5660
186.67.172.234 - - [08/Aug/2016:16:48:37 -0300] "POST /cormun/servlet/solicitudotadjuntos?gx-no-cache=1470685747243 HTTP/1.1" 200 26
186.79.229.249 - - [08/Aug/2016:16:48:37 -0300] "GET /cormun/static/about:blank HTTP/1.1" 404 1011
186.79.229.249 - - [08/Aug/2016:16:48:39 -0300] "GET /cormun/servlet/solicitudotadjuntos?INS,2016,2439,,1, HTTP/1.1" 200 5659
186.79.229.249 - - [08/Aug/2016:16:48:40 -0300] "GET /cormun/servlet/solicitudotadjuntos?cae2d80dcc00757c2e4aa12b569307c4560996ff5e0e0a7411931df5817b533aaf0fa8ca328d7013adfa3a614ab97fee,gx-no-cache=1470682146553 HTTP/1.1" 200 30
186.79.229.249 - - [08/Aug/2016:16:48:41 -0300] "POST /cormun/servlet/solicitudotadjuntos?e09b0c326d9e9fa9abac238f732ab869,INS,2016,2439,,1,,gx-no-cache=1470682146751 HTTP/1.1" 200 3504
186.67.172.234 - - [08/Aug/2016:16:48:44 -0300] "GET /cormun/servlet/solicitudotadjuntos?28fed6dac6be4754b3da3b8e274cb144e402fa4d4d93423e2815cfe62ac693c1,gx-no-cache=1470685753857 HTTP/1.1" 200 30
186.67.172.234 - - [08/Aug/2016:16:48:44 -0300] "GET /cormun/servlet/solicitudotadjuntos?28fed6dac6be4754b3da3b8e274cb144e402fa4d4d93423e2815cfe62ac693c1,gx-no-cache=1470685753879 HTTP/1.1" 200 30
186.67.172.234 - - [08/Aug/2016:16:48:44 -0300] "POST /cormun/servlet/solicitudotadjuntos?0d907c4ae8721d32e0e41113fe308f3a,INS,2016,2450,,1, HTTP/1.1" 200 116
186.67.172.234 - - [08/Aug/2016:16:48:44 -0300] "GET /cormun/servlet/hpexe_return? HTTP/1.1" 200 1028
186.67.172.234 - - [08/Aug/2016:16:48:44 -0300] "GET /cormun/servlet/trsolicitudadjuntos?2016,2450, HTTP/1.1" 200 7995
186.67.172.234 - - [08/Aug/2016:16:48:45 -0300] "GET /cormun/servlet/trsolicitudadjuntos?2016,2450, HTTP/1.1" 200 7995
186.67.172.234 - - [08/Aug/2016:16:48:48 -0300] "GET /cormun/servlet/solicitudotadjuntos?INS,2016,2450,,1, HTTP/1.1" 200 5785
186.67.172.234 - - [08/Aug/2016:16:48:48 -0300] "GET /cormun/static/about:blank HTTP/1.1" 404 1011
186.67.172.234 - - [08/Aug/2016:16:48:48 -0300] "GET /cormun/servlet/solicitudotadjuntos?INS,2016,2450,,1, HTTP/1.1" 200 5779
186.67.172.234 - - [08/Aug/2016:16:48:48 -0300] "GET /cormun/servlet/solicitudotadjuntos?28fed6dac6be4754b3da3b8e274cb1443054dcb992f8cf3fcb785ec465aaedb0fdeb9f8fcf3efe8868f63c3edf5d1ed0,gx-no-cache=1470685758759 HTTP/1.1" 200 30
186.67.172.234 - - [08/Aug/2016:16:48:49 -0300] "POST /cormun/servlet/solicitudotadjuntos?0d907c4ae8721d32e0e41113fe308f3a,INS,2016,2450,,1,,gx-no-cache=1470685758810 HTTP/1.1" 200 3546
186.67.172.234 - - [08/Aug/2016:16:48:51 -0300] "POST /cormun/servlet/solicitudotadjuntos?gx-no-cache=1470685761767 HTTP/1.1" 200 26
186.79.229.249 - - [08/Aug/2016:16:48:56 -0300] "POST /cormun/servlet/solicitudotadjuntos?gx-no-cache=1470682162140 HTTP/1.1" 200 26
186.67.172.234 - - [08/Aug/2016:16:48:58 -0300] "GET /cormun/servlet/solicitudotadjuntos?28fed6dac6be4754b3da3b8e274cb144e402fa4d4d93423e2815cfe62ac693c1,gx-no-cache=1470685768074 HTTP/1.1" 200 30
186.67.172.234 - - [08/Aug/2016:16:48:58 -0300] "GET /cormun/servlet/solicitudotadjuntos?28fed6dac6be4754b3da3b8e274cb144e402fa4d4d93423e2815cfe62ac693c1,gx-no-cache=1470685768126 HTTP/1.1" 200 30
186.67.172.234 - - [08/Aug/2016:16:48:58 -0300] "POST /cormun/servlet/solicitudotadjuntos?0d907c4ae8721d32e0e41113fe308f3a,INS,2016,2450,,1, HTTP/1.1" 200 116
186.67.172.234 - - [08/Aug/2016:16:48:58 -0300] "GET /cormun/servlet/hpexe_return? HTTP/1.1" 200 1028
186.67.172.234 - - [08/Aug/2016:16:48:58 -0300] "GET /cormun/servlet/trsolicitudadjuntos?2016,2450, HTTP/1.1" 200 8117
186.67.172.234 - - [08/Aug/2016:16:48:59 -0300] "GET /cormun/servlet/trsolicitudadjuntos?2016,2450, HTTP/1.1" 200 8113
186.67.172.234 - - [08/Aug/2016:16:49:01 -0300] "GET /cormun/servlet/solicitudotadjuntos?INS,2016,2450,,1, HTTP/1.1" 200 5784
186.67.172.234 - - [08/Aug/2016:16:49:01 -0300] "GET /cormun/static/about:blank HTTP/1.1" 404 1011
186.67.172.234 - - [08/Aug/2016:16:49:01 -0300] "GET /cormun/servlet/solicitudotadjuntos?INS,2016,2450,,1, HTTP/1.1" 200 5778
186.67.172.234 - - [08/Aug/2016:16:49:02 -0300] "GET /cormun/servlet/solicitudotadjuntos?28fed6dac6be4754b3da3b8e274cb1443054dcb992f8cf3fcb785ec465aaedb0fdeb9f8fcf3efe8868f63c3edf5d1ed0,gx-no-cache=1470685771867 HTTP/1.1" 200 30
186.67.172.234 - - [08/Aug/2016:16:49:02 -0300] "POST /cormun/servlet/solicitudotadjuntos?0d907c4ae8721d32e0e41113fe308f3a,INS,2016,2450,,1,,gx-no-cache=1470685771894 HTTP/1.1" 200 3545
186.67.172.234 - - [08/Aug/2016:16:49:05 -0300] "POST /cormun/servlet/solicitudotadjuntos?gx-no-cache=1470685775111 HTTP/1.1" 200 26
186.67.172.234 - - [08/Aug/2016:16:49:10 -0300] "GET /cormun/servlet/solicitudotadjuntos?28fed6dac6be4754b3da3b8e274cb144e402fa4d4d93423e2815cfe62ac693c1,gx-no-cache=1470685780811 HTTP/1.1" 200 30
186.67.172.234 - - [08/Aug/2016:16:49:10 -0300] "GET /cormun/servlet/solicitudotadjuntos?28fed6dac6be4754b3da3b8e274cb144e402fa4d4d93423e2815cfe62ac693c1,gx-no-cache=1470685780834 HTTP/1.1" 200 30
186.67.172.234 - - [08/Aug/2016:16:49:11 -0300] "POST /cormun/servlet/solicitudotadjuntos?0d907c4ae8721d32e0e41113fe308f3a,INS,2016,2450,,1, HTTP/1.1" 200 116
186.67.172.234 - - [08/Aug/2016:16:49:11 -0300] "GET /cormun/servlet/hpexe_return? HTTP/1.1" 200 1028
186.67.172.234 - - [08/Aug/2016:16:49:11 -0300] "GET /cormun/servlet/trsolicitudadjuntos?2016,2450, HTTP/1.1" 200 8282
186.67.172.234 - - [08/Aug/2016:16:49:11 -0300] "GET /cormun/servlet/trsolicitudadjuntos?2016,2450, HTTP/1.1" 200 8278
186.67.172.234 - - [08/Aug/2016:16:49:16 -0300] "POST /cormun/servlet/trsolicitudadjuntos?0d907c4ae8721d32e0e41113fe308f3a,2016,2450,,gx-no-cache=1470685786006 HTTP/1.1" 200 90
186.67.172.234 - - [08/Aug/2016:16:49:16 -0300] "GET /cormun/servlet/hpexe_link HTTP/1.1" 200 969
186.67.172.234 - - [08/Aug/2016:16:49:16 -0300] "GET /cormun/servlet/trsolicitudot HTTP/1.1" 200 7879
186.67.172.234 - - [08/Aug/2016:16:49:16 -0300] "GET /cormun/servlet/trsolicitudot HTTP/1.1" 200 7876
186.79.229.249 - - [08/Aug/2016:16:49:20 -0300] "GET /cormun/servlet/solicitudotadjuntos?cae2d80dcc00757c2e4aa12b569307c46db948e617ddd634ef40d88cc1e52420,gx-no-cache=1470682186833 HTTP/1.1" 200 30
186.79.229.249 - - [08/Aug/2016:16:49:21 -0300] "GET /cormun/servlet/solicitudotadjuntos?cae2d80dcc00757c2e4aa12b569307c46db948e617ddd634ef40d88cc1e52420,gx-no-cache=1470682187188 HTTP/1.1" 200 30
186.67.172.234 - - [08/Aug/2016:16:49:21 -0300] "POST /cormun/servlet/trsolicitudot?0d907c4ae8721d32e0e41113fe308f3a,gx-no-cache=1470685791049 HTTP/1.1" 200 3962
186.67.172.234 - - [08/Aug/2016:16:49:21 -0300] "POST /cormun/servlet/trsolicitudot?0d907c4ae8721d32e0e41113fe308f3a,gx-no-cache=1470685791244 HTTP/1.1" 200 3817
186.67.172.234 - - [08/Aug/2016:16:49:27 -0300] "GET /cormun/servlet/trautorizarsolicitud? HTTP/1.1" 200 7811
186.67.172.234 - - [08/Aug/2016:16:49:27 -0300] "GET /cormun/servlet/trautorizarsolicitud? HTTP/1.1" 200 7811
186.67.172.234 - - [08/Aug/2016:16:49:30 -0300] "POST /cormun/servlet/trautorizarsolicitud?0d907c4ae8721d32e0e41113fe308f3a,,gx-no-cache=1470685800742 HTTP/1.1" 200 3937
186.67.172.234 - - [08/Aug/2016:16:49:31 -0300] "POST /cormun/servlet/trautorizarsolicitud?0d907c4ae8721d32e0e41113fe308f3a,,gx-no-cache=1470685800933 HTTP/1.1" 200 3794
186.79.229.249 - - [08/Aug/2016:16:49:55 -0300] "POST /cormun/servlet/solicitudotadjuntos?e09b0c326d9e9fa9abac238f732ab869,INS,2016,2439,,1, HTTP/1.1" 200 116
186.79.229.249 - - [08/Aug/2016:16:49:55 -0300] "GET /cormun/servlet/hpexe_return? HTTP/1.1" 200 1029
186.79.229.249 - - [08/Aug/2016:16:49:56 -0300] "GET /cormun/servlet/trsolicitudadjuntos?2016,2439, HTTP/1.1" 200 7459
186.79.229.249 - - [08/Aug/2016:16:49:57 -0300] "GET /cormun/servlet/trsolicitudadjuntos?2016,2439, HTTP/1.1" 200 7455
186.79.229.249 - - [08/Aug/2016:16:50:03 -0300] "GET /cormun/servlet/solicitudotadjuntos?INS,2016,2439,,1, HTTP/1.1" 200 5665
186.79.229.249 - - [08/Aug/2016:16:50:04 -0300] "GET /cormun/static/about:blank HTTP/1.1" 404 1011
186.79.229.249 - - [08/Aug/2016:16:50:05 -0300] "GET /cormun/servlet/solicitudotadjuntos?cae2d80dcc00757c2e4aa12b569307c4560996ff5e0e0a7411931df5817b533aaf0fa8ca328d7013adfa3a614ab97fee,gx-no-cache=1470682231265 HTTP/1.1" 200 30
186.79.229.249 - - [08/Aug/2016:16:50:05 -0300] "GET /cormun/servlet/solicitudotadjuntos?INS,2016,2439,,1, HTTP/1.1" 200 5659
186.79.229.249 - - [08/Aug/2016:16:50:06 -0300] "POST /cormun/servlet/solicitudotadjuntos?e09b0c326d9e9fa9abac238f732ab869,INS,2016,2439,,1,,gx-no-cache=1470682231698 HTTP/1.1" 200 3514
186.79.229.249 - - [08/Aug/2016:16:50:10 -0300] "POST /cormun/servlet/solicitudotadjuntos?gx-no-cache=1470682236544 HTTP/1.1" 200 26
186.79.229.249 - - [08/Aug/2016:16:50:19 -0300] "GET /cormun/servlet/solicitudotadjuntos?cae2d80dcc00757c2e4aa12b569307c46db948e617ddd634ef40d88cc1e52420,gx-no-cache=1470682246027 HTTP/1.1" 200 30
186.79.229.249 - - [08/Aug/2016:16:50:20 -0300] "GET /cormun/servlet/solicitudotadjuntos?cae2d80dcc00757c2e4aa12b569307c46db948e617ddd634ef40d88cc1e52420,gx-no-cache=1470682246917 HTTP/1.1" 200 30
186.67.172.234 - - [08/Aug/2016:16:50:26 -0300] "GET /cormun/servlet/trsolicitudot? HTTP/1.1" 200 6663
186.67.172.234 - - [08/Aug/2016:16:50:26 -0300] "GET /cormun/servlet/trsolicitudot? HTTP/1.1" 200 6663
186.67.172.234 - - [08/Aug/2016:16:50:29 -0300] "GET /cormun/servlet/solicitudot?INS,0,0, HTTP/1.1" 200 12129
186.67.172.234 - - [08/Aug/2016:16:50:30 -0300] "GET /cormun/servlet/solicitudot?INS,0,0, HTTP/1.1" 200 12134
186.67.172.234 - - [08/Aug/2016:16:50:39 -0300] "POST /cormun/servlet/solicitudot?gx-no-cache=1470685869180 HTTP/1.1" 200 2907
186.67.172.234 - - [08/Aug/2016:16:50:39 -0300] "POST /cormun/servlet/solicitudot?0d907c4ae8721d32e0e41113fe308f3a,INS,0,0,,gx-no-cache=1470685869369 HTTP/1.1" 200 8757
186.79.229.249 - - [08/Aug/2016:16:50:40 -0300] "POST /cormun/servlet/solicitudotadjuntos?e09b0c326d9e9fa9abac238f732ab869,INS,2016,2439,,1, HTTP/1.1" 200 116
186.79.229.249 - - [08/Aug/2016:16:50:40 -0300] "GET /cormun/servlet/hpexe_return? HTTP/1.1" 200 1029
186.79.229.249 - - [08/Aug/2016:16:50:41 -0300] "GET /cormun/servlet/trsolicitudadjuntos?2016,2439, HTTP/1.1" 200 7634
186.67.172.234 - - [08/Aug/2016:16:50:42 -0300] "GET /cormun/servlet/solicitudot?28fed6dac6be4754b3da3b8e274cb14414fb8e08339f9093075c3d57593f61574108a723960136aa94dc14029f067afe,gx-no-cache=1470685872340 HTTP/1.1" 200 30
186.79.229.249 - - [08/Aug/2016:16:50:43 -0300] "GET /cormun/servlet/trsolicitudadjuntos?2016,2439, HTTP/1.1" 200 7630
186.79.229.249 - - [08/Aug/2016:16:50:46 -0300] "GET /cormun/servlet/solicitudotadjuntos?INS,2016,2439,,1, HTTP/1.1" 200 5665
186.79.229.249 - - [08/Aug/2016:16:50:47 -0300] "GET /cormun/static/about:blank HTTP/1.1" 404 1011
186.79.229.249 - - [08/Aug/2016:16:50:47 -0300] "GET /cormun/servlet/solicitudotadjuntos?INS,2016,2439,,1, HTTP/1.1" 200 5659
186.79.229.249 - - [08/Aug/2016:16:50:48 -0300] "GET /cormun/servlet/solicitudotadjuntos?cae2d80dcc00757c2e4aa12b569307c4560996ff5e0e0a7411931df5817b533aaf0fa8ca328d7013adfa3a614ab97fee,gx-no-cache=1470682274391 HTTP/1.1" 200 30
186.79.229.249 - - [08/Aug/2016:16:50:50 -0300] "POST /cormun/servlet/solicitudotadjuntos?e09b0c326d9e9fa9abac238f732ab869,INS,2016,2439,,1,,gx-no-cache=1470682276436 HTTP/1.1" 200 3514
186.79.229.249 - - [08/Aug/2016:16:50:55 -0300] "POST /cormun/servlet/solicitudotadjuntos?gx-no-cache=1470682281834 HTTP/1.1" 200 26
186.79.229.249 - - [08/Aug/2016:16:51:13 -0300] "GET /cormun/servlet/solicitudotadjuntos?cae2d80dcc00757c2e4aa12b569307c46db948e617ddd634ef40d88cc1e52420,gx-no-cache=1470682299141 HTTP/1.1" 200 30
186.79.229.249 - - [08/Aug/2016:16:51:13 -0300] "GET /cormun/servlet/solicitudotadjuntos?cae2d80dcc00757c2e4aa12b569307c46db948e617ddd634ef40d88cc1e52420,gx-no-cache=1470682299982 HTTP/1.1" 200 30
186.79.229.249 - - [08/Aug/2016:16:51:42 -0300] "POST /cormun/servlet/solicitudotadjuntos?e09b0c326d9e9fa9abac238f732ab869,INS,2016,2439,,1, HTTP/1.1" 200 116
186.79.229.249 - - [08/Aug/2016:16:51:42 -0300] "GET /cormun/servlet/hpexe_return? HTTP/1.1" 200 1029
186.79.229.249 - - [08/Aug/2016:16:51:43 -0300] "GET /cormun/servlet/trsolicitudadjuntos?2016,2439, HTTP/1.1" 200 7775
186.79.229.249 - - [08/Aug/2016:16:51:45 -0300] "GET /cormun/servlet/trsolicitudadjuntos?2016,2439, HTTP/1.1" 200 7775
186.79.229.249 - - [08/Aug/2016:16:51:49 -0300] "GET /cormun/servlet/solicitudotadjuntos?INS,2016,2439,,1, HTTP/1.1" 200 5665
186.79.229.249 - - [08/Aug/2016:16:51:50 -0300] "GET /cormun/static/about:blank HTTP/1.1" 404 1011
186.79.229.249 - - [08/Aug/2016:16:51:50 -0300] "GET /cormun/servlet/solicitudotadjuntos?INS,2016,2439,,1, HTTP/1.1" 200 5659
186.79.229.249 - - [08/Aug/2016:16:51:51 -0300] "GET /cormun/servlet/solicitudotadjuntos?cae2d80dcc00757c2e4aa12b569307c4560996ff5e0e0a7411931df5817b533aaf0fa8ca328d7013adfa3a614ab97fee,gx-no-cache=1470682337167 HTTP/1.1" 200 30
186.79.229.249 - - [08/Aug/2016:16:51:51 -0300] "POST /cormun/servlet/solicitudotadjuntos?e09b0c326d9e9fa9abac238f732ab869,INS,2016,2439,,1,,gx-no-cache=1470682337363 HTTP/1.1" 200 3513
186.79.229.249 - - [08/Aug/2016:16:52:03 -0300] "POST /cormun/servlet/solicitudotadjuntos?gx-no-cache=1470682349611 HTTP/1.1" 200 26
186.79.229.249 - - [08/Aug/2016:16:52:11 -0300] "GET /cormun/servlet/solicitudotadjuntos?cae2d80dcc00757c2e4aa12b569307c46db948e617ddd634ef40d88cc1e52420,gx-no-cache=1470682357709 HTTP/1.1" 200 30
186.79.229.249 - - [08/Aug/2016:16:52:11 -0300] "GET /cormun/servlet/solicitudotadjuntos?cae2d80dcc00757c2e4aa12b569307c46db948e617ddd634ef40d88cc1e52420,gx-no-cache=1470682357904 HTTP/1.1" 200 30
186.67.172.234 - - [08/Aug/2016:16:52:34 -0300] "POST /cormun/servlet/solicitudot?gx-no-cache=1470685984322 HTTP/1.1" 200 30
186.67.172.234 - - [08/Aug/2016:16:52:39 -0300] "POST /cormun/servlet/solicitudot?gx-no-cache=1470685989018 HTTP/1.1" 200 30
186.67.172.234 - - [08/Aug/2016:16:52:40 -0300] "POST /cormun/servlet/solicitudot?gx-no-cache=1470685990426 HTTP/1.1" 200 494
186.67.172.234 - - [08/Aug/2016:16:52:40 -0300] "GET /cormun/servlet/solicitudot?28fed6dac6be4754b3da3b8e274cb144335424f7bc0fa6b1e485b0493837d13535809844d2a3b06881f51615118fa1a9cc8b130b7af86c959e9a51926b93833557fd7da75913688a49f1f96138b7b4f532e0a383fababdeabf73039aa60497c96f04a19f2bd5dabb5ad5b99cb5897006174798d4805be59a99f1be32cc6769729cc8642305f48d3a96862d0bd6458dc4,gx-no-cache=1470685990486 HTTP/1.1" 200 38
186.67.172.234 - - [08/Aug/2016:16:52:57 -0300] "GET /cormun/servlet/solicitudot?28fed6dac6be4754b3da3b8e274cb144bc715d9552122d0a8de9d2e2080e127f22b4ffc03b6c1c22ed00308a7e7606b01cfbdf8642de46df67e25268def5f78285b8dd1019b71cf91fdb9a40099e98b5c9d1e9278fdfd3963c61e8e2cbe31cb2478bfd13112b097ede48ea0ecd6a14bf,gx-no-cache=1470686007699 HTTP/1.1" 200 29
186.67.172.234 - - [08/Aug/2016:16:52:59 -0300] "POST /cormun/servlet/solicitudot?gx-no-cache=1470686008927 HTTP/1.1" 200 1144
186.79.229.249 - - [08/Aug/2016:16:53:03 -0300] "POST /cormun/servlet/solicitudotadjuntos?e09b0c326d9e9fa9abac238f732ab869,INS,2016,2439,,1, HTTP/1.1" 200 116
186.79.229.249 - - [08/Aug/2016:16:53:05 -0300] "GET /cormun/servlet/hpexe_return? HTTP/1.1" 200 1029
186.79.229.249 - - [08/Aug/2016:16:53:06 -0300] "GET /cormun/servlet/trsolicitudadjuntos?2016,2439, HTTP/1.1" 200 7910
186.79.229.249 - - [08/Aug/2016:16:53:09 -0300] "GET /cormun/servlet/trsolicitudadjuntos?2016,2439, HTTP/1.1" 200 7907
186.79.229.249 - - [08/Aug/2016:16:53:14 -0300] "GET /cormun/servlet/solicitudotadjuntos?INS,2016,2439,,1, HTTP/1.1" 200 5665
186.79.229.249 - - [08/Aug/2016:16:53:15 -0300] "GET /cormun/static/about:blank HTTP/1.1" 404 1011
186.67.172.234 - - [08/Aug/2016:16:53:17 -0300] "GET /cormun/servlet/solicitudot?28fed6dac6be4754b3da3b8e274cb1440f1f76ee569028261cdce1620e01557dd31ca85606655fa1446504b1fd1c5b9528679a28c085422aaea78cd56c6adb709fd7830747834894e5057c09ace454c129cb85e6116ad87d43717eeb4ba3975171b7d6bba23fbfaf37f103c469ed646c704670e19220385d2c2e425841641a941ecbcaf05d25bcce160dcd3a177b1053193581b2e4a692460a6eee37e22881baf77e8c4e3df59b2132df447ab0e8f4d5,gx-no-cache=1470686026865 HTTP/1.1" 200 30
186.79.229.249 - - [08/Aug/2016:16:53:17 -0300] "GET /cormun/servlet/solicitudotadjuntos?INS,2016,2439,,1, HTTP/1.1" 200 5659
186.79.229.249 - - [08/Aug/2016:16:53:19 -0300] "GET /cormun/servlet/solicitudotadjuntos?cae2d80dcc00757c2e4aa12b569307c4560996ff5e0e0a7411931df5817b533aaf0fa8ca328d7013adfa3a614ab97fee,gx-no-cache=1470682424084 HTTP/1.1" 200 30
186.67.172.234 - - [08/Aug/2016:16:53:32 -0300] "POST /cormun/servlet/solicitudot?0d907c4ae8721d32e0e41113fe308f3a,INS,0,0,,gx-no-cache=1470686041943 HTTP/1.1" 200 93
186.67.172.234 - - [08/Aug/2016:16:53:32 -0300] "GET /cormun/servlet/hpexe_return? HTTP/1.1" 200 1009
186.67.172.234 - - [08/Aug/2016:16:53:32 -0300] "GET /cormun/servlet/trsolicitudot HTTP/1.1" 200 7890
186.67.172.234 - - [08/Aug/2016:16:53:32 -0300] "GET /cormun/servlet/trsolicitudot HTTP/1.1" 200 7887
186.67.172.234 - - [08/Aug/2016:16:53:37 -0300] "POST /cormun/servlet/trsolicitudot?0d907c4ae8721d32e0e41113fe308f3a,gx-no-cache=1470686047590 HTTP/1.1" 200 106
186.67.172.234 - - [08/Aug/2016:16:53:37 -0300] "GET /cormun/servlet/trsolicitudadjuntos?2016,2452, HTTP/1.1" 200 5693
186.67.172.234 - - [08/Aug/2016:16:53:38 -0300] "GET /cormun/servlet/trsolicitudadjuntos?2016,2452, HTTP/1.1" 200 5693
186.67.172.234 - - [08/Aug/2016:16:53:40 -0300] "GET /cormun/servlet/solicitudotadjuntos?INS,2016,2452,,1, HTTP/1.1" 200 5785
186.79.229.249 - - [08/Aug/2016:16:53:40 -0300] "POST /cormun/servlet/solicitudotadjuntos?e09b0c326d9e9fa9abac238f732ab869,INS,2016,2439,,1,,gx-no-cache=1470682426615 HTTP/1.1" 500 10
186.67.172.234 - - [08/Aug/2016:16:53:40 -0300] "GET /cormun/static/about:blank HTTP/1.1" 404 1011
186.67.172.234 - - [08/Aug/2016:16:53:40 -0300] "GET /cormun/servlet/solicitudotadjuntos?INS,2016,2452,,1, HTTP/1.1" 200 5779
186.79.229.249 - - [08/Aug/2016:16:53:40 -0300] "GET /cormun/servlet/solicitudotadjuntos?310581f9c83403bb9b02cc46ae3da889a43074d984c8c014da9b6f341031aea06184c2c62511500fb6bb50ac130a8f1bc8d77f8a738ebd8ba3be41ee8b982e455c0ef816e52bc2bdeb9938d3a3c683d9,gx-no-cache=1470682446894 HTTP/1.1" 200 123
186.67.172.234 - - [08/Aug/2016:16:53:41 -0300] "GET /cormun/servlet/solicitudotadjuntos?28fed6dac6be4754b3da3b8e274cb14459734583002ffa66aff3b519ee5f7b2efdeb9f8fcf3efe8868f63c3edf5d1ed0,gx-no-cache=1470686050956 HTTP/1.1" 200 30
186.79.229.249 - - [08/Aug/2016:16:53:41 -0300] "GET /cormun/static/Shared/jqueryui/images/ui-bg_highlight-soft_100_c6c2c8_1x100.png HTTP/1.1" 404 1117
186.67.172.234 - - [08/Aug/2016:16:53:41 -0300] "POST /cormun/servlet/solicitudotadjuntos?0d907c4ae8721d32e0e41113fe308f3a,INS,2016,2452,,1,,gx-no-cache=1470686051022 HTTP/1.1" 200 3546
186.79.229.249 - - [08/Aug/2016:16:53:41 -0300] "GET /cormun/static/Shared/jqueryui/images/ui-icons_82798d_256x240.png HTTP/1.1" 404 1089
186.79.229.249 - - [08/Aug/2016:16:53:41 -0300] "GET /cormun/static/Shared/jqueryui/images/ui-bg_flat_55_994d53_40x100.png HTTP/1.1" 404 1097
186.79.229.249 - - [08/Aug/2016:16:53:41 -0300] "GET /cormun/static/Shared/jqueryui/images/ui-icons_ebccce_256x240.png HTTP/1.1" 404 1089
186.67.172.234 - - [08/Aug/2016:16:53:44 -0300] "POST /cormun/servlet/solicitudotadjuntos?gx-no-cache=1470686054207 HTTP/1.1" 200 26
186.67.172.234 - - [08/Aug/2016:16:54:25 -0300] "GET /cormun/servlet/solicitudotadjuntos?28fed6dac6be4754b3da3b8e274cb144e402fa4d4d93423e2815cfe62ac693c1,gx-no-cache=1470686095696 HTTP/1.1" 200 30
186.67.172.234 - - [08/Aug/2016:16:54:25 -0300] "GET /cormun/servlet/solicitudotadjuntos?28fed6dac6be4754b3da3b8e274cb144e402fa4d4d93423e2815cfe62ac693c1,gx-no-cache=1470686095728 HTTP/1.1" 200 30
186.67.172.234 - - [08/Aug/2016:16:54:26 -0300] "POST /cormun/servlet/solicitudotadjuntos?0d907c4ae8721d32e0e41113fe308f3a,INS,2016,2452,,1, HTTP/1.1" 200 116
186.67.172.234 - - [08/Aug/2016:16:54:26 -0300] "GET /cormun/servlet/hpexe_return? HTTP/1.1" 200 1028
186.67.172.234 - - [08/Aug/2016:16:54:26 -0300] "GET /cormun/servlet/trsolicitudadjuntos?2016,2452, HTTP/1.1" 200 7565
186.67.172.234 - - [08/Aug/2016:16:54:26 -0300] "GET /cormun/servlet/trsolicitudadjuntos?2016,2452, HTTP/1.1" 200 7562
186.67.172.234 - - [08/Aug/2016:16:54:29 -0300] "GET /cormun/servlet/solicitudotadjuntos?INS,2016,2452,,1, HTTP/1.1" 200 5785
186.67.172.234 - - [08/Aug/2016:16:54:29 -0300] "GET /cormun/static/about:blank HTTP/1.1" 404 1011
186.67.172.234 - - [08/Aug/2016:16:54:29 -0300] "GET /cormun/servlet/solicitudotadjuntos?INS,2016,2452,,1, HTTP/1.1" 200 5779
186.67.172.234 - - [08/Aug/2016:16:54:30 -0300] "GET /cormun/servlet/solicitudotadjuntos?28fed6dac6be4754b3da3b8e274cb14459734583002ffa66aff3b519ee5f7b2efdeb9f8fcf3efe8868f63c3edf5d1ed0,gx-no-cache=1470686099981 HTTP/1.1" 200 30
186.67.172.234 - - [08/Aug/2016:16:54:30 -0300] "POST /cormun/servlet/solicitudotadjuntos?0d907c4ae8721d32e0e41113fe308f3a,INS,2016,2452,,1,,gx-no-cache=1470686100023 HTTP/1.1" 200 3546
186.67.172.234 - - [08/Aug/2016:16:54:34 -0300] "POST /cormun/servlet/solicitudotadjuntos?gx-no-cache=1470686103951 HTTP/1.1" 200 26
186.67.172.234 - - [08/Aug/2016:16:54:39 -0300] "GET /cormun/servlet/solicitudotadjuntos?28fed6dac6be4754b3da3b8e274cb144e402fa4d4d93423e2815cfe62ac693c1,gx-no-cache=1470686108945 HTTP/1.1" 200 30
186.67.172.234 - - [08/Aug/2016:16:54:39 -0300] "GET /cormun/servlet/solicitudotadjuntos?28fed6dac6be4754b3da3b8e274cb144e402fa4d4d93423e2815cfe62ac693c1,gx-no-cache=1470686108975 HTTP/1.1" 200 30
186.67.172.234 - - [08/Aug/2016:16:54:39 -0300] "POST /cormun/servlet/solicitudotadjuntos?0d907c4ae8721d32e0e41113fe308f3a,INS,2016,2452,,1, HTTP/1.1" 200 116
186.67.172.234 - - [08/Aug/2016:16:54:39 -0300] "GET /cormun/servlet/hpexe_return? HTTP/1.1" 200 1028
186.67.172.234 - - [08/Aug/2016:16:54:39 -0300] "GET /cormun/servlet/trsolicitudadjuntos?2016,2452, HTTP/1.1" 200 7737
186.67.172.234 - - [08/Aug/2016:16:54:40 -0300] "GET /cormun/servlet/trsolicitudadjuntos?2016,2452, HTTP/1.1" 200 7734
186.67.172.234 - - [08/Aug/2016:16:54:43 -0300] "GET /cormun/servlet/solicitudotadjuntos?INS,2016,2452,,1, HTTP/1.1" 200 5785
186.67.172.234 - - [08/Aug/2016:16:54:43 -0300] "GET /cormun/static/about:blank HTTP/1.1" 404 1011
186.67.172.234 - - [08/Aug/2016:16:54:43 -0300] "GET /cormun/servlet/solicitudotadjuntos?INS,2016,2452,,1, HTTP/1.1" 200 5779
186.67.172.234 - - [08/Aug/2016:16:54:44 -0300] "GET /cormun/servlet/solicitudotadjuntos?28fed6dac6be4754b3da3b8e274cb14459734583002ffa66aff3b519ee5f7b2efdeb9f8fcf3efe8868f63c3edf5d1ed0,gx-no-cache=1470686114174 HTTP/1.1" 200 30
186.67.172.234 - - [08/Aug/2016:16:54:44 -0300] "POST /cormun/servlet/solicitudotadjuntos?0d907c4ae8721d32e0e41113fe308f3a,INS,2016,2452,,1,,gx-no-cache=1470686114255 HTTP/1.1" 200 3546
186.67.172.234 - - [08/Aug/2016:16:54:48 -0300] "POST /cormun/servlet/solicitudotadjuntos?gx-no-cache=1470686118509 HTTP/1.1" 200 26
186.79.229.249 - - [08/Aug/2016:16:54:52 -0300] "GET /cormun/servlet/hlogin HTTP/1.1" 200 1724
186.79.229.249 - - [08/Aug/2016:16:54:52 -0300] "GET /cormun/servlet/hlogin HTTP/1.1" 200 1724
186.79.229.249 - - [08/Aug/2016:16:54:56 -0300] "POST /cormun/servlet/hlogin?e09b0c326d9e9fa9abac238f732ab869,gx-no-cache=1470682522649 HTTP/1.1" 200 90
186.79.229.249 - - [08/Aug/2016:16:54:56 -0300] "GET /cormun/servlet/hpexe_link HTTP/1.1" 200 979
186.79.229.249 - - [08/Aug/2016:16:54:57 -0300] "GET /cormun/servlet/solicitudotadjuntos?INS,2016,2439,,1, HTTP/1.1" 200 5660
186.79.229.249 - - [08/Aug/2016:16:54:59 -0300] "GET /cormun/static/about:blank HTTP/1.1" 404 1011
186.79.229.249 - - [08/Aug/2016:16:54:59 -0300] "GET /cormun/servlet/solicitudotadjuntos?INS,2016,2439,,1, HTTP/1.1" 200 5659
186.79.229.249 - - [08/Aug/2016:16:55:00 -0300] "GET /cormun/servlet/solicitudotadjuntos?cae2d80dcc00757c2e4aa12b569307c4560996ff5e0e0a7411931df5817b533aaf0fa8ca328d7013adfa3a614ab97fee,gx-no-cache=1470682526327 HTTP/1.1" 200 30
186.79.229.249 - - [08/Aug/2016:16:55:01 -0300] "POST /cormun/servlet/solicitudotadjuntos?e09b0c326d9e9fa9abac238f732ab869,INS,2016,2439,,1,,gx-no-cache=1470682526544 HTTP/1.1" 200 3504
186.79.229.249 - - [08/Aug/2016:16:55:09 -0300] "POST /cormun/servlet/solicitudotadjuntos?gx-no-cache=1470682535147 HTTP/1.1" 200 26
186.79.229.249 - - [08/Aug/2016:16:55:16 -0300] "GET /cormun/servlet/solicitudotadjuntos?cae2d80dcc00757c2e4aa12b569307c46db948e617ddd634ef40d88cc1e52420,gx-no-cache=1470682543080 HTTP/1.1" 200 30
186.79.229.249 - - [08/Aug/2016:16:55:17 -0300] "GET /cormun/servlet/solicitudotadjuntos?cae2d80dcc00757c2e4aa12b569307c46db948e617ddd634ef40d88cc1e52420,gx-no-cache=1470682543260 HTTP/1.1" 200 30
186.67.172.234 - - [08/Aug/2016:16:55:18 -0300] "GET /cormun/servlet/trsolicitudadjuntos?2016,2452, HTTP/1.1" 200 7737
186.67.172.234 - - [08/Aug/2016:16:55:18 -0300] "GET /cormun/servlet/trsolicitudadjuntos?2016,2452, HTTP/1.1" 200 7733
186.79.229.249 - - [08/Aug/2016:16:55:39 -0300] "POST /cormun/servlet/solicitudotadjuntos?e09b0c326d9e9fa9abac238f732ab869,INS,2016,2439,,1, HTTP/1.1" 200 116
186.79.229.249 - - [08/Aug/2016:16:55:39 -0300] "GET /cormun/servlet/hpexe_return? HTTP/1.1" 200 1029
186.79.229.249 - - [08/Aug/2016:16:55:40 -0300] "GET /cormun/servlet/trsolicitudadjuntos?2016,2439, HTTP/1.1" 200 8039
186.79.229.249 - - [08/Aug/2016:16:55:42 -0300] "GET /cormun/servlet/trsolicitudadjuntos?2016,2439, HTTP/1.1" 200 8037
186.67.172.234 - - [08/Aug/2016:16:55:44 -0300] "GET /cormun/servlet/solicitudotadjuntos?INS,2016,2452,,1, HTTP/1.1" 200 5784
186.67.172.234 - - [08/Aug/2016:16:55:44 -0300] "GET /cormun/servlet/solicitudotadjuntos?INS,2016,2452,,1, HTTP/1.1" 200 5778
186.67.172.234 - - [08/Aug/2016:16:55:45 -0300] "GET /cormun/servlet/solicitudotadjuntos?28fed6dac6be4754b3da3b8e274cb14459734583002ffa66aff3b519ee5f7b2efdeb9f8fcf3efe8868f63c3edf5d1ed0,gx-no-cache=1470686174842 HTTP/1.1" 200 30
186.67.172.234 - - [08/Aug/2016:16:55:45 -0300] "POST /cormun/servlet/solicitudotadjuntos?0d907c4ae8721d32e0e41113fe308f3a,INS,2016,2452,,1,,gx-no-cache=1470686174904 HTTP/1.1" 200 3545
186.67.172.234 - - [08/Aug/2016:16:55:47 -0300] "GET /cormun/servlet/trsolicitudadjuntos?2016,2452, HTTP/1.1" 200 7737
186.67.172.234 - - [08/Aug/2016:16:55:48 -0300] "GET /cormun/servlet/trsolicitudadjuntos?2016,2452, HTTP/1.1" 200 7734
186.79.229.249 - - [08/Aug/2016:16:55:48 -0300] "GET /cormun/servlet/solicitudotadjuntos?INS,2016,2439,,1, HTTP/1.1" 200 5665
186.79.229.249 - - [08/Aug/2016:16:55:49 -0300] "GET /cormun/static/about:blank HTTP/1.1" 404 1011
186.79.229.249 - - [08/Aug/2016:16:55:49 -0300] "GET /cormun/servlet/solicitudotadjuntos?INS,2016,2439,,1, HTTP/1.1" 200 5659
186.79.229.249 - - [08/Aug/2016:16:55:51 -0300] "GET /cormun/servlet/solicitudotadjuntos?cae2d80dcc00757c2e4aa12b569307c4560996ff5e0e0a7411931df5817b533aaf0fa8ca328d7013adfa3a614ab97fee,gx-no-cache=1470682576518 HTTP/1.1" 200 30
186.67.172.234 - - [08/Aug/2016:16:55:53 -0300] "GET /cormun/servlet/solicitudotadjuntos?DLT,2016,2452,CERTIF2,0, HTTP/1.1" 200 5764
186.67.172.234 - - [08/Aug/2016:16:55:53 -0300] "GET /cormun/servlet/solicitudotadjuntos?DLT,2016,2452,CERTIF2,0, HTTP/1.1" 200 5758
186.79.229.249 - - [08/Aug/2016:16:55:53 -0300] "POST /cormun/servlet/solicitudotadjuntos?e09b0c326d9e9fa9abac238f732ab869,INS,2016,2439,,1,,gx-no-cache=1470682579159 HTTP/1.1" 200 3514
186.67.172.234 - - [08/Aug/2016:16:55:53 -0300] "GET /cormun/PublicTempStorage/c_estudios4675203.pdf HTTP/1.1" 200 61443
186.67.172.234 - - [08/Aug/2016:16:55:58 -0300] "POST /cormun/servlet/solicitudotadjuntos?0d907c4ae8721d32e0e41113fe308f3a,DLT,2016,2452,CERTIF2,0,,gx-no-cache=1470686187921 HTTP/1.1" 200 93
186.67.172.234 - - [08/Aug/2016:16:55:58 -0300] "GET /cormun/servlet/hpexe_return? HTTP/1.1" 200 1034
186.79.229.249 - - [08/Aug/2016:16:55:58 -0300] "POST /cormun/servlet/solicitudotadjuntos?gx-no-cache=1470682584712 HTTP/1.1" 200 26
186.67.172.234 - - [08/Aug/2016:16:55:58 -0300] "GET /cormun/servlet/trsolicitudadjuntos?2016,2452, HTTP/1.1" 200 7566
186.67.172.234 - - [08/Aug/2016:16:55:59 -0300] "GET /cormun/servlet/trsolicitudadjuntos?2016,2452, HTTP/1.1" 200 7561
186.67.172.234 - - [08/Aug/2016:16:56:02 -0300] "GET /cormun/servlet/solicitudotadjuntos?DLT,2016,2452,CARNET,0, HTTP/1.1" 200 5762
186.67.172.234 - - [08/Aug/2016:16:56:02 -0300] "GET /cormun/PublicTempStorage/c_identidad9430775.pdf HTTP/1.1" 200 87659
186.67.172.234 - - [08/Aug/2016:16:56:02 -0300] "GET /cormun/servlet/solicitudotadjuntos?DLT,2016,2452,CARNET,0, HTTP/1.1" 200 5755
186.67.172.234 - - [08/Aug/2016:16:56:04 -0300] "POST /cormun/servlet/solicitudotadjuntos?0d907c4ae8721d32e0e41113fe308f3a,DLT,2016,2452,CARNET,0,,gx-no-cache=1470686194478 HTTP/1.1" 200 93
186.67.172.234 - - [08/Aug/2016:16:56:04 -0300] "GET /cormun/servlet/hpexe_return? HTTP/1.1" 200 1033
186.67.172.234 - - [08/Aug/2016:16:56:04 -0300] "GET /cormun/servlet/trsolicitudadjuntos?2016,2452, HTTP/1.1" 200 5696
186.79.229.249 - - [08/Aug/2016:16:56:04 -0300] "GET /cormun/servlet/solicitudotadjuntos?cae2d80dcc00757c2e4aa12b569307c46db948e617ddd634ef40d88cc1e52420,gx-no-cache=1470682590971 HTTP/1.1" 200 30
186.67.172.234 - - [08/Aug/2016:16:56:05 -0300] "GET /cormun/servlet/trsolicitudadjuntos?2016,2452, HTTP/1.1" 200 5693
186.79.229.249 - - [08/Aug/2016:16:56:07 -0300] "GET /cormun/servlet/solicitudotadjuntos?cae2d80dcc00757c2e4aa12b569307c46db948e617ddd634ef40d88cc1e52420,gx-no-cache=1470682594070 HTTP/1.1" 200 30
186.67.172.234 - - [08/Aug/2016:16:56:14 -0300] "GET /cormun/servlet/trsolicitudot? HTTP/1.1" 200 7892
186.67.172.234 - - [08/Aug/2016:16:56:15 -0300] "GET /cormun/servlet/trsolicitudot? HTTP/1.1" 200 7887
186.67.172.234 - - [08/Aug/2016:16:56:21 -0300] "POST /cormun/servlet/trsolicitudot?0d907c4ae8721d32e0e41113fe308f3a,,gx-no-cache=1470686211209 HTTP/1.1" 200 106
186.67.172.234 - - [08/Aug/2016:16:56:21 -0300] "GET /cormun/servlet/trsolicitudadjuntos?2016,2452, HTTP/1.1" 200 5693
186.67.172.234 - - [08/Aug/2016:16:56:21 -0300] "GET /cormun/servlet/trsolicitudadjuntos?2016,2452, HTTP/1.1" 200 5693
186.67.172.234 - - [08/Aug/2016:16:56:27 -0300] "GET /cormun/servlet/solicitudotadjuntos?INS,2016,2452,,1, HTTP/1.1" 200 5784
186.67.172.234 - - [08/Aug/2016:16:56:27 -0300] "GET /cormun/static/about:blank HTTP/1.1" 404 1011
186.67.172.234 - - [08/Aug/2016:16:56:27 -0300] "GET /cormun/servlet/solicitudotadjuntos?INS,2016,2452,,1, HTTP/1.1" 200 5778
186.67.172.234 - - [08/Aug/2016:16:56:27 -0300] "GET /cormun/servlet/solicitudotadjuntos?28fed6dac6be4754b3da3b8e274cb14459734583002ffa66aff3b519ee5f7b2efdeb9f8fcf3efe8868f63c3edf5d1ed0,gx-no-cache=1470686217662 HTTP/1.1" 200 30
186.67.172.234 - - [08/Aug/2016:16:56:27 -0300] "POST /cormun/servlet/solicitudotadjuntos?0d907c4ae8721d32e0e41113fe308f3a,INS,2016,2452,,1,,gx-no-cache=1470686217695 HTTP/1.1" 200 3545
186.67.172.234 - - [08/Aug/2016:16:56:45 -0300] "POST /cormun/servlet/solicitudotadjuntos?gx-no-cache=1470686234841 HTTP/1.1" 200 26
186.79.229.249 - - [08/Aug/2016:16:56:46 -0300] "POST /cormun/servlet/solicitudotadjuntos?e09b0c326d9e9fa9abac238f732ab869,INS,2016,2439,,1, HTTP/1.1" 200 116
186.79.229.249 - - [08/Aug/2016:16:56:47 -0300] "GET /cormun/servlet/hpexe_return? HTTP/1.1" 200 1029
186.79.229.249 - - [08/Aug/2016:16:56:50 -0300] "GET /cormun/servlet/trsolicitudadjuntos?2016,2439, HTTP/1.1" 200 8172
186.79.229.249 - - [08/Aug/2016:16:56:51 -0300] "GET /cormun/servlet/trsolicitudadjuntos?2016,2439, HTTP/1.1" 200 8172
186.79.229.249 - - [08/Aug/2016:16:57:20 -0300] "GET /cormun/servlet/hlogin HTTP/1.1" 200 1722
186.79.229.249 - - [08/Aug/2016:16:57:20 -0300] "GET /cormun/static/gxcfg.js?201632119342969 HTTP/1.1" 304 -
186.79.229.249 - - [08/Aug/2016:16:57:20 -0300] "GET /cormun/static/messages.spa.js?85251 HTTP/1.1" 304 -
186.79.229.249 - - [08/Aug/2016:16:57:21 -0300] "GET /cormun/servlet/hlogin HTTP/1.1" 200 1732
186.79.229.249 - - [08/Aug/2016:16:57:24 -0300] "POST /cormun/servlet/hlogin?8f8e67d04722feae97fbcef8b7617493,gx-no-cache=1470686273827 HTTP/1.1" 200 90
186.79.229.249 - - [08/Aug/2016:16:57:25 -0300] "POST /cormun/servlet/trsolicitudadjuntos?e09b0c326d9e9fa9abac238f732ab869,2016,2439,,gx-no-cache=1470682670862 HTTP/1.1" 200 90
186.79.229.249 - - [08/Aug/2016:16:57:25 -0300] "GET /cormun/servlet/hpexe_link HTTP/1.1" 200 970
186.79.229.249 - - [08/Aug/2016:16:57:26 -0300] "GET /cormun/servlet/hpexe_link HTTP/1.1" 200 951
186.79.229.249 - - [08/Aug/2016:16:57:26 -0300] "GET /cormun/servlet/trsolicitudot HTTP/1.1" 200 7779
186.79.229.249 - - [08/Aug/2016:16:57:26 -0300] "GET /cormun/static/gxcfg.js?20151120044395 HTTP/1.1" 304 -
186.79.229.249 - - [08/Aug/2016:16:57:26 -0300] "GET /cormun/servlet/hhome HTTP/1.1" 200 3711
186.79.229.249 - - [08/Aug/2016:16:57:27 -0300] "GET /cormun/servlet/trsolicitudot HTTP/1.1" 200 7778
186.79.229.249 - - [08/Aug/2016:16:57:27 -0300] "GET /cormun/static/gxcfg.js?2015112210564248 HTTP/1.1" 304 -
186.79.229.249 - - [08/Aug/2016:16:57:28 -0300] "GET /cormun/servlet/hhome HTTP/1.1" 200 3708
186.79.229.249 - - [08/Aug/2016:16:57:31 -0300] "GET /cormun/servlet/trautorizarsolicitud? HTTP/1.1" 200 7769
186.79.229.249 - - [08/Aug/2016:16:57:32 -0300] "GET /cormun/static/gxui/gxui-all.css?110300 HTTP/1.1" 304 -
186.79.229.249 - - [08/Aug/2016:16:57:33 -0300] "GET /cormun/static/gxcfg.js?201651622221839 HTTP/1.1" 304 -
186.79.229.249 - - [08/Aug/2016:16:57:35 -0300] "GET /cormun/servlet/trautorizarsolicitud? HTTP/1.1" 200 7767
186.79.229.249 - - [08/Aug/2016:16:57:39 -0300] "POST /cormun/servlet/trsolicitudot?e09b0c326d9e9fa9abac238f732ab869,gx-no-cache=1470682685515 HTTP/1.1" 200 3897
186.79.229.249 - - [08/Aug/2016:16:57:39 -0300] "GET /cormun/static/Shared/jqueryui/images/ui-bg_flat_55_fafafa_40x100.png HTTP/1.1" 404 1097
186.79.229.249 - - [08/Aug/2016:16:57:40 -0300] "POST /cormun/servlet/trsolicitudot?e09b0c326d9e9fa9abac238f732ab869,gx-no-cache=1470682686205 HTTP/1.1" 200 3755
186.79.229.249 - - [08/Aug/2016:16:57:40 -0300] "GET /cormun/static/Shared/jqueryui/images/ui-icons_8d78a5_256x240.png HTTP/1.1" 404 1089
186.67.172.234 - - [08/Aug/2016:16:57:41 -0300] "GET /cormun/servlet/solicitudotadjuntos?28fed6dac6be4754b3da3b8e274cb144e402fa4d4d93423e2815cfe62ac693c1,gx-no-cache=1470686290888 HTTP/1.1" 200 30
186.67.172.234 - - [08/Aug/2016:16:57:41 -0300] "GET /cormun/servlet/solicitudotadjuntos?28fed6dac6be4754b3da3b8e274cb144e402fa4d4d93423e2815cfe62ac693c1,gx-no-cache=1470686290994 HTTP/1.1" 200 30
186.67.172.234 - - [08/Aug/2016:16:57:41 -0300] "POST /cormun/servlet/solicitudotadjuntos?0d907c4ae8721d32e0e41113fe308f3a,INS,2016,2452,,1, HTTP/1.1" 200 116
186.67.172.234 - - [08/Aug/2016:16:57:41 -0300] "GET /cormun/servlet/hpexe_return? HTTP/1.1" 200 1028
186.67.172.234 - - [08/Aug/2016:16:57:41 -0300] "GET /cormun/servlet/trsolicitudadjuntos?2016,2452, HTTP/1.1" 200 7566
186.67.172.234 - - [08/Aug/2016:16:57:42 -0300] "GET /cormun/servlet/trsolicitudadjuntos?2016,2452, HTTP/1.1" 200 7563
186.67.172.234 - - [08/Aug/2016:16:57:44 -0300] "GET /cormun/servlet/solicitudotadjuntos?INS,2016,2452,,1, HTTP/1.1" 200 5783
186.67.172.234 - - [08/Aug/2016:16:57:44 -0300] "GET /cormun/static/about:blank HTTP/1.1" 404 1011
186.67.172.234 - - [08/Aug/2016:16:57:44 -0300] "GET /cormun/servlet/solicitudotadjuntos?INS,2016,2452,,1, HTTP/1.1" 200 5777
186.67.172.234 - - [08/Aug/2016:16:57:45 -0300] "GET /cormun/servlet/solicitudotadjuntos?28fed6dac6be4754b3da3b8e274cb14459734583002ffa66aff3b519ee5f7b2efdeb9f8fcf3efe8868f63c3edf5d1ed0,gx-no-cache=1470686295114 HTTP/1.1" 200 30
186.67.172.234 - - [08/Aug/2016:16:57:45 -0300] "POST /cormun/servlet/solicitudotadjuntos?0d907c4ae8721d32e0e41113fe308f3a,INS,2016,2452,,1,,gx-no-cache=1470686295158 HTTP/1.1" 200 3544
186.67.172.234 - - [08/Aug/2016:16:57:48 -0300] "POST /cormun/servlet/solicitudotadjuntos?gx-no-cache=1470686298495 HTTP/1.1" 200 26
186.79.229.249 - - [08/Aug/2016:16:57:50 -0300] "POST /cormun/servlet/trautorizarsolicitud?8f8e67d04722feae97fbcef8b7617493,,gx-no-cache=1470686300206 HTTP/1.1" 200 107
186.79.229.249 - - [08/Aug/2016:16:57:52 -0300] "GET /cormun/servlet/trsolicitudadjuntos?2016,2438, HTTP/1.1" 200 5596
186.79.229.249 - - [08/Aug/2016:16:57:53 -0300] "GET /cormun/servlet/trsolicitudadjuntos?2016,2438, HTTP/1.1" 200 5596
186.67.172.234 - - [08/Aug/2016:16:57:54 -0300] "GET /cormun/servlet/solicitudotadjuntos?28fed6dac6be4754b3da3b8e274cb144e402fa4d4d93423e2815cfe62ac693c1,gx-no-cache=1470686304033 HTTP/1.1" 200 30
186.67.172.234 - - [08/Aug/2016:16:57:54 -0300] "GET /cormun/servlet/solicitudotadjuntos?28fed6dac6be4754b3da3b8e274cb144e402fa4d4d93423e2815cfe62ac693c1,gx-no-cache=1470686304053 HTTP/1.1" 200 30
186.67.172.234 - - [08/Aug/2016:16:57:54 -0300] "POST /cormun/servlet/solicitudotadjuntos?0d907c4ae8721d32e0e41113fe308f3a,INS,2016,2452,,1, HTTP/1.1" 200 116
186.67.172.234 - - [08/Aug/2016:16:57:54 -0300] "GET /cormun/servlet/hpexe_return? HTTP/1.1" 200 1028
186.67.172.234 - - [08/Aug/2016:16:57:55 -0300] "GET /cormun/servlet/trsolicitudadjuntos?2016,2452, HTTP/1.1" 200 7743
186.67.172.234 - - [08/Aug/2016:16:57:55 -0300] "GET /cormun/servlet/trsolicitudadjuntos?2016,2452, HTTP/1.1" 200 7746
186.67.172.234 - - [08/Aug/2016:16:57:57 -0300] "GET /cormun/servlet/solicitudotadjuntos?INS,2016,2452,,1, HTTP/1.1" 200 5785
186.67.172.234 - - [08/Aug/2016:16:57:57 -0300] "GET /cormun/static/about:blank HTTP/1.1" 404 1011
186.67.172.234 - - [08/Aug/2016:16:57:58 -0300] "GET /cormun/servlet/solicitudotadjuntos?INS,2016,2452,,1, HTTP/1.1" 200 5779
186.67.172.234 - - [08/Aug/2016:16:57:58 -0300] "GET /cormun/servlet/solicitudotadjuntos?28fed6dac6be4754b3da3b8e274cb14459734583002ffa66aff3b519ee5f7b2efdeb9f8fcf3efe8868f63c3edf5d1ed0,gx-no-cache=1470686308378 HTTP/1.1" 200 30
186.67.172.234 - - [08/Aug/2016:16:57:58 -0300] "POST /cormun/servlet/solicitudotadjuntos?0d907c4ae8721d32e0e41113fe308f3a,INS,2016,2452,,1,,gx-no-cache=1470686308400 HTTP/1.1" 200 3546
186.67.172.234 - - [08/Aug/2016:16:58:01 -0300] "POST /cormun/servlet/solicitudotadjuntos?gx-no-cache=1470686311709 HTTP/1.1" 200 26
186.79.229.249 - - [08/Aug/2016:16:58:02 -0300] "GET /cormun/servlet/trautorizarsolicitud? HTTP/1.1" 200 8139
186.79.229.249 - - [08/Aug/2016:16:58:04 -0300] "GET /cormun/servlet/trautorizarsolicitud? HTTP/1.1" 200 8133
186.67.172.234 - - [08/Aug/2016:16:58:10 -0300] "GET /cormun/servlet/solicitudotadjuntos?28fed6dac6be4754b3da3b8e274cb144e402fa4d4d93423e2815cfe62ac693c1,gx-no-cache=1470686320344 HTTP/1.1" 200 30
186.67.172.234 - - [08/Aug/2016:16:58:10 -0300] "GET /cormun/servlet/solicitudotadjuntos?28fed6dac6be4754b3da3b8e274cb144e402fa4d4d93423e2815cfe62ac693c1,gx-no-cache=1470686320364 HTTP/1.1" 200 30
186.67.172.234 - - [08/Aug/2016:16:58:10 -0300] "POST /cormun/servlet/solicitudotadjuntos?0d907c4ae8721d32e0e41113fe308f3a,INS,2016,2452,,1, HTTP/1.1" 200 116
186.67.172.234 - - [08/Aug/2016:16:58:10 -0300] "GET /cormun/servlet/hpexe_return? HTTP/1.1" 200 1028
186.67.172.234 - - [08/Aug/2016:16:58:10 -0300] "GET /cormun/servlet/trsolicitudadjuntos?2016,2452, HTTP/1.1" 200 7878
186.67.172.234 - - [08/Aug/2016:16:58:11 -0300] "GET /cormun/servlet/trsolicitudadjuntos?2016,2452, HTTP/1.1" 200 7877
186.67.172.234 - - [08/Aug/2016:16:58:13 -0300] "GET /cormun/servlet/solicitudotadjuntos?INS,2016,2452,,1, HTTP/1.1" 200 5785
186.67.172.234 - - [08/Aug/2016:16:58:14 -0300] "GET /cormun/static/about:blank HTTP/1.1" 404 1011
186.67.172.234 - - [08/Aug/2016:16:58:14 -0300] "GET /cormun/servlet/solicitudotadjuntos?INS,2016,2452,,1, HTTP/1.1" 200 5779
186.67.172.234 - - [08/Aug/2016:16:58:14 -0300] "GET /cormun/servlet/solicitudotadjuntos?28fed6dac6be4754b3da3b8e274cb14459734583002ffa66aff3b519ee5f7b2efdeb9f8fcf3efe8868f63c3edf5d1ed0,gx-no-cache=1470686324456 HTTP/1.1" 200 30
186.67.172.234 - - [08/Aug/2016:16:58:14 -0300] "POST /cormun/servlet/solicitudotadjuntos?0d907c4ae8721d32e0e41113fe308f3a,INS,2016,2452,,1,,gx-no-cache=1470686324487 HTTP/1.1" 200 3546
186.79.229.249 - - [08/Aug/2016:16:58:19 -0300] "POST /cormun/servlet/trautorizarsolicitud?8f8e67d04722feae97fbcef8b7617493,,gx-no-cache=1470686326187 HTTP/1.1" 200 5146
186.79.229.249 - - [08/Aug/2016:16:58:19 -0300] "GET /cormun/static/Shared/jqueryui/images/ui-bg_highlight-soft_100_c6c2c8_1x100.png HTTP/1.1" 404 1117
186.79.229.249 - - [08/Aug/2016:16:58:19 -0300] "GET /cormun/static/Shared/jqueryui/images/ui-icons_8d78a5_256x240.png HTTP/1.1" 404 1089
186.79.229.249 - - [08/Aug/2016:16:58:19 -0300] "GET /cormun/static/Shared/jqueryui/images/ui-bg_flat_55_fafafa_40x100.png HTTP/1.1" 404 1097
186.67.172.234 - - [08/Aug/2016:16:58:20 -0300] "POST /cormun/servlet/solicitudotadjuntos?gx-no-cache=1470686329869 HTTP/1.1" 200 26
186.79.229.249 - - [08/Aug/2016:16:58:20 -0300] "POST /cormun/servlet/trautorizarsolicitud?8f8e67d04722feae97fbcef8b7617493,,gx-no-cache=1470686329691 HTTP/1.1" 200 5089
186.79.229.249 - - [08/Aug/2016:16:58:22 -0300] "GET /cormun/static/Shared/jqueryui/images/ui-icons_82798d_256x240.png HTTP/1.1" 404 1089
186.67.172.234 - - [08/Aug/2016:16:58:25 -0300] "GET /cormun/servlet/solicitudotadjuntos?28fed6dac6be4754b3da3b8e274cb144e402fa4d4d93423e2815cfe62ac693c1,gx-no-cache=1470686335169 HTTP/1.1" 200 30
186.67.172.234 - - [08/Aug/2016:16:58:25 -0300] "GET /cormun/servlet/solicitudotadjuntos?28fed6dac6be4754b3da3b8e274cb144e402fa4d4d93423e2815cfe62ac693c1,gx-no-cache=1470686335186 HTTP/1.1" 200 30
