186.78.46.62 - - [08/Aug/2016:16:37:56 -0300] "POST /cormun/servlet/solicitudot?gx-no-cache=1470685105392 HTTP/1.1" 200 30
186.78.46.62 - - [08/Aug/2016:16:37:56 -0300] "POST /cormun/servlet/solicitudot?gx-no-cache=1470685105673 HTTP/1.1" 200 1185
186.78.46.62 - - [08/Aug/2016:16:37:56 -0300] "GET /cormun/servlet/solicitudot?41cebe561e7df873eceffde87504a44c53e8d9019077535c88bbeab7d17d46cc78302e73b2493e803cdf95a0fb998d876e19ce4930c54e7a7927ac0911722f8979d48b46c730f03c896729733e2573d2e58a6581459d7aac5fb5788223834d16e3c4abe92f35f4c2de210519948bedd6ebbeb67ca28a95f4f7f449ae497289bcfa523a09e66a868a385a331c7c83efd206c3c6005cf33896a96fe5cfb976c8b2,gx-no-cache=1470685105907 HTTP/1.1" 200 41
186.78.46.62 - - [08/Aug/2016:16:37:56 -0300] "POST /cormun/servlet/solicitudot?gx-no-cache=1470685106001 HTTP/1.1" 200 1143
186.78.46.62 - - [08/Aug/2016:16:37:56 -0300] "GET /cormun/servlet/solicitudot?41cebe561e7df873eceffde87504a44c6a91c2cded0ecfb0e951fc06df120ce332482c28d868e94d027afb2d2fa4622378bcec6b836a735256b1f2a81f1af39894d226e5d2c5866c0e20c9117e5328958c7753226af8667f2dbf55a8fb70c8599b3016d969ea814e0e257198b8e9269678232c1b99f9c4c63d0d881ffe930fe0d282199a22ab799a3f29888c17c7f610b23781e4e8286d26bc1ba12a5d946ab2c88e2543fe089ce35f0b29b7d5e033cb,gx-no-cache=1470685106172 HTTP/1.1" 200 30
186.78.46.62 - - [08/Aug/2016:16:37:57 -0300] "POST /cormun/servlet/solicitudot?b7b51ed8813077df6c26fdfab3a51789,INS,0,0,,gx-no-cache=1470685106266 HTTP/1.1" 200 93
186.78.46.62 - - [08/Aug/2016:16:37:57 -0300] "GET /cormun/servlet/hpexe_return? HTTP/1.1" 200 1005
186.78.46.62 - - [08/Aug/2016:16:37:57 -0300] "GET /cormun/servlet/trsolicitudot HTTP/1.1" 200 6556
186.78.46.62 - - [08/Aug/2016:16:37:57 -0300] "GET /cormun/servlet/trsolicitudot HTTP/1.1" 200 6552
186.78.46.62 - - [08/Aug/2016:16:38:05 -0300] "GET /cormun/servlet/trsolicitudot? HTTP/1.1" 200 6552
186.78.46.62 - - [08/Aug/2016:16:38:06 -0300] "GET /cormun/servlet/trsolicitudot? HTTP/1.1" 200 6552
186.78.46.62 - - [08/Aug/2016:16:38:22 -0300] "GET /cormun/servlet/solicitudot?INS,0,0, HTTP/1.1" 200 12009
186.78.46.62 - - [08/Aug/2016:16:38:22 -0300] "GET /cormun/servlet/solicitudot?INS,0,0, HTTP/1.1" 200 12014
186.78.46.62 - - [08/Aug/2016:16:38:31 -0300] "POST /cormun/servlet/solicitudot?gx-no-cache=1470685141039 HTTP/1.1" 200 2998
186.78.46.62 - - [08/Aug/2016:16:38:32 -0300] "POST /cormun/servlet/solicitudot?b7b51ed8813077df6c26fdfab3a51789,INS,0,0,,gx-no-cache=1470685141440 HTTP/1.1" 200 8795
186.78.46.62 - - [08/Aug/2016:16:38:35 -0300] "GET /cormun/servlet/solicitudot?41cebe561e7df873eceffde87504a44c48ff26377dc697805961fd32eecc881d2b01115038ffacc03ac5895ca16730e9,gx-no-cache=1470685144841 HTTP/1.1" 200 30
186.78.46.62 - - [08/Aug/2016:16:38:35 -0300] "POST /cormun/servlet/solicitudot?gx-no-cache=1470685144935 HTTP/1.1" 200 30
186.67.172.234 - - [08/Aug/2016:16:38:37 -0300] "POST /cormun/servlet/solicitudotadjuntos?gx-no-cache=1470685147741 HTTP/1.1" 200 26
186.78.46.62 - - [08/Aug/2016:16:38:37 -0300] "POST /cormun/servlet/solicitudot?gx-no-cache=1470685147446 HTTP/1.1" 200 30
186.78.46.62 - - [08/Aug/2016:16:38:39 -0300] "POST /cormun/servlet/solicitudot?gx-no-cache=1470685149256 HTTP/1.1" 200 1185
186.78.46.62 - - [08/Aug/2016:16:38:39 -0300] "GET /cormun/servlet/solicitudot?41cebe561e7df873eceffde87504a44c53e8d9019077535c88bbeab7d17d46cc78302e73b2493e803cdf95a0fb998d876e19ce4930c54e7a7927ac0911722f8979d48b46c730f03c896729733e2573d2e58a6581459d7aac5fb5788223834d16e3c4abe92f35f4c2de210519948bedd6ebbeb67ca28a95f4f7f449ae497289bc1d055ebf112fd7b94064ce73e912ab54,gx-no-cache=1470685149381 HTTP/1.1" 200 38
186.78.46.62 - - [08/Aug/2016:16:38:45 -0300] "GET /cormun/servlet/solicitudot?41cebe561e7df873eceffde87504a44c403889a1b39bdc05917566d6e8ee29d2435d1cddf05135fd509f87fc0cb8a50a909389672b1d6b1d46b5c3a72acaf28029e352b294bb9e5833512be8fa73c76cd54ed7d3458620df4c0e14ec4472f65cb46b821a16055693c340995f104de6b9,gx-no-cache=1470685154716 HTTP/1.1" 200 29
186.78.46.62 - - [08/Aug/2016:16:38:45 -0300] "POST /cormun/servlet/solicitudot?gx-no-cache=1470685154794 HTTP/1.1" 200 1143
186.67.172.234 - - [08/Aug/2016:16:38:50 -0300] "GET /cormun/servlet/solicitudotadjuntos?28fed6dac6be4754b3da3b8e274cb144e402fa4d4d93423e2815cfe62ac693c1,gx-no-cache=1470685160470 HTTP/1.1" 200 30
186.67.172.234 - - [08/Aug/2016:16:38:50 -0300] "GET /cormun/servlet/solicitudotadjuntos?28fed6dac6be4754b3da3b8e274cb144e402fa4d4d93423e2815cfe62ac693c1,gx-no-cache=1470685160485 HTTP/1.1" 200 30
186.67.172.234 - - [08/Aug/2016:16:38:51 -0300] "POST /cormun/servlet/solicitudotadjuntos?0d907c4ae8721d32e0e41113fe308f3a,INS,2016,2446,,1, HTTP/1.1" 200 116
186.67.172.234 - - [08/Aug/2016:16:38:51 -0300] "GET /cormun/servlet/hpexe_return? HTTP/1.1" 200 1028
186.67.172.234 - - [08/Aug/2016:16:38:51 -0300] "GET /cormun/servlet/trsolicitudadjuntos?2016,2446, HTTP/1.1" 200 7564
186.67.172.234 - - [08/Aug/2016:16:38:52 -0300] "GET /cormun/servlet/trsolicitudadjuntos?2016,2446, HTTP/1.1" 200 7561
186.67.172.234 - - [08/Aug/2016:16:38:54 -0300] "GET /cormun/servlet/solicitudotadjuntos?INS,2016,2446,,1, HTTP/1.1" 200 5783
186.67.172.234 - - [08/Aug/2016:16:38:54 -0300] "GET /cormun/static/about:blank HTTP/1.1" 404 1011
186.67.172.234 - - [08/Aug/2016:16:38:55 -0300] "GET /cormun/servlet/solicitudotadjuntos?INS,2016,2446,,1, HTTP/1.1" 200 5777
186.67.172.234 - - [08/Aug/2016:16:38:55 -0300] "GET /cormun/servlet/solicitudotadjuntos?28fed6dac6be4754b3da3b8e274cb144208cd82307ce8518caffe984374d50a0fdeb9f8fcf3efe8868f63c3edf5d1ed0,gx-no-cache=1470685165433 HTTP/1.1" 200 30
186.67.172.234 - - [08/Aug/2016:16:38:55 -0300] "POST /cormun/servlet/solicitudotadjuntos?0d907c4ae8721d32e0e41113fe308f3a,INS,2016,2446,,1,,gx-no-cache=1470685165473 HTTP/1.1" 200 3544
186.67.172.234 - - [08/Aug/2016:16:38:57 -0300] "POST /cormun/servlet/solicitudotadjuntos?gx-no-cache=1470685167448 HTTP/1.1" 200 26
186.67.172.234 - - [08/Aug/2016:16:39:04 -0300] "GET /cormun/servlet/solicitudotadjuntos?28fed6dac6be4754b3da3b8e274cb144e402fa4d4d93423e2815cfe62ac693c1,gx-no-cache=1470685174608 HTTP/1.1" 200 30
186.67.172.234 - - [08/Aug/2016:16:39:04 -0300] "GET /cormun/servlet/solicitudotadjuntos?28fed6dac6be4754b3da3b8e274cb144e402fa4d4d93423e2815cfe62ac693c1,gx-no-cache=1470685174652 HTTP/1.1" 200 30
186.67.172.234 - - [08/Aug/2016:16:39:05 -0300] "POST /cormun/servlet/solicitudotadjuntos?0d907c4ae8721d32e0e41113fe308f3a,INS,2016,2446,,1, HTTP/1.1" 200 116
186.67.172.234 - - [08/Aug/2016:16:39:05 -0300] "GET /cormun/servlet/hpexe_return? HTTP/1.1" 200 1028
186.67.172.234 - - [08/Aug/2016:16:39:05 -0300] "GET /cormun/servlet/trsolicitudadjuntos?2016,2446, HTTP/1.1" 200 7744
186.67.172.234 - - [08/Aug/2016:16:39:05 -0300] "GET /cormun/servlet/trsolicitudadjuntos?2016,2446, HTTP/1.1" 200 7745
186.67.172.234 - - [08/Aug/2016:16:39:09 -0300] "GET /cormun/servlet/solicitudotadjuntos?INS,2016,2446,,1, HTTP/1.1" 200 5783
186.67.172.234 - - [08/Aug/2016:16:39:09 -0300] "GET /cormun/static/about:blank HTTP/1.1" 404 1011
186.67.172.234 - - [08/Aug/2016:16:39:10 -0300] "GET /cormun/servlet/solicitudotadjuntos?INS,2016,2446,,1, HTTP/1.1" 200 5777
186.67.172.234 - - [08/Aug/2016:16:39:10 -0300] "GET /cormun/servlet/solicitudotadjuntos?28fed6dac6be4754b3da3b8e274cb144208cd82307ce8518caffe984374d50a0fdeb9f8fcf3efe8868f63c3edf5d1ed0,gx-no-cache=1470685180385 HTTP/1.1" 200 30
186.67.172.234 - - [08/Aug/2016:16:39:10 -0300] "POST /cormun/servlet/solicitudotadjuntos?0d907c4ae8721d32e0e41113fe308f3a,INS,2016,2446,,1,,gx-no-cache=1470685180431 HTTP/1.1" 200 3544
186.67.172.234 - - [08/Aug/2016:16:39:15 -0300] "POST /cormun/servlet/solicitudotadjuntos?gx-no-cache=1470685185500 HTTP/1.1" 200 26
186.78.46.62 - - [08/Aug/2016:16:39:20 -0300] "GET /cormun/servlet/solicitudot?41cebe561e7df873eceffde87504a44c6a91c2cded0ecfb0e951fc06df120ce332482c28d868e94d027afb2d2fa4622378bcec6b836a735256b1f2a81f1af39894d226e5d2c5866c0e20c9117e5328958c7753226af8667f2dbf55a8fb70c8599b3016d969ea814e0e257198b8e9269678232c1b99f9c4c63d0d881ffe930fe0d282199a22ab799a3f29888c17c7f610b23781e4e8286d26bc1ba12a5d946ab2c88e2543fe089ce35f0b29b7d5e033cb,gx-no-cache=1470685189691 HTTP/1.1" 200 30
186.67.172.234 - - [08/Aug/2016:16:39:21 -0300] "GET /cormun/servlet/solicitudotadjuntos?28fed6dac6be4754b3da3b8e274cb144e402fa4d4d93423e2815cfe62ac693c1,gx-no-cache=1470685191549 HTTP/1.1" 200 30
186.67.172.234 - - [08/Aug/2016:16:39:21 -0300] "GET /cormun/servlet/solicitudotadjuntos?28fed6dac6be4754b3da3b8e274cb144e402fa4d4d93423e2815cfe62ac693c1,gx-no-cache=1470685191589 HTTP/1.1" 200 30
186.67.172.234 - - [08/Aug/2016:16:39:21 -0300] "POST /cormun/servlet/solicitudotadjuntos?0d907c4ae8721d32e0e41113fe308f3a,INS,2016,2446,,1, HTTP/1.1" 200 116
186.67.172.234 - - [08/Aug/2016:16:39:21 -0300] "GET /cormun/servlet/hpexe_return? HTTP/1.1" 200 1028
186.67.172.234 - - [08/Aug/2016:16:39:22 -0300] "GET /cormun/servlet/trsolicitudadjuntos?2016,2446, HTTP/1.1" 200 7878
186.67.172.234 - - [08/Aug/2016:16:39:22 -0300] "GET /cormun/servlet/trsolicitudadjuntos?2016,2446, HTTP/1.1" 200 7876
186.67.172.234 - - [08/Aug/2016:16:39:25 -0300] "GET /cormun/servlet/solicitudotadjuntos?INS,2016,2446,,1, HTTP/1.1" 200 5783
186.67.172.234 - - [08/Aug/2016:16:39:25 -0300] "GET /cormun/static/about:blank HTTP/1.1" 404 1011
186.67.172.234 - - [08/Aug/2016:16:39:25 -0300] "GET /cormun/servlet/solicitudotadjuntos?INS,2016,2446,,1, HTTP/1.1" 200 5777
186.67.172.234 - - [08/Aug/2016:16:39:25 -0300] "GET /cormun/servlet/solicitudotadjuntos?28fed6dac6be4754b3da3b8e274cb144208cd82307ce8518caffe984374d50a0fdeb9f8fcf3efe8868f63c3edf5d1ed0,gx-no-cache=1470685195807 HTTP/1.1" 200 30
186.67.172.234 - - [08/Aug/2016:16:39:26 -0300] "POST /cormun/servlet/solicitudotadjuntos?0d907c4ae8721d32e0e41113fe308f3a,INS,2016,2446,,1,,gx-no-cache=1470685195842 HTTP/1.1" 200 3544
186.67.172.234 - - [08/Aug/2016:16:39:29 -0300] "POST /cormun/servlet/solicitudotadjuntos?gx-no-cache=1470685199738 HTTP/1.1" 200 26
186.67.172.234 - - [08/Aug/2016:16:39:35 -0300] "GET /cormun/servlet/solicitudotadjuntos?28fed6dac6be4754b3da3b8e274cb144e402fa4d4d93423e2815cfe62ac693c1,gx-no-cache=1470685204846 HTTP/1.1" 200 30
186.67.172.234 - - [08/Aug/2016:16:39:35 -0300] "GET /cormun/servlet/solicitudotadjuntos?28fed6dac6be4754b3da3b8e274cb144e402fa4d4d93423e2815cfe62ac693c1,gx-no-cache=1470685204883 HTTP/1.1" 200 30
186.67.172.234 - - [08/Aug/2016:16:39:35 -0300] "POST /cormun/servlet/solicitudotadjuntos?0d907c4ae8721d32e0e41113fe308f3a,INS,2016,2446,,1, HTTP/1.1" 200 116
186.67.172.234 - - [08/Aug/2016:16:39:35 -0300] "GET /cormun/servlet/hpexe_return? HTTP/1.1" 200 1028
186.67.172.234 - - [08/Aug/2016:16:39:35 -0300] "GET /cormun/servlet/trsolicitudadjuntos?2016,2446, HTTP/1.1" 200 8003
186.67.172.234 - - [08/Aug/2016:16:39:35 -0300] "GET /cormun/servlet/trsolicitudadjuntos?2016,2446, HTTP/1.1" 200 8001
186.67.172.234 - - [08/Aug/2016:16:39:38 -0300] "GET /cormun/servlet/solicitudotadjuntos?INS,2016,2446,,1, HTTP/1.1" 200 5783
186.67.172.234 - - [08/Aug/2016:16:39:38 -0300] "GET /cormun/static/about:blank HTTP/1.1" 404 1011
186.67.172.234 - - [08/Aug/2016:16:39:39 -0300] "GET /cormun/servlet/solicitudotadjuntos?INS,2016,2446,,1, HTTP/1.1" 200 5777
186.67.172.234 - - [08/Aug/2016:16:39:39 -0300] "GET /cormun/servlet/solicitudotadjuntos?28fed6dac6be4754b3da3b8e274cb144208cd82307ce8518caffe984374d50a0fdeb9f8fcf3efe8868f63c3edf5d1ed0,gx-no-cache=1470685209522 HTTP/1.1" 200 30
186.67.172.234 - - [08/Aug/2016:16:39:39 -0300] "POST /cormun/servlet/solicitudotadjuntos?0d907c4ae8721d32e0e41113fe308f3a,INS,2016,2446,,1,,gx-no-cache=1470685209570 HTTP/1.1" 200 3544
186.67.172.234 - - [08/Aug/2016:16:39:44 -0300] "POST /cormun/servlet/solicitudotadjuntos?gx-no-cache=1470685214257 HTTP/1.1" 200 26
186.78.46.62 - - [08/Aug/2016:16:39:49 -0300] "POST /cormun/servlet/solicitudot?b7b51ed8813077df6c26fdfab3a51789,INS,0,0,,gx-no-cache=1470685218221 HTTP/1.1" 200 93
186.78.46.62 - - [08/Aug/2016:16:39:49 -0300] "GET /cormun/servlet/hpexe_return? HTTP/1.1" 200 1005
186.78.46.62 - - [08/Aug/2016:16:39:49 -0300] "GET /cormun/servlet/trsolicitudot HTTP/1.1" 200 6556
186.67.172.234 - - [08/Aug/2016:16:39:49 -0300] "GET /cormun/servlet/solicitudotadjuntos?28fed6dac6be4754b3da3b8e274cb144e402fa4d4d93423e2815cfe62ac693c1,gx-no-cache=1470685219256 HTTP/1.1" 200 30
186.67.172.234 - - [08/Aug/2016:16:39:49 -0300] "GET /cormun/servlet/solicitudotadjuntos?28fed6dac6be4754b3da3b8e274cb144e402fa4d4d93423e2815cfe62ac693c1,gx-no-cache=1470685219301 HTTP/1.1" 200 30
186.67.172.234 - - [08/Aug/2016:16:39:49 -0300] "POST /cormun/servlet/solicitudotadjuntos?0d907c4ae8721d32e0e41113fe308f3a,INS,2016,2446,,1, HTTP/1.1" 200 116
186.67.172.234 - - [08/Aug/2016:16:39:49 -0300] "GET /cormun/servlet/hpexe_return? HTTP/1.1" 200 1028
186.78.46.62 - - [08/Aug/2016:16:39:49 -0300] "GET /cormun/servlet/trsolicitudot HTTP/1.1" 200 6552
186.67.172.234 - - [08/Aug/2016:16:39:49 -0300] "GET /cormun/servlet/trsolicitudadjuntos?2016,2446, HTTP/1.1" 200 8118
186.67.172.234 - - [08/Aug/2016:16:39:50 -0300] "GET /cormun/servlet/trsolicitudadjuntos?2016,2446, HTTP/1.1" 200 8114
186.67.172.234 - - [08/Aug/2016:16:39:53 -0300] "GET /cormun/servlet/solicitudotadjuntos?INS,2016,2446,,1, HTTP/1.1" 200 5783
186.67.172.234 - - [08/Aug/2016:16:39:53 -0300] "GET /cormun/static/about:blank HTTP/1.1" 404 1011
186.67.172.234 - - [08/Aug/2016:16:39:53 -0300] "GET /cormun/servlet/solicitudotadjuntos?INS,2016,2446,,1, HTTP/1.1" 200 5777
186.67.172.234 - - [08/Aug/2016:16:39:54 -0300] "GET /cormun/servlet/solicitudotadjuntos?28fed6dac6be4754b3da3b8e274cb144208cd82307ce8518caffe984374d50a0fdeb9f8fcf3efe8868f63c3edf5d1ed0,gx-no-cache=1470685223860 HTTP/1.1" 200 30
186.67.172.234 - - [08/Aug/2016:16:39:54 -0300] "POST /cormun/servlet/solicitudotadjuntos?0d907c4ae8721d32e0e41113fe308f3a,INS,2016,2446,,1,,gx-no-cache=1470685223940 HTTP/1.1" 200 3544
186.67.172.234 - - [08/Aug/2016:16:39:56 -0300] "POST /cormun/servlet/solicitudotadjuntos?gx-no-cache=1470685226673 HTTP/1.1" 200 26
186.67.172.234 - - [08/Aug/2016:16:40:02 -0300] "GET /cormun/servlet/solicitudotadjuntos?28fed6dac6be4754b3da3b8e274cb144e402fa4d4d93423e2815cfe62ac693c1,gx-no-cache=1470685232689 HTTP/1.1" 200 30
186.67.172.234 - - [08/Aug/2016:16:40:02 -0300] "GET /cormun/servlet/solicitudotadjuntos?28fed6dac6be4754b3da3b8e274cb144e402fa4d4d93423e2815cfe62ac693c1,gx-no-cache=1470685232704 HTTP/1.1" 200 30
186.67.172.234 - - [08/Aug/2016:16:40:03 -0300] "POST /cormun/servlet/solicitudotadjuntos?0d907c4ae8721d32e0e41113fe308f3a,INS,2016,2446,,1, HTTP/1.1" 200 116
186.67.172.234 - - [08/Aug/2016:16:40:03 -0300] "GET /cormun/servlet/hpexe_return? HTTP/1.1" 200 1028
186.67.172.234 - - [08/Aug/2016:16:40:03 -0300] "GET /cormun/servlet/trsolicitudadjuntos?2016,2446, HTTP/1.1" 200 8286
186.67.172.234 - - [08/Aug/2016:16:40:03 -0300] "GET /cormun/servlet/trsolicitudadjuntos?2016,2446, HTTP/1.1" 200 8286
186.67.172.234 - - [08/Aug/2016:16:40:10 -0300] "POST /cormun/servlet/trsolicitudadjuntos?0d907c4ae8721d32e0e41113fe308f3a,2016,2446,,gx-no-cache=1470685240167 HTTP/1.1" 200 90
186.67.172.234 - - [08/Aug/2016:16:40:10 -0300] "GET /cormun/servlet/hpexe_link HTTP/1.1" 200 969
186.67.172.234 - - [08/Aug/2016:16:40:10 -0300] "GET /cormun/servlet/trsolicitudot HTTP/1.1" 200 7893
186.67.172.234 - - [08/Aug/2016:16:40:11 -0300] "GET /cormun/servlet/trsolicitudot HTTP/1.1" 200 7892
186.67.172.234 - - [08/Aug/2016:16:40:14 -0300] "POST /cormun/servlet/trsolicitudot?0d907c4ae8721d32e0e41113fe308f3a,gx-no-cache=1470685244377 HTTP/1.1" 200 3968
186.67.172.234 - - [08/Aug/2016:16:40:15 -0300] "POST /cormun/servlet/trsolicitudot?0d907c4ae8721d32e0e41113fe308f3a,gx-no-cache=1470685244562 HTTP/1.1" 200 3816
186.67.172.234 - - [08/Aug/2016:16:40:18 -0300] "GET /cormun/servlet/trautorizarsolicitud? HTTP/1.1" 200 7825
186.67.172.234 - - [08/Aug/2016:16:40:18 -0300] "GET /cormun/servlet/trautorizarsolicitud? HTTP/1.1" 200 7825
186.67.172.234 - - [08/Aug/2016:16:40:36 -0300] "POST /cormun/servlet/trautorizarsolicitud?0d907c4ae8721d32e0e41113fe308f3a,,gx-no-cache=1470685266602 HTTP/1.1" 200 3943
186.67.172.234 - - [08/Aug/2016:16:40:37 -0300] "POST /cormun/servlet/trautorizarsolicitud?0d907c4ae8721d32e0e41113fe308f3a,,gx-no-cache=1470685266873 HTTP/1.1" 200 3794
186.78.46.62 - - [08/Aug/2016:16:40:45 -0300] "GET /cormun/servlet/solicitudot?INS,0,0, HTTP/1.1" 200 12009
186.78.46.62 - - [08/Aug/2016:16:40:45 -0300] "GET /cormun/servlet/solicitudot?INS,0,0, HTTP/1.1" 200 12014
186.67.172.234 - - [08/Aug/2016:16:40:52 -0300] "GET /cormun/servlet/trcontratouno? HTTP/1.1" 200 12944
186.67.172.234 - - [08/Aug/2016:16:40:53 -0300] "GET /cormun/static/gxcfg.js?20163221610935 HTTP/1.1" 200 953
186.67.172.234 - - [08/Aug/2016:16:40:53 -0300] "GET /cormun/static/Resources/PXToolsAddSelectedAction.png HTTP/1.1" 200 3660
186.67.172.234 - - [08/Aug/2016:16:40:53 -0300] "GET /cormun/static/trcontratouno.js?20163221610166 HTTP/1.1" 200 39934
186.67.172.234 - - [08/Aug/2016:16:40:53 -0300] "GET /cormun/static/Resources/PXToolsAddAllAction.png HTTP/1.1" 200 3624
186.67.172.234 - - [08/Aug/2016:16:40:53 -0300] "GET /cormun/static/Resources/PXToolsRemoveAllAction.png HTTP/1.1" 200 3558
186.67.172.234 - - [08/Aug/2016:16:40:53 -0300] "GET /cormun/static/Resources/PXToolsRemoveSelectedAction.png HTTP/1.1" 200 3617
186.67.172.234 - - [08/Aug/2016:16:40:53 -0300] "GET /cormun/servlet/trcontratouno? HTTP/1.1" 200 12940
186.78.46.62 - - [08/Aug/2016:16:40:54 -0300] "POST /cormun/servlet/solicitudot?gx-no-cache=1470685283660 HTTP/1.1" 200 2907
186.78.46.62 - - [08/Aug/2016:16:40:54 -0300] "POST /cormun/servlet/solicitudot?b7b51ed8813077df6c26fdfab3a51789,INS,0,0,,gx-no-cache=1470685284004 HTTP/1.1" 200 8684
186.78.46.62 - - [08/Aug/2016:16:40:54 -0300] "GET /cormun/servlet/solicitudot?41cebe561e7df873eceffde87504a44ce9d06211f069fe376e1ac9b2d078d5d0,gx-no-cache=1470685284409 HTTP/1.1" 200 111
186.78.46.62 - - [08/Aug/2016:16:40:54 -0300] "GET /cormun/static/Shared/jqueryui/images/ui-bg_highlight-soft_100_c6c2c8_1x100.png HTTP/1.1" 404 1117
186.78.46.62 - - [08/Aug/2016:16:40:54 -0300] "GET /cormun/static/Shared/jqueryui/images/ui-icons_82798d_256x240.png HTTP/1.1" 404 1089
186.78.46.62 - - [08/Aug/2016:16:40:55 -0300] "POST /cormun/servlet/solicitudot?gx-no-cache=1470685284534 HTTP/1.1" 200 120
186.78.46.62 - - [08/Aug/2016:16:40:55 -0300] "GET /cormun/static/Shared/jqueryui/images/ui-bg_flat_55_994d53_40x100.png HTTP/1.1" 404 1097
186.78.46.62 - - [08/Aug/2016:16:40:55 -0300] "GET /cormun/static/Shared/jqueryui/images/ui-icons_ebccce_256x240.png HTTP/1.1" 404 1089
186.67.172.234 - - [08/Aug/2016:16:41:06 -0300] "GET /cormun/servlet/trsolicitudot? HTTP/1.1" 200 6663
186.67.172.234 - - [08/Aug/2016:16:41:06 -0300] "GET /cormun/servlet/trsolicitudot? HTTP/1.1" 200 6663
186.78.46.62 - - [08/Aug/2016:16:41:07 -0300] "POST /cormun/servlet/solicitudot?gx-no-cache=1470685297279 HTTP/1.1" 200 30
186.67.172.234 - - [08/Aug/2016:16:41:22 -0300] "GET /cormun/servlet/solicitudot?INS,0,0, HTTP/1.1" 200 12127
186.67.172.234 - - [08/Aug/2016:16:41:22 -0300] "GET /cormun/servlet/solicitudot?INS,0,0, HTTP/1.1" 200 12132
186.78.46.62 - - [08/Aug/2016:16:41:28 -0300] "POST /cormun/servlet/solicitudot?gx-no-cache=1470685317559 HTTP/1.1" 200 2998
186.78.46.62 - - [08/Aug/2016:16:41:28 -0300] "POST /cormun/servlet/solicitudot?b7b51ed8813077df6c26fdfab3a51789,INS,0,0,,gx-no-cache=1470685317996 HTTP/1.1" 200 8854
186.67.172.234 - - [08/Aug/2016:16:41:31 -0300] "POST /cormun/servlet/solicitudot?gx-no-cache=1470685320874 HTTP/1.1" 200 2907
186.67.172.234 - - [08/Aug/2016:16:41:31 -0300] "POST /cormun/servlet/solicitudot?0d907c4ae8721d32e0e41113fe308f3a,INS,0,0,,gx-no-cache=1470685321086 HTTP/1.1" 200 8757
186.78.46.62 - - [08/Aug/2016:16:41:39 -0300] "GET /cormun/servlet/solicitudot?41cebe561e7df873eceffde87504a44c48ff26377dc697805961fd32eecc881d2b01115038ffacc03ac5895ca16730e9,gx-no-cache=1470685328526 HTTP/1.1" 200 30
186.78.46.62 - - [08/Aug/2016:16:41:39 -0300] "POST /cormun/servlet/solicitudot?gx-no-cache=1470685328636 HTTP/1.1" 200 30
186.78.46.62 - - [08/Aug/2016:16:41:44 -0300] "POST /cormun/servlet/solicitudot?gx-no-cache=1470685334345 HTTP/1.1" 200 1185
186.78.46.62 - - [08/Aug/2016:16:41:44 -0300] "GET /cormun/servlet/solicitudot?41cebe561e7df873eceffde87504a44c53e8d9019077535c88bbeab7d17d46cc78302e73b2493e803cdf95a0fb998d876e19ce4930c54e7a7927ac0911722f8979d48b46c730f03c896729733e2573d2e58a6581459d7aac5fb5788223834d16e3c4abe92f35f4c2de210519948bedd6ebbeb67ca28a95f4f7f449ae497289bc1d055ebf112fd7b94064ce73e912ab54,gx-no-cache=1470685334501 HTTP/1.1" 200 38
186.79.229.249 - - [08/Aug/2016:16:42:00 -0300] "GET /cormun/servlet/hlogin HTTP/1.1" 200 1718
186.79.229.249 - - [08/Aug/2016:16:42:01 -0300] "GET /cormun/servlet/hlogin HTTP/1.1" 200 1718
186.79.229.249 - - [08/Aug/2016:16:42:01 -0300] "GET /cormun/servlet/hlogin HTTP/1.1" 200 1718
186.78.46.62 - - [08/Aug/2016:16:42:01 -0300] "GET /cormun/servlet/solicitudot?41cebe561e7df873eceffde87504a44c403889a1b39bdc05917566d6e8ee29d2435d1cddf05135fd509f87fc0cb8a50a909389672b1d6b1d46b5c3a72acaf28029e352b294bb9e5833512be8fa73c76cd54ed7d3458620df4c0e14ec4472f65cb46b821a16055693c340995f104de6b9,gx-no-cache=1470685350616 HTTP/1.1" 200 29
186.78.46.62 - - [08/Aug/2016:16:42:01 -0300] "POST /cormun/servlet/solicitudot?gx-no-cache=1470685350694 HTTP/1.1" 200 1143
186.79.229.249 - - [08/Aug/2016:16:42:11 -0300] "POST /cormun/servlet/hlogin?2ee5c6e04c340e21bd31ba09ebef1491,gx-no-cache=1470681757156 HTTP/1.1" 200 90
186.79.229.249 - - [08/Aug/2016:16:42:11 -0300] "GET /cormun/servlet/hpexe_link HTTP/1.1" 200 947
186.79.229.249 - - [08/Aug/2016:16:42:11 -0300] "GET /cormun/servlet/hhome HTTP/1.1" 200 3618
186.79.229.249 - - [08/Aug/2016:16:42:12 -0300] "GET /cormun/servlet/hhome HTTP/1.1" 200 3615
186.79.229.249 - - [08/Aug/2016:16:42:15 -0300] "GET /cormun/servlet/trsolicitudot? HTTP/1.1" 200 7774
186.79.229.249 - - [08/Aug/2016:16:42:16 -0300] "GET /cormun/servlet/trsolicitudot? HTTP/1.1" 200 7772
186.79.229.249 - - [08/Aug/2016:16:42:21 -0300] "POST /cormun/servlet/trsolicitudot?2ee5c6e04c340e21bd31ba09ebef1491,,gx-no-cache=1470681767836 HTTP/1.1" 200 107
186.79.229.249 - - [08/Aug/2016:16:42:22 -0300] "GET /cormun/servlet/trsolicitudadjuntos?2016,2439, HTTP/1.1" 200 7910
186.79.229.249 - - [08/Aug/2016:16:42:23 -0300] "GET /cormun/servlet/trsolicitudadjuntos?2016,2439, HTTP/1.1" 200 7912
186.79.229.249 - - [08/Aug/2016:16:42:32 -0300] "GET /cormun/servlet/solicitudotadjuntos?INS,2016,2439,,1, HTTP/1.1" 200 5659
186.79.229.249 - - [08/Aug/2016:16:42:32 -0300] "GET /cormun/static/about:blank HTTP/1.1" 404 1011
186.79.229.249 - - [08/Aug/2016:16:42:32 -0300] "GET /cormun/servlet/solicitudotadjuntos?INS,2016,2439,,1, HTTP/1.1" 200 5653
186.79.229.249 - - [08/Aug/2016:16:42:33 -0300] "GET /cormun/servlet/solicitudotadjuntos?c4986fc0fac44e8b5c02cdcbfd8f1f8130496e1752ca7de3520bca51aac3c5f4b88482175792e8bea9650de566581f36,gx-no-cache=1470681779351 HTTP/1.1" 200 30
186.79.229.249 - - [08/Aug/2016:16:42:33 -0300] "POST /cormun/servlet/solicitudotadjuntos?2ee5c6e04c340e21bd31ba09ebef1491,INS,2016,2439,,1,,gx-no-cache=1470681779475 HTTP/1.1" 200 3508
186.78.46.62 - - [08/Aug/2016:16:42:35 -0300] "GET /cormun/servlet/solicitudot?41cebe561e7df873eceffde87504a44c6a91c2cded0ecfb0e951fc06df120ce332482c28d868e94d027afb2d2fa4622378bcec6b836a735256b1f2a81f1af39894d226e5d2c5866c0e20c9117e5328958c7753226af8667f2dbf55a8fb70c8599b3016d969ea814e0e257198b8e9269678232c1b99f9c4c63d0d881ffe930fe0d282199a22ab799a3f29888c17c7f610b23781e4e8286d26bc1ba12a5d946ab2c88e2543fe089ce35f0b29b7d5e033cb,gx-no-cache=1470685384687 HTTP/1.1" 200 30
186.67.172.234 - - [08/Aug/2016:16:42:42 -0300] "POST /cormun/servlet/solicitudot?gx-no-cache=1470685391643 HTTP/1.1" 200 2910
186.67.172.234 - - [08/Aug/2016:16:42:42 -0300] "POST /cormun/servlet/solicitudot?0d907c4ae8721d32e0e41113fe308f3a,INS,0,0,,gx-no-cache=1470685392195 HTTP/1.1" 200 8810
186.79.229.249 - - [08/Aug/2016:16:42:45 -0300] "POST /cormun/servlet/solicitudotadjuntos?gx-no-cache=1470681791129 HTTP/1.1" 200 26
186.67.172.234 - - [08/Aug/2016:16:42:46 -0300] "GET /cormun/servlet/solicitudot?28fed6dac6be4754b3da3b8e274cb144fcd3619e7500d5fa88f48188a11782ed928af2b4301be8db2c529c3b6c4c1f58,gx-no-cache=1470685396125 HTTP/1.1" 200 111
186.79.229.249 - - [08/Aug/2016:16:42:51 -0300] "GET /cormun/servlet/solicitudotadjuntos?c4986fc0fac44e8b5c02cdcbfd8f1f8135b06fdd16a373c46710464b59f2563d,gx-no-cache=1470681797451 HTTP/1.1" 200 30
186.79.229.249 - - [08/Aug/2016:16:42:51 -0300] "GET /cormun/servlet/solicitudotadjuntos?c4986fc0fac44e8b5c02cdcbfd8f1f8135b06fdd16a373c46710464b59f2563d,gx-no-cache=1470681797595 HTTP/1.1" 200 30
186.79.229.249 - - [08/Aug/2016:16:43:08 -0300] "POST /cormun/servlet/solicitudotadjuntos?2ee5c6e04c340e21bd31ba09ebef1491,INS,2016,2439,,1, HTTP/1.1" 200 5520
186.79.229.249 - - [08/Aug/2016:16:43:09 -0300] "GET /cormun/static/Shared/jqueryui/images/ui-bg_highlight-soft_100_c6c2c8_1x100.png HTTP/1.1" 404 1117
186.79.229.249 - - [08/Aug/2016:16:43:09 -0300] "GET /cormun/static/Shared/jqueryui/images/ui-icons_82798d_256x240.png HTTP/1.1" 404 1089
186.79.229.249 - - [08/Aug/2016:16:43:09 -0300] "GET /cormun/static/Shared/jqueryui/images/ui-bg_flat_55_994d53_40x100.png HTTP/1.1" 404 1097
186.79.229.249 - - [08/Aug/2016:16:43:09 -0300] "GET /cormun/static/Shared/jqueryui/images/ui-icons_ebccce_256x240.png HTTP/1.1" 404 1089
186.79.229.249 - - [08/Aug/2016:16:43:11 -0300] "GET /cormun/PrivateTempStorage/upload_00009570.jpg HTTP/1.1" 200 886603
186.67.172.234 - - [08/Aug/2016:16:43:16 -0300] "GET /cormun/servlet/solicitudot?28fed6dac6be4754b3da3b8e274cb144cf600cf13d2f25de1edf19831a0eff18928af2b4301be8db2c529c3b6c4c1f58,gx-no-cache=1470685426726 HTTP/1.1" 200 30
186.79.229.249 - - [08/Aug/2016:16:43:25 -0300] "POST /cormun/servlet/solicitudotadjuntos?gx-no-cache=1470681831767 HTTP/1.1" 200 26
186.78.46.62 - - [08/Aug/2016:16:43:26 -0300] "POST /cormun/servlet/solicitudot?b7b51ed8813077df6c26fdfab3a51789,INS,0,0,,gx-no-cache=1470685435843 HTTP/1.1" 200 9804
186.78.46.62 - - [08/Aug/2016:16:43:30 -0300] "GET /cormun/servlet/prcontratosol?10113000,,,,,MD,,gxPopupLevel%3D0%3B HTTP/1.1" 200 5728
186.78.46.62 - - [08/Aug/2016:16:43:33 -0300] "POST /cormun/servlet/solicitudot?gx-no-cache=1470685442988 HTTP/1.1" 200 1185
186.78.46.62 - - [08/Aug/2016:16:43:33 -0300] "GET /cormun/servlet/solicitudot?41cebe561e7df873eceffde87504a44c53e8d9019077535c88bbeab7d17d46cc78302e73b2493e803cdf95a0fb998d876e19ce4930c54e7a7927ac0911722f8979d48b46c730f03c896729733e2573d2e58a6581459d7aac5fb5788223834d16e3c4abe92f35f4c2de210519948bedd6ebbeb67ca28a95f4f7f449ae497289bcfa523a09e66a868a385a331c7c83efd206c3c6005cf33896a96fe5cfb976c8b2,gx-no-cache=1470685443191 HTTP/1.1" 200 41
186.78.46.62 - - [08/Aug/2016:16:43:33 -0300] "POST /cormun/servlet/solicitudot?gx-no-cache=1470685443285 HTTP/1.1" 200 1143
186.78.46.62 - - [08/Aug/2016:16:43:47 -0300] "GET /cormun/servlet/solicitudot?41cebe561e7df873eceffde87504a44c6a91c2cded0ecfb0e951fc06df120ce3d1937a639d009cb383cceb74da9159af1f7fef6bcfb445bb97730d7d5ec97fb31d441fdc2b8ba82d3940d7ba227ccad65b7bdb5e87f61f3b9b652b288e4222057d5e841e35039c63d45a0728660f2f07194b9aa5eff5ae3bb9cdbaa09556803cc227edd6bc821fdad030d5999cd7abf8d72369b0c56430747231e865b7fb07651c76548bcb228571e0fdb6000ccf10a3,gx-no-cache=1470685457294 HTTP/1.1" 200 30
186.78.46.62 - - [08/Aug/2016:16:43:48 -0300] "POST /cormun/servlet/solicitudot?b7b51ed8813077df6c26fdfab3a51789,INS,0,0,,gx-no-cache=1470685457387 HTTP/1.1" 200 93
186.78.46.62 - - [08/Aug/2016:16:43:48 -0300] "GET /cormun/servlet/hpexe_return? HTTP/1.1" 200 1005
186.78.46.62 - - [08/Aug/2016:16:43:49 -0300] "GET /cormun/servlet/trsolicitudot HTTP/1.1" 200 6556
186.78.46.62 - - [08/Aug/2016:16:43:49 -0300] "GET /cormun/servlet/trsolicitudot HTTP/1.1" 200 6552
186.79.229.249 - - [08/Aug/2016:16:43:53 -0300] "GET /cormun/servlet/trsolicitudot? HTTP/1.1" 200 7782
186.79.229.249 - - [08/Aug/2016:16:43:54 -0300] "GET /cormun/servlet/trsolicitudot? HTTP/1.1" 200 7772
186.79.229.249 - - [08/Aug/2016:16:44:00 -0300] "POST /cormun/servlet/trsolicitudot?2ee5c6e04c340e21bd31ba09ebef1491,,gx-no-cache=1470681866363 HTTP/1.1" 200 107
186.79.229.249 - - [08/Aug/2016:16:44:00 -0300] "GET /cormun/servlet/trsolicitudadjuntos?2016,2439, HTTP/1.1" 200 7907
186.79.229.249 - - [08/Aug/2016:16:44:02 -0300] "GET /cormun/servlet/trsolicitudadjuntos?2016,2439, HTTP/1.1" 200 7910
186.78.46.62 - - [08/Aug/2016:16:44:05 -0300] "GET /cormun/servlet/trsolicitudot? HTTP/1.1" 200 6552
186.78.46.62 - - [08/Aug/2016:16:44:05 -0300] "GET /cormun/servlet/trsolicitudot? HTTP/1.1" 200 6552
186.78.46.62 - - [08/Aug/2016:16:44:08 -0300] "POST /cormun/servlet/trsolicitudot?b7b51ed8813077df6c26fdfab3a51789,,gx-no-cache=1470685478198 HTTP/1.1" 200 5615
186.78.46.62 - - [08/Aug/2016:16:44:16 -0300] "POST /cormun/servlet/trsolicitudot?b7b51ed8813077df6c26fdfab3a51789,,gx-no-cache=1470685486216 HTTP/1.1" 200 106
186.78.46.62 - - [08/Aug/2016:16:44:17 -0300] "GET /cormun/servlet/solicitudot?DLT,2016,2448, HTTP/1.1" 200 8716
186.78.46.62 - - [08/Aug/2016:16:44:17 -0300] "GET /cormun/static/Shared/jqueryui/images/ui-bg_highlight-soft_100_c6c2c8_1x100.png HTTP/1.1" 404 1117
186.78.46.62 - - [08/Aug/2016:16:44:17 -0300] "GET /cormun/static/Shared/jqueryui/images/ui-icons_82798d_256x240.png HTTP/1.1" 404 1089
186.78.46.62 - - [08/Aug/2016:16:44:17 -0300] "GET /cormun/static/Shared/jqueryui/images/ui-bg_flat_55_fafafa_40x100.png HTTP/1.1" 404 1097
186.78.46.62 - - [08/Aug/2016:16:44:17 -0300] "GET /cormun/static/Shared/jqueryui/images/ui-icons_8d78a5_256x240.png HTTP/1.1" 404 1089
186.78.46.62 - - [08/Aug/2016:16:44:17 -0300] "GET /cormun/servlet/solicitudot?DLT,2016,2448, HTTP/1.1" 200 8725
186.78.46.62 - - [08/Aug/2016:16:44:21 -0300] "POST /cormun/servlet/solicitudot?b7b51ed8813077df6c26fdfab3a51789,DLT,2016,2448,,gx-no-cache=1470685490444 HTTP/1.1" 200 93
186.78.46.62 - - [08/Aug/2016:16:44:21 -0300] "GET /cormun/servlet/hpexe_return? HTTP/1.1" 200 1011
186.78.46.62 - - [08/Aug/2016:16:44:21 -0300] "GET /cormun/servlet/trsolicitudot? HTTP/1.1" 200 8045
186.78.46.62 - - [08/Aug/2016:16:44:21 -0300] "GET /cormun/servlet/trsolicitudot? HTTP/1.1" 200 8042
186.79.229.249 - - [08/Aug/2016:16:44:26 -0300] "GET /cormun/servlet/solicitudotadjuntos?DLT,2016,2439,CARNET,0, HTTP/1.1" 200 5624
186.79.229.249 - - [08/Aug/2016:16:44:27 -0300] "GET /cormun/static/Shared/jqueryui/images/ui-bg_highlight-soft_100_c6c2c8_1x100.png HTTP/1.1" 404 1117
186.79.229.249 - - [08/Aug/2016:16:44:27 -0300] "GET /cormun/static/Shared/jqueryui/images/ui-icons_82798d_256x240.png HTTP/1.1" 404 1089
186.79.229.249 - - [08/Aug/2016:16:44:27 -0300] "GET /cormun/static/Shared/jqueryui/images/ui-bg_flat_55_fafafa_40x100.png HTTP/1.1" 404 1097
186.79.229.249 - - [08/Aug/2016:16:44:27 -0300] "GET /cormun/static/Shared/jqueryui/images/ui-icons_8d78a5_256x240.png HTTP/1.1" 404 1089
186.79.229.249 - - [08/Aug/2016:16:44:27 -0300] "GET /cormun/servlet/solicitudotadjuntos?DLT,2016,2439,CARNET,0, HTTP/1.1" 200 5617
186.78.46.62 - - [08/Aug/2016:16:44:27 -0300] "POST /cormun/servlet/trsolicitudot?b7b51ed8813077df6c26fdfab3a51789,,gx-no-cache=1470685497298 HTTP/1.1" 200 106
186.78.46.62 - - [08/Aug/2016:16:44:28 -0300] "GET /cormun/servlet/solicitudot?UPD,2016,2449, HTTP/1.1" 200 13293
186.78.46.62 - - [08/Aug/2016:16:44:28 -0300] "GET /cormun/servlet/solicitudot?UPD,2016,2449, HTTP/1.1" 200 13302
186.78.46.62 - - [08/Aug/2016:16:44:29 -0300] "POST /cormun/servlet/solicitudot?gx-no-cache=1470685498546 HTTP/1.1" 200 2998
186.78.46.62 - - [08/Aug/2016:16:44:29 -0300] "POST /cormun/servlet/solicitudot?b7b51ed8813077df6c26fdfab3a51789,UPD,2016,2449,,gx-no-cache=1470685498952 HTTP/1.1" 200 9490
186.78.46.62 - - [08/Aug/2016:16:44:29 -0300] "GET /cormun/servlet/solicitudot?41cebe561e7df873eceffde87504a44c48ff26377dc697805961fd32eecc881d7fc0f132ead5abe5ac7bcce444cf563a,gx-no-cache=1470685499389 HTTP/1.1" 200 30
186.78.46.62 - - [08/Aug/2016:16:44:29 -0300] "POST /cormun/servlet/solicitudot?gx-no-cache=1470685499482 HTTP/1.1" 200 30
186.78.46.62 - - [08/Aug/2016:16:44:30 -0300] "POST /cormun/servlet/solicitudot?gx-no-cache=1470685499576 HTTP/1.1" 200 30
186.78.46.62 - - [08/Aug/2016:16:44:30 -0300] "POST /cormun/servlet/solicitudot?gx-no-cache=1470685499685 HTTP/1.1" 200 1185
186.78.46.62 - - [08/Aug/2016:16:44:30 -0300] "GET /cormun/servlet/solicitudot?41cebe561e7df873eceffde87504a44c53e8d9019077535c88bbeab7d17d46cc78302e73b2493e803cdf95a0fb998d876e19ce4930c54e7a7927ac0911722f8979d48b46c730f03c896729733e2573d2e58a6581459d7aac5fb5788223834d16e3c4abe92f35f4c2de210519948bedd6ebbeb67ca28a95f4f7f449ae497289bcfa523a09e66a868a385a331c7c83efd206c3c6005cf33896a96fe5cfb976c8b2,gx-no-cache=1470685499872 HTTP/1.1" 200 41
186.79.229.249 - - [08/Aug/2016:16:44:30 -0300] "GET /cormun/PublicTempStorage/antec.__les.3375793.jpg HTTP/1.1" 200 961423
186.78.46.62 - - [08/Aug/2016:16:44:31 -0300] "GET /cormun/servlet/solicitudot?41cebe561e7df873eceffde87504a44c017cbd176ac040acc00926ef7987cbb45ab6d6d2c7c55defd5fc340a4bdcfff7497e4f576769f4f6847c1731b5ac98a84ac6878f0b2b7d2b2cbdfcda702459eae89424e8f59c3b7b5e48bd39492451424a7d78be3c12a51b8531fccd2af58666,gx-no-cache=1470685501401 HTTP/1.1" 200 29
186.78.46.62 - - [08/Aug/2016:16:44:32 -0300] "POST /cormun/servlet/solicitudot?gx-no-cache=1470685501510 HTTP/1.1" 200 1143
186.78.46.62 - - [08/Aug/2016:16:44:32 -0300] "GET /cormun/servlet/solicitudot?41cebe561e7df873eceffde87504a44c6a91c2cded0ecfb0e951fc06df120ce3d1937a639d009cb383cceb74da9159af1f7fef6bcfb445bb97730d7d5ec97fb31d441fdc2b8ba82d3940d7ba227ccad65b7bdb5e87f61f3b9b652b288e4222057d5e841e35039c63d45a0728660f2f07194b9aa5eff5ae3bb9cdbaa09556803cc227edd6bc821fdad030d5999cd7abf8d72369b0c56430747231e865b7fb0765cb695c5b2ed068f64e05d1376a1705d5,gx-no-cache=1470685501682 HTTP/1.1" 200 32
186.78.46.62 - - [08/Aug/2016:16:44:32 -0300] "POST /cormun/servlet/solicitudot?b7b51ed8813077df6c26fdfab3a51789,UPD,2016,2449,,gx-no-cache=1470685501760 HTTP/1.1" 200 93
186.78.46.62 - - [08/Aug/2016:16:44:32 -0300] "GET /cormun/servlet/hpexe_return? HTTP/1.1" 200 1011
186.78.46.62 - - [08/Aug/2016:16:44:32 -0300] "GET /cormun/servlet/trsolicitudot HTTP/1.1" 200 8045
186.78.46.62 - - [08/Aug/2016:16:44:33 -0300] "GET /cormun/servlet/trsolicitudot HTTP/1.1" 200 8042
186.78.46.62 - - [08/Aug/2016:16:44:37 -0300] "POST /cormun/servlet/trsolicitudot?b7b51ed8813077df6c26fdfab3a51789,gx-no-cache=1470685507235 HTTP/1.1" 200 106
186.78.46.62 - - [08/Aug/2016:16:44:38 -0300] "GET /cormun/servlet/solicitudot?DLT,2016,2449, HTTP/1.1" 200 8741
186.78.46.62 - - [08/Aug/2016:16:44:38 -0300] "GET /cormun/servlet/solicitudot?DLT,2016,2449, HTTP/1.1" 200 8750
186.79.229.249 - - [08/Aug/2016:16:44:39 -0300] "POST /cormun/servlet/solicitudotadjuntos?2ee5c6e04c340e21bd31ba09ebef1491,DLT,2016,2439,CARNET,0,,gx-no-cache=1470681905537 HTTP/1.1" 200 93
186.79.229.249 - - [08/Aug/2016:16:44:39 -0300] "GET /cormun/servlet/hpexe_return? HTTP/1.1" 200 1028
186.79.229.249 - - [08/Aug/2016:16:44:40 -0300] "GET /cormun/servlet/trsolicitudadjuntos?2016,2439, HTTP/1.1" 200 7913
186.78.46.62 - - [08/Aug/2016:16:44:41 -0300] "POST /cormun/servlet/solicitudot?b7b51ed8813077df6c26fdfab3a51789,DLT,2016,2449,,gx-no-cache=1470685510355 HTTP/1.1" 200 93
186.78.46.62 - - [08/Aug/2016:16:44:41 -0300] "GET /cormun/servlet/hpexe_return? HTTP/1.1" 200 1011
186.78.46.62 - - [08/Aug/2016:16:44:41 -0300] "GET /cormun/servlet/trsolicitudot HTTP/1.1" 200 7767
186.79.229.249 - - [08/Aug/2016:16:44:41 -0300] "GET /cormun/servlet/trsolicitudadjuntos?2016,2439, HTTP/1.1" 200 7908
186.78.46.62 - - [08/Aug/2016:16:44:41 -0300] "GET /cormun/servlet/trsolicitudot HTTP/1.1" 200 7763
186.78.46.62 - - [08/Aug/2016:16:44:57 -0300] "POST /cormun/servlet/trsolicitudot?b7b51ed8813077df6c26fdfab3a51789,gx-no-cache=1470685526892 HTTP/1.1" 200 106
186.78.46.62 - - [08/Aug/2016:16:44:57 -0300] "GET /cormun/servlet/solicitudot?UPD,2016,2447, HTTP/1.1" 200 13274
186.78.46.62 - - [08/Aug/2016:16:44:58 -0300] "GET /cormun/servlet/solicitudot?UPD,2016,2447, HTTP/1.1" 200 13282
186.78.46.62 - - [08/Aug/2016:16:44:58 -0300] "POST /cormun/servlet/solicitudot?gx-no-cache=1470685528093 HTTP/1.1" 200 2998
186.78.46.62 - - [08/Aug/2016:16:44:59 -0300] "POST /cormun/servlet/solicitudot?b7b51ed8813077df6c26fdfab3a51789,UPD,2016,2447,,gx-no-cache=1470685528514 HTTP/1.1" 200 9476
186.78.46.62 - - [08/Aug/2016:16:44:59 -0300] "GET /cormun/servlet/solicitudot?41cebe561e7df873eceffde87504a44c48ff26377dc697805961fd32eecc881d7fc0f132ead5abe5ac7bcce444cf563a,gx-no-cache=1470685528966 HTTP/1.1" 200 30
186.78.46.62 - - [08/Aug/2016:16:44:59 -0300] "POST /cormun/servlet/solicitudot?gx-no-cache=1470685529060 HTTP/1.1" 200 30
186.78.46.62 - - [08/Aug/2016:16:44:59 -0300] "POST /cormun/servlet/solicitudot?gx-no-cache=1470685529138 HTTP/1.1" 200 30
186.78.46.62 - - [08/Aug/2016:16:44:59 -0300] "POST /cormun/servlet/solicitudot?gx-no-cache=1470685529263 HTTP/1.1" 200 1185
186.78.46.62 - - [08/Aug/2016:16:44:59 -0300] "GET /cormun/servlet/solicitudot?41cebe561e7df873eceffde87504a44c53e8d9019077535c88bbeab7d17d46cc78302e73b2493e803cdf95a0fb998d876e19ce4930c54e7a7927ac0911722f8979d48b46c730f03c896729733e2573d2e58a6581459d7aac5fb5788223834d16e3c4abe92f35f4c2de210519948bedd6ebbeb67ca28a95f4f7f449ae497289bcfa523a09e66a868a385a331c7c83efd206c3c6005cf33896a96fe5cfb976c8b2,gx-no-cache=1470685529450 HTTP/1.1" 200 41
186.79.229.249 - - [08/Aug/2016:16:45:04 -0300] "GET /cormun/servlet/hlogin HTTP/1.1" 200 1723
186.79.229.249 - - [08/Aug/2016:16:45:07 -0300] "POST /cormun/servlet/hlogin?dbe8a2884ffa474d1988c65e55bf9fa6,gx-no-cache=1470681933708 HTTP/1.1" 200 90
186.79.229.249 - - [08/Aug/2016:16:45:07 -0300] "GET /cormun/servlet/hpexe_link HTTP/1.1" 200 949
186.79.229.249 - - [08/Aug/2016:16:45:08 -0300] "GET /cormun/servlet/hhome HTTP/1.1" 200 3621
186.79.229.249 - - [08/Aug/2016:16:45:08 -0300] "GET /cormun/servlet/hhome HTTP/1.1" 200 3619
186.78.46.62 - - [08/Aug/2016:16:45:10 -0300] "GET /cormun/servlet/trsolicitudot? HTTP/1.1" 200 7769
186.78.46.62 - - [08/Aug/2016:16:45:10 -0300] "GET /cormun/servlet/trsolicitudot? HTTP/1.1" 200 7763
186.79.229.249 - - [08/Aug/2016:16:45:15 -0300] "GET /cormun/servlet/trsolicitudot? HTTP/1.1" 200 7775
186.79.229.249 - - [08/Aug/2016:16:45:16 -0300] "GET /cormun/servlet/trsolicitudot? HTTP/1.1" 200 7774
186.79.229.249 - - [08/Aug/2016:16:45:23 -0300] "POST /cormun/servlet/trsolicitudot?dbe8a2884ffa474d1988c65e55bf9fa6,,gx-no-cache=1470681948766 HTTP/1.1" 200 107
186.79.229.249 - - [08/Aug/2016:16:45:23 -0300] "GET /cormun/servlet/trsolicitudadjuntos?2016,2439, HTTP/1.1" 200 7910
186.79.229.249 - - [08/Aug/2016:16:45:24 -0300] "GET /cormun/servlet/trsolicitudadjuntos?2016,2439, HTTP/1.1" 200 7912
186.79.229.249 - - [08/Aug/2016:16:45:29 -0300] "GET /cormun/servlet/solicitudotadjuntos?DLT,2016,2439,CARNET,0, HTTP/1.1" 200 5626
186.79.229.249 - - [08/Aug/2016:16:45:30 -0300] "GET /cormun/static/Shared/jqueryui/images/ui-bg_highlight-soft_100_c6c2c8_1x100.png HTTP/1.1" 404 1117
186.79.229.249 - - [08/Aug/2016:16:45:30 -0300] "GET /cormun/static/Shared/jqueryui/images/ui-bg_flat_55_fafafa_40x100.png HTTP/1.1" 404 1097
186.79.229.249 - - [08/Aug/2016:16:45:30 -0300] "GET /cormun/static/Shared/jqueryui/images/ui-icons_82798d_256x240.png HTTP/1.1" 404 1089
186.79.229.249 - - [08/Aug/2016:16:45:30 -0300] "GET /cormun/static/Shared/jqueryui/images/ui-icons_8d78a5_256x240.png HTTP/1.1" 404 1089
186.79.229.249 - - [08/Aug/2016:16:45:31 -0300] "GET /cormun/servlet/solicitudotadjuntos?DLT,2016,2439,CARNET,0, HTTP/1.1" 200 5621
186.79.229.249 - - [08/Aug/2016:16:45:33 -0300] "GET /cormun/PublicTempStorage/antec.__les.3515401.jpg HTTP/1.1" 200 961423
186.79.229.249 - - [08/Aug/2016:16:45:35 -0300] "POST /cormun/servlet/solicitudotadjuntos?dbe8a2884ffa474d1988c65e55bf9fa6,DLT,2016,2439,CARNET,0,,gx-no-cache=1470681960708 HTTP/1.1" 200 93
186.79.229.249 - - [08/Aug/2016:16:45:35 -0300] "GET /cormun/servlet/hpexe_return? HTTP/1.1" 200 1031
186.79.229.249 - - [08/Aug/2016:16:45:35 -0300] "GET /cormun/servlet/trsolicitudadjuntos?2016,2439, HTTP/1.1" 200 7786
186.79.229.249 - - [08/Aug/2016:16:45:36 -0300] "GET /cormun/servlet/trsolicitudadjuntos?2016,2439, HTTP/1.1" 200 7781
186.79.229.249 - - [08/Aug/2016:16:45:43 -0300] "GET /cormun/servlet/solicitudotadjuntos?DLT,2016,2439,CV,0, HTTP/1.1" 200 5623
186.79.229.249 - - [08/Aug/2016:16:45:44 -0300] "GET /cormun/servlet/solicitudotadjuntos?DLT,2016,2439,CV,0, HTTP/1.1" 200 5617
186.79.229.249 - - [08/Aug/2016:16:45:46 -0300] "GET /cormun/PublicTempStorage/curri__les.3068328.jpg HTTP/1.1" 200 455692
186.78.46.62 - - [08/Aug/2016:16:45:46 -0300] "POST /cormun/servlet/trsolicitudot?b7b51ed8813077df6c26fdfab3a51789,,gx-no-cache=1470685576012 HTTP/1.1" 200 106
186.78.46.62 - - [08/Aug/2016:16:45:46 -0300] "GET /cormun/servlet/solicitudot?DLT,2016,2447, HTTP/1.1" 200 8715
186.78.46.62 - - [08/Aug/2016:16:45:47 -0300] "GET /cormun/servlet/solicitudot?DLT,2016,2447, HTTP/1.1" 200 8724
186.79.229.249 - - [08/Aug/2016:16:45:47 -0300] "POST /cormun/servlet/solicitudotadjuntos?dbe8a2884ffa474d1988c65e55bf9fa6,DLT,2016,2439,CV,0,,gx-no-cache=1470681973812 HTTP/1.1" 200 93
186.79.229.249 - - [08/Aug/2016:16:45:47 -0300] "GET /cormun/servlet/hpexe_return? HTTP/1.1" 200 1027
186.79.229.249 - - [08/Aug/2016:16:45:48 -0300] "GET /cormun/servlet/trsolicitudadjuntos?2016,2439, HTTP/1.1" 200 7635
186.79.229.249 - - [08/Aug/2016:16:45:49 -0300] "GET /cormun/servlet/trsolicitudadjuntos?2016,2439, HTTP/1.1" 200 7632
186.78.46.62 - - [08/Aug/2016:16:45:50 -0300] "POST /cormun/servlet/solicitudot?b7b51ed8813077df6c26fdfab3a51789,DLT,2016,2447,,gx-no-cache=1470685579912 HTTP/1.1" 200 93
186.78.46.62 - - [08/Aug/2016:16:45:50 -0300] "GET /cormun/servlet/hpexe_return? HTTP/1.1" 200 1011
186.78.46.62 - - [08/Aug/2016:16:45:51 -0300] "GET /cormun/servlet/trsolicitudot HTTP/1.1" 200 6557
186.78.46.62 - - [08/Aug/2016:16:45:51 -0300] "GET /cormun/servlet/trsolicitudot HTTP/1.1" 200 6553
186.79.229.249 - - [08/Aug/2016:16:46:02 -0300] "GET /cormun/servlet/solicitudotadjuntos?DLT,2016,2439,CERTIF3,0, HTTP/1.1" 200 5621
186.78.46.62 - - [08/Aug/2016:16:46:03 -0300] "GET /cormun/servlet/solicitudot?INS,0,0, HTTP/1.1" 200 12009
186.79.229.249 - - [08/Aug/2016:16:46:03 -0300] "GET /cormun/servlet/solicitudotadjuntos?DLT,2016,2439,CERTIF3,0, HTTP/1.1" 200 5616
186.78.46.62 - - [08/Aug/2016:16:46:03 -0300] "GET /cormun/servlet/solicitudot?INS,0,0, HTTP/1.1" 200 12014
186.79.229.249 - - [08/Aug/2016:16:46:03 -0300] "GET /cormun/PublicTempStorage/afp__les160905.jpg HTTP/1.1" 200 397818
186.79.229.249 - - [08/Aug/2016:16:46:05 -0300] "POST /cormun/servlet/solicitudotadjuntos?dbe8a2884ffa474d1988c65e55bf9fa6,DLT,2016,2439,CERTIF3,0,,gx-no-cache=1470681991427 HTTP/1.1" 200 93
186.79.229.249 - - [08/Aug/2016:16:46:05 -0300] "GET /cormun/servlet/hpexe_return? HTTP/1.1" 200 1031
186.67.172.234 - - [08/Aug/2016:16:46:05 -0300] "POST /cormun/servlet/solicitudot?gx-no-cache=1470685595551 HTTP/1.1" 200 30
186.79.229.249 - - [08/Aug/2016:16:46:06 -0300] "GET /cormun/servlet/trsolicitudadjuntos?2016,2439, HTTP/1.1" 200 7461
186.79.229.249 - - [08/Aug/2016:16:46:06 -0300] "GET /cormun/servlet/trsolicitudadjuntos?2016,2439, HTTP/1.1" 200 7459
186.67.172.234 - - [08/Aug/2016:16:46:09 -0300] "POST /cormun/servlet/solicitudot?gx-no-cache=1470685599347 HTTP/1.1" 200 30
186.79.229.249 - - [08/Aug/2016:16:46:11 -0300] "GET /cormun/servlet/solicitudotadjuntos?DLT,2016,2439,CERTIF4,0, HTTP/1.1" 200 5623
186.67.172.234 - - [08/Aug/2016:16:46:11 -0300] "POST /cormun/servlet/solicitudot?gx-no-cache=1470685601431 HTTP/1.1" 200 494
186.67.172.234 - - [08/Aug/2016:16:46:11 -0300] "GET /cormun/servlet/solicitudot?28fed6dac6be4754b3da3b8e274cb144335424f7bc0fa6b1e485b0493837d13535809844d2a3b06881f51615118fa1a9cc8b130b7af86c959e9a51926b93833557fd7da75913688a49f1f96138b7b4f532e0a383fababdeabf73039aa60497c96f04a19f2bd5dabb5ad5b99cb5897006174798d4805be59a99f1be32cc6769729cc8642305f48d3a96862d0bd6458dc4,gx-no-cache=1470685601485 HTTP/1.1" 200 38
186.79.229.249 - - [08/Aug/2016:16:46:12 -0300] "GET /cormun/servlet/solicitudotadjuntos?DLT,2016,2439,CERTIF4,0, HTTP/1.1" 200 5619
186.79.229.249 - - [08/Aug/2016:16:46:12 -0300] "GET /cormun/PublicTempStorage/fonasa_les4109152.jpg HTTP/1.1" 200 485910
186.79.229.249 - - [08/Aug/2016:16:46:14 -0300] "POST /cormun/servlet/solicitudotadjuntos?dbe8a2884ffa474d1988c65e55bf9fa6,DLT,2016,2439,CERTIF4,0,,gx-no-cache=1470681999912 HTTP/1.1" 200 93
186.79.229.249 - - [08/Aug/2016:16:46:14 -0300] "GET /cormun/servlet/hpexe_return? HTTP/1.1" 200 1031
186.79.229.249 - - [08/Aug/2016:16:46:14 -0300] "GET /cormun/servlet/trsolicitudadjuntos?2016,2439, HTTP/1.1" 200 5573
186.79.229.249 - - [08/Aug/2016:16:46:15 -0300] "GET /cormun/servlet/trsolicitudadjuntos?2016,2439, HTTP/1.1" 200 5570
186.78.46.62 - - [08/Aug/2016:16:46:16 -0300] "POST /cormun/servlet/solicitudot?gx-no-cache=1470685605699 HTTP/1.1" 200 2998
186.78.46.62 - - [08/Aug/2016:16:46:16 -0300] "POST /cormun/servlet/solicitudot?b7b51ed8813077df6c26fdfab3a51789,INS,0,0,,gx-no-cache=1470685606152 HTTP/1.1" 200 8797
186.78.46.62 - - [08/Aug/2016:16:46:20 -0300] "GET /cormun/servlet/solicitudot?41cebe561e7df873eceffde87504a44c48ff26377dc697805961fd32eecc881d2b01115038ffacc03ac5895ca16730e9,gx-no-cache=1470685610348 HTTP/1.1" 200 30
186.78.46.62 - - [08/Aug/2016:16:46:20 -0300] "POST /cormun/servlet/solicitudot?gx-no-cache=1470685610457 HTTP/1.1" 200 30
186.78.46.62 - - [08/Aug/2016:16:46:24 -0300] "POST /cormun/servlet/solicitudot?gx-no-cache=1470685613827 HTTP/1.1" 200 30
186.67.172.234 - - [08/Aug/2016:16:46:25 -0300] "GET /cormun/servlet/solicitudot?28fed6dac6be4754b3da3b8e274cb144bc715d9552122d0a8de9d2e2080e127f22b4ffc03b6c1c22ed00308a7e7606b01cfbdf8642de46df67e25268def5f78285b8dd1019b71cf91fdb9a40099e98b5c9d1e9278fdfd3963c61e8e2cbe31cb2478bfd13112b097ede48ea0ecd6a14bf,gx-no-cache=1470685615124 HTTP/1.1" 200 29
186.78.46.62 - - [08/Aug/2016:16:46:26 -0300] "GET /cormun/servlet/prcontratosol?10113000,,,,,MD,,gxPopupLevel%3D0%3B HTTP/1.1" 200 5728
186.67.172.234 - - [08/Aug/2016:16:46:26 -0300] "POST /cormun/servlet/solicitudot?gx-no-cache=1470685616457 HTTP/1.1" 200 1144
186.78.46.62 - - [08/Aug/2016:16:46:28 -0300] "POST /cormun/servlet/solicitudot?gx-no-cache=1470685618055 HTTP/1.1" 200 1185
186.78.46.62 - - [08/Aug/2016:16:46:28 -0300] "GET /cormun/servlet/solicitudot?41cebe561e7df873eceffde87504a44c53e8d9019077535c88bbeab7d17d46cc78302e73b2493e803cdf95a0fb998d876e19ce4930c54e7a7927ac0911722f8979d48b46c730f03c896729733e2573d2e58a6581459d7aac5fb5788223834d16e3c4abe92f35f4c2de210519948bedd6ebbeb67ca28a95f4f7f449ae497289bc1d055ebf112fd7b94064ce73e912ab54,gx-no-cache=1470685618195 HTTP/1.1" 200 38
186.78.46.62 - - [08/Aug/2016:16:46:28 -0300] "GET /cormun/servlet/solicitudot?41cebe561e7df873eceffde87504a44c403889a1b39bdc05917566d6e8ee29d2435d1cddf05135fd509f87fc0cb8a50a909389672b1d6b1d46b5c3a72acaf28029e352b294bb9e5833512be8fa73c76cd54ed7d3458620df4c0e14ec4472f65cb46b821a16055693c340995f104de6b9,gx-no-cache=1470685618273 HTTP/1.1" 200 29
186.78.46.62 - - [08/Aug/2016:16:46:28 -0300] "POST /cormun/servlet/solicitudot?gx-no-cache=1470685618351 HTTP/1.1" 200 1143
186.79.229.249 - - [08/Aug/2016:16:46:38 -0300] "GET /cormun/servlet/hlogin HTTP/1.1" 200 1724
186.79.229.249 - - [08/Aug/2016:16:46:41 -0300] "POST /cormun/servlet/hlogin?e09b0c326d9e9fa9abac238f732ab869,gx-no-cache=1470682027337 HTTP/1.1" 200 90
186.79.229.249 - - [08/Aug/2016:16:46:42 -0300] "GET /cormun/servlet/hpexe_link HTTP/1.1" 200 953
186.79.229.249 - - [08/Aug/2016:16:46:42 -0300] "GET /cormun/servlet/hhome HTTP/1.1" 200 3624
186.67.172.234 - - [08/Aug/2016:16:46:43 -0300] "GET /cormun/servlet/solicitudot?28fed6dac6be4754b3da3b8e274cb144db8ac3f861183ab927639c386b6a86f52057138414d562dee266b7e9c6f90b2a5147cf0ba702a4918d5f06e9a1d34afd9e4ec07087d2565c195ce3a4ea9f9db4f8a7a27c8dc1e70b330564b63af29c8fc86fdcd492c4744c37e20f531844e7846a7cbd6cb1349e8b397347153f2604a82180a1ba62ffe218e516bc0c3cd2b9a619d7dddff15d8544d2020d85082154751fa22f9c9acd87f4c1cb9746e1bfe888,gx-no-cache=1470685633636 HTTP/1.1" 200 30
186.79.229.249 - - [08/Aug/2016:16:46:44 -0300] "GET /cormun/servlet/hhome HTTP/1.1" 200 3621
186.79.229.249 - - [08/Aug/2016:16:46:47 -0300] "GET /cormun/servlet/trsolicitudot? HTTP/1.1" 200 7780
186.79.229.249 - - [08/Aug/2016:16:46:49 -0300] "GET /cormun/servlet/trsolicitudot? HTTP/1.1" 200 7778
186.67.172.234 - - [08/Aug/2016:16:46:59 -0300] "POST /cormun/servlet/solicitudot?0d907c4ae8721d32e0e41113fe308f3a,INS,0,0,,gx-no-cache=1470685648735 HTTP/1.1" 200 93
186.67.172.234 - - [08/Aug/2016:16:46:59 -0300] "GET /cormun/servlet/hpexe_return? HTTP/1.1" 200 1009
186.67.172.234 - - [08/Aug/2016:16:46:59 -0300] "GET /cormun/servlet/trsolicitudot HTTP/1.1" 200 7881
186.67.172.234 - - [08/Aug/2016:16:46:59 -0300] "GET /cormun/servlet/trsolicitudot HTTP/1.1" 200 7876
186.67.172.234 - - [08/Aug/2016:16:47:08 -0300] "POST /cormun/servlet/trsolicitudot?0d907c4ae8721d32e0e41113fe308f3a,gx-no-cache=1470685657844 HTTP/1.1" 200 106
186.67.172.234 - - [08/Aug/2016:16:47:08 -0300] "GET /cormun/servlet/trsolicitudadjuntos?2016,2450, HTTP/1.1" 200 5692
186.67.172.234 - - [08/Aug/2016:16:47:08 -0300] "GET /cormun/servlet/trsolicitudadjuntos?2016,2450, HTTP/1.1" 200 5692
186.78.46.62 - - [08/Aug/2016:16:47:09 -0300] "GET /cormun/servlet/solicitudot?41cebe561e7df873eceffde87504a44c6a91c2cded0ecfb0e951fc06df120ce3d1937a639d009cb383cceb74da9159af1f7fef6bcfb445bb97730d7d5ec97fb31d441fdc2b8ba82d3940d7ba227ccad65b7bdb5e87f61f3b9b652b288e4222057d5e841e35039c63d45a0728660f2f07194b9aa5eff5ae3bb9cdbaa09556803cc227edd6bc821fdad030d5999cd7abf8d72369b0c56430747231e865b7fb07651c76548bcb228571e0fdb6000ccf10a3,gx-no-cache=1470685659100 HTTP/1.1" 200 30
186.67.172.234 - - [08/Aug/2016:16:47:13 -0300] "GET /cormun/servlet/solicitudotadjuntos?INS,2016,2450,,1, HTTP/1.1" 200 5784
186.67.172.234 - - [08/Aug/2016:16:47:13 -0300] "GET /cormun/static/about:blank HTTP/1.1" 404 1011
