186.103.159.204 - - [08/Aug/2016:12:57:14 -0300] "GET /cormun/servlet/trsolicitudadjuntos?2016,2440, HTTP/1.1" 200 7838
186.103.159.204 - - [08/Aug/2016:12:57:15 -0300] "GET /cormun/servlet/trsolicitudadjuntos?2016,2440, HTTP/1.1" 200 7833
186.103.159.204 - - [08/Aug/2016:12:57:40 -0300] "GET /cormun/servlet/solicitudotadjuntos?INS,2016,2440,,1, HTTP/1.1" 200 5743
186.103.159.204 - - [08/Aug/2016:12:57:41 -0300] "GET /cormun/static/about:blank HTTP/1.1" 404 1011
186.103.159.204 - - [08/Aug/2016:12:57:41 -0300] "GET /cormun/servlet/solicitudotadjuntos?INS,2016,2440,,1, HTTP/1.1" 200 5737
186.103.159.204 - - [08/Aug/2016:12:57:41 -0300] "GET /cormun/servlet/solicitudotadjuntos?f43dfd6c0dad9b30cfdc26de03293bf7e4ae8d4cc009c518664335944e73a34b3eec0d5ef3bbc96b3a26923af9354b1b,gx-no-cache=1470671886386 HTTP/1.1" 200 30
186.103.159.204 - - [08/Aug/2016:12:57:41 -0300] "POST /cormun/servlet/solicitudotadjuntos?b77267d4a7638c6a83cca4d5bdd273ec,INS,2016,2440,,1,,gx-no-cache=1470671886431 HTTP/1.1" 200 3582
186.103.159.204 - - [08/Aug/2016:12:57:45 -0300] "GET /cormun/servlet/solicitudotadjuntos?e1e37a742e8af5345d4eb541a5b0185f70e72a70db57cafec0d031b27bdf46b7dc6ef25021c7819059049b713291dc82cb739caa61f66325150734f48c181dc483b1d74c97f1b82016b15a1cc1889d6f7982232bbeec9e2694d6c39b77e80a94bd1bb89475110a4734c3e51eaa553c3c87721ac0bd85c5483bee3beb4f64642cb700068ae8058c42e54ac22e2984674ce24945653d99c1aecb3df523006d69f7879ea56cef45e1ddecfdbf7cda329460517a7b9b319773d86dfb68decc58cbec8cf1c2b64d209fe249158f2b9337648a5d933d78307f163d76b8acccea4de3b4d6400682a8d7dbde152f8a952dfc4694f3b78d1ab4595e645f75bd02934763b2,gx-no-cache=1470671890787 HTTP/1.1" 200 26
186.103.159.204 - - [08/Aug/2016:12:57:50 -0300] "GET /cormun/servlet/solicitudotadjuntos?f43dfd6c0dad9b30cfdc26de03293bf784bdfed244651f62c4b7819a7a36febf,gx-no-cache=1470671895482 HTTP/1.1" 200 30
186.103.159.204 - - [08/Aug/2016:12:57:50 -0300] "GET /cormun/servlet/solicitudotadjuntos?f43dfd6c0dad9b30cfdc26de03293bf784bdfed244651f62c4b7819a7a36febf,gx-no-cache=1470671895502 HTTP/1.1" 200 30
186.103.159.204 - - [08/Aug/2016:12:57:51 -0300] "POST /cormun/servlet/solicitudotadjuntos?b77267d4a7638c6a83cca4d5bdd273ec,INS,2016,2440,,1, HTTP/1.1" 200 116
186.103.159.204 - - [08/Aug/2016:12:57:51 -0300] "GET /cormun/servlet/hpexe_return? HTTP/1.1" 200 1030
186.103.159.204 - - [08/Aug/2016:12:57:51 -0300] "GET /cormun/servlet/trsolicitudadjuntos?2016,2440, HTTP/1.1" 200 7944
186.103.159.204 - - [08/Aug/2016:12:57:53 -0300] "GET /cormun/servlet/trsolicitudadjuntos?2016,2440, HTTP/1.1" 200 7941
186.103.159.204 - - [08/Aug/2016:12:57:56 -0300] "GET /cormun/servlet/solicitudotadjuntos?INS,2016,2440,,1, HTTP/1.1" 200 5743
186.103.159.204 - - [08/Aug/2016:12:57:57 -0300] "GET /cormun/static/about:blank HTTP/1.1" 404 1011
186.103.159.204 - - [08/Aug/2016:12:57:57 -0300] "GET /cormun/servlet/solicitudotadjuntos?INS,2016,2440,,1, HTTP/1.1" 200 5737
186.103.159.204 - - [08/Aug/2016:12:57:58 -0300] "GET /cormun/servlet/solicitudotadjuntos?f43dfd6c0dad9b30cfdc26de03293bf7e4ae8d4cc009c518664335944e73a34b3eec0d5ef3bbc96b3a26923af9354b1b,gx-no-cache=1470671902914 HTTP/1.1" 200 30
186.103.159.204 - - [08/Aug/2016:12:57:58 -0300] "POST /cormun/servlet/solicitudotadjuntos?b77267d4a7638c6a83cca4d5bdd273ec,INS,2016,2440,,1,,gx-no-cache=1470671903216 HTTP/1.1" 200 3583
186.103.159.204 - - [08/Aug/2016:12:58:02 -0300] "GET /cormun/servlet/solicitudotadjuntos?e1e37a742e8af5345d4eb541a5b0185f70e72a70db57cafec0d031b27bdf46b7b5b04037733d5cb933af81425af80e54cb739caa61f66325150734f48c181dc483b1d74c97f1b82016b15a1cc1889d6f7982232bbeec9e2694d6c39b77e80a94bd1bb89475110a4734c3e51eaa553c3c87721ac0bd85c5483bee3beb4f64642cb700068ae8058c42e54ac22e2984674ce24945653d99c1aecb3df523006d69f7879ea56cef45e1ddecfdbf7cda329460517a7b9b319773d86dfb68decc58cbec8cf1c2b64d209fe249158f2b9337648a5d933d78307f163d76b8acccea4de3b4d6400682a8d7dbde152f8a952dfc4694f3b78d1ab4595e645f75bd02934763b2,gx-no-cache=1470671907170 HTTP/1.1" 200 26
186.103.159.204 - - [08/Aug/2016:12:58:09 -0300] "GET /cormun/servlet/solicitudotadjuntos?f43dfd6c0dad9b30cfdc26de03293bf784bdfed244651f62c4b7819a7a36febf,gx-no-cache=1470671914237 HTTP/1.1" 200 30
186.103.159.204 - - [08/Aug/2016:12:58:09 -0300] "GET /cormun/servlet/solicitudotadjuntos?f43dfd6c0dad9b30cfdc26de03293bf784bdfed244651f62c4b7819a7a36febf,gx-no-cache=1470671914260 HTTP/1.1" 200 30
186.103.159.204 - - [08/Aug/2016:12:58:11 -0300] "POST /cormun/servlet/solicitudotadjuntos?b77267d4a7638c6a83cca4d5bdd273ec,INS,2016,2440,,1, HTTP/1.1" 200 116
186.103.159.204 - - [08/Aug/2016:12:58:11 -0300] "GET /cormun/servlet/hpexe_return? HTTP/1.1" 200 1030
186.103.159.204 - - [08/Aug/2016:12:58:11 -0300] "GET /cormun/servlet/trsolicitudadjuntos?2016,2440, HTTP/1.1" 200 8063
186.103.159.204 - - [08/Aug/2016:12:58:13 -0300] "GET /cormun/servlet/trsolicitudadjuntos?2016,2440, HTTP/1.1" 200 8062
186.103.159.204 - - [08/Aug/2016:12:58:16 -0300] "GET /cormun/servlet/solicitudotadjuntos?INS,2016,2440,,1, HTTP/1.1" 200 5743
186.103.159.204 - - [08/Aug/2016:12:58:16 -0300] "GET /cormun/static/about:blank HTTP/1.1" 404 1011
186.103.159.204 - - [08/Aug/2016:12:58:16 -0300] "GET /cormun/servlet/solicitudotadjuntos?INS,2016,2440,,1, HTTP/1.1" 200 5737
186.103.159.204 - - [08/Aug/2016:12:58:17 -0300] "GET /cormun/servlet/solicitudotadjuntos?f43dfd6c0dad9b30cfdc26de03293bf7e4ae8d4cc009c518664335944e73a34b3eec0d5ef3bbc96b3a26923af9354b1b,gx-no-cache=1470671922174 HTTP/1.1" 200 30
186.103.159.204 - - [08/Aug/2016:12:58:17 -0300] "POST /cormun/servlet/solicitudotadjuntos?b77267d4a7638c6a83cca4d5bdd273ec,INS,2016,2440,,1,,gx-no-cache=1470671922214 HTTP/1.1" 200 3583
186.103.159.204 - - [08/Aug/2016:12:58:27 -0300] "GET /cormun/servlet/solicitudotadjuntos?e1e37a742e8af5345d4eb541a5b0185f70e72a70db57cafec0d031b27bdf46b727891b2361e413e65813d9cb82868531308819e102ab1d50c7e97df6411137c75a9aa397630a0b2e242dd7eedfd83ae9040981f0df1f81f7b8fdb9832459e239adab76b6328ecb72e1e7569fbfa59e3b42c71237022593ece76543ba5e178f6a39ef5c314b6fcf91e1557f19c6a95aaf5f2f897e227e9bebd28f500eb31992c5be05cda3f060a2cbb7319335d0abbe44e2bff034cf1684e5e8383619bc1a6312d62257f72e4b692916842179269d052ce96b81c37dfd630a1b82e372caf1749dd0ac9a489eecbbfc9624ba86f96cec18606aab30bb219c213fb1d460fe774ba9,gx-no-cache=1470671932360 HTTP/1.1" 200 26
186.103.159.204 - - [08/Aug/2016:12:58:40 -0300] "GET /cormun/servlet/solicitudotadjuntos?f43dfd6c0dad9b30cfdc26de03293bf784bdfed244651f62c4b7819a7a36febf,gx-no-cache=1470671941909 HTTP/1.1" 200 30
186.103.159.204 - - [08/Aug/2016:12:58:40 -0300] "GET /cormun/servlet/solicitudotadjuntos?f43dfd6c0dad9b30cfdc26de03293bf784bdfed244651f62c4b7819a7a36febf,gx-no-cache=1470671945418 HTTP/1.1" 200 30
192.168.10.17 - - [08/Aug/2016:12:59:32 -0300] "GET /cormun/servlet/vesolicitudnombre?2016,2119,,SolicitudOTAdjuntos HTTP/1.1" 200 9814
192.168.10.17 - - [08/Aug/2016:12:59:32 -0300] "GET /cormun/pexe_scrolldiv.js HTTP/1.1" 404 1009
186.103.159.204 - - [08/Aug/2016:12:59:32 -0300] "POST /cormun/servlet/solicitudotadjuntos?b77267d4a7638c6a83cca4d5bdd273ec,INS,2016,2440,,1, HTTP/1.1" 200 116
186.103.159.204 - - [08/Aug/2016:12:59:32 -0300] "GET /cormun/servlet/hpexe_return? HTTP/1.1" 200 1030
186.103.159.204 - - [08/Aug/2016:12:59:33 -0300] "GET /cormun/servlet/trsolicitudadjuntos?2016,2440, HTTP/1.1" 200 8218
192.168.10.17 - - [08/Aug/2016:12:59:34 -0300] "POST /cormun/servlet/acontrolpreferencessavestate?None,CDROGUETT,true HTTP/1.1" 200 35
192.168.10.17 - - [08/Aug/2016:12:59:35 -0300] "GET /cormun/PublicTempStorage/curriculum_1941703.pdf HTTP/1.1" 200 625991
192.168.10.17 - - [08/Aug/2016:12:59:36 -0300] "GET /cormun/PublicTempStorage/curriculum_1941703.pdf HTTP/1.1" 206 4096
192.168.10.17 - - [08/Aug/2016:12:59:42 -0300] "GET /cormun/servlet/vesolicitudnombre?2016,2119,,SolicitudOTAdjuntos HTTP/1.1" 200 9816
192.168.10.17 - - [08/Aug/2016:12:59:42 -0300] "GET /cormun/pexe_scrolldiv.js HTTP/1.1" 404 1009
186.103.159.204 - - [08/Aug/2016:12:59:43 -0300] "GET /cormun/servlet/trsolicitudadjuntos?2016,2440, HTTP/1.1" 200 8217
192.168.10.17 - - [08/Aug/2016:12:59:44 -0300] "POST /cormun/servlet/acontrolpreferencessavestate?None,CDROGUETT,true HTTP/1.1" 200 35
192.168.10.17 - - [08/Aug/2016:12:59:44 -0300] "GET /cormun/servlet/vesolicitudnombre?2016,2119,, HTTP/1.1" 200 8371
192.168.10.17 - - [08/Aug/2016:12:59:44 -0300] "GET /cormun/pexe_scrolldiv.js HTTP/1.1" 404 1009
192.168.10.17 - - [08/Aug/2016:12:59:46 -0300] "GET /cormun/servlet/trsolicitudnombre?17502947, HTTP/1.1" 200 7916
186.103.159.204 - - [08/Aug/2016:12:59:50 -0300] "GET /cormun/servlet/solicitudotadjuntos?DLT,2016,2440,CERTIF2,0, HTTP/1.1" 200 5692
186.103.159.204 - - [08/Aug/2016:12:59:50 -0300] "GET /cormun/PublicTempStorage/img4452216922.jpg HTTP/1.1" 200 1353472
186.103.159.204 - - [08/Aug/2016:12:59:51 -0300] "GET /cormun/static/Shared/jqueryui/images/ui-bg_highlight-soft_100_c6c2c8_1x100.png HTTP/1.1" 404 1117
186.103.159.204 - - [08/Aug/2016:12:59:51 -0300] "GET /cormun/static/Shared/jqueryui/images/ui-icons_82798d_256x240.png HTTP/1.1" 404 1089
186.103.159.204 - - [08/Aug/2016:12:59:51 -0300] "GET /cormun/static/Shared/jqueryui/images/ui-bg_flat_55_fafafa_40x100.png HTTP/1.1" 404 1097
186.103.159.204 - - [08/Aug/2016:12:59:51 -0300] "GET /cormun/static/Shared/jqueryui/images/ui-icons_8d78a5_256x240.png HTTP/1.1" 404 1089
186.103.159.204 - - [08/Aug/2016:12:59:51 -0300] "GET /cormun/servlet/solicitudotadjuntos?DLT,2016,2440,CERTIF2,0, HTTP/1.1" 200 5688
192.168.10.17 - - [08/Aug/2016:12:59:51 -0300] "GET /cormun/servlet/vesolicitudnombre?2016,2169,, HTTP/1.1" 200 8376
192.168.10.17 - - [08/Aug/2016:12:59:51 -0300] "GET /cormun/pexe_scrolldiv.js HTTP/1.1" 404 1009
192.168.10.17 - - [08/Aug/2016:12:59:54 -0300] "GET /cormun/servlet/vesolicitudnombre?2016,2169,,SolicitudOTAdjuntos HTTP/1.1" 200 9340
192.168.10.17 - - [08/Aug/2016:12:59:54 -0300] "GET /cormun/pexe_scrolldiv.js HTTP/1.1" 404 1009
192.168.10.17 - - [08/Aug/2016:12:59:56 -0300] "POST /cormun/servlet/acontrolpreferencessavestate?None,CDROGUETT,true HTTP/1.1" 200 35
186.103.159.204 - - [08/Aug/2016:13:00:01 -0300] "POST /cormun/servlet/solicitudotadjuntos?b77267d4a7638c6a83cca4d5bdd273ec,DLT,2016,2440,CERTIF2,0,,gx-no-cache=1470672026119 HTTP/1.1" 200 93
186.103.159.204 - - [08/Aug/2016:13:00:01 -0300] "GET /cormun/servlet/hpexe_return? HTTP/1.1" 200 1036
186.103.159.204 - - [08/Aug/2016:13:00:02 -0300] "GET /cormun/servlet/trsolicitudadjuntos?2016,2440, HTTP/1.1" 200 8063
186.103.159.204 - - [08/Aug/2016:13:00:03 -0300] "GET /cormun/servlet/trsolicitudadjuntos?2016,2440, HTTP/1.1" 200 8061
186.103.159.204 - - [08/Aug/2016:13:00:24 -0300] "GET /cormun/servlet/solicitudotadjuntos?INS,2016,2440,,1, HTTP/1.1" 200 5743
186.103.159.204 - - [08/Aug/2016:13:00:25 -0300] "GET /cormun/static/about:blank HTTP/1.1" 404 1011
186.103.159.204 - - [08/Aug/2016:13:00:25 -0300] "GET /cormun/servlet/solicitudotadjuntos?INS,2016,2440,,1, HTTP/1.1" 200 5737
186.103.159.204 - - [08/Aug/2016:13:00:26 -0300] "GET /cormun/servlet/solicitudotadjuntos?f43dfd6c0dad9b30cfdc26de03293bf7e4ae8d4cc009c518664335944e73a34b3eec0d5ef3bbc96b3a26923af9354b1b,gx-no-cache=1470672050825 HTTP/1.1" 200 30
186.103.159.204 - - [08/Aug/2016:13:00:26 -0300] "POST /cormun/servlet/solicitudotadjuntos?b77267d4a7638c6a83cca4d5bdd273ec,INS,2016,2440,,1,,gx-no-cache=1470672050977 HTTP/1.1" 200 3583
186.103.159.204 - - [08/Aug/2016:13:00:33 -0300] "GET /cormun/servlet/solicitudotadjuntos?e1e37a742e8af5345d4eb541a5b0185f70e72a70db57cafec0d031b27bdf46b7127acfafea7bdd86e9a36364e15cf7293fcc2f1850f0380b9b4c36b835a01a71deffb01707e9e84c3058c49a559a7ff287721ac0bd85c5483bee3beb4f64642c9d2f5be0ebd65edf702433b4132cb266e24945653d99c1aecb3df523006d69f774ec4e47cbe33900190a6b245958dc1e517a7b9b319773d86dfb68decc58cbecfca760bf898300748dc0de3b69bdb5c30a71f5183c0765dc1110dbd4a7adb1569f1c3e971c24379a3df35f0ec1e1b4afb70676e01499a38ab0c5728e01154bd9dd1f7a2a962ad7e50e0343b45162593970df7ee111061c6b8b919b148a97e081,gx-no-cache=1470672058397 HTTP/1.1" 200 26
186.103.159.204 - - [08/Aug/2016:13:00:35 -0300] "GET /cormun/servlet/solicitudotadjuntos?f43dfd6c0dad9b30cfdc26de03293bf784bdfed244651f62c4b7819a7a36febf,gx-no-cache=1470672060772 HTTP/1.1" 200 30
186.103.159.204 - - [08/Aug/2016:13:00:36 -0300] "GET /cormun/servlet/solicitudotadjuntos?f43dfd6c0dad9b30cfdc26de03293bf784bdfed244651f62c4b7819a7a36febf,gx-no-cache=1470672060823 HTTP/1.1" 200 30
186.103.159.204 - - [08/Aug/2016:13:00:36 -0300] "POST /cormun/servlet/solicitudotadjuntos?b77267d4a7638c6a83cca4d5bdd273ec,INS,2016,2440,,1,,gx-no-cache=1470672060864 HTTP/1.1" 200 93
186.103.159.204 - - [08/Aug/2016:13:00:36 -0300] "GET /cormun/servlet/hpexe_return? HTTP/1.1" 200 1030
186.103.159.204 - - [08/Aug/2016:13:00:36 -0300] "GET /cormun/servlet/trsolicitudadjuntos?2016,2440, HTTP/1.1" 200 8153
186.103.159.204 - - [08/Aug/2016:13:00:38 -0300] "GET /cormun/servlet/trsolicitudadjuntos?2016,2440, HTTP/1.1" 200 8151
186.103.159.204 - - [08/Aug/2016:13:00:45 -0300] "GET /cormun/servlet/solicitudotadjuntos?INS,2016,2440,,2, HTTP/1.1" 200 5740
186.103.159.204 - - [08/Aug/2016:13:00:46 -0300] "GET /cormun/static/about:blank HTTP/1.1" 404 1011
186.103.159.204 - - [08/Aug/2016:13:00:46 -0300] "GET /cormun/servlet/solicitudotadjuntos?INS,2016,2440,,2, HTTP/1.1" 200 5734
186.103.159.204 - - [08/Aug/2016:13:00:46 -0300] "GET /cormun/servlet/solicitudotadjuntos?f43dfd6c0dad9b30cfdc26de03293bf7e4ae8d4cc009c518664335944e73a34b3eec0d5ef3bbc96b3a26923af9354b1b,gx-no-cache=1470672071765 HTTP/1.1" 200 30
186.103.159.204 - - [08/Aug/2016:13:00:47 -0300] "POST /cormun/servlet/solicitudotadjuntos?b77267d4a7638c6a83cca4d5bdd273ec,INS,2016,2440,,2,,gx-no-cache=1470672071865 HTTP/1.1" 200 3725
192.168.10.17 - - [08/Aug/2016:13:00:48 -0300] "GET /cormun/servlet/trconsultaempleado? HTTP/1.1" 200 6555
186.103.159.204 - - [08/Aug/2016:13:00:51 -0300] "GET /cormun/servlet/solicitudotadjuntos?e1e37a742e8af5345d4eb541a5b0185f70e72a70db57cafec0d031b27bdf46b7e1d9aff7d75c77d2c82ece9360e5bd666635964fb36197905ff2482f89f9452bcc43706441ae1c3d5848b3780b62a57ee24945653d99c1aecb3df523006d69f74a77eecd728e73c8330569a68348e560517a7b9b319773d86dfb68decc58cbec11c896ce60f93b9168147eb06427e4a30a71f5183c0765dc1110dbd4a7adb156371dde4e6d2e943565e74c088a7886fa040981f0df1f81f7b8fdb9832459e2397b77e1005d5cb054977edddf0f99278f42c71237022593ece76543ba5e178f6ade54d0a64fead233367d037f7f0231f45f2f897e227e9bebd28f500eb31992c5ec5571074cc1e0369518ba164cb1e831fb5fa9e5d259df3bd9eadc2f2e36a8a077c5a5618429320619054fea1172cb6411c17ec0e3fcdaa0a8793214bcc851a7dd1f7a2a962ad7e50e0343b451625939ea61bcb67b6a0565e474bb9202cb11a48138ab3283bf120c30d6179df3878bbc70df7ee111061c6b8b919b148a97e081,gx-no-cache=1470672075940 HTTP/1.1" 200 26
186.103.159.204 - - [08/Aug/2016:13:00:56 -0300] "GET /cormun/servlet/solicitudotadjuntos?f43dfd6c0dad9b30cfdc26de03293bf784bdfed244651f62c4b7819a7a36febf,gx-no-cache=1470672081185 HTTP/1.1" 200 30
186.103.159.204 - - [08/Aug/2016:13:00:56 -0300] "GET /cormun/servlet/solicitudotadjuntos?f43dfd6c0dad9b30cfdc26de03293bf784bdfed244651f62c4b7819a7a36febf,gx-no-cache=1470672081424 HTTP/1.1" 200 30
186.103.159.204 - - [08/Aug/2016:13:00:57 -0300] "POST /cormun/servlet/solicitudotadjuntos?b77267d4a7638c6a83cca4d5bdd273ec,INS,2016,2440,,2, HTTP/1.1" 200 116
186.103.159.204 - - [08/Aug/2016:13:00:57 -0300] "GET /cormun/servlet/hpexe_return? HTTP/1.1" 200 1030
186.103.159.204 - - [08/Aug/2016:13:00:58 -0300] "GET /cormun/servlet/trsolicitudadjuntos?2016,2440, HTTP/1.1" 200 8382
186.103.159.204 - - [08/Aug/2016:13:00:59 -0300] "GET /cormun/servlet/trsolicitudadjuntos?2016,2440, HTTP/1.1" 200 8377
192.168.10.17 - - [08/Aug/2016:13:01:00 -0300] "POST /cormun/servlet/trconsultaempleado?bcaf7899deabd80c8b4d29571cbcb462,,gx-no-cache=1470672305079 HTTP/1.1" 200 4167
186.103.159.204 - - [08/Aug/2016:13:01:03 -0300] "GET /cormun/servlet/trsolicitudot? HTTP/1.1" 200 8493
192.168.10.17 - - [08/Aug/2016:13:01:04 -0300] "GET /cormun/servlet/trsolicitudnombre?16493601, HTTP/1.1" 200 7513
186.103.159.204 - - [08/Aug/2016:13:01:04 -0300] "GET /cormun/servlet/trsolicitudot? HTTP/1.1" 200 8487
192.168.10.17 - - [08/Aug/2016:13:01:08 -0300] "GET /cormun/servlet/vesolicitudnombre?2016,2382,, HTTP/1.1" 200 8334
192.168.10.17 - - [08/Aug/2016:13:01:08 -0300] "GET /cormun/pexe_scrolldiv.js HTTP/1.1" 404 1009
192.168.10.17 - - [08/Aug/2016:13:01:10 -0300] "GET /cormun/servlet/vesolicitudnombre?2016,2382,,SolicitudOTAdjuntos HTTP/1.1" 200 9889
192.168.10.17 - - [08/Aug/2016:13:01:10 -0300] "GET /cormun/pexe_scrolldiv.js HTTP/1.1" 404 1009
192.168.10.17 - - [08/Aug/2016:13:01:12 -0300] "POST /cormun/servlet/acontrolpreferencessavestate?None,CDROGUETT,true HTTP/1.1" 200 35
186.103.159.204 - - [08/Aug/2016:13:01:14 -0300] "POST /cormun/servlet/trsolicitudot?b77267d4a7638c6a83cca4d5bdd273ec,,gx-no-cache=1470672099156 HTTP/1.1" 200 5587
186.103.159.204 - - [08/Aug/2016:13:01:15 -0300] "GET /cormun/static/Shared/jqueryui/images/ui-bg_highlight-soft_100_c6c2c8_1x100.png HTTP/1.1" 404 1117
186.103.159.204 - - [08/Aug/2016:13:01:15 -0300] "GET /cormun/static/Shared/jqueryui/images/ui-icons_82798d_256x240.png HTTP/1.1" 404 1089
186.103.159.204 - - [08/Aug/2016:13:01:15 -0300] "POST /cormun/servlet/trsolicitudot?b77267d4a7638c6a83cca4d5bdd273ec,,gx-no-cache=1470672099765 HTTP/1.1" 200 5528
186.103.159.204 - - [08/Aug/2016:13:01:15 -0300] "GET /cormun/static/Shared/jqueryui/images/ui-bg_flat_55_fafafa_40x100.png HTTP/1.1" 404 1097
186.103.159.204 - - [08/Aug/2016:13:01:15 -0300] "GET /cormun/static/Shared/jqueryui/images/ui-icons_8d78a5_256x240.png HTTP/1.1" 404 1089
186.103.159.204 - - [08/Aug/2016:13:01:18 -0300] "POST /cormun/servlet/trsolicitudot?b77267d4a7638c6a83cca4d5bdd273ec,,gx-no-cache=1470672102644 HTTP/1.1" 200 5794
186.103.157.235 - - [08/Aug/2016:13:01:23 -0300] "GET /cormun/servlet/trsolicitudot? HTTP/1.1" 200 5996
186.103.157.235 - - [08/Aug/2016:13:01:24 -0300] "GET /cormun/servlet/hlogin HTTP/1.1" 200 1736
186.103.157.235 - - [08/Aug/2016:13:01:24 -0300] "GET /cormun/servlet/trsolicitudot? HTTP/1.1" 200 5995
186.103.159.204 - - [08/Aug/2016:13:01:29 -0300] "POST /cormun/servlet/trsolicitudot?b77267d4a7638c6a83cca4d5bdd273ec,,gx-no-cache=1470672114205 HTTP/1.1" 200 5222
186.103.159.204 - - [08/Aug/2016:13:01:29 -0300] "POST /cormun/servlet/trsolicitudot?b77267d4a7638c6a83cca4d5bdd273ec,,gx-no-cache=1470672114481 HTTP/1.1" 200 5163
186.103.159.204 - - [08/Aug/2016:13:01:32 -0300] "POST /cormun/servlet/trsolicitudot?b77267d4a7638c6a83cca4d5bdd273ec,,gx-no-cache=1470672117622 HTTP/1.1" 200 106
186.103.159.204 - - [08/Aug/2016:13:01:32 -0300] "GET /cormun/servlet/trsolicitudadjuntos?2016,2441, HTTP/1.1" 200 5647
186.103.159.204 - - [08/Aug/2016:13:01:33 -0300] "GET /cormun/servlet/trsolicitudadjuntos?2016,2441, HTTP/1.1" 200 5647
186.103.157.235 - - [08/Aug/2016:13:01:35 -0300] "POST /cormun/servlet/hlogin?a11cd9f77896021090cb64f72a451cd6,gx-no-cache=1470672126078 HTTP/1.1" 200 90
186.103.157.235 - - [08/Aug/2016:13:01:35 -0300] "GET /cormun/servlet/hpexe_link HTTP/1.1" 200 950
186.103.157.235 - - [08/Aug/2016:13:01:35 -0300] "GET /cormun/servlet/trsolicitudot HTTP/1.1" 200 7719
186.103.157.235 - - [08/Aug/2016:13:01:36 -0300] "GET /cormun/servlet/trsolicitudot HTTP/1.1" 200 7717
186.103.159.204 - - [08/Aug/2016:13:01:42 -0300] "GET /cormun/servlet/solicitudotadjuntos?INS,2016,2441,,1, HTTP/1.1" 200 5742
186.103.157.235 - - [08/Aug/2016:13:01:42 -0300] "GET /cormun/servlet/trsolicitudot? HTTP/1.1" 200 7717
186.103.159.204 - - [08/Aug/2016:13:01:42 -0300] "GET /cormun/static/about:blank HTTP/1.1" 404 1011
186.103.159.204 - - [08/Aug/2016:13:01:42 -0300] "GET /cormun/servlet/solicitudotadjuntos?INS,2016,2441,,1, HTTP/1.1" 200 5736
186.103.157.235 - - [08/Aug/2016:13:01:43 -0300] "GET /cormun/servlet/trsolicitudot? HTTP/1.1" 200 7717
186.103.159.204 - - [08/Aug/2016:13:01:43 -0300] "GET /cormun/servlet/solicitudotadjuntos?f43dfd6c0dad9b30cfdc26de03293bf7cb6a438d2a01c0166f6c3c1a9b27aa143eec0d5ef3bbc96b3a26923af9354b1b,gx-no-cache=1470672128110 HTTP/1.1" 200 30
186.103.159.204 - - [08/Aug/2016:13:01:43 -0300] "POST /cormun/servlet/solicitudotadjuntos?b77267d4a7638c6a83cca4d5bdd273ec,INS,2016,2441,,1,,gx-no-cache=1470672128203 HTTP/1.1" 200 3580
186.103.157.235 - - [08/Aug/2016:13:01:46 -0300] "GET /cormun/servlet/solicitudot?INS,0,0, HTTP/1.1" 200 12067
186.103.157.235 - - [08/Aug/2016:13:01:47 -0300] "GET /cormun/servlet/solicitudot?INS,0,0, HTTP/1.1" 200 12072
186.67.172.234 - - [08/Aug/2016:13:01:52 -0300] "POST /cormun/servlet/hlogin?6012ce3889da7e18731ff0ddebb030d4,gx-no-cache=1470672142216 HTTP/1.1" 200 90
186.67.172.234 - - [08/Aug/2016:13:01:53 -0300] "GET /cormun/servlet/hpexe_link HTTP/1.1" 200 948
186.67.172.234 - - [08/Aug/2016:13:01:53 -0300] "GET /cormun/servlet/hhome HTTP/1.1" 200 3750
186.67.172.234 - - [08/Aug/2016:13:01:53 -0300] "GET /cormun/static/Resources/PXToolsHeaderLogin.png HTTP/1.1" 304 -
186.67.172.234 - - [08/Aug/2016:13:01:53 -0300] "GET /cormun/static/Resources/PXToolsHeaderActionsLeft.png HTTP/1.1" 304 -
186.67.172.234 - - [08/Aug/2016:13:01:53 -0300] "GET /cormun/static/Resources/PXToolsDataTitle.png HTTP/1.1" 304 -
186.67.172.234 - - [08/Aug/2016:13:01:53 -0300] "GET /cormun/static/Resources/PXToolsHeaderSecurity.png HTTP/1.1" 304 -
186.67.172.234 - - [08/Aug/2016:13:01:53 -0300] "GET /cormun/static/Resources/PXToolsHeaderActionsBackground.png HTTP/1.1" 304 -
186.67.172.234 - - [08/Aug/2016:13:01:53 -0300] "GET /cormun/static/Resources/PXToolsHeaderActionsRight.png HTTP/1.1" 304 -
186.67.172.234 - - [08/Aug/2016:13:01:53 -0300] "GET /cormun/static/Resources/PXToolsHeaderPreferences.png HTTP/1.1" 304 -
186.67.172.234 - - [08/Aug/2016:13:01:53 -0300] "GET /cormun/static/Resources/PXToolsHeaderHome.png HTTP/1.1" 304 -
186.67.172.234 - - [08/Aug/2016:13:01:53 -0300] "GET /cormun/static/scaMessage/scaMessageRender.js HTTP/1.1" 304 -
186.67.172.234 - - [08/Aug/2016:13:01:53 -0300] "GET /cormun/servlet/hhome HTTP/1.1" 200 3747
186.103.159.204 - - [08/Aug/2016:13:01:56 -0300] "GET /cormun/servlet/solicitudotadjuntos?e1e37a742e8af5345d4eb541a5b0185f70e72a70db57cafec0d031b27bdf46b7f0132f702bfc17a953e2f9d39b9bf8f73fcc2f1850f0380b9b4c36b835a01a71deffb01707e9e84c3058c49a559a7ff287721ac0bd85c5483bee3beb4f64642c9d2f5be0ebd65edf702433b4132cb266e24945653d99c1aecb3df523006d69f774ec4e47cbe33900190a6b245958dc1e517a7b9b319773d86dfb68decc58cbecfca760bf898300748dc0de3b69bdb5c30a71f5183c0765dc1110dbd4a7adb1569f1c3e971c24379a3df35f0ec1e1b4afb70676e01499a38ab0c5728e01154bd9dd1f7a2a962ad7e50e0343b45162593970df7ee111061c6b8b919b148a97e081,gx-no-cache=1470672141440 HTTP/1.1" 200 26
186.103.157.235 - - [08/Aug/2016:13:01:57 -0300] "POST /cormun/servlet/solicitudot?gx-no-cache=1470672147680 HTTP/1.1" 200 2907
186.103.157.235 - - [08/Aug/2016:13:01:58 -0300] "POST /cormun/servlet/solicitudot?a11cd9f77896021090cb64f72a451cd6,INS,0,0,,gx-no-cache=1470672148456 HTTP/1.1" 200 8756
186.103.159.204 - - [08/Aug/2016:13:02:00 -0300] "GET /cormun/servlet/solicitudotadjuntos?f43dfd6c0dad9b30cfdc26de03293bf784bdfed244651f62c4b7819a7a36febf,gx-no-cache=1470672144838 HTTP/1.1" 200 30
186.103.159.204 - - [08/Aug/2016:13:02:00 -0300] "GET /cormun/servlet/solicitudotadjuntos?f43dfd6c0dad9b30cfdc26de03293bf784bdfed244651f62c4b7819a7a36febf,gx-no-cache=1470672144885 HTTP/1.1" 200 30
186.103.159.204 - - [08/Aug/2016:13:02:01 -0300] "POST /cormun/servlet/solicitudotadjuntos?b77267d4a7638c6a83cca4d5bdd273ec,INS,2016,2441,,1, HTTP/1.1" 200 116
186.103.159.204 - - [08/Aug/2016:13:02:01 -0300] "GET /cormun/servlet/hpexe_return? HTTP/1.1" 200 1030
186.103.159.204 - - [08/Aug/2016:13:02:02 -0300] "GET /cormun/servlet/trsolicitudadjuntos?2016,2441, HTTP/1.1" 200 7521
186.103.159.204 - - [08/Aug/2016:13:02:03 -0300] "GET /cormun/servlet/trsolicitudadjuntos?2016,2441, HTTP/1.1" 200 7518
186.103.157.235 - - [08/Aug/2016:13:02:04 -0300] "GET /cormun/servlet/solicitudot?cde92b3365ec44555ebde3d1e70d5426a743e548e30bfe5d27490de78a9cfcbe1952412b6c99030f5cf27992bda0bfb2,gx-no-cache=1470672155467 HTTP/1.1" 200 30
186.103.159.204 - - [08/Aug/2016:13:02:05 -0300] "GET /cormun/servlet/solicitudotadjuntos?INS,2016,2441,,1, HTTP/1.1" 200 5742
186.103.159.204 - - [08/Aug/2016:13:02:06 -0300] "GET /cormun/static/about:blank HTTP/1.1" 404 1011
186.103.159.204 - - [08/Aug/2016:13:02:06 -0300] "GET /cormun/servlet/solicitudotadjuntos?INS,2016,2441,,1, HTTP/1.1" 200 5736
186.103.159.204 - - [08/Aug/2016:13:02:06 -0300] "GET /cormun/servlet/solicitudotadjuntos?f43dfd6c0dad9b30cfdc26de03293bf7cb6a438d2a01c0166f6c3c1a9b27aa143eec0d5ef3bbc96b3a26923af9354b1b,gx-no-cache=1470672151636 HTTP/1.1" 200 30
186.103.159.204 - - [08/Aug/2016:13:02:07 -0300] "POST /cormun/servlet/solicitudotadjuntos?b77267d4a7638c6a83cca4d5bdd273ec,INS,2016,2441,,1,,gx-no-cache=1470672151758 HTTP/1.1" 200 3583
186.103.159.204 - - [08/Aug/2016:13:02:09 -0300] "GET /cormun/servlet/solicitudotadjuntos?e1e37a742e8af5345d4eb541a5b0185f70e72a70db57cafec0d031b27bdf46b7737f0248e5dba134cc978b8a64b1eec4cb739caa61f66325150734f48c181dc483b1d74c97f1b82016b15a1cc1889d6f7982232bbeec9e2694d6c39b77e80a94bd1bb89475110a4734c3e51eaa553c3c87721ac0bd85c5483bee3beb4f64642cb700068ae8058c42e54ac22e2984674ce24945653d99c1aecb3df523006d69f7879ea56cef45e1ddecfdbf7cda329460517a7b9b319773d86dfb68decc58cbec8cf1c2b64d209fe249158f2b9337648a5d933d78307f163d76b8acccea4de3b4d6400682a8d7dbde152f8a952dfc4694f3b78d1ab4595e645f75bd02934763b2,gx-no-cache=1470672154796 HTTP/1.1" 200 26
186.103.159.204 - - [08/Aug/2016:13:02:16 -0300] "GET /cormun/servlet/solicitudotadjuntos?f43dfd6c0dad9b30cfdc26de03293bf784bdfed244651f62c4b7819a7a36febf,gx-no-cache=1470672161232 HTTP/1.1" 200 30
186.103.159.204 - - [08/Aug/2016:13:02:16 -0300] "GET /cormun/servlet/solicitudotadjuntos?f43dfd6c0dad9b30cfdc26de03293bf784bdfed244651f62c4b7819a7a36febf,gx-no-cache=1470672161287 HTTP/1.1" 200 30
186.103.159.204 - - [08/Aug/2016:13:02:17 -0300] "POST /cormun/servlet/solicitudotadjuntos?b77267d4a7638c6a83cca4d5bdd273ec,INS,2016,2441,,1, HTTP/1.1" 200 116
186.103.159.204 - - [08/Aug/2016:13:02:17 -0300] "GET /cormun/servlet/hpexe_return? HTTP/1.1" 200 1030
186.103.159.204 - - [08/Aug/2016:13:02:18 -0300] "GET /cormun/servlet/trsolicitudadjuntos?2016,2441, HTTP/1.1" 200 7688
186.103.159.204 - - [08/Aug/2016:13:02:19 -0300] "GET /cormun/servlet/trsolicitudadjuntos?2016,2441, HTTP/1.1" 200 7684
186.103.159.204 - - [08/Aug/2016:13:02:22 -0300] "GET /cormun/servlet/solicitudotadjuntos?INS,2016,2441,,1, HTTP/1.1" 200 5742
186.103.159.204 - - [08/Aug/2016:13:02:23 -0300] "GET /cormun/static/about:blank HTTP/1.1" 404 1011
186.103.159.204 - - [08/Aug/2016:13:02:23 -0300] "GET /cormun/servlet/solicitudotadjuntos?INS,2016,2441,,1, HTTP/1.1" 200 5736
186.103.159.204 - - [08/Aug/2016:13:02:23 -0300] "GET /cormun/servlet/solicitudotadjuntos?f43dfd6c0dad9b30cfdc26de03293bf7cb6a438d2a01c0166f6c3c1a9b27aa143eec0d5ef3bbc96b3a26923af9354b1b,gx-no-cache=1470672168404 HTTP/1.1" 200 30
186.103.159.204 - - [08/Aug/2016:13:02:23 -0300] "POST /cormun/servlet/solicitudotadjuntos?b77267d4a7638c6a83cca4d5bdd273ec,INS,2016,2441,,1,,gx-no-cache=1470672168478 HTTP/1.1" 200 3583
186.103.159.204 - - [08/Aug/2016:13:02:27 -0300] "GET /cormun/servlet/solicitudotadjuntos?e1e37a742e8af5345d4eb541a5b0185f70e72a70db57cafec0d031b27bdf46b7dc6ef25021c7819059049b713291dc82cb739caa61f66325150734f48c181dc483b1d74c97f1b82016b15a1cc1889d6f7982232bbeec9e2694d6c39b77e80a94bd1bb89475110a4734c3e51eaa553c3c87721ac0bd85c5483bee3beb4f64642cb700068ae8058c42e54ac22e2984674ce24945653d99c1aecb3df523006d69f7879ea56cef45e1ddecfdbf7cda329460517a7b9b319773d86dfb68decc58cbec8cf1c2b64d209fe249158f2b9337648a5d933d78307f163d76b8acccea4de3b4d6400682a8d7dbde152f8a952dfc4694f3b78d1ab4595e645f75bd02934763b2,gx-no-cache=1470672172133 HTTP/1.1" 200 26
192.168.10.17 - - [08/Aug/2016:13:02:29 -0300] "GET /cormun/PublicTempStorage/0024690586.jpg HTTP/1.1" 200 323709
186.103.159.204 - - [08/Aug/2016:13:02:35 -0300] "GET /cormun/servlet/solicitudotadjuntos?f43dfd6c0dad9b30cfdc26de03293bf784bdfed244651f62c4b7819a7a36febf,gx-no-cache=1470672180594 HTTP/1.1" 200 30
186.103.159.204 - - [08/Aug/2016:13:02:35 -0300] "GET /cormun/servlet/solicitudotadjuntos?f43dfd6c0dad9b30cfdc26de03293bf784bdfed244651f62c4b7819a7a36febf,gx-no-cache=1470672180631 HTTP/1.1" 200 30
186.67.172.234 - - [08/Aug/2016:13:02:36 -0300] "GET /cormun/servlet/trsolicitudot? HTTP/1.1" 200 6661
192.168.10.17 - - [08/Aug/2016:13:02:36 -0300] "GET /cormun/servlet/vesolicitudnombre?2016,2382,,SolicitudOTAdjuntos HTTP/1.1" 200 9889
192.168.10.17 - - [08/Aug/2016:13:02:36 -0300] "GET /cormun/pexe_scrolldiv.js HTTP/1.1" 404 1009
186.67.172.234 - - [08/Aug/2016:13:02:36 -0300] "GET /cormun/static/Resources/PXToolsDataSearch.png HTTP/1.1" 304 -
186.67.172.234 - - [08/Aug/2016:13:02:36 -0300] "GET /cormun/static/Resources/PXToolsGridPage.gif HTTP/1.1" 304 -
186.67.172.234 - - [08/Aug/2016:13:02:36 -0300] "GET /cormun/static/Resources/PXToolsActionExcel.png HTTP/1.1" 304 -
186.67.172.234 - - [08/Aug/2016:13:02:37 -0300] "GET /cormun/static/Resources/PXToolsGridNew.png HTTP/1.1" 304 -
186.67.172.234 - - [08/Aug/2016:13:02:37 -0300] "GET /cormun/static/Resources/asc.gif HTTP/1.1" 304 -
186.67.172.234 - - [08/Aug/2016:13:02:37 -0300] "GET /cormun/static/Resources/desc.gif HTTP/1.1" 304 -
186.67.172.234 - - [08/Aug/2016:13:02:37 -0300] "GET /cormun/servlet/trsolicitudot? HTTP/1.1" 200 6661
186.103.159.204 - - [08/Aug/2016:13:02:37 -0300] "POST /cormun/servlet/solicitudotadjuntos?b77267d4a7638c6a83cca4d5bdd273ec,INS,2016,2441,,1, HTTP/1.1" 200 116
186.103.159.204 - - [08/Aug/2016:13:02:37 -0300] "GET /cormun/servlet/hpexe_return? HTTP/1.1" 200 1030
186.103.159.204 - - [08/Aug/2016:13:02:38 -0300] "GET /cormun/servlet/trsolicitudadjuntos?2016,2441, HTTP/1.1" 200 7823
192.168.10.17 - - [08/Aug/2016:13:02:38 -0300] "POST /cormun/servlet/acontrolpreferencessavestate?None,CDROGUETT,true HTTP/1.1" 200 35
186.103.159.204 - - [08/Aug/2016:13:02:39 -0300] "GET /cormun/servlet/trsolicitudadjuntos?2016,2441, HTTP/1.1" 200 7819
192.168.10.17 - - [08/Aug/2016:13:02:39 -0300] "GET /cormun/PublicTempStorage/0069139357.jpg HTTP/1.1" 200 873981
186.67.172.234 - - [08/Aug/2016:13:02:41 -0300] "GET /cormun/servlet/solicitudot?INS,0,0, HTTP/1.1" 200 12125
186.67.172.234 - - [08/Aug/2016:13:02:41 -0300] "GET /cormun/static/gxcfg.js?201631710541238 HTTP/1.1" 304 -
186.67.172.234 - - [08/Aug/2016:13:02:41 -0300] "GET /cormun/static/Resources/Spanish/PXTools.css?22445990 HTTP/1.1" 304 -
186.67.172.234 - - [08/Aug/2016:13:02:41 -0300] "GET /cormun/static/solicitudot.js?201631710541292 HTTP/1.1" 304 -
186.67.172.234 - - [08/Aug/2016:13:02:41 -0300] "GET /cormun/static/Resources/prompt.gif HTTP/1.1" 304 -
186.67.172.234 - - [08/Aug/2016:13:02:41 -0300] "GET /cormun/servlet/solicitudot?INS,0,0, HTTP/1.1" 200 12130
186.103.159.204 - - [08/Aug/2016:13:02:42 -0300] "GET /cormun/servlet/solicitudotadjuntos?INS,2016,2441,,1, HTTP/1.1" 200 5742
186.103.159.204 - - [08/Aug/2016:13:02:42 -0300] "GET /cormun/static/about:blank HTTP/1.1" 404 1011
186.103.159.204 - - [08/Aug/2016:13:02:42 -0300] "GET /cormun/servlet/solicitudotadjuntos?INS,2016,2441,,1, HTTP/1.1" 200 5736
186.103.159.204 - - [08/Aug/2016:13:02:43 -0300] "GET /cormun/servlet/solicitudotadjuntos?f43dfd6c0dad9b30cfdc26de03293bf7cb6a438d2a01c0166f6c3c1a9b27aa143eec0d5ef3bbc96b3a26923af9354b1b,gx-no-cache=1470672188121 HTTP/1.1" 200 30
186.103.159.204 - - [08/Aug/2016:13:02:43 -0300] "POST /cormun/servlet/solicitudotadjuntos?b77267d4a7638c6a83cca4d5bdd273ec,INS,2016,2441,,1,,gx-no-cache=1470672188188 HTTP/1.1" 200 3583
192.168.10.17 - - [08/Aug/2016:13:02:45 -0300] "GET /cormun/servlet/vesolicitudnombre?2016,2382,,SolicitudOTAdjuntos HTTP/1.1" 200 9889
192.168.10.17 - - [08/Aug/2016:13:02:45 -0300] "GET /cormun/pexe_scrolldiv.js HTTP/1.1" 404 1009
186.103.159.204 - - [08/Aug/2016:13:02:45 -0300] "GET /cormun/servlet/solicitudotadjuntos?e1e37a742e8af5345d4eb541a5b0185f70e72a70db57cafec0d031b27bdf46b7b5b04037733d5cb933af81425af80e54cb739caa61f66325150734f48c181dc483b1d74c97f1b82016b15a1cc1889d6f7982232bbeec9e2694d6c39b77e80a94bd1bb89475110a4734c3e51eaa553c3c87721ac0bd85c5483bee3beb4f64642cb700068ae8058c42e54ac22e2984674ce24945653d99c1aecb3df523006d69f7879ea56cef45e1ddecfdbf7cda329460517a7b9b319773d86dfb68decc58cbec8cf1c2b64d209fe249158f2b9337648a5d933d78307f163d76b8acccea4de3b4d6400682a8d7dbde152f8a952dfc4694f3b78d1ab4595e645f75bd02934763b2,gx-no-cache=1470672190737 HTTP/1.1" 200 26
192.168.10.17 - - [08/Aug/2016:13:02:47 -0300] "POST /cormun/servlet/acontrolpreferencessavestate?None,CDROGUETT,true HTTP/1.1" 200 35
192.168.10.17 - - [08/Aug/2016:13:02:48 -0300] "GET /cormun/PublicTempStorage/0033766968.jpg HTTP/1.1" 200 360518
186.103.159.204 - - [08/Aug/2016:13:02:50 -0300] "GET /cormun/servlet/solicitudotadjuntos?f43dfd6c0dad9b30cfdc26de03293bf784bdfed244651f62c4b7819a7a36febf,gx-no-cache=1470672195757 HTTP/1.1" 200 30
186.103.159.204 - - [08/Aug/2016:13:02:50 -0300] "GET /cormun/servlet/solicitudotadjuntos?f43dfd6c0dad9b30cfdc26de03293bf784bdfed244651f62c4b7819a7a36febf,gx-no-cache=1470672195786 HTTP/1.1" 200 30
186.103.159.204 - - [08/Aug/2016:13:02:51 -0300] "POST /cormun/servlet/solicitudotadjuntos?b77267d4a7638c6a83cca4d5bdd273ec,INS,2016,2441,,1, HTTP/1.1" 200 116
186.103.159.204 - - [08/Aug/2016:13:02:52 -0300] "GET /cormun/servlet/hpexe_return? HTTP/1.1" 200 1030
186.103.159.204 - - [08/Aug/2016:13:02:52 -0300] "GET /cormun/servlet/trsolicitudadjuntos?2016,2441, HTTP/1.1" 200 7927
186.103.159.204 - - [08/Aug/2016:13:02:54 -0300] "GET /cormun/servlet/trsolicitudadjuntos?2016,2441, HTTP/1.1" 200 7924
192.168.10.17 - - [08/Aug/2016:13:02:54 -0300] "GET /cormun/servlet/vesolicitudnombre?2016,2382,,SolicitudOTAdjuntos HTTP/1.1" 200 9888
192.168.10.17 - - [08/Aug/2016:13:02:54 -0300] "GET /cormun/pexe_scrolldiv.js HTTP/1.1" 404 1009
192.168.10.17 - - [08/Aug/2016:13:02:56 -0300] "POST /cormun/servlet/acontrolpreferencessavestate?None,CDROGUETT,true HTTP/1.1" 200 35
186.103.159.204 - - [08/Aug/2016:13:02:56 -0300] "GET /cormun/servlet/solicitudotadjuntos?INS,2016,2441,,1, HTTP/1.1" 200 5740
186.103.159.204 - - [08/Aug/2016:13:02:57 -0300] "GET /cormun/static/about:blank HTTP/1.1" 404 1011
186.103.159.204 - - [08/Aug/2016:13:02:57 -0300] "GET /cormun/servlet/solicitudotadjuntos?INS,2016,2441,,1, HTTP/1.1" 200 5734
186.103.159.204 - - [08/Aug/2016:13:02:57 -0300] "GET /cormun/servlet/solicitudotadjuntos?f43dfd6c0dad9b30cfdc26de03293bf7cb6a438d2a01c0166f6c3c1a9b27aa143eec0d5ef3bbc96b3a26923af9354b1b,gx-no-cache=1470672202381 HTTP/1.1" 200 30
186.103.159.204 - - [08/Aug/2016:13:02:57 -0300] "POST /cormun/servlet/solicitudotadjuntos?b77267d4a7638c6a83cca4d5bdd273ec,INS,2016,2441,,1,,gx-no-cache=1470672202452 HTTP/1.1" 200 3582
192.168.10.17 - - [08/Aug/2016:13:02:59 -0300] "GET /cormun/PublicTempStorage/0041136871.jpg HTTP/1.1" 200 366089
186.103.159.204 - - [08/Aug/2016:13:03:00 -0300] "GET /cormun/servlet/solicitudotadjuntos?e1e37a742e8af5345d4eb541a5b0185f70e72a70db57cafec0d031b27bdf46b727891b2361e413e65813d9cb82868531308819e102ab1d50c7e97df6411137c75a9aa397630a0b2e242dd7eedfd83ae9040981f0df1f81f7b8fdb9832459e239adab76b6328ecb72e1e7569fbfa59e3b42c71237022593ece76543ba5e178f6a39ef5c314b6fcf91e1557f19c6a95aaf5f2f897e227e9bebd28f500eb31992c5be05cda3f060a2cbb7319335d0abbe44e2bff034cf1684e5e8383619bc1a6312d62257f72e4b692916842179269d052ce96b81c37dfd630a1b82e372caf1749dd0ac9a489eecbbfc9624ba86f96cec18606aab30bb219c213fb1d460fe774ba9,gx-no-cache=1470672205716 HTTP/1.1" 200 26
192.168.10.17 - - [08/Aug/2016:13:03:06 -0300] "GET /cormun/servlet/vesolicitudnombre?2016,2382,,SolicitudOTAdjuntos HTTP/1.1" 200 9891
192.168.10.17 - - [08/Aug/2016:13:03:06 -0300] "GET /cormun/pexe_scrolldiv.js HTTP/1.1" 404 1009
186.103.159.204 - - [08/Aug/2016:13:03:06 -0300] "GET /cormun/servlet/solicitudotadjuntos?f43dfd6c0dad9b30cfdc26de03293bf784bdfed244651f62c4b7819a7a36febf,gx-no-cache=1470672211224 HTTP/1.1" 200 30
186.103.159.204 - - [08/Aug/2016:13:03:06 -0300] "GET /cormun/servlet/solicitudotadjuntos?f43dfd6c0dad9b30cfdc26de03293bf784bdfed244651f62c4b7819a7a36febf,gx-no-cache=1470672211283 HTTP/1.1" 200 30
192.168.10.17 - - [08/Aug/2016:13:03:07 -0300] "POST /cormun/servlet/acontrolpreferencessavestate?None,CDROGUETT,true HTTP/1.1" 200 35
192.168.10.17 - - [08/Aug/2016:13:03:09 -0300] "GET /cormun/PublicTempStorage/0056313032.jpg HTTP/1.1" 200 665479
186.103.159.204 - - [08/Aug/2016:13:03:10 -0300] "POST /cormun/servlet/solicitudotadjuntos?b77267d4a7638c6a83cca4d5bdd273ec,INS,2016,2441,,1, HTTP/1.1" 200 116
186.103.159.204 - - [08/Aug/2016:13:03:10 -0300] "GET /cormun/servlet/hpexe_return? HTTP/1.1" 200 1030
186.103.159.204 - - [08/Aug/2016:13:03:10 -0300] "GET /cormun/servlet/trsolicitudadjuntos?2016,2441, HTTP/1.1" 200 8047
186.103.159.204 - - [08/Aug/2016:13:03:12 -0300] "GET /cormun/servlet/trsolicitudadjuntos?2016,2441, HTTP/1.1" 200 8047
192.168.10.17 - - [08/Aug/2016:13:03:14 -0300] "GET /cormun/servlet/vesolicitudnombre?2016,2382,,SolicitudOTAdjuntos HTTP/1.1" 200 9890
192.168.10.17 - - [08/Aug/2016:13:03:14 -0300] "GET /cormun/pexe_scrolldiv.js HTTP/1.1" 404 1009
186.103.159.204 - - [08/Aug/2016:13:03:15 -0300] "GET /cormun/servlet/solicitudotadjuntos?INS,2016,2441,,1, HTTP/1.1" 200 5740
186.103.159.204 - - [08/Aug/2016:13:03:16 -0300] "GET /cormun/static/about:blank HTTP/1.1" 404 1011
186.103.159.204 - - [08/Aug/2016:13:03:16 -0300] "GET /cormun/servlet/solicitudotadjuntos?INS,2016,2441,,1, HTTP/1.1" 200 5734
192.168.10.17 - - [08/Aug/2016:13:03:16 -0300] "POST /cormun/servlet/acontrolpreferencessavestate?None,CDROGUETT,true HTTP/1.1" 200 35
186.103.159.204 - - [08/Aug/2016:13:03:16 -0300] "GET /cormun/servlet/solicitudotadjuntos?f43dfd6c0dad9b30cfdc26de03293bf7cb6a438d2a01c0166f6c3c1a9b27aa143eec0d5ef3bbc96b3a26923af9354b1b,gx-no-cache=1470672221800 HTTP/1.1" 200 30
186.103.159.204 - - [08/Aug/2016:13:03:17 -0300] "POST /cormun/servlet/solicitudotadjuntos?b77267d4a7638c6a83cca4d5bdd273ec,INS,2016,2441,,1,,gx-no-cache=1470672221849 HTTP/1.1" 200 3582
192.168.10.17 - - [08/Aug/2016:13:03:17 -0300] "GET /cormun/PublicTempStorage/paula_rojas_villalobos_0015684702.jpg HTTP/1.1" 200 469286
186.103.159.204 - - [08/Aug/2016:13:03:19 -0300] "GET /cormun/servlet/solicitudotadjuntos?e1e37a742e8af5345d4eb541a5b0185f70e72a70db57cafec0d031b27bdf46b7127acfafea7bdd86e9a36364e15cf7293fcc2f1850f0380b9b4c36b835a01a71deffb01707e9e84c3058c49a559a7ff287721ac0bd85c5483bee3beb4f64642c9d2f5be0ebd65edf702433b4132cb266e24945653d99c1aecb3df523006d69f774ec4e47cbe33900190a6b245958dc1e517a7b9b319773d86dfb68decc58cbecfca760bf898300748dc0de3b69bdb5c30a71f5183c0765dc1110dbd4a7adb1569f1c3e971c24379a3df35f0ec1e1b4afb70676e01499a38ab0c5728e01154bd9dd1f7a2a962ad7e50e0343b45162593970df7ee111061c6b8b919b148a97e081,gx-no-cache=1470672224404 HTTP/1.1" 200 26
186.67.172.234 - - [08/Aug/2016:13:03:24 -0300] "POST /cormun/servlet/solicitudot?gx-no-cache=1470672234812 HTTP/1.1" 200 3011
186.67.172.234 - - [08/Aug/2016:13:03:25 -0300] "POST /cormun/servlet/solicitudot?6012ce3889da7e18731ff0ddebb030d4,INS,0,0,,gx-no-cache=1470672235000 HTTP/1.1" 200 8891
186.103.159.204 - - [08/Aug/2016:13:03:26 -0300] "GET /cormun/servlet/solicitudotadjuntos?f43dfd6c0dad9b30cfdc26de03293bf784bdfed244651f62c4b7819a7a36febf,gx-no-cache=1470672231593 HTTP/1.1" 200 30
186.103.159.204 - - [08/Aug/2016:13:03:26 -0300] "GET /cormun/servlet/solicitudotadjuntos?f43dfd6c0dad9b30cfdc26de03293bf784bdfed244651f62c4b7819a7a36febf,gx-no-cache=1470672231660 HTTP/1.1" 200 30
186.103.159.204 - - [08/Aug/2016:13:03:29 -0300] "POST /cormun/servlet/solicitudotadjuntos?b77267d4a7638c6a83cca4d5bdd273ec,INS,2016,2441,,1, HTTP/1.1" 200 116
186.103.159.204 - - [08/Aug/2016:13:03:29 -0300] "GET /cormun/servlet/hpexe_return? HTTP/1.1" 200 1030
186.103.159.204 - - [08/Aug/2016:13:03:30 -0300] "GET /cormun/servlet/trsolicitudadjuntos?2016,2441, HTTP/1.1" 200 8179
186.103.159.204 - - [08/Aug/2016:13:03:32 -0300] "GET /cormun/servlet/trsolicitudadjuntos?2016,2441, HTTP/1.1" 200 8174
186.103.159.204 - - [08/Aug/2016:13:03:33 -0300] "GET /cormun/servlet/solicitudotadjuntos?INS,2016,2441,,2, HTTP/1.1" 200 5738
186.103.159.204 - - [08/Aug/2016:13:03:33 -0300] "GET /cormun/static/about:blank HTTP/1.1" 404 1011
186.103.159.204 - - [08/Aug/2016:13:03:33 -0300] "GET /cormun/servlet/solicitudotadjuntos?INS,2016,2441,,2, HTTP/1.1" 200 5732
186.103.159.204 - - [08/Aug/2016:13:03:34 -0300] "GET /cormun/servlet/solicitudotadjuntos?f43dfd6c0dad9b30cfdc26de03293bf7cb6a438d2a01c0166f6c3c1a9b27aa143eec0d5ef3bbc96b3a26923af9354b1b,gx-no-cache=1470672239146 HTTP/1.1" 200 30
186.103.159.204 - - [08/Aug/2016:13:03:34 -0300] "POST /cormun/servlet/solicitudotadjuntos?b77267d4a7638c6a83cca4d5bdd273ec,INS,2016,2441,,2,,gx-no-cache=1470672239190 HTTP/1.1" 200 3724
186.103.159.204 - - [08/Aug/2016:13:03:36 -0300] "GET /cormun/servlet/solicitudotadjuntos?e1e37a742e8af5345d4eb541a5b0185f70e72a70db57cafec0d031b27bdf46b7e1d9aff7d75c77d2c82ece9360e5bd666635964fb36197905ff2482f89f9452bcc43706441ae1c3d5848b3780b62a57ee24945653d99c1aecb3df523006d69f74a77eecd728e73c8330569a68348e560517a7b9b319773d86dfb68decc58cbec11c896ce60f93b9168147eb06427e4a30a71f5183c0765dc1110dbd4a7adb156371dde4e6d2e943565e74c088a7886fa040981f0df1f81f7b8fdb9832459e2397b77e1005d5cb054977edddf0f99278f42c71237022593ece76543ba5e178f6ade54d0a64fead233367d037f7f0231f45f2f897e227e9bebd28f500eb31992c5ec5571074cc1e0369518ba164cb1e831fb5fa9e5d259df3bd9eadc2f2e36a8a077c5a5618429320619054fea1172cb6411c17ec0e3fcdaa0a8793214bcc851a7dd1f7a2a962ad7e50e0343b451625939ea61bcb67b6a0565e474bb9202cb11a48138ab3283bf120c30d6179df3878bbc70df7ee111061c6b8b919b148a97e081,gx-no-cache=1470672241528 HTTP/1.1" 200 26
186.103.159.204 - - [08/Aug/2016:13:03:40 -0300] "GET /cormun/servlet/solicitudotadjuntos?f43dfd6c0dad9b30cfdc26de03293bf784bdfed244651f62c4b7819a7a36febf,gx-no-cache=1470672245775 HTTP/1.1" 200 30
186.103.159.204 - - [08/Aug/2016:13:03:41 -0300] "GET /cormun/servlet/solicitudotadjuntos?f43dfd6c0dad9b30cfdc26de03293bf784bdfed244651f62c4b7819a7a36febf,gx-no-cache=1470672245813 HTTP/1.1" 200 30
186.103.159.204 - - [08/Aug/2016:13:03:41 -0300] "POST /cormun/servlet/solicitudotadjuntos?b77267d4a7638c6a83cca4d5bdd273ec,INS,2016,2441,,2, HTTP/1.1" 200 116
186.103.159.204 - - [08/Aug/2016:13:03:41 -0300] "GET /cormun/servlet/hpexe_return? HTTP/1.1" 200 1030
186.103.159.204 - - [08/Aug/2016:13:03:42 -0300] "GET /cormun/servlet/trsolicitudadjuntos?2016,2441, HTTP/1.1" 200 8398
186.103.159.204 - - [08/Aug/2016:13:03:43 -0300] "GET /cormun/servlet/trsolicitudadjuntos?2016,2441, HTTP/1.1" 200 8397
186.67.172.234 - - [08/Aug/2016:13:03:44 -0300] "GET /cormun/servlet/solicitudot?b2571adf41aa5d2065db71087ae878c2fe57649f7498a4ebd42644fcafed30d1e8c9f15ed1e320c1f7ed13ed1dad70ea,gx-no-cache=1470672254593 HTTP/1.1" 200 30
186.67.172.234 - - [08/Aug/2016:13:03:44 -0300] "POST /cormun/servlet/solicitudot?gx-no-cache=1470672254690 HTTP/1.1" 200 30
186.103.159.204 - - [08/Aug/2016:13:03:46 -0300] "GET /cormun/servlet/trsolicitudot? HTTP/1.1" 200 7856
186.103.159.204 - - [08/Aug/2016:13:03:47 -0300] "GET /cormun/servlet/trsolicitudot? HTTP/1.1" 200 7851
186.103.159.204 - - [08/Aug/2016:13:03:49 -0300] "POST /cormun/servlet/trsolicitudot?b77267d4a7638c6a83cca4d5bdd273ec,,gx-no-cache=1470672254596 HTTP/1.1" 200 3977
186.103.159.204 - - [08/Aug/2016:13:03:50 -0300] "GET /cormun/static/Shared/jqueryui/images/ui-bg_highlight-soft_100_c6c2c8_1x100.png HTTP/1.1" 404 1117
186.103.159.204 - - [08/Aug/2016:13:03:50 -0300] "GET /cormun/static/Shared/jqueryui/images/ui-icons_82798d_256x240.png HTTP/1.1" 404 1089
186.103.159.204 - - [08/Aug/2016:13:03:50 -0300] "GET /cormun/static/Shared/jqueryui/images/ui-bg_flat_55_fafafa_40x100.png HTTP/1.1" 404 1097
186.103.159.204 - - [08/Aug/2016:13:03:50 -0300] "GET /cormun/static/Shared/jqueryui/images/ui-icons_8d78a5_256x240.png HTTP/1.1" 404 1089
186.103.159.204 - - [08/Aug/2016:13:03:50 -0300] "POST /cormun/servlet/trsolicitudot?b77267d4a7638c6a83cca4d5bdd273ec,,gx-no-cache=1470672254830 HTTP/1.1" 200 3838
186.103.159.204 - - [08/Aug/2016:13:03:53 -0300] "POST /cormun/servlet/trsolicitudot?b77267d4a7638c6a83cca4d5bdd273ec,,gx-no-cache=1470672258105 HTTP/1.1" 200 5822
186.103.159.204 - - [08/Aug/2016:13:03:57 -0300] "GET /cormun/servlet/trautorizarsolicitud? HTTP/1.1" 200 8416
186.103.159.204 - - [08/Aug/2016:13:03:57 -0300] "GET /cormun/static/gxui/gxui-all.css?110300 HTTP/1.1" 200 2179
186.103.159.204 - - [08/Aug/2016:13:03:57 -0300] "GET /cormun/static/gxcfg.js?201651622221839 HTTP/1.1" 200 953
186.103.159.204 - - [08/Aug/2016:13:03:57 -0300] "GET /cormun/static/Resources/Spanish/PXTools.css?22123174 HTTP/1.1" 200 89042
186.103.159.204 - - [08/Aug/2016:13:03:57 -0300] "GET /cormun/static/trautorizarsolicitud.js?201651622222430 HTTP/1.1" 200 44547
186.103.159.204 - - [08/Aug/2016:13:03:57 -0300] "GET /cormun/static/Shared/ext/resources/css/ext-all.css?205870 HTTP/1.1" 200 416045
186.103.159.204 - - [08/Aug/2016:13:03:58 -0300] "GET /cormun/servlet/trautorizarsolicitud? HTTP/1.1" 200 8416
186.67.172.234 - - [08/Aug/2016:13:04:00 -0300] "POST /cormun/servlet/solicitudot?gx-no-cache=1470672270735 HTTP/1.1" 200 30
186.103.159.204 - - [08/Aug/2016:13:04:04 -0300] "POST /cormun/servlet/trautorizarsolicitud?b77267d4a7638c6a83cca4d5bdd273ec,,gx-no-cache=1470672268930 HTTP/1.1" 200 5540
186.103.159.204 - - [08/Aug/2016:13:04:04 -0300] "GET /cormun/static/Shared/jqueryui/images/ui-icons_82798d_256x240.png HTTP/1.1" 404 1089
186.103.159.204 - - [08/Aug/2016:13:04:04 -0300] "GET /cormun/static/Shared/jqueryui/images/ui-bg_highlight-soft_100_c6c2c8_1x100.png HTTP/1.1" 404 1117
186.103.159.204 - - [08/Aug/2016:13:04:04 -0300] "GET /cormun/static/Shared/jqueryui/images/ui-icons_8d78a5_256x240.png HTTP/1.1" 404 1089
186.103.159.204 - - [08/Aug/2016:13:04:04 -0300] "GET /cormun/static/Shared/jqueryui/images/ui-bg_flat_55_fafafa_40x100.png HTTP/1.1" 404 1097
186.103.159.204 - - [08/Aug/2016:13:04:04 -0300] "POST /cormun/servlet/trautorizarsolicitud?b77267d4a7638c6a83cca4d5bdd273ec,,gx-no-cache=1470672269199 HTTP/1.1" 200 5485
186.103.159.204 - - [08/Aug/2016:13:04:06 -0300] "POST /cormun/servlet/trautorizarsolicitud?b77267d4a7638c6a83cca4d5bdd273ec,,gx-no-cache=1470672271332 HTTP/1.1" 200 5187
186.103.159.204 - - [08/Aug/2016:13:04:06 -0300] "POST /cormun/servlet/trautorizarsolicitud?b77267d4a7638c6a83cca4d5bdd273ec,,gx-no-cache=1470672271563 HTTP/1.1" 200 5130
186.67.172.234 - - [08/Aug/2016:13:04:07 -0300] "GET /cormun/static/Resources/resize.gif HTTP/1.1" 304 -
186.67.172.234 - - [08/Aug/2016:13:04:07 -0300] "GET /cormun/servlet/prcontratosol?17134701,,,,,MD,,gxPopupLevel%3D0%3B HTTP/1.1" 200 5784
186.67.172.234 - - [08/Aug/2016:13:04:07 -0300] "GET /cormun/static/gxcfg.js?2016141247819 HTTP/1.1" 304 -
186.67.172.234 - - [08/Aug/2016:13:04:07 -0300] "GET /cormun/static/Resources/Spanish/PXTools.css?1423257 HTTP/1.1" 304 -
186.67.172.234 - - [08/Aug/2016:13:04:07 -0300] "GET /cormun/static/Resources/PXToolsMenuSearch.png HTTP/1.1" 304 -
186.67.172.234 - - [08/Aug/2016:13:04:07 -0300] "GET /cormun/static/Resources/PXToolsMenuSearchCancel.png HTTP/1.1" 304 -
186.67.172.234 - - [08/Aug/2016:13:04:07 -0300] "GET /cormun/static/prcontratosol.js?2016141247993 HTTP/1.1" 304 -
186.67.172.234 - - [08/Aug/2016:13:04:07 -0300] "GET /cormun/static/menusearch.js?20165162214271 HTTP/1.1" 304 -
186.67.172.234 - - [08/Aug/2016:13:04:07 -0300] "GET /cormun/static/hmpwkw011.js?201651622203195 HTTP/1.1" 304 -
186.103.159.204 - - [08/Aug/2016:13:04:11 -0300] "POST /cormun/servlet/trautorizarsolicitud?b77267d4a7638c6a83cca4d5bdd273ec,,gx-no-cache=1470672275762 HTTP/1.1" 200 3938
186.103.159.204 - - [08/Aug/2016:13:04:11 -0300] "POST /cormun/servlet/trautorizarsolicitud?b77267d4a7638c6a83cca4d5bdd273ec,,gx-no-cache=1470672276050 HTTP/1.1" 200 3796
186.67.172.234 - - [08/Aug/2016:13:04:13 -0300] "POST /cormun/servlet/solicitudot?gx-no-cache=1470672283005 HTTP/1.1" 200 1187
186.67.172.234 - - [08/Aug/2016:13:04:13 -0300] "GET /cormun/servlet/solicitudot?b2571adf41aa5d2065db71087ae878c22b3b4386e2aa2fa0e9b05d3b6c9e3f47763c54f0f29fe04e8d627f54dd6def5da0c98957fc50f185a8394e8198f94b44e7278dee6fe9d17e68df8ad7d8f9b1359c642a3f94f4cd203acec3de71ec72cb7598806e50125042305057dde1f8b5d6c0eddb4b84e247d3942d22329fa34542d56bd0c11782f72e11b7111797ef0ea7,gx-no-cache=1470672283048 HTTP/1.1" 200 38
186.67.172.234 - - [08/Aug/2016:13:04:13 -0300] "GET /cormun/servlet/solicitudot?b2571adf41aa5d2065db71087ae878c2af16c1872e8196f269ec74f6c5f28509ad4d6837438cc2ed86db478612ee38978502532365f42302246c9ea27874e5aaf5280e53d74b70d7b4907d8fb96c9f79c7c8be5c43902b26a3449a35b1c002b62751fc7786e1dee73b2269f096698ce2699153ae7a650cee7872053a55a4af9ea52b90ef12c5b1ad4205be79fc2378bffc7cd5149dcae4130a72b53d966889ce89a5dad32adf32eeace75ba0e6b6d62f9eaea7c421751d07a3b9642bf601160d0e5243e8be26831560e07d0b7005b2b7,gx-no-cache=1470672283069 HTTP/1.1" 200 29
186.67.172.234 - - [08/Aug/2016:13:04:13 -0300] "POST /cormun/servlet/solicitudot?gx-no-cache=1470672283093 HTTP/1.1" 200 1144
186.67.172.234 - - [08/Aug/2016:13:04:28 -0300] "POST /cormun/servlet/solicitudot?gx-no-cache=1470672298773 HTTP/1.1" 200 1187
186.67.172.234 - - [08/Aug/2016:13:04:28 -0300] "GET /cormun/servlet/solicitudot?b2571adf41aa5d2065db71087ae878c22b3b4386e2aa2fa0e9b05d3b6c9e3f47763c54f0f29fe04e8d627f54dd6def5da0c98957fc50f185a8394e8198f94b44e7278dee6fe9d17e68df8ad7d8f9b1359c642a3f94f4cd203acec3de71ec72cb7598806e50125042305057dde1f8b5d6c0eddb4b84e247d3942d22329fa34542d56bd0c11782f72e11b7111797ef0ea7,gx-no-cache=1470672298826 HTTP/1.1" 200 38
