186.103.248.189 - - [05/Aug/2016:10:34:16 -0300] "GET /cormun/static/Resources/PXToolsDataTitle.png HTTP/1.1" 200 1173
186.103.248.189 - - [05/Aug/2016:10:34:16 -0300] "GET /cormun/static/Shared/jquery/jquery-1.4.2.min.js HTTP/1.1" 200 72174
186.103.248.189 - - [05/Aug/2016:10:34:17 -0300] "GET /cormun/static/Resources/PXToolsHeaderActionsBackground.png HTTP/1.1" 200 484
186.103.248.189 - - [05/Aug/2016:10:34:17 -0300] "GET /cormun/static/Resources/PXToolsHeaderActionsLeft.png HTTP/1.1" 200 1118
186.103.248.189 - - [05/Aug/2016:10:34:17 -0300] "GET /cormun/static/Resources/logo4.png HTTP/1.1" 200 6582
186.103.248.189 - - [05/Aug/2016:10:34:17 -0300] "GET /cormun/static/Resources/PXToolsHeaderLogin.png HTTP/1.1" 200 4279
186.103.248.189 - - [05/Aug/2016:10:34:17 -0300] "GET /cormun/static/Resources/PXToolsHeaderSecurity.png HTTP/1.1" 200 4166
186.103.248.189 - - [05/Aug/2016:10:34:17 -0300] "GET /cormun/static/Shared/jqueryui/jquery-ui.min.js HTTP/1.1" 200 240427
186.103.248.189 - - [05/Aug/2016:10:34:17 -0300] "GET /cormun/static/Resources/PXToolsHeaderActionsRight.png HTTP/1.1" 200 1201
186.103.248.189 - - [05/Aug/2016:10:34:17 -0300] "GET /cormun/static/Resources/PXToolsHeaderPreferences.png HTTP/1.1" 200 4189
186.103.248.189 - - [05/Aug/2016:10:34:17 -0300] "GET /cormun/static/Resources/PXToolsHeaderHome.png HTTP/1.1" 200 4147
186.103.248.189 - - [05/Aug/2016:10:34:19 -0300] "GET /cormun/static/Shared/jquery/jquery-1.10.2.min.js HTTP/1.1" 200 273199
186.79.203.95 - - [05/Aug/2016:10:34:29 -0300] "GET /cormun/servlet/solicitudot?INS,0,0, HTTP/1.1" 200 11472
186.79.203.95 - - [05/Aug/2016:10:34:31 -0300] "GET /cormun/servlet/solicitudot?INS,0,0, HTTP/1.1" 200 11472
186.79.203.95 - - [05/Aug/2016:10:34:32 -0300] "GET /cormun/servlet/hlogin HTTP/1.1" 200 1752
186.103.248.189 - - [05/Aug/2016:10:34:34 -0300] "GET /cormun/static/Shared/ext/ext-all.js HTTP/1.1" 200 1289687
186.79.203.95 - - [05/Aug/2016:10:34:35 -0300] "POST /cormun/servlet/hlogin?8c5ccf8d35a300955383d13b64aa7d3e,gx-no-cache=1470400504534 HTTP/1.1" 200 90
186.79.203.95 - - [05/Aug/2016:10:34:42 -0300] "GET /cormun/servlet/hpexe_link HTTP/1.1" 200 969
186.79.203.95 - - [05/Aug/2016:10:34:43 -0300] "GET /cormun/servlet/solicitudot?INS,0,0, HTTP/1.1" 200 11843
186.79.203.95 - - [05/Aug/2016:10:34:49 -0300] "GET /cormun/servlet/solicitudot?INS,0,0, HTTP/1.1" 200 11848
186.79.203.95 - - [05/Aug/2016:10:34:51 -0300] "GET /cormun/servlet/hlogin HTTP/1.1" 200 1729
186.79.203.95 - - [05/Aug/2016:10:34:53 -0300] "POST /cormun/servlet/hlogin?8c5ccf8d35a300955383d13b64aa7d3e,gx-no-cache=1470400522327 HTTP/1.1" 200 90
186.79.203.95 - - [05/Aug/2016:10:34:53 -0300] "GET /cormun/servlet/hpexe_link HTTP/1.1" 200 969
186.79.203.95 - - [05/Aug/2016:10:34:54 -0300] "GET /cormun/servlet/solicitudot?INS,0,0, HTTP/1.1" 200 11843
186.79.203.95 - - [05/Aug/2016:10:34:55 -0300] "GET /cormun/servlet/solicitudot?INS,0,0, HTTP/1.1" 200 11847
186.79.203.95 - - [05/Aug/2016:10:35:39 -0300] "POST /cormun/servlet/solicitudot?gx-no-cache=1470400567229 HTTP/1.1" 200 3008
186.79.203.95 - - [05/Aug/2016:10:35:40 -0300] "POST /cormun/servlet/solicitudot?8c5ccf8d35a300955383d13b64aa7d3e,INS,0,0,,gx-no-cache=1470400569299 HTTP/1.1" 200 8544
186.79.203.95 - - [05/Aug/2016:10:35:47 -0300] "GET /cormun/servlet/solicitudot?6a9f54137e9e86d87201ae32c937156430c61d0ad0d1fe6535684c39becdeeeca7b608241d626489dc93940e9de06834,gx-no-cache=1470400575943 HTTP/1.1" 200 30
186.79.203.95 - - [05/Aug/2016:10:35:47 -0300] "POST /cormun/servlet/solicitudot?gx-no-cache=1470400576172 HTTP/1.1" 200 30
186.79.203.95 - - [05/Aug/2016:10:35:49 -0300] "POST /cormun/servlet/solicitudot?gx-no-cache=1470400578793 HTTP/1.1" 200 30
186.79.203.95 - - [05/Aug/2016:10:35:53 -0300] "POST /cormun/servlet/solicitudot?gx-no-cache=1470400582370 HTTP/1.1" 200 494
186.79.203.95 - - [05/Aug/2016:10:35:53 -0300] "GET /cormun/servlet/solicitudot?6a9f54137e9e86d87201ae32c9371564e5dfbe4530acaa3d0b6746e4cbaaa64a64b7d9f47c1a27030a90da6f843841f553af962b5a153f3b739da3ae04a78c420702a874dcc1723dac5ce9eea13c6bfc2ce3892f4c1b0e12c80e65e70a8e7ceb45c5263a724459406d82bd26adaf3279b331f54ac8b0a391d70caf89292f0acb6be8acb0c68a4d538a38bb2ceb345d4e,gx-no-cache=1470400582673 HTTP/1.1" 200 38
186.79.203.95 - - [05/Aug/2016:10:36:30 -0300] "GET /cormun/servlet/solicitudot?6a9f54137e9e86d87201ae32c9371564434e396caf8f586b66cff042015c08fddc76cb659d4aa8d921f1041005df8dd011b343911f5860540a56145fd42555b80ca6d8825a38dc2b79efe1d5d337ada0158d398c009f5de74cd74c4642d2a1b3d012968dd516499f703633dddeaa6005,gx-no-cache=1470400619241 HTTP/1.1" 200 29
186.79.203.95 - - [05/Aug/2016:10:36:32 -0300] "POST /cormun/servlet/solicitudot?gx-no-cache=1470400621172 HTTP/1.1" 200 1144
186.79.203.95 - - [05/Aug/2016:10:40:52 -0300] "GET /cormun/servlet/solicitudot?6a9f54137e9e86d87201ae32c9371564bdb4a4198d9f1297d8ec4ca608f80166c09561741bb838f30db83e9a6432b0d6ebc912ae251b7fd32b10d0a75243b2dd215a04992dcc34f6c29d0ba5ab71bf7f5b007072e91f579854bb362ea731f85fd7140254c1ceba5be04b7b480c6aa0373be63ffa94c07fb49dfad88dcdb9a6cf7c4675dfe4a082c25f411e3341881722707e341e320e773b7f0dcecbca2795facb36f49d000a1cc5f76a7706e4a0e097,gx-no-cache=1470400880984 HTTP/1.1" 200 30
186.79.203.95 - - [05/Aug/2016:10:40:56 -0300] "POST /cormun/servlet/solicitudot?8c5ccf8d35a300955383d13b64aa7d3e,INS,0,0,,gx-no-cache=1470400884352 HTTP/1.1" 200 93
186.79.203.95 - - [05/Aug/2016:10:40:59 -0300] "GET /cormun/servlet/hpexe_return? HTTP/1.1" 200 1014
186.79.203.95 - - [05/Aug/2016:10:41:00 -0300] "GET /cormun/servlet/hhome HTTP/1.1" 200 3624
186.79.203.95 - - [05/Aug/2016:10:41:01 -0300] "GET /cormun/servlet/hhome HTTP/1.1" 200 3619
186.79.203.95 - - [05/Aug/2016:10:41:10 -0300] "GET /cormun/servlet/trsolicitudot? HTTP/1.1" 200 7767
186.79.203.95 - - [05/Aug/2016:10:41:12 -0300] "GET /cormun/servlet/trsolicitudot? HTTP/1.1" 200 7765
186.103.248.189 - - [05/Aug/2016:10:41:15 -0300] "GET /cormun/static/gxui/gxui-all.js HTTP/1.1" 200 107772
186.103.248.189 - - [05/Aug/2016:10:41:16 -0300] "GET /cormun/servlet/hhome HTTP/1.1" 200 3664
186.103.248.189 - - [05/Aug/2016:10:41:16 -0300] "GET /cormun/static/SmoothNavMenu/resources/images/down.gif HTTP/1.1" 200 854
186.79.203.95 - - [05/Aug/2016:10:41:20 -0300] "POST /cormun/servlet/trsolicitudot?8c5ccf8d35a300955383d13b64aa7d3e,,gx-no-cache=1470400908046 HTTP/1.1" 200 106
186.79.203.95 - - [05/Aug/2016:10:41:24 -0300] "GET /cormun/servlet/trsolicitudadjuntos?2016,2424, HTTP/1.1" 200 5570
186.79.203.95 - - [05/Aug/2016:10:41:30 -0300] "GET /cormun/servlet/trsolicitudadjuntos?2016,2424, HTTP/1.1" 200 5570
186.79.203.95 - - [05/Aug/2016:10:41:39 -0300] "GET /cormun/servlet/solicitudotadjuntos?INS,2016,2424,,1, HTTP/1.1" 200 5663
186.79.203.95 - - [05/Aug/2016:10:41:40 -0300] "GET /cormun/static/about:blank HTTP/1.1" 404 1011
186.79.203.95 - - [05/Aug/2016:10:41:41 -0300] "GET /cormun/servlet/solicitudotadjuntos?INS,2016,2424,,1, HTTP/1.1" 200 5657
186.79.203.95 - - [05/Aug/2016:10:41:41 -0300] "GET /cormun/servlet/solicitudotadjuntos?6a9f54137e9e86d87201ae32c9371564322c5954c0ded721c2d8d06dffa1602e3bceccd654434069e21b2a9614ed8421,gx-no-cache=1470400930727 HTTP/1.1" 200 30
186.79.203.95 - - [05/Aug/2016:10:41:56 -0300] "POST /cormun/servlet/solicitudotadjuntos?8c5ccf8d35a300955383d13b64aa7d3e,INS,2016,2424,,1,,gx-no-cache=1470400932000 HTTP/1.1" 200 3489
186.79.203.95 - - [05/Aug/2016:10:42:22 -0300] "POST /cormun/servlet/solicitudotadjuntos?gx-no-cache=1470400970482 HTTP/1.1" 200 26
186.103.248.189 - - [05/Aug/2016:10:42:55 -0300] "GET /cormun/servlet/trcontratouno? HTTP/1.1" 200 13326
186.103.248.189 - - [05/Aug/2016:10:42:55 -0300] "GET /cormun/static/calendar-system.css?75620 HTTP/1.1" 200 5572
186.103.248.189 - - [05/Aug/2016:10:42:55 -0300] "GET /cormun/static/gxcfg.js?20163221610935 HTTP/1.1" 200 953
186.103.248.189 - - [05/Aug/2016:10:42:55 -0300] "GET /cormun/static/calendar-setup.js?85251 HTTP/1.1" 200 2588
186.103.248.189 - - [05/Aug/2016:10:42:55 -0300] "GET /cormun/static/calendar-es.js?85251 HTTP/1.1" 200 1901
186.103.248.189 - - [05/Aug/2016:10:42:55 -0300] "GET /cormun/static/gxdec.js?85251 HTTP/1.1" 200 19579
186.103.248.189 - - [05/Aug/2016:10:42:55 -0300] "GET /cormun/static/calendar.js?85251 HTTP/1.1" 200 26246
186.103.248.189 - - [05/Aug/2016:10:42:56 -0300] "GET /cormun/static/Resources/PXToolsActionExcel.png HTTP/1.1" 200 3187
186.103.248.189 - - [05/Aug/2016:10:42:56 -0300] "GET /cormun/static/trcontratouno.js?20163221610166 HTTP/1.1" 200 39934
186.103.248.189 - - [05/Aug/2016:10:42:56 -0300] "GET /cormun/static/Resources/PXToolsDataSearch.png HTTP/1.1" 200 419
186.103.248.189 - - [05/Aug/2016:10:42:56 -0300] "GET /cormun/static/Resources/PXToolsGridFirstDisabled.gif HTTP/1.1" 200 100
186.103.248.189 - - [05/Aug/2016:10:42:56 -0300] "GET /cormun/static/Resources/PXToolsGridPreviousDisabled.gif HTTP/1.1" 200 90
186.103.248.189 - - [05/Aug/2016:10:42:56 -0300] "GET /cormun/static/Resources/PXToolsGridNextDisabled.gif HTTP/1.1" 200 90
186.103.248.189 - - [05/Aug/2016:10:42:56 -0300] "GET /cormun/static/Resources/PXToolsGridLastDisabled.gif HTTP/1.1" 200 98
186.103.248.189 - - [05/Aug/2016:10:42:56 -0300] "GET /cormun/static/Resources/PXToolsGridPage.gif HTTP/1.1" 200 725
186.103.248.189 - - [05/Aug/2016:10:42:56 -0300] "GET /cormun/static/Resources/PXToolsAddSelectedAction.png HTTP/1.1" 200 3660
186.103.248.189 - - [05/Aug/2016:10:42:56 -0300] "GET /cormun/static/Resources/PXToolsAddAllAction.png HTTP/1.1" 200 3624
186.103.248.189 - - [05/Aug/2016:10:42:56 -0300] "GET /cormun/static/Resources/PXToolsRemoveSelectedAction.png HTTP/1.1" 200 3617
186.103.248.189 - - [05/Aug/2016:10:42:56 -0300] "GET /cormun/static/Resources/PXToolsRemoveAllAction.png HTTP/1.1" 200 3558
186.103.248.189 - - [05/Aug/2016:10:42:57 -0300] "GET /cormun/static/Resources/asc.gif HTTP/1.1" 200 67
186.103.248.189 - - [05/Aug/2016:10:42:57 -0300] "GET /cormun/static/Resources/desc.gif HTTP/1.1" 200 65
186.103.248.189 - - [05/Aug/2016:10:42:57 -0300] "GET /cormun/servlet/trcontratouno? HTTP/1.1" 200 13313
186.79.203.95 - - [05/Aug/2016:10:43:03 -0300] "GET /cormun/servlet/solicitudotadjuntos?6a9f54137e9e86d87201ae32c9371564b4cda3d6948de4861c3bc1c12abbde9e,gx-no-cache=1470401012781 HTTP/1.1" 200 30
186.79.203.95 - - [05/Aug/2016:10:43:04 -0300] "GET /cormun/servlet/solicitudotadjuntos?6a9f54137e9e86d87201ae32c9371564b4cda3d6948de4861c3bc1c12abbde9e,gx-no-cache=1470401013126 HTTP/1.1" 200 30
186.103.248.189 - - [05/Aug/2016:10:43:26 -0300] "POST /cormun/servlet/trcontratouno?aebc2701c48a89a9a399e7f04e2c465f,,gx-no-cache=1470404640496 HTTP/1.1" 200 6465
186.103.248.189 - - [05/Aug/2016:10:43:50 -0300] "GET /cormun/servlet/trpermisosgoce? HTTP/1.1" 200 6442
186.103.248.189 - - [05/Aug/2016:10:43:50 -0300] "GET /cormun/static/gxui/gxui-all.css?110300 HTTP/1.1" 200 2179
186.103.248.189 - - [05/Aug/2016:10:43:50 -0300] "GET /cormun/static/Resources/Spanish/PXTools.css?22123174 HTTP/1.1" 200 89042
186.103.248.189 - - [05/Aug/2016:10:43:51 -0300] "GET /cormun/static/gxcfg.js?201652517335898 HTTP/1.1" 200 953
186.103.248.189 - - [05/Aug/2016:10:43:51 -0300] "GET /cormun/static/trpermisosgoce.js?20165251734287 HTTP/1.1" 200 31859
186.79.203.95 - - [05/Aug/2016:10:43:51 -0300] "POST /cormun/servlet/solicitudotadjuntos?8c5ccf8d35a300955383d13b64aa7d3e,INS,2016,2424,,1, HTTP/1.1" 200 116
186.103.248.189 - - [05/Aug/2016:10:43:51 -0300] "GET /cormun/static/Resources/PXTools/calendar.png HTTP/1.1" 200 1306
186.103.248.189 - - [05/Aug/2016:10:43:51 -0300] "GET /cormun/static/Resources/PXToolsGridNew.png HTTP/1.1" 200 2949
186.79.203.95 - - [05/Aug/2016:10:43:51 -0300] "GET /cormun/servlet/hpexe_return? HTTP/1.1" 200 1032
186.79.203.95 - - [05/Aug/2016:10:43:52 -0300] "GET /cormun/servlet/trsolicitudadjuntos?2016,2424, HTTP/1.1" 200 7456
186.79.203.95 - - [05/Aug/2016:10:43:58 -0300] "GET /cormun/servlet/trsolicitudadjuntos?2016,2424, HTTP/1.1" 200 7452
186.103.248.189 - - [05/Aug/2016:10:44:01 -0300] "GET /cormun/static/Shared/ext/resources/css/ext-all.css?205870 HTTP/1.1" 200 416045
186.103.248.189 - - [05/Aug/2016:10:44:03 -0300] "GET /cormun/servlet/trpermisosgoce? HTTP/1.1" 200 6442
186.103.248.189 - - [05/Aug/2016:10:44:03 -0300] "GET /cormun/static/Shared/ext/resources/themes/images/default/panel/bg-headersPanel.png HTTP/1.1" 200 255
186.103.248.189 - - [05/Aug/2016:10:44:03 -0300] "GET /cormun/static/Shared/ext/resources/themes/images/default/tools/tool-sprites.gif HTTP/1.1" 200 5434
186.79.203.95 - - [05/Aug/2016:10:44:03 -0300] "GET /cormun/servlet/solicitudotadjuntos?INS,2016,2424,,1, HTTP/1.1" 200 5663
186.103.248.189 - - [05/Aug/2016:10:44:04 -0300] "POST /cormun/servlet/acontrolpreferencessavestate?None,GFAUNDEZ,true HTTP/1.1" 200 35
186.79.203.95 - - [05/Aug/2016:10:44:05 -0300] "GET /cormun/static/about:blank HTTP/1.1" 404 1011
186.79.203.95 - - [05/Aug/2016:10:44:05 -0300] "GET /cormun/servlet/solicitudotadjuntos?INS,2016,2424,,1, HTTP/1.1" 200 5657
186.79.203.95 - - [05/Aug/2016:10:44:06 -0300] "GET /cormun/servlet/solicitudotadjuntos?6a9f54137e9e86d87201ae32c9371564322c5954c0ded721c2d8d06dffa1602e3bceccd654434069e21b2a9614ed8421,gx-no-cache=1470401074972 HTTP/1.1" 200 30
186.79.203.95 - - [05/Aug/2016:10:44:07 -0300] "POST /cormun/servlet/solicitudotadjuntos?8c5ccf8d35a300955383d13b64aa7d3e,INS,2016,2424,,1,,gx-no-cache=1470401075846 HTTP/1.1" 200 3489
186.79.203.95 - - [05/Aug/2016:10:44:14 -0300] "POST /cormun/servlet/solicitudotadjuntos?gx-no-cache=1470401083843 HTTP/1.1" 200 26
186.79.203.95 - - [05/Aug/2016:10:44:27 -0300] "GET /cormun/servlet/solicitudotadjuntos?6a9f54137e9e86d87201ae32c9371564b4cda3d6948de4861c3bc1c12abbde9e,gx-no-cache=1470401096043 HTTP/1.1" 200 30
186.79.203.95 - - [05/Aug/2016:10:44:27 -0300] "GET /cormun/servlet/solicitudotadjuntos?6a9f54137e9e86d87201ae32c9371564b4cda3d6948de4861c3bc1c12abbde9e,gx-no-cache=1470401096737 HTTP/1.1" 200 30
186.103.248.189 - - [05/Aug/2016:10:44:51 -0300] "GET /cormun/servlet/trcontratouno? HTTP/1.1" 200 9328
186.103.248.189 - - [05/Aug/2016:10:44:52 -0300] "GET /cormun/servlet/trcontratouno? HTTP/1.1" 200 9327
186.79.203.95 - - [05/Aug/2016:10:45:32 -0300] "POST /cormun/servlet/solicitudotadjuntos?8c5ccf8d35a300955383d13b64aa7d3e,INS,2016,2424,,1, HTTP/1.1" 200 116
186.79.203.95 - - [05/Aug/2016:10:45:33 -0300] "GET /cormun/servlet/hpexe_return? HTTP/1.1" 200 1032
186.79.203.95 - - [05/Aug/2016:10:45:34 -0300] "GET /cormun/servlet/trsolicitudadjuntos?2016,2424, HTTP/1.1" 200 7633
186.103.248.189 - - [05/Aug/2016:10:45:34 -0300] "POST /cormun/servlet/trcontratouno?aebc2701c48a89a9a399e7f04e2c465f,,gx-no-cache=1470404769387 HTTP/1.1" 200 6442
186.79.203.95 - - [05/Aug/2016:10:45:35 -0300] "GET /cormun/servlet/trsolicitudadjuntos?2016,2424, HTTP/1.1" 200 7628
186.79.203.95 - - [05/Aug/2016:10:45:40 -0300] "GET /cormun/servlet/solicitudotadjuntos?INS,2016,2424,,1, HTTP/1.1" 200 5664
186.79.203.95 - - [05/Aug/2016:10:45:41 -0300] "GET /cormun/static/about:blank HTTP/1.1" 404 1011
186.79.203.95 - - [05/Aug/2016:10:45:42 -0300] "GET /cormun/servlet/solicitudotadjuntos?INS,2016,2424,,1, HTTP/1.1" 200 5658
186.79.203.95 - - [05/Aug/2016:10:45:42 -0300] "GET /cormun/servlet/solicitudotadjuntos?6a9f54137e9e86d87201ae32c9371564322c5954c0ded721c2d8d06dffa1602e3bceccd654434069e21b2a9614ed8421,gx-no-cache=1470401171651 HTTP/1.1" 200 30
186.79.203.95 - - [05/Aug/2016:10:45:44 -0300] "POST /cormun/servlet/solicitudotadjuntos?8c5ccf8d35a300955383d13b64aa7d3e,INS,2016,2424,,1,,gx-no-cache=1470401171875 HTTP/1.1" 200 3489
186.79.203.95 - - [05/Aug/2016:10:45:50 -0300] "POST /cormun/servlet/solicitudotadjuntos?gx-no-cache=1470401179307 HTTP/1.1" 200 26
186.79.203.95 - - [05/Aug/2016:10:46:18 -0300] "GET /cormun/servlet/solicitudotadjuntos?6a9f54137e9e86d87201ae32c9371564b4cda3d6948de4861c3bc1c12abbde9e,gx-no-cache=1470401207366 HTTP/1.1" 200 30
186.79.203.95 - - [05/Aug/2016:10:46:18 -0300] "GET /cormun/servlet/solicitudotadjuntos?6a9f54137e9e86d87201ae32c9371564b4cda3d6948de4861c3bc1c12abbde9e,gx-no-cache=1470401207734 HTTP/1.1" 200 30
186.79.203.95 - - [05/Aug/2016:10:47:08 -0300] "POST /cormun/servlet/solicitudotadjuntos?8c5ccf8d35a300955383d13b64aa7d3e,INS,2016,2424,,1, HTTP/1.1" 200 116
186.79.203.95 - - [05/Aug/2016:10:47:08 -0300] "GET /cormun/servlet/hpexe_return? HTTP/1.1" 200 1032
186.79.203.95 - - [05/Aug/2016:10:47:11 -0300] "GET /cormun/servlet/trsolicitudadjuntos?2016,2424, HTTP/1.1" 200 7773
186.79.203.95 - - [05/Aug/2016:10:47:21 -0300] "GET /cormun/servlet/trsolicitudadjuntos?2016,2424, HTTP/1.1" 200 7772
186.103.248.189 - - [05/Aug/2016:10:47:52 -0300] "POST /cormun/servlet/trcontratouno?aebc2701c48a89a9a399e7f04e2c465f,,gx-no-cache=1470404906570 HTTP/1.1" 200 103
186.103.248.189 - - [05/Aug/2016:10:47:54 -0300] "GET /cormun/ContratoUno-6224.xls HTTP/1.1" 200 4608
186.79.203.95 - - [05/Aug/2016:10:48:13 -0300] "GET /cormun/servlet/solicitudotadjuntos?INS,2016,2424,,1, HTTP/1.1" 200 5663
186.79.203.95 - - [05/Aug/2016:10:48:14 -0300] "GET /cormun/static/about:blank HTTP/1.1" 404 1011
186.103.248.189 - - [05/Aug/2016:10:48:19 -0300] "GET /cormun/servlet/trvisualizadoreventos? HTTP/1.1" 200 6402
186.103.248.189 - - [05/Aug/2016:10:48:19 -0300] "GET /cormun/static/gxui/gxui-all.css?120300 HTTP/1.1" 200 2179
186.103.248.189 - - [05/Aug/2016:10:48:19 -0300] "GET /cormun/static/calendar-system.css?85620 HTTP/1.1" 200 5572
186.103.248.189 - - [05/Aug/2016:10:48:19 -0300] "GET /cormun/static/gxcfg.js?201631021481342 HTTP/1.1" 200 953
186.103.248.189 - - [05/Aug/2016:10:48:19 -0300] "GET /cormun/static/Resources/PXToolsActionPrint.png HTTP/1.1" 200 3317
186.103.248.189 - - [05/Aug/2016:10:48:19 -0300] "GET /cormun/static/trvisualizadoreventos.js?201631021481717 HTTP/1.1" 200 19288
186.103.248.189 - - [05/Aug/2016:10:48:22 -0300] "GET /cormun/static/Shared/ext/resources/css/ext-all.css?215870 HTTP/1.1" 200 416045
186.79.203.95 - - [05/Aug/2016:10:48:28 -0300] "GET /cormun/servlet/solicitudotadjuntos?INS,2016,2424,,1, HTTP/1.1" 200 5657
186.79.203.95 - - [05/Aug/2016:10:48:29 -0300] "GET /cormun/servlet/solicitudotadjuntos?6a9f54137e9e86d87201ae32c9371564322c5954c0ded721c2d8d06dffa1602e3bceccd654434069e21b2a9614ed8421,gx-no-cache=1470401338340 HTTP/1.1" 200 30
186.79.203.95 - - [05/Aug/2016:10:48:30 -0300] "POST /cormun/servlet/solicitudotadjuntos?8c5ccf8d35a300955383d13b64aa7d3e,INS,2016,2424,,1,,gx-no-cache=1470401338594 HTTP/1.1" 200 3489
186.79.203.95 - - [05/Aug/2016:10:48:43 -0300] "POST /cormun/servlet/solicitudotadjuntos?gx-no-cache=1470401352102 HTTP/1.1" 200 26
186.79.203.95 - - [05/Aug/2016:10:49:25 -0300] "GET /cormun/servlet/solicitudotadjuntos?6a9f54137e9e86d87201ae32c9371564b4cda3d6948de4861c3bc1c12abbde9e,gx-no-cache=1470401393646 HTTP/1.1" 200 30
186.79.203.95 - - [05/Aug/2016:10:49:25 -0300] "GET /cormun/servlet/solicitudotadjuntos?6a9f54137e9e86d87201ae32c9371564b4cda3d6948de4861c3bc1c12abbde9e,gx-no-cache=1470401394429 HTTP/1.1" 200 30
186.79.203.95 - - [05/Aug/2016:10:49:53 -0300] "POST /cormun/servlet/solicitudotadjuntos?8c5ccf8d35a300955383d13b64aa7d3e,INS,2016,2424,,1, HTTP/1.1" 200 116
186.79.203.95 - - [05/Aug/2016:10:49:53 -0300] "GET /cormun/servlet/hpexe_return? HTTP/1.1" 200 1032
186.79.203.95 - - [05/Aug/2016:10:49:55 -0300] "GET /cormun/servlet/trsolicitudadjuntos?2016,2424, HTTP/1.1" 200 7894
186.103.248.189 - - [05/Aug/2016:10:50:40 -0300] "GET /cormun/static/Resources/Spanish/PXTools.css?2139548 HTTP/1.1" 200 89042
186.103.248.189 - - [05/Aug/2016:10:50:42 -0300] "GET /cormun/servlet/trvisualizadoreventos? HTTP/1.1" 200 6402
186.103.159.46 - - [05/Aug/2016:10:50:58 -0300] "GET /cormun/servlet/solicitudot?83eaa3207a96177a1ff8cbeeec0e2e8ab8a1cd24f2f337be67824a7c3b659e7e38d90cc1a22994f504b2c3b2dac09263b704fc6a0f23c34e24283de45f1c621d97d394ebfb8003da7f7055bb898ae2b37e5b1c6326f6522268054f6454fd63eea6d3107543b67708be9c17f8b43db39a,gx-no-cache=1470405088152 HTTP/1.1" 440 972
186.103.159.46 - - [05/Aug/2016:10:51:01 -0300] "POST /cormun/servlet/solicitudot?gx-no-cache=1470405091468 HTTP/1.1" 440 972
186.103.159.46 - - [05/Aug/2016:10:51:03 -0300] "GET /cormun/servlet/solicitudot?INS,0,0, HTTP/1.1" 200 11463
186.103.159.46 - - [05/Aug/2016:10:51:05 -0300] "GET /cormun/servlet/solicitudot?INS,0,0, HTTP/1.1" 200 11463
186.103.159.46 - - [05/Aug/2016:10:51:05 -0300] "GET /cormun/servlet/hlogin HTTP/1.1" 200 1745
186.103.159.46 - - [05/Aug/2016:10:51:25 -0300] "POST /cormun/servlet/hlogin?ae3bfccf914bb0b8972a215a7267202a,gx-no-cache=1470405115674 HTTP/1.1" 200 90
186.103.159.46 - - [05/Aug/2016:10:51:25 -0300] "GET /cormun/servlet/hpexe_link HTTP/1.1" 200 962
186.103.159.46 - - [05/Aug/2016:10:51:25 -0300] "GET /cormun/servlet/solicitudot?INS,0,0, HTTP/1.1" 200 11814
186.103.159.46 - - [05/Aug/2016:10:51:28 -0300] "GET /cormun/servlet/solicitudot?INS,0,0, HTTP/1.1" 200 11818
186.103.159.46 - - [05/Aug/2016:10:51:39 -0300] "GET /cormun/servlet/hlogin HTTP/1.1" 200 1745
186.103.159.46 - - [05/Aug/2016:10:51:42 -0300] "GET /cormun/servlet/solicitudot?INS,0,0, HTTP/1.1" 200 11458
186.103.159.46 - - [05/Aug/2016:10:51:44 -0300] "GET /cormun/servlet/solicitudot?INS,0,0, HTTP/1.1" 200 11463
186.103.159.46 - - [05/Aug/2016:10:51:44 -0300] "GET /cormun/servlet/hlogin HTTP/1.1" 200 1745
186.103.159.46 - - [05/Aug/2016:10:52:08 -0300] "POST /cormun/servlet/hlogin?ae3bfccf914bb0b8972a215a7267202a,gx-no-cache=1470405158170 HTTP/1.1" 200 90
186.103.159.46 - - [05/Aug/2016:10:52:08 -0300] "GET /cormun/servlet/hpexe_link HTTP/1.1" 200 962
186.103.159.46 - - [05/Aug/2016:10:52:08 -0300] "GET /cormun/servlet/solicitudot?INS,0,0, HTTP/1.1" 200 11816
186.103.159.46 - - [05/Aug/2016:10:52:10 -0300] "GET /cormun/servlet/solicitudot?INS,0,0, HTTP/1.1" 200 11821
186.103.159.46 - - [05/Aug/2016:10:52:45 -0300] "POST /cormun/servlet/solicitudot?gx-no-cache=1470405195891 HTTP/1.1" 200 3018
186.103.159.46 - - [05/Aug/2016:10:52:46 -0300] "POST /cormun/servlet/solicitudot?ae3bfccf914bb0b8972a215a7267202a,INS,0,0,,gx-no-cache=1470405196224 HTTP/1.1" 200 8553
186.103.159.46 - - [05/Aug/2016:10:52:52 -0300] "GET /cormun/servlet/solicitudot?9321cc3f0073fd8a43ea7fc015889eb4d6003fdf8f76c24cfab9327663a5dd7c3ad055b45379e23e896302f46dc880bc,gx-no-cache=1470405203128 HTTP/1.1" 200 30
186.103.159.46 - - [05/Aug/2016:10:52:52 -0300] "POST /cormun/servlet/solicitudot?gx-no-cache=1470405203216 HTTP/1.1" 200 30
186.103.159.46 - - [05/Aug/2016:10:52:52 -0300] "POST /cormun/servlet/solicitudot?gx-no-cache=1470405203278 HTTP/1.1" 200 122
186.103.159.46 - - [05/Aug/2016:10:52:53 -0300] "GET /cormun/static/Shared/jqueryui/images/ui-bg_highlight-soft_100_c6c2c8_1x100.png HTTP/1.1" 404 1117
186.103.159.46 - - [05/Aug/2016:10:52:53 -0300] "GET /cormun/static/Shared/jqueryui/images/ui-icons_82798d_256x240.png HTTP/1.1" 404 1089
186.103.159.46 - - [05/Aug/2016:10:52:53 -0300] "GET /cormun/static/Shared/jqueryui/images/ui-bg_flat_55_fafafa_40x100.png HTTP/1.1" 404 1097
186.103.159.46 - - [05/Aug/2016:10:52:53 -0300] "GET /cormun/static/Shared/jqueryui/images/ui-icons_8d78a5_256x240.png HTTP/1.1" 404 1089
186.103.159.46 - - [05/Aug/2016:10:52:53 -0300] "POST /cormun/servlet/solicitudot?gx-no-cache=1470405203601 HTTP/1.1" 200 1186
186.103.159.46 - - [05/Aug/2016:10:52:53 -0300] "GET /cormun/servlet/solicitudot?9321cc3f0073fd8a43ea7fc015889eb467cabcb1a7f9e1de155f3353fcd8cbeb6a732ed899609bb40bfbc01aef7299c72eba23476128e386b72ccbb008ff3f42f0958b61d87c054b54ccd6d0212d3b38c0f8c936d08a24eaa9474d1e3a19459150f83d7e1175135e7c8498809178363d7713d5e2fdae3449dca8259ba38a8743aa9ea3a71db4b8298213b1f27f7a7ded,gx-no-cache=1470405203709 HTTP/1.1" 200 38
186.103.159.46 - - [05/Aug/2016:10:53:03 -0300] "POST /cormun/servlet/solicitudot?gx-no-cache=1470405213374 HTTP/1.1" 200 122
186.79.203.95 - - [05/Aug/2016:10:53:21 -0300] "GET /cormun/servlet/hlogin HTTP/1.1" 200 1727
186.79.203.95 - - [05/Aug/2016:10:53:24 -0300] "POST /cormun/servlet/hlogin?dfb1a9506aee19b2e0e54a6ef0c77578,gx-no-cache=1470401633861 HTTP/1.1" 200 90
186.79.203.95 - - [05/Aug/2016:10:53:25 -0300] "GET /cormun/servlet/hpexe_link HTTP/1.1" 200 953
186.79.203.95 - - [05/Aug/2016:10:53:26 -0300] "GET /cormun/servlet/hhome HTTP/1.1" 200 3619
186.79.203.95 - - [05/Aug/2016:10:53:28 -0300] "GET /cormun/servlet/hhome HTTP/1.1" 200 3616
186.79.203.95 - - [05/Aug/2016:10:53:30 -0300] "GET /cormun/servlet/trsolicitudot? HTTP/1.1" 200 7764
186.79.203.95 - - [05/Aug/2016:10:53:34 -0300] "GET /cormun/servlet/trsolicitudot? HTTP/1.1" 200 7764
186.79.203.95 - - [05/Aug/2016:10:53:35 -0300] "GET /cormun/servlet/trsolicitudot? HTTP/1.1" 200 7762
186.103.159.46 - - [05/Aug/2016:10:53:40 -0300] "POST /cormun/servlet/solicitudot?gx-no-cache=1470405250271 HTTP/1.1" 200 3008
186.103.159.46 - - [05/Aug/2016:10:53:40 -0300] "POST /cormun/servlet/solicitudot?ae3bfccf914bb0b8972a215a7267202a,INS,0,0,,gx-no-cache=1470405250551 HTTP/1.1" 200 9210
186.79.203.95 - - [05/Aug/2016:10:53:43 -0300] "POST /cormun/servlet/trsolicitudot?dfb1a9506aee19b2e0e54a6ef0c77578,,gx-no-cache=1470401651728 HTTP/1.1" 200 106
186.79.203.95 - - [05/Aug/2016:10:53:45 -0300] "GET /cormun/servlet/trsolicitudadjuntos?2016,2424, HTTP/1.1" 200 7888
186.103.159.46 - - [05/Aug/2016:10:53:49 -0300] "GET /cormun/servlet/solicitudot?9321cc3f0073fd8a43ea7fc015889eb4629d2d9cb32c880e0e11589c0ee2545f178eb9cccd923ea88bf2b6480a01bd7e,gx-no-cache=1470405259314 HTTP/1.1" 200 30
186.103.159.46 - - [05/Aug/2016:10:53:49 -0300] "POST /cormun/servlet/solicitudot?gx-no-cache=1470405259419 HTTP/1.1" 200 30
186.79.203.95 - - [05/Aug/2016:10:53:49 -0300] "GET /cormun/servlet/trsolicitudadjuntos?2016,2424, HTTP/1.1" 200 7890
186.103.159.46 - - [05/Aug/2016:10:53:49 -0300] "POST /cormun/servlet/solicitudot?gx-no-cache=1470405259492 HTTP/1.1" 200 1182
186.103.159.46 - - [05/Aug/2016:10:53:49 -0300] "GET /cormun/servlet/solicitudot?9321cc3f0073fd8a43ea7fc015889eb467cabcb1a7f9e1de155f3353fcd8cbeb6a732ed899609bb40bfbc01aef7299c72eba23476128e386b72ccbb008ff3f42f0958b61d87c054b54ccd6d0212d3b38c0f8c936d08a24eaa9474d1e3a19459150f83d7e1175135e7c8498809178363d7713d5e2fdae3449dca8259ba38a8743aa9ea3a71db4b8298213b1f27f7a7ded,gx-no-cache=1470405259577 HTTP/1.1" 200 38
186.79.203.95 - - [05/Aug/2016:10:54:22 -0300] "GET /cormun/servlet/solicitudotadjuntos?INS,2016,2424,,1, HTTP/1.1" 200 5661
186.103.159.46 - - [05/Aug/2016:10:54:24 -0300] "GET /cormun/servlet/solicitudot?9321cc3f0073fd8a43ea7fc015889eb4e8f427ce7518406fc393eb952a50ae3a38022274b60697f67e97b04c6d68404d4d337faf779126bf601d028357f4ff52be8450bfdba9ff3341d45f1f37b53e62f98b4da325983a35037e5a9355f89058797faf060f174edad4e118aecba9b838,gx-no-cache=1470405295039 HTTP/1.1" 200 29
186.79.203.95 - - [05/Aug/2016:10:54:26 -0300] "GET /cormun/static/about:blank HTTP/1.1" 404 1011
186.79.203.95 - - [05/Aug/2016:10:54:29 -0300] "GET /cormun/servlet/solicitudotadjuntos?INS,2016,2424,,1, HTTP/1.1" 200 5655
186.79.203.95 - - [05/Aug/2016:10:54:30 -0300] "GET /cormun/servlet/solicitudotadjuntos?288d54d8f54393480cc4a96c627f20d993b498bf0c0a44982d09820a23a44c0dbaa7ddcc7496fbe26133f4bb9a9c5b4f,gx-no-cache=1470401699312 HTTP/1.1" 200 30
186.79.203.95 - - [05/Aug/2016:10:54:30 -0300] "POST /cormun/servlet/solicitudotadjuntos?dfb1a9506aee19b2e0e54a6ef0c77578,INS,2016,2424,,1,,gx-no-cache=1470401699545 HTTP/1.1" 200 3486
186.79.203.95 - - [05/Aug/2016:10:54:40 -0300] "POST /cormun/servlet/solicitudotadjuntos?gx-no-cache=1470401709108 HTTP/1.1" 200 26
186.103.159.46 - - [05/Aug/2016:10:54:51 -0300] "POST /cormun/servlet/solicitudot?gx-no-cache=1470405321599 HTTP/1.1" 200 1143
66.249.88.14 - - [05/Aug/2016:10:55:20 -0300] "GET /cormun/servlet/hlogin HTTP/1.1" 200 1722
66.249.88.8 - - [05/Aug/2016:10:55:20 -0300] "GET /cormun/servlet/hlogin?_escaped_fragment_= HTTP/1.1" 200 1726
66.249.88.14 - - [05/Aug/2016:10:55:20 -0300] "GET /favicon.ico HTTP/1.1" 200 21630
186.79.203.95 - - [05/Aug/2016:10:55:39 -0300] "GET /cormun/servlet/solicitudotadjuntos?288d54d8f54393480cc4a96c627f20d93ca781c1c5b39ba99c7d4e389f803dfb,gx-no-cache=1470401768036 HTTP/1.1" 200 30
186.79.203.95 - - [05/Aug/2016:10:55:39 -0300] "GET /cormun/servlet/solicitudotadjuntos?288d54d8f54393480cc4a96c627f20d93ca781c1c5b39ba99c7d4e389f803dfb,gx-no-cache=1470401768437 HTTP/1.1" 200 30
186.79.203.95 - - [05/Aug/2016:10:56:42 -0300] "POST /cormun/servlet/solicitudotadjuntos?dfb1a9506aee19b2e0e54a6ef0c77578,INS,2016,2424,,1, HTTP/1.1" 200 116
186.79.203.95 - - [05/Aug/2016:10:56:42 -0300] "GET /cormun/servlet/hpexe_return? HTTP/1.1" 200 1028
186.79.203.95 - - [05/Aug/2016:10:56:43 -0300] "GET /cormun/servlet/trsolicitudadjuntos?2016,2424, HTTP/1.1" 200 8016
186.79.203.95 - - [05/Aug/2016:10:56:45 -0300] "GET /cormun/servlet/trsolicitudadjuntos?2016,2424, HTTP/1.1" 200 8014
186.103.159.46 - - [05/Aug/2016:10:57:15 -0300] "GET /cormun/servlet/solicitudot?9321cc3f0073fd8a43ea7fc015889eb4d51b39af3c81aa76ac51a227eab82f621c2c98d55c1d79125bef9833283fff705cec0924ac865d970f9dc492268ae4e90f7d8b7b9f66c624ae2f1b882a8664a0c4907426fc04add93dbdeb98885a698715c422e5e5595ead3ecc7a720d5136bf421ee7c776db5c594f2b0fff9aea1f4996b67e803b379ecb951b257465d0d280841867f6f2666874768c4e1579420776c451a8829ace5dad771aee8cda48ca1f,gx-no-cache=1470405462440 HTTP/1.1" 200 30
186.103.248.189 - - [05/Aug/2016:10:58:22 -0300] "GET /cormun/servlet/trcontratouno? HTTP/1.1" 200 9328
186.103.248.189 - - [05/Aug/2016:10:58:28 -0300] "GET /cormun/servlet/trcontratouno? HTTP/1.1" 200 9327
186.103.248.189 - - [05/Aug/2016:10:58:43 -0300] "POST /cormun/servlet/trcontratouno?aebc2701c48a89a9a399e7f04e2c465f,,gx-no-cache=1470405557519 HTTP/1.1" 200 6454
186.103.248.189 - - [05/Aug/2016:10:59:01 -0300] "POST /cormun/servlet/trcontratouno?aebc2701c48a89a9a399e7f04e2c465f,,gx-no-cache=1470405576236 HTTP/1.1" 200 6505
186.103.248.189 - - [05/Aug/2016:10:59:01 -0300] "GET /cormun/static/Shared/jqueryui/images/ui-bg_highlight-soft_100_c6c2c8_1x100.png HTTP/1.1" 404 1117
186.103.248.189 - - [05/Aug/2016:10:59:01 -0300] "GET /cormun/static/Shared/jqueryui/images/ui-icons_82798d_256x240.png HTTP/1.1" 404 1089
186.103.248.189 - - [05/Aug/2016:10:59:01 -0300] "GET /cormun/static/Shared/jqueryui/images/ui-bg_flat_55_fafafa_40x100.png HTTP/1.1" 404 1097
186.103.248.189 - - [05/Aug/2016:10:59:01 -0300] "GET /cormun/static/Shared/jqueryui/images/ui-icons_8d78a5_256x240.png HTTP/1.1" 404 1089
186.79.198.196 - - [05/Aug/2016:10:59:16 -0300] "GET /cormun/servlet/hlogin HTTP/1.1" 200 1725
40.77.167.62 - - [05/Aug/2016:10:59:16 -0300] "GET /cormun/servlet/hlogin HTTP/1.1" 200 1711
186.79.198.196 - - [05/Aug/2016:10:59:36 -0300] "POST /cormun/servlet/hlogin?2bc0ba516cef64c0b3b0642a6146880e,gx-no-cache=1470405605349 HTTP/1.1" 200 90
186.79.198.196 - - [05/Aug/2016:10:59:37 -0300] "GET /cormun/servlet/hpexe_link HTTP/1.1" 200 948
186.79.198.196 - - [05/Aug/2016:10:59:37 -0300] "GET /cormun/servlet/hhome HTTP/1.1" 200 3664
186.79.198.196 - - [05/Aug/2016:10:59:43 -0300] "GET /cormun/servlet/trautorizarsolicitud? HTTP/1.1" 200 6522
186.79.198.196 - - [05/Aug/2016:10:59:47 -0300] "GET /cormun/servlet/hhome HTTP/1.1" 200 3661
186.79.198.196 - - [05/Aug/2016:10:59:51 -0300] "GET /cormun/servlet/trsolicitudot? HTTP/1.1" 200 6588
186.79.198.196 - - [05/Aug/2016:10:59:52 -0300] "GET /cormun/servlet/trsolicitudot? HTTP/1.1" 200 6586
186.79.198.196 - - [05/Aug/2016:10:59:56 -0300] "GET /cormun/static/menuarrow.gif HTTP/1.1" 404 1015
186.79.198.196 - - [05/Aug/2016:10:59:57 -0300] "GET /cormun/servlet/trautorizarsolicitud? HTTP/1.1" 200 6527
186.103.159.46 - - [05/Aug/2016:10:59:58 -0300] "GET /cormun/servlet/solicitudot?9321cc3f0073fd8a43ea7fc015889eb4d51b39af3c81aa76ac51a227eab82f621c2c98d55c1d79125bef9833283fff705cec0924ac865d970f9dc492268ae4e90f7d8b7b9f66c624ae2f1b882a8664a0c4907426fc04add93dbdeb98885a698715c422e5e5595ead3ecc7a720d5136bf421ee7c776db5c594f2b0fff9aea1f4996b67e803b379ecb951b257465d0d280841867f6f2666874768c4e1579420776c451a8829ace5dad771aee8cda48ca1f,gx-no-cache=1470405628934 HTTP/1.1" 200 30
186.103.159.46 - - [05/Aug/2016:10:59:59 -0300] "POST /cormun/servlet/solicitudot?ae3bfccf914bb0b8972a215a7267202a,INS,0,0,,gx-no-cache=1470405629055 HTTP/1.1" 200 9533
186.103.159.46 - - [05/Aug/2016:10:59:59 -0300] "GET /cormun/static/Shared/jqueryui/images/ui-bg_flat_55_994d53_40x100.png HTTP/1.1" 404 1097
186.103.159.46 - - [05/Aug/2016:10:59:59 -0300] "GET /cormun/static/Shared/jqueryui/images/ui-icons_ebccce_256x240.png HTTP/1.1" 404 1089
186.79.198.196 - - [05/Aug/2016:11:00:00 -0300] "POST /cormun/servlet/trsolicitudot?2bc0ba516cef64c0b3b0642a6146880e,,gx-no-cache=1470405628896 HTTP/1.1" 200 3838
186.79.198.196 - - [05/Aug/2016:11:00:08 -0300] "POST /cormun/servlet/trsolicitudot?2bc0ba516cef64c0b3b0642a6146880e,,gx-no-cache=1470405634298 HTTP/1.1" 200 3838
186.79.198.196 - - [05/Aug/2016:11:00:17 -0300] "GET /cormun/servlet/trautorizarsolicitud? HTTP/1.1" 200 6527
186.79.198.196 - - [05/Aug/2016:11:00:18 -0300] "GET /cormun/servlet/trautorizarsolicitud? HTTP/1.1" 200 6527
186.79.198.196 - - [05/Aug/2016:11:00:21 -0300] "GET /cormun/static/menuarrow.gif HTTP/1.1" 404 1015
186.79.198.196 - - [05/Aug/2016:11:00:25 -0300] "POST /cormun/servlet/trautorizarsolicitud?2bc0ba516cef64c0b3b0642a6146880e,,gx-no-cache=1470405652970 HTTP/1.1" 200 5131
186.79.203.95 - - [05/Aug/2016:11:00:44 -0300] "GET /cormun/servlet/solicitudotadjuntos?INS,2016,2424,,1, HTTP/1.1" 200 5661
186.79.203.95 - - [05/Aug/2016:11:00:45 -0300] "GET /cormun/servlet/solicitudotadjuntos?INS,2016,2424,,1, HTTP/1.1" 200 5661
186.103.159.46 - - [05/Aug/2016:11:00:45 -0300] "GET /cormun/servlet/solicitudot?9321cc3f0073fd8a43ea7fc015889eb4d51b39af3c81aa76ac51a227eab82f620a8b401aa9fc3180a35051dcf35e5b565cec0924ac865d970f9dc492268ae4e90f7d8b7b9f66c624ae2f1b882a8664a0c4907426fc04add93dbdeb98885a698715c422e5e5595ead3ecc7a720d5136bf421ee7c776db5c594f2b0fff9aea1f4996b67e803b379ecb951b257465d0d280841867f6f2666874768c4e1579420776c451a8829ace5dad771aee8cda48ca1f,gx-no-cache=1470405675867 HTTP/1.1" 200 30
186.79.203.95 - - [05/Aug/2016:11:00:45 -0300] "GET /cormun/servlet/solicitudotadjuntos?INS,2016,2424,,1, HTTP/1.1" 200 5661
186.103.159.46 - - [05/Aug/2016:11:00:45 -0300] "POST /cormun/servlet/solicitudot?ae3bfccf914bb0b8972a215a7267202a,INS,0,0,,gx-no-cache=1470405676020 HTTP/1.1" 200 9592
186.79.203.95 - - [05/Aug/2016:11:00:49 -0300] "GET /cormun/static/about:blank HTTP/1.1" 404 1011
186.79.203.95 - - [05/Aug/2016:11:00:49 -0300] "GET /cormun/servlet/solicitudotadjuntos?INS,2016,2424,,1, HTTP/1.1" 200 5655
186.79.203.95 - - [05/Aug/2016:11:00:50 -0300] "GET /cormun/servlet/solicitudotadjuntos?288d54d8f54393480cc4a96c627f20d993b498bf0c0a44982d09820a23a44c0dbaa7ddcc7496fbe26133f4bb9a9c5b4f,gx-no-cache=1470402079372 HTTP/1.1" 200 30
186.79.203.95 - - [05/Aug/2016:11:00:51 -0300] "POST /cormun/servlet/solicitudotadjuntos?dfb1a9506aee19b2e0e54a6ef0c77578,INS,2016,2424,,1,,gx-no-cache=1470402079766 HTTP/1.1" 200 3486
186.79.203.95 - - [05/Aug/2016:11:00:55 -0300] "POST /cormun/servlet/solicitudotadjuntos?gx-no-cache=1470402084004 HTTP/1.1" 200 26
186.79.198.196 - - [05/Aug/2016:11:01:00 -0300] "POST /cormun/servlet/trautorizarsolicitud?2bc0ba516cef64c0b3b0642a6146880e,,gx-no-cache=1470405663026 HTTP/1.1" 500 10
186.103.159.46 - - [05/Aug/2016:11:01:10 -0300] "POST /cormun/servlet/solicitudot?gx-no-cache=1470405700887 HTTP/1.1" 200 1185
186.79.203.95 - - [05/Aug/2016:11:01:12 -0300] "GET /cormun/servlet/solicitudotadjuntos?288d54d8f54393480cc4a96c627f20d93ca781c1c5b39ba99c7d4e389f803dfb,gx-no-cache=1470402101856 HTTP/1.1" 200 30
186.79.203.95 - - [05/Aug/2016:11:01:13 -0300] "GET /cormun/servlet/solicitudotadjuntos?288d54d8f54393480cc4a96c627f20d93ca781c1c5b39ba99c7d4e389f803dfb,gx-no-cache=1470402102696 HTTP/1.1" 200 30
186.79.198.196 - - [05/Aug/2016:11:01:17 -0300] "GET /cormun/servlet/trsolicitudot? HTTP/1.1" 200 6591
186.79.198.196 - - [05/Aug/2016:11:01:18 -0300] "GET /cormun/servlet/trsolicitudot? HTTP/1.1" 200 6589
186.103.159.46 - - [05/Aug/2016:11:01:28 -0300] "GET /cormun/servlet/solicitudot?9321cc3f0073fd8a43ea7fc015889eb467cabcb1a7f9e1de155f3353fcd8cbeb6a732ed899609bb40bfbc01aef7299c72eba23476128e386b72ccbb008ff3f42f0958b61d87c054b54ccd6d0212d3b38c0f8c936d08a24eaa9474d1e3a19459150f83d7e1175135e7c8498809178363d7713d5e2fdae3449dca8259ba38a8743d6de93439e77632dc820e7cb9091533890ecbba8641262d6a9dd2a9d5d603df4,gx-no-cache=1470405718708 HTTP/1.1" 200 41
186.103.159.46 - - [05/Aug/2016:11:01:28 -0300] "POST /cormun/servlet/solicitudot?gx-no-cache=1470405718786 HTTP/1.1" 200 1143
186.79.198.196 - - [05/Aug/2016:11:01:28 -0300] "POST /cormun/servlet/trsolicitudot?2bc0ba516cef64c0b3b0642a6146880e,,gx-no-cache=1470405711195 HTTP/1.1" 200 3841
186.79.203.95 - - [05/Aug/2016:11:01:40 -0300] "POST /cormun/servlet/solicitudotadjuntos?dfb1a9506aee19b2e0e54a6ef0c77578,INS,2016,2424,,1, HTTP/1.1" 200 6050
186.79.198.196 - - [05/Aug/2016:11:01:41 -0300] "POST /cormun/servlet/trsolicitudot?2bc0ba516cef64c0b3b0642a6146880e,,gx-no-cache=1470405729741 HTTP/1.1" 200 3841
186.79.198.196 - - [05/Aug/2016:11:01:55 -0300] "POST /cormun/servlet/trsolicitudot?2bc0ba516cef64c0b3b0642a6146880e,,gx-no-cache=1470405740875 HTTP/1.1" 200 3841
186.79.198.196 - - [05/Aug/2016:11:02:07 -0300] "GET /cormun/servlet/trvisualizadoreventos? HTTP/1.1" 200 6398
186.79.198.196 - - [05/Aug/2016:11:02:08 -0300] "GET /cormun/servlet/trvisualizadoreventos? HTTP/1.1" 200 6398
186.79.198.196 - - [05/Aug/2016:11:02:11 -0300] "GET /cormun/static/menuarrow.gif HTTP/1.1" 404 1015
186.79.198.196 - - [05/Aug/2016:11:02:17 -0300] "POST /cormun/servlet/trvisualizadoreventos?2bc0ba516cef64c0b3b0642a6146880e,,gx-no-cache=1470405763494 HTTP/1.1" 200 3668
186.79.203.95 - - [05/Aug/2016:11:02:20 -0300] "POST /cormun/servlet/solicitudotadjuntos?gx-no-cache=1470402169415 HTTP/1.1" 200 26
186.79.203.95 - - [05/Aug/2016:11:02:23 -0300] "GET /cormun/servlet/solicitudotadjuntos?288d54d8f54393480cc4a96c627f20d93ca781c1c5b39ba99c7d4e389f803dfb,gx-no-cache=1470402172167 HTTP/1.1" 200 30
186.79.203.95 - - [05/Aug/2016:11:02:23 -0300] "GET /cormun/servlet/solicitudotadjuntos?288d54d8f54393480cc4a96c627f20d93ca781c1c5b39ba99c7d4e389f803dfb,gx-no-cache=1470402172365 HTTP/1.1" 200 30
186.79.203.95 - - [05/Aug/2016:11:02:25 -0300] "POST /cormun/servlet/solicitudotadjuntos?dfb1a9506aee19b2e0e54a6ef0c77578,INS,2016,2424,,1,,gx-no-cache=1470402173185 HTTP/1.1" 200 3432
186.79.203.95 - - [05/Aug/2016:11:02:25 -0300] "GET /cormun/static/Shared/jqueryui/images/ui-bg_highlight-soft_100_c6c2c8_1x100.png HTTP/1.1" 404 1117
186.79.203.95 - - [05/Aug/2016:11:02:27 -0300] "GET /cormun/static/Shared/jqueryui/images/ui-icons_82798d_256x240.png HTTP/1.1" 404 1089
186.79.203.95 - - [05/Aug/2016:11:02:27 -0300] "GET /cormun/static/Shared/jqueryui/images/ui-bg_flat_55_994d53_40x100.png HTTP/1.1" 404 1097
186.79.203.95 - - [05/Aug/2016:11:02:27 -0300] "GET /cormun/static/Shared/jqueryui/images/ui-icons_ebccce_256x240.png HTTP/1.1" 404 1089
186.79.203.95 - - [05/Aug/2016:11:02:35 -0300] "POST /cormun/servlet/solicitudotadjuntos?dfb1a9506aee19b2e0e54a6ef0c77578,INS,2016,2424,,1,,gx-no-cache=1470402183828 HTTP/1.1" 200 93
186.79.203.95 - - [05/Aug/2016:11:02:35 -0300] "GET /cormun/servlet/hpexe_return? HTTP/1.1" 200 1028
186.79.203.95 - - [05/Aug/2016:11:02:36 -0300] "GET /cormun/servlet/trsolicitudadjuntos?2016,2424, HTTP/1.1" 200 8017
186.79.198.196 - - [05/Aug/2016:11:02:40 -0300] "GET /cormun/servlet/trautorizarsolicitud? HTTP/1.1" 200 7746
186.79.198.196 - - [05/Aug/2016:11:02:41 -0300] "GET /cormun/servlet/trautorizarsolicitud? HTTP/1.1" 200 7746
186.79.198.196 - - [05/Aug/2016:11:03:00 -0300] "POST /cormun/servlet/trautorizarsolicitud?2bc0ba516cef64c0b3b0642a6146880e,,gx-no-cache=1470405801902 HTTP/1.1" 200 3946
186.79.198.196 - - [05/Aug/2016:11:03:01 -0300] "GET /cormun/static/Shared/jqueryui/images/ui-icons_8d78a5_256x240.png HTTP/1.1" 404 1089
186.79.198.196 - - [05/Aug/2016:11:03:02 -0300] "GET /cormun/static/Shared/jqueryui/images/ui-bg_flat_55_fafafa_40x100.png HTTP/1.1" 404 1097
186.79.198.196 - - [05/Aug/2016:11:03:04 -0300] "GET /cormun/static/Shared/jqueryui/images/ui-icons_82798d_256x240.png HTTP/1.1" 404 1089
186.79.198.196 - - [05/Aug/2016:11:03:05 -0300] "POST /cormun/servlet/trautorizarsolicitud?2bc0ba516cef64c0b3b0642a6146880e,,gx-no-cache=1470405809995 HTTP/1.1" 200 3787
186.103.159.46 - - [05/Aug/2016:11:03:05 -0300] "GET /cormun/servlet/solicitudot?9321cc3f0073fd8a43ea7fc015889eb4d51b39af3c81aa76ac51a227eab82f6205e15e98e82a8cf69aeeae04250c6b405b9a20e1ca0bf62385a2c41b83a8a8d018496b035d7af395100f4d234fe1eb3c1db766c99c7f5ce4102a0606f1a99cd40b28aa53ee78d99591fcc92dda9ac2cd9029affa13e739dbacec140389cb7da08059dc5b075117aade7a2294c0697e93180ba9a50e865d551c01aa0c0de1f7498156daa5682fec47dd2b32045505225b3aa45cf59ed33a07df3b4fe746eb7aab,gx-no-cache=1470405816010 HTTP/1.1" 200 30
186.103.159.46 - - [05/Aug/2016:11:03:06 -0300] "POST /cormun/servlet/solicitudot?ae3bfccf914bb0b8972a215a7267202a,INS,0,0,,gx-no-cache=1470405816458 HTTP/1.1" 200 93
186.103.159.46 - - [05/Aug/2016:11:03:06 -0300] "GET /cormun/servlet/hpexe_return? HTTP/1.1" 200 1006
186.103.159.46 - - [05/Aug/2016:11:03:07 -0300] "GET /cormun/servlet/hhome HTTP/1.1" 200 3610
186.103.159.46 - - [05/Aug/2016:11:03:09 -0300] "GET /cormun/servlet/hhome HTTP/1.1" 200 3608
186.79.198.196 - - [05/Aug/2016:11:03:15 -0300] "GET /cormun/static/Shared/jqueryui/images/ui-bg_highlight-soft_100_c6c2c8_1x100.png HTTP/1.1" 404 1117
186.103.159.46 - - [05/Aug/2016:11:03:22 -0300] "GET /cormun/servlet/trvisualizadoreventos? HTTP/1.1" 200 6335
186.103.159.46 - - [05/Aug/2016:11:03:24 -0300] "GET /cormun/servlet/trvisualizadoreventos? HTTP/1.1" 200 6336
186.79.203.95 - - [05/Aug/2016:11:03:32 -0300] "GET /cormun/servlet/hlogin HTTP/1.1" 200 1725
186.103.159.46 - - [05/Aug/2016:11:03:34 -0300] "GET /cormun/servlet/trvisualizadoreventos? HTTP/1.1" 200 6336
186.79.203.95 - - [05/Aug/2016:11:03:35 -0300] "POST /cormun/servlet/hlogin?fc1488352cc9302fa90cf893ee6cddbc,gx-no-cache=1470402244666 HTTP/1.1" 200 90
186.79.198.196 - - [05/Aug/2016:11:03:35 -0300] "GET /cormun/servlet/hlogin HTTP/1.1" 200 1742
186.79.203.95 - - [05/Aug/2016:11:03:35 -0300] "GET /cormun/servlet/hpexe_link HTTP/1.1" 200 953
186.103.159.46 - - [05/Aug/2016:11:03:36 -0300] "GET /cormun/servlet/trvisualizadoreventos? HTTP/1.1" 200 6336
186.103.159.46 - - [05/Aug/2016:11:03:39 -0300] "GET /cormun/servlet/trsolicitudot? HTTP/1.1" 200 7787
186.103.159.46 - - [05/Aug/2016:11:03:41 -0300] "GET /cormun/servlet/trsolicitudot? HTTP/1.1" 200 7787
186.79.203.95 - - [05/Aug/2016:11:03:43 -0300] "GET /cormun/servlet/hhome HTTP/1.1" 200 3619
186.79.203.95 - - [05/Aug/2016:11:04:07 -0300] "GET /cormun/servlet/hhome HTTP/1.1" 200 3616
186.79.203.95 - - [05/Aug/2016:11:04:13 -0300] "GET /cormun/servlet/trsolicitudot? HTTP/1.1" 200 7767
186.79.203.95 - - [05/Aug/2016:11:04:14 -0300] "GET /cormun/servlet/trsolicitudot? HTTP/1.1" 200 7764
186.79.203.95 - - [05/Aug/2016:11:04:30 -0300] "POST /cormun/servlet/trsolicitudot?fc1488352cc9302fa90cf893ee6cddbc,,gx-no-cache=1470402299093 HTTP/1.1" 200 106
186.79.203.95 - - [05/Aug/2016:11:04:31 -0300] "GET /cormun/servlet/trsolicitudadjuntos?2016,2424, HTTP/1.1" 200 8012
186.79.203.95 - - [05/Aug/2016:11:04:32 -0300] "GET /cormun/servlet/trsolicitudadjuntos?2016,2424, HTTP/1.1" 200 8016
186.79.203.95 - - [05/Aug/2016:11:04:47 -0300] "GET /cormun/servlet/solicitudotadjuntos?INS,2016,2424,,1, HTTP/1.1" 200 5661
186.103.159.46 - - [05/Aug/2016:11:04:50 -0300] "POST /cormun/servlet/trsolicitudot?ae3bfccf914bb0b8972a215a7267202a,,gx-no-cache=1470405920577 HTTP/1.1" 200 3928
186.79.203.95 - - [05/Aug/2016:11:04:50 -0300] "GET /cormun/static/about:blank HTTP/1.1" 404 1011
186.103.159.46 - - [05/Aug/2016:11:04:50 -0300] "POST /cormun/servlet/trsolicitudot?ae3bfccf914bb0b8972a215a7267202a,,gx-no-cache=1470405921003 HTTP/1.1" 200 3754
186.79.203.95 - - [05/Aug/2016:11:04:50 -0300] "GET /cormun/servlet/solicitudotadjuntos?INS,2016,2424,,1, HTTP/1.1" 200 5654
186.79.203.95 - - [05/Aug/2016:11:04:51 -0300] "GET /cormun/servlet/solicitudotadjuntos?eb400860241ba5372f002919c32c542281988fa66a8c8a3933bae425c972a0aa20d4c1d07edf870267073d965f4b1aa9,gx-no-cache=1470402320112 HTTP/1.1" 200 30
186.79.203.95 - - [05/Aug/2016:11:04:54 -0300] "POST /cormun/servlet/solicitudotadjuntos?fc1488352cc9302fa90cf893ee6cddbc,INS,2016,2424,,1,,gx-no-cache=1470402320344 HTTP/1.1" 200 3485
186.79.203.95 - - [05/Aug/2016:11:04:59 -0300] "POST /cormun/servlet/solicitudotadjuntos?gx-no-cache=1470402328918 HTTP/1.1" 200 26
186.79.203.95 - - [05/Aug/2016:11:05:08 -0300] "GET /cormun/servlet/solicitudotadjuntos?eb400860241ba5372f002919c32c54224b9e8f3c30010bd9be7932f75850c1c9,gx-no-cache=1470402337443 HTTP/1.1" 200 30
186.79.203.95 - - [05/Aug/2016:11:05:08 -0300] "GET /cormun/servlet/solicitudotadjuntos?eb400860241ba5372f002919c32c54224b9e8f3c30010bd9be7932f75850c1c9,gx-no-cache=1470402337655 HTTP/1.1" 200 30
186.79.203.95 - - [05/Aug/2016:11:05:44 -0300] "POST /cormun/servlet/solicitudotadjuntos?fc1488352cc9302fa90cf893ee6cddbc,INS,2016,2424,,1, HTTP/1.1" 200 116
186.79.203.95 - - [05/Aug/2016:11:05:47 -0300] "GET /cormun/servlet/hpexe_return? HTTP/1.1" 200 1029
186.79.203.95 - - [05/Aug/2016:11:05:48 -0300] "GET /cormun/servlet/trsolicitudadjuntos?2016,2424, HTTP/1.1" 200 8151
186.79.203.95 - - [05/Aug/2016:11:05:54 -0300] "GET /cormun/servlet/trsolicitudadjuntos?2016,2424, HTTP/1.1" 200 8148
186.79.203.95 - - [05/Aug/2016:11:06:33 -0300] "POST /cormun/servlet/trsolicitudadjuntos?fc1488352cc9302fa90cf893ee6cddbc,2016,2424,,gx-no-cache=1470402421386 HTTP/1.1" 200 90
186.79.203.95 - - [05/Aug/2016:11:06:33 -0300] "GET /cormun/servlet/hpexe_link HTTP/1.1" 200 970
186.79.203.95 - - [05/Aug/2016:11:06:34 -0300] "GET /cormun/servlet/trsolicitudot HTTP/1.1" 200 7766
186.79.203.95 - - [05/Aug/2016:11:06:38 -0300] "GET /cormun/servlet/trsolicitudot HTTP/1.1" 200 7765
186.79.203.95 - - [05/Aug/2016:11:06:53 -0300] "POST /cormun/servlet/trsolicitudot?fc1488352cc9302fa90cf893ee6cddbc,gx-no-cache=1470402441537 HTTP/1.1" 200 106
186.79.203.95 - - [05/Aug/2016:11:06:53 -0300] "GET /cormun/servlet/trsolicitudadjuntos?2016,2424, HTTP/1.1" 200 8150
186.79.203.95 - - [05/Aug/2016:11:07:00 -0300] "GET /cormun/servlet/trsolicitudadjuntos?2016,2424, HTTP/1.1" 200 8148
186.79.203.95 - - [05/Aug/2016:11:08:19 -0300] "GET /cormun/servlet/hlogin HTTP/1.1" 200 1723
186.79.203.95 - - [05/Aug/2016:11:08:23 -0300] "POST /cormun/servlet/hlogin?1523782e12eac58063bdf5ceeb495b34,gx-no-cache=1470402532433 HTTP/1.1" 200 90
186.79.203.95 - - [05/Aug/2016:11:08:23 -0300] "GET /cormun/servlet/hpexe_link HTTP/1.1" 200 951
186.79.203.95 - - [05/Aug/2016:11:08:24 -0300] "GET /cormun/servlet/hhome HTTP/1.1" 200 3616
186.79.203.95 - - [05/Aug/2016:11:08:25 -0300] "GET /cormun/servlet/hhome HTTP/1.1" 200 3617
186.79.203.95 - - [05/Aug/2016:11:08:50 -0300] "GET /cormun/servlet/trsolicitudot? HTTP/1.1" 200 7762
186.79.203.95 - - [05/Aug/2016:11:08:51 -0300] "GET /cormun/servlet/trsolicitudot? HTTP/1.1" 200 7760
186.79.203.95 - - [05/Aug/2016:11:09:12 -0300] "POST /cormun/servlet/trsolicitudot?1523782e12eac58063bdf5ceeb495b34,,gx-no-cache=1470402580881 HTTP/1.1" 200 106
186.79.203.95 - - [05/Aug/2016:11:09:13 -0300] "GET /cormun/servlet/trsolicitudadjuntos?2016,2424, HTTP/1.1" 200 8146
186.79.203.95 - - [05/Aug/2016:11:09:16 -0300] "GET /cormun/servlet/trsolicitudadjuntos?2016,2424, HTTP/1.1" 200 8146
186.79.203.95 - - [05/Aug/2016:11:09:41 -0300] "POST /cormun/servlet/trsolicitudadjuntos?1523782e12eac58063bdf5ceeb495b34,2016,2424,,gx-no-cache=1470402608430 HTTP/1.1" 200 6861
186.79.203.95 - - [05/Aug/2016:11:10:16 -0300] "GET /cormun/servlet/solicitudotadjuntos?DLT,2016,2424,CARNET,0, HTTP/1.1" 200 5616
186.79.203.95 - - [05/Aug/2016:11:10:16 -0300] "GET /cormun/servlet/solicitudotadjuntos?DLT,2016,2424,CARNET,0, HTTP/1.1" 200 5615
186.79.203.95 - - [05/Aug/2016:11:10:19 -0300] "GET /cormun/static/Shared/jqueryui/images/ui-bg_highlight-soft_100_c6c2c8_1x100.png HTTP/1.1" 404 1117
186.79.203.95 - - [05/Aug/2016:11:10:19 -0300] "GET /cormun/static/Shared/jqueryui/images/ui-icons_82798d_256x240.png HTTP/1.1" 404 1089
186.79.203.95 - - [05/Aug/2016:11:10:19 -0300] "GET /cormun/static/Shared/jqueryui/images/ui-icons_8d78a5_256x240.png HTTP/1.1" 404 1089
186.79.203.95 - - [05/Aug/2016:11:10:19 -0300] "GET /cormun/static/Shared/jqueryui/images/ui-bg_flat_55_fafafa_40x100.png HTTP/1.1" 404 1097
186.79.203.95 - - [05/Aug/2016:11:10:20 -0300] "GET /cormun/servlet/solicitudotadjuntos?DLT,2016,2424,CARNET,0, HTTP/1.1" 200 5609
186.79.203.95 - - [05/Aug/2016:11:10:26 -0300] "GET /cormun/PublicTempStorage/cedula852163.jpg HTTP/1.1" 200 827953
186.79.203.95 - - [05/Aug/2016:11:10:26 -0300] "POST /cormun/servlet/solicitudotadjuntos?1523782e12eac58063bdf5ceeb495b34,DLT,2016,2424,CARNET,0,,gx-no-cache=1470402655422 HTTP/1.1" 200 93
186.79.203.95 - - [05/Aug/2016:11:10:27 -0300] "GET /cormun/servlet/hpexe_return? HTTP/1.1" 200 1033
186.79.203.95 - - [05/Aug/2016:11:10:28 -0300] "GET /cormun/servlet/trsolicitudadjuntos?2016,2424, HTTP/1.1" 200 8148
186.79.203.95 - - [05/Aug/2016:11:10:30 -0300] "GET /cormun/servlet/trsolicitudadjuntos?2016,2424, HTTP/1.1" 200 8141
186.79.203.95 - - [05/Aug/2016:11:10:52 -0300] "GET /cormun/servlet/trvisualizadoreventos? HTTP/1.1" 200 6361
186.79.203.95 - - [05/Aug/2016:11:10:52 -0300] "GET /cormun/static/gxcfg.js?201631021481342 HTTP/1.1" 200 953
186.79.203.95 - - [05/Aug/2016:11:10:52 -0300] "GET /cormun/static/Resources/PXToolsActionPrint.png HTTP/1.1" 200 3317
186.79.203.95 - - [05/Aug/2016:11:10:52 -0300] "GET /cormun/static/trvisualizadoreventos.js?201631021481717 HTTP/1.1" 200 19288
186.79.203.95 - - [05/Aug/2016:11:10:53 -0300] "GET /cormun/servlet/trvisualizadoreventos? HTTP/1.1" 200 6350
186.79.203.95 - - [05/Aug/2016:11:11:08 -0300] "POST /cormun/servlet/trvisualizadoreventos?1523782e12eac58063bdf5ceeb495b34,,gx-no-cache=1470402696309 HTTP/1.1" 200 3616
186.79.203.95 - - [05/Aug/2016:11:11:11 -0300] "POST /cormun/servlet/trvisualizadoreventos?1523782e12eac58063bdf5ceeb495b34,,gx-no-cache=1470402700355 HTTP/1.1" 200 3616
