186.103.159.183 - - [01/Aug/2016:15:59:22 -0300] "POST /cormun/servlet/trautorizarsolicitud?23699883f520c1ee5f99dc0c4cb7f2dd,,gx-no-cache=1470077992066 HTTP/1.1" 200 5140
186.103.159.183 - - [01/Aug/2016:15:59:42 -0300] "POST /cormun/servlet/trautorizarsolicitud?23699883f520c1ee5f99dc0c4cb7f2dd,,gx-no-cache=1470077994181 HTTP/1.1" 200 107
186.103.159.183 - - [01/Aug/2016:15:59:42 -0300] "GET /cormun/servlet/trsolicitudadjuntos?2016,2374, HTTP/1.1" 200 7833
186.103.159.183 - - [01/Aug/2016:15:59:45 -0300] "GET /cormun/servlet/trsolicitudadjuntos?2016,2374, HTTP/1.1" 200 7833
186.103.159.46 - - [01/Aug/2016:16:01:37 -0300] "POST /cormun/servlet/solicitudot?gx-no-cache=1470078127415 HTTP/1.1" 200 3007
186.103.159.46 - - [01/Aug/2016:16:01:37 -0300] "POST /cormun/servlet/solicitudot?31b2f10a0c17a3d3eac976099787f2ca,INS,0,0,,gx-no-cache=1470078127886 HTTP/1.1" 200 8791
186.103.159.183 - - [01/Aug/2016:16:01:40 -0300] "GET /cormun/servlet/solicitudotadjuntos?INS,2016,2374,,1, HTTP/1.1" 200 5701
186.103.159.183 - - [01/Aug/2016:16:01:41 -0300] "GET /cormun/static/about:blank HTTP/1.1" 404 1011
186.103.159.183 - - [01/Aug/2016:16:01:41 -0300] "GET /cormun/servlet/solicitudotadjuntos?e33d4de1cf88f06403625f7c859913975948235f09d035661abd7062d4b44bf38012618153b2d228b4a78feb144aa9a0,gx-no-cache=1470078132167 HTTP/1.1" 200 30
186.103.159.183 - - [01/Aug/2016:16:01:42 -0300] "GET /cormun/servlet/solicitudotadjuntos?INS,2016,2374,,1, HTTP/1.1" 200 5695
186.103.159.183 - - [01/Aug/2016:16:01:42 -0300] "POST /cormun/servlet/solicitudotadjuntos?23699883f520c1ee5f99dc0c4cb7f2dd,INS,2016,2374,,1,,gx-no-cache=1470078132298 HTTP/1.1" 200 3544
186.103.159.46 - - [01/Aug/2016:16:01:45 -0300] "GET /cormun/servlet/solicitudot?aa14785c88c53f8779e269bf9c0cbb85ed7978b03c89825ce952fab079062b2ffa745079a61ef6e07ebef206902d2936,gx-no-cache=1470078135448 HTTP/1.1" 200 30
186.103.159.46 - - [01/Aug/2016:16:01:45 -0300] "POST /cormun/servlet/solicitudot?gx-no-cache=1470078135873 HTTP/1.1" 200 30
186.103.159.183 - - [01/Aug/2016:16:01:50 -0300] "POST /cormun/servlet/solicitudotadjuntos?gx-no-cache=1470078141007 HTTP/1.1" 200 26
186.103.159.46 - - [01/Aug/2016:16:01:53 -0300] "POST /cormun/servlet/solicitudot?gx-no-cache=1470078144350 HTTP/1.1" 200 122
186.103.159.183 - - [01/Aug/2016:16:01:53 -0300] "POST /cormun/servlet/solicitudotadjuntos?23699883f520c1ee5f99dc0c4cb7f2dd,INS,2016,2374,,1,,gx-no-cache=1470078143343 HTTP/1.1" 200 93
186.103.159.183 - - [01/Aug/2016:16:01:53 -0300] "GET /cormun/servlet/hpexe_return? HTTP/1.1" 200 1028
186.103.159.46 - - [01/Aug/2016:16:01:53 -0300] "GET /cormun/static/Shared/jqueryui/images/ui-bg_highlight-soft_100_c6c2c8_1x100.png HTTP/1.1" 404 1117
186.103.159.46 - - [01/Aug/2016:16:01:53 -0300] "GET /cormun/static/Shared/jqueryui/images/ui-icons_82798d_256x240.png HTTP/1.1" 404 1089
186.103.159.46 - - [01/Aug/2016:16:01:53 -0300] "GET /cormun/static/Shared/jqueryui/images/ui-bg_flat_55_fafafa_40x100.png HTTP/1.1" 404 1097
186.103.159.46 - - [01/Aug/2016:16:01:53 -0300] "GET /cormun/static/Shared/jqueryui/images/ui-icons_8d78a5_256x240.png HTTP/1.1" 404 1089
186.103.159.183 - - [01/Aug/2016:16:01:54 -0300] "GET /cormun/servlet/trsolicitudadjuntos?2016,2374, HTTP/1.1" 200 7838
186.103.159.46 - - [01/Aug/2016:16:01:54 -0300] "POST /cormun/servlet/solicitudot?gx-no-cache=1470078144669 HTTP/1.1" 200 480
186.103.159.46 - - [01/Aug/2016:16:01:54 -0300] "GET /cormun/servlet/solicitudot?aa14785c88c53f8779e269bf9c0cbb85089055f07f44296c0d4e834e8627a62e6a38d0f1b770105decb193fdaf11646b56db3cecd9a6b5e7f7c33b0567a52b250f446c71060488017c2014190cc88347f744b7ba9db9c647e1750010796c5868eb2662c1efbef4b5b2702321b7634c639b4177d69605c01d07c80c27dcbbcaace1a9f5649f491d127d0c20733ee60e86,gx-no-cache=1470078145100 HTTP/1.1" 200 38
186.103.159.46 - - [01/Aug/2016:16:02:11 -0300] "POST /cormun/servlet/solicitudot?gx-no-cache=1470078159349 HTTP/1.1" 200 122
186.103.159.183 - - [01/Aug/2016:16:02:34 -0300] "GET /cormun/servlet/solicitudotadjuntos?INS,2016,2374,,1, HTTP/1.1" 200 5701
186.103.159.183 - - [01/Aug/2016:16:02:34 -0300] "GET /cormun/static/about:blank HTTP/1.1" 404 1011
186.103.159.183 - - [01/Aug/2016:16:02:34 -0300] "GET /cormun/servlet/solicitudotadjuntos?INS,2016,2374,,1, HTTP/1.1" 200 5695
186.103.159.183 - - [01/Aug/2016:16:02:35 -0300] "GET /cormun/servlet/solicitudotadjuntos?e33d4de1cf88f06403625f7c859913975948235f09d035661abd7062d4b44bf38012618153b2d228b4a78feb144aa9a0,gx-no-cache=1470078185832 HTTP/1.1" 200 30
186.103.159.183 - - [01/Aug/2016:16:02:35 -0300] "POST /cormun/servlet/solicitudotadjuntos?23699883f520c1ee5f99dc0c4cb7f2dd,INS,2016,2374,,1,,gx-no-cache=1470078185882 HTTP/1.1" 200 3544
186.103.159.46 - - [01/Aug/2016:16:02:36 -0300] "POST /cormun/servlet/solicitudot?gx-no-cache=1470078171384 HTTP/1.1" 200 30
186.103.159.183 - - [01/Aug/2016:16:02:38 -0300] "POST /cormun/servlet/solicitudotadjuntos?23699883f520c1ee5f99dc0c4cb7f2dd,INS,2016,2374,,1,,gx-no-cache=1470078188176 HTTP/1.1" 200 93
186.103.159.183 - - [01/Aug/2016:16:02:38 -0300] "GET /cormun/servlet/hpexe_return? HTTP/1.1" 200 1028
186.103.159.183 - - [01/Aug/2016:16:02:39 -0300] "GET /cormun/servlet/trsolicitudadjuntos?2016,2374, HTTP/1.1" 200 7837
186.103.159.183 - - [01/Aug/2016:16:02:40 -0300] "GET /cormun/servlet/trsolicitudadjuntos?2016,2374, HTTP/1.1" 200 7835
186.103.159.46 - - [01/Aug/2016:16:02:55 -0300] "POST /cormun/servlet/solicitudot?gx-no-cache=1470078204841 HTTP/1.1" 200 480
186.103.159.46 - - [01/Aug/2016:16:02:55 -0300] "GET /cormun/servlet/solicitudot?aa14785c88c53f8779e269bf9c0cbb85089055f07f44296c0d4e834e8627a62e6a38d0f1b770105decb193fdaf11646b56db3cecd9a6b5e7f7c33b0567a52b250f446c71060488017c2014190cc88347f744b7ba9db9c647e1750010796c5868eb2662c1efbef4b5b2702321b7634c639b4177d69605c01d07c80c27dcbbcaace1a9f5649f491d127d0c20733ee60e86,gx-no-cache=1470078206442 HTTP/1.1" 200 38
186.103.159.46 - - [01/Aug/2016:16:02:55 -0300] "GET /cormun/servlet/solicitudot?aa14785c88c53f8779e269bf9c0cbb8579c2e1aa3905409524bfe85e430bd8ce36803b3bedb48d17ef64de306105820f8f51c6e5b84ad903a7e12e356a5e2971fa07a700135dc46351a3647879c7028f6e5f66016d02860ef11afadc9dc24ce9747ae3cd51236deb11a669b6ac370e95,gx-no-cache=1470078206539 HTTP/1.1" 200 29
186.103.159.46 - - [01/Aug/2016:16:02:56 -0300] "POST /cormun/servlet/solicitudot?gx-no-cache=1470078206632 HTTP/1.1" 200 432
186.103.159.183 - - [01/Aug/2016:16:02:57 -0300] "GET /cormun/servlet/solicitudotadjuntos?INS,2016,2374,,1, HTTP/1.1" 200 5700
186.103.159.183 - - [01/Aug/2016:16:02:57 -0300] "GET /cormun/static/about:blank HTTP/1.1" 404 1011
186.103.159.183 - - [01/Aug/2016:16:02:57 -0300] "GET /cormun/servlet/solicitudotadjuntos?INS,2016,2374,,1, HTTP/1.1" 200 5694
186.103.159.183 - - [01/Aug/2016:16:02:58 -0300] "GET /cormun/servlet/solicitudotadjuntos?e33d4de1cf88f06403625f7c859913975948235f09d035661abd7062d4b44bf38012618153b2d228b4a78feb144aa9a0,gx-no-cache=1470078208876 HTTP/1.1" 200 30
186.103.159.183 - - [01/Aug/2016:16:02:58 -0300] "POST /cormun/servlet/solicitudotadjuntos?23699883f520c1ee5f99dc0c4cb7f2dd,INS,2016,2374,,1,,gx-no-cache=1470078208999 HTTP/1.1" 200 3544
186.103.159.183 - - [01/Aug/2016:16:03:02 -0300] "POST /cormun/servlet/solicitudotadjuntos?gx-no-cache=1470078212672 HTTP/1.1" 200 26
186.103.159.183 - - [01/Aug/2016:16:03:07 -0300] "GET /cormun/servlet/solicitudotadjuntos?e33d4de1cf88f06403625f7c8599139763596bfb106f04d7660782c5cf62b2cf,gx-no-cache=1470078218603 HTTP/1.1" 200 30
186.103.159.183 - - [01/Aug/2016:16:03:08 -0300] "GET /cormun/servlet/solicitudotadjuntos?e33d4de1cf88f06403625f7c8599139763596bfb106f04d7660782c5cf62b2cf,gx-no-cache=1470078218634 HTTP/1.1" 200 30
186.103.159.46 - - [01/Aug/2016:16:03:27 -0300] "POST /cormun/servlet/solicitudot?gx-no-cache=1470078237549 HTTP/1.1" 200 30
186.103.159.46 - - [01/Aug/2016:16:03:30 -0300] "POST /cormun/servlet/solicitudot?gx-no-cache=1470078240981 HTTP/1.1" 200 480
186.103.159.46 - - [01/Aug/2016:16:03:30 -0300] "GET /cormun/servlet/solicitudot?aa14785c88c53f8779e269bf9c0cbb85089055f07f44296c0d4e834e8627a62e6a38d0f1b770105decb193fdaf11646b56db3cecd9a6b5e7f7c33b0567a52b250f446c71060488017c2014190cc88347f744b7ba9db9c647e1750010796c5868eb2662c1efbef4b5b2702321b7634c639b4177d69605c01d07c80c27dcbbcaace1a9f5649f491d127d0c20733ee60e86,gx-no-cache=1470078241068 HTTP/1.1" 200 38
186.103.159.183 - - [01/Aug/2016:16:03:32 -0300] "POST /cormun/servlet/solicitudotadjuntos?23699883f520c1ee5f99dc0c4cb7f2dd,INS,2016,2374,,1, HTTP/1.1" 200 6123
186.103.159.183 - - [01/Aug/2016:16:05:34 -0300] "POST /cormun/servlet/solicitudotadjuntos?23699883f520c1ee5f99dc0c4cb7f2dd,INS,2016,2374,,1, HTTP/1.1" 200 6123
186.103.159.46 - - [01/Aug/2016:16:06:51 -0300] "POST /cormun/servlet/solicitudot?gx-no-cache=1470078442131 HTTP/1.1" 200 432
186.103.159.46 - - [01/Aug/2016:16:07:06 -0300] "POST /cormun/servlet/solicitudot?gx-no-cache=1470078457048 HTTP/1.1" 200 1144
186.103.159.46 - - [01/Aug/2016:16:07:32 -0300] "GET /cormun/static/menuarrow.gif HTTP/1.1" 404 1015
186.103.159.46 - - [01/Aug/2016:16:07:48 -0300] "GET /cormun/servlet/solicitudot?aa14785c88c53f8779e269bf9c0cbb8593c3bd09210d296673364909965aab61b32535c6bd743f63294bbb64fc2d482eb76714a5fe9e6e173189fbc4d4641d05944e52c31a1a93d7e5b222dd6918dd96a3d09048e0a6f9c286e0a762aae12868ab8b5fb6c3759469a0333d964707b0e63b52d1d086ace1108eb4ee26a4e3839dd63d26e4f36365d6eacc9dc99aee29d893e19fa48874f4da1571221da75899d164404d558e236c95b5b323ffebb66baf,gx-no-cache=1470078499404 HTTP/1.1" 200 30
186.103.159.46 - - [01/Aug/2016:16:09:08 -0300] "GET /cormun/servlet/solicitudot?aa14785c88c53f8779e269bf9c0cbb8593c3bd09210d296673364909965aab61b32535c6bd743f63294bbb64fc2d482eb76714a5fe9e6e173189fbc4d4641d05944e52c31a1a93d7e5b222dd6918dd96a3d09048e0a6f9c286e0a762aae12868ab8b5fb6c3759469a0333d964707b0e63b52d1d086ace1108eb4ee26a4e3839dd63d26e4f36365d6eacc9dc99aee29d893e19fa48874f4da1571221da75899d164404d558e236c95b5b323ffebb66baf,gx-no-cache=1470078578631 HTTP/1.1" 200 30
186.103.159.46 - - [01/Aug/2016:16:09:08 -0300] "POST /cormun/servlet/solicitudot?31b2f10a0c17a3d3eac976099787f2ca,INS,0,0,,gx-no-cache=1470078578775 HTTP/1.1" 200 93
186.103.159.46 - - [01/Aug/2016:16:09:08 -0300] "GET /cormun/servlet/hpexe_return? HTTP/1.1" 200 1012
186.103.159.46 - - [01/Aug/2016:16:09:08 -0300] "GET /cormun/servlet/trsolicitudot HTTP/1.1" 200 7750
186.103.159.46 - - [01/Aug/2016:16:09:10 -0300] "GET /cormun/servlet/trsolicitudot HTTP/1.1" 200 7747
186.103.159.46 - - [01/Aug/2016:16:09:31 -0300] "POST /cormun/servlet/trsolicitudot?31b2f10a0c17a3d3eac976099787f2ca,gx-no-cache=1470078601774 HTTP/1.1" 200 107
186.103.159.46 - - [01/Aug/2016:16:09:31 -0300] "GET /cormun/servlet/trsolicitudadjuntos?2016,2379, HTTP/1.1" 200 5557
186.103.159.46 - - [01/Aug/2016:16:09:31 -0300] "GET /cormun/static/gxcfg.js?2016311731090 HTTP/1.1" 200 953
186.103.159.46 - - [01/Aug/2016:16:09:31 -0300] "GET /cormun/static/Resources/Spanish/PXTools.css?171692 HTTP/1.1" 200 89042
186.103.159.46 - - [01/Aug/2016:16:09:31 -0300] "GET /cormun/static/trsolicitudadjuntos.js?2016311731342 HTTP/1.1" 200 17913
186.103.159.46 - - [01/Aug/2016:16:09:31 -0300] "GET /cormun/static/Resources/PXToolsGridFirst.gif HTTP/1.1" 200 379
186.103.159.46 - - [01/Aug/2016:16:09:32 -0300] "GET /cormun/static/Resources/PXToolsGridPrevious.gif HTTP/1.1" 200 369
186.103.159.46 - - [01/Aug/2016:16:09:32 -0300] "GET /cormun/static/Resources/PXToolsGridNext.gif HTTP/1.1" 200 369
186.103.159.46 - - [01/Aug/2016:16:09:32 -0300] "GET /cormun/static/Resources/PXToolsGridLast.gif HTTP/1.1" 200 370
186.103.159.46 - - [01/Aug/2016:16:09:33 -0300] "GET /cormun/servlet/trsolicitudadjuntos?2016,2379, HTTP/1.1" 200 5557
186.103.159.46 - - [01/Aug/2016:16:09:41 -0300] "GET /cormun/servlet/solicitudotadjuntos?INS,2016,2379,,1, HTTP/1.1" 200 5652
186.103.159.46 - - [01/Aug/2016:16:09:41 -0300] "GET /cormun/static/gxcfg.js?201631622493247 HTTP/1.1" 200 953
186.103.159.46 - - [01/Aug/2016:16:09:41 -0300] "GET /cormun/static/solicitudotadjuntos.js?201631622493267 HTTP/1.1" 200 11762
186.103.159.46 - - [01/Aug/2016:16:09:42 -0300] "GET /cormun/static/about:blank HTTP/1.1" 404 1011
186.103.159.46 - - [01/Aug/2016:16:09:42 -0300] "GET /cormun/servlet/solicitudotadjuntos?INS,2016,2379,,1, HTTP/1.1" 200 5646
186.103.159.46 - - [01/Aug/2016:16:09:43 -0300] "GET /cormun/servlet/solicitudotadjuntos?aa14785c88c53f8779e269bf9c0cbb8560fb10dcee3f2c74043d7a77f7e2d9560a555cd9695703ef37f00dc66b0b0877,gx-no-cache=1470078614053 HTTP/1.1" 200 30
186.103.159.46 - - [01/Aug/2016:16:09:43 -0300] "POST /cormun/servlet/solicitudotadjuntos?31b2f10a0c17a3d3eac976099787f2ca,INS,2016,2379,,1,,gx-no-cache=1470078614142 HTTP/1.1" 200 3485
186.103.159.46 - - [01/Aug/2016:16:09:49 -0300] "POST /cormun/servlet/solicitudotadjuntos?gx-no-cache=1470078620444 HTTP/1.1" 200 26
186.103.159.46 - - [01/Aug/2016:16:10:31 -0300] "GET /cormun/servlet/solicitudotadjuntos?aa14785c88c53f8779e269bf9c0cbb85e41e471a508dd8d4db3178316425c8ae,gx-no-cache=1470078662376 HTTP/1.1" 200 30
186.103.159.46 - - [01/Aug/2016:16:10:31 -0300] "GET /cormun/servlet/solicitudotadjuntos?aa14785c88c53f8779e269bf9c0cbb85e41e471a508dd8d4db3178316425c8ae,gx-no-cache=1470078662451 HTTP/1.1" 200 30
186.103.159.46 - - [01/Aug/2016:16:10:32 -0300] "POST /cormun/servlet/solicitudotadjuntos?31b2f10a0c17a3d3eac976099787f2ca,INS,2016,2379,,1, HTTP/1.1" 200 116
186.103.159.46 - - [01/Aug/2016:16:10:32 -0300] "GET /cormun/servlet/hpexe_return? HTTP/1.1" 200 1031
186.103.159.46 - - [01/Aug/2016:16:10:32 -0300] "GET /cormun/servlet/trsolicitudadjuntos?2016,2379, HTTP/1.1" 200 7472
186.103.159.46 - - [01/Aug/2016:16:10:34 -0300] "GET /cormun/servlet/trsolicitudadjuntos?2016,2379, HTTP/1.1" 200 7468
186.103.159.46 - - [01/Aug/2016:16:10:38 -0300] "GET /cormun/servlet/solicitudotadjuntos?INS,2016,2379,,1, HTTP/1.1" 200 5652
186.103.159.46 - - [01/Aug/2016:16:10:39 -0300] "GET /cormun/static/about:blank HTTP/1.1" 404 1011
186.103.159.46 - - [01/Aug/2016:16:10:40 -0300] "GET /cormun/servlet/solicitudotadjuntos?INS,2016,2379,,1, HTTP/1.1" 200 5646
186.103.159.46 - - [01/Aug/2016:16:10:40 -0300] "GET /cormun/servlet/solicitudotadjuntos?aa14785c88c53f8779e269bf9c0cbb8560fb10dcee3f2c74043d7a77f7e2d9560a555cd9695703ef37f00dc66b0b0877,gx-no-cache=1470078671141 HTTP/1.1" 200 30
186.103.159.46 - - [01/Aug/2016:16:10:40 -0300] "POST /cormun/servlet/solicitudotadjuntos?31b2f10a0c17a3d3eac976099787f2ca,INS,2016,2379,,1,,gx-no-cache=1470078671254 HTTP/1.1" 200 3485
186.103.159.46 - - [01/Aug/2016:16:10:50 -0300] "POST /cormun/servlet/solicitudotadjuntos?gx-no-cache=1470078680758 HTTP/1.1" 200 26
186.103.159.46 - - [01/Aug/2016:16:11:17 -0300] "GET /cormun/servlet/solicitudotadjuntos?aa14785c88c53f8779e269bf9c0cbb85e41e471a508dd8d4db3178316425c8ae,gx-no-cache=1470078707711 HTTP/1.1" 200 30
186.103.159.46 - - [01/Aug/2016:16:11:17 -0300] "GET /cormun/servlet/solicitudotadjuntos?aa14785c88c53f8779e269bf9c0cbb85e41e471a508dd8d4db3178316425c8ae,gx-no-cache=1470078707786 HTTP/1.1" 200 30
186.103.159.46 - - [01/Aug/2016:16:11:17 -0300] "POST /cormun/servlet/solicitudotadjuntos?31b2f10a0c17a3d3eac976099787f2ca,INS,2016,2379,,1, HTTP/1.1" 200 116
186.103.159.46 - - [01/Aug/2016:16:11:17 -0300] "GET /cormun/servlet/hpexe_return? HTTP/1.1" 200 1031
186.103.159.46 - - [01/Aug/2016:16:11:18 -0300] "GET /cormun/servlet/trsolicitudadjuntos?2016,2379, HTTP/1.1" 200 7686
186.103.159.46 - - [01/Aug/2016:16:11:20 -0300] "GET /cormun/servlet/trsolicitudadjuntos?2016,2379, HTTP/1.1" 200 7683
186.103.159.46 - - [01/Aug/2016:16:11:24 -0300] "GET /cormun/servlet/solicitudotadjuntos?INS,2016,2379,,1, HTTP/1.1" 200 5652
186.103.159.46 - - [01/Aug/2016:16:11:25 -0300] "GET /cormun/static/about:blank HTTP/1.1" 404 1011
186.103.159.46 - - [01/Aug/2016:16:11:26 -0300] "GET /cormun/servlet/solicitudotadjuntos?INS,2016,2379,,1, HTTP/1.1" 200 5646
186.103.159.46 - - [01/Aug/2016:16:11:26 -0300] "GET /cormun/servlet/solicitudotadjuntos?aa14785c88c53f8779e269bf9c0cbb8560fb10dcee3f2c74043d7a77f7e2d9560a555cd9695703ef37f00dc66b0b0877,gx-no-cache=1470078717103 HTTP/1.1" 200 30
186.103.159.46 - - [01/Aug/2016:16:11:26 -0300] "POST /cormun/servlet/solicitudotadjuntos?31b2f10a0c17a3d3eac976099787f2ca,INS,2016,2379,,1,,gx-no-cache=1470078717193 HTTP/1.1" 200 3484
186.103.159.46 - - [01/Aug/2016:16:11:32 -0300] "POST /cormun/servlet/solicitudotadjuntos?gx-no-cache=1470078722812 HTTP/1.1" 200 26
191.112.10.64 - - [01/Aug/2016:16:12:05 -0300] "POST /cormun/servlet/solicitudot?gx-no-cache=1470078756448 HTTP/1.1" 440 972
191.112.10.64 - - [01/Aug/2016:16:12:07 -0300] "POST /cormun/servlet/solicitudot?gx-no-cache=1470078758811 HTTP/1.1" 440 972
191.112.10.64 - - [01/Aug/2016:16:12:08 -0300] "POST /cormun/servlet/solicitudot?gx-no-cache=1470078760329 HTTP/1.1" 440 972
191.112.10.64 - - [01/Aug/2016:16:12:09 -0300] "POST /cormun/servlet/solicitudot?gx-no-cache=1470078761271 HTTP/1.1" 440 972
191.112.10.64 - - [01/Aug/2016:16:12:11 -0300] "GET /cormun/servlet/solicitudot?4a3fce62da9cd4a5ef1127438795b2125884e85c3cdda1e25b3e0a7865925e2a2ffee45b682b193b54efdc6a0e1f04c0ea2054b3fd91e67798fb0f1ab4e9290b8a41e7b51aaf12aec989445e88bec028fe1559d37dde7ca82ea2767e274085fde5d932fe7eaed61d977950db5e5dca46f91225658840a062e3e3881f228465784c142eda8012f200e8143ed3b1d7dfd73b5de8a8370027c7716ac5196d61d593,gx-no-cache=1470078762984 HTTP/1.1" 440 972
191.112.10.64 - - [01/Aug/2016:16:12:14 -0300] "POST /cormun/servlet/solicitudot?gx-no-cache=1470078766005 HTTP/1.1" 440 972
191.112.10.64 - - [01/Aug/2016:16:12:17 -0300] "GET /cormun/servlet/solicitudot?UPD,2016,2378, HTTP/1.1" 200 12688
191.112.10.64 - - [01/Aug/2016:16:12:18 -0300] "GET /cormun/servlet/hlogin HTTP/1.1" 200 1753
191.112.10.64 - - [01/Aug/2016:16:12:18 -0300] "GET /cormun/servlet/solicitudot?UPD,2016,2378, HTTP/1.1" 200 12688
191.112.10.64 - - [01/Aug/2016:16:12:24 -0300] "POST /cormun/servlet/hlogin?433159c62f0cb55d4d7e5e627e04023c,gx-no-cache=1470078775715 HTTP/1.1" 200 90
191.112.10.64 - - [01/Aug/2016:16:12:24 -0300] "GET /cormun/servlet/hpexe_link HTTP/1.1" 200 969
191.112.10.64 - - [01/Aug/2016:16:12:24 -0300] "GET /cormun/servlet/solicitudot?UPD,2016,2378, HTTP/1.1" 200 13061
191.112.10.64 - - [01/Aug/2016:16:12:25 -0300] "GET /cormun/servlet/solicitudot?UPD,2016,2378, HTTP/1.1" 200 13069
191.112.10.64 - - [01/Aug/2016:16:12:25 -0300] "POST /cormun/servlet/solicitudot?gx-no-cache=1470078777296 HTTP/1.1" 200 3002
191.112.10.64 - - [01/Aug/2016:16:12:26 -0300] "POST /cormun/servlet/solicitudot?433159c62f0cb55d4d7e5e627e04023c,UPD,2016,2378,,gx-no-cache=1470078777639 HTTP/1.1" 200 9167
191.112.10.64 - - [01/Aug/2016:16:12:26 -0300] "GET /cormun/servlet/solicitudot?9a23a24532be02b442d9bed94ba543483b205e951dc786fa8ed69d383f6e5429f49fa5fdf5436e59f9375e86938bdb1d,gx-no-cache=1470078778196 HTTP/1.1" 200 30
191.112.10.64 - - [01/Aug/2016:16:12:26 -0300] "POST /cormun/servlet/solicitudot?gx-no-cache=1470078778356 HTTP/1.1" 200 30
191.112.10.64 - - [01/Aug/2016:16:12:26 -0300] "POST /cormun/servlet/solicitudot?gx-no-cache=1470078778513 HTTP/1.1" 200 122
191.112.10.64 - - [01/Aug/2016:16:12:26 -0300] "GET /cormun/static/Shared/jqueryui/images/ui-bg_highlight-soft_100_c6c2c8_1x100.png HTTP/1.1" 404 1117
191.112.10.64 - - [01/Aug/2016:16:12:27 -0300] "GET /cormun/static/Shared/jqueryui/images/ui-icons_82798d_256x240.png HTTP/1.1" 404 1089
191.112.10.64 - - [01/Aug/2016:16:12:27 -0300] "GET /cormun/static/Shared/jqueryui/images/ui-bg_flat_55_fafafa_40x100.png HTTP/1.1" 404 1097
191.112.10.64 - - [01/Aug/2016:16:12:27 -0300] "GET /cormun/static/Shared/jqueryui/images/ui-icons_8d78a5_256x240.png HTTP/1.1" 404 1089
191.112.10.64 - - [01/Aug/2016:16:12:27 -0300] "POST /cormun/servlet/solicitudot?gx-no-cache=1470078778627 HTTP/1.1" 200 1186
191.112.10.64 - - [01/Aug/2016:16:12:27 -0300] "GET /cormun/servlet/solicitudot?9a23a24532be02b442d9bed94ba5434835c21980abb30b69de8be00ea536a9b08b675fffff2a7e656a9e5746ced81ee9b20fcd8d153407aa4b17bf6ee5c68cfd8e77be5e3ee90e9d1166823151cd5c174d366a00680da15a0955b314bba89bc94ae0ee65b9c792f3a3352179cceac33b2262dce8f4d8711da98de99782d4a3902087b03e590239c30e97b783b843ba33,gx-no-cache=1470078778861 HTTP/1.1" 200 38
191.112.10.64 - - [01/Aug/2016:16:12:33 -0300] "GET /cormun/servlet/solicitudot?9a23a24532be02b442d9bed94ba543486e7825a4b19c00b4c12291ce7432dbccc94b9c58a8ecc49f043ba67d94276b065c334fd51a84d39a2e580135850448b554497ea7a7313fbf3e3848357175d1f74da14b435ae7f0cca3caf3fee9e06c047e32df2de197beb887bd4d3f0168e936,gx-no-cache=1470078784625 HTTP/1.1" 200 29
191.112.10.64 - - [01/Aug/2016:16:12:33 -0300] "POST /cormun/servlet/solicitudot?gx-no-cache=1470078784718 HTTP/1.1" 200 1143
191.112.10.64 - - [01/Aug/2016:16:12:33 -0300] "GET /cormun/static/menuarrow.gif HTTP/1.1" 404 1015
186.103.159.46 - - [01/Aug/2016:16:12:38 -0300] "GET /cormun/servlet/solicitudotadjuntos?aa14785c88c53f8779e269bf9c0cbb85e41e471a508dd8d4db3178316425c8ae,gx-no-cache=1470078789063 HTTP/1.1" 200 30
186.103.159.46 - - [01/Aug/2016:16:12:38 -0300] "GET /cormun/servlet/solicitudotadjuntos?aa14785c88c53f8779e269bf9c0cbb85e41e471a508dd8d4db3178316425c8ae,gx-no-cache=1470078789199 HTTP/1.1" 200 30
186.103.159.46 - - [01/Aug/2016:16:12:39 -0300] "POST /cormun/servlet/solicitudotadjuntos?31b2f10a0c17a3d3eac976099787f2ca,INS,2016,2379,,1, HTTP/1.1" 200 116
186.103.159.46 - - [01/Aug/2016:16:12:39 -0300] "GET /cormun/servlet/hpexe_return? HTTP/1.1" 200 1031
186.103.159.46 - - [01/Aug/2016:16:12:41 -0300] "GET /cormun/servlet/trsolicitudadjuntos?2016,2379, HTTP/1.1" 200 7833
191.112.10.64 - - [01/Aug/2016:16:12:43 -0300] "GET /cormun/servlet/solicitudot?9a23a24532be02b442d9bed94ba543481c92fc600bce6af32b92981edcb7a117e7507d199766739a750eb572c534c3609f5ec1783e47cda4109f120049534403a58d5809b19fefb0fe69528e6535690523fd75dedb8912cc41fe84b14b98e90800963061886e6fdc4f36798843e308cfc03239910910298da0a15c56207ae81eea05443edb9d9ea61e2fb0fb6a767250b48152dc79c182a748b971ee8c12120f58152926ccbcd2f70328dd60f7076479,gx-no-cache=1470078795425 HTTP/1.1" 200 30
186.103.159.46 - - [01/Aug/2016:16:12:46 -0300] "GET /cormun/servlet/trsolicitudadjuntos?2016,2379, HTTP/1.1" 200 7831
191.112.10.64 - - [01/Aug/2016:16:12:52 -0300] "POST /cormun/servlet/solicitudot?gx-no-cache=1470078803849 HTTP/1.1" 200 30
186.103.159.46 - - [01/Aug/2016:16:12:53 -0300] "GET /cormun/servlet/solicitudotadjuntos?INS,2016,2379,,1, HTTP/1.1" 200 5652
191.112.10.64 - - [01/Aug/2016:16:12:54 -0300] "GET /cormun/servlet/prcontratosol?17520390,,,,,MD,,gxPopupLevel%3D0%3B HTTP/1.1" 200 5750
186.103.159.46 - - [01/Aug/2016:16:12:55 -0300] "GET /cormun/static/about:blank HTTP/1.1" 404 1011
191.112.10.64 - - [01/Aug/2016:16:12:56 -0300] "POST /cormun/servlet/solicitudot?gx-no-cache=1470078808291 HTTP/1.1" 200 1186
191.112.10.64 - - [01/Aug/2016:16:12:56 -0300] "GET /cormun/servlet/solicitudot?9a23a24532be02b442d9bed94ba5434835c21980abb30b69de8be00ea536a9b08b675fffff2a7e656a9e5746ced81ee9b20fcd8d153407aa4b17bf6ee5c68cfd8e77be5e3ee90e9d1166823151cd5c174d366a00680da15a0955b314bba89bc94ae0ee65b9c792f3a3352179cceac33b2262dce8f4d8711da98de99782d4a39096026cdc85473e77a3a021c55bd5998341adf5489b96fdc0aecd2e550a0b8a64,gx-no-cache=1470078808452 HTTP/1.1" 200 41
191.112.10.64 - - [01/Aug/2016:16:12:56 -0300] "POST /cormun/servlet/solicitudot?gx-no-cache=1470078808528 HTTP/1.1" 200 1143
186.103.159.46 - - [01/Aug/2016:16:12:57 -0300] "GET /cormun/servlet/solicitudotadjuntos?INS,2016,2379,,1, HTTP/1.1" 200 5646
186.103.159.46 - - [01/Aug/2016:16:12:57 -0300] "GET /cormun/servlet/solicitudotadjuntos?aa14785c88c53f8779e269bf9c0cbb8560fb10dcee3f2c74043d7a77f7e2d9560a555cd9695703ef37f00dc66b0b0877,gx-no-cache=1470078808281 HTTP/1.1" 200 30
186.103.159.46 - - [01/Aug/2016:16:12:57 -0300] "POST /cormun/servlet/solicitudotadjuntos?31b2f10a0c17a3d3eac976099787f2ca,INS,2016,2379,,1,,gx-no-cache=1470078808415 HTTP/1.1" 200 3485
191.112.10.64 - - [01/Aug/2016:16:12:59 -0300] "GET /cormun/servlet/solicitudot?9a23a24532be02b442d9bed94ba543481c92fc600bce6af32b92981edcb7a1174589c86829d4b10db4a900a05a6946aed07483b8e11e8afbfa2b017451e7467b1a0dfa1b3d4d30bcfa9b015a190d17ed06d11ae4560572721189ba49d72dedbb6963083ca64ad718c7f14804d0f32a87473773e928487d246e5762150ce5b82e96b46cd5e4737866860af1b4ff3c5d4a017acf31bcccb5b6356ebb4797f45fc21f961c8cfe5b7d35995584881daec2f5,gx-no-cache=1470078811369 HTTP/1.1" 200 30
186.103.159.46 - - [01/Aug/2016:16:13:06 -0300] "POST /cormun/servlet/solicitudotadjuntos?gx-no-cache=1470078817442 HTTP/1.1" 200 26
191.112.10.64 - - [01/Aug/2016:16:13:27 -0300] "GET /cormun/servlet/solicitudot?9a23a24532be02b442d9bed94ba543481c92fc600bce6af32b92981edcb7a1174589c86829d4b10db4a900a05a6946aed07483b8e11e8afbfa2b017451e7467b1a0dfa1b3d4d30bcfa9b015a190d17ed06d11ae4560572721189ba49d72dedbb6963083ca64ad718c7f14804d0f32a87473773e928487d246e5762150ce5b82e96b46cd5e4737866860af1b4ff3c5d4a017acf31bcccb5b6356ebb4797f45fc21f961c8cfe5b7d35995584881daec2f5,gx-no-cache=1470078839180 HTTP/1.1" 200 30
191.112.10.64 - - [01/Aug/2016:16:13:28 -0300] "POST /cormun/servlet/solicitudot?433159c62f0cb55d4d7e5e627e04023c,UPD,2016,2378,,gx-no-cache=1470078839326 HTTP/1.1" 200 93
191.112.10.64 - - [01/Aug/2016:16:13:28 -0300] "GET /cormun/servlet/hpexe_return? HTTP/1.1" 200 1014
191.112.10.64 - - [01/Aug/2016:16:13:28 -0300] "GET /cormun/servlet/hhome HTTP/1.1" 200 3644
191.112.10.64 - - [01/Aug/2016:16:13:29 -0300] "GET /cormun/servlet/hhome HTTP/1.1" 200 3639
186.103.159.46 - - [01/Aug/2016:16:13:34 -0300] "GET /cormun/servlet/solicitudotadjuntos?aa14785c88c53f8779e269bf9c0cbb85e41e471a508dd8d4db3178316425c8ae,gx-no-cache=1470078845216 HTTP/1.1" 200 30
186.103.159.46 - - [01/Aug/2016:16:13:34 -0300] "GET /cormun/servlet/solicitudotadjuntos?aa14785c88c53f8779e269bf9c0cbb85e41e471a508dd8d4db3178316425c8ae,gx-no-cache=1470078845287 HTTP/1.1" 200 30
186.103.159.46 - - [01/Aug/2016:16:13:34 -0300] "POST /cormun/servlet/solicitudotadjuntos?31b2f10a0c17a3d3eac976099787f2ca,INS,2016,2379,,1, HTTP/1.1" 200 116
186.103.159.46 - - [01/Aug/2016:16:13:35 -0300] "GET /cormun/servlet/hpexe_return? HTTP/1.1" 200 1031
186.103.159.46 - - [01/Aug/2016:16:13:35 -0300] "GET /cormun/servlet/trsolicitudadjuntos?2016,2379, HTTP/1.1" 200 7959
191.112.10.64 - - [01/Aug/2016:16:13:35 -0300] "GET /cormun/servlet/trsolicitudot? HTTP/1.1" 200 7783
191.112.10.64 - - [01/Aug/2016:16:13:36 -0300] "GET /cormun/servlet/trsolicitudot? HTTP/1.1" 200 7782
186.103.159.46 - - [01/Aug/2016:16:13:37 -0300] "GET /cormun/servlet/trsolicitudadjuntos?2016,2379, HTTP/1.1" 200 7957
191.112.10.64 - - [01/Aug/2016:16:13:46 -0300] "POST /cormun/servlet/trsolicitudot?433159c62f0cb55d4d7e5e627e04023c,,gx-no-cache=1470078857485 HTTP/1.1" 200 5133
191.112.10.64 - - [01/Aug/2016:16:13:46 -0300] "GET /cormun/static/Shared/jqueryui/images/ui-bg_highlight-soft_100_c6c2c8_1x100.png HTTP/1.1" 404 1117
191.112.10.64 - - [01/Aug/2016:16:13:46 -0300] "GET /cormun/static/Shared/jqueryui/images/ui-icons_82798d_256x240.png HTTP/1.1" 404 1089
191.112.10.64 - - [01/Aug/2016:16:13:46 -0300] "GET /cormun/static/Shared/jqueryui/images/ui-bg_flat_55_fafafa_40x100.png HTTP/1.1" 404 1097
191.112.10.64 - - [01/Aug/2016:16:13:46 -0300] "GET /cormun/static/Shared/jqueryui/images/ui-icons_8d78a5_256x240.png HTTP/1.1" 404 1089
186.103.159.46 - - [01/Aug/2016:16:13:49 -0300] "GET /cormun/servlet/solicitudotadjuntos?INS,2016,2379,,1, HTTP/1.1" 200 5651
186.103.159.46 - - [01/Aug/2016:16:13:49 -0300] "GET /cormun/static/about:blank HTTP/1.1" 404 1011
186.103.159.46 - - [01/Aug/2016:16:13:51 -0300] "GET /cormun/servlet/solicitudotadjuntos?INS,2016,2379,,1, HTTP/1.1" 200 5645
186.103.159.46 - - [01/Aug/2016:16:13:52 -0300] "GET /cormun/servlet/solicitudotadjuntos?aa14785c88c53f8779e269bf9c0cbb8560fb10dcee3f2c74043d7a77f7e2d9560a555cd9695703ef37f00dc66b0b0877,gx-no-cache=1470078862774 HTTP/1.1" 200 30
186.103.159.46 - - [01/Aug/2016:16:13:52 -0300] "POST /cormun/servlet/solicitudotadjuntos?31b2f10a0c17a3d3eac976099787f2ca,INS,2016,2379,,1,,gx-no-cache=1470078862898 HTTP/1.1" 200 3484
191.112.10.64 - - [01/Aug/2016:16:13:56 -0300] "GET /cormun/servlet/solicitudot?INS,0,0, HTTP/1.1" 200 12022
191.112.10.64 - - [01/Aug/2016:16:13:57 -0300] "GET /cormun/servlet/solicitudot?INS,0,0, HTTP/1.1" 200 12027
186.103.159.46 - - [01/Aug/2016:16:14:06 -0300] "POST /cormun/servlet/solicitudotadjuntos?gx-no-cache=1470078876765 HTTP/1.1" 200 26
191.112.10.64 - - [01/Aug/2016:16:14:12 -0300] "POST /cormun/servlet/solicitudot?gx-no-cache=1470078883998 HTTP/1.1" 200 3002
191.112.10.64 - - [01/Aug/2016:16:14:12 -0300] "POST /cormun/servlet/solicitudot?433159c62f0cb55d4d7e5e627e04023c,INS,0,0,,gx-no-cache=1470078884365 HTTP/1.1" 200 8785
191.112.10.64 - - [01/Aug/2016:16:14:14 -0300] "GET /cormun/servlet/solicitudot?9a23a24532be02b442d9bed94ba543483b205e951dc786fa8ed69d383f6e54297ddd5cda4986d7c9ce1f7ec8ec886e68,gx-no-cache=1470078886604 HTTP/1.1" 200 30
191.112.10.64 - - [01/Aug/2016:16:14:15 -0300] "POST /cormun/servlet/solicitudot?gx-no-cache=1470078886696 HTTP/1.1" 200 30
186.103.159.46 - - [01/Aug/2016:16:14:23 -0300] "GET /cormun/servlet/solicitudotadjuntos?aa14785c88c53f8779e269bf9c0cbb85e41e471a508dd8d4db3178316425c8ae,gx-no-cache=1470078892457 HTTP/1.1" 200 30
186.103.159.46 - - [01/Aug/2016:16:14:23 -0300] "GET /cormun/servlet/solicitudotadjuntos?aa14785c88c53f8779e269bf9c0cbb85e41e471a508dd8d4db3178316425c8ae,gx-no-cache=1470078893722 HTTP/1.1" 200 30
186.103.159.46 - - [01/Aug/2016:16:14:23 -0300] "POST /cormun/servlet/solicitudotadjuntos?31b2f10a0c17a3d3eac976099787f2ca,INS,2016,2379,,1, HTTP/1.1" 200 116
186.103.159.46 - - [01/Aug/2016:16:14:23 -0300] "GET /cormun/servlet/hpexe_return? HTTP/1.1" 200 1031
186.103.159.46 - - [01/Aug/2016:16:14:24 -0300] "GET /cormun/servlet/trsolicitudadjuntos?2016,2379, HTTP/1.1" 200 8112
186.103.159.46 - - [01/Aug/2016:16:14:26 -0300] "GET /cormun/servlet/trsolicitudadjuntos?2016,2379, HTTP/1.1" 200 8109
186.103.159.46 - - [01/Aug/2016:16:14:32 -0300] "GET /cormun/servlet/solicitudotadjuntos?INS,2016,2379,,1, HTTP/1.1" 200 5651
186.103.159.46 - - [01/Aug/2016:16:14:32 -0300] "GET /cormun/static/about:blank HTTP/1.1" 404 1011
186.103.159.46 - - [01/Aug/2016:16:14:34 -0300] "GET /cormun/servlet/solicitudotadjuntos?INS,2016,2379,,1, HTTP/1.1" 200 5645
186.103.159.46 - - [01/Aug/2016:16:14:34 -0300] "GET /cormun/servlet/solicitudotadjuntos?aa14785c88c53f8779e269bf9c0cbb8560fb10dcee3f2c74043d7a77f7e2d9560a555cd9695703ef37f00dc66b0b0877,gx-no-cache=1470078905256 HTTP/1.1" 200 30
186.103.159.46 - - [01/Aug/2016:16:14:34 -0300] "POST /cormun/servlet/solicitudotadjuntos?31b2f10a0c17a3d3eac976099787f2ca,INS,2016,2379,,1,,gx-no-cache=1470078905377 HTTP/1.1" 200 3484
191.112.10.64 - - [01/Aug/2016:16:14:42 -0300] "POST /cormun/servlet/solicitudot?gx-no-cache=1470078914284 HTTP/1.1" 200 30
191.112.10.64 - - [01/Aug/2016:16:14:44 -0300] "GET /cormun/servlet/prcontratosol?17520390,,,,,MD,,gxPopupLevel%3D0%3B HTTP/1.1" 200 5744
186.103.159.46 - - [01/Aug/2016:16:14:48 -0300] "GET /cormun/servlet/solicitudotadjuntos?INS,2016,2379,,1, HTTP/1.1" 200 5645
186.103.159.46 - - [01/Aug/2016:16:14:49 -0300] "GET /cormun/static/about:blank HTTP/1.1" 404 1011
191.112.10.64 - - [01/Aug/2016:16:14:49 -0300] "POST /cormun/servlet/solicitudot?gx-no-cache=1470078921178 HTTP/1.1" 200 1186
191.112.10.64 - - [01/Aug/2016:16:14:49 -0300] "GET /cormun/servlet/solicitudot?9a23a24532be02b442d9bed94ba5434835c21980abb30b69de8be00ea536a9b08b675fffff2a7e656a9e5746ced81ee9b20fcd8d153407aa4b17bf6ee5c68cfd8e77be5e3ee90e9d1166823151cd5c174d366a00680da15a0955b314bba89bc94ae0ee65b9c792f3a3352179cceac33b2262dce8f4d8711da98de99782d4a3902087b03e590239c30e97b783b843ba33,gx-no-cache=1470078921308 HTTP/1.1" 200 38
191.112.10.64 - - [01/Aug/2016:16:14:49 -0300] "GET /cormun/servlet/solicitudot?9a23a24532be02b442d9bed94ba543484816eaec703481d88a0cb0af4cd4851763f42708ffb9b85b90757d53e55bd59c2d10e22462532a92f47c856701189e3dfff4e4d16baed83f9361e6554dc4c6b12469cf60b367c8dcde77affed49b9e27dccf4ccf5fd6be28ad6c619912cb9650,gx-no-cache=1470078921382 HTTP/1.1" 200 29
191.112.10.64 - - [01/Aug/2016:16:14:49 -0300] "POST /cormun/servlet/solicitudot?gx-no-cache=1470078921442 HTTP/1.1" 200 1143
186.103.159.46 - - [01/Aug/2016:16:14:50 -0300] "GET /cormun/servlet/solicitudotadjuntos?INS,2016,2379,,1, HTTP/1.1" 200 5645
186.103.159.46 - - [01/Aug/2016:16:14:50 -0300] "GET /cormun/servlet/solicitudotadjuntos?aa14785c88c53f8779e269bf9c0cbb8560fb10dcee3f2c74043d7a77f7e2d9560a555cd9695703ef37f00dc66b0b0877,gx-no-cache=1470078921625 HTTP/1.1" 200 30
186.103.159.46 - - [01/Aug/2016:16:14:51 -0300] "POST /cormun/servlet/solicitudotadjuntos?31b2f10a0c17a3d3eac976099787f2ca,INS,2016,2379,,1,,gx-no-cache=1470078921724 HTTP/1.1" 200 3490
186.103.159.46 - - [01/Aug/2016:16:14:56 -0300] "POST /cormun/servlet/solicitudotadjuntos?gx-no-cache=1470078926709 HTTP/1.1" 200 26
186.103.159.46 - - [01/Aug/2016:16:15:07 -0300] "POST /cormun/servlet/solicitudotadjuntos?gx-no-cache=1470078938128 HTTP/1.1" 200 26
191.112.10.64 - - [01/Aug/2016:16:15:08 -0300] "GET /cormun/servlet/solicitudot?9a23a24532be02b442d9bed94ba543481c92fc600bce6af32b92981edcb7a1174589c86829d4b10db4a900a05a6946ae7ea8e6cdb1bbb6e356ab59b57f091ee41a0dfa1b3d4d30bcfa9b015a190d17ed06d11ae4560572721189ba49d72dedbb6963083ca64ad718c7f14804d0f32a87473773e928487d246e5762150ce5b82e96b46cd5e4737866860af1b4ff3c5d4a017acf31bcccb5b6356ebb4797f45fc21f961c8cfe5b7d35995584881daec2f5,gx-no-cache=1470078940082 HTTP/1.1" 200 30
186.103.159.183 - - [01/Aug/2016:16:15:27 -0300] "GET /cormun/servlet/solicitudotadjuntos?INS,2016,2374,,1, HTTP/1.1" 200 5700
186.103.159.183 - - [01/Aug/2016:16:15:27 -0300] "GET /cormun/static/calendar-system.css?75620 HTTP/1.1" 304 -
186.103.159.183 - - [01/Aug/2016:16:15:27 -0300] "GET /cormun/static/Shared/jqueryui/jquery-ui.min.css?1245370 HTTP/1.1" 304 -
186.103.159.183 - - [01/Aug/2016:16:15:27 -0300] "GET /cormun/static/Resources/Spanish/PXTools.css?22445990 HTTP/1.1" 304 -
186.103.159.183 - - [01/Aug/2016:16:15:27 -0300] "GET /cormun/static/SmoothNavMenu/resources/ddsmoothmenu-v.css?1012540 HTTP/1.1" 304 -
186.103.159.183 - - [01/Aug/2016:16:15:27 -0300] "GET /cormun/static/SmoothNavMenu/resources/ddsmoothmenu.css?1012540 HTTP/1.1" 304 -
186.103.159.183 - - [01/Aug/2016:16:15:27 -0300] "GET /cormun/static/scaMessage/css/jquery.pnotify.default.css?1716380 HTTP/1.1" 304 -
186.103.159.183 - - [01/Aug/2016:16:15:27 -0300] "GET /cormun/static/gxtimezone.js?85251 HTTP/1.1" 304 -
186.103.159.183 - - [01/Aug/2016:16:15:27 -0300] "GET /cormun/static/gxcfg.js?201631622493247 HTTP/1.1" 304 -
186.103.159.183 - - [01/Aug/2016:16:15:27 -0300] "GET /cormun/static/calendar.js?85251 HTTP/1.1" 304 -
186.103.159.183 - - [01/Aug/2016:16:15:27 -0300] "GET /cormun/static/gxgral.js?85251 HTTP/1.1" 304 -
186.103.159.183 - - [01/Aug/2016:16:15:27 -0300] "GET /cormun/static/calendar-setup.js?85251 HTTP/1.1" 304 -
186.103.159.183 - - [01/Aug/2016:16:15:27 -0300] "GET /cormun/static/PXToolsJavascripts/pexe_cookies.js HTTP/1.1" 304 -
186.103.159.183 - - [01/Aug/2016:16:15:27 -0300] "GET /cormun/static/RunJS/RunJS.js HTTP/1.1" 304 -
186.103.159.183 - - [01/Aug/2016:16:15:27 -0300] "GET /cormun/static/calendar-es.js?85251 HTTP/1.1" 304 -
186.103.159.183 - - [01/Aug/2016:16:15:27 -0300] "GET /cormun/static/PXToolsJavascripts/pexe_autoreload.js HTTP/1.1" 304 -
186.103.159.183 - - [01/Aug/2016:16:15:27 -0300] "GET /cormun/static/PXToolsJavascripts/pexe_grid.js HTTP/1.1" 304 -
186.103.159.183 - - [01/Aug/2016:16:15:27 -0300] "GET /cormun/static/PXToolsJavascripts/pexe_griddivfix.js HTTP/1.1" 304 -
186.103.159.183 - - [01/Aug/2016:16:15:27 -0300] "GET /cormun/static/PXToolsJavascripts/pexe_link.js HTTP/1.1" 304 -
186.103.159.183 - - [01/Aug/2016:16:15:27 -0300] "GET /cormun/static/PXToolsJavascripts/pexe_menus.js HTTP/1.1" 304 -
186.103.159.183 - - [01/Aug/2016:16:15:27 -0300] "GET /cormun/static/PXToolsJavascripts/pexe_menudivfix.js HTTP/1.1" 304 -
186.103.159.183 - - [01/Aug/2016:16:15:27 -0300] "GET /cormun/static/PXToolsJavascripts/pexe_windows.js HTTP/1.1" 304 -
186.103.159.183 - - [01/Aug/2016:16:15:27 -0300] "GET /cormun/static/PXToolsJavascripts/pexe_layers.js HTTP/1.1" 304 -
186.103.159.183 - - [01/Aug/2016:16:15:27 -0300] "GET /cormun/static/PXToolsJavascripts/pexe_oavdivfix.js HTTP/1.1" 304 -
186.103.159.183 - - [01/Aug/2016:16:15:27 -0300] "GET /cormun/static/PXToolsJavascripts/pexe_popup.js HTTP/1.1" 304 -
186.103.159.183 - - [01/Aug/2016:16:15:27 -0300] "GET /cormun/static/PXToolsJavascripts/pexe_picture.js HTTP/1.1" 304 -
186.103.159.183 - - [01/Aug/2016:16:15:27 -0300] "GET /cormun/static/PXToolsJavascripts/pexe_scrolldiv.js HTTP/1.1" 304 -
186.103.159.183 - - [01/Aug/2016:16:15:27 -0300] "GET /cormun/static/PXToolsJavascripts/pexe_tabdivfix.js HTTP/1.1" 304 -
186.103.159.183 - - [01/Aug/2016:16:15:27 -0300] "GET /cormun/static/PXToolsJavascripts/pexe_oav.js HTTP/1.1" 304 -
186.103.159.183 - - [01/Aug/2016:16:15:27 -0300] "GET /cormun/static/PXToolsJavascripts/pexe_tabs.js HTTP/1.1" 304 -
186.103.159.183 - - [01/Aug/2016:16:15:27 -0300] "GET /cormun/static/PXToolsJavascripts/pexe_upload.js HTTP/1.1" 304 -
186.103.159.183 - - [01/Aug/2016:16:15:27 -0300] "GET /cormun/static/PXToolsJavascripts/PXToolsJavascriptsRender.js HTTP/1.1" 304 -
186.103.159.183 - - [01/Aug/2016:16:15:27 -0300] "GET /cormun/static/Shared/ext/ext-all.js HTTP/1.1" 304 -
186.103.159.183 - - [01/Aug/2016:16:15:27 -0300] "GET /cormun/static/gxui/gxui-all.js HTTP/1.1" 304 -
186.103.159.183 - - [01/Aug/2016:16:15:27 -0300] "GET /cormun/static/Shared/ext/locale/ext-lang-en.js HTTP/1.1" 304 -
186.103.159.183 - - [01/Aug/2016:16:15:27 -0300] "GET /cormun/static/messages.spa.js?85251 HTTP/1.1" 304 -
186.103.159.183 - - [01/Aug/2016:16:15:27 -0300] "GET /cormun/static/gxdec.js?85251 HTTP/1.1" 304 -
186.103.159.183 - - [01/Aug/2016:16:15:27 -0300] "GET /cormun/static/solicitudotadjuntos.js?201631622493267 HTTP/1.1" 304 -
186.103.159.183 - - [01/Aug/2016:16:15:27 -0300] "GET /cormun/static/hwchdr01.js?20162241650484 HTTP/1.1" 304 -
186.103.159.183 - - [01/Aug/2016:16:15:27 -0300] "GET /cormun/static/hpexe_scripts.js?20151120014546 HTTP/1.1" 304 -
186.103.159.183 - - [01/Aug/2016:16:15:27 -0300] "GET /cormun/static/hpexe_recentlink.js?2015111312121342 HTTP/1.1" 304 -
186.103.159.183 - - [01/Aug/2016:16:15:27 -0300] "GET /cormun/static/hpexe_messagecontroller.js?2015112210524422 HTTP/1.1" 304 -
186.103.159.183 - - [01/Aug/2016:16:15:27 -0300] "GET /cormun/static/hpexe_messagepopupcomponent.js?20165162214013 HTTP/1.1" 304 -
186.103.159.183 - - [01/Aug/2016:16:15:27 -0300] "GET /cormun/static/hpexe_messagegenexuscomponent.js?20151120014314 HTTP/1.1" 304 -
186.103.159.183 - - [01/Aug/2016:16:15:27 -0300] "GET /cormun/static/cmcontrolpreferences.js?20151120014525 HTTP/1.1" 304 -
186.103.159.183 - - [01/Aug/2016:16:15:27 -0300] "GET /cormun/static/Shared/jquery/jquery-1.4.2.min.js HTTP/1.1" 304 -
186.103.159.183 - - [01/Aug/2016:16:15:27 -0300] "GET /cormun/static/Shared/jquery/jquery-1.10.2.min.js HTTP/1.1" 304 -
186.103.159.183 - - [01/Aug/2016:16:15:27 -0300] "GET /cormun/static/Shared/jqueryui/jquery-ui.min.js HTTP/1.1" 304 -
186.103.159.183 - - [01/Aug/2016:16:15:27 -0300] "GET /cormun/static/SmoothNavMenu/resources/ddsmoothmenu.js HTTP/1.1" 304 -
186.103.159.183 - - [01/Aug/2016:16:15:27 -0300] "GET /cormun/static/SmoothNavMenu/resources/SmoothNavMenuRender.js HTTP/1.1" 304 -
186.103.159.183 - - [01/Aug/2016:16:15:27 -0300] "GET /cormun/static/scaMessage/js/jquery.pnotify.min.js HTTP/1.1" 304 -
186.103.159.183 - - [01/Aug/2016:16:15:27 -0300] "GET /cormun/static/hmpwkw03.js?201651622203894 HTTP/1.1" 304 -
186.103.159.183 - - [01/Aug/2016:16:15:27 -0300] "GET /cormun/static/scaMessage/scaMessageRender.js HTTP/1.1" 304 -
186.103.159.183 - - [01/Aug/2016:16:15:27 -0300] "GET /cormun/static/Resources/PXToolsHeaderActionsLeft.png HTTP/1.1" 304 -
186.103.159.183 - - [01/Aug/2016:16:15:27 -0300] "GET /cormun/static/Resources/PXToolsHeaderHome.png HTTP/1.1" 304 -
186.103.159.183 - - [01/Aug/2016:16:15:27 -0300] "GET /cormun/static/about:blank HTTP/1.1" 404 1011
186.103.159.183 - - [01/Aug/2016:16:15:27 -0300] "GET /cormun/static/Resources/PXToolsHeaderLogin.png HTTP/1.1" 304 -
186.103.159.183 - - [01/Aug/2016:16:15:27 -0300] "GET /cormun/static/Resources/PXToolsHeaderPreferences.png HTTP/1.1" 304 -
186.103.159.183 - - [01/Aug/2016:16:15:27 -0300] "GET /cormun/static/Resources/PXToolsHeaderSecurity.png HTTP/1.1" 304 -
186.103.159.183 - - [01/Aug/2016:16:15:27 -0300] "GET /cormun/static/Resources/PXToolsHeaderActionsRight.png HTTP/1.1" 304 -
186.103.159.183 - - [01/Aug/2016:16:15:27 -0300] "GET /cormun/static/Resources/PXToolsFooterBackground2.png HTTP/1.1" 304 -
186.103.159.183 - - [01/Aug/2016:16:15:27 -0300] "GET /cormun/static/Resources/PXToolsHeaderActionsBackground.png HTTP/1.1" 304 -
186.103.159.183 - - [01/Aug/2016:16:15:27 -0300] "GET /cormun/static/Resources/logo4.png HTTP/1.1" 304 -
186.103.159.183 - - [01/Aug/2016:16:15:27 -0300] "GET /cormun/static/Resources/PXTools/calendar.png HTTP/1.1" 304 -
186.103.159.183 - - [01/Aug/2016:16:15:27 -0300] "GET /cormun/static/Resources/indicator.gif HTTP/1.1" 304 -
186.103.159.183 - - [01/Aug/2016:16:15:27 -0300] "GET /cormun/static/SmoothNavMenu/resources/images/down.gif HTTP/1.1" 304 -
186.103.159.183 - - [01/Aug/2016:16:15:27 -0300] "GET /cormun/servlet/solicitudotadjuntos?INS,2016,2374,,1, HTTP/1.1" 200 5694
186.103.159.183 - - [01/Aug/2016:16:15:28 -0300] "GET /favicon.ico HTTP/1.1" 200 21630
186.103.159.183 - - [01/Aug/2016:16:15:28 -0300] "GET /cormun/servlet/solicitudotadjuntos?e33d4de1cf88f06403625f7c859913975948235f09d035661abd7062d4b44bf38012618153b2d228b4a78feb144aa9a0,gx-no-cache=1470078959021 HTTP/1.1" 200 30
186.103.159.183 - - [01/Aug/2016:16:15:28 -0300] "POST /cormun/servlet/solicitudotadjuntos?23699883f520c1ee5f99dc0c4cb7f2dd,INS,2016,2374,,1,,gx-no-cache=1470078959120 HTTP/1.1" 200 3544
186.103.159.183 - - [01/Aug/2016:16:15:32 -0300] "POST /cormun/servlet/solicitudotadjuntos?23699883f520c1ee5f99dc0c4cb7f2dd,INS,2016,2374,,1,,gx-no-cache=1470078962622 HTTP/1.1" 200 93
186.103.159.183 - - [01/Aug/2016:16:15:32 -0300] "GET /cormun/servlet/hpexe_return? HTTP/1.1" 200 1028
186.103.159.183 - - [01/Aug/2016:16:15:32 -0300] "GET /cormun/servlet/trsolicitudadjuntos?2016,2374, HTTP/1.1" 200 7838
186.103.159.183 - - [01/Aug/2016:16:15:33 -0300] "GET /cormun/servlet/trsolicitudadjuntos?2016,2374, HTTP/1.1" 200 7835
186.103.159.183 - - [01/Aug/2016:16:15:36 -0300] "GET /cormun/servlet/hlogin HTTP/1.1" 200 1754
191.112.10.64 - - [01/Aug/2016:16:15:45 -0300] "POST /cormun/servlet/solicitudot?433159c62f0cb55d4d7e5e627e04023c,INS,0,0,,gx-no-cache=1470078976487 HTTP/1.1" 200 93
191.112.10.64 - - [01/Aug/2016:16:15:45 -0300] "GET /cormun/servlet/hpexe_return? HTTP/1.1" 200 1008
191.112.10.64 - - [01/Aug/2016:16:15:45 -0300] "GET /cormun/servlet/trsolicitudot? HTTP/1.1" 200 8069
191.112.10.64 - - [01/Aug/2016:16:15:46 -0300] "GET /cormun/servlet/trsolicitudot? HTTP/1.1" 200 8065
191.112.10.64 - - [01/Aug/2016:16:15:50 -0300] "POST /cormun/servlet/trsolicitudot?433159c62f0cb55d4d7e5e627e04023c,,gx-no-cache=1470078982217 HTTP/1.1" 200 5422
191.112.10.64 - - [01/Aug/2016:16:15:51 -0300] "GET /cormun/static/Shared/jqueryui/images/ui-bg_highlight-soft_100_c6c2c8_1x100.png HTTP/1.1" 404 1117
191.112.10.64 - - [01/Aug/2016:16:15:51 -0300] "GET /cormun/static/Shared/jqueryui/images/ui-icons_8d78a5_256x240.png HTTP/1.1" 404 1089
191.112.10.64 - - [01/Aug/2016:16:15:51 -0300] "GET /cormun/static/Shared/jqueryui/images/ui-icons_82798d_256x240.png HTTP/1.1" 404 1089
191.112.10.64 - - [01/Aug/2016:16:15:51 -0300] "GET /cormun/static/Shared/jqueryui/images/ui-bg_flat_55_fafafa_40x100.png HTTP/1.1" 404 1097
191.112.10.64 - - [01/Aug/2016:16:16:10 -0300] "POST /cormun/servlet/trsolicitudot?433159c62f0cb55d4d7e5e627e04023c,,gx-no-cache=1470079001404 HTTP/1.1" 200 5151
191.112.10.64 - - [01/Aug/2016:16:16:10 -0300] "POST /cormun/servlet/trsolicitudot?433159c62f0cb55d4d7e5e627e04023c,,gx-no-cache=1470079001927 HTTP/1.1" 200 5094
186.103.159.46 - - [01/Aug/2016:16:16:11 -0300] "GET /cormun/servlet/solicitudotadjuntos?aa14785c88c53f8779e269bf9c0cbb85e41e471a508dd8d4db3178316425c8ae,gx-no-cache=1470079001435 HTTP/1.1" 200 30
186.103.159.46 - - [01/Aug/2016:16:16:11 -0300] "GET /cormun/servlet/solicitudotadjuntos?aa14785c88c53f8779e269bf9c0cbb85e41e471a508dd8d4db3178316425c8ae,gx-no-cache=1470079002520 HTTP/1.1" 200 30
186.103.159.46 - - [01/Aug/2016:16:16:12 -0300] "POST /cormun/servlet/solicitudotadjuntos?31b2f10a0c17a3d3eac976099787f2ca,INS,2016,2379,,1, HTTP/1.1" 200 116
191.112.10.64 - - [01/Aug/2016:16:16:12 -0300] "POST /cormun/servlet/trsolicitudot?433159c62f0cb55d4d7e5e627e04023c,,gx-no-cache=1470079003679 HTTP/1.1" 200 3925
186.103.159.46 - - [01/Aug/2016:16:16:12 -0300] "GET /cormun/servlet/hpexe_return? HTTP/1.1" 200 1031
191.112.10.64 - - [01/Aug/2016:16:16:12 -0300] "POST /cormun/servlet/trsolicitudot?433159c62f0cb55d4d7e5e627e04023c,,gx-no-cache=1470079004176 HTTP/1.1" 200 3775
186.103.159.46 - - [01/Aug/2016:16:16:13 -0300] "GET /cormun/servlet/trsolicitudadjuntos?2016,2379, HTTP/1.1" 200 8283
186.103.159.46 - - [01/Aug/2016:16:16:15 -0300] "GET /cormun/servlet/trsolicitudadjuntos?2016,2379, HTTP/1.1" 200 8282
186.103.159.46 - - [01/Aug/2016:16:19:27 -0300] "GET /cormun/servlet/solicitudotadjuntos?INS,2016,2379,,2, HTTP/1.1" 200 5651
186.103.159.46 - - [01/Aug/2016:16:19:27 -0300] "GET /cormun/static/about:blank HTTP/1.1" 404 1011
186.103.159.46 - - [01/Aug/2016:16:19:29 -0300] "GET /cormun/servlet/solicitudotadjuntos?INS,2016,2379,,2, HTTP/1.1" 200 5645
186.103.159.46 - - [01/Aug/2016:16:19:29 -0300] "GET /cormun/servlet/solicitudotadjuntos?aa14785c88c53f8779e269bf9c0cbb8560fb10dcee3f2c74043d7a77f7e2d9560a555cd9695703ef37f00dc66b0b0877,gx-no-cache=1470079200438 HTTP/1.1" 200 30
186.103.159.46 - - [01/Aug/2016:16:19:30 -0300] "POST /cormun/servlet/solicitudotadjuntos?31b2f10a0c17a3d3eac976099787f2ca,INS,2016,2379,,2,,gx-no-cache=1470079200546 HTTP/1.1" 200 3696
186.103.159.46 - - [01/Aug/2016:16:19:37 -0300] "POST /cormun/servlet/solicitudotadjuntos?gx-no-cache=1470079208070 HTTP/1.1" 200 26
186.103.159.46 - - [01/Aug/2016:16:20:15 -0300] "GET /cormun/servlet/solicitudotadjuntos?aa14785c88c53f8779e269bf9c0cbb85e41e471a508dd8d4db3178316425c8ae,gx-no-cache=1470079246463 HTTP/1.1" 200 30
186.103.159.46 - - [01/Aug/2016:16:20:15 -0300] "GET /cormun/servlet/solicitudotadjuntos?aa14785c88c53f8779e269bf9c0cbb85e41e471a508dd8d4db3178316425c8ae,gx-no-cache=1470079246523 HTTP/1.1" 200 30
186.103.159.46 - - [01/Aug/2016:16:20:16 -0300] "POST /cormun/servlet/solicitudotadjuntos?31b2f10a0c17a3d3eac976099787f2ca,INS,2016,2379,,2, HTTP/1.1" 200 116
186.103.159.46 - - [01/Aug/2016:16:20:16 -0300] "GET /cormun/servlet/hpexe_return? HTTP/1.1" 200 1031
186.103.159.46 - - [01/Aug/2016:16:20:17 -0300] "GET /cormun/servlet/trsolicitudadjuntos?2016,2379, HTTP/1.1" 200 8546
186.103.159.46 - - [01/Aug/2016:16:20:19 -0300] "GET /cormun/servlet/trsolicitudadjuntos?2016,2379, HTTP/1.1" 200 8544
186.103.159.46 - - [01/Aug/2016:16:20:48 -0300] "GET /cormun/servlet/solicitudotadjuntos?DLT,2016,2379,CERTIF5,0, HTTP/1.1" 200 5682
186.103.159.46 - - [01/Aug/2016:16:20:49 -0300] "GET /cormun/PublicTempStorage/certificado_de_antecedentes_mari_fern.4292959.pdf HTTP/1.1" 200 102427
186.103.159.46 - - [01/Aug/2016:16:20:51 -0300] "GET /cormun/servlet/solicitudotadjuntos?DLT,2016,2379,CERTIF5,0, HTTP/1.1" 200 5675
186.103.159.46 - - [01/Aug/2016:16:21:15 -0300] "POST /cormun/servlet/solicitudotadjuntos?31b2f10a0c17a3d3eac976099787f2ca,DLT,2016,2379,CERTIF5,0,,gx-no-cache=1470079305822 HTTP/1.1" 200 93
186.103.159.46 - - [01/Aug/2016:16:21:15 -0300] "GET /cormun/servlet/hpexe_return? HTTP/1.1" 200 1037
186.103.159.46 - - [01/Aug/2016:16:21:16 -0300] "GET /cormun/servlet/trsolicitudadjuntos?2016,2379, HTTP/1.1" 200 8542
186.103.159.46 - - [01/Aug/2016:16:21:22 -0300] "GET /cormun/servlet/trsolicitudadjuntos?2016,2379, HTTP/1.1" 200 8545
186.103.159.46 - - [01/Aug/2016:16:21:31 -0300] "GET /cormun/servlet/solicitudotadjuntos?DLT,2016,2379,CERTIF5,0, HTTP/1.1" 200 5681
186.103.159.46 - - [01/Aug/2016:16:21:31 -0300] "GET /cormun/PublicTempStorage/certificado_de_antecedentes_mari_fern.4587127.pdf HTTP/1.1" 200 102427
186.103.159.46 - - [01/Aug/2016:16:21:33 -0300] "GET /cormun/servlet/solicitudotadjuntos?DLT,2016,2379,CERTIF5,0, HTTP/1.1" 200 5675
186.103.159.46 - - [01/Aug/2016:16:21:43 -0300] "POST /cormun/servlet/solicitudotadjuntos?31b2f10a0c17a3d3eac976099787f2ca,DLT,2016,2379,CERTIF5,0,,gx-no-cache=1470079331098 HTTP/1.1" 200 93
186.103.159.46 - - [01/Aug/2016:16:21:43 -0300] "GET /cormun/servlet/hpexe_return? HTTP/1.1" 200 1037
186.103.159.46 - - [01/Aug/2016:16:21:44 -0300] "GET /cormun/servlet/trsolicitudadjuntos?2016,2379, HTTP/1.1" 200 8294
186.103.159.46 - - [01/Aug/2016:16:21:46 -0300] "GET /cormun/servlet/trsolicitudadjuntos?2016,2379, HTTP/1.1" 200 8293
186.103.159.46 - - [01/Aug/2016:16:21:51 -0300] "GET /cormun/servlet/solicitudotadjuntos?INS,2016,2379,,1, HTTP/1.1" 200 5651
186.103.159.46 - - [01/Aug/2016:16:21:52 -0300] "GET /cormun/static/about:blank HTTP/1.1" 404 1011
186.103.159.46 - - [01/Aug/2016:16:21:53 -0300] "GET /cormun/servlet/solicitudotadjuntos?INS,2016,2379,,1, HTTP/1.1" 200 5645
186.103.159.46 - - [01/Aug/2016:16:21:54 -0300] "GET /cormun/servlet/solicitudotadjuntos?aa14785c88c53f8779e269bf9c0cbb8560fb10dcee3f2c74043d7a77f7e2d9560a555cd9695703ef37f00dc66b0b0877,gx-no-cache=1470079344821 HTTP/1.1" 200 30
186.103.159.46 - - [01/Aug/2016:16:21:54 -0300] "POST /cormun/servlet/solicitudotadjuntos?31b2f10a0c17a3d3eac976099787f2ca,INS,2016,2379,,1,,gx-no-cache=1470079344976 HTTP/1.1" 200 3484
186.103.159.46 - - [01/Aug/2016:16:21:58 -0300] "POST /cormun/servlet/solicitudotadjuntos?gx-no-cache=1470079348914 HTTP/1.1" 200 26
185.25.151.159 - - [01/Aug/2016:16:22:30 -0300] "GET /testproxy.php HTTP/1.1" 404 987
