186.78.35.163 - - [01/Aug/2016:14:16:20 -0300] "GET /cormun/servlet/solicitudot?9f4661e50068d0f1d9172257eae70ca6e15cfb9a5c51789071695ad088ada16bb0ecac213507216d067c41534b74de7ec0ce6b3b34641f5c19886f33cf43c888a9b9aed497d14adc19645d745ba64f393def49efeb243bc6c0e73495283e02325d844783286689ab27c8c66f8efb4dd17ee4e656bc8d1bcee35c6a392e6f2ae8f60a0fdb19977bee2d698298eba2bbdc,gx-no-cache=1470071811912 HTTP/1.1" 200 38
186.78.35.163 - - [01/Aug/2016:14:16:26 -0300] "GET /cormun/servlet/solicitudot?9f4661e50068d0f1d9172257eae70ca69a9e2f3ccbd5b6617e7f9ea638665d6b33af5e4e0a1cb27a73dd962d7b44fc128fb15449fa7164bd45673842805e16e537ea9835b81e1fd2c1750a58c637820e44eda11955ead52ae623a55a51ad04762e249cc04363876fac45ade797df2929,gx-no-cache=1470071817966 HTTP/1.1" 200 29
186.78.35.163 - - [01/Aug/2016:14:16:30 -0300] "POST /cormun/servlet/solicitudot?gx-no-cache=1470071821620 HTTP/1.1" 200 1144
186.78.35.163 - - [01/Aug/2016:14:16:49 -0300] "GET /cormun/static/menuarrow.gif HTTP/1.1" 404 1015
186.78.35.163 - - [01/Aug/2016:14:16:59 -0300] "GET /cormun/servlet/solicitudot?9f4661e50068d0f1d9172257eae70ca66023f47a0977b65f3da7a8e33eb9636da0f8f56878423cb19fa72a8db01a75376058990c6f94515c19a235a071d4c0793610c499e24512b0df5fb08cd8813456fa59c7dd852c54115a7d651f1270bd6ec3d8d0103dc393ac7884b11ac87495896dbd00ab19fef7d5ff84f0a571a40c073562266ae043a98164bfce4ca2a0696752f764d963338296e65edc7c353210e7455b6020e76e086d72521dc4503b7b2e,gx-no-cache=1470071850312 HTTP/1.1" 200 30
186.78.35.163 - - [01/Aug/2016:14:18:50 -0300] "GET /cormun/servlet/solicitudot?9f4661e50068d0f1d9172257eae70ca66023f47a0977b65f3da7a8e33eb9636da0f8f56878423cb19fa72a8db01a75376058990c6f94515c19a235a071d4c0793610c499e24512b0df5fb08cd8813456fa59c7dd852c54115a7d651f1270bd6ec3d8d0103dc393ac7884b11ac87495896dbd00ab19fef7d5ff84f0a571a40c073562266ae043a98164bfce4ca2a0696752f764d963338296e65edc7c353210e7455b6020e76e086d72521dc4503b7b2e,gx-no-cache=1470071961669 HTTP/1.1" 200 30
186.78.35.163 - - [01/Aug/2016:14:18:51 -0300] "POST /cormun/servlet/solicitudot?91e1b8a0a69482a4c319909366511630,INS,0,0,,gx-no-cache=1470071961834 HTTP/1.1" 200 9888
186.78.35.163 - - [01/Aug/2016:14:19:48 -0300] "POST /cormun/servlet/solicitudot?gx-no-cache=1470072019548 HTTP/1.1" 200 30
186.78.35.163 - - [01/Aug/2016:14:19:48 -0300] "POST /cormun/servlet/solicitudot?gx-no-cache=1470072019759 HTTP/1.1" 200 1182
186.78.35.163 - - [01/Aug/2016:14:19:49 -0300] "GET /cormun/servlet/solicitudot?9f4661e50068d0f1d9172257eae70ca6e15cfb9a5c51789071695ad088ada16bb0ecac213507216d067c41534b74de7ec0ce6b3b34641f5c19886f33cf43c888a9b9aed497d14adc19645d745ba64f393def49efeb243bc6c0e73495283e02325d844783286689ab27c8c66f8efb4dd17ee4e656bc8d1bcee35c6a392e6f2ae8143c73223f7d19861ec6bb1a20a0f99addcfe1240d96e01ad4b7799569158e82,gx-no-cache=1470072020074 HTTP/1.1" 200 41
186.78.35.163 - - [01/Aug/2016:14:19:49 -0300] "POST /cormun/servlet/solicitudot?gx-no-cache=1470072020156 HTTP/1.1" 200 1144
186.78.35.163 - - [01/Aug/2016:14:19:49 -0300] "GET /cormun/servlet/solicitudot?9f4661e50068d0f1d9172257eae70ca66023f47a0977b65f3da7a8e33eb9636da0f8f56878423cb19fa72a8db01a75376058990c6f94515c19a235a071d4c0793610c499e24512b0df5fb08cd8813456fa59c7dd852c54115a7d651f1270bd6ec3d8d0103dc393ac7884b11ac87495896dbd00ab19fef7d5ff84f0a571a40c073562266ae043a98164bfce4ca2a0696752f764d963338296e65edc7c353210e7455b6020e76e086d72521dc4503b7b2e,gx-no-cache=1470072020362 HTTP/1.1" 200 30
186.78.35.163 - - [01/Aug/2016:14:19:49 -0300] "POST /cormun/servlet/solicitudot?91e1b8a0a69482a4c319909366511630,INS,0,0,,gx-no-cache=1470072020451 HTTP/1.1" 200 9930
186.78.35.163 - - [01/Aug/2016:14:20:20 -0300] "POST /cormun/servlet/solicitudot?gx-no-cache=1470072051181 HTTP/1.1" 200 30
186.78.35.163 - - [01/Aug/2016:14:20:20 -0300] "POST /cormun/servlet/solicitudot?gx-no-cache=1470072051371 HTTP/1.1" 200 1182
186.78.35.163 - - [01/Aug/2016:14:20:20 -0300] "GET /cormun/servlet/solicitudot?9f4661e50068d0f1d9172257eae70ca6e15cfb9a5c51789071695ad088ada16bb0ecac213507216d067c41534b74de7ec0ce6b3b34641f5c19886f33cf43c888a9b9aed497d14adc19645d745ba64f393def49efeb243bc6c0e73495283e02325d844783286689ab27c8c66f8efb4dd17ee4e656bc8d1bcee35c6a392e6f2ae8143c73223f7d19861ec6bb1a20a0f99addcfe1240d96e01ad4b7799569158e82,gx-no-cache=1470072051581 HTTP/1.1" 200 41
186.78.35.163 - - [01/Aug/2016:14:20:20 -0300] "POST /cormun/servlet/solicitudot?gx-no-cache=1470072051666 HTTP/1.1" 200 1144
186.78.35.163 - - [01/Aug/2016:14:20:20 -0300] "GET /cormun/servlet/solicitudot?9f4661e50068d0f1d9172257eae70ca66023f47a0977b65f3da7a8e33eb9636da0f8f56878423cb19fa72a8db01a75376058990c6f94515c19a235a071d4c0793610c499e24512b0df5fb08cd8813456fa59c7dd852c54115a7d651f1270bd6ec3d8d0103dc393ac7884b11ac87495896dbd00ab19fef7d5ff84f0a571a40c073562266ae043a98164bfce4ca2a0696752f764d963338296e65edc7c353210e7455b6020e76e086d72521dc4503b7b2e,gx-no-cache=1470072051841 HTTP/1.1" 200 30
186.78.35.163 - - [01/Aug/2016:14:20:21 -0300] "POST /cormun/servlet/solicitudot?91e1b8a0a69482a4c319909366511630,INS,0,0,,gx-no-cache=1470072051943 HTTP/1.1" 200 9994
186.78.35.163 - - [01/Aug/2016:14:21:09 -0300] "POST /cormun/servlet/solicitudot?gx-no-cache=1470072100595 HTTP/1.1" 200 120
186.78.35.163 - - [01/Aug/2016:14:21:22 -0300] "POST /cormun/servlet/solicitudot?gx-no-cache=1470072113532 HTTP/1.1" 200 120
186.78.35.163 - - [01/Aug/2016:14:25:17 -0300] "POST /cormun/servlet/solicitudot?gx-no-cache=1470072348705 HTTP/1.1" 200 30
186.78.35.163 - - [01/Aug/2016:14:25:24 -0300] "POST /cormun/servlet/solicitudot?gx-no-cache=1470072355745 HTTP/1.1" 200 30
186.78.35.163 - - [01/Aug/2016:14:25:25 -0300] "POST /cormun/servlet/solicitudot?gx-no-cache=1470072355950 HTTP/1.1" 200 1182
186.78.35.163 - - [01/Aug/2016:14:25:25 -0300] "GET /cormun/servlet/solicitudot?9f4661e50068d0f1d9172257eae70ca6e15cfb9a5c51789071695ad088ada16bb0ecac213507216d067c41534b74de7ec0ce6b3b34641f5c19886f33cf43c888a9b9aed497d14adc19645d745ba64f393def49efeb243bc6c0e73495283e02325d844783286689ab27c8c66f8efb4dd17ee4e656bc8d1bcee35c6a392e6f2ae8143c73223f7d19861ec6bb1a20a0f99addcfe1240d96e01ad4b7799569158e82,gx-no-cache=1470072356173 HTTP/1.1" 200 41
186.78.35.163 - - [01/Aug/2016:14:25:25 -0300] "POST /cormun/servlet/solicitudot?gx-no-cache=1470072356292 HTTP/1.1" 200 1144
186.78.35.163 - - [01/Aug/2016:14:25:25 -0300] "GET /cormun/servlet/solicitudot?9f4661e50068d0f1d9172257eae70ca66023f47a0977b65f3da7a8e33eb9636da0f8f56878423cb19fa72a8db01a75376058990c6f94515c19a235a071d4c0793610c499e24512b0df5fb08cd8813456fa59c7dd852c54115a7d651f1270bd6ec3d8d0103dc393ac7884b11ac87495896dbd00ab19fef7d5ff84f0a571a40c073562266ae043a98164bfce4ca2a0696752f764d963338296e65edc7c353210e7455b6020e76e086d72521dc4503b7b2e,gx-no-cache=1470072356477 HTTP/1.1" 200 30
186.78.35.163 - - [01/Aug/2016:14:25:26 -0300] "POST /cormun/servlet/solicitudot?91e1b8a0a69482a4c319909366511630,INS,0,0,,gx-no-cache=1470072356576 HTTP/1.1" 200 9999
186.78.35.163 - - [01/Aug/2016:14:28:01 -0300] "POST /cormun/servlet/solicitudot?gx-no-cache=1470072512446 HTTP/1.1" 200 30
186.78.35.163 - - [01/Aug/2016:14:28:01 -0300] "POST /cormun/servlet/solicitudot?gx-no-cache=1470072512747 HTTP/1.1" 200 1182
186.78.35.163 - - [01/Aug/2016:14:28:02 -0300] "GET /cormun/servlet/solicitudot?9f4661e50068d0f1d9172257eae70ca6e15cfb9a5c51789071695ad088ada16bb0ecac213507216d067c41534b74de7ec0ce6b3b34641f5c19886f33cf43c888a9b9aed497d14adc19645d745ba64f393def49efeb243bc6c0e73495283e02325d844783286689ab27c8c66f8efb4dd17ee4e656bc8d1bcee35c6a392e6f2ae8143c73223f7d19861ec6bb1a20a0f99addcfe1240d96e01ad4b7799569158e82,gx-no-cache=1470072513018 HTTP/1.1" 200 41
186.78.35.163 - - [01/Aug/2016:14:28:02 -0300] "POST /cormun/servlet/solicitudot?gx-no-cache=1470072513134 HTTP/1.1" 200 1144
186.78.35.163 - - [01/Aug/2016:14:28:02 -0300] "GET /cormun/servlet/solicitudot?9f4661e50068d0f1d9172257eae70ca66023f47a0977b65f3da7a8e33eb9636da0f8f56878423cb19fa72a8db01a75376058990c6f94515c19a235a071d4c0793610c499e24512b0df5fb08cd8813456fa59c7dd852c54115a7d651f1270bd6ec3d8d0103dc393ac7884b11ac87495896dbd00ab19fef7d5ff84f0a571a40c073562266ae043a98164bfce4ca2a0696752f764d963338296e65edc7c353210e7455b6020e76e086d72521dc4503b7b2e,gx-no-cache=1470072513333 HTTP/1.1" 200 30
186.78.35.163 - - [01/Aug/2016:14:28:02 -0300] "POST /cormun/servlet/solicitudot?91e1b8a0a69482a4c319909366511630,INS,0,0,,gx-no-cache=1470072513434 HTTP/1.1" 200 93
186.78.35.163 - - [01/Aug/2016:14:28:03 -0300] "GET /cormun/servlet/hpexe_return? HTTP/1.1" 200 1012
186.78.35.163 - - [01/Aug/2016:14:28:03 -0300] "GET /cormun/static/gxcfg.js?2015111312145050 HTTP/1.1" 200 953
186.78.35.163 - - [01/Aug/2016:14:28:03 -0300] "GET /cormun/static/hpexe_return.js?2015111312145056 HTTP/1.1" 200 1633
186.78.35.163 - - [01/Aug/2016:14:28:03 -0300] "GET /cormun/static/Resources/Spanish/PXTools.css?12112540 HTTP/1.1" 200 89042
186.78.35.163 - - [01/Aug/2016:14:28:03 -0300] "GET /cormun/servlet/trsolicitudot? HTTP/1.1" 200 7748
186.78.35.163 - - [01/Aug/2016:14:28:04 -0300] "GET /cormun//static/Resources/PXToolsActionView.png HTTP/1.1" 200 2995
186.78.35.163 - - [01/Aug/2016:14:28:04 -0300] "GET /cormun//static/Resources/PXToolsGridUpdate.png HTTP/1.1" 200 2984
186.78.35.163 - - [01/Aug/2016:14:28:04 -0300] "GET /cormun//static/Resources/PXToolsGridDelete.png HTTP/1.1" 200 357
186.78.35.163 - - [01/Aug/2016:14:28:04 -0300] "GET /cormun/servlet/trsolicitudot? HTTP/1.1" 200 7744
186.78.35.163 - - [01/Aug/2016:14:28:04 -0300] "GET /cormun//static/Resources/PXToolsRemoveAllAction.png HTTP/1.1" 200 3558
186.78.35.163 - - [01/Aug/2016:14:28:04 -0300] "GET /cormun//static/Resources/PXTools/ActionInsert.png HTTP/1.1" 200 1482
186.78.35.163 - - [01/Aug/2016:14:34:16 -0300] "GET /cormun/servlet/trsolicitudot? HTTP/1.1" 200 7744
186.78.35.163 - - [01/Aug/2016:14:34:17 -0300] "GET /cormun/servlet/trsolicitudot? HTTP/1.1" 200 7744
186.78.35.163 - - [01/Aug/2016:14:34:22 -0300] "GET /cormun/servlet/trsolicitudot? HTTP/1.1" 200 7744
186.78.35.163 - - [01/Aug/2016:14:34:23 -0300] "GET /cormun/servlet/trsolicitudot? HTTP/1.1" 200 7744
186.78.35.163 - - [01/Aug/2016:14:34:25 -0300] "GET /cormun/servlet/solicitudot?INS,0,0, HTTP/1.1" 200 12000
186.78.35.163 - - [01/Aug/2016:14:34:26 -0300] "GET /cormun/servlet/solicitudot?INS,0,0, HTTP/1.1" 200 12004
186.78.35.163 - - [01/Aug/2016:14:34:36 -0300] "POST /cormun/servlet/solicitudot?gx-no-cache=1470072907141 HTTP/1.1" 200 2907
186.78.35.163 - - [01/Aug/2016:14:34:37 -0300] "POST /cormun/servlet/solicitudot?91e1b8a0a69482a4c319909366511630,INS,0,0,,gx-no-cache=1470072907881 HTTP/1.1" 200 8692
186.78.35.163 - - [01/Aug/2016:14:34:37 -0300] "GET /cormun/servlet/solicitudot?9f4661e50068d0f1d9172257eae70ca62a97333795c266aeabf6749552b979c71a6b09dadfb7fbc2579d0abd35acaa6a,gx-no-cache=1470072908426 HTTP/1.1" 200 111
186.78.35.163 - - [01/Aug/2016:14:34:37 -0300] "GET /cormun/static/Shared/jqueryui/images/ui-bg_highlight-soft_100_c6c2c8_1x100.png HTTP/1.1" 404 1117
186.78.35.163 - - [01/Aug/2016:14:34:37 -0300] "GET /cormun/static/Shared/jqueryui/images/ui-icons_82798d_256x240.png HTTP/1.1" 404 1089
186.78.35.163 - - [01/Aug/2016:14:34:37 -0300] "GET /cormun/static/Shared/jqueryui/images/ui-bg_flat_55_994d53_40x100.png HTTP/1.1" 404 1097
186.78.35.163 - - [01/Aug/2016:14:34:37 -0300] "GET /cormun/static/Shared/jqueryui/images/ui-icons_ebccce_256x240.png HTTP/1.1" 404 1089
186.78.35.163 - - [01/Aug/2016:14:34:44 -0300] "GET /cormun/servlet/solicitudot?9f4661e50068d0f1d9172257eae70ca607ebeadc8b23911bf908568f3fc643465adeb1c3dd5dc5bc1d262df39bc4b0f5,gx-no-cache=1470072915232 HTTP/1.1" 200 30
186.78.35.163 - - [01/Aug/2016:14:36:42 -0300] "POST /cormun/servlet/solicitudot?gx-no-cache=1470073033742 HTTP/1.1" 200 30
186.78.35.163 - - [01/Aug/2016:14:36:45 -0300] "POST /cormun/servlet/solicitudot?gx-no-cache=1470073036758 HTTP/1.1" 200 30
186.78.35.163 - - [01/Aug/2016:14:36:47 -0300] "POST /cormun/servlet/solicitudot?gx-no-cache=1470073038184 HTTP/1.1" 200 480
186.78.35.163 - - [01/Aug/2016:14:36:47 -0300] "GET /cormun/servlet/solicitudot?9f4661e50068d0f1d9172257eae70ca6e15cfb9a5c51789071695ad088ada16bb0ecac213507216d067c41534b74de7ec0ce6b3b34641f5c19886f33cf43c888a9b9aed497d14adc19645d745ba64f393def49efeb243bc6c0e73495283e02325d844783286689ab27c8c66f8efb4dd17ee4e656bc8d1bcee35c6a392e6f2ae8f60a0fdb19977bee2d698298eba2bbdc,gx-no-cache=1470073038334 HTTP/1.1" 200 38
186.78.35.163 - - [01/Aug/2016:14:37:08 -0300] "GET /cormun/servlet/solicitudot?9f4661e50068d0f1d9172257eae70ca69a9e2f3ccbd5b6617e7f9ea638665d6b33af5e4e0a1cb27a73dd962d7b44fc128fb15449fa7164bd45673842805e16e537ea9835b81e1fd2c1750a58c637820e44eda11955ead52ae623a55a51ad04762e249cc04363876fac45ade797df2929,gx-no-cache=1470073058984 HTTP/1.1" 200 29
186.78.35.163 - - [01/Aug/2016:14:37:09 -0300] "POST /cormun/servlet/solicitudot?gx-no-cache=1470073060194 HTTP/1.1" 200 1144
186.78.35.163 - - [01/Aug/2016:14:37:31 -0300] "GET /cormun/servlet/solicitudot?9f4661e50068d0f1d9172257eae70ca63b74626914816fd7bc98e9b35412fb68a0f8f56878423cb19fa72a8db01a75376058990c6f94515c19a235a071d4c0793610c499e24512b0df5fb08cd8813456fa59c7dd852c54115a7d651f1270bd6ec3d8d0103dc393ac7884b11ac87495896dbd00ab19fef7d5ff84f0a571a40c073562266ae043a98164bfce4ca2a0696752f764d963338296e65edc7c353210e7455b6020e76e086d72521dc4503b7b2e,gx-no-cache=1470073082640 HTTP/1.1" 200 30
186.103.157.98 - - [01/Aug/2016:14:38:35 -0300] "GET /cormun/servlet/hlogin HTTP/1.1" 200 1727
186.103.157.98 - - [01/Aug/2016:14:38:35 -0300] "GET /cormun/static/gxgral.js?85251 HTTP/1.1" 304 -
186.103.157.98 - - [01/Aug/2016:14:38:35 -0300] "GET /cormun/static/Resources/ComunLogin.png HTTP/1.1" 304 -
186.103.157.98 - - [01/Aug/2016:14:38:35 -0300] "GET /cormun/static/Resources/PXToolsLoginBackground.png HTTP/1.1" 304 -
186.103.157.98 - - [01/Aug/2016:14:38:35 -0300] "GET /cormun/static/Resources/PXToolsLoginTop.png HTTP/1.1" 304 -
186.103.157.98 - - [01/Aug/2016:14:38:35 -0300] "GET /cormun/static/Resources/PXToolsLoginBottom.png HTTP/1.1" 304 -
186.103.157.98 - - [01/Aug/2016:14:38:36 -0300] "GET /cormun/static/Resources/indicator.gif HTTP/1.1" 304 -
186.103.157.98 - - [01/Aug/2016:14:38:36 -0300] "GET /cormun/servlet/hlogin HTTP/1.1" 200 1734
186.103.157.98 - - [01/Aug/2016:14:38:38 -0300] "POST /cormun/servlet/hlogin?a97814f41999e769023e92964c32614c,gx-no-cache=1470073149681 HTTP/1.1" 200 90
186.103.157.98 - - [01/Aug/2016:14:38:38 -0300] "GET /cormun/servlet/hpexe_link HTTP/1.1" 200 950
186.103.157.98 - - [01/Aug/2016:14:38:38 -0300] "GET /cormun/servlet/hhome HTTP/1.1" 200 3680
186.103.157.98 - - [01/Aug/2016:14:38:39 -0300] "GET /cormun/static/scaMessage/scaMessageRender.js HTTP/1.1" 304 -
186.103.157.98 - - [01/Aug/2016:14:38:39 -0300] "GET /cormun/static/Resources/PXToolsDataTitle.png HTTP/1.1" 304 -
186.103.157.98 - - [01/Aug/2016:14:38:39 -0300] "GET /cormun/static/Resources/PXToolsHeaderActionsBackground.png HTTP/1.1" 304 -
186.103.157.98 - - [01/Aug/2016:14:38:39 -0300] "GET /cormun/static/Resources/PXToolsHeaderActionsLeft.png HTTP/1.1" 304 -
186.103.157.98 - - [01/Aug/2016:14:38:39 -0300] "GET /cormun/static/Resources/PXToolsHeaderLogin.png HTTP/1.1" 304 -
186.103.157.98 - - [01/Aug/2016:14:38:39 -0300] "GET /cormun/static/Resources/PXToolsHeaderSecurity.png HTTP/1.1" 304 -
186.103.157.98 - - [01/Aug/2016:14:38:39 -0300] "GET /cormun/static/Resources/PXToolsHeaderActionsRight.png HTTP/1.1" 304 -
186.103.157.98 - - [01/Aug/2016:14:38:39 -0300] "GET /cormun/static/Resources/PXToolsHeaderHome.png HTTP/1.1" 304 -
186.103.157.98 - - [01/Aug/2016:14:38:39 -0300] "GET /cormun/static/Resources/PXToolsHeaderPreferences.png HTTP/1.1" 304 -
186.103.157.98 - - [01/Aug/2016:14:38:39 -0300] "GET /cormun/servlet/hhome HTTP/1.1" 200 3677
186.78.35.163 - - [01/Aug/2016:14:38:43 -0300] "POST /cormun/servlet/solicitudot?gx-no-cache=1470073154614 HTTP/1.1" 200 30
186.78.35.163 - - [01/Aug/2016:14:38:43 -0300] "POST /cormun/servlet/solicitudot?gx-no-cache=1470073154822 HTTP/1.1" 200 1182
186.78.35.163 - - [01/Aug/2016:14:38:43 -0300] "GET /cormun/servlet/solicitudot?9f4661e50068d0f1d9172257eae70ca6e15cfb9a5c51789071695ad088ada16bb0ecac213507216d067c41534b74de7ec0ce6b3b34641f5c19886f33cf43c888a9b9aed497d14adc19645d745ba64f393def49efeb243bc6c0e73495283e02325d844783286689ab27c8c66f8efb4dd17ee4e656bc8d1bcee35c6a392e6f2ae8143c73223f7d19861ec6bb1a20a0f99addcfe1240d96e01ad4b7799569158e82,gx-no-cache=1470073155043 HTTP/1.1" 200 41
186.78.35.163 - - [01/Aug/2016:14:38:44 -0300] "POST /cormun/servlet/solicitudot?gx-no-cache=1470073155121 HTTP/1.1" 200 1144
186.78.35.163 - - [01/Aug/2016:14:38:44 -0300] "GET /cormun/servlet/solicitudot?9f4661e50068d0f1d9172257eae70ca63b74626914816fd7bc98e9b35412fb68a0f8f56878423cb19fa72a8db01a75376058990c6f94515c19a235a071d4c0793610c499e24512b0df5fb08cd8813456fa59c7dd852c54115a7d651f1270bd6ec3d8d0103dc393ac7884b11ac87495896dbd00ab19fef7d5ff84f0a571a40c073562266ae043a98164bfce4ca2a0696752f764d963338296e65edc7c353210e7455b6020e76e086d72521dc4503b7b2e,gx-no-cache=1470073155314 HTTP/1.1" 200 30
186.103.157.98 - - [01/Aug/2016:14:38:44 -0300] "GET /cormun/servlet/trautorizarsolicitud? HTTP/1.1" 200 6540
186.103.157.98 - - [01/Aug/2016:14:38:44 -0300] "GET /cormun/static/Resources/PXToolsDataSearch.png HTTP/1.1" 304 -
186.103.157.98 - - [01/Aug/2016:14:38:44 -0300] "GET /cormun/static/Resources/PXToolsGridPage.gif HTTP/1.1" 304 -
186.103.157.98 - - [01/Aug/2016:14:38:44 -0300] "GET /cormun/static/Resources/PXToolsActionExcel.png HTTP/1.1" 304 -
186.103.157.98 - - [01/Aug/2016:14:38:44 -0300] "GET /cormun/static/Resources/asc.gif HTTP/1.1" 304 -
186.103.157.98 - - [01/Aug/2016:14:38:44 -0300] "GET /cormun/static/Resources/desc.gif HTTP/1.1" 304 -
186.103.157.98 - - [01/Aug/2016:14:38:44 -0300] "GET /cormun/servlet/trautorizarsolicitud? HTTP/1.1" 200 6539
186.103.157.98 - - [01/Aug/2016:14:39:04 -0300] "GET /cormun/servlet/trvisualizadoreventos? HTTP/1.1" 200 6406
186.103.157.98 - - [01/Aug/2016:14:39:04 -0300] "GET /cormun/static/gxcfg.js?201631021481342 HTTP/1.1" 200 953
186.103.157.98 - - [01/Aug/2016:14:39:04 -0300] "GET /cormun/static/trvisualizadoreventos.js?201631021481717 HTTP/1.1" 200 19288
186.103.157.98 - - [01/Aug/2016:14:39:04 -0300] "GET /cormun/static/Resources/PXToolsActionPrint.png HTTP/1.1" 200 3317
186.103.157.98 - - [01/Aug/2016:14:39:04 -0300] "GET /cormun/servlet/trvisualizadoreventos? HTTP/1.1" 200 6406
186.78.35.163 - - [01/Aug/2016:14:39:14 -0300] "POST /cormun/servlet/solicitudot?91e1b8a0a69482a4c319909366511630,INS,0,0,,gx-no-cache=1470073184979 HTTP/1.1" 200 93
186.78.35.163 - - [01/Aug/2016:14:39:14 -0300] "GET /cormun/servlet/hpexe_return? HTTP/1.1" 200 1012
186.78.35.163 - - [01/Aug/2016:14:39:14 -0300] "GET /cormun/servlet/trsolicitudot HTTP/1.1" 200 8093
186.78.35.163 - - [01/Aug/2016:14:39:15 -0300] "GET /cormun/servlet/trsolicitudot HTTP/1.1" 200 8090
186.103.157.98 - - [01/Aug/2016:14:39:20 -0300] "POST /cormun/servlet/trvisualizadoreventos?a97814f41999e769023e92964c32614c,,gx-no-cache=1470073191722 HTTP/1.1" 200 3665
186.103.157.98 - - [01/Aug/2016:14:39:23 -0300] "GET /cormun/servlet/trsolicitudot? HTTP/1.1" 200 6603
186.103.157.98 - - [01/Aug/2016:14:39:23 -0300] "GET /cormun/static/Resources/PXToolsGridNew.png HTTP/1.1" 304 -
186.103.157.98 - - [01/Aug/2016:14:39:24 -0300] "GET /cormun/servlet/trsolicitudot? HTTP/1.1" 200 6602
186.78.35.163 - - [01/Aug/2016:14:39:48 -0300] "POST /cormun/servlet/trsolicitudot?91e1b8a0a69482a4c319909366511630,gx-no-cache=1470073218584 HTTP/1.1" 200 5661
186.78.35.163 - - [01/Aug/2016:14:39:48 -0300] "GET /cormun/static/Shared/jqueryui/images/ui-bg_flat_55_fafafa_40x100.png HTTP/1.1" 404 1097
186.78.35.163 - - [01/Aug/2016:14:39:48 -0300] "GET /cormun/static/Shared/jqueryui/images/ui-icons_8d78a5_256x240.png HTTP/1.1" 404 1089
186.103.157.98 - - [01/Aug/2016:14:39:59 -0300] "GET /cormun/servlet/trsolicitudot? HTTP/1.1" 200 6602
186.103.157.98 - - [01/Aug/2016:14:39:59 -0300] "GET /cormun/servlet/trsolicitudot? HTTP/1.1" 200 6602
186.78.35.163 - - [01/Aug/2016:14:40:00 -0300] "POST /cormun/servlet/trsolicitudot?91e1b8a0a69482a4c319909366511630,gx-no-cache=1470073231318 HTTP/1.1" 200 5660
186.78.35.163 - - [01/Aug/2016:14:40:07 -0300] "POST /cormun/servlet/trsolicitudot?91e1b8a0a69482a4c319909366511630,gx-no-cache=1470073238369 HTTP/1.1" 200 106
186.78.35.163 - - [01/Aug/2016:14:40:07 -0300] "GET /cormun/servlet/trsolicitudadjuntos?2016,2376, HTTP/1.1" 200 5559
186.103.157.98 - - [01/Aug/2016:14:40:07 -0300] "GET /cormun/servlet/solicitudot?INS,0,0, HTTP/1.1" 200 12074
186.78.35.163 - - [01/Aug/2016:14:40:07 -0300] "GET /cormun/static/gxcfg.js?2016311731090 HTTP/1.1" 200 953
186.103.157.98 - - [01/Aug/2016:14:40:07 -0300] "GET /cormun/static/Resources/prompt.gif HTTP/1.1" 304 -
186.78.35.163 - - [01/Aug/2016:14:40:08 -0300] "GET /cormun/static/Resources/PXToolsGridFirst.gif HTTP/1.1" 200 379
186.78.35.163 - - [01/Aug/2016:14:40:08 -0300] "GET /cormun/static/Resources/PXToolsGridPrevious.gif HTTP/1.1" 200 369
186.78.35.163 - - [01/Aug/2016:14:40:08 -0300] "GET /cormun/static/Resources/PXToolsGridNext.gif HTTP/1.1" 200 369
186.78.35.163 - - [01/Aug/2016:14:40:08 -0300] "GET /cormun/static/Resources/PXToolsGridLast.gif HTTP/1.1" 200 370
186.78.35.163 - - [01/Aug/2016:14:40:08 -0300] "GET /cormun/static/trsolicitudadjuntos.js?2016311731342 HTTP/1.1" 200 17913
186.78.35.163 - - [01/Aug/2016:14:40:08 -0300] "GET /cormun/static/Resources/Spanish/PXTools.css?171692 HTTP/1.1" 200 89042
186.103.157.98 - - [01/Aug/2016:14:40:08 -0300] "GET /cormun/servlet/solicitudot?INS,0,0, HTTP/1.1" 200 12079
186.78.35.163 - - [01/Aug/2016:14:40:08 -0300] "GET /cormun/servlet/trsolicitudadjuntos?2016,2376, HTTP/1.1" 200 5559
186.78.35.163 - - [01/Aug/2016:14:40:14 -0300] "GET /cormun/servlet/solicitudotadjuntos?INS,2016,2376,,1, HTTP/1.1" 200 5652
186.78.35.163 - - [01/Aug/2016:14:40:14 -0300] "GET /cormun/static/gxcfg.js?201631622493247 HTTP/1.1" 200 953
186.78.35.163 - - [01/Aug/2016:14:40:14 -0300] "GET /cormun/static/solicitudotadjuntos.js?201631622493267 HTTP/1.1" 200 11762
186.78.35.163 - - [01/Aug/2016:14:40:14 -0300] "GET /cormun/static/about:blank HTTP/1.1" 404 1011
186.78.35.163 - - [01/Aug/2016:14:40:14 -0300] "GET /cormun/servlet/solicitudotadjuntos?INS,2016,2376,,1, HTTP/1.1" 200 5646
186.78.35.163 - - [01/Aug/2016:14:40:15 -0300] "GET /cormun/servlet/solicitudotadjuntos?9f4661e50068d0f1d9172257eae70ca6e5338ca36907c66b41f09c1aab7827bc40e6ba24954b910809604930bceffc1c,gx-no-cache=1470073246326 HTTP/1.1" 200 30
186.78.35.163 - - [01/Aug/2016:14:40:15 -0300] "POST /cormun/servlet/solicitudotadjuntos?91e1b8a0a69482a4c319909366511630,INS,2016,2376,,1,,gx-no-cache=1470073246420 HTTP/1.1" 200 3484
186.78.35.163 - - [01/Aug/2016:14:40:27 -0300] "POST /cormun/servlet/solicitudotadjuntos?gx-no-cache=1470073258024 HTTP/1.1" 200 26
186.103.157.98 - - [01/Aug/2016:14:40:47 -0300] "POST /cormun/servlet/solicitudot?gx-no-cache=1470073278564 HTTP/1.1" 200 2907
186.103.157.98 - - [01/Aug/2016:14:40:47 -0300] "POST /cormun/servlet/solicitudot?a97814f41999e769023e92964c32614c,INS,0,0,,gx-no-cache=1470073278812 HTTP/1.1" 200 8745
186.103.157.98 - - [01/Aug/2016:14:40:47 -0300] "GET /cormun/servlet/solicitudot?70e304682d5024cb3b15fcc14b2b0bce7829925aed1f33cf7651aad454f1ac01,gx-no-cache=1470073278999 HTTP/1.1" 200 111
186.103.157.98 - - [01/Aug/2016:14:40:47 -0300] "GET /cormun/static/Shared/jqueryui/images/ui-bg_highlight-soft_100_c6c2c8_1x100.png HTTP/1.1" 404 1117
186.103.157.98 - - [01/Aug/2016:14:40:47 -0300] "GET /cormun/static/Shared/jqueryui/images/ui-icons_82798d_256x240.png HTTP/1.1" 404 1089
186.103.157.98 - - [01/Aug/2016:14:40:47 -0300] "GET /cormun/static/Shared/jqueryui/images/ui-bg_flat_55_994d53_40x100.png HTTP/1.1" 404 1097
186.103.157.98 - - [01/Aug/2016:14:40:47 -0300] "POST /cormun/servlet/solicitudot?gx-no-cache=1470073279057 HTTP/1.1" 200 120
186.103.157.98 - - [01/Aug/2016:14:40:48 -0300] "POST /cormun/servlet/solicitudot?gx-no-cache=1470073279136 HTTP/1.1" 200 122
186.103.157.98 - - [01/Aug/2016:14:40:48 -0300] "GET /cormun/static/Shared/jqueryui/images/ui-bg_flat_55_fafafa_40x100.png HTTP/1.1" 404 1097
186.103.157.98 - - [01/Aug/2016:14:40:48 -0300] "GET /cormun/static/Shared/jqueryui/images/ui-icons_8d78a5_256x240.png HTTP/1.1" 404 1089
186.103.157.98 - - [01/Aug/2016:14:40:48 -0300] "POST /cormun/servlet/solicitudot?gx-no-cache=1470073279177 HTTP/1.1" 200 480
186.103.157.98 - - [01/Aug/2016:14:40:48 -0300] "GET /cormun/servlet/solicitudot?70e304682d5024cb3b15fcc14b2b0bcee94357bd2869cc909ca1dcab9bdb972a1772fc22c7c78f9aa7d7d620497e8f6bf892d02ee9a07268cf0406e905a7140e95b1e5fdf70d4a6d00dd767fb21922dc22fb1a04d233e05e1709e34b23e1a597ace0274760564b52ea8a0ac93e3be01da3bb30eee119e06d6893e3dac96623917e028fb631ac99cc16e7d5a2a2563fb9,gx-no-cache=1470073279252 HTTP/1.1" 200 38
186.103.157.98 - - [01/Aug/2016:14:40:48 -0300] "GET /cormun/static/Shared/jqueryui/images/ui-icons_ebccce_256x240.png HTTP/1.1" 404 1089
186.78.35.163 - - [01/Aug/2016:14:40:49 -0300] "GET /cormun/servlet/solicitudotadjuntos?9f4661e50068d0f1d9172257eae70ca66c2cb1388bcc47d99d64a038188ce521,gx-no-cache=1470073280265 HTTP/1.1" 200 30
186.78.35.163 - - [01/Aug/2016:14:40:49 -0300] "GET /cormun/servlet/solicitudotadjuntos?9f4661e50068d0f1d9172257eae70ca66c2cb1388bcc47d99d64a038188ce521,gx-no-cache=1470073280378 HTTP/1.1" 200 30
186.78.35.163 - - [01/Aug/2016:14:40:57 -0300] "POST /cormun/servlet/solicitudotadjuntos?91e1b8a0a69482a4c319909366511630,INS,2016,2376,,1, HTTP/1.1" 200 116
186.78.35.163 - - [01/Aug/2016:14:40:57 -0300] "GET /cormun/servlet/hpexe_return? HTTP/1.1" 200 1029
186.78.35.163 - - [01/Aug/2016:14:40:57 -0300] "GET /cormun/servlet/trsolicitudadjuntos?2016,2376, HTTP/1.1" 200 7466
186.78.35.163 - - [01/Aug/2016:14:40:58 -0300] "GET /cormun/servlet/trsolicitudadjuntos?2016,2376, HTTP/1.1" 200 7463
186.78.35.163 - - [01/Aug/2016:14:41:02 -0300] "GET /cormun/servlet/solicitudotadjuntos?INS,2016,2376,,1, HTTP/1.1" 200 5652
186.78.35.163 - - [01/Aug/2016:14:41:03 -0300] "GET /cormun/static/about:blank HTTP/1.1" 404 1011
186.78.35.163 - - [01/Aug/2016:14:41:03 -0300] "GET /cormun/servlet/solicitudotadjuntos?INS,2016,2376,,1, HTTP/1.1" 200 5646
186.78.35.163 - - [01/Aug/2016:14:41:03 -0300] "GET /cormun/servlet/solicitudotadjuntos?9f4661e50068d0f1d9172257eae70ca6e5338ca36907c66b41f09c1aab7827bc40e6ba24954b910809604930bceffc1c,gx-no-cache=1470073294833 HTTP/1.1" 200 30
186.78.35.163 - - [01/Aug/2016:14:41:04 -0300] "POST /cormun/servlet/solicitudotadjuntos?91e1b8a0a69482a4c319909366511630,INS,2016,2376,,1,,gx-no-cache=1470073294931 HTTP/1.1" 200 3483
186.78.35.163 - - [01/Aug/2016:14:41:08 -0300] "POST /cormun/servlet/solicitudotadjuntos?gx-no-cache=1470073299577 HTTP/1.1" 200 26
186.103.157.98 - - [01/Aug/2016:14:41:12 -0300] "POST /cormun/servlet/solicitudot?gx-no-cache=1470073303468 HTTP/1.1" 200 30
186.78.35.163 - - [01/Aug/2016:14:41:15 -0300] "GET /cormun/servlet/solicitudotadjuntos?9f4661e50068d0f1d9172257eae70ca66c2cb1388bcc47d99d64a038188ce521,gx-no-cache=1470073307012 HTTP/1.1" 200 30
186.78.35.163 - - [01/Aug/2016:14:41:16 -0300] "GET /cormun/servlet/solicitudotadjuntos?9f4661e50068d0f1d9172257eae70ca66c2cb1388bcc47d99d64a038188ce521,gx-no-cache=1470073307094 HTTP/1.1" 200 30
186.103.157.98 - - [01/Aug/2016:14:41:25 -0300] "POST /cormun/servlet/solicitudot?gx-no-cache=1470073317088 HTTP/1.1" 200 30
186.78.35.163 - - [01/Aug/2016:14:41:46 -0300] "POST /cormun/servlet/solicitudotadjuntos?91e1b8a0a69482a4c319909366511630,INS,2016,2376,,1, HTTP/1.1" 200 116
186.78.35.163 - - [01/Aug/2016:14:41:46 -0300] "GET /cormun/servlet/hpexe_return? HTTP/1.1" 200 1029
186.78.35.163 - - [01/Aug/2016:14:41:47 -0300] "GET /cormun/servlet/trsolicitudadjuntos?2016,2376, HTTP/1.1" 200 7638
186.78.35.163 - - [01/Aug/2016:14:41:47 -0300] "GET /cormun/servlet/trsolicitudadjuntos?2016,2376, HTTP/1.1" 200 7633
186.78.35.163 - - [01/Aug/2016:14:41:51 -0300] "GET /cormun/servlet/solicitudotadjuntos?INS,2016,2376,,1, HTTP/1.1" 200 5653
186.78.35.163 - - [01/Aug/2016:14:41:51 -0300] "GET /cormun/static/about:blank HTTP/1.1" 404 1011
186.78.35.163 - - [01/Aug/2016:14:41:51 -0300] "GET /cormun/servlet/solicitudotadjuntos?INS,2016,2376,,1, HTTP/1.1" 200 5647
186.78.35.163 - - [01/Aug/2016:14:41:52 -0300] "GET /cormun/servlet/solicitudotadjuntos?9f4661e50068d0f1d9172257eae70ca6e5338ca36907c66b41f09c1aab7827bc40e6ba24954b910809604930bceffc1c,gx-no-cache=1470073343367 HTTP/1.1" 200 30
186.78.35.163 - - [01/Aug/2016:14:41:52 -0300] "POST /cormun/servlet/solicitudotadjuntos?91e1b8a0a69482a4c319909366511630,INS,2016,2376,,1,,gx-no-cache=1470073343457 HTTP/1.1" 200 3484
186.78.35.163 - - [01/Aug/2016:14:42:00 -0300] "POST /cormun/servlet/solicitudotadjuntos?gx-no-cache=1470073351552 HTTP/1.1" 200 26
186.78.35.163 - - [01/Aug/2016:14:42:57 -0300] "GET /cormun/servlet/solicitudotadjuntos?9f4661e50068d0f1d9172257eae70ca66c2cb1388bcc47d99d64a038188ce521,gx-no-cache=1470073408908 HTTP/1.1" 200 30
186.78.35.163 - - [01/Aug/2016:14:42:57 -0300] "GET /cormun/servlet/solicitudotadjuntos?9f4661e50068d0f1d9172257eae70ca66c2cb1388bcc47d99d64a038188ce521,gx-no-cache=1470073409020 HTTP/1.1" 200 30
186.78.35.163 - - [01/Aug/2016:14:43:13 -0300] "POST /cormun/servlet/solicitudotadjuntos?91e1b8a0a69482a4c319909366511630,INS,2016,2376,,1, HTTP/1.1" 200 116
186.78.35.163 - - [01/Aug/2016:14:43:13 -0300] "GET /cormun/servlet/hpexe_return? HTTP/1.1" 200 1029
186.78.35.163 - - [01/Aug/2016:14:43:14 -0300] "GET /cormun/servlet/trsolicitudadjuntos?2016,2376, HTTP/1.1" 200 7781
186.78.35.163 - - [01/Aug/2016:14:43:15 -0300] "GET /cormun/servlet/trsolicitudadjuntos?2016,2376, HTTP/1.1" 200 7780
186.78.35.163 - - [01/Aug/2016:14:43:20 -0300] "GET /cormun/servlet/solicitudotadjuntos?INS,2016,2376,,1, HTTP/1.1" 200 5653
186.78.35.163 - - [01/Aug/2016:14:43:20 -0300] "GET /cormun/static/about:blank HTTP/1.1" 404 1011
186.78.35.163 - - [01/Aug/2016:14:43:20 -0300] "GET /cormun/servlet/solicitudotadjuntos?INS,2016,2376,,1, HTTP/1.1" 200 5647
186.78.35.163 - - [01/Aug/2016:14:43:21 -0300] "GET /cormun/servlet/solicitudotadjuntos?9f4661e50068d0f1d9172257eae70ca6e5338ca36907c66b41f09c1aab7827bc40e6ba24954b910809604930bceffc1c,gx-no-cache=1470073432271 HTTP/1.1" 200 30
186.78.35.163 - - [01/Aug/2016:14:43:21 -0300] "POST /cormun/servlet/solicitudotadjuntos?91e1b8a0a69482a4c319909366511630,INS,2016,2376,,1,,gx-no-cache=1470073432375 HTTP/1.1" 200 3484
186.78.35.163 - - [01/Aug/2016:14:43:28 -0300] "POST /cormun/servlet/solicitudotadjuntos?gx-no-cache=1470073439431 HTTP/1.1" 200 26
186.78.35.163 - - [01/Aug/2016:14:43:42 -0300] "GET /cormun/servlet/solicitudotadjuntos?9f4661e50068d0f1d9172257eae70ca66c2cb1388bcc47d99d64a038188ce521,gx-no-cache=1470073453696 HTTP/1.1" 200 30
186.78.35.163 - - [01/Aug/2016:14:43:42 -0300] "GET /cormun/servlet/solicitudotadjuntos?9f4661e50068d0f1d9172257eae70ca66c2cb1388bcc47d99d64a038188ce521,gx-no-cache=1470073453768 HTTP/1.1" 200 30
186.78.35.163 - - [01/Aug/2016:14:43:50 -0300] "POST /cormun/servlet/solicitudotadjuntos?91e1b8a0a69482a4c319909366511630,INS,2016,2376,,1, HTTP/1.1" 200 116
186.78.35.163 - - [01/Aug/2016:14:43:50 -0300] "GET /cormun/servlet/hpexe_return? HTTP/1.1" 200 1029
186.78.35.163 - - [01/Aug/2016:14:43:51 -0300] "GET /cormun/servlet/trsolicitudadjuntos?2016,2376, HTTP/1.1" 200 7916
186.78.35.163 - - [01/Aug/2016:14:43:52 -0300] "GET /cormun/servlet/trsolicitudadjuntos?2016,2376, HTTP/1.1" 200 7914
186.78.35.163 - - [01/Aug/2016:14:43:54 -0300] "GET /cormun/servlet/solicitudotadjuntos?INS,2016,2376,,1, HTTP/1.1" 200 5653
186.78.35.163 - - [01/Aug/2016:14:43:54 -0300] "GET /cormun/static/about:blank HTTP/1.1" 404 1011
186.78.35.163 - - [01/Aug/2016:14:43:55 -0300] "GET /cormun/servlet/solicitudotadjuntos?INS,2016,2376,,1, HTTP/1.1" 200 5647
186.78.35.163 - - [01/Aug/2016:14:43:55 -0300] "GET /cormun/servlet/solicitudotadjuntos?9f4661e50068d0f1d9172257eae70ca6e5338ca36907c66b41f09c1aab7827bc40e6ba24954b910809604930bceffc1c,gx-no-cache=1470073466544 HTTP/1.1" 200 30
186.78.35.163 - - [01/Aug/2016:14:43:55 -0300] "POST /cormun/servlet/solicitudotadjuntos?91e1b8a0a69482a4c319909366511630,INS,2016,2376,,1,,gx-no-cache=1470073466634 HTTP/1.1" 200 3484
186.78.35.163 - - [01/Aug/2016:14:43:59 -0300] "POST /cormun/servlet/solicitudotadjuntos?gx-no-cache=1470073469985 HTTP/1.1" 200 26
186.103.157.98 - - [01/Aug/2016:14:44:00 -0300] "POST /cormun/servlet/solicitudot?gx-no-cache=1470073471161 HTTP/1.1" 200 3019
186.103.157.98 - - [01/Aug/2016:14:44:00 -0300] "POST /cormun/servlet/solicitudot?a97814f41999e769023e92964c32614c,INS,0,0,,gx-no-cache=1470073471347 HTTP/1.1" 200 8925
186.78.35.163 - - [01/Aug/2016:14:44:07 -0300] "GET /cormun/servlet/solicitudotadjuntos?9f4661e50068d0f1d9172257eae70ca66c2cb1388bcc47d99d64a038188ce521,gx-no-cache=1470073478725 HTTP/1.1" 200 30
186.78.35.163 - - [01/Aug/2016:14:44:07 -0300] "GET /cormun/servlet/solicitudotadjuntos?9f4661e50068d0f1d9172257eae70ca66c2cb1388bcc47d99d64a038188ce521,gx-no-cache=1470073478844 HTTP/1.1" 200 30
186.103.157.98 - - [01/Aug/2016:14:44:12 -0300] "GET /cormun/servlet/solicitudot?70e304682d5024cb3b15fcc14b2b0bce06cab3026bb8d035c800d397fa9df5bf7b141c7a83f8a8efd9b046697d26fbbd,gx-no-cache=1470073483522 HTTP/1.1" 200 30
186.103.157.98 - - [01/Aug/2016:14:44:12 -0300] "POST /cormun/servlet/solicitudot?gx-no-cache=1470073483610 HTTP/1.1" 200 30
186.103.157.98 - - [01/Aug/2016:14:44:12 -0300] "POST /cormun/servlet/solicitudot?gx-no-cache=1470073483644 HTTP/1.1" 200 480
186.103.157.98 - - [01/Aug/2016:14:44:12 -0300] "GET /cormun/servlet/solicitudot?70e304682d5024cb3b15fcc14b2b0bcee94357bd2869cc909ca1dcab9bdb972a1772fc22c7c78f9aa7d7d620497e8f6bf892d02ee9a07268cf0406e905a7140e95b1e5fdf70d4a6d00dd767fb21922dc22fb1a04d233e05e1709e34b23e1a597ace0274760564b52ea8a0ac93e3be01da3bb30eee119e06d6893e3dac96623917e028fb631ac99cc16e7d5a2a2563fb9,gx-no-cache=1470073483694 HTTP/1.1" 200 38
186.103.157.98 - - [01/Aug/2016:14:44:20 -0300] "GET /cormun/servlet/solicitudot?70e304682d5024cb3b15fcc14b2b0bceaa5e3dd96afa31c67f28a33e7093ec8b3cbd1523eb115c646056461fc217f2698b2d8fed3b123ea34189574c479e5d1ed0efae9d2196efc7abde4d8aac1b3680bd11299ef86df8194f8a79fbea20a69c390fd852ee240e03afed81dca6234df8,gx-no-cache=1470073491712 HTTP/1.1" 200 29
186.103.157.98 - - [01/Aug/2016:14:44:20 -0300] "POST /cormun/servlet/solicitudot?gx-no-cache=1470073491743 HTTP/1.1" 200 432
186.103.157.98 - - [01/Aug/2016:14:44:20 -0300] "GET /cormun/static/menuarrow.gif HTTP/1.1" 404 1015
186.78.35.163 - - [01/Aug/2016:14:44:23 -0300] "POST /cormun/servlet/solicitudotadjuntos?91e1b8a0a69482a4c319909366511630,INS,2016,2376,,1, HTTP/1.1" 200 116
186.78.35.163 - - [01/Aug/2016:14:44:23 -0300] "GET /cormun/servlet/hpexe_return? HTTP/1.1" 200 1029
186.78.35.163 - - [01/Aug/2016:14:44:24 -0300] "GET /cormun/servlet/trsolicitudadjuntos?2016,2376, HTTP/1.1" 200 8042
186.78.35.163 - - [01/Aug/2016:14:44:25 -0300] "GET /cormun/servlet/trsolicitudadjuntos?2016,2376, HTTP/1.1" 200 8042
186.78.35.163 - - [01/Aug/2016:14:44:27 -0300] "GET /cormun/servlet/solicitudotadjuntos?INS,2016,2376,,1, HTTP/1.1" 200 5653
186.78.35.163 - - [01/Aug/2016:14:44:27 -0300] "GET /cormun/static/about:blank HTTP/1.1" 404 1011
186.78.35.163 - - [01/Aug/2016:14:44:28 -0300] "GET /cormun/servlet/solicitudotadjuntos?INS,2016,2376,,1, HTTP/1.1" 200 5647
186.78.35.163 - - [01/Aug/2016:14:44:28 -0300] "GET /cormun/servlet/solicitudotadjuntos?9f4661e50068d0f1d9172257eae70ca6e5338ca36907c66b41f09c1aab7827bc40e6ba24954b910809604930bceffc1c,gx-no-cache=1470073499604 HTTP/1.1" 200 30
186.78.35.163 - - [01/Aug/2016:14:44:28 -0300] "POST /cormun/servlet/solicitudotadjuntos?91e1b8a0a69482a4c319909366511630,INS,2016,2376,,1,,gx-no-cache=1470073499706 HTTP/1.1" 200 3484
186.78.35.163 - - [01/Aug/2016:14:44:31 -0300] "POST /cormun/servlet/solicitudotadjuntos?gx-no-cache=1470073502305 HTTP/1.1" 200 26
186.78.35.163 - - [01/Aug/2016:14:44:36 -0300] "GET /cormun/servlet/solicitudotadjuntos?9f4661e50068d0f1d9172257eae70ca66c2cb1388bcc47d99d64a038188ce521,gx-no-cache=1470073507141 HTTP/1.1" 200 30
186.78.35.163 - - [01/Aug/2016:14:44:36 -0300] "GET /cormun/servlet/solicitudotadjuntos?9f4661e50068d0f1d9172257eae70ca66c2cb1388bcc47d99d64a038188ce521,gx-no-cache=1470073507212 HTTP/1.1" 200 30
186.103.157.98 - - [01/Aug/2016:14:44:37 -0300] "GET /cormun/servlet/solicitudot?70e304682d5024cb3b15fcc14b2b0bce2251a4396646a73ee874530b81d62bb1ada6eacacf2f73a2e275d422a9a042020e2c0c7101dea5b73a13a1fef95a85bd8410c8e8536fa6e70da58a5dce13aab8521163a797ed468f98c3d117fca2beaa773468e77414cbf1707b37f5098d24b88bbbd47284fca073197cab6be7850b3c2ede6eeefb0ecc8f5996c2f12ffdd2c781c055a4999ad594f6e76d6f5a865cbc5061e7378ace38bc000139c27e99e7ce,gx-no-cache=1470073508894 HTTP/1.1" 200 30
186.78.35.163 - - [01/Aug/2016:14:44:37 -0300] "POST /cormun/servlet/solicitudotadjuntos?91e1b8a0a69482a4c319909366511630,INS,2016,2376,,1, HTTP/1.1" 200 116
186.78.35.163 - - [01/Aug/2016:14:44:37 -0300] "GET /cormun/servlet/hpexe_return? HTTP/1.1" 200 1029
186.78.35.163 - - [01/Aug/2016:14:44:38 -0300] "GET /cormun/servlet/trsolicitudadjuntos?2016,2376, HTTP/1.1" 200 8217
186.78.35.163 - - [01/Aug/2016:14:44:39 -0300] "GET /cormun/servlet/trsolicitudadjuntos?2016,2376, HTTP/1.1" 200 8218
186.103.157.98 - - [01/Aug/2016:14:45:15 -0300] "GET /cormun/servlet/solicitudot?70e304682d5024cb3b15fcc14b2b0bce2251a4396646a73ee874530b81d62bb1ada6eacacf2f73a2e275d422a9a042020e2c0c7101dea5b73a13a1fef95a85bd8410c8e8536fa6e70da58a5dce13aab8521163a797ed468f98c3d117fca2beaa773468e77414cbf1707b37f5098d24b88bbbd47284fca073197cab6be7850b3c2ede6eeefb0ecc8f5996c2f12ffdd2c781c055a4999ad594f6e76d6f5a865cbc5061e7378ace38bc000139c27e99e7ce,gx-no-cache=1470073546967 HTTP/1.1" 200 30
186.103.157.98 - - [01/Aug/2016:14:45:16 -0300] "POST /cormun/servlet/solicitudot?a97814f41999e769023e92964c32614c,INS,0,0,,gx-no-cache=1470073547051 HTTP/1.1" 200 93
186.103.157.98 - - [01/Aug/2016:14:45:16 -0300] "GET /cormun/servlet/hpexe_return? HTTP/1.1" 200 1007
186.103.157.98 - - [01/Aug/2016:14:45:16 -0300] "GET /cormun/servlet/trsolicitudot HTTP/1.1" 200 7828
186.103.157.98 - - [01/Aug/2016:14:45:16 -0300] "GET /cormun//static/Resources/PXToolsActionView.png HTTP/1.1" 304 -
186.103.157.98 - - [01/Aug/2016:14:45:16 -0300] "GET /cormun//static/Resources/PXToolsGridUpdate.png HTTP/1.1" 304 -
186.103.157.98 - - [01/Aug/2016:14:45:16 -0300] "GET /cormun//static/Resources/PXToolsGridDelete.png HTTP/1.1" 304 -
186.103.157.98 - - [01/Aug/2016:14:45:16 -0300] "GET /cormun//static/Resources/PXToolsRemoveAllAction.png HTTP/1.1" 304 -
186.103.157.98 - - [01/Aug/2016:14:45:16 -0300] "GET /cormun/servlet/trsolicitudot HTTP/1.1" 200 7824
186.78.35.163 - - [01/Aug/2016:14:45:25 -0300] "GET /cormun/servlet/trsolicitudot? HTTP/1.1" 200 8095
186.78.35.163 - - [01/Aug/2016:14:45:26 -0300] "GET /cormun/servlet/trsolicitudot? HTTP/1.1" 200 8089
186.103.157.98 - - [01/Aug/2016:14:45:29 -0300] "POST /cormun/servlet/trsolicitudot?a97814f41999e769023e92964c32614c,gx-no-cache=1470073560532 HTTP/1.1" 200 106
186.103.157.98 - - [01/Aug/2016:14:45:29 -0300] "GET /cormun/servlet/trsolicitudadjuntos?2016,2377, HTTP/1.1" 200 5627
186.103.157.98 - - [01/Aug/2016:14:45:30 -0300] "GET /cormun/servlet/trsolicitudadjuntos?2016,2377, HTTP/1.1" 200 5627
186.78.35.163 - - [01/Aug/2016:14:45:34 -0300] "POST /cormun/servlet/trsolicitudot?91e1b8a0a69482a4c319909366511630,,gx-no-cache=1470073565085 HTTP/1.1" 200 5136
186.78.35.163 - - [01/Aug/2016:14:45:34 -0300] "POST /cormun/servlet/trsolicitudot?91e1b8a0a69482a4c319909366511630,,gx-no-cache=1470073565552 HTTP/1.1" 200 5078
186.103.157.98 - - [01/Aug/2016:14:45:39 -0300] "GET /cormun/servlet/solicitudotadjuntos?INS,2016,2377,,2, HTTP/1.1" 200 5725
186.103.157.98 - - [01/Aug/2016:14:45:40 -0300] "GET /cormun/static/about:blank HTTP/1.1" 404 1011
186.103.157.98 - - [01/Aug/2016:14:45:40 -0300] "GET /cormun/servlet/solicitudotadjuntos?INS,2016,2377,,2, HTTP/1.1" 200 5719
186.103.157.98 - - [01/Aug/2016:14:45:40 -0300] "GET /cormun/servlet/solicitudotadjuntos?70e304682d5024cb3b15fcc14b2b0bce34846bb9729600f11daa59063bda5b070303c9cdbc5908b3f5b6fc96da0a877c,gx-no-cache=1470073571835 HTTP/1.1" 200 30
186.103.157.98 - - [01/Aug/2016:14:45:40 -0300] "POST /cormun/servlet/solicitudotadjuntos?a97814f41999e769023e92964c32614c,INS,2016,2377,,2,,gx-no-cache=1470073571928 HTTP/1.1" 200 3760
186.78.35.163 - - [01/Aug/2016:14:45:42 -0300] "POST /cormun/servlet/trsolicitudot?91e1b8a0a69482a4c319909366511630,,gx-no-cache=1470073573346 HTTP/1.1" 200 107
186.78.35.163 - - [01/Aug/2016:14:45:42 -0300] "GET /cormun/servlet/trsolicitudadjuntos?2016,2375, HTTP/1.1" 200 5558
186.78.35.163 - - [01/Aug/2016:14:45:43 -0300] "GET /cormun/servlet/trsolicitudadjuntos?2016,2375, HTTP/1.1" 200 5559
186.78.35.163 - - [01/Aug/2016:14:45:47 -0300] "GET /cormun/servlet/solicitudotadjuntos?INS,2016,2375,,1, HTTP/1.1" 200 5654
186.78.35.163 - - [01/Aug/2016:14:45:47 -0300] "GET /cormun/static/about:blank HTTP/1.1" 404 1011
186.103.157.98 - - [01/Aug/2016:14:45:47 -0300] "POST /cormun/servlet/solicitudotadjuntos?gx-no-cache=1470073578627 HTTP/1.1" 200 26
186.78.35.163 - - [01/Aug/2016:14:45:47 -0300] "GET /cormun/servlet/solicitudotadjuntos?INS,2016,2375,,1, HTTP/1.1" 200 5648
186.78.35.163 - - [01/Aug/2016:14:45:48 -0300] "GET /cormun/servlet/solicitudotadjuntos?9f4661e50068d0f1d9172257eae70ca697e3a3d0247949703ff1beb316c55cd640e6ba24954b910809604930bceffc1c,gx-no-cache=1470073579128 HTTP/1.1" 200 30
186.78.35.163 - - [01/Aug/2016:14:45:48 -0300] "POST /cormun/servlet/solicitudotadjuntos?91e1b8a0a69482a4c319909366511630,INS,2016,2375,,1,,gx-no-cache=1470073579240 HTTP/1.1" 200 3486
186.78.35.163 - - [01/Aug/2016:14:45:51 -0300] "POST /cormun/servlet/solicitudotadjuntos?gx-no-cache=1470073582509 HTTP/1.1" 200 26
186.103.157.98 - - [01/Aug/2016:14:45:56 -0300] "GET /cormun/servlet/solicitudotadjuntos?70e304682d5024cb3b15fcc14b2b0bce309a98e9a056c43ac1c966bedda30f7a,gx-no-cache=1470073587520 HTTP/1.1" 200 30
186.103.157.98 - - [01/Aug/2016:14:45:56 -0300] "GET /cormun/servlet/solicitudotadjuntos?70e304682d5024cb3b15fcc14b2b0bce309a98e9a056c43ac1c966bedda30f7a,gx-no-cache=1470073587564 HTTP/1.1" 200 30
186.103.157.98 - - [01/Aug/2016:14:45:56 -0300] "POST /cormun/servlet/solicitudotadjuntos?a97814f41999e769023e92964c32614c,INS,2016,2377,,2, HTTP/1.1" 200 116
186.103.157.98 - - [01/Aug/2016:14:45:56 -0300] "GET /cormun/servlet/hpexe_return? HTTP/1.1" 200 1026
186.103.157.98 - - [01/Aug/2016:14:45:56 -0300] "GET /cormun/servlet/trsolicitudadjuntos?2016,2377, HTTP/1.1" 200 7519
186.103.157.98 - - [01/Aug/2016:14:45:57 -0300] "GET /cormun/servlet/trsolicitudadjuntos?2016,2377, HTTP/1.1" 200 7515
186.103.157.98 - - [01/Aug/2016:14:46:01 -0300] "GET /cormun/servlet/solicitudotadjuntos?INS,2016,2377,,2, HTTP/1.1" 200 5724
186.103.157.98 - - [01/Aug/2016:14:46:02 -0300] "GET /cormun/static/about:blank HTTP/1.1" 404 1011
186.103.157.98 - - [01/Aug/2016:14:46:02 -0300] "GET /cormun/servlet/solicitudotadjuntos?INS,2016,2377,,2, HTTP/1.1" 200 5718
186.103.157.98 - - [01/Aug/2016:14:46:02 -0300] "GET /cormun/servlet/solicitudotadjuntos?70e304682d5024cb3b15fcc14b2b0bce34846bb9729600f11daa59063bda5b070303c9cdbc5908b3f5b6fc96da0a877c,gx-no-cache=1470073593799 HTTP/1.1" 200 30
186.103.157.98 - - [01/Aug/2016:14:46:02 -0300] "POST /cormun/servlet/solicitudotadjuntos?a97814f41999e769023e92964c32614c,INS,2016,2377,,2,,gx-no-cache=1470073593850 HTTP/1.1" 200 3760
186.78.35.163 - - [01/Aug/2016:14:46:11 -0300] "GET /cormun/servlet/solicitudotadjuntos?9f4661e50068d0f1d9172257eae70ca66c2cb1388bcc47d99d64a038188ce521,gx-no-cache=1470073602512 HTTP/1.1" 200 30
186.78.35.163 - - [01/Aug/2016:14:46:11 -0300] "GET /cormun/servlet/solicitudotadjuntos?9f4661e50068d0f1d9172257eae70ca66c2cb1388bcc47d99d64a038188ce521,gx-no-cache=1470073602602 HTTP/1.1" 200 30
186.103.157.98 - - [01/Aug/2016:14:46:19 -0300] "GET /cormun/servlet/trsolicitudadjuntos?2016,2377, HTTP/1.1" 200 7519
186.103.157.98 - - [01/Aug/2016:14:46:19 -0300] "GET /cormun/servlet/trsolicitudadjuntos?2016,2377, HTTP/1.1" 200 7516
186.78.35.163 - - [01/Aug/2016:14:46:20 -0300] "POST /cormun/servlet/solicitudotadjuntos?91e1b8a0a69482a4c319909366511630,INS,2016,2375,,1, HTTP/1.1" 200 116
186.78.35.163 - - [01/Aug/2016:14:46:20 -0300] "GET /cormun/servlet/hpexe_return? HTTP/1.1" 200 1029
186.78.35.163 - - [01/Aug/2016:14:46:21 -0300] "GET /cormun/servlet/trsolicitudadjuntos?2016,2375, HTTP/1.1" 200 7467
186.78.35.163 - - [01/Aug/2016:14:46:21 -0300] "GET /cormun/servlet/trsolicitudadjuntos?2016,2375, HTTP/1.1" 200 7464
186.103.157.98 - - [01/Aug/2016:14:46:22 -0300] "GET /cormun/servlet/solicitudotadjuntos?INS,2016,2377,,1, HTTP/1.1" 200 5724
186.103.157.98 - - [01/Aug/2016:14:46:23 -0300] "GET /cormun/static/about:blank HTTP/1.1" 404 1011
186.103.157.98 - - [01/Aug/2016:14:46:23 -0300] "GET /cormun/servlet/solicitudotadjuntos?INS,2016,2377,,1, HTTP/1.1" 200 5718
186.103.157.98 - - [01/Aug/2016:14:46:23 -0300] "GET /cormun/servlet/solicitudotadjuntos?70e304682d5024cb3b15fcc14b2b0bce34846bb9729600f11daa59063bda5b070303c9cdbc5908b3f5b6fc96da0a877c,gx-no-cache=1470073614934 HTTP/1.1" 200 30
186.103.157.98 - - [01/Aug/2016:14:46:24 -0300] "POST /cormun/servlet/solicitudotadjuntos?a97814f41999e769023e92964c32614c,INS,2016,2377,,1,,gx-no-cache=1470073614996 HTTP/1.1" 200 3546
186.78.35.163 - - [01/Aug/2016:14:46:25 -0300] "GET /cormun/servlet/solicitudotadjuntos?INS,2016,2375,,1, HTTP/1.1" 200 5653
186.78.35.163 - - [01/Aug/2016:14:46:25 -0300] "GET /cormun/static/about:blank HTTP/1.1" 404 1011
186.78.35.163 - - [01/Aug/2016:14:46:26 -0300] "GET /cormun/servlet/solicitudotadjuntos?INS,2016,2375,,1, HTTP/1.1" 200 5647
186.78.35.163 - - [01/Aug/2016:14:46:26 -0300] "GET /cormun/servlet/solicitudotadjuntos?9f4661e50068d0f1d9172257eae70ca697e3a3d0247949703ff1beb316c55cd640e6ba24954b910809604930bceffc1c,gx-no-cache=1470073617786 HTTP/1.1" 200 30
186.103.157.98 - - [01/Aug/2016:14:46:26 -0300] "POST /cormun/servlet/solicitudotadjuntos?gx-no-cache=1470073618021 HTTP/1.1" 200 26
186.78.35.163 - - [01/Aug/2016:14:46:26 -0300] "POST /cormun/servlet/solicitudotadjuntos?91e1b8a0a69482a4c319909366511630,INS,2016,2375,,1,,gx-no-cache=1470073617874 HTTP/1.1" 200 3486
186.78.35.163 - - [01/Aug/2016:14:46:29 -0300] "POST /cormun/servlet/solicitudotadjuntos?gx-no-cache=1470073620040 HTTP/1.1" 200 26
186.78.35.163 - - [01/Aug/2016:14:46:35 -0300] "GET /cormun/servlet/solicitudotadjuntos?9f4661e50068d0f1d9172257eae70ca66c2cb1388bcc47d99d64a038188ce521,gx-no-cache=1470073626527 HTTP/1.1" 200 30
186.78.35.163 - - [01/Aug/2016:14:46:35 -0300] "GET /cormun/servlet/solicitudotadjuntos?9f4661e50068d0f1d9172257eae70ca66c2cb1388bcc47d99d64a038188ce521,gx-no-cache=1470073626624 HTTP/1.1" 200 30
186.78.35.163 - - [01/Aug/2016:14:46:48 -0300] "POST /cormun/servlet/solicitudotadjuntos?91e1b8a0a69482a4c319909366511630,INS,2016,2375,,1, HTTP/1.1" 200 116
186.78.35.163 - - [01/Aug/2016:14:46:49 -0300] "GET /cormun/servlet/hpexe_return? HTTP/1.1" 200 1029
186.78.35.163 - - [01/Aug/2016:14:46:49 -0300] "GET /cormun/servlet/trsolicitudadjuntos?2016,2375, HTTP/1.1" 200 7682
186.103.157.98 - - [01/Aug/2016:14:46:49 -0300] "GET /cormun/servlet/solicitudotadjuntos?70e304682d5024cb3b15fcc14b2b0bce309a98e9a056c43ac1c966bedda30f7a,gx-no-cache=1470073640613 HTTP/1.1" 200 30
186.103.157.98 - - [01/Aug/2016:14:46:49 -0300] "GET /cormun/servlet/solicitudotadjuntos?70e304682d5024cb3b15fcc14b2b0bce309a98e9a056c43ac1c966bedda30f7a,gx-no-cache=1470073640660 HTTP/1.1" 200 30
186.78.35.163 - - [01/Aug/2016:14:46:49 -0300] "GET /cormun/servlet/trsolicitudadjuntos?2016,2375, HTTP/1.1" 200 7680
186.103.157.98 - - [01/Aug/2016:14:46:50 -0300] "POST /cormun/servlet/solicitudotadjuntos?a97814f41999e769023e92964c32614c,INS,2016,2377,,1, HTTP/1.1" 200 116
186.103.157.98 - - [01/Aug/2016:14:46:50 -0300] "GET /cormun/servlet/hpexe_return? HTTP/1.1" 200 1026
186.103.157.98 - - [01/Aug/2016:14:46:50 -0300] "GET /cormun/servlet/trsolicitudadjuntos?2016,2377, HTTP/1.1" 200 7716
186.103.157.98 - - [01/Aug/2016:14:46:51 -0300] "GET /cormun/servlet/trsolicitudadjuntos?2016,2377, HTTP/1.1" 200 7713
186.78.35.163 - - [01/Aug/2016:14:46:51 -0300] "GET /cormun/servlet/solicitudotadjuntos?INS,2016,2375,,1, HTTP/1.1" 200 5653
186.78.35.163 - - [01/Aug/2016:14:46:52 -0300] "GET /cormun/static/about:blank HTTP/1.1" 404 1011
186.78.35.163 - - [01/Aug/2016:14:46:52 -0300] "GET /cormun/servlet/solicitudotadjuntos?INS,2016,2375,,1, HTTP/1.1" 200 5647
186.78.35.163 - - [01/Aug/2016:14:46:52 -0300] "GET /cormun/servlet/solicitudotadjuntos?9f4661e50068d0f1d9172257eae70ca697e3a3d0247949703ff1beb316c55cd640e6ba24954b910809604930bceffc1c,gx-no-cache=1470073643926 HTTP/1.1" 200 30
186.78.35.163 - - [01/Aug/2016:14:46:53 -0300] "POST /cormun/servlet/solicitudotadjuntos?91e1b8a0a69482a4c319909366511630,INS,2016,2375,,1,,gx-no-cache=1470073644018 HTTP/1.1" 200 3485
186.103.157.98 - - [01/Aug/2016:14:46:55 -0300] "GET /cormun/servlet/solicitudotadjuntos?INS,2016,2377,,1, HTTP/1.1" 200 5724
186.103.157.98 - - [01/Aug/2016:14:46:55 -0300] "GET /cormun/static/about:blank HTTP/1.1" 404 1011
186.103.157.98 - - [01/Aug/2016:14:46:55 -0300] "GET /cormun/servlet/solicitudotadjuntos?INS,2016,2377,,1, HTTP/1.1" 200 5718
186.103.157.98 - - [01/Aug/2016:14:46:56 -0300] "GET /cormun/servlet/solicitudotadjuntos?70e304682d5024cb3b15fcc14b2b0bce34846bb9729600f11daa59063bda5b070303c9cdbc5908b3f5b6fc96da0a877c,gx-no-cache=1470073647133 HTTP/1.1" 200 30
186.103.157.98 - - [01/Aug/2016:14:46:56 -0300] "POST /cormun/servlet/solicitudotadjuntos?a97814f41999e769023e92964c32614c,INS,2016,2377,,1,,gx-no-cache=1470073647166 HTTP/1.1" 200 3546
186.78.35.163 - - [01/Aug/2016:14:46:57 -0300] "POST /cormun/servlet/solicitudotadjuntos?gx-no-cache=1470073648230 HTTP/1.1" 200 26
186.103.157.98 - - [01/Aug/2016:14:47:01 -0300] "POST /cormun/servlet/solicitudotadjuntos?gx-no-cache=1470073652294 HTTP/1.1" 200 26
