186.103.159.182 - - [01/Aug/2016:16:58:36 -0300] "GET /cormun/servlet/solicitudotadjuntos?INS,2016,2382,,1, HTTP/1.1" 200 5699
186.103.159.182 - - [01/Aug/2016:16:58:37 -0300] "GET /cormun/servlet/solicitudotadjuntos?e952fb413747af54c04605cb0e2ba9c923300daff9bc1c14f443427f488f9c4ad66ad49f394659a4224af8972825941c,gx-no-cache=1470081549655 HTTP/1.1" 200 30
186.103.159.182 - - [01/Aug/2016:16:58:37 -0300] "POST /cormun/servlet/solicitudotadjuntos?99a62c97acf5542dd29bf03a6654b1cf,INS,2016,2382,,1,,gx-no-cache=1470081549738 HTTP/1.1" 200 3536
186.103.159.182 - - [01/Aug/2016:16:58:39 -0300] "POST /cormun/servlet/solicitudotadjuntos?gx-no-cache=1470081551770 HTTP/1.1" 200 26
186.79.240.67 - - [01/Aug/2016:16:58:41 -0300] "POST /cormun/servlet/solicitudot?gx-no-cache=1469991548551 HTTP/1.1" 200 480
186.79.240.67 - - [01/Aug/2016:16:58:41 -0300] "GET /cormun/servlet/solicitudot?190bde6cbd7f981e3aac2bfa9990a7cb1f19565c486050c5c961ea7d5279967114fbd0fb300874d216d01724f1971e294fea229a620290b165faab24304d22b23d0dfc6d8b11a105fdbeee33e4889f6e1748572e7d0f6d30f9c2eb93c27f8ba14f424e682b957ec3a87a8bc9327e1d8f464ac272029de1965a7d96f3fb53323e3eb5e861e50439253e0350acac533de6,gx-no-cache=1469991548809 HTTP/1.1" 200 38
186.79.240.67 - - [01/Aug/2016:16:59:11 -0300] "GET /cormun/servlet/solicitudot?190bde6cbd7f981e3aac2bfa9990a7cb8ff657bf6b2fb9f06e3c3671d15b12b916d011ea5bb4c894fba46ccc92786609d6c5510e24a4e8b3caca2ea4ebaca877a27927f5c938856e9feffb168d0066ee463d8ec3a1fa0989e04e73b0906050d3eddcdd84a282991b74aade2e546eb188b8cb840a4e002d2726f332104150974e24d86b12c1bd335316dad4af2959e5de119dffdf2355e86b1ac00d628d9335d0,gx-no-cache=1469991578130 HTTP/1.1" 200 29
186.79.240.67 - - [01/Aug/2016:16:59:13 -0300] "POST /cormun/servlet/solicitudot?gx-no-cache=1469991580305 HTTP/1.1" 200 1144
186.103.159.182 - - [01/Aug/2016:17:00:40 -0300] "GET /cormun/servlet/solicitudotadjuntos?e952fb413747af54c04605cb0e2ba9c93b6140d34a749fe0cabe3e5217f5f5f0,gx-no-cache=1470081672732 HTTP/1.1" 200 30
186.103.159.182 - - [01/Aug/2016:17:00:40 -0300] "GET /cormun/servlet/solicitudotadjuntos?e952fb413747af54c04605cb0e2ba9c93b6140d34a749fe0cabe3e5217f5f5f0,gx-no-cache=1470081672784 HTTP/1.1" 200 30
186.103.159.182 - - [01/Aug/2016:17:00:41 -0300] "POST /cormun/servlet/solicitudotadjuntos?99a62c97acf5542dd29bf03a6654b1cf,INS,2016,2382,,1, HTTP/1.1" 200 116
186.103.159.182 - - [01/Aug/2016:17:00:41 -0300] "GET /cormun/servlet/hpexe_return? HTTP/1.1" 200 1022
186.103.159.182 - - [01/Aug/2016:17:00:42 -0300] "GET /cormun/servlet/trsolicitudadjuntos?2016,2382, HTTP/1.1" 200 7487
186.103.159.182 - - [01/Aug/2016:17:00:46 -0300] "GET /cormun/servlet/trsolicitudadjuntos?2016,2382, HTTP/1.1" 200 7484
186.103.159.182 - - [01/Aug/2016:17:00:51 -0300] "GET /cormun/servlet/solicitudotadjuntos?INS,2016,2382,,1, HTTP/1.1" 200 5705
186.103.159.182 - - [01/Aug/2016:17:00:51 -0300] "GET /cormun/servlet/solicitudotadjuntos?INS,2016,2382,,1, HTTP/1.1" 200 5705
186.103.159.182 - - [01/Aug/2016:17:00:52 -0300] "GET /cormun/static/about:blank HTTP/1.1" 404 1011
186.103.159.182 - - [01/Aug/2016:17:00:54 -0300] "GET /cormun/servlet/solicitudotadjuntos?INS,2016,2382,,1, HTTP/1.1" 200 5699
186.103.159.182 - - [01/Aug/2016:17:00:55 -0300] "GET /cormun/servlet/solicitudotadjuntos?e952fb413747af54c04605cb0e2ba9c923300daff9bc1c14f443427f488f9c4ad66ad49f394659a4224af8972825941c,gx-no-cache=1470081687902 HTTP/1.1" 200 30
186.103.159.182 - - [01/Aug/2016:17:00:55 -0300] "POST /cormun/servlet/solicitudotadjuntos?99a62c97acf5542dd29bf03a6654b1cf,INS,2016,2382,,1,,gx-no-cache=1470081687989 HTTP/1.1" 200 3535
186.103.159.182 - - [01/Aug/2016:17:00:57 -0300] "POST /cormun/servlet/solicitudotadjuntos?gx-no-cache=1470081690393 HTTP/1.1" 200 26
186.103.159.182 - - [01/Aug/2016:17:01:11 -0300] "GET /cormun/servlet/solicitudotadjuntos?e952fb413747af54c04605cb0e2ba9c93b6140d34a749fe0cabe3e5217f5f5f0,gx-no-cache=1470081703830 HTTP/1.1" 200 30
186.103.159.182 - - [01/Aug/2016:17:01:11 -0300] "GET /cormun/servlet/solicitudotadjuntos?e952fb413747af54c04605cb0e2ba9c93b6140d34a749fe0cabe3e5217f5f5f0,gx-no-cache=1470081703858 HTTP/1.1" 200 30
186.103.159.182 - - [01/Aug/2016:17:01:14 -0300] "POST /cormun/servlet/solicitudotadjuntos?99a62c97acf5542dd29bf03a6654b1cf,INS,2016,2382,,1, HTTP/1.1" 200 116
186.103.159.182 - - [01/Aug/2016:17:01:14 -0300] "GET /cormun/servlet/hpexe_return? HTTP/1.1" 200 1022
186.103.159.182 - - [01/Aug/2016:17:01:15 -0300] "GET /cormun/servlet/trsolicitudadjuntos?2016,2382, HTTP/1.1" 200 7659
186.103.159.182 - - [01/Aug/2016:17:01:17 -0300] "GET /cormun/servlet/trsolicitudadjuntos?2016,2382, HTTP/1.1" 200 7658
186.103.159.182 - - [01/Aug/2016:17:01:27 -0300] "GET /cormun/servlet/solicitudotadjuntos?INS,2016,2382,,1, HTTP/1.1" 200 5705
186.103.159.182 - - [01/Aug/2016:17:01:28 -0300] "GET /cormun/static/about:blank HTTP/1.1" 404 1011
186.103.159.182 - - [01/Aug/2016:17:01:29 -0300] "GET /cormun/servlet/solicitudotadjuntos?INS,2016,2382,,1, HTTP/1.1" 200 5699
186.103.159.182 - - [01/Aug/2016:17:01:30 -0300] "GET /cormun/servlet/solicitudotadjuntos?e952fb413747af54c04605cb0e2ba9c923300daff9bc1c14f443427f488f9c4ad66ad49f394659a4224af8972825941c,gx-no-cache=1470081722672 HTTP/1.1" 200 30
186.103.159.182 - - [01/Aug/2016:17:01:30 -0300] "POST /cormun/servlet/solicitudotadjuntos?99a62c97acf5542dd29bf03a6654b1cf,INS,2016,2382,,1,,gx-no-cache=1470081722748 HTTP/1.1" 200 3535
186.103.159.182 - - [01/Aug/2016:17:01:38 -0300] "POST /cormun/servlet/solicitudotadjuntos?gx-no-cache=1470081731191 HTTP/1.1" 200 26
186.103.159.182 - - [01/Aug/2016:17:02:00 -0300] "GET /cormun/servlet/solicitudotadjuntos?e952fb413747af54c04605cb0e2ba9c93b6140d34a749fe0cabe3e5217f5f5f0,gx-no-cache=1470081752646 HTTP/1.1" 200 30
186.103.159.182 - - [01/Aug/2016:17:02:00 -0300] "GET /cormun/servlet/solicitudotadjuntos?e952fb413747af54c04605cb0e2ba9c93b6140d34a749fe0cabe3e5217f5f5f0,gx-no-cache=1470081752691 HTTP/1.1" 200 30
186.103.159.182 - - [01/Aug/2016:17:02:02 -0300] "POST /cormun/servlet/solicitudotadjuntos?99a62c97acf5542dd29bf03a6654b1cf,INS,2016,2382,,1, HTTP/1.1" 200 116
186.103.159.182 - - [01/Aug/2016:17:02:02 -0300] "GET /cormun/servlet/hpexe_return? HTTP/1.1" 200 1022
186.103.159.182 - - [01/Aug/2016:17:02:03 -0300] "GET /cormun/servlet/trsolicitudadjuntos?2016,2382, HTTP/1.1" 200 7798
186.103.159.182 - - [01/Aug/2016:17:02:06 -0300] "GET /cormun/servlet/trsolicitudadjuntos?2016,2382, HTTP/1.1" 200 7797
186.103.159.182 - - [01/Aug/2016:17:02:12 -0300] "GET /cormun/servlet/solicitudotadjuntos?INS,2016,2382,,1, HTTP/1.1" 200 5705
186.103.159.182 - - [01/Aug/2016:17:02:13 -0300] "GET /cormun/static/about:blank HTTP/1.1" 404 1011
186.103.159.182 - - [01/Aug/2016:17:02:14 -0300] "GET /cormun/servlet/solicitudotadjuntos?INS,2016,2382,,1, HTTP/1.1" 200 5699
186.103.159.182 - - [01/Aug/2016:17:02:15 -0300] "GET /cormun/servlet/solicitudotadjuntos?e952fb413747af54c04605cb0e2ba9c923300daff9bc1c14f443427f488f9c4ad66ad49f394659a4224af8972825941c,gx-no-cache=1470081767703 HTTP/1.1" 200 30
186.103.159.182 - - [01/Aug/2016:17:02:15 -0300] "POST /cormun/servlet/solicitudotadjuntos?99a62c97acf5542dd29bf03a6654b1cf,INS,2016,2382,,1,,gx-no-cache=1470081767764 HTTP/1.1" 200 3536
186.103.159.182 - - [01/Aug/2016:17:02:19 -0300] "POST /cormun/servlet/solicitudotadjuntos?gx-no-cache=1470081771722 HTTP/1.1" 200 26
186.79.240.67 - - [01/Aug/2016:17:03:34 -0300] "POST /cormun/servlet/solicitudot?gx-no-cache=1469991838578 HTTP/1.1" 200 122
186.79.240.67 - - [01/Aug/2016:17:03:46 -0300] "POST /cormun/servlet/solicitudot?gx-no-cache=1469991853443 HTTP/1.1" 200 30
186.79.240.67 - - [01/Aug/2016:17:04:07 -0300] "POST /cormun/servlet/solicitudot?gx-no-cache=1469991874202 HTTP/1.1" 200 122
186.103.159.182 - - [01/Aug/2016:17:04:09 -0300] "GET /cormun/servlet/solicitudotadjuntos?e952fb413747af54c04605cb0e2ba9c93b6140d34a749fe0cabe3e5217f5f5f0,gx-no-cache=1470081882079 HTTP/1.1" 200 30
186.103.159.182 - - [01/Aug/2016:17:04:09 -0300] "GET /cormun/servlet/solicitudotadjuntos?e952fb413747af54c04605cb0e2ba9c93b6140d34a749fe0cabe3e5217f5f5f0,gx-no-cache=1470081882182 HTTP/1.1" 200 30
186.79.240.67 - - [01/Aug/2016:17:04:28 -0300] "POST /cormun/servlet/solicitudot?gx-no-cache=1469991894924 HTTP/1.1" 200 30
186.103.159.182 - - [01/Aug/2016:17:04:30 -0300] "POST /cormun/servlet/solicitudotadjuntos?99a62c97acf5542dd29bf03a6654b1cf,INS,2016,2382,,1, HTTP/1.1" 200 116
186.103.159.182 - - [01/Aug/2016:17:04:30 -0300] "GET /cormun/servlet/hpexe_return? HTTP/1.1" 200 1022
186.103.159.182 - - [01/Aug/2016:17:04:31 -0300] "GET /cormun/servlet/trsolicitudadjuntos?2016,2382, HTTP/1.1" 200 7917
186.79.240.67 - - [01/Aug/2016:17:04:33 -0300] "POST /cormun/servlet/solicitudot?gx-no-cache=1469991899956 HTTP/1.1" 200 30
186.103.159.182 - - [01/Aug/2016:17:04:35 -0300] "GET /cormun/servlet/trsolicitudadjuntos?2016,2382, HTTP/1.1" 200 7915
186.79.240.67 - - [01/Aug/2016:17:04:35 -0300] "GET /cormun/static/Shared/jquery/jquery-1.10.2.min.js HTTP/1.1" 200 131072
186.103.159.182 - - [01/Aug/2016:17:04:37 -0300] "GET /cormun/servlet/solicitudotadjuntos?INS,2016,2382,,1, HTTP/1.1" 200 5704
186.103.159.182 - - [01/Aug/2016:17:04:38 -0300] "GET /cormun/static/about:blank HTTP/1.1" 404 1011
186.79.240.67 - - [01/Aug/2016:17:04:38 -0300] "POST /cormun/servlet/solicitudot?gx-no-cache=1469991905739 HTTP/1.1" 200 122
186.103.159.182 - - [01/Aug/2016:17:04:40 -0300] "GET /cormun/servlet/solicitudotadjuntos?INS,2016,2382,,1, HTTP/1.1" 200 5698
186.103.159.182 - - [01/Aug/2016:17:04:41 -0300] "GET /cormun/servlet/solicitudotadjuntos?e952fb413747af54c04605cb0e2ba9c923300daff9bc1c14f443427f488f9c4ad66ad49f394659a4224af8972825941c,gx-no-cache=1470081913373 HTTP/1.1" 200 30
186.103.159.182 - - [01/Aug/2016:17:04:41 -0300] "POST /cormun/servlet/solicitudotadjuntos?99a62c97acf5542dd29bf03a6654b1cf,INS,2016,2382,,1,,gx-no-cache=1470081913521 HTTP/1.1" 200 3535
186.79.240.67 - - [01/Aug/2016:17:04:52 -0300] "POST /cormun/servlet/solicitudot?gx-no-cache=1469991919026 HTTP/1.1" 200 30
186.103.159.182 - - [01/Aug/2016:17:04:57 -0300] "POST /cormun/servlet/solicitudotadjuntos?gx-no-cache=1470081929493 HTTP/1.1" 200 26
186.79.240.67 - - [01/Aug/2016:17:04:58 -0300] "POST /cormun/servlet/solicitudot?gx-no-cache=1469991925310 HTTP/1.1" 200 30
186.79.240.67 - - [01/Aug/2016:17:05:06 -0300] "POST /cormun/servlet/solicitudot?gx-no-cache=1469991933674 HTTP/1.1" 200 30
186.103.159.182 - - [01/Aug/2016:17:05:08 -0300] "GET /cormun/servlet/solicitudotadjuntos?e952fb413747af54c04605cb0e2ba9c93b6140d34a749fe0cabe3e5217f5f5f0,gx-no-cache=1470081940544 HTTP/1.1" 200 30
186.103.159.182 - - [01/Aug/2016:17:05:08 -0300] "GET /cormun/servlet/solicitudotadjuntos?e952fb413747af54c04605cb0e2ba9c93b6140d34a749fe0cabe3e5217f5f5f0,gx-no-cache=1470081940615 HTTP/1.1" 200 30
186.79.240.67 - - [01/Aug/2016:17:05:14 -0300] "POST /cormun/servlet/solicitudot?gx-no-cache=1469991941213 HTTP/1.1" 200 30
186.103.159.182 - - [01/Aug/2016:17:05:29 -0300] "POST /cormun/servlet/solicitudotadjuntos?99a62c97acf5542dd29bf03a6654b1cf,INS,2016,2382,,1, HTTP/1.1" 200 116
186.103.159.182 - - [01/Aug/2016:17:05:29 -0300] "GET /cormun/servlet/hpexe_return? HTTP/1.1" 200 1022
186.103.159.182 - - [01/Aug/2016:17:05:30 -0300] "GET /cormun/servlet/trsolicitudadjuntos?2016,2382, HTTP/1.1" 200 8044
186.103.159.182 - - [01/Aug/2016:17:05:33 -0300] "GET /cormun/servlet/trsolicitudadjuntos?2016,2382, HTTP/1.1" 200 8042
186.79.240.67 - - [01/Aug/2016:17:05:35 -0300] "POST /cormun/servlet/solicitudot?gx-no-cache=1469991962467 HTTP/1.1" 200 122
186.103.159.182 - - [01/Aug/2016:17:05:37 -0300] "GET /cormun/servlet/solicitudotadjuntos?INS,2016,2382,,1, HTTP/1.1" 200 5705
186.103.159.182 - - [01/Aug/2016:17:05:38 -0300] "GET /cormun/static/about:blank HTTP/1.1" 404 1011
186.103.159.182 - - [01/Aug/2016:17:05:40 -0300] "GET /cormun/servlet/solicitudotadjuntos?INS,2016,2382,,1, HTTP/1.1" 200 5699
186.103.159.182 - - [01/Aug/2016:17:05:40 -0300] "GET /cormun/servlet/solicitudotadjuntos?e952fb413747af54c04605cb0e2ba9c923300daff9bc1c14f443427f488f9c4ad66ad49f394659a4224af8972825941c,gx-no-cache=1470081973124 HTTP/1.1" 200 30
186.103.159.182 - - [01/Aug/2016:17:05:40 -0300] "POST /cormun/servlet/solicitudotadjuntos?99a62c97acf5542dd29bf03a6654b1cf,INS,2016,2382,,1,,gx-no-cache=1470081973184 HTTP/1.1" 200 3534
186.103.159.182 - - [01/Aug/2016:17:05:43 -0300] "POST /cormun/servlet/solicitudotadjuntos?gx-no-cache=1470081975878 HTTP/1.1" 200 26
186.103.159.182 - - [01/Aug/2016:17:05:51 -0300] "GET /cormun/servlet/solicitudotadjuntos?e952fb413747af54c04605cb0e2ba9c93b6140d34a749fe0cabe3e5217f5f5f0,gx-no-cache=1470081983887 HTTP/1.1" 200 30
186.103.159.182 - - [01/Aug/2016:17:05:51 -0300] "GET /cormun/servlet/solicitudotadjuntos?e952fb413747af54c04605cb0e2ba9c93b6140d34a749fe0cabe3e5217f5f5f0,gx-no-cache=1470081983916 HTTP/1.1" 200 30
186.103.159.182 - - [01/Aug/2016:17:06:59 -0300] "POST /cormun/servlet/solicitudotadjuntos?99a62c97acf5542dd29bf03a6654b1cf,INS,2016,2382,,1, HTTP/1.1" 200 6133
186.103.159.182 - - [01/Aug/2016:17:07:19 -0300] "POST /cormun/servlet/solicitudotadjuntos?gx-no-cache=1470082061886 HTTP/1.1" 200 26
186.103.159.182 - - [01/Aug/2016:17:07:20 -0300] "POST /cormun/servlet/solicitudotadjuntos?99a62c97acf5542dd29bf03a6654b1cf,INS,2016,2382,,1,,gx-no-cache=1470082071975 HTTP/1.1" 200 90
186.103.159.182 - - [01/Aug/2016:17:07:20 -0300] "GET /cormun/servlet/hpexe_link HTTP/1.1" 200 974
186.103.159.182 - - [01/Aug/2016:17:07:21 -0300] "GET /cormun/servlet/trsolicitudadjuntos?2016,2382, HTTP/1.1" 200 8043
186.103.159.182 - - [01/Aug/2016:17:07:25 -0300] "GET /cormun/servlet/trsolicitudadjuntos?2016,2382, HTTP/1.1" 200 8041
186.79.240.67 - - [01/Aug/2016:17:07:29 -0300] "GET /cormun/servlet/hlogin HTTP/1.1" 200 1727
186.79.240.67 - - [01/Aug/2016:17:07:32 -0300] "POST /cormun/servlet/hlogin?8856d0775706ca655e7b8f1d89fee52a,gx-no-cache=1469992079649 HTTP/1.1" 200 90
186.79.240.67 - - [01/Aug/2016:17:07:32 -0300] "GET /cormun/servlet/hpexe_link HTTP/1.1" 200 954
186.79.240.67 - - [01/Aug/2016:17:07:33 -0300] "GET /cormun/servlet/hhome HTTP/1.1" 200 3607
186.103.159.182 - - [01/Aug/2016:17:07:33 -0300] "GET /cormun/servlet/solicitudotadjuntos?INS,2016,2382,,1, HTTP/1.1" 200 5704
186.79.240.67 - - [01/Aug/2016:17:07:34 -0300] "GET /cormun/servlet/hhome HTTP/1.1" 200 3604
186.103.159.182 - - [01/Aug/2016:17:07:34 -0300] "GET /cormun/static/about:blank HTTP/1.1" 404 1011
186.103.159.182 - - [01/Aug/2016:17:07:36 -0300] "GET /cormun/servlet/solicitudotadjuntos?INS,2016,2382,,1, HTTP/1.1" 200 5698
186.103.159.182 - - [01/Aug/2016:17:07:36 -0300] "GET /cormun/servlet/solicitudotadjuntos?e952fb413747af54c04605cb0e2ba9c923300daff9bc1c14f443427f488f9c4ad66ad49f394659a4224af8972825941c,gx-no-cache=1470082089278 HTTP/1.1" 200 30
186.103.159.182 - - [01/Aug/2016:17:07:37 -0300] "POST /cormun/servlet/solicitudotadjuntos?99a62c97acf5542dd29bf03a6654b1cf,INS,2016,2382,,1,,gx-no-cache=1470082089408 HTTP/1.1" 200 3535
186.79.240.67 - - [01/Aug/2016:17:07:38 -0300] "GET /cormun/servlet/trsolicitudot? HTTP/1.1" 200 6535
186.79.240.67 - - [01/Aug/2016:17:07:39 -0300] "GET /cormun/servlet/trsolicitudot? HTTP/1.1" 200 6534
186.103.159.182 - - [01/Aug/2016:17:07:39 -0300] "POST /cormun/servlet/solicitudotadjuntos?gx-no-cache=1470082091634 HTTP/1.1" 200 26
186.79.240.67 - - [01/Aug/2016:17:07:42 -0300] "GET /cormun/servlet/solicitudot?INS,0,0, HTTP/1.1" 200 11998
186.79.240.67 - - [01/Aug/2016:17:07:43 -0300] "GET /cormun/servlet/solicitudot?INS,0,0, HTTP/1.1" 200 12003
186.103.159.182 - - [01/Aug/2016:17:07:49 -0300] "GET /cormun/servlet/solicitudotadjuntos?e952fb413747af54c04605cb0e2ba9c93b6140d34a749fe0cabe3e5217f5f5f0,gx-no-cache=1470082102140 HTTP/1.1" 200 30
186.103.159.182 - - [01/Aug/2016:17:07:49 -0300] "GET /cormun/servlet/solicitudotadjuntos?e952fb413747af54c04605cb0e2ba9c93b6140d34a749fe0cabe3e5217f5f5f0,gx-no-cache=1470082102221 HTTP/1.1" 200 30
186.79.240.67 - - [01/Aug/2016:17:08:22 -0300] "POST /cormun/servlet/solicitudot?gx-no-cache=1469992128888 HTTP/1.1" 200 3001
186.79.240.67 - - [01/Aug/2016:17:08:22 -0300] "POST /cormun/servlet/solicitudot?8856d0775706ca655e7b8f1d89fee52a,INS,0,0,,gx-no-cache=1469992129418 HTTP/1.1" 200 8811
186.103.159.182 - - [01/Aug/2016:17:08:28 -0300] "POST /cormun/servlet/solicitudotadjuntos?99a62c97acf5542dd29bf03a6654b1cf,INS,2016,2382,,1, HTTP/1.1" 200 6133
186.79.240.67 - - [01/Aug/2016:17:08:29 -0300] "GET /cormun/servlet/solicitudot?7c3bc52df9ca8a622a72cf8cbd00d8141688338f681b8f860c0b0c31500e32bdbe7828f8eb780e05d4c6aad7a6f198ee,gx-no-cache=1469992136033 HTTP/1.1" 200 30
186.79.240.67 - - [01/Aug/2016:17:08:29 -0300] "POST /cormun/servlet/solicitudot?gx-no-cache=1469992136198 HTTP/1.1" 200 30
186.79.240.67 - - [01/Aug/2016:17:08:39 -0300] "POST /cormun/servlet/solicitudot?gx-no-cache=1469992145921 HTTP/1.1" 200 30
186.79.240.67 - - [01/Aug/2016:17:08:47 -0300] "POST /cormun/servlet/solicitudot?gx-no-cache=1469992153876 HTTP/1.1" 200 480
186.79.240.67 - - [01/Aug/2016:17:08:47 -0300] "GET /cormun/servlet/solicitudot?7c3bc52df9ca8a622a72cf8cbd00d814886b3e973a208fc389be8614e41bad14354c010abbaddef12f27ddc06053390511f0132afd1792fc2d75f160915563bf08da3fa590e48164180f5a2b0fdb1839aeace93ab7f1895f75d5d292173bbc77385e89ac7b103b06d42001ea58245ca1a08430ea4c9b1376a230a348dfb90296034b1d6aaab2408c0f33b5ca44e68eae,gx-no-cache=1469992154038 HTTP/1.1" 200 38
186.79.240.67 - - [01/Aug/2016:17:08:58 -0300] "GET /cormun/servlet/solicitudot?7c3bc52df9ca8a622a72cf8cbd00d8146f81cf17559eaf1a62f3502c2952a670b922d2db31d969bad051c10d316750e3e1cd4ab7433db8afe51f8b7d5bb30f1f0b6dd08d37a093d1895518db03ce4db161baca79af2700d06c5f36fb51053654aee1cece9337ae89a6327f3a31d34a4306a637394b77d1bbe4f6de30b60a04b3e16f894eed42b17c5a156d85495f30290aaedd553f4bc824631e713690d78147,gx-no-cache=1469992165631 HTTP/1.1" 200 29
186.79.240.67 - - [01/Aug/2016:17:09:00 -0300] "POST /cormun/servlet/solicitudot?gx-no-cache=1469992167746 HTTP/1.1" 200 1144
186.103.159.182 - - [01/Aug/2016:17:09:01 -0300] "GET /cormun/servlet/solicitudotadjuntos?INS,2016,2382,,1, HTTP/1.1" 200 5688
186.103.159.182 - - [01/Aug/2016:17:09:02 -0300] "GET /cormun/static/about:blank HTTP/1.1" 404 1011
186.103.159.182 - - [01/Aug/2016:17:09:04 -0300] "POST /cormun/servlet/solicitudotadjuntos?99a62c97acf5542dd29bf03a6654b1cf,INS,2016,2382,,1, HTTP/1.1" 200 6133
186.103.159.182 - - [01/Aug/2016:17:09:04 -0300] "GET /cormun/servlet/solicitudotadjuntos?INS,2016,2382,,1, HTTP/1.1" 200 5699
186.103.159.182 - - [01/Aug/2016:17:09:05 -0300] "GET /cormun/servlet/solicitudotadjuntos?e952fb413747af54c04605cb0e2ba9c923300daff9bc1c14f443427f488f9c4ad66ad49f394659a4224af8972825941c,gx-no-cache=1470082177568 HTTP/1.1" 200 30
186.103.159.182 - - [01/Aug/2016:17:09:05 -0300] "POST /cormun/servlet/solicitudotadjuntos?99a62c97acf5542dd29bf03a6654b1cf,INS,2016,2382,,1,,gx-no-cache=1470082177716 HTTP/1.1" 200 3511
186.103.159.182 - - [01/Aug/2016:17:09:08 -0300] "POST /cormun/servlet/solicitudotadjuntos?gx-no-cache=1470082180591 HTTP/1.1" 200 26
186.103.159.182 - - [01/Aug/2016:17:09:16 -0300] "GET /cormun/servlet/solicitudotadjuntos?e952fb413747af54c04605cb0e2ba9c93b6140d34a749fe0cabe3e5217f5f5f0,gx-no-cache=1470082189249 HTTP/1.1" 200 30
186.103.159.182 - - [01/Aug/2016:17:09:16 -0300] "GET /cormun/servlet/solicitudotadjuntos?e952fb413747af54c04605cb0e2ba9c93b6140d34a749fe0cabe3e5217f5f5f0,gx-no-cache=1470082189290 HTTP/1.1" 200 30
186.103.159.182 - - [01/Aug/2016:17:09:24 -0300] "POST /cormun/servlet/solicitudotadjuntos?99a62c97acf5542dd29bf03a6654b1cf,INS,2016,2382,,1, HTTP/1.1" 200 116
186.103.159.182 - - [01/Aug/2016:17:09:24 -0300] "GET /cormun/servlet/hpexe_return? HTTP/1.1" 200 1022
186.103.159.182 - - [01/Aug/2016:17:09:25 -0300] "GET /cormun/servlet/trsolicitudadjuntos?2016,2382, HTTP/1.1" 200 8231
186.103.159.182 - - [01/Aug/2016:17:09:29 -0300] "GET /cormun/servlet/trsolicitudadjuntos?2016,2382, HTTP/1.1" 200 8230
186.103.159.182 - - [01/Aug/2016:17:09:38 -0300] "POST /cormun/servlet/trsolicitudadjuntos?99a62c97acf5542dd29bf03a6654b1cf,2016,2382,,gx-no-cache=1470082210738 HTTP/1.1" 200 90
186.103.159.182 - - [01/Aug/2016:17:09:38 -0300] "GET /cormun/servlet/hpexe_link HTTP/1.1" 200 964
186.103.159.182 - - [01/Aug/2016:17:09:38 -0300] "GET /cormun/servlet/trsolicitudot HTTP/1.1" 200 7803
186.103.159.182 - - [01/Aug/2016:17:09:41 -0300] "GET /cormun/servlet/trsolicitudot HTTP/1.1" 200 7801
186.103.159.182 - - [01/Aug/2016:17:09:46 -0300] "POST /cormun/servlet/trsolicitudot?99a62c97acf5542dd29bf03a6654b1cf,gx-no-cache=1470082218577 HTTP/1.1" 200 3953
186.103.159.182 - - [01/Aug/2016:17:09:47 -0300] "POST /cormun/servlet/trsolicitudot?99a62c97acf5542dd29bf03a6654b1cf,gx-no-cache=1470082219002 HTTP/1.1" 200 3806
186.103.159.182 - - [01/Aug/2016:17:09:52 -0300] "GET /cormun/servlet/trautorizarsolicitud? HTTP/1.1" 200 7732
186.103.159.182 - - [01/Aug/2016:17:09:54 -0300] "GET /cormun/servlet/trautorizarsolicitud? HTTP/1.1" 200 7732
186.103.159.182 - - [01/Aug/2016:17:10:00 -0300] "POST /cormun/servlet/trautorizarsolicitud?99a62c97acf5542dd29bf03a6654b1cf,,gx-no-cache=1470082232024 HTTP/1.1" 200 3930
186.103.159.182 - - [01/Aug/2016:17:10:00 -0300] "POST /cormun/servlet/trautorizarsolicitud?99a62c97acf5542dd29bf03a6654b1cf,,gx-no-cache=1470082232662 HTTP/1.1" 200 3787
186.103.159.182 - - [01/Aug/2016:17:10:22 -0300] "GET /cormun/servlet/trsolicitudot? HTTP/1.1" 200 6587
186.103.159.182 - - [01/Aug/2016:17:10:24 -0300] "GET /cormun/servlet/trsolicitudot? HTTP/1.1" 200 6587
186.103.159.182 - - [01/Aug/2016:17:10:28 -0300] "GET /cormun/servlet/solicitudot?INS,0,0, HTTP/1.1" 200 12055
186.103.159.182 - - [01/Aug/2016:17:10:31 -0300] "GET /cormun/servlet/solicitudot?INS,0,0, HTTP/1.1" 200 12060
186.103.159.182 - - [01/Aug/2016:17:10:46 -0300] "POST /cormun/servlet/solicitudot?gx-no-cache=1470082278890 HTTP/1.1" 200 2971
186.103.159.182 - - [01/Aug/2016:17:10:46 -0300] "POST /cormun/servlet/solicitudot?99a62c97acf5542dd29bf03a6654b1cf,INS,0,0,,gx-no-cache=1470082279212 HTTP/1.1" 200 8819
186.103.159.182 - - [01/Aug/2016:17:10:57 -0300] "GET /cormun/servlet/solicitudot?e952fb413747af54c04605cb0e2ba9c9c09f352a18ee66d578b3c48abbef68029f994115281793a3ad3f22e0de921548,gx-no-cache=1470082289458 HTTP/1.1" 200 30
186.103.159.182 - - [01/Aug/2016:17:10:57 -0300] "POST /cormun/servlet/solicitudot?gx-no-cache=1470082289558 HTTP/1.1" 200 30
186.103.159.182 - - [01/Aug/2016:17:10:58 -0300] "POST /cormun/servlet/solicitudot?gx-no-cache=1470082291187 HTTP/1.1" 200 30
186.103.159.182 - - [01/Aug/2016:17:11:01 -0300] "POST /cormun/servlet/solicitudot?gx-no-cache=1470082293706 HTTP/1.1" 200 480
186.103.159.182 - - [01/Aug/2016:17:11:01 -0300] "GET /cormun/servlet/solicitudot?e952fb413747af54c04605cb0e2ba9c902533c7c9c602522ddea1161ef04f78ebfd35f8045dae07dcf85f5d0c4e913f3a08b161548062ea914b4595a1ea8d98063752ed1ae72aa152dca862b92a1c34e8e92515611fe6f8d88a112815a7aa70b606b9ccf74edeb9a3d261c7b98e75e1e59ecd6cac43b6fc6ef6e2583997d62db13d0ced826ddb77502b0c11365eefdc8,gx-no-cache=1470082293775 HTTP/1.1" 200 38
186.79.240.67 - - [01/Aug/2016:17:11:07 -0300] "GET /cormun/servlet/solicitudot?7c3bc52df9ca8a622a72cf8cbd00d814681f79981402625563e47460620d47b2d9cccf151089e857872e1967e12604c4f91ee3cb0e5de9f675662a71ee7d473cf578f872e5cd14a152a6e491093ed9bd1872908e6d9498361fc0f819bc80dcad36b8dccf15a66673a4da2fc6b810ff647695a8e061ed85a1db8d7ce89a4ff3dbffbf287eb2ba3683994a0e7d10f3cfb37f3d649b7ba5e9815a84b9a049f6bc678369a39668bb4d5ee51f01958c0cb458,gx-no-cache=1469992293191 HTTP/1.1" 200 30
186.103.159.182 - - [01/Aug/2016:17:11:16 -0300] "GET /cormun/servlet/solicitudot?e952fb413747af54c04605cb0e2ba9c907e3749ce1fedee2f863d1fbfe7acacc4432af7a1fdc501903b618d10656337d396c045e2dcf4241ac344e8ab58624c94fc0fa3abf00a67fc3341d2ff725391469bc3627dc1fbe79ccd98eeb6cfa9345276aa5d784aac4552e57492c369780c3,gx-no-cache=1470082308594 HTTP/1.1" 200 29
186.103.159.182 - - [01/Aug/2016:17:11:17 -0300] "POST /cormun/servlet/solicitudot?gx-no-cache=1470082309592 HTTP/1.1" 200 1144
186.79.240.67 - - [01/Aug/2016:17:12:40 -0300] "POST /cormun/servlet/solicitudot?8856d0775706ca655e7b8f1d89fee52a,INS,0,0,,gx-no-cache=1469992386564 HTTP/1.1" 200 9771
186.79.240.67 - - [01/Aug/2016:17:12:40 -0300] "GET /cormun/static/Shared/jqueryui/images/ui-bg_highlight-soft_100_c6c2c8_1x100.png HTTP/1.1" 404 1117
186.79.240.67 - - [01/Aug/2016:17:12:40 -0300] "GET /cormun/static/Shared/jqueryui/images/ui-icons_82798d_256x240.png HTTP/1.1" 404 1089
186.79.240.67 - - [01/Aug/2016:17:12:40 -0300] "GET /cormun/static/Shared/jqueryui/images/ui-bg_flat_55_994d53_40x100.png HTTP/1.1" 404 1097
186.79.240.67 - - [01/Aug/2016:17:12:40 -0300] "GET /cormun/static/Shared/jqueryui/images/ui-icons_ebccce_256x240.png HTTP/1.1" 404 1089
186.79.240.67 - - [01/Aug/2016:17:13:05 -0300] "GET /cormun/static/menuarrow.gif HTTP/1.1" 404 1015
186.103.159.182 - - [01/Aug/2016:17:13:59 -0300] "GET /cormun/servlet/solicitudot?e952fb413747af54c04605cb0e2ba9c96f98add22957940a16cd63d2937f6549a7c4b24af0f15078445b7ed73f4bf0666a4e0b712ea89491fbe9758cc71de96956aa7bd857d7cb4679fbfd177c27621ad841146982449cc52782e3a0a3ad57b5df836eea4960427a97824d553186d15d19ab6df6fb7dd4b27bb4a469f83aa117fb4877bb566026c0ab47b8846b46d8d2c849d02be46c050089a854827b1df00b28e179036872ae144d034e0d171f60dd,gx-no-cache=1470082471568 HTTP/1.1" 200 30
186.103.159.182 - - [01/Aug/2016:17:14:43 -0300] "POST /cormun/servlet/solicitudot?gx-no-cache=1470082516123 HTTP/1.1" 200 30
186.103.159.182 - - [01/Aug/2016:17:14:43 -0300] "POST /cormun/servlet/solicitudot?gx-no-cache=1470082516225 HTTP/1.1" 200 30
186.103.159.182 - - [01/Aug/2016:17:14:43 -0300] "POST /cormun/servlet/solicitudot?gx-no-cache=1470082516337 HTTP/1.1" 200 1182
186.103.159.182 - - [01/Aug/2016:17:14:44 -0300] "GET /cormun/servlet/solicitudot?e952fb413747af54c04605cb0e2ba9c902533c7c9c602522ddea1161ef04f78ebfd35f8045dae07dcf85f5d0c4e913f3a08b161548062ea914b4595a1ea8d98063752ed1ae72aa152dca862b92a1c34e8e92515611fe6f8d88a112815a7aa70b606b9ccf74edeb9a3d261c7b98e75e1e59ecd6cac43b6fc6ef6e2583997d62db62671ff5d79ebf920fc8e349cfebaf105f40b4eea935c9898525434c0369f8f8,gx-no-cache=1470082516451 HTTP/1.1" 200 41
186.103.159.182 - - [01/Aug/2016:17:14:44 -0300] "POST /cormun/servlet/solicitudot?gx-no-cache=1470082516518 HTTP/1.1" 200 1143
186.103.159.182 - - [01/Aug/2016:17:14:44 -0300] "GET /cormun/servlet/solicitudot?e952fb413747af54c04605cb0e2ba9c96f98add22957940a16cd63d2937f6549a7c4b24af0f15078445b7ed73f4bf0666a4e0b712ea89491fbe9758cc71de96956aa7bd857d7cb4679fbfd177c27621ad841146982449cc52782e3a0a3ad57b5df836eea4960427a97824d553186d15d19ab6df6fb7dd4b27bb4a469f83aa117fb4877bb566026c0ab47b8846b46d8d2c849d02be46c050089a854827b1df00b28e179036872ae144d034e0d171f60dd,gx-no-cache=1470082516602 HTTP/1.1" 200 30
186.103.159.182 - - [01/Aug/2016:17:14:44 -0300] "POST /cormun/servlet/solicitudot?99a62c97acf5542dd29bf03a6654b1cf,INS,0,0,,gx-no-cache=1470082516695 HTTP/1.1" 200 93
186.103.159.182 - - [01/Aug/2016:17:14:44 -0300] "GET /cormun/servlet/hpexe_return? HTTP/1.1" 200 1002
186.103.159.182 - - [01/Aug/2016:17:14:45 -0300] "GET /cormun/servlet/trsolicitudot HTTP/1.1" 200 7811
186.103.159.182 - - [01/Aug/2016:17:14:48 -0300] "GET /cormun/servlet/trsolicitudot HTTP/1.1" 200 7807
186.103.159.182 - - [01/Aug/2016:17:14:53 -0300] "GET /cormun/servlet/solicitudot?INS,0,0, HTTP/1.1" 200 12053
186.103.159.182 - - [01/Aug/2016:17:14:56 -0300] "GET /cormun/servlet/solicitudot?INS,0,0, HTTP/1.1" 200 12058
186.79.240.67 - - [01/Aug/2016:17:15:13 -0300] "GET /cormun/servlet/solicitudot?7c3bc52df9ca8a622a72cf8cbd00d814681f79981402625563e47460620d47b2d9cccf151089e857872e1967e12604c4f91ee3cb0e5de9f675662a71ee7d473cf578f872e5cd14a152a6e491093ed9bd1872908e6d9498361fc0f819bc80dcad36b8dccf15a66673a4da2fc6b810ff647695a8e061ed85a1db8d7ce89a4ff3dbffbf287eb2ba3683994a0e7d10f3cfb37f3d649b7ba5e9815a84b9a049f6bc678369a39668bb4d5ee51f01958c0cb458,gx-no-cache=1469992540295 HTTP/1.1" 200 30
186.79.240.67 - - [01/Aug/2016:17:15:14 -0300] "POST /cormun/servlet/solicitudot?8856d0775706ca655e7b8f1d89fee52a,INS,0,0,,gx-no-cache=1469992540438 HTTP/1.1" 200 9822
186.103.159.182 - - [01/Aug/2016:17:15:15 -0300] "POST /cormun/servlet/solicitudot?gx-no-cache=1470082547913 HTTP/1.1" 200 2971
186.103.159.182 - - [01/Aug/2016:17:15:15 -0300] "POST /cormun/servlet/solicitudot?99a62c97acf5542dd29bf03a6654b1cf,INS,0,0,,gx-no-cache=1470082548177 HTTP/1.1" 200 8819
186.103.159.182 - - [01/Aug/2016:17:15:19 -0300] "GET /cormun/servlet/solicitudot?e952fb413747af54c04605cb0e2ba9c9c09f352a18ee66d578b3c48abbef68029f994115281793a3ad3f22e0de921548,gx-no-cache=1470082551727 HTTP/1.1" 200 30
186.103.159.182 - - [01/Aug/2016:17:15:34 -0300] "POST /cormun/servlet/solicitudot?gx-no-cache=1470082566911 HTTP/1.1" 200 30
186.103.159.182 - - [01/Aug/2016:17:15:40 -0300] "POST /cormun/servlet/solicitudot?gx-no-cache=1470082573355 HTTP/1.1" 200 30
186.103.159.182 - - [01/Aug/2016:17:15:44 -0300] "POST /cormun/servlet/solicitudot?gx-no-cache=1470082576720 HTTP/1.1" 200 480
186.103.159.182 - - [01/Aug/2016:17:15:44 -0300] "GET /cormun/servlet/solicitudot?e952fb413747af54c04605cb0e2ba9c902533c7c9c602522ddea1161ef04f78ebfd35f8045dae07dcf85f5d0c4e913f3a08b161548062ea914b4595a1ea8d98063752ed1ae72aa152dca862b92a1c34e8e92515611fe6f8d88a112815a7aa70b606b9ccf74edeb9a3d261c7b98e75e1e59ecd6cac43b6fc6ef6e2583997d62db13d0ced826ddb77502b0c11365eefdc8,gx-no-cache=1470082576793 HTTP/1.1" 200 38
186.103.159.182 - - [01/Aug/2016:17:16:01 -0300] "GET /cormun/servlet/solicitudot?e952fb413747af54c04605cb0e2ba9c907e3749ce1fedee2f863d1fbfe7acacc4432af7a1fdc501903b618d10656337d396c045e2dcf4241ac344e8ab58624c94fc0fa3abf00a67fc3341d2ff725391469bc3627dc1fbe79ccd98eeb6cfa9345276aa5d784aac4552e57492c369780c3,gx-no-cache=1470082594265 HTTP/1.1" 200 29
186.103.159.182 - - [01/Aug/2016:17:16:02 -0300] "POST /cormun/servlet/solicitudot?gx-no-cache=1470082595105 HTTP/1.1" 200 1144
186.79.240.67 - - [01/Aug/2016:17:18:20 -0300] "POST /cormun/servlet/solicitudot?gx-no-cache=1469992726586 HTTP/1.1" 200 1185
186.103.159.182 - - [01/Aug/2016:17:18:45 -0300] "GET /cormun/servlet/solicitudot?e952fb413747af54c04605cb0e2ba9c96f98add22957940a16cd63d2937f6549a7c4b24af0f15078445b7ed73f4bf0666a4e0b712ea89491fbe9758cc71de96956aa7bd857d7cb4679fbfd177c27621ad841146982449cc52782e3a0a3ad57b5df836eea4960427a97824d553186d15d19ab6df6fb7dd4b27bb4a469f83aa117fb4877bb566026c0ab47b8846b46d8d2c849d02be46c050089a854827b1df00b28e179036872ae144d034e0d171f60dd,gx-no-cache=1470082757358 HTTP/1.1" 200 30
186.79.240.67 - - [01/Aug/2016:17:18:49 -0300] "GET /cormun/static/Resources/resize.gif HTTP/1.1" 200 77
186.79.240.67 - - [01/Aug/2016:17:18:50 -0300] "GET /cormun/servlet/prfichaempleado?,MD,,gxPopupLevel%3D0%3B HTTP/1.1" 200 8556
186.79.240.67 - - [01/Aug/2016:17:18:50 -0300] "GET /cormun/static/gxui/gxui-all.css?110300 HTTP/1.1" 200 2179
186.79.240.67 - - [01/Aug/2016:17:18:50 -0300] "GET /cormun/static/gxcfg.js?201651622215715 HTTP/1.1" 200 953
186.79.240.67 - - [01/Aug/2016:17:18:50 -0300] "GET /cormun/static/Resources/PXToolsMenuSearch.png HTTP/1.1" 200 2914
186.79.240.67 - - [01/Aug/2016:17:18:50 -0300] "GET /cormun/static/Resources/PXToolsMenuSearchCancel.png HTTP/1.1" 200 2972
186.79.240.67 - - [01/Aug/2016:17:18:50 -0300] "GET /cormun/static/prfichaempleado.js?201651622215919 HTTP/1.1" 200 15035
186.79.240.67 - - [01/Aug/2016:17:18:50 -0300] "GET /cormun/static/menusearch.js?20165162214271 HTTP/1.1" 200 1424
186.79.240.67 - - [01/Aug/2016:17:18:50 -0300] "GET /cormun/static/hmpwkw011.js?201651622203195 HTTP/1.1" 200 1968
186.79.240.67 - - [01/Aug/2016:17:18:50 -0300] "GET /cormun/static/Resources/Spanish/PXTools.css?22123174 HTTP/1.1" 200 89042
186.79.240.67 - - [01/Aug/2016:17:18:53 -0300] "GET /cormun/static/Shared/ext/resources/css/ext-all.css?205870 HTTP/1.1" 200 416045
186.103.159.182 - - [01/Aug/2016:17:18:57 -0300] "POST /cormun/servlet/solicitudot?99a62c97acf5542dd29bf03a6654b1cf,INS,0,0,,gx-no-cache=1470082769523 HTTP/1.1" 200 93
186.103.159.182 - - [01/Aug/2016:17:18:57 -0300] "GET /cormun/servlet/hpexe_return? HTTP/1.1" 200 1002
186.103.159.182 - - [01/Aug/2016:17:18:58 -0300] "GET /cormun/servlet/trsolicitudot HTTP/1.1" 200 8084
186.103.159.182 - - [01/Aug/2016:17:19:01 -0300] "GET /cormun/servlet/trsolicitudot HTTP/1.1" 200 8080
186.79.240.67 - - [01/Aug/2016:17:19:03 -0300] "POST /cormun/servlet/acontrolpreferencessavestate?None,CD-12,true HTTP/1.1" 200 35
186.79.240.67 - - [01/Aug/2016:17:19:31 -0300] "GET /cormun/servlet/hlogin HTTP/1.1" 200 1724
186.79.240.67 - - [01/Aug/2016:17:19:33 -0300] "POST /cormun/servlet/hlogin?dad3926d67dd0682f018990311fcfdfe,gx-no-cache=1469992800662 HTTP/1.1" 200 90
186.79.240.67 - - [01/Aug/2016:17:19:33 -0300] "GET /cormun/servlet/hpexe_link HTTP/1.1" 200 950
186.79.240.67 - - [01/Aug/2016:17:19:34 -0300] "GET /cormun/servlet/hhome HTTP/1.1" 200 3616
186.79.240.67 - - [01/Aug/2016:17:19:35 -0300] "GET /cormun/servlet/hhome HTTP/1.1" 200 3613
186.79.240.67 - - [01/Aug/2016:17:19:38 -0300] "GET /cormun/servlet/trsolicitudot? HTTP/1.1" 200 6544
186.103.159.182 - - [01/Aug/2016:17:19:38 -0300] "POST /cormun/servlet/trsolicitudot?99a62c97acf5542dd29bf03a6654b1cf,gx-no-cache=1470082805669 HTTP/1.1" 200 5176
186.79.240.67 - - [01/Aug/2016:17:19:39 -0300] "GET /cormun/servlet/trsolicitudot? HTTP/1.1" 200 6543
186.79.240.67 - - [01/Aug/2016:17:19:48 -0300] "GET /cormun/servlet/solicitudot?INS,0,0, HTTP/1.1" 200 12008
186.79.240.67 - - [01/Aug/2016:17:19:49 -0300] "GET /cormun/servlet/solicitudot?INS,0,0, HTTP/1.1" 200 12013
186.103.159.182 - - [01/Aug/2016:17:20:18 -0300] "POST /cormun/servlet/trsolicitudot?99a62c97acf5542dd29bf03a6654b1cf,gx-no-cache=1470082811448 HTTP/1.1" 500 10
186.103.159.182 - - [01/Aug/2016:17:20:38 -0300] "POST /cormun/servlet/trsolicitudot?99a62c97acf5542dd29bf03a6654b1cf,gx-no-cache=1470082811448 HTTP/1.1" 200 5116
186.103.159.182 - - [01/Aug/2016:17:20:38 -0300] "GET /cormun/servlet/trsolicitudot HTTP/1.1" 200 7797
186.103.159.182 - - [01/Aug/2016:17:20:43 -0300] "GET /cormun/servlet/trsolicitudot HTTP/1.1" 200 7807
186.103.159.182 - - [01/Aug/2016:17:20:48 -0300] "POST /cormun/servlet/trsolicitudot?99a62c97acf5542dd29bf03a6654b1cf,gx-no-cache=1470082880372 HTTP/1.1" 200 3948
186.103.159.182 - - [01/Aug/2016:17:20:48 -0300] "POST /cormun/servlet/trsolicitudot?99a62c97acf5542dd29bf03a6654b1cf,gx-no-cache=1470082880769 HTTP/1.1" 200 3796
186.103.159.182 - - [01/Aug/2016:17:20:50 -0300] "GET /cormun/servlet/trautorizarsolicitud? HTTP/1.1" 200 8016
186.103.159.182 - - [01/Aug/2016:17:20:56 -0300] "GET /cormun/servlet/trautorizarsolicitud? HTTP/1.1" 200 8015
186.103.159.182 - - [01/Aug/2016:17:20:57 -0300] "POST /cormun/servlet/trautorizarsolicitud?99a62c97acf5542dd29bf03a6654b1cf,,gx-no-cache=1470082889553 HTTP/1.1" 200 5147
186.103.159.182 - - [01/Aug/2016:17:20:58 -0300] "POST /cormun/servlet/trautorizarsolicitud?99a62c97acf5542dd29bf03a6654b1cf,,gx-no-cache=1470082890062 HTTP/1.1" 200 5091
186.103.159.182 - - [01/Aug/2016:17:20:59 -0300] "POST /cormun/servlet/trautorizarsolicitud?99a62c97acf5542dd29bf03a6654b1cf,,gx-no-cache=1470082891230 HTTP/1.1" 200 3936
186.103.159.182 - - [01/Aug/2016:17:21:03 -0300] "POST /cormun/servlet/trautorizarsolicitud?99a62c97acf5542dd29bf03a6654b1cf,,gx-no-cache=1470082891830 HTTP/1.1" 200 3786
186.103.159.182 - - [01/Aug/2016:17:21:09 -0300] "GET /cormun/servlet/trautorizarsolicitud? HTTP/1.1" 200 6525
186.103.159.182 - - [01/Aug/2016:17:21:14 -0300] "GET /cormun/servlet/trautorizarsolicitud? HTTP/1.1" 200 6525
186.79.240.67 - - [01/Aug/2016:17:24:15 -0300] "GET /cormun/servlet/hlogin HTTP/1.1" 200 1721
186.79.240.67 - - [01/Aug/2016:17:24:18 -0300] "POST /cormun/servlet/hlogin?d1cd8985c5d25aca1c4249b1c63cf44d,gx-no-cache=1469993085482 HTTP/1.1" 200 90
186.79.240.67 - - [01/Aug/2016:17:24:18 -0300] "GET /cormun/servlet/hpexe_link HTTP/1.1" 200 949
186.79.240.67 - - [01/Aug/2016:17:24:19 -0300] "GET /cormun/servlet/hhome HTTP/1.1" 200 3615
186.79.240.67 - - [01/Aug/2016:17:24:19 -0300] "GET /cormun/servlet/hhome HTTP/1.1" 200 3615
186.79.240.67 - - [01/Aug/2016:17:24:25 -0300] "GET /cormun/servlet/trsolicitudot? HTTP/1.1" 200 6544
186.79.240.67 - - [01/Aug/2016:17:24:26 -0300] "GET /cormun/servlet/trsolicitudot? HTTP/1.1" 200 6543
186.79.240.67 - - [01/Aug/2016:17:24:40 -0300] "GET /cormun/servlet/solicitudot?INS,0,0, HTTP/1.1" 200 12007
186.79.240.67 - - [01/Aug/2016:17:24:41 -0300] "GET /cormun/servlet/solicitudot?INS,0,0, HTTP/1.1" 200 12012
186.79.240.67 - - [01/Aug/2016:17:24:56 -0300] "POST /cormun/servlet/solicitudot?gx-no-cache=1469993122668 HTTP/1.1" 200 3001
186.79.240.67 - - [01/Aug/2016:17:24:57 -0300] "POST /cormun/servlet/solicitudot?d1cd8985c5d25aca1c4249b1c63cf44d,INS,0,0,,gx-no-cache=1469993123619 HTTP/1.1" 200 8806
186.79.240.67 - - [01/Aug/2016:17:25:04 -0300] "GET /cormun/servlet/solicitudot?b5399845e040f6bb8724e5de5b94488180d4bdd092f1c4fa7e70fd05c159da3e3023a15a8a7dcf0dc25e344392636214,gx-no-cache=1469993131901 HTTP/1.1" 200 30
186.79.240.67 - - [01/Aug/2016:17:25:05 -0300] "POST /cormun/servlet/solicitudot?gx-no-cache=1469993132038 HTTP/1.1" 200 30
186.103.159.183 - - [01/Aug/2016:17:25:06 -0300] "POST /cormun/servlet/hlogin?23699883f520c1ee5f99dc0c4cb7f2dd,gx-no-cache=1470083137630 HTTP/1.1" 440 972
186.79.240.67 - - [01/Aug/2016:17:25:07 -0300] "POST /cormun/servlet/solicitudot?gx-no-cache=1469993134225 HTTP/1.1" 200 30
186.103.159.183 - - [01/Aug/2016:17:25:12 -0300] "GET /cormun/servlet/hlogin HTTP/1.1" 200 1738
186.103.159.183 - - [01/Aug/2016:17:25:12 -0300] "GET /cormun/static/gxcfg.js?201632119342969 HTTP/1.1" 304 -
186.79.240.67 - - [01/Aug/2016:17:25:13 -0300] "POST /cormun/servlet/solicitudot?gx-no-cache=1469993140167 HTTP/1.1" 200 480
186.79.240.67 - - [01/Aug/2016:17:25:13 -0300] "GET /cormun/servlet/solicitudot?b5399845e040f6bb8724e5de5b944881e9599c7bf75ea8c0d76c5864273244de2b6cd91127fabe4f87b323ff1b12b60e84697966c5686960252cefbd98330b3519bc53054571966e9dbd1dccc59ce7e21cf9fe5f4430dc3908eccb932609c05de66fdad6f4b6bb186f71360f704f7dd7fa38a1c0e0413601f608cfde7f6061ef911c11b5eb58ef2d56fbc0aaaaa1aeb0,gx-no-cache=1469993140315 HTTP/1.1" 200 38
186.79.240.67 - - [01/Aug/2016:17:25:21 -0300] "GET /cormun/servlet/solicitudot?b5399845e040f6bb8724e5de5b9448816856f876b20e18a9dc5a6d8793bb599983cd31c9ca43eeb775f9d4be5090ddd92ba1de0c5f5ddf5cbf874143ab60cdfa64a571413a4a26e0d2a6364efccb140d1a1e0b5aa88f30f0d6d4ff03a552bec8e3b1bd6d49a878ee679973972dcdcf161586c0595469e7175c8ec6e7fe98fce5003b7086c64725090fd9b3450a9298aceb5ff60a8cf55e3bdb021cc2ee9181ec,gx-no-cache=1469993148872 HTTP/1.1" 200 29
186.103.159.183 - - [01/Aug/2016:17:25:22 -0300] "POST /cormun/servlet/hlogin?480213bbf4f293df2cf189fa175673a1,gx-no-cache=1470083152948 HTTP/1.1" 200 90
186.103.159.183 - - [01/Aug/2016:17:25:22 -0300] "GET /cormun/servlet/hpexe_link HTTP/1.1" 200 954
186.103.159.183 - - [01/Aug/2016:17:25:22 -0300] "GET /cormun/servlet/hhome HTTP/1.1" 200 3663
186.103.159.183 - - [01/Aug/2016:17:25:23 -0300] "GET /cormun/servlet/hhome HTTP/1.1" 200 3660
186.79.240.67 - - [01/Aug/2016:17:25:24 -0300] "POST /cormun/servlet/solicitudot?gx-no-cache=1469993151115 HTTP/1.1" 200 1144
186.103.159.183 - - [01/Aug/2016:17:25:26 -0300] "GET /cormun/servlet/trautorizarsolicitud? HTTP/1.1" 200 6521
186.103.159.183 - - [01/Aug/2016:17:25:27 -0300] "GET /cormun/servlet/trautorizarsolicitud? HTTP/1.1" 200 6520
186.103.159.183 - - [01/Aug/2016:17:25:39 -0300] "POST /cormun/servlet/trautorizarsolicitud?480213bbf4f293df2cf189fa175673a1,,gx-no-cache=1470083170160 HTTP/1.1" 200 5140
186.103.159.183 - - [01/Aug/2016:17:25:41 -0300] "POST /cormun/servlet/trautorizarsolicitud?480213bbf4f293df2cf189fa175673a1,,gx-no-cache=1470083172337 HTTP/1.1" 200 107
186.103.159.183 - - [01/Aug/2016:17:25:41 -0300] "GET /cormun/servlet/trsolicitudadjuntos?2016,2374, HTTP/1.1" 200 7837
186.103.159.183 - - [01/Aug/2016:17:25:42 -0300] "GET /cormun/servlet/trsolicitudadjuntos?2016,2374, HTTP/1.1" 200 7837
186.103.159.183 - - [01/Aug/2016:17:25:45 -0300] "GET /cormun/servlet/solicitudotadjuntos?INS,2016,2374,,1, HTTP/1.1" 200 5704
186.103.159.183 - - [01/Aug/2016:17:25:45 -0300] "GET /cormun/static/about:blank HTTP/1.1" 404 1011
186.103.159.183 - - [01/Aug/2016:17:25:45 -0300] "GET /cormun/servlet/solicitudotadjuntos?INS,2016,2374,,1, HTTP/1.1" 200 5698
186.103.159.183 - - [01/Aug/2016:17:25:46 -0300] "GET /cormun/servlet/solicitudotadjuntos?ff7288cad137092cdd63e014fb4f5c6969a6971016af5492e2cba7ba8956d5c5c0c7c875dfa0afe59218035f59b984df,gx-no-cache=1470083176741 HTTP/1.1" 200 30
186.103.159.183 - - [01/Aug/2016:17:25:46 -0300] "POST /cormun/servlet/solicitudotadjuntos?480213bbf4f293df2cf189fa175673a1,INS,2016,2374,,1,,gx-no-cache=1470083176796 HTTP/1.1" 200 3547
186.103.159.183 - - [01/Aug/2016:17:25:49 -0300] "POST /cormun/servlet/solicitudotadjuntos?gx-no-cache=1470083180015 HTTP/1.1" 200 26
186.103.159.183 - - [01/Aug/2016:17:25:58 -0300] "GET /cormun/servlet/solicitudotadjuntos?ff7288cad137092cdd63e014fb4f5c69801796bedd7b52080aa88d62a4e16057,gx-no-cache=1470083189398 HTTP/1.1" 200 30
186.103.159.183 - - [01/Aug/2016:17:25:58 -0300] "GET /cormun/servlet/solicitudotadjuntos?ff7288cad137092cdd63e014fb4f5c69801796bedd7b52080aa88d62a4e16057,gx-no-cache=1470083189439 HTTP/1.1" 200 30
186.79.240.67 - - [01/Aug/2016:17:26:45 -0300] "GET /cormun/servlet/solicitudot?b5399845e040f6bb8724e5de5b9448813e02ec0213ec38c29b0bfb0935223b33ccba0046d53ab162ec0d56e87b7f7c1613ce0a3f8a211e8d5a7fa742d7356391e23c9d4d3e2b79cb864d87a050953aad792c5640b9295252d9b52fa3a4fefaca826fc78608c27abf81d823c2e49cbfee7acdd5027b04ebb703ef4a2bb1607ede62c34bb5539cbad0a531da5571b4170466aeb5e077fcbe2a26feacccfc9666fbccd179ddfbd092953994b965baddfa7d,gx-no-cache=1469993232091 HTTP/1.1" 200 30
186.103.159.183 - - [01/Aug/2016:17:26:46 -0300] "POST /cormun/servlet/solicitudotadjuntos?480213bbf4f293df2cf189fa175673a1,INS,2016,2374,,1, HTTP/1.1" 200 6119
186.103.159.183 - - [01/Aug/2016:17:28:11 -0300] "POST /cormun/servlet/solicitudotadjuntos?480213bbf4f293df2cf189fa175673a1,INS,2016,2374,,1, HTTP/1.1" 200 6119
186.79.240.67 - - [01/Aug/2016:17:28:26 -0300] "GET /cormun/servlet/solicitudot?b5399845e040f6bb8724e5de5b9448813e02ec0213ec38c29b0bfb0935223b33ccba0046d53ab162ec0d56e87b7f7c1613ce0a3f8a211e8d5a7fa742d7356391e23c9d4d3e2b79cb864d87a050953aad792c5640b9295252d9b52fa3a4fefaca826fc78608c27abf81d823c2e49cbfee7acdd5027b04ebb703ef4a2bb1607ede62c34bb5539cbad0a531da5571b4170466aeb5e077fcbe2a26feacccfc9666fbccd179ddfbd092953994b965baddfa7d,gx-no-cache=1469993332865 HTTP/1.1" 200 30
186.79.240.67 - - [01/Aug/2016:17:28:26 -0300] "POST /cormun/servlet/solicitudot?d1cd8985c5d25aca1c4249b1c63cf44d,INS,0,0,,gx-no-cache=1469993333068 HTTP/1.1" 200 9774
186.79.240.67 - - [01/Aug/2016:17:28:26 -0300] "GET /cormun/static/Shared/jqueryui/images/ui-bg_highlight-soft_100_c6c2c8_1x100.png HTTP/1.1" 404 1117
186.79.240.67 - - [01/Aug/2016:17:28:26 -0300] "GET /cormun/static/Shared/jqueryui/images/ui-icons_82798d_256x240.png HTTP/1.1" 404 1089
186.79.240.67 - - [01/Aug/2016:17:28:26 -0300] "GET /cormun/static/Shared/jqueryui/images/ui-bg_flat_55_994d53_40x100.png HTTP/1.1" 404 1097
186.79.240.67 - - [01/Aug/2016:17:28:26 -0300] "GET /cormun/static/Shared/jqueryui/images/ui-icons_ebccce_256x240.png HTTP/1.1" 404 1089
186.79.240.67 - - [01/Aug/2016:17:30:17 -0300] "GET /cormun/servlet/prfichaempleado?,MD,,gxPopupLevel%3D0%3B HTTP/1.1" 200 8566
186.79.240.67 - - [01/Aug/2016:17:30:41 -0300] "POST /cormun/servlet/acontrolpreferencessavestate?None,CD-12,true HTTP/1.1" 200 35
186.79.240.67 - - [01/Aug/2016:17:31:05 -0300] "POST /cormun/servlet/prfichaempleado?d1cd8985c5d25aca1c4249b1c63cf44d,,MD,,gxPopupLevel%3D0%3B,gx-no-cache=1469993491738 HTTP/1.1" 200 3362
186.79.240.67 - - [01/Aug/2016:17:31:30 -0300] "POST /cormun/servlet/solicitudot?gx-no-cache=1469993515353 HTTP/1.1" 200 1319
186.103.157.98 - - [01/Aug/2016:17:31:58 -0300] "GET /cormun/servlet/trsolicitudot? HTTP/1.1" 200 6006
186.103.157.98 - - [01/Aug/2016:17:31:58 -0300] "GET /cormun/servlet/hlogin HTTP/1.1" 200 1742
186.103.157.98 - - [01/Aug/2016:17:31:58 -0300] "GET /cormun/servlet/trsolicitudot? HTTP/1.1" 200 6000
186.103.157.98 - - [01/Aug/2016:17:32:07 -0300] "POST /cormun/servlet/hlogin?6be31c366df7b911fb1944d53389f1d7,gx-no-cache=1470083558807 HTTP/1.1" 200 90
186.103.157.98 - - [01/Aug/2016:17:32:07 -0300] "GET /cormun/servlet/hpexe_link HTTP/1.1" 200 957
186.103.157.98 - - [01/Aug/2016:17:32:07 -0300] "GET /cormun/servlet/trsolicitudot HTTP/1.1" 200 6434
186.103.157.98 - - [01/Aug/2016:17:32:08 -0300] "GET /cormun/servlet/trsolicitudot HTTP/1.1" 200 6432
186.103.157.98 - - [01/Aug/2016:17:32:12 -0300] "GET /cormun/servlet/solicitudot?INS,0,0, HTTP/1.1" 200 12073
186.103.157.98 - - [01/Aug/2016:17:32:13 -0300] "GET /cormun/servlet/solicitudot?INS,0,0, HTTP/1.1" 200 12078
186.79.240.67 - - [01/Aug/2016:17:32:41 -0300] "GET /cormun/servlet/prfichaempleado?,MD,,gxPopupLevel%3D0%3B HTTP/1.1" 200 8549
186.79.240.67 - - [01/Aug/2016:17:32:47 -0300] "POST /cormun/servlet/acontrolpreferencessavestate?None,CD-12,true HTTP/1.1" 200 35
186.79.240.67 - - [01/Aug/2016:17:32:52 -0300] "GET /cormun/servlet/prlicenciaspermisos?13096500,L,,MD,,gxPopupLevel%3D0%3B HTTP/1.1" 200 5965
186.79.240.67 - - [01/Aug/2016:17:32:53 -0300] "GET /cormun/static/gxcfg.js?201652512202696 HTTP/1.1" 200 953
186.79.240.67 - - [01/Aug/2016:17:32:53 -0300] "GET /cormun/static/prlicenciaspermisos.js?201652512202842 HTTP/1.1" 200 13349
186.79.240.67 - - [01/Aug/2016:17:33:11 -0300] "POST /cormun/servlet/solicitudot?gx-no-cache=1469993617787 HTTP/1.1" 200 1185
186.79.240.67 - - [01/Aug/2016:17:34:44 -0300] "POST /cormun/servlet/solicitudot?gx-no-cache=1469993711433 HTTP/1.1" 200 1185
186.79.240.67 - - [01/Aug/2016:17:34:44 -0300] "GET /cormun/servlet/solicitudot?b5399845e040f6bb8724e5de5b944881e9599c7bf75ea8c0d76c5864273244de2b6cd91127fabe4f87b323ff1b12b60e84697966c5686960252cefbd98330b3519bc53054571966e9dbd1dccc59ce7e21cf9fe5f4430dc3908eccb932609c05de66fdad6f4b6bb186f71360f704f7dd7fa38a1c0e0413601f608cfde7f6061ef61e06e6f9af82b7b0592f8424cd83a9f409465a007354288fc07daf6efba8ba1,gx-no-cache=1469993711736 HTTP/1.1" 200 40
186.79.240.67 - - [01/Aug/2016:17:34:45 -0300] "POST /cormun/servlet/solicitudot?gx-no-cache=1469993711848 HTTP/1.1" 200 1143
186.79.240.67 - - [01/Aug/2016:17:35:31 -0300] "GET /cormun/servlet/prfichaempleado?,MD,,gxPopupLevel%3D0%3B HTTP/1.1" 200 8566
186.103.159.183 - - [01/Aug/2016:17:36:52 -0300] "GET /cormun/servlet/solicitudotadjuntos?INS,2016,2374,,1, HTTP/1.1" 200 5703
186.103.159.183 - - [01/Aug/2016:17:36:52 -0300] "GET /cormun/static/Resources/Spanish/PXTools.css?22445990 HTTP/1.1" 304 -
186.103.159.183 - - [01/Aug/2016:17:36:52 -0300] "GET /cormun/static/Shared/jqueryui/jquery-ui.min.css?1245370 HTTP/1.1" 304 -
186.103.159.183 - - [01/Aug/2016:17:36:52 -0300] "GET /cormun/static/SmoothNavMenu/resources/ddsmoothmenu-v.css?1012540 HTTP/1.1" 304 -
186.103.159.183 - - [01/Aug/2016:17:36:52 -0300] "GET /cormun/static/scaMessage/css/jquery.pnotify.default.css?1716380 HTTP/1.1" 304 -
186.103.159.183 - - [01/Aug/2016:17:36:52 -0300] "GET /cormun/static/gxtimezone.js?85251 HTTP/1.1" 304 -
186.103.159.183 - - [01/Aug/2016:17:36:52 -0300] "GET /cormun/static/gxgral.js?85251 HTTP/1.1" 304 -
186.103.159.183 - - [01/Aug/2016:17:36:52 -0300] "GET /cormun/static/gxcfg.js?201631622493247 HTTP/1.1" 304 -
186.103.159.183 - - [01/Aug/2016:17:36:52 -0300] "GET /cormun/static/calendar.js?85251 HTTP/1.1" 304 -
186.103.159.183 - - [01/Aug/2016:17:36:52 -0300] "GET /cormun/static/calendar-setup.js?85251 HTTP/1.1" 304 -
186.103.159.183 - - [01/Aug/2016:17:36:52 -0300] "GET /cormun/static/calendar-es.js?85251 HTTP/1.1" 304 -
186.103.159.183 - - [01/Aug/2016:17:36:52 -0300] "GET /cormun/static/RunJS/RunJS.js HTTP/1.1" 304 -
186.103.159.183 - - [01/Aug/2016:17:36:52 -0300] "GET /cormun/static/PXToolsJavascripts/pexe_autoreload.js HTTP/1.1" 304 -
186.103.159.183 - - [01/Aug/2016:17:36:52 -0300] "GET /cormun/static/PXToolsJavascripts/pexe_cookies.js HTTP/1.1" 304 -
186.103.159.183 - - [01/Aug/2016:17:36:52 -0300] "GET /cormun/static/PXToolsJavascripts/pexe_windows.js HTTP/1.1" 304 -
186.103.159.183 - - [01/Aug/2016:17:36:52 -0300] "GET /cormun/static/PXToolsJavascripts/pexe_grid.js HTTP/1.1" 304 -
186.103.159.183 - - [01/Aug/2016:17:36:52 -0300] "GET /cormun/static/PXToolsJavascripts/pexe_griddivfix.js HTTP/1.1" 304 -
186.103.159.183 - - [01/Aug/2016:17:36:52 -0300] "GET /cormun/static/PXToolsJavascripts/pexe_link.js HTTP/1.1" 304 -
186.103.159.183 - - [01/Aug/2016:17:36:52 -0300] "GET /cormun/static/PXToolsJavascripts/pexe_menudivfix.js HTTP/1.1" 304 -
186.103.159.183 - - [01/Aug/2016:17:36:52 -0300] "GET /cormun/static/PXToolsJavascripts/pexe_menus.js HTTP/1.1" 304 -
186.103.159.183 - - [01/Aug/2016:17:36:52 -0300] "GET /cormun/static/PXToolsJavascripts/pexe_layers.js HTTP/1.1" 304 -
186.103.159.183 - - [01/Aug/2016:17:36:52 -0300] "GET /cormun/static/PXToolsJavascripts/pexe_picture.js HTTP/1.1" 304 -
186.103.159.183 - - [01/Aug/2016:17:36:52 -0300] "GET /cormun/static/PXToolsJavascripts/pexe_oavdivfix.js HTTP/1.1" 304 -
186.103.159.183 - - [01/Aug/2016:17:36:52 -0300] "GET /cormun/static/PXToolsJavascripts/pexe_oav.js HTTP/1.1" 304 -
186.103.159.183 - - [01/Aug/2016:17:36:52 -0300] "GET /cormun/static/PXToolsJavascripts/pexe_popup.js HTTP/1.1" 304 -
186.103.159.183 - - [01/Aug/2016:17:36:52 -0300] "GET /cormun/static/PXToolsJavascripts/pexe_tabdivfix.js HTTP/1.1" 304 -
186.103.159.183 - - [01/Aug/2016:17:36:52 -0300] "GET /cormun/static/PXToolsJavascripts/pexe_scrolldiv.js HTTP/1.1" 304 -
186.103.159.183 - - [01/Aug/2016:17:36:52 -0300] "GET /cormun/static/PXToolsJavascripts/pexe_tabs.js HTTP/1.1" 304 -
186.103.159.183 - - [01/Aug/2016:17:36:52 -0300] "GET /cormun/static/PXToolsJavascripts/pexe_upload.js HTTP/1.1" 304 -
186.103.159.183 - - [01/Aug/2016:17:36:52 -0300] "GET /cormun/static/calendar-system.css?75620 HTTP/1.1" 304 -
186.103.159.183 - - [01/Aug/2016:17:36:52 -0300] "GET /cormun/static/gxui/gxui-all.js HTTP/1.1" 304 -
