186.103.157.42 - - [21/Jun/2016:10:21:35 -0300] "GET /cormun/servlet/solicitudotadjuntos?56a6d860da49af2b964453e614b9798aa46c3dbe869f8575a966e9ab22f0f067,gx-no-cache=1466515315661 HTTP/1.1" 200 30
186.103.157.42 - - [21/Jun/2016:10:21:36 -0300] "POST /cormun/servlet/solicitudotadjuntos?2f47793deb1bbb065f309e0b0f4f1367,INS,2016,2139,,1, HTTP/1.1" 200 116
186.103.157.42 - - [21/Jun/2016:10:21:36 -0300] "GET /cormun/servlet/hpexe_return? HTTP/1.1" 200 1027
186.103.157.42 - - [21/Jun/2016:10:21:37 -0300] "GET /cormun/servlet/trsolicitudadjuntos?2016,2139, HTTP/1.1" 200 8271
186.103.157.42 - - [21/Jun/2016:10:21:38 -0300] "GET /cormun/servlet/trsolicitudadjuntos?2016,2139, HTTP/1.1" 200 8268
186.103.157.42 - - [21/Jun/2016:10:21:40 -0300] "GET /cormun/servlet/trsolicitudot? HTTP/1.1" 200 8241
186.103.157.42 - - [21/Jun/2016:10:21:40 -0300] "GET /cormun/static/Resources/Spanish/PXTools.css?2139548 HTTP/1.1" 304 -
186.103.157.42 - - [21/Jun/2016:10:21:40 -0300] "GET /cormun/static/gxcfg.js?201631022392470 HTTP/1.1" 304 -
186.103.157.42 - - [21/Jun/2016:10:21:40 -0300] "GET /cormun/static/trsolicitudot.js?201631022393178 HTTP/1.1" 304 -
186.103.157.42 - - [21/Jun/2016:10:21:41 -0300] "GET /cormun/servlet/trsolicitudot? HTTP/1.1" 200 8236
186.103.159.182 - - [21/Jun/2016:10:21:41 -0300] "GET /cormun/servlet/hlogin HTTP/1.1" 200 1730
186.103.159.182 - - [21/Jun/2016:10:21:43 -0300] "POST /cormun/servlet/hlogin?0cad069257e95c764395e5a9efc4d559,gx-no-cache=1466515319368 HTTP/1.1" 200 90
186.103.159.182 - - [21/Jun/2016:10:21:43 -0300] "GET /cormun/servlet/hpexe_link HTTP/1.1" 200 957
186.103.159.182 - - [21/Jun/2016:10:21:44 -0300] "GET /cormun/servlet/trsolicitudot HTTP/1.1" 200 6598
186.103.159.182 - - [21/Jun/2016:10:21:46 -0300] "GET /cormun/servlet/trsolicitudot HTTP/1.1" 200 6596
186.103.159.182 - - [21/Jun/2016:10:21:50 -0300] "GET /cormun/servlet/solicitudot?INS,0,0, HTTP/1.1" 200 11761
186.103.157.42 - - [21/Jun/2016:10:21:51 -0300] "POST /cormun/servlet/trsolicitudot?2f47793deb1bbb065f309e0b0f4f1367,,gx-no-cache=1466515331384 HTTP/1.1" 200 5234
186.103.157.42 - - [21/Jun/2016:10:21:51 -0300] "POST /cormun/servlet/trsolicitudot?2f47793deb1bbb065f309e0b0f4f1367,,gx-no-cache=1466515331768 HTTP/1.1" 200 5176
186.103.159.182 - - [21/Jun/2016:10:21:53 -0300] "GET /cormun/servlet/solicitudot?INS,0,0, HTTP/1.1" 200 11769
186.103.157.42 - - [21/Jun/2016:10:22:09 -0300] "POST /cormun/servlet/trsolicitudot?2f47793deb1bbb065f309e0b0f4f1367,,gx-no-cache=1466515348932 HTTP/1.1" 200 5172
186.103.157.42 - - [21/Jun/2016:10:22:15 -0300] "POST /cormun/servlet/trsolicitudot?2f47793deb1bbb065f309e0b0f4f1367,,gx-no-cache=1466515355479 HTTP/1.1" 200 5206
186.103.157.42 - - [21/Jun/2016:10:22:15 -0300] "POST /cormun/servlet/trsolicitudot?2f47793deb1bbb065f309e0b0f4f1367,,gx-no-cache=1466515355757 HTTP/1.1" 200 5149
186.103.157.42 - - [21/Jun/2016:10:22:17 -0300] "POST /cormun/servlet/trsolicitudot?2f47793deb1bbb065f309e0b0f4f1367,,gx-no-cache=1466515357786 HTTP/1.1" 200 5207
186.103.157.42 - - [21/Jun/2016:10:22:18 -0300] "POST /cormun/servlet/trsolicitudot?2f47793deb1bbb065f309e0b0f4f1367,,gx-no-cache=1466515358106 HTTP/1.1" 200 5148
186.103.157.42 - - [21/Jun/2016:10:22:20 -0300] "GET /cormun/static/menuarrow.gif HTTP/1.1" 404 1015
186.103.157.42 - - [21/Jun/2016:10:22:24 -0300] "POST /cormun/servlet/trsolicitudot?2f47793deb1bbb065f309e0b0f4f1367,,gx-no-cache=1466515363967 HTTP/1.1" 200 5178
186.103.157.42 - - [21/Jun/2016:10:22:26 -0300] "POST /cormun/servlet/trsolicitudot?2f47793deb1bbb065f309e0b0f4f1367,,gx-no-cache=1466515366084 HTTP/1.1" 200 5178
186.103.157.42 - - [21/Jun/2016:10:22:32 -0300] "POST /cormun/servlet/trsolicitudot?2f47793deb1bbb065f309e0b0f4f1367,,gx-no-cache=1466515372042 HTTP/1.1" 200 5212
186.103.157.42 - - [21/Jun/2016:10:22:32 -0300] "POST /cormun/servlet/trsolicitudot?2f47793deb1bbb065f309e0b0f4f1367,,gx-no-cache=1466515372454 HTTP/1.1" 200 5154
186.103.159.182 - - [21/Jun/2016:10:22:34 -0300] "POST /cormun/servlet/solicitudot?gx-no-cache=1466515369974 HTTP/1.1" 200 2677
186.103.159.182 - - [21/Jun/2016:10:22:34 -0300] "POST /cormun/servlet/solicitudot?0cad069257e95c764395e5a9efc4d559,INS,0,0,,gx-no-cache=1466515370361 HTTP/1.1" 200 8498
186.103.157.42 - - [21/Jun/2016:10:22:34 -0300] "POST /cormun/servlet/trsolicitudot?2f47793deb1bbb065f309e0b0f4f1367,,gx-no-cache=1466515374598 HTTP/1.1" 200 5212
186.103.157.42 - - [21/Jun/2016:10:22:35 -0300] "POST /cormun/servlet/trsolicitudot?2f47793deb1bbb065f309e0b0f4f1367,,gx-no-cache=1466515375035 HTTP/1.1" 200 5154
186.103.159.182 - - [21/Jun/2016:10:22:36 -0300] "GET /cormun/servlet/solicitudot?712043cecd77d4af9618a0ed614c1075aa8be87a8835e2290551e10b51402be882d7d0db35c2c67ff90b356011986797,gx-no-cache=1466515372059 HTTP/1.1" 200 30
186.103.157.42 - - [21/Jun/2016:10:22:37 -0300] "GET /cormun/servlet/trsolicitudot? HTTP/1.1" 200 7871
186.103.157.42 - - [21/Jun/2016:10:22:37 -0300] "GET /cormun/static/gxui/gxui-all.css?120300 HTTP/1.1" 304 -
186.103.157.42 - - [21/Jun/2016:10:22:37 -0300] "GET /cormun/static/Shared/ext/resources/css/ext-all.css?215870 HTTP/1.1" 304 -
186.103.157.42 - - [21/Jun/2016:10:22:37 -0300] "GET /cormun/static/SmoothNavMenu/resources/ddsmoothmenu.css?1012540 HTTP/1.1" 304 -
186.103.157.42 - - [21/Jun/2016:10:22:37 -0300] "GET /cormun/static/SmoothNavMenu/resources/ddsmoothmenu-v.css?1012540 HTTP/1.1" 304 -
186.103.157.42 - - [21/Jun/2016:10:22:37 -0300] "GET /cormun/static/scaMessage/css/jquery.pnotify.default.css?1716380 HTTP/1.1" 304 -
186.103.157.42 - - [21/Jun/2016:10:22:37 -0300] "GET /cormun/static/gxtimezone.js?85251 HTTP/1.1" 304 -
186.103.157.42 - - [21/Jun/2016:10:22:37 -0300] "GET /cormun/static/gxgral.js?85251 HTTP/1.1" 304 -
186.103.157.42 - - [21/Jun/2016:10:22:37 -0300] "GET /cormun/static/gxcfg.js?201631022392470 HTTP/1.1" 304 -
186.103.157.42 - - [21/Jun/2016:10:22:37 -0300] "GET /cormun/static/calendar.js?85251 HTTP/1.1" 304 -
186.103.157.42 - - [21/Jun/2016:10:22:37 -0300] "GET /cormun/static/calendar-setup.js?85251 HTTP/1.1" 304 -
186.103.157.42 - - [21/Jun/2016:10:22:37 -0300] "GET /cormun/static/calendar-es.js?85251 HTTP/1.1" 304 -
186.103.157.42 - - [21/Jun/2016:10:22:37 -0300] "GET /cormun/static/Shared/ext/ext-all.js HTTP/1.1" 304 -
186.103.157.42 - - [21/Jun/2016:10:22:37 -0300] "GET /cormun/static/gxui/gxui-all.js HTTP/1.1" 304 -
186.103.157.42 - - [21/Jun/2016:10:22:37 -0300] "GET /cormun/static/RunJS/RunJS.js HTTP/1.1" 304 -
186.103.157.42 - - [21/Jun/2016:10:22:37 -0300] "GET /cormun/static/PXToolsJavascripts/pexe_autoreload.js HTTP/1.1" 304 -
186.103.157.42 - - [21/Jun/2016:10:22:37 -0300] "GET /cormun/static/PXToolsJavascripts/pexe_cookies.js HTTP/1.1" 304 -
186.103.157.42 - - [21/Jun/2016:10:22:37 -0300] "GET /cormun/static/PXToolsJavascripts/pexe_windows.js HTTP/1.1" 304 -
186.103.157.42 - - [21/Jun/2016:10:22:37 -0300] "GET /cormun/static/Resources/Spanish/PXTools.css?2139548 HTTP/1.1" 304 -
186.103.157.42 - - [21/Jun/2016:10:22:37 -0300] "GET /cormun/static/Shared/jqueryui/jquery-ui.min.css?1245370 HTTP/1.1" 304 -
186.103.157.42 - - [21/Jun/2016:10:22:37 -0300] "GET /cormun/static/PXToolsJavascripts/pexe_griddivfix.js HTTP/1.1" 304 -
186.103.157.42 - - [21/Jun/2016:10:22:37 -0300] "GET /cormun/static/PXToolsJavascripts/pexe_grid.js HTTP/1.1" 304 -
186.103.157.42 - - [21/Jun/2016:10:22:37 -0300] "GET /cormun/static/PXToolsJavascripts/pexe_link.js HTTP/1.1" 304 -
186.103.157.42 - - [21/Jun/2016:10:22:37 -0300] "GET /cormun/static/PXToolsJavascripts/pexe_menudivfix.js HTTP/1.1" 304 -
186.103.157.42 - - [21/Jun/2016:10:22:37 -0300] "GET /cormun/static/PXToolsJavascripts/pexe_menus.js HTTP/1.1" 304 -
186.103.157.42 - - [21/Jun/2016:10:22:37 -0300] "GET /cormun/static/PXToolsJavascripts/pexe_layers.js HTTP/1.1" 304 -
186.103.157.42 - - [21/Jun/2016:10:22:37 -0300] "GET /cormun/static/PXToolsJavascripts/pexe_oav.js HTTP/1.1" 304 -
186.103.157.42 - - [21/Jun/2016:10:22:37 -0300] "GET /cormun/static/calendar-system.css?85620 HTTP/1.1" 304 -
186.103.157.42 - - [21/Jun/2016:10:22:37 -0300] "GET /cormun/static/PXToolsJavascripts/pexe_picture.js HTTP/1.1" 304 -
186.103.157.42 - - [21/Jun/2016:10:22:37 -0300] "GET /cormun/static/PXToolsJavascripts/pexe_oavdivfix.js HTTP/1.1" 304 -
186.103.157.42 - - [21/Jun/2016:10:22:37 -0300] "GET /cormun/static/PXToolsJavascripts/pexe_popup.js HTTP/1.1" 304 -
186.103.157.42 - - [21/Jun/2016:10:22:37 -0300] "GET /cormun/static/PXToolsJavascripts/pexe_scrolldiv.js HTTP/1.1" 304 -
186.103.157.42 - - [21/Jun/2016:10:22:37 -0300] "GET /cormun/static/PXToolsJavascripts/pexe_tabdivfix.js HTTP/1.1" 304 -
186.103.157.42 - - [21/Jun/2016:10:22:37 -0300] "GET /cormun/static/PXToolsJavascripts/pexe_tabs.js HTTP/1.1" 304 -
186.103.157.42 - - [21/Jun/2016:10:22:37 -0300] "GET /cormun/static/Shared/ext/locale/ext-lang-en.js HTTP/1.1" 304 -
186.103.157.42 - - [21/Jun/2016:10:22:37 -0300] "GET /cormun/static/PXToolsJavascripts/pexe_upload.js HTTP/1.1" 304 -
186.103.157.42 - - [21/Jun/2016:10:22:37 -0300] "GET /cormun/static/PXToolsJavascripts/PXToolsJavascriptsRender.js HTTP/1.1" 304 -
186.103.157.42 - - [21/Jun/2016:10:22:37 -0300] "GET /cormun/static/messages.spa.js?85251 HTTP/1.1" 304 -
186.103.157.42 - - [21/Jun/2016:10:22:37 -0300] "GET /cormun/static/gxdec.js?85251 HTTP/1.1" 304 -
186.103.157.42 - - [21/Jun/2016:10:22:37 -0300] "GET /cormun/static/trsolicitudot.js?201631022393178 HTTP/1.1" 304 -
186.103.157.42 - - [21/Jun/2016:10:22:37 -0300] "GET /cormun/static/hpexe_recentlink.js?2015111312121342 HTTP/1.1" 304 -
186.103.157.42 - - [21/Jun/2016:10:22:37 -0300] "GET /cormun/static/hwchdr01.js?20162241650484 HTTP/1.1" 304 -
186.103.157.42 - - [21/Jun/2016:10:22:37 -0300] "GET /cormun/static/hpexe_scripts.js?20151120014546 HTTP/1.1" 304 -
186.103.157.42 - - [21/Jun/2016:10:22:37 -0300] "GET /cormun/static/hpexe_messagecontroller.js?2015112210524422 HTTP/1.1" 304 -
186.103.157.42 - - [21/Jun/2016:10:22:37 -0300] "GET /cormun/static/hpexe_messagepopupcomponent.js?20165162214013 HTTP/1.1" 304 -
186.103.157.42 - - [21/Jun/2016:10:22:37 -0300] "GET /cormun/static/hpexe_messagegenexuscomponent.js?20151120014314 HTTP/1.1" 304 -
186.103.157.42 - - [21/Jun/2016:10:22:37 -0300] "GET /cormun/static/cmcontrolpreferences.js?20151120014525 HTTP/1.1" 304 -
186.103.157.42 - - [21/Jun/2016:10:22:37 -0300] "GET /cormun/static/Shared/jquery/jquery-1.4.2.min.js HTTP/1.1" 304 -
186.103.157.42 - - [21/Jun/2016:10:22:37 -0300] "GET /cormun/static/Shared/jquery/jquery-1.10.2.min.js HTTP/1.1" 304 -
186.103.157.42 - - [21/Jun/2016:10:22:37 -0300] "GET /cormun/static/Shared/jqueryui/jquery-ui.min.js HTTP/1.1" 304 -
186.103.157.42 - - [21/Jun/2016:10:22:37 -0300] "GET /cormun/static/SmoothNavMenu/resources/ddsmoothmenu.js HTTP/1.1" 304 -
186.103.157.42 - - [21/Jun/2016:10:22:37 -0300] "GET /cormun/static/SmoothNavMenu/resources/SmoothNavMenuRender.js HTTP/1.1" 304 -
186.103.157.42 - - [21/Jun/2016:10:22:37 -0300] "GET /cormun/static/scaMessage/js/jquery.pnotify.min.js HTTP/1.1" 304 -
186.103.157.42 - - [21/Jun/2016:10:22:37 -0300] "GET /cormun/static/scaMessage/scaMessageRender.js HTTP/1.1" 304 -
186.103.157.42 - - [21/Jun/2016:10:22:37 -0300] "GET /cormun/static/hmpwkw03.js?201651622203894 HTTP/1.1" 304 -
186.103.157.42 - - [21/Jun/2016:10:22:37 -0300] "GET /cormun/static/Resources/logo4.png HTTP/1.1" 304 -
186.103.157.42 - - [21/Jun/2016:10:22:37 -0300] "GET /cormun/static/Resources/PXToolsHeaderActionsLeft.png HTTP/1.1" 304 -
186.103.157.42 - - [21/Jun/2016:10:22:37 -0300] "GET /cormun/static/Resources/PXToolsHeaderHome.png HTTP/1.1" 304 -
186.103.157.42 - - [21/Jun/2016:10:22:37 -0300] "GET /cormun/static/Resources/PXToolsHeaderPreferences.png HTTP/1.1" 304 -
186.103.157.42 - - [21/Jun/2016:10:22:37 -0300] "GET /cormun/static/Resources/PXToolsHeaderLogin.png HTTP/1.1" 304 -
186.103.157.42 - - [21/Jun/2016:10:22:37 -0300] "GET /cormun/static/Resources/PXToolsHeaderSecurity.png HTTP/1.1" 304 -
186.103.157.42 - - [21/Jun/2016:10:22:37 -0300] "GET /cormun/static/Resources/PXToolsHeaderActionsRight.png HTTP/1.1" 304 -
186.103.157.42 - - [21/Jun/2016:10:22:37 -0300] "GET /cormun/static/Resources/PXToolsGridPreviousDisabled.gif HTTP/1.1" 304 -
186.103.157.42 - - [21/Jun/2016:10:22:37 -0300] "GET /cormun/static/Resources/PXToolsGridFirstDisabled.gif HTTP/1.1" 304 -
186.103.157.42 - - [21/Jun/2016:10:22:37 -0300] "GET /cormun/static/Resources/PXToolsGridNextDisabled.gif HTTP/1.1" 304 -
186.103.157.42 - - [21/Jun/2016:10:22:37 -0300] "GET /cormun/static/Resources/PXToolsGridLastDisabled.gif HTTP/1.1" 304 -
186.103.157.42 - - [21/Jun/2016:10:22:37 -0300] "GET /cormun/static/Resources/PXToolsGridPage.gif HTTP/1.1" 304 -
186.103.157.42 - - [21/Jun/2016:10:22:37 -0300] "GET /cormun/static/Resources/PXToolsActionExcel.png HTTP/1.1" 304 -
186.103.157.42 - - [21/Jun/2016:10:22:37 -0300] "GET /cormun/static/Resources/PXTools/calendar.png HTTP/1.1" 304 -
186.103.157.42 - - [21/Jun/2016:10:22:37 -0300] "GET /cormun/static/Resources/PXToolsDataSearch.png HTTP/1.1" 304 -
186.103.157.42 - - [21/Jun/2016:10:22:38 -0300] "GET /cormun/static/Resources/PXToolsGridNew.png HTTP/1.1" 304 -
186.103.157.42 - - [21/Jun/2016:10:22:38 -0300] "GET /cormun/static/Resources/PXToolsFooterBackground2.png HTTP/1.1" 304 -
186.103.157.42 - - [21/Jun/2016:10:22:38 -0300] "GET /cormun/static/Resources/PXToolsHeaderActionsBackground.png HTTP/1.1" 304 -
186.103.157.42 - - [21/Jun/2016:10:22:38 -0300] "GET /cormun/static/Resources/indicator.gif HTTP/1.1" 304 -
186.103.157.42 - - [21/Jun/2016:10:22:38 -0300] "GET /cormun/static/Resources/asc.gif HTTP/1.1" 304 -
186.103.157.42 - - [21/Jun/2016:10:22:38 -0300] "GET /cormun/static/Resources/desc.gif HTTP/1.1" 304 -
186.103.157.42 - - [21/Jun/2016:10:22:38 -0300] "GET /cormun//static/Resources/PXToolsActionView.png HTTP/1.1" 304 -
186.103.157.42 - - [21/Jun/2016:10:22:38 -0300] "GET /cormun//static/Resources/PXToolsGridUpdate.png HTTP/1.1" 304 -
186.103.157.42 - - [21/Jun/2016:10:22:38 -0300] "GET /cormun//static/Resources/PXToolsGridDelete.png HTTP/1.1" 304 -
186.103.157.42 - - [21/Jun/2016:10:22:38 -0300] "GET /cormun//static/Resources/PXToolsRemoveAllAction.png HTTP/1.1" 304 -
186.103.157.42 - - [21/Jun/2016:10:22:38 -0300] "GET /cormun//static/Resources/PXTools/ActionInsert.png HTTP/1.1" 304 -
186.103.157.42 - - [21/Jun/2016:10:22:38 -0300] "GET /cormun/servlet/trsolicitudot? HTTP/1.1" 200 7865
186.103.157.42 - - [21/Jun/2016:10:22:38 -0300] "GET /cormun/static/SmoothNavMenu/resources/images/down.gif HTTP/1.1" 304 -
186.103.157.42 - - [21/Jun/2016:10:22:39 -0300] "GET /favicon.ico HTTP/1.1" 200 21630
186.103.157.42 - - [21/Jun/2016:10:22:42 -0300] "POST /cormun/servlet/trsolicitudot?2f47793deb1bbb065f309e0b0f4f1367,,gx-no-cache=1466515382499 HTTP/1.1" 200 3857
186.103.157.42 - - [21/Jun/2016:10:22:47 -0300] "POST /cormun/servlet/trsolicitudot?2f47793deb1bbb065f309e0b0f4f1367,,gx-no-cache=1466515387144 HTTP/1.1" 200 5178
186.103.157.42 - - [21/Jun/2016:10:22:50 -0300] "POST /cormun/servlet/trsolicitudot?2f47793deb1bbb065f309e0b0f4f1367,,gx-no-cache=1466515389853 HTTP/1.1" 200 5212
186.103.157.42 - - [21/Jun/2016:10:22:50 -0300] "POST /cormun/servlet/trsolicitudot?2f47793deb1bbb065f309e0b0f4f1367,,gx-no-cache=1466515390248 HTTP/1.1" 200 5153
186.103.157.42 - - [21/Jun/2016:10:22:58 -0300] "POST /cormun/servlet/trsolicitudot?2f47793deb1bbb065f309e0b0f4f1367,,gx-no-cache=1466515398582 HTTP/1.1" 200 5492
186.103.157.42 - - [21/Jun/2016:10:23:05 -0300] "POST /cormun/servlet/trsolicitudot?2f47793deb1bbb065f309e0b0f4f1367,,gx-no-cache=1466515405163 HTTP/1.1" 200 5246
186.103.157.42 - - [21/Jun/2016:10:23:06 -0300] "POST /cormun/servlet/trsolicitudot?2f47793deb1bbb065f309e0b0f4f1367,,gx-no-cache=1466515406128 HTTP/1.1" 200 5187
186.103.157.42 - - [21/Jun/2016:10:23:09 -0300] "POST /cormun/servlet/trsolicitudot?2f47793deb1bbb065f309e0b0f4f1367,,gx-no-cache=1466515409446 HTTP/1.1" 200 104
186.103.157.42 - - [21/Jun/2016:10:23:09 -0300] "GET /cormun/servlet/solicitudot?DLT,2016,2116, HTTP/1.1" 200 8799
186.103.157.42 - - [21/Jun/2016:10:23:09 -0300] "GET /cormun/static/gxcfg.js?201631710541238 HTTP/1.1" 304 -
186.103.157.42 - - [21/Jun/2016:10:23:09 -0300] "GET /cormun/static/solicitudot.js?201631710541292 HTTP/1.1" 304 -
186.103.157.42 - - [21/Jun/2016:10:23:11 -0300] "GET /cormun/servlet/solicitudot?DLT,2016,2116, HTTP/1.1" 200 8809
186.103.157.42 - - [21/Jun/2016:10:23:17 -0300] "POST /cormun/servlet/solicitudot?2f47793deb1bbb065f309e0b0f4f1367,DLT,2016,2116,,gx-no-cache=1466515417482 HTTP/1.1" 200 9602
186.103.157.42 - - [21/Jun/2016:10:23:17 -0300] "GET /cormun/static/Shared/jqueryui/images/ui-bg_flat_55_994d53_40x100.png HTTP/1.1" 404 1097
186.103.157.42 - - [21/Jun/2016:10:23:17 -0300] "GET /cormun/static/Shared/jqueryui/images/ui-icons_ebccce_256x240.png HTTP/1.1" 404 1089
186.103.157.42 - - [21/Jun/2016:10:23:30 -0300] "GET /cormun/servlet/trsolicitudot? HTTP/1.1" 200 7896
186.103.157.42 - - [21/Jun/2016:10:23:31 -0300] "GET /cormun/servlet/trsolicitudot? HTTP/1.1" 200 7890
186.103.157.42 - - [21/Jun/2016:10:23:36 -0300] "POST /cormun/servlet/trsolicitudot?2f47793deb1bbb065f309e0b0f4f1367,,gx-no-cache=1466515436024 HTTP/1.1" 200 5551
186.103.157.42 - - [21/Jun/2016:10:23:44 -0300] "POST /cormun/servlet/trsolicitudot?2f47793deb1bbb065f309e0b0f4f1367,,gx-no-cache=1466515444527 HTTP/1.1" 200 5587
186.103.157.42 - - [21/Jun/2016:10:23:45 -0300] "POST /cormun/servlet/trsolicitudot?2f47793deb1bbb065f309e0b0f4f1367,,gx-no-cache=1466515444918 HTTP/1.1" 200 5527
186.103.157.42 - - [21/Jun/2016:10:23:46 -0300] "POST /cormun/servlet/trsolicitudot?2f47793deb1bbb065f309e0b0f4f1367,,gx-no-cache=1466515446845 HTTP/1.1" 200 5587
186.103.157.42 - - [21/Jun/2016:10:23:47 -0300] "POST /cormun/servlet/trsolicitudot?2f47793deb1bbb065f309e0b0f4f1367,,gx-no-cache=1466515447232 HTTP/1.1" 200 5527
186.103.157.42 - - [21/Jun/2016:10:23:55 -0300] "POST /cormun/servlet/trsolicitudot?2f47793deb1bbb065f309e0b0f4f1367,,gx-no-cache=1466515455716 HTTP/1.1" 200 3849
186.103.157.42 - - [21/Jun/2016:10:23:57 -0300] "POST /cormun/servlet/trsolicitudot?2f47793deb1bbb065f309e0b0f4f1367,,gx-no-cache=1466515457408 HTTP/1.1" 200 3849
186.103.159.182 - - [21/Jun/2016:10:24:09 -0300] "POST /cormun/servlet/solicitudot?gx-no-cache=1466515464910 HTTP/1.1" 200 30
186.103.159.182 - - [21/Jun/2016:10:24:14 -0300] "POST /cormun/servlet/solicitudot?gx-no-cache=1466515470004 HTTP/1.1" 200 30
186.103.159.182 - - [21/Jun/2016:10:24:15 -0300] "POST /cormun/servlet/solicitudot?gx-no-cache=1466515471293 HTTP/1.1" 200 480
186.103.159.182 - - [21/Jun/2016:10:24:15 -0300] "GET /cormun/servlet/solicitudot?712043cecd77d4af9618a0ed614c1075817f5355040790d0d81c1ac5dc2e169fd239faabf678e50322e03c6e56be4ce3c6044a045d73396d0f5f4f8840bd291f008ab659f7b446fd8b79b2d8032bb913cf8f3cf25c06ebbf52d478be52eb5f836bdf1acb5c295e0eeca0139f56dec968e358aa17c6596f54347320b7fd7b06a0b600f022713e8c1440abc39473e2480e,gx-no-cache=1466515471409 HTTP/1.1" 200 38
186.103.157.42 - - [21/Jun/2016:10:24:16 -0300] "POST /cormun/servlet/trsolicitudot?2f47793deb1bbb065f309e0b0f4f1367,,gx-no-cache=1466515476679 HTTP/1.1" 200 5551
186.103.159.182 - - [21/Jun/2016:10:24:25 -0300] "GET /cormun/servlet/solicitudot?712043cecd77d4af9618a0ed614c1075b8af566c88959ba61e107dcd10347236689ba531c213eed00503bb3d435505cdae45fe5cd94e180f4f730a2a9b9451fd81f79493c98eddf0c113bd7da7234a8c188657a583af99c28a23f299dc28a3df57f0391da27bbf2e757817fed73a8ffc,gx-no-cache=1466515481302 HTTP/1.1" 200 29
186.103.159.182 - - [21/Jun/2016:10:24:29 -0300] "POST /cormun/servlet/solicitudot?gx-no-cache=1466515485476 HTTP/1.1" 200 1144
186.103.157.42 - - [21/Jun/2016:10:24:34 -0300] "POST /cormun/servlet/trsolicitudot?2f47793deb1bbb065f309e0b0f4f1367,,gx-no-cache=1466515494732 HTTP/1.1" 200 5587
186.103.157.42 - - [21/Jun/2016:10:24:35 -0300] "POST /cormun/servlet/trsolicitudot?2f47793deb1bbb065f309e0b0f4f1367,,gx-no-cache=1466515495286 HTTP/1.1" 200 5527
186.103.157.42 - - [21/Jun/2016:10:24:36 -0300] "POST /cormun/servlet/trsolicitudot?2f47793deb1bbb065f309e0b0f4f1367,,gx-no-cache=1466515496255 HTTP/1.1" 200 5588
186.103.157.42 - - [21/Jun/2016:10:24:37 -0300] "POST /cormun/servlet/trsolicitudot?2f47793deb1bbb065f309e0b0f4f1367,,gx-no-cache=1466515496697 HTTP/1.1" 200 5526
186.103.157.42 - - [21/Jun/2016:10:24:37 -0300] "POST /cormun/servlet/trsolicitudot?2f47793deb1bbb065f309e0b0f4f1367,,gx-no-cache=1466515497492 HTTP/1.1" 200 5586
186.103.157.42 - - [21/Jun/2016:10:24:37 -0300] "POST /cormun/servlet/trsolicitudot?2f47793deb1bbb065f309e0b0f4f1367,,gx-no-cache=1466515497912 HTTP/1.1" 200 5527
186.103.157.42 - - [21/Jun/2016:10:24:51 -0300] "GET /cormun/servlet/hlogin HTTP/1.1" 200 1728
186.103.159.182 - - [21/Jun/2016:10:24:56 -0300] "GET /cormun/servlet/solicitudot?712043cecd77d4af9618a0ed614c10752f61568ea28f768b3eacfa43e02f0fe64d561a03b8c1dcd2269f98560bf11b43f2d0fa8e173438bdeb53e585fcade543d8f0069cfe5d9fa7b94facfdfb0b55d1b889c4131121e764b0bcc7c3a2c5c1cd40dbf52650fc4e98fc964cc77af7158c39939412e010ed100b5652b2dfd9f85972b91d3a630a50f80f53a21e581f91febae39c93c1b2032453069a4539c5f49d,gx-no-cache=1466515511797 HTTP/1.1" 200 30
186.103.159.182 - - [21/Jun/2016:10:25:11 -0300] "POST /cormun/servlet/solicitudot?0cad069257e95c764395e5a9efc4d559,INS,0,0,,gx-no-cache=1466515527388 HTTP/1.1" 200 9455
186.103.159.182 - - [21/Jun/2016:10:25:12 -0300] "GET /cormun/static/Shared/jqueryui/images/ui-bg_highlight-soft_100_c6c2c8_1x100.png HTTP/1.1" 404 1117
186.103.159.182 - - [21/Jun/2016:10:25:12 -0300] "GET /cormun/static/Shared/jqueryui/images/ui-icons_82798d_256x240.png HTTP/1.1" 404 1089
186.103.159.182 - - [21/Jun/2016:10:25:12 -0300] "GET /cormun/static/Shared/jqueryui/images/ui-bg_flat_55_994d53_40x100.png HTTP/1.1" 404 1097
186.103.159.182 - - [21/Jun/2016:10:25:12 -0300] "GET /cormun/static/Shared/jqueryui/images/ui-icons_ebccce_256x240.png HTTP/1.1" 404 1089
186.103.159.182 - - [21/Jun/2016:10:25:17 -0300] "POST /cormun/servlet/solicitudot?gx-no-cache=1466515533811 HTTP/1.1" 200 30
186.103.159.182 - - [21/Jun/2016:10:25:18 -0300] "POST /cormun/servlet/solicitudot?gx-no-cache=1466515533866 HTTP/1.1" 200 1182
186.103.159.182 - - [21/Jun/2016:10:25:18 -0300] "GET /cormun/servlet/solicitudot?712043cecd77d4af9618a0ed614c1075817f5355040790d0d81c1ac5dc2e169fd239faabf678e50322e03c6e56be4ce3c6044a045d73396d0f5f4f8840bd291f008ab659f7b446fd8b79b2d8032bb913cf8f3cf25c06ebbf52d478be52eb5f836bdf1acb5c295e0eeca0139f56dec968e358aa17c6596f54347320b7fd7b06a0b600f022713e8c1440abc39473e2480e,gx-no-cache=1466515533943 HTTP/1.1" 200 38
186.103.159.182 - - [21/Jun/2016:10:25:18 -0300] "POST /cormun/servlet/solicitudot?gx-no-cache=1466515533981 HTTP/1.1" 200 1144
186.103.159.182 - - [21/Jun/2016:10:25:18 -0300] "GET /cormun/servlet/solicitudot?712043cecd77d4af9618a0ed614c10752f61568ea28f768b3eacfa43e02f0fe64d561a03b8c1dcd2269f98560bf11b43f2d0fa8e173438bdeb53e585fcade543d8f0069cfe5d9fa7b94facfdfb0b55d1b889c4131121e764b0bcc7c3a2c5c1cd40dbf52650fc4e98fc964cc77af7158c39939412e010ed100b5652b2dfd9f85972b91d3a630a50f80f53a21e581f91febae39c93c1b2032453069a4539c5f49d,gx-no-cache=1466515534037 HTTP/1.1" 200 30
186.103.159.182 - - [21/Jun/2016:10:25:18 -0300] "POST /cormun/servlet/solicitudot?0cad069257e95c764395e5a9efc4d559,INS,0,0,,gx-no-cache=1466515534088 HTTP/1.1" 200 93
186.103.159.182 - - [21/Jun/2016:10:25:18 -0300] "GET /cormun/servlet/hpexe_return? HTTP/1.1" 200 1009
186.103.159.182 - - [21/Jun/2016:10:25:19 -0300] "GET /cormun/servlet/trsolicitudot HTTP/1.1" 200 7814
186.103.159.182 - - [21/Jun/2016:10:25:21 -0300] "GET /cormun/servlet/trsolicitudot HTTP/1.1" 200 7810
186.103.157.42 - - [21/Jun/2016:10:25:22 -0300] "POST /cormun/servlet/hlogin?2f47793deb1bbb065f309e0b0f4f1367,gx-no-cache=1466515542537 HTTP/1.1" 200 90
186.103.157.42 - - [21/Jun/2016:10:25:22 -0300] "GET /cormun/servlet/hpexe_link HTTP/1.1" 200 958
186.103.157.42 - - [21/Jun/2016:10:25:23 -0300] "GET /cormun/servlet/trsolicitudot? HTTP/1.1" 200 8242
186.103.157.42 - - [21/Jun/2016:10:25:24 -0300] "GET /cormun/servlet/trsolicitudot? HTTP/1.1" 200 8240
186.103.159.182 - - [21/Jun/2016:10:25:29 -0300] "POST /cormun/servlet/trsolicitudot?0cad069257e95c764395e5a9efc4d559,gx-no-cache=1466515545421 HTTP/1.1" 200 106
186.103.159.182 - - [21/Jun/2016:10:25:29 -0300] "GET /cormun/servlet/trsolicitudadjuntos?2016,2141, HTTP/1.1" 200 5619
186.103.159.182 - - [21/Jun/2016:10:25:29 -0300] "GET /cormun/static/gxcfg.js?2016311731090 HTTP/1.1" 200 953
186.103.159.182 - - [21/Jun/2016:10:25:29 -0300] "GET /cormun/static/Resources/Spanish/PXTools.css?171692 HTTP/1.1" 200 89042
186.103.159.182 - - [21/Jun/2016:10:25:30 -0300] "GET /cormun/static/trsolicitudadjuntos.js?2016311731342 HTTP/1.1" 200 17913
186.103.159.182 - - [21/Jun/2016:10:25:31 -0300] "GET /cormun/servlet/trsolicitudadjuntos?2016,2141, HTTP/1.1" 200 5619
186.103.159.182 - - [21/Jun/2016:10:25:34 -0300] "GET /cormun/servlet/solicitudotadjuntos?INS,2016,2141,,1, HTTP/1.1" 200 5713
186.103.159.182 - - [21/Jun/2016:10:25:34 -0300] "GET /cormun/static/gxcfg.js?201631622493247 HTTP/1.1" 200 953
186.103.159.182 - - [21/Jun/2016:10:25:34 -0300] "GET /cormun/static/solicitudotadjuntos.js?201631622493267 HTTP/1.1" 200 11762
186.103.159.182 - - [21/Jun/2016:10:25:35 -0300] "GET /cormun/static/about:blank HTTP/1.1" 404 1011
186.103.157.42 - - [21/Jun/2016:10:25:36 -0300] "POST /cormun/servlet/trsolicitudot?2f47793deb1bbb065f309e0b0f4f1367,,gx-no-cache=1466515555879 HTTP/1.1" 200 5579
186.103.157.42 - - [21/Jun/2016:10:25:36 -0300] "GET /cormun/static/Shared/jqueryui/images/ui-bg_highlight-soft_100_c6c2c8_1x100.png HTTP/1.1" 404 1117
186.103.157.42 - - [21/Jun/2016:10:25:36 -0300] "GET /cormun/static/Shared/jqueryui/images/ui-icons_82798d_256x240.png HTTP/1.1" 404 1089
186.103.157.42 - - [21/Jun/2016:10:25:36 -0300] "GET /cormun/static/Shared/jqueryui/images/ui-bg_flat_55_fafafa_40x100.png HTTP/1.1" 404 1097
186.103.157.42 - - [21/Jun/2016:10:25:36 -0300] "GET /cormun/static/Shared/jqueryui/images/ui-icons_8d78a5_256x240.png HTTP/1.1" 404 1089
186.103.157.42 - - [21/Jun/2016:10:25:36 -0300] "POST /cormun/servlet/trsolicitudot?2f47793deb1bbb065f309e0b0f4f1367,,gx-no-cache=1466515556316 HTTP/1.1" 200 5518
186.103.159.182 - - [21/Jun/2016:10:25:36 -0300] "GET /cormun/servlet/solicitudotadjuntos?INS,2016,2141,,1, HTTP/1.1" 200 5707
186.103.159.182 - - [21/Jun/2016:10:25:37 -0300] "GET /cormun/servlet/solicitudotadjuntos?712043cecd77d4af9618a0ed614c107591d9412f1d32c1ca6dafa5aed81b0229891bad05dc66ed8ae5e2a72e7e26ded1,gx-no-cache=1466515552853 HTTP/1.1" 200 30
186.103.159.182 - - [21/Jun/2016:10:25:37 -0300] "POST /cormun/servlet/solicitudotadjuntos?0cad069257e95c764395e5a9efc4d559,INS,2016,2141,,1,,gx-no-cache=1466515553016 HTTP/1.1" 200 3542
186.103.159.182 - - [21/Jun/2016:10:25:39 -0300] "POST /cormun/servlet/solicitudotadjuntos?gx-no-cache=1466515554956 HTTP/1.1" 200 26
186.103.157.42 - - [21/Jun/2016:10:25:40 -0300] "POST /cormun/servlet/trsolicitudot?2f47793deb1bbb065f309e0b0f4f1367,,gx-no-cache=1466515560388 HTTP/1.1" 200 5579
186.103.157.42 - - [21/Jun/2016:10:25:40 -0300] "POST /cormun/servlet/trsolicitudot?2f47793deb1bbb065f309e0b0f4f1367,,gx-no-cache=1466515560679 HTTP/1.1" 200 5519
186.103.157.42 - - [21/Jun/2016:10:25:47 -0300] "POST /cormun/servlet/trsolicitudot?2f47793deb1bbb065f309e0b0f4f1367,,gx-no-cache=1466515565647 HTTP/1.1" 200 3842
186.103.159.182 - - [21/Jun/2016:10:25:48 -0300] "GET /cormun/servlet/solicitudotadjuntos?712043cecd77d4af9618a0ed614c1075f8e1651bde9812fe8e79583707491693,gx-no-cache=1466515564044 HTTP/1.1" 200 30
186.103.159.182 - - [21/Jun/2016:10:25:48 -0300] "GET /cormun/servlet/solicitudotadjuntos?712043cecd77d4af9618a0ed614c1075f8e1651bde9812fe8e79583707491693,gx-no-cache=1466515564090 HTTP/1.1" 200 30
186.103.159.182 - - [21/Jun/2016:10:25:50 -0300] "POST /cormun/servlet/solicitudotadjuntos?0cad069257e95c764395e5a9efc4d559,INS,2016,2141,,1, HTTP/1.1" 200 116
186.103.159.182 - - [21/Jun/2016:10:25:50 -0300] "GET /cormun/servlet/hpexe_return? HTTP/1.1" 200 1026
186.103.157.42 - - [21/Jun/2016:10:25:51 -0300] "GET /cormun/static/menuarrow.gif HTTP/1.1" 404 1015
186.103.159.182 - - [21/Jun/2016:10:25:51 -0300] "GET /cormun/servlet/trsolicitudadjuntos?2016,2141, HTTP/1.1" 200 7506
186.103.159.182 - - [21/Jun/2016:10:25:53 -0300] "GET /cormun/servlet/trsolicitudadjuntos?2016,2141, HTTP/1.1" 200 7502
186.103.159.182 - - [21/Jun/2016:10:25:56 -0300] "GET /cormun/servlet/solicitudotadjuntos?INS,2016,2141,,1, HTTP/1.1" 200 5711
186.103.159.182 - - [21/Jun/2016:10:25:56 -0300] "GET /cormun/static/about:blank HTTP/1.1" 404 1011
186.103.157.42 - - [21/Jun/2016:10:25:56 -0300] "POST /cormun/servlet/trsolicitudot?2f47793deb1bbb065f309e0b0f4f1367,,gx-no-cache=1466515576522 HTTP/1.1" 200 3843
186.103.157.42 - - [21/Jun/2016:10:25:57 -0300] "POST /cormun/servlet/trsolicitudot?2f47793deb1bbb065f309e0b0f4f1367,,gx-no-cache=1466515577639 HTTP/1.1" 200 3844
186.103.159.182 - - [21/Jun/2016:10:25:57 -0300] "GET /cormun/servlet/solicitudotadjuntos?INS,2016,2141,,1, HTTP/1.1" 200 5705
186.103.159.182 - - [21/Jun/2016:10:25:58 -0300] "GET /cormun/servlet/solicitudotadjuntos?712043cecd77d4af9618a0ed614c107591d9412f1d32c1ca6dafa5aed81b0229891bad05dc66ed8ae5e2a72e7e26ded1,gx-no-cache=1466515574206 HTTP/1.1" 200 30
186.103.159.182 - - [21/Jun/2016:10:25:58 -0300] "POST /cormun/servlet/solicitudotadjuntos?0cad069257e95c764395e5a9efc4d559,INS,2016,2141,,1,,gx-no-cache=1466515574276 HTTP/1.1" 200 3541
186.103.159.182 - - [21/Jun/2016:10:26:00 -0300] "POST /cormun/servlet/solicitudotadjuntos?gx-no-cache=1466515576084 HTTP/1.1" 200 26
186.103.157.42 - - [21/Jun/2016:10:26:03 -0300] "POST /cormun/servlet/trsolicitudot?2f47793deb1bbb065f309e0b0f4f1367,,gx-no-cache=1466515583541 HTTP/1.1" 200 5546
186.103.159.182 - - [21/Jun/2016:10:26:05 -0300] "GET /cormun/servlet/solicitudotadjuntos?712043cecd77d4af9618a0ed614c1075f8e1651bde9812fe8e79583707491693,gx-no-cache=1466515581698 HTTP/1.1" 200 30
186.103.159.182 - - [21/Jun/2016:10:26:05 -0300] "GET /cormun/servlet/solicitudotadjuntos?712043cecd77d4af9618a0ed614c1075f8e1651bde9812fe8e79583707491693,gx-no-cache=1466515581762 HTTP/1.1" 200 30
186.103.159.182 - - [21/Jun/2016:10:26:07 -0300] "POST /cormun/servlet/solicitudotadjuntos?0cad069257e95c764395e5a9efc4d559,INS,2016,2141,,1, HTTP/1.1" 200 116
186.103.159.182 - - [21/Jun/2016:10:26:07 -0300] "GET /cormun/servlet/hpexe_return? HTTP/1.1" 200 1026
186.103.159.182 - - [21/Jun/2016:10:26:07 -0300] "GET /cormun/servlet/trsolicitudadjuntos?2016,2141, HTTP/1.1" 200 7706
186.103.159.182 - - [21/Jun/2016:10:26:09 -0300] "GET /cormun/servlet/trsolicitudadjuntos?2016,2141, HTTP/1.1" 200 7703
186.103.159.182 - - [21/Jun/2016:10:26:11 -0300] "GET /cormun/servlet/solicitudotadjuntos?INS,2016,2141,,1, HTTP/1.1" 200 5711
186.103.159.182 - - [21/Jun/2016:10:26:11 -0300] "GET /cormun/static/about:blank HTTP/1.1" 404 1011
186.103.159.182 - - [21/Jun/2016:10:26:12 -0300] "GET /cormun/servlet/solicitudotadjuntos?INS,2016,2141,,1, HTTP/1.1" 200 5705
186.103.159.182 - - [21/Jun/2016:10:26:13 -0300] "GET /cormun/servlet/solicitudotadjuntos?712043cecd77d4af9618a0ed614c107591d9412f1d32c1ca6dafa5aed81b0229891bad05dc66ed8ae5e2a72e7e26ded1,gx-no-cache=1466515589101 HTTP/1.1" 200 30
186.103.159.182 - - [21/Jun/2016:10:26:13 -0300] "POST /cormun/servlet/solicitudotadjuntos?0cad069257e95c764395e5a9efc4d559,INS,2016,2141,,1,,gx-no-cache=1466515589192 HTTP/1.1" 200 3541
186.103.159.182 - - [21/Jun/2016:10:26:15 -0300] "POST /cormun/servlet/solicitudotadjuntos?gx-no-cache=1466515591251 HTTP/1.1" 200 26
186.103.157.42 - - [21/Jun/2016:10:26:17 -0300] "POST /cormun/servlet/trsolicitudot?2f47793deb1bbb065f309e0b0f4f1367,,gx-no-cache=1466515597198 HTTP/1.1" 200 5580
186.103.157.42 - - [21/Jun/2016:10:26:17 -0300] "POST /cormun/servlet/trsolicitudot?2f47793deb1bbb065f309e0b0f4f1367,,gx-no-cache=1466515597668 HTTP/1.1" 200 5519
186.103.157.42 - - [21/Jun/2016:10:26:19 -0300] "POST /cormun/servlet/trsolicitudot?2f47793deb1bbb065f309e0b0f4f1367,,gx-no-cache=1466515599274 HTTP/1.1" 200 5580
186.103.157.42 - - [21/Jun/2016:10:26:19 -0300] "POST /cormun/servlet/trsolicitudot?2f47793deb1bbb065f309e0b0f4f1367,,gx-no-cache=1466515599805 HTTP/1.1" 200 5519
186.103.159.182 - - [21/Jun/2016:10:26:20 -0300] "GET /cormun/servlet/solicitudotadjuntos?712043cecd77d4af9618a0ed614c1075f8e1651bde9812fe8e79583707491693,gx-no-cache=1466515596197 HTTP/1.1" 200 30
186.103.159.182 - - [21/Jun/2016:10:26:20 -0300] "GET /cormun/servlet/solicitudotadjuntos?712043cecd77d4af9618a0ed614c1075f8e1651bde9812fe8e79583707491693,gx-no-cache=1466515596256 HTTP/1.1" 200 30
186.103.157.42 - - [21/Jun/2016:10:26:21 -0300] "POST /cormun/servlet/trsolicitudot?2f47793deb1bbb065f309e0b0f4f1367,,gx-no-cache=1466515600747 HTTP/1.1" 200 5579
186.103.157.42 - - [21/Jun/2016:10:26:21 -0300] "POST /cormun/servlet/trsolicitudot?2f47793deb1bbb065f309e0b0f4f1367,,gx-no-cache=1466515601337 HTTP/1.1" 200 5519
186.103.157.42 - - [21/Jun/2016:10:26:22 -0300] "POST /cormun/servlet/trsolicitudot?2f47793deb1bbb065f309e0b0f4f1367,,gx-no-cache=1466515602239 HTTP/1.1" 200 5579
186.103.157.42 - - [21/Jun/2016:10:26:23 -0300] "POST /cormun/servlet/trsolicitudot?2f47793deb1bbb065f309e0b0f4f1367,,gx-no-cache=1466515603278 HTTP/1.1" 200 5519
186.103.157.42 - - [21/Jun/2016:10:26:32 -0300] "GET /cormun/servlet/trsolicitudot? HTTP/1.1" 200 8240
186.103.157.42 - - [21/Jun/2016:10:26:33 -0300] "GET /cormun/servlet/trsolicitudot? HTTP/1.1" 200 8240
186.103.157.42 - - [21/Jun/2016:10:26:36 -0300] "POST /cormun/servlet/trsolicitudot?2f47793deb1bbb065f309e0b0f4f1367,,gx-no-cache=1466515616148 HTTP/1.1" 200 5199
186.103.157.42 - - [21/Jun/2016:10:26:40 -0300] "POST /cormun/servlet/trsolicitudot?2f47793deb1bbb065f309e0b0f4f1367,,gx-no-cache=1466515620111 HTTP/1.1" 200 104
186.103.157.42 - - [21/Jun/2016:10:26:40 -0300] "GET /cormun/servlet/solicitudot?DLT,2016,2116, HTTP/1.1" 200 8799
186.103.157.42 - - [21/Jun/2016:10:26:41 -0300] "GET /cormun/static/Shared/jqueryui/images/ui-bg_highlight-soft_100_c6c2c8_1x100.png HTTP/1.1" 404 1117
186.103.157.42 - - [21/Jun/2016:10:26:41 -0300] "GET /cormun/static/Shared/jqueryui/images/ui-icons_82798d_256x240.png HTTP/1.1" 404 1089
186.103.157.42 - - [21/Jun/2016:10:26:41 -0300] "GET /cormun/static/Shared/jqueryui/images/ui-bg_flat_55_fafafa_40x100.png HTTP/1.1" 404 1097
186.103.157.42 - - [21/Jun/2016:10:26:41 -0300] "GET /cormun/static/Shared/jqueryui/images/ui-icons_8d78a5_256x240.png HTTP/1.1" 404 1089
186.103.157.42 - - [21/Jun/2016:10:26:42 -0300] "GET /cormun/servlet/solicitudot?DLT,2016,2116, HTTP/1.1" 200 8809
186.103.159.182 - - [21/Jun/2016:10:26:44 -0300] "POST /cormun/servlet/solicitudotadjuntos?0cad069257e95c764395e5a9efc4d559,INS,2016,2141,,1, HTTP/1.1" 200 116
186.103.159.182 - - [21/Jun/2016:10:26:44 -0300] "GET /cormun/servlet/hpexe_return? HTTP/1.1" 200 1026
186.103.159.182 - - [21/Jun/2016:10:26:45 -0300] "GET /cormun/servlet/trsolicitudadjuntos?2016,2141, HTTP/1.1" 200 7845
186.103.159.182 - - [21/Jun/2016:10:26:47 -0300] "GET /cormun/servlet/trsolicitudadjuntos?2016,2141, HTTP/1.1" 200 7846
186.103.159.182 - - [21/Jun/2016:10:26:51 -0300] "GET /cormun/servlet/solicitudotadjuntos?INS,2016,2141,,1, HTTP/1.1" 200 5711
186.103.159.182 - - [21/Jun/2016:10:26:51 -0300] "GET /cormun/static/about:blank HTTP/1.1" 404 1011
186.103.157.42 - - [21/Jun/2016:10:26:52 -0300] "POST /cormun/servlet/solicitudot?2f47793deb1bbb065f309e0b0f4f1367,DLT,2016,2116,,gx-no-cache=1466515629455 HTTP/1.1" 200 9602
186.103.157.42 - - [21/Jun/2016:10:26:52 -0300] "GET /cormun/static/Shared/jqueryui/images/ui-icons_ebccce_256x240.png HTTP/1.1" 404 1089
186.103.157.42 - - [21/Jun/2016:10:26:52 -0300] "GET /cormun/static/Shared/jqueryui/images/ui-bg_flat_55_994d53_40x100.png HTTP/1.1" 404 1097
186.103.159.182 - - [21/Jun/2016:10:26:53 -0300] "GET /cormun/servlet/solicitudotadjuntos?INS,2016,2141,,1, HTTP/1.1" 200 5706
186.103.159.182 - - [21/Jun/2016:10:26:53 -0300] "GET /cormun/servlet/solicitudotadjuntos?712043cecd77d4af9618a0ed614c107591d9412f1d32c1ca6dafa5aed81b0229891bad05dc66ed8ae5e2a72e7e26ded1,gx-no-cache=1466515629547 HTTP/1.1" 200 30
186.103.159.182 - - [21/Jun/2016:10:26:53 -0300] "POST /cormun/servlet/solicitudotadjuntos?0cad069257e95c764395e5a9efc4d559,INS,2016,2141,,1,,gx-no-cache=1466515629631 HTTP/1.1" 200 3541
186.103.159.182 - - [21/Jun/2016:10:26:55 -0300] "POST /cormun/servlet/solicitudotadjuntos?gx-no-cache=1466515631478 HTTP/1.1" 200 26
186.103.159.182 - - [21/Jun/2016:10:27:00 -0300] "GET /cormun/servlet/solicitudotadjuntos?712043cecd77d4af9618a0ed614c1075f8e1651bde9812fe8e79583707491693,gx-no-cache=1466515636167 HTTP/1.1" 200 30
186.103.159.182 - - [21/Jun/2016:10:27:00 -0300] "GET /cormun/servlet/solicitudotadjuntos?712043cecd77d4af9618a0ed614c1075f8e1651bde9812fe8e79583707491693,gx-no-cache=1466515636201 HTTP/1.1" 200 30
186.103.157.42 - - [21/Jun/2016:10:27:02 -0300] "GET /cormun/servlet/trsolicitudot? HTTP/1.1" 200 7896
186.103.159.182 - - [21/Jun/2016:10:27:03 -0300] "POST /cormun/servlet/solicitudotadjuntos?0cad069257e95c764395e5a9efc4d559,INS,2016,2141,,1, HTTP/1.1" 200 116
186.103.159.182 - - [21/Jun/2016:10:27:03 -0300] "GET /cormun/servlet/hpexe_return? HTTP/1.1" 200 1026
186.103.157.42 - - [21/Jun/2016:10:27:03 -0300] "GET /cormun/servlet/trsolicitudot? HTTP/1.1" 200 7890
186.103.159.182 - - [21/Jun/2016:10:27:04 -0300] "GET /cormun/servlet/trsolicitudadjuntos?2016,2141, HTTP/1.1" 200 7965
186.103.159.182 - - [21/Jun/2016:10:27:06 -0300] "GET /cormun/servlet/trsolicitudadjuntos?2016,2141, HTTP/1.1" 200 7965
186.103.159.182 - - [21/Jun/2016:10:27:09 -0300] "GET /cormun/servlet/solicitudotadjuntos?INS,2016,2141,,1, HTTP/1.1" 200 5712
186.103.159.182 - - [21/Jun/2016:10:27:09 -0300] "GET /cormun/static/about:blank HTTP/1.1" 404 1011
186.103.159.182 - - [21/Jun/2016:10:27:11 -0300] "GET /cormun/servlet/solicitudotadjuntos?INS,2016,2141,,1, HTTP/1.1" 200 5706
186.103.159.182 - - [21/Jun/2016:10:27:11 -0300] "GET /cormun/servlet/solicitudotadjuntos?712043cecd77d4af9618a0ed614c107591d9412f1d32c1ca6dafa5aed81b0229891bad05dc66ed8ae5e2a72e7e26ded1,gx-no-cache=1466515647521 HTTP/1.1" 200 30
186.103.159.182 - - [21/Jun/2016:10:27:11 -0300] "POST /cormun/servlet/solicitudotadjuntos?0cad069257e95c764395e5a9efc4d559,INS,2016,2141,,1,,gx-no-cache=1466515647648 HTTP/1.1" 200 3542
186.103.159.182 - - [21/Jun/2016:10:27:13 -0300] "POST /cormun/servlet/solicitudotadjuntos?gx-no-cache=1466515649821 HTTP/1.1" 200 26
186.103.157.42 - - [21/Jun/2016:10:27:16 -0300] "POST /cormun/servlet/trsolicitudot?2f47793deb1bbb065f309e0b0f4f1367,,gx-no-cache=1466515653250 HTTP/1.1" 200 3988
186.103.157.42 - - [21/Jun/2016:10:27:16 -0300] "GET /cormun/static/Shared/jqueryui/images/ui-bg_highlight-soft_100_c6c2c8_1x100.png HTTP/1.1" 404 1117
186.103.157.42 - - [21/Jun/2016:10:27:16 -0300] "GET /cormun/static/Shared/jqueryui/images/ui-icons_82798d_256x240.png HTTP/1.1" 404 1089
186.103.157.42 - - [21/Jun/2016:10:27:16 -0300] "GET /cormun/static/Shared/jqueryui/images/ui-bg_flat_55_fafafa_40x100.png HTTP/1.1" 404 1097
186.103.157.42 - - [21/Jun/2016:10:27:16 -0300] "GET /cormun/static/Shared/jqueryui/images/ui-icons_8d78a5_256x240.png HTTP/1.1" 404 1089
186.103.157.42 - - [21/Jun/2016:10:27:16 -0300] "POST /cormun/servlet/trsolicitudot?2f47793deb1bbb065f309e0b0f4f1367,,gx-no-cache=1466515656184 HTTP/1.1" 200 3828
186.103.159.182 - - [21/Jun/2016:10:27:18 -0300] "GET /cormun/servlet/solicitudotadjuntos?712043cecd77d4af9618a0ed614c1075f8e1651bde9812fe8e79583707491693,gx-no-cache=1466515654816 HTTP/1.1" 200 30
186.103.159.182 - - [21/Jun/2016:10:27:19 -0300] "GET /cormun/servlet/solicitudotadjuntos?712043cecd77d4af9618a0ed614c1075f8e1651bde9812fe8e79583707491693,gx-no-cache=1466515654872 HTTP/1.1" 200 30
186.103.157.42 - - [21/Jun/2016:10:27:20 -0300] "POST /cormun/servlet/trsolicitudot?2f47793deb1bbb065f309e0b0f4f1367,,gx-no-cache=1466515660486 HTTP/1.1" 200 5808
186.103.157.42 - - [21/Jun/2016:10:27:27 -0300] "POST /cormun/servlet/trsolicitudot?2f47793deb1bbb065f309e0b0f4f1367,,gx-no-cache=1466515667489 HTTP/1.1" 200 5843
186.103.157.42 - - [21/Jun/2016:10:27:27 -0300] "POST /cormun/servlet/trsolicitudot?2f47793deb1bbb065f309e0b0f4f1367,,gx-no-cache=1466515667903 HTTP/1.1" 200 5784
186.103.157.42 - - [21/Jun/2016:10:27:30 -0300] "POST /cormun/servlet/trsolicitudot?2f47793deb1bbb065f309e0b0f4f1367,,gx-no-cache=1466515669921 HTTP/1.1" 200 5843
186.103.157.42 - - [21/Jun/2016:10:27:30 -0300] "POST /cormun/servlet/trsolicitudot?2f47793deb1bbb065f309e0b0f4f1367,,gx-no-cache=1466515670317 HTTP/1.1" 200 5784
186.103.157.42 - - [21/Jun/2016:10:27:37 -0300] "POST /cormun/servlet/trsolicitudot?2f47793deb1bbb065f309e0b0f4f1367,,gx-no-cache=1466515677512 HTTP/1.1" 200 106
186.103.157.42 - - [21/Jun/2016:10:27:38 -0300] "GET /cormun/servlet/trsolicitudadjuntos?2016,2116, HTTP/1.1" 200 8147
186.103.157.42 - - [21/Jun/2016:10:27:39 -0300] "GET /cormun//static/Resources/PXToolsActionDisabled.gif HTTP/1.1" 200 53
186.103.157.42 - - [21/Jun/2016:10:27:40 -0300] "GET /cormun/servlet/trsolicitudadjuntos?2016,2116, HTTP/1.1" 200 8157
186.103.157.42 - - [21/Jun/2016:10:27:43 -0300] "GET /cormun/PublicTempStorage/carnet2145062.jpg HTTP/1.1" 200 207713
186.103.157.42 - - [21/Jun/2016:10:27:46 -0300] "GET /cormun/servlet/trsolicitudadjuntos?2016,2116, HTTP/1.1" 200 8144
186.103.157.42 - - [21/Jun/2016:10:27:48 -0300] "GET /cormun/servlet/trsolicitudadjuntos?2016,2116, HTTP/1.1" 200 8157
186.103.157.42 - - [21/Jun/2016:10:27:51 -0300] "GET /cormun/servlet/trsolicitudot? HTTP/1.1" 200 8496
186.103.157.42 - - [21/Jun/2016:10:27:55 -0300] "GET /cormun/servlet/trsolicitudot? HTTP/1.1" 200 8489
186.103.159.182 - - [21/Jun/2016:10:27:58 -0300] "POST /cormun/servlet/solicitudotadjuntos?0cad069257e95c764395e5a9efc4d559,INS,2016,2141,,1, HTTP/1.1" 200 6141
186.103.157.42 - - [21/Jun/2016:10:28:00 -0300] "POST /cormun/servlet/trsolicitudot?2f47793deb1bbb065f309e0b0f4f1367,,gx-no-cache=1466515699987 HTTP/1.1" 200 5785
186.103.157.42 - - [21/Jun/2016:10:28:06 -0300] "POST /cormun/servlet/trsolicitudot?2f47793deb1bbb065f309e0b0f4f1367,,gx-no-cache=1466515705896 HTTP/1.1" 200 5784
186.103.157.42 - - [21/Jun/2016:10:28:07 -0300] "POST /cormun/servlet/trsolicitudot?2f47793deb1bbb065f309e0b0f4f1367,,gx-no-cache=1466515707676 HTTP/1.1" 200 5785
186.103.157.42 - - [21/Jun/2016:10:28:10 -0300] "GET /cormun/servlet/trsolicitudot? HTTP/1.1" 200 8496
186.103.157.42 - - [21/Jun/2016:10:28:10 -0300] "GET /cormun/static/gxui/gxui-all.css?120300 HTTP/1.1" 304 -
186.103.157.42 - - [21/Jun/2016:10:28:10 -0300] "GET /cormun/static/calendar-system.css?85620 HTTP/1.1" 304 -
186.103.157.42 - - [21/Jun/2016:10:28:10 -0300] "GET /cormun/static/Resources/Spanish/PXTools.css?2139548 HTTP/1.1" 304 -
186.103.157.42 - - [21/Jun/2016:10:28:10 -0300] "GET /cormun/static/Shared/ext/resources/css/ext-all.css?215870 HTTP/1.1" 304 -
186.103.157.42 - - [21/Jun/2016:10:28:10 -0300] "GET /cormun/static/Shared/jqueryui/jquery-ui.min.css?1245370 HTTP/1.1" 304 -
186.103.157.42 - - [21/Jun/2016:10:28:10 -0300] "GET /cormun/static/SmoothNavMenu/resources/ddsmoothmenu.css?1012540 HTTP/1.1" 304 -
186.103.157.42 - - [21/Jun/2016:10:28:10 -0300] "GET /cormun/static/SmoothNavMenu/resources/ddsmoothmenu-v.css?1012540 HTTP/1.1" 304 -
186.103.157.42 - - [21/Jun/2016:10:28:10 -0300] "GET /cormun/static/scaMessage/css/jquery.pnotify.default.css?1716380 HTTP/1.1" 304 -
186.103.157.42 - - [21/Jun/2016:10:28:10 -0300] "GET /cormun/static/gxtimezone.js?85251 HTTP/1.1" 304 -
186.103.157.42 - - [21/Jun/2016:10:28:10 -0300] "GET /cormun/static/gxgral.js?85251 HTTP/1.1" 304 -
186.103.157.42 - - [21/Jun/2016:10:28:10 -0300] "GET /cormun/static/gxcfg.js?201631022392470 HTTP/1.1" 304 -
186.103.157.42 - - [21/Jun/2016:10:28:10 -0300] "GET /cormun/static/calendar.js?85251 HTTP/1.1" 304 -
186.103.157.42 - - [21/Jun/2016:10:28:10 -0300] "GET /cormun/static/calendar-setup.js?85251 HTTP/1.1" 304 -
186.103.157.42 - - [21/Jun/2016:10:28:10 -0300] "GET /cormun/static/calendar-es.js?85251 HTTP/1.1" 304 -
186.103.157.42 - - [21/Jun/2016:10:28:10 -0300] "GET /cormun/static/Shared/ext/ext-all.js HTTP/1.1" 304 -
186.103.157.42 - - [21/Jun/2016:10:28:10 -0300] "GET /cormun/static/RunJS/RunJS.js HTTP/1.1" 304 -
186.103.157.42 - - [21/Jun/2016:10:28:10 -0300] "GET /cormun/static/gxui/gxui-all.js HTTP/1.1" 304 -
186.103.157.42 - - [21/Jun/2016:10:28:10 -0300] "GET /cormun/static/PXToolsJavascripts/pexe_autoreload.js HTTP/1.1" 304 -
186.103.157.42 - - [21/Jun/2016:10:28:10 -0300] "GET /cormun/static/PXToolsJavascripts/pexe_cookies.js HTTP/1.1" 304 -
186.103.157.42 - - [21/Jun/2016:10:28:10 -0300] "GET /cormun/static/PXToolsJavascripts/pexe_grid.js HTTP/1.1" 304 -
186.103.157.42 - - [21/Jun/2016:10:28:10 -0300] "GET /cormun/static/PXToolsJavascripts/pexe_windows.js HTTP/1.1" 304 -
186.103.157.42 - - [21/Jun/2016:10:28:10 -0300] "GET /cormun/static/PXToolsJavascripts/pexe_griddivfix.js HTTP/1.1" 304 -
186.103.157.42 - - [21/Jun/2016:10:28:10 -0300] "GET /cormun/static/PXToolsJavascripts/pexe_link.js HTTP/1.1" 304 -
186.103.157.42 - - [21/Jun/2016:10:28:10 -0300] "GET /cormun/static/PXToolsJavascripts/pexe_menudivfix.js HTTP/1.1" 304 -
186.103.157.42 - - [21/Jun/2016:10:28:10 -0300] "GET /cormun/static/PXToolsJavascripts/pexe_menus.js HTTP/1.1" 304 -
186.103.157.42 - - [21/Jun/2016:10:28:10 -0300] "GET /cormun/static/PXToolsJavascripts/pexe_layers.js HTTP/1.1" 304 -
186.103.157.42 - - [21/Jun/2016:10:28:10 -0300] "GET /cormun/static/PXToolsJavascripts/pexe_oav.js HTTP/1.1" 304 -
186.103.157.42 - - [21/Jun/2016:10:28:10 -0300] "GET /cormun/static/PXToolsJavascripts/pexe_oavdivfix.js HTTP/1.1" 304 -
186.103.157.42 - - [21/Jun/2016:10:28:10 -0300] "GET /cormun/static/PXToolsJavascripts/pexe_picture.js HTTP/1.1" 304 -
186.103.157.42 - - [21/Jun/2016:10:28:10 -0300] "GET /cormun/static/PXToolsJavascripts/pexe_popup.js HTTP/1.1" 304 -
186.103.157.42 - - [21/Jun/2016:10:28:10 -0300] "GET /cormun/static/PXToolsJavascripts/pexe_scrolldiv.js HTTP/1.1" 304 -
186.103.157.42 - - [21/Jun/2016:10:28:10 -0300] "GET /cormun/static/PXToolsJavascripts/pexe_tabdivfix.js HTTP/1.1" 304 -
186.103.157.42 - - [21/Jun/2016:10:28:10 -0300] "GET /cormun/static/PXToolsJavascripts/pexe_tabs.js HTTP/1.1" 304 -
186.103.157.42 - - [21/Jun/2016:10:28:10 -0300] "GET /cormun/static/PXToolsJavascripts/pexe_upload.js HTTP/1.1" 304 -
186.103.157.42 - - [21/Jun/2016:10:28:10 -0300] "GET /cormun/static/PXToolsJavascripts/PXToolsJavascriptsRender.js HTTP/1.1" 304 -
186.103.157.42 - - [21/Jun/2016:10:28:10 -0300] "GET /cormun/static/Shared/ext/locale/ext-lang-en.js HTTP/1.1" 304 -
186.103.157.42 - - [21/Jun/2016:10:28:10 -0300] "GET /cormun/static/messages.spa.js?85251 HTTP/1.1" 304 -
186.103.157.42 - - [21/Jun/2016:10:28:10 -0300] "GET /cormun/static/gxdec.js?85251 HTTP/1.1" 304 -
186.103.157.42 - - [21/Jun/2016:10:28:10 -0300] "GET /cormun/static/trsolicitudot.js?201631022393178 HTTP/1.1" 304 -
186.103.157.42 - - [21/Jun/2016:10:28:10 -0300] "GET /cormun/static/hwchdr01.js?20162241650484 HTTP/1.1" 304 -
186.103.157.42 - - [21/Jun/2016:10:28:10 -0300] "GET /cormun/static/hpexe_recentlink.js?2015111312121342 HTTP/1.1" 304 -
186.103.157.42 - - [21/Jun/2016:10:28:10 -0300] "GET /cormun/static/hpexe_scripts.js?20151120014546 HTTP/1.1" 304 -
186.103.157.42 - - [21/Jun/2016:10:28:10 -0300] "GET /cormun/static/hpexe_messagecontroller.js?2015112210524422 HTTP/1.1" 304 -
186.103.157.42 - - [21/Jun/2016:10:28:10 -0300] "GET /cormun/static/hpexe_messagepopupcomponent.js?20165162214013 HTTP/1.1" 304 -
186.103.157.42 - - [21/Jun/2016:10:28:10 -0300] "GET /cormun/static/hpexe_messagegenexuscomponent.js?20151120014314 HTTP/1.1" 304 -
186.103.157.42 - - [21/Jun/2016:10:28:10 -0300] "GET /cormun/static/cmcontrolpreferences.js?20151120014525 HTTP/1.1" 304 -
186.103.157.42 - - [21/Jun/2016:10:28:10 -0300] "GET /cormun/static/Shared/jquery/jquery-1.4.2.min.js HTTP/1.1" 304 -
186.103.157.42 - - [21/Jun/2016:10:28:10 -0300] "GET /cormun/static/Shared/jquery/jquery-1.10.2.min.js HTTP/1.1" 304 -
186.103.157.42 - - [21/Jun/2016:10:28:10 -0300] "GET /cormun/static/Shared/jqueryui/jquery-ui.min.js HTTP/1.1" 304 -
186.103.157.42 - - [21/Jun/2016:10:28:11 -0300] "GET /cormun/static/SmoothNavMenu/resources/ddsmoothmenu.js HTTP/1.1" 304 -
186.103.157.42 - - [21/Jun/2016:10:28:11 -0300] "GET /cormun/static/SmoothNavMenu/resources/SmoothNavMenuRender.js HTTP/1.1" 304 -
186.103.157.42 - - [21/Jun/2016:10:28:11 -0300] "GET /cormun/static/scaMessage/js/jquery.pnotify.min.js HTTP/1.1" 304 -
186.103.157.42 - - [21/Jun/2016:10:28:11 -0300] "GET /cormun/static/hmpwkw03.js?201651622203894 HTTP/1.1" 304 -
186.103.157.42 - - [21/Jun/2016:10:28:11 -0300] "GET /cormun/static/Resources/PXToolsHeaderActionsLeft.png HTTP/1.1" 304 -
186.103.157.42 - - [21/Jun/2016:10:28:11 -0300] "GET /cormun/static/Resources/PXToolsHeaderHome.png HTTP/1.1" 304 -
186.103.157.42 - - [21/Jun/2016:10:28:11 -0300] "GET /cormun/static/scaMessage/scaMessageRender.js HTTP/1.1" 304 -
186.103.157.42 - - [21/Jun/2016:10:28:11 -0300] "GET /cormun/static/Resources/logo4.png HTTP/1.1" 304 -
186.103.157.42 - - [21/Jun/2016:10:28:11 -0300] "GET /cormun/static/Resources/PXToolsFooterBackground2.png HTTP/1.1" 304 -
186.103.157.42 - - [21/Jun/2016:10:28:11 -0300] "GET /cormun/static/Resources/PXToolsHeaderBackground2.png HTTP/1.1" 304 -
186.103.157.42 - - [21/Jun/2016:10:28:11 -0300] "GET /cormun/static/Resources/PXToolsHeaderActionsBackground.png HTTP/1.1" 304 -
186.103.157.42 - - [21/Jun/2016:10:28:11 -0300] "GET /cormun/static/Resources/PXToolsDataTitle.png HTTP/1.1" 304 -
186.103.157.42 - - [21/Jun/2016:10:28:11 -0300] "GET /cormun/static/Resources/PXToolsHeaderLogin.png HTTP/1.1" 304 -
186.103.157.42 - - [21/Jun/2016:10:28:11 -0300] "GET /cormun/static/Resources/PXToolsHeaderActionsRight.png HTTP/1.1" 304 -
186.103.157.42 - - [21/Jun/2016:10:28:11 -0300] "GET /cormun/static/Resources/PXToolsHeaderSecurity.png HTTP/1.1" 304 -
186.103.157.42 - - [21/Jun/2016:10:28:11 -0300] "GET /cormun/static/Resources/PXTools/calendar.png HTTP/1.1" 304 -
