186.103.157.235 - - [15/Jun/2016:13:26:23 -0300] "GET /cormun/static/Resources/Spanish/PXTools.css?2139548 HTTP/1.1" 200 89042
186.103.157.235 - - [15/Jun/2016:13:26:23 -0300] "GET /cormun/static/Shared/ext/resources/css/ext-all.css?215870 HTTP/1.1" 200 416045
186.103.157.235 - - [15/Jun/2016:13:26:25 -0300] "GET /cormun/static/Resources/PXToolsGridNew.png HTTP/1.1" 200 2949
186.103.157.235 - - [15/Jun/2016:13:26:25 -0300] "GET /cormun/static/trsolicitudot.js?201631022393178 HTTP/1.1" 200 44568
186.103.159.186 - - [15/Jun/2016:13:26:25 -0300] "GET /cormun/servlet/solicitudotadjuntos?b06239b73a96bfd8a2b7f5429ed89e5500ff804fc2c56410d4575d676930fdcc,gx-no-cache=1466008110894 HTTP/1.1" 200 30
186.103.159.186 - - [15/Jun/2016:13:26:25 -0300] "GET /cormun/servlet/solicitudotadjuntos?b06239b73a96bfd8a2b7f5429ed89e5500ff804fc2c56410d4575d676930fdcc,gx-no-cache=1466008110940 HTTP/1.1" 200 30
186.103.159.186 - - [15/Jun/2016:13:26:26 -0300] "POST /cormun/servlet/solicitudotadjuntos?b9846edbe7d66f7f1da40ef68956fd99,INS,2016,2097,,1, HTTP/1.1" 200 116
186.103.157.235 - - [15/Jun/2016:13:26:26 -0300] "GET /cormun/servlet/trsolicitudot? HTTP/1.1" 200 6594
186.103.159.186 - - [15/Jun/2016:13:26:26 -0300] "GET /cormun/servlet/hpexe_return? HTTP/1.1" 200 1027
186.103.159.186 - - [15/Jun/2016:13:26:26 -0300] "GET /cormun/servlet/trsolicitudadjuntos?2016,2097, HTTP/1.1" 200 7831
186.103.159.186 - - [15/Jun/2016:13:26:27 -0300] "GET /cormun/servlet/trsolicitudadjuntos?2016,2097, HTTP/1.1" 200 7829
186.103.157.235 - - [15/Jun/2016:13:26:29 -0300] "GET /cormun/static/menuarrow.gif HTTP/1.1" 404 1015
186.103.159.186 - - [15/Jun/2016:13:26:31 -0300] "GET /cormun/servlet/solicitudotadjuntos?INS,2016,2097,,1, HTTP/1.1" 200 5620
186.103.159.186 - - [15/Jun/2016:13:26:31 -0300] "GET /cormun/static/about:blank HTTP/1.1" 404 1011
186.103.159.186 - - [15/Jun/2016:13:26:31 -0300] "GET /cormun/servlet/solicitudotadjuntos?INS,2016,2097,,1, HTTP/1.1" 200 5614
186.103.159.186 - - [15/Jun/2016:13:26:32 -0300] "GET /cormun/servlet/solicitudotadjuntos?b06239b73a96bfd8a2b7f5429ed89e5556a687912b584595c6b0099dffef2bbf51ca162686d7869b3886f12b7ac807bd,gx-no-cache=1466008117757 HTTP/1.1" 200 30
186.103.159.186 - - [15/Jun/2016:13:26:32 -0300] "POST /cormun/servlet/solicitudotadjuntos?b9846edbe7d66f7f1da40ef68956fd99,INS,2016,2097,,1,,gx-no-cache=1466008117815 HTTP/1.1" 200 3485
186.103.157.235 - - [15/Jun/2016:13:26:34 -0300] "POST /cormun/servlet/trsolicitudot?c5d7e017879c90b15ad3fde1efad7ab0,,gx-no-cache=1466008009809 HTTP/1.1" 200 3830
186.103.159.186 - - [15/Jun/2016:13:26:37 -0300] "POST /cormun/servlet/solicitudotadjuntos?gx-no-cache=1466008123478 HTTP/1.1" 200 26
186.103.159.186 - - [15/Jun/2016:13:26:46 -0300] "GET /cormun/servlet/solicitudotadjuntos?b06239b73a96bfd8a2b7f5429ed89e5500ff804fc2c56410d4575d676930fdcc,gx-no-cache=1466008132976 HTTP/1.1" 200 30
186.103.159.186 - - [15/Jun/2016:13:26:46 -0300] "GET /cormun/servlet/solicitudotadjuntos?b06239b73a96bfd8a2b7f5429ed89e5500ff804fc2c56410d4575d676930fdcc,gx-no-cache=1466008133239 HTTP/1.1" 200 30
186.103.159.186 - - [15/Jun/2016:13:26:46 -0300] "POST /cormun/servlet/solicitudotadjuntos?b9846edbe7d66f7f1da40ef68956fd99,INS,2016,2097,,1, HTTP/1.1" 200 116
186.103.159.186 - - [15/Jun/2016:13:26:46 -0300] "GET /cormun/servlet/hpexe_return? HTTP/1.1" 200 1027
186.103.159.186 - - [15/Jun/2016:13:26:47 -0300] "GET /cormun/servlet/trsolicitudadjuntos?2016,2097, HTTP/1.1" 200 7945
186.103.159.186 - - [15/Jun/2016:13:26:47 -0300] "GET /cormun/servlet/trsolicitudadjuntos?2016,2097, HTTP/1.1" 200 7944
186.103.159.186 - - [15/Jun/2016:13:26:50 -0300] "GET /cormun/servlet/solicitudotadjuntos?INS,2016,2097,,1, HTTP/1.1" 200 5621
186.103.159.186 - - [15/Jun/2016:13:26:50 -0300] "GET /cormun/static/about:blank HTTP/1.1" 404 1011
186.103.159.186 - - [15/Jun/2016:13:26:51 -0300] "GET /cormun/servlet/solicitudotadjuntos?INS,2016,2097,,1, HTTP/1.1" 200 5615
186.103.157.235 - - [15/Jun/2016:13:26:51 -0300] "POST /cormun/servlet/trsolicitudot?c5d7e017879c90b15ad3fde1efad7ab0,,gx-no-cache=1466008025815 HTTP/1.1" 200 5142
186.103.159.186 - - [15/Jun/2016:13:26:51 -0300] "GET /cormun/servlet/solicitudotadjuntos?b06239b73a96bfd8a2b7f5429ed89e5556a687912b584595c6b0099dffef2bbf51ca162686d7869b3886f12b7ac807bd,gx-no-cache=1466008138984 HTTP/1.1" 200 30
186.103.157.235 - - [15/Jun/2016:13:26:51 -0300] "GET /cormun//static/Resources/PXToolsActionView.png HTTP/1.1" 200 2995
186.103.159.186 - - [15/Jun/2016:13:26:51 -0300] "POST /cormun/servlet/solicitudotadjuntos?b9846edbe7d66f7f1da40ef68956fd99,INS,2016,2097,,1,,gx-no-cache=1466008139044 HTTP/1.1" 200 3485
186.103.157.235 - - [15/Jun/2016:13:26:51 -0300] "GET /cormun//static/Resources/PXToolsGridUpdate.png HTTP/1.1" 200 2984
186.103.157.235 - - [15/Jun/2016:13:26:51 -0300] "GET /cormun//static/Resources/PXToolsGridDelete.png HTTP/1.1" 200 357
186.103.157.235 - - [15/Jun/2016:13:26:51 -0300] "GET /cormun//static/Resources/PXToolsRemoveAllAction.png HTTP/1.1" 200 3558
186.103.157.235 - - [15/Jun/2016:13:26:51 -0300] "GET /cormun//static/Resources/PXTools/ActionInsert.png HTTP/1.1" 200 1482
186.103.159.186 - - [15/Jun/2016:13:26:54 -0300] "POST /cormun/servlet/solicitudotadjuntos?gx-no-cache=1466008142122 HTTP/1.1" 200 26
186.103.159.186 - - [15/Jun/2016:13:27:05 -0300] "GET /cormun/servlet/solicitudotadjuntos?b06239b73a96bfd8a2b7f5429ed89e5500ff804fc2c56410d4575d676930fdcc,gx-no-cache=1466008154812 HTTP/1.1" 200 30
186.103.159.186 - - [15/Jun/2016:13:27:05 -0300] "GET /cormun/servlet/solicitudotadjuntos?b06239b73a96bfd8a2b7f5429ed89e5500ff804fc2c56410d4575d676930fdcc,gx-no-cache=1466008154889 HTTP/1.1" 200 30
186.103.159.186 - - [15/Jun/2016:13:27:06 -0300] "POST /cormun/servlet/solicitudotadjuntos?b9846edbe7d66f7f1da40ef68956fd99,INS,2016,2097,,1, HTTP/1.1" 200 116
186.103.159.186 - - [15/Jun/2016:13:27:07 -0300] "GET /cormun/servlet/hpexe_return? HTTP/1.1" 200 1027
186.103.159.186 - - [15/Jun/2016:13:27:07 -0300] "GET /cormun/servlet/trsolicitudadjuntos?2016,2097, HTTP/1.1" 200 8069
186.103.158.250 - - [15/Jun/2016:13:27:07 -0300] "GET /cormun/servlet/hlogin HTTP/1.1" 200 1724
186.103.159.186 - - [15/Jun/2016:13:27:08 -0300] "GET /cormun/servlet/trsolicitudadjuntos?2016,2097, HTTP/1.1" 200 8070
186.103.157.235 - - [15/Jun/2016:13:27:08 -0300] "POST /cormun/servlet/trsolicitudot?c5d7e017879c90b15ad3fde1efad7ab0,,gx-no-cache=1466008042835 HTTP/1.1" 200 5177
186.103.157.235 - - [15/Jun/2016:13:27:08 -0300] "GET /cormun/static/Shared/jqueryui/images/ui-bg_highlight-soft_100_c6c2c8_1x100.png HTTP/1.1" 404 1117
186.103.157.235 - - [15/Jun/2016:13:27:08 -0300] "GET /cormun/static/Shared/jqueryui/images/ui-icons_82798d_256x240.png HTTP/1.1" 404 1089
186.103.157.235 - - [15/Jun/2016:13:27:08 -0300] "GET /cormun/static/Shared/jqueryui/images/ui-bg_flat_55_fafafa_40x100.png HTTP/1.1" 404 1097
186.103.157.235 - - [15/Jun/2016:13:27:08 -0300] "GET /cormun/static/Shared/jqueryui/images/ui-icons_8d78a5_256x240.png HTTP/1.1" 404 1089
186.103.157.235 - - [15/Jun/2016:13:27:09 -0300] "POST /cormun/servlet/trsolicitudot?c5d7e017879c90b15ad3fde1efad7ab0,,gx-no-cache=1466008044130 HTTP/1.1" 200 5117
186.103.159.186 - - [15/Jun/2016:13:27:15 -0300] "POST /cormun/servlet/trsolicitudadjuntos?b9846edbe7d66f7f1da40ef68956fd99,2016,2097,,gx-no-cache=1466008164811 HTTP/1.1" 200 90
186.103.159.186 - - [15/Jun/2016:13:27:15 -0300] "GET /cormun/servlet/hpexe_link HTTP/1.1" 200 988
186.103.159.186 - - [15/Jun/2016:13:27:15 -0300] "GET /cormun/servlet/trsolicitudot?gx-no-cache=1466007545712 HTTP/1.1" 200 7738
186.103.157.235 - - [15/Jun/2016:13:27:16 -0300] "GET /cormun/servlet/trautorizarsolicitud? HTTP/1.1" 200 6535
186.103.159.186 - - [15/Jun/2016:13:27:16 -0300] "GET /cormun/servlet/trsolicitudot?gx-no-cache=1466007545712 HTTP/1.1" 200 7758
186.103.157.235 - - [15/Jun/2016:13:27:17 -0300] "GET /cormun/servlet/trautorizarsolicitud? HTTP/1.1" 200 6535
186.103.158.250 - - [15/Jun/2016:13:27:18 -0300] "POST /cormun/servlet/hlogin?bd1bc1bec036a201f8e39a1daa9eaed1,gx-no-cache=1466007895034 HTTP/1.1" 200 90
186.103.158.250 - - [15/Jun/2016:13:27:18 -0300] "GET /cormun/servlet/hpexe_link HTTP/1.1" 200 952
186.103.158.250 - - [15/Jun/2016:13:27:18 -0300] "GET /cormun/servlet/hhome HTTP/1.1" 200 3610
186.103.158.250 - - [15/Jun/2016:13:27:21 -0300] "GET /cormun/servlet/hhome HTTP/1.1" 200 3607
186.103.157.235 - - [15/Jun/2016:13:27:30 -0300] "POST /cormun/servlet/trautorizarsolicitud?c5d7e017879c90b15ad3fde1efad7ab0,,gx-no-cache=1466008065240 HTTP/1.1" 200 5106
186.103.158.250 - - [15/Jun/2016:13:27:32 -0300] "GET /cormun/servlet/trvisualizadoreventos? HTTP/1.1" 200 6343
186.103.159.186 - - [15/Jun/2016:13:27:32 -0300] "POST /cormun/servlet/trsolicitudot?b9846edbe7d66f7f1da40ef68956fd99,gx-no-cache=1466007545712,gx-no-cache=1466008183926 HTTP/1.1" 200 3916
186.103.159.186 - - [15/Jun/2016:13:27:32 -0300] "POST /cormun/servlet/trsolicitudot?b9846edbe7d66f7f1da40ef68956fd99,gx-no-cache=1466007545712,gx-no-cache=1466008184445 HTTP/1.1" 200 3755
186.103.158.250 - - [15/Jun/2016:13:27:34 -0300] "GET /cormun/servlet/trvisualizadoreventos? HTTP/1.1" 200 6343
186.103.159.186 - - [15/Jun/2016:13:27:36 -0300] "GET /cormun/static/Shared/jqueryui/images/ui-bg_highlight-soft_100_eae6ea_1x100.png HTTP/1.1" 404 1117
186.103.158.250 - - [15/Jun/2016:13:27:38 -0300] "GET /cormun/static/menuarrow.gif HTTP/1.1" 404 1015
186.103.157.235 - - [15/Jun/2016:13:27:42 -0300] "POST /cormun/servlet/trautorizarsolicitud?c5d7e017879c90b15ad3fde1efad7ab0,,gx-no-cache=1466008077658 HTTP/1.1" 200 3923
186.103.157.235 - - [15/Jun/2016:13:27:43 -0300] "POST /cormun/servlet/trautorizarsolicitud?c5d7e017879c90b15ad3fde1efad7ab0,,gx-no-cache=1466008078189 HTTP/1.1" 200 3780
186.103.158.250 - - [15/Jun/2016:13:27:46 -0300] "POST /cormun/servlet/trvisualizadoreventos?bd1bc1bec036a201f8e39a1daa9eaed1,,gx-no-cache=1466007923050 HTTP/1.1" 200 3608
186.103.158.250 - - [15/Jun/2016:13:27:51 -0300] "POST /cormun/servlet/trvisualizadoreventos?bd1bc1bec036a201f8e39a1daa9eaed1,,gx-no-cache=1466007928417 HTTP/1.1" 200 3608
186.103.159.186 - - [15/Jun/2016:13:27:53 -0300] "GET /cormun/servlet/hlogin HTTP/1.1" 200 1722
186.103.158.250 - - [15/Jun/2016:13:28:02 -0300] "POST /cormun/servlet/trvisualizadoreventos?bd1bc1bec036a201f8e39a1daa9eaed1,,gx-no-cache=1466007938648 HTTP/1.1" 200 3612
186.103.159.186 - - [15/Jun/2016:13:28:05 -0300] "POST /cormun/servlet/hlogin?b9846edbe7d66f7f1da40ef68956fd99,gx-no-cache=1466008219743 HTTP/1.1" 200 90
186.103.159.186 - - [15/Jun/2016:13:28:05 -0300] "GET /cormun/servlet/hpexe_link HTTP/1.1" 200 950
186.103.159.186 - - [15/Jun/2016:13:28:05 -0300] "GET /cormun/servlet/hhome HTTP/1.1" 200 3621
186.103.158.250 - - [15/Jun/2016:13:28:06 -0300] "POST /cormun/servlet/trvisualizadoreventos?bd1bc1bec036a201f8e39a1daa9eaed1,,gx-no-cache=1466007943155 HTTP/1.1" 200 111
186.103.159.186 - - [15/Jun/2016:13:28:06 -0300] "GET /cormun/servlet/hhome HTTP/1.1" 200 3617
186.103.158.250 - - [15/Jun/2016:13:28:06 -0300] "POST /cormun/servlet/trvisualizadoreventos?bd1bc1bec036a201f8e39a1daa9eaed1,,gx-no-cache=1466007943339 HTTP/1.1" 200 3589
186.103.158.250 - - [15/Jun/2016:13:28:06 -0300] "GET /cormun/VisualizadorEventos-1131.xls HTTP/1.1" 200 4096
186.103.159.186 - - [15/Jun/2016:13:28:11 -0300] "GET /cormun/servlet/trautorizarsolicitud? HTTP/1.1" 200 8292
186.103.159.186 - - [15/Jun/2016:13:28:11 -0300] "GET /cormun/static/gxui/gxui-all.css?110300 HTTP/1.1" 200 2179
186.103.159.186 - - [15/Jun/2016:13:28:11 -0300] "GET /cormun/static/gxcfg.js?201651622221839 HTTP/1.1" 200 953
186.103.159.186 - - [15/Jun/2016:13:28:12 -0300] "GET /cormun/static/trautorizarsolicitud.js?201651622222430 HTTP/1.1" 200 44547
186.103.159.186 - - [15/Jun/2016:13:28:12 -0300] "GET /cormun/static/Resources/Spanish/PXTools.css?22123174 HTTP/1.1" 200 89042
186.103.159.186 - - [15/Jun/2016:13:28:12 -0300] "GET /cormun/static/Shared/ext/resources/css/ext-all.css?205870 HTTP/1.1" 200 416045
186.103.159.186 - - [15/Jun/2016:13:28:12 -0300] "GET /cormun/servlet/trautorizarsolicitud? HTTP/1.1" 200 8290
186.103.159.186 - - [15/Jun/2016:13:28:22 -0300] "POST /cormun/servlet/trautorizarsolicitud?b9846edbe7d66f7f1da40ef68956fd99,,gx-no-cache=1466008237573 HTTP/1.1" 200 5442
186.103.159.186 - - [15/Jun/2016:13:28:22 -0300] "GET /cormun/static/Shared/jqueryui/images/ui-bg_highlight-soft_100_c6c2c8_1x100.png HTTP/1.1" 404 1117
186.103.159.186 - - [15/Jun/2016:13:28:22 -0300] "GET /cormun/static/Shared/jqueryui/images/ui-icons_82798d_256x240.png HTTP/1.1" 404 1089
186.103.159.186 - - [15/Jun/2016:13:28:22 -0300] "GET /cormun/static/Shared/jqueryui/images/ui-bg_flat_55_fafafa_40x100.png HTTP/1.1" 404 1097
186.103.159.186 - - [15/Jun/2016:13:28:22 -0300] "GET /cormun/static/Shared/jqueryui/images/ui-icons_8d78a5_256x240.png HTTP/1.1" 404 1089
186.103.159.186 - - [15/Jun/2016:13:28:22 -0300] "POST /cormun/servlet/trautorizarsolicitud?b9846edbe7d66f7f1da40ef68956fd99,,gx-no-cache=1466008238631 HTTP/1.1" 200 5385
186.103.158.250 - - [15/Jun/2016:13:28:23 -0300] "GET /cormun/servlet/trsolicitudot? HTTP/1.1" 200 7741
186.103.159.186 - - [15/Jun/2016:13:28:25 -0300] "POST /cormun/servlet/trautorizarsolicitud?b9846edbe7d66f7f1da40ef68956fd99,,gx-no-cache=1466008241398 HTTP/1.1" 200 5162
186.103.159.186 - - [15/Jun/2016:13:28:25 -0300] "POST /cormun/servlet/trautorizarsolicitud?b9846edbe7d66f7f1da40ef68956fd99,,gx-no-cache=1466008241724 HTTP/1.1" 200 5105
186.103.158.250 - - [15/Jun/2016:13:28:26 -0300] "GET /cormun/servlet/trsolicitudot? HTTP/1.1" 200 7741
186.103.159.186 - - [15/Jun/2016:13:28:27 -0300] "POST /cormun/servlet/trautorizarsolicitud?b9846edbe7d66f7f1da40ef68956fd99,,gx-no-cache=1466008243359 HTTP/1.1" 200 3939
186.103.159.186 - - [15/Jun/2016:13:28:27 -0300] "POST /cormun/servlet/trautorizarsolicitud?b9846edbe7d66f7f1da40ef68956fd99,,gx-no-cache=1466008243628 HTTP/1.1" 200 3784
186.103.158.250 - - [15/Jun/2016:13:28:33 -0300] "POST /cormun/servlet/trsolicitudot?bd1bc1bec036a201f8e39a1daa9eaed1,,gx-no-cache=1466007969754 HTTP/1.1" 200 106
186.103.158.250 - - [15/Jun/2016:13:28:33 -0300] "GET /cormun/servlet/trsolicitudadjuntos?2016,2094, HTTP/1.1" 200 7433
186.103.158.250 - - [15/Jun/2016:13:28:36 -0300] "GET /cormun/servlet/trsolicitudadjuntos?2016,2094, HTTP/1.1" 200 7433
186.103.158.250 - - [15/Jun/2016:13:28:40 -0300] "GET /cormun/servlet/solicitudotadjuntos?INS,2016,2094,,1, HTTP/1.1" 200 5655
186.103.158.250 - - [15/Jun/2016:13:28:44 -0300] "GET /cormun/static/about:blank HTTP/1.1" 404 1011
186.103.158.250 - - [15/Jun/2016:13:28:44 -0300] "GET /cormun/servlet/solicitudotadjuntos?INS,2016,2094,,1, HTTP/1.1" 200 5649
186.103.158.250 - - [15/Jun/2016:13:28:45 -0300] "GET /cormun/servlet/solicitudotadjuntos?9cedc7e02cff2dfa080c957f5493341b5779d52f65c2edd5184840f57a64b12814c1de6f9647bb62ba384b783f52680e,gx-no-cache=1466007981744 HTTP/1.1" 200 30
186.103.158.250 - - [15/Jun/2016:13:28:45 -0300] "POST /cormun/servlet/solicitudotadjuntos?bd1bc1bec036a201f8e39a1daa9eaed1,INS,2016,2094,,1,,gx-no-cache=1466007981865 HTTP/1.1" 200 3484
186.103.158.250 - - [15/Jun/2016:13:28:52 -0300] "POST /cormun/servlet/solicitudotadjuntos?gx-no-cache=1466007988946 HTTP/1.1" 200 26
186.103.158.250 - - [15/Jun/2016:13:29:02 -0300] "GET /cormun/servlet/solicitudotadjuntos?9cedc7e02cff2dfa080c957f5493341bf96d42613740f4c09a95eddcaa594b2b,gx-no-cache=1466007999296 HTTP/1.1" 200 30
186.103.158.250 - - [15/Jun/2016:13:29:02 -0300] "GET /cormun/servlet/solicitudotadjuntos?9cedc7e02cff2dfa080c957f5493341bf96d42613740f4c09a95eddcaa594b2b,gx-no-cache=1466007999375 HTTP/1.1" 200 30
186.103.158.250 - - [15/Jun/2016:13:29:03 -0300] "POST /cormun/servlet/solicitudotadjuntos?bd1bc1bec036a201f8e39a1daa9eaed1,INS,2016,2094,,1, HTTP/1.1" 200 116
186.103.158.250 - - [15/Jun/2016:13:29:03 -0300] "GET /cormun/servlet/hpexe_return? HTTP/1.1" 200 1028
186.103.158.250 - - [15/Jun/2016:13:29:04 -0300] "GET /cormun/servlet/trsolicitudadjuntos?2016,2094, HTTP/1.1" 200 7613
186.103.158.250 - - [15/Jun/2016:13:29:05 -0300] "GET /cormun/servlet/trsolicitudadjuntos?2016,2094, HTTP/1.1" 200 7610
186.103.158.250 - - [15/Jun/2016:13:29:09 -0300] "GET /cormun/servlet/solicitudotadjuntos?INS,2016,2094,,1, HTTP/1.1" 200 5654
186.103.158.250 - - [15/Jun/2016:13:29:09 -0300] "GET /cormun/static/about:blank HTTP/1.1" 404 1011
186.103.158.250 - - [15/Jun/2016:13:29:11 -0300] "GET /cormun/servlet/solicitudotadjuntos?INS,2016,2094,,1, HTTP/1.1" 200 5648
186.103.158.250 - - [15/Jun/2016:13:29:11 -0300] "GET /cormun/servlet/solicitudotadjuntos?9cedc7e02cff2dfa080c957f5493341b5779d52f65c2edd5184840f57a64b12814c1de6f9647bb62ba384b783f52680e,gx-no-cache=1466008008273 HTTP/1.1" 200 30
186.103.158.250 - - [15/Jun/2016:13:29:11 -0300] "POST /cormun/servlet/solicitudotadjuntos?bd1bc1bec036a201f8e39a1daa9eaed1,INS,2016,2094,,1,,gx-no-cache=1466008008372 HTTP/1.1" 200 3484
186.103.158.250 - - [15/Jun/2016:13:29:17 -0300] "POST /cormun/servlet/solicitudotadjuntos?gx-no-cache=1466008014276 HTTP/1.1" 200 26
186.103.158.250 - - [15/Jun/2016:13:29:27 -0300] "GET /cormun/servlet/solicitudotadjuntos?9cedc7e02cff2dfa080c957f5493341bf96d42613740f4c09a95eddcaa594b2b,gx-no-cache=1466008023915 HTTP/1.1" 200 30
186.103.158.250 - - [15/Jun/2016:13:29:27 -0300] "GET /cormun/servlet/solicitudotadjuntos?9cedc7e02cff2dfa080c957f5493341bf96d42613740f4c09a95eddcaa594b2b,gx-no-cache=1466008023985 HTTP/1.1" 200 30
186.103.158.250 - - [15/Jun/2016:13:29:28 -0300] "POST /cormun/servlet/solicitudotadjuntos?bd1bc1bec036a201f8e39a1daa9eaed1,INS,2016,2094,,1, HTTP/1.1" 200 116
186.103.158.250 - - [15/Jun/2016:13:29:28 -0300] "GET /cormun/servlet/hpexe_return? HTTP/1.1" 200 1028
186.103.158.250 - - [15/Jun/2016:13:29:28 -0300] "GET /cormun/servlet/trsolicitudadjuntos?2016,2094, HTTP/1.1" 200 7750
186.103.158.250 - - [15/Jun/2016:13:29:31 -0300] "GET /cormun/servlet/trsolicitudadjuntos?2016,2094, HTTP/1.1" 200 7748
186.103.158.250 - - [15/Jun/2016:13:29:35 -0300] "GET /cormun/servlet/solicitudotadjuntos?INS,2016,2094,,1, HTTP/1.1" 200 5654
186.103.158.250 - - [15/Jun/2016:13:29:37 -0300] "GET /cormun/static/about:blank HTTP/1.1" 404 1011
186.103.158.250 - - [15/Jun/2016:13:29:37 -0300] "GET /cormun/servlet/solicitudotadjuntos?INS,2016,2094,,1, HTTP/1.1" 200 5648
186.103.158.250 - - [15/Jun/2016:13:29:37 -0300] "GET /cormun/servlet/solicitudotadjuntos?9cedc7e02cff2dfa080c957f5493341b5779d52f65c2edd5184840f57a64b12814c1de6f9647bb62ba384b783f52680e,gx-no-cache=1466008034571 HTTP/1.1" 200 30
186.103.158.250 - - [15/Jun/2016:13:29:38 -0300] "POST /cormun/servlet/solicitudotadjuntos?bd1bc1bec036a201f8e39a1daa9eaed1,INS,2016,2094,,1,,gx-no-cache=1466008034687 HTTP/1.1" 200 3484
186.103.158.250 - - [15/Jun/2016:13:29:45 -0300] "POST /cormun/servlet/solicitudotadjuntos?gx-no-cache=1466008042357 HTTP/1.1" 200 26
186.103.158.250 - - [15/Jun/2016:13:29:57 -0300] "GET /cormun/servlet/solicitudotadjuntos?9cedc7e02cff2dfa080c957f5493341bf96d42613740f4c09a95eddcaa594b2b,gx-no-cache=1466008053945 HTTP/1.1" 200 30
186.103.158.250 - - [15/Jun/2016:13:29:57 -0300] "GET /cormun/servlet/solicitudotadjuntos?9cedc7e02cff2dfa080c957f5493341bf96d42613740f4c09a95eddcaa594b2b,gx-no-cache=1466008054003 HTTP/1.1" 200 30
186.103.158.250 - - [15/Jun/2016:13:29:58 -0300] "POST /cormun/servlet/solicitudotadjuntos?bd1bc1bec036a201f8e39a1daa9eaed1,INS,2016,2094,,1, HTTP/1.1" 200 116
186.103.158.250 - - [15/Jun/2016:13:29:58 -0300] "GET /cormun/servlet/hpexe_return? HTTP/1.1" 200 1028
186.103.158.250 - - [15/Jun/2016:13:29:58 -0300] "GET /cormun/servlet/trsolicitudadjuntos?2016,2094, HTTP/1.1" 200 7868
186.103.158.250 - - [15/Jun/2016:13:30:00 -0300] "GET /cormun/servlet/trsolicitudadjuntos?2016,2094, HTTP/1.1" 200 7866
186.103.158.250 - - [15/Jun/2016:13:30:15 -0300] "GET /cormun/servlet/solicitudotadjuntos?INS,2016,2094,,1, HTTP/1.1" 200 5655
186.103.158.250 - - [15/Jun/2016:13:30:16 -0300] "GET /cormun/static/about:blank HTTP/1.1" 404 1011
186.103.158.250 - - [15/Jun/2016:13:30:17 -0300] "GET /cormun/servlet/solicitudotadjuntos?INS,2016,2094,,1, HTTP/1.1" 200 5649
186.103.158.250 - - [15/Jun/2016:13:30:17 -0300] "GET /cormun/servlet/solicitudotadjuntos?9cedc7e02cff2dfa080c957f5493341b5779d52f65c2edd5184840f57a64b12814c1de6f9647bb62ba384b783f52680e,gx-no-cache=1466008074473 HTTP/1.1" 200 30
186.103.158.250 - - [15/Jun/2016:13:30:17 -0300] "POST /cormun/servlet/solicitudotadjuntos?bd1bc1bec036a201f8e39a1daa9eaed1,INS,2016,2094,,1,,gx-no-cache=1466008074568 HTTP/1.1" 200 3485
191.112.61.205 - - [15/Jun/2016:13:30:21 -0300] "GET /cormun/servlet/licenciaspermisos?cb7f9594540b70699100a712153983038cdc80bfb0d8b5a7c4aaf0fca484025f148a4e96ebb8f1b3fd74eeacc8752fd4d4bc5b33b6b3cdbc156f74ac4845777a75dc1a203a1aa526ed282431ae75f1d3e8b560153b89c59e038031ce866a90e029545f6c983dc01427d5eb979b9fa0d6fbe898a85fcf81600c1b0dd46d228da95f70567808f3ac3a9e006934ca72321c539797fcea1f74d27c1495828ea34a94e427cfe0b1f920aeb430f907e80ed4a90676bc9d558cd2bc4231d1626514ce42b62bf7a7f6067d648fe160b75f5ae67a094dc1d895c97a727ee7e6a5808317a9,gx-no-cache=1466008239265 HTTP/1.1" 200 30
191.112.61.205 - - [15/Jun/2016:13:30:22 -0300] "POST /cormun/servlet/licenciaspermisos?fb53460b3a3ad6be7907386c9e5c0c93,INS,0,,,,gx-no-cache=1466008240347 HTTP/1.1" 200 93
191.112.61.205 - - [15/Jun/2016:13:30:22 -0300] "GET /cormun/servlet/hpexe_return? HTTP/1.1" 200 1008
186.103.158.250 - - [15/Jun/2016:13:30:22 -0300] "POST /cormun/servlet/solicitudotadjuntos?gx-no-cache=1466008079387 HTTP/1.1" 200 26
191.112.61.205 - - [15/Jun/2016:13:30:22 -0300] "GET /cormun/static/gxcfg.js?2015111312145050 HTTP/1.1" 200 953
191.112.61.205 - - [15/Jun/2016:13:30:22 -0300] "GET /cormun/static/hpexe_return.js?2015111312145056 HTTP/1.1" 200 1633
191.112.61.205 - - [15/Jun/2016:13:30:23 -0300] "GET /cormun/static/Resources/Spanish/PXTools.css?12112540 HTTP/1.1" 200 89042
191.112.61.205 - - [15/Jun/2016:13:30:23 -0300] "GET /cormun/servlet/trlicencias HTTP/1.1" 200 7655
191.112.61.205 - - [15/Jun/2016:13:30:25 -0300] "GET /cormun//static/Resources/PXToolsGridUpdate.png HTTP/1.1" 200 2984
191.112.61.205 - - [15/Jun/2016:13:30:25 -0300] "GET /cormun//static/Resources/PXToolsGridDelete.png HTTP/1.1" 200 357
191.112.61.205 - - [15/Jun/2016:13:30:25 -0300] "GET /cormun/servlet/trlicencias HTTP/1.1" 200 7651
191.112.61.205 - - [15/Jun/2016:13:30:25 -0300] "GET /cormun//static/Resources/PXToolsGridDisplay.png HTTP/1.1" 200 362
191.112.61.205 - - [15/Jun/2016:13:30:25 -0300] "GET /cormun//static/Resources/PXTools/ActionInsert.png HTTP/1.1" 200 1482
191.112.61.205 - - [15/Jun/2016:13:30:25 -0300] "GET /cormun//static/Resources/PXToolsActionPrint.png HTTP/1.1" 200 3317
191.112.61.205 - - [15/Jun/2016:13:30:25 -0300] "GET /cormun//static/Resources/PXToolsHeaderHelp.png HTTP/1.1" 200 4055
191.112.61.205 - - [15/Jun/2016:13:30:25 -0300] "GET /cormun//static/Resources/PXToolsHeaderFavorites.png HTTP/1.1" 200 2744
186.103.158.250 - - [15/Jun/2016:13:30:29 -0300] "GET /cormun/servlet/solicitudotadjuntos?9cedc7e02cff2dfa080c957f5493341bf96d42613740f4c09a95eddcaa594b2b,gx-no-cache=1466008086374 HTTP/1.1" 200 30
186.103.158.250 - - [15/Jun/2016:13:30:29 -0300] "GET /cormun/servlet/solicitudotadjuntos?9cedc7e02cff2dfa080c957f5493341bf96d42613740f4c09a95eddcaa594b2b,gx-no-cache=1466008086420 HTTP/1.1" 200 30
186.103.158.250 - - [15/Jun/2016:13:30:29 -0300] "POST /cormun/servlet/solicitudotadjuntos?bd1bc1bec036a201f8e39a1daa9eaed1,INS,2016,2094,,1, HTTP/1.1" 200 116
186.103.158.250 - - [15/Jun/2016:13:30:30 -0300] "GET /cormun/servlet/hpexe_return? HTTP/1.1" 200 1028
186.103.158.250 - - [15/Jun/2016:13:30:30 -0300] "GET /cormun/servlet/trsolicitudadjuntos?2016,2094, HTTP/1.1" 200 8048
186.103.158.250 - - [15/Jun/2016:13:30:32 -0300] "GET /cormun/servlet/trsolicitudadjuntos?2016,2094, HTTP/1.1" 200 8048
186.103.158.250 - - [15/Jun/2016:13:30:39 -0300] "GET /cormun/servlet/solicitudotadjuntos?INS,2016,2094,,2, HTTP/1.1" 200 5654
186.103.158.250 - - [15/Jun/2016:13:30:40 -0300] "GET /cormun/static/about:blank HTTP/1.1" 404 1011
186.103.158.250 - - [15/Jun/2016:13:30:41 -0300] "GET /cormun/servlet/solicitudotadjuntos?INS,2016,2094,,2, HTTP/1.1" 200 5648
186.103.158.250 - - [15/Jun/2016:13:30:41 -0300] "GET /cormun/servlet/solicitudotadjuntos?9cedc7e02cff2dfa080c957f5493341b5779d52f65c2edd5184840f57a64b12814c1de6f9647bb62ba384b783f52680e,gx-no-cache=1466008098258 HTTP/1.1" 200 30
186.103.158.250 - - [15/Jun/2016:13:30:41 -0300] "POST /cormun/servlet/solicitudotadjuntos?bd1bc1bec036a201f8e39a1daa9eaed1,INS,2016,2094,,2,,gx-no-cache=1466008098394 HTTP/1.1" 200 3694
191.112.61.205 - - [15/Jun/2016:13:31:05 -0300] "GET /cormun/servlet/trlicencias? HTTP/1.1" 200 7651
191.112.61.205 - - [15/Jun/2016:13:31:07 -0300] "GET /cormun/servlet/trlicencias? HTTP/1.1" 200 7651
186.103.158.250 - - [15/Jun/2016:13:31:07 -0300] "POST /cormun/servlet/solicitudotadjuntos?bd1bc1bec036a201f8e39a1daa9eaed1,INS,2016,2094,,2,,gx-no-cache=1466008123470 HTTP/1.1" 200 93
186.103.158.250 - - [15/Jun/2016:13:31:07 -0300] "GET /cormun/servlet/hpexe_return? HTTP/1.1" 200 1028
186.103.158.250 - - [15/Jun/2016:13:31:07 -0300] "GET /cormun/servlet/trsolicitudadjuntos?2016,2094, HTTP/1.1" 200 8050
186.103.158.250 - - [15/Jun/2016:13:31:09 -0300] "GET /cormun/servlet/trsolicitudadjuntos?2016,2094, HTTP/1.1" 200 8048
191.112.61.205 - - [15/Jun/2016:13:31:09 -0300] "GET /cormun/servlet/trlicenciaspermisosadjuntos?17503191,20160615,L, HTTP/1.1" 200 6047
191.112.61.205 - - [15/Jun/2016:13:31:09 -0300] "GET /cormun/static/gxcfg.js?201652513303629 HTTP/1.1" 200 953
191.112.61.205 - - [15/Jun/2016:13:31:10 -0300] "GET /cormun/static/trlicenciaspermisosadjuntos.js?201652513303898 HTTP/1.1" 200 20977
191.112.61.205 - - [15/Jun/2016:13:31:11 -0300] "GET /cormun/servlet/trlicenciaspermisosadjuntos?17503191,20160615,L, HTTP/1.1" 200 6048
191.112.61.205 - - [15/Jun/2016:13:31:13 -0300] "GET /cormun/servlet/licenciaspermisosadjuntos?INS,17503191,L,20160615,, HTTP/1.1" 200 5347
191.112.61.205 - - [15/Jun/2016:13:31:13 -0300] "GET /cormun/static/gxcfg.js?201652512191366 HTTP/1.1" 200 953
191.112.61.205 - - [15/Jun/2016:13:31:13 -0300] "GET /cormun/static/licenciaspermisosadjuntos.js?201652512191375 HTTP/1.1" 200 8735
191.112.61.205 - - [15/Jun/2016:13:31:13 -0300] "GET /cormun/static/about:blank HTTP/1.1" 404 1011
191.112.61.205 - - [15/Jun/2016:13:31:14 -0300] "GET /cormun/servlet/licenciaspermisosadjuntos?INS,17503191,L,20160615,, HTTP/1.1" 200 5337
186.103.158.250 - - [15/Jun/2016:13:31:20 -0300] "GET /cormun/servlet/solicitudotadjuntos?INS,2016,2094,,2, HTTP/1.1" 200 5654
186.103.158.250 - - [15/Jun/2016:13:31:22 -0300] "GET /cormun/servlet/solicitudotadjuntos?INS,2016,2094,,2, HTTP/1.1" 200 5648
186.103.158.250 - - [15/Jun/2016:13:31:23 -0300] "GET /cormun/servlet/solicitudotadjuntos?9cedc7e02cff2dfa080c957f5493341b5779d52f65c2edd5184840f57a64b12814c1de6f9647bb62ba384b783f52680e,gx-no-cache=1466008139831 HTTP/1.1" 200 30
186.103.158.250 - - [15/Jun/2016:13:31:23 -0300] "POST /cormun/servlet/solicitudotadjuntos?bd1bc1bec036a201f8e39a1daa9eaed1,INS,2016,2094,,2,,gx-no-cache=1466008139929 HTTP/1.1" 200 3693
186.103.158.250 - - [15/Jun/2016:13:31:26 -0300] "GET /cormun/servlet/trsolicitudadjuntos?2016,2094, HTTP/1.1" 200 8049
186.103.158.250 - - [15/Jun/2016:13:31:28 -0300] "GET /cormun/servlet/trsolicitudadjuntos?2016,2094, HTTP/1.1" 200 8048
186.103.158.250 - - [15/Jun/2016:13:31:35 -0300] "GET /cormun/servlet/trsolicitudot? HTTP/1.1" 200 7747
186.103.158.250 - - [15/Jun/2016:13:31:36 -0300] "GET /cormun/servlet/trsolicitudot? HTTP/1.1" 200 7741
186.103.158.250 - - [15/Jun/2016:13:31:50 -0300] "POST /cormun/servlet/trsolicitudot?bd1bc1bec036a201f8e39a1daa9eaed1,,gx-no-cache=1466008167560 HTTP/1.1" 200 5160
186.103.158.250 - - [15/Jun/2016:13:31:51 -0300] "GET /cormun/static/Shared/jqueryui/images/ui-bg_highlight-soft_100_c6c2c8_1x100.png HTTP/1.1" 404 1117
186.103.158.250 - - [15/Jun/2016:13:31:51 -0300] "GET /cormun/static/Shared/jqueryui/images/ui-icons_82798d_256x240.png HTTP/1.1" 404 1089
186.103.158.250 - - [15/Jun/2016:13:31:51 -0300] "GET /cormun/static/Shared/jqueryui/images/ui-bg_flat_55_fafafa_40x100.png HTTP/1.1" 404 1097
186.103.158.250 - - [15/Jun/2016:13:31:51 -0300] "GET /cormun/static/Shared/jqueryui/images/ui-icons_8d78a5_256x240.png HTTP/1.1" 404 1089
186.103.158.250 - - [15/Jun/2016:13:32:13 -0300] "GET /cormun/servlet/vesolicitudot?2016,2094,, HTTP/1.1" 200 7798
186.103.158.250 - - [15/Jun/2016:13:32:13 -0300] "GET /cormun/static/gxcfg.js?201631021474241 HTTP/1.1" 200 953
186.103.158.250 - - [15/Jun/2016:13:32:13 -0300] "GET /cormun/pexe_scrolldiv.js HTTP/1.1" 404 1009
186.103.158.250 - - [15/Jun/2016:13:32:13 -0300] "GET /cormun/static/vesolicitudot.js?20163102147437 HTTP/1.1" 200 6091
186.103.158.250 - - [15/Jun/2016:13:32:13 -0300] "GET /cormun/static/hwcviewtabs.js?20151120014372 HTTP/1.1" 200 1074
186.103.158.250 - - [15/Jun/2016:13:32:13 -0300] "GET /cormun/static/hpexe_tabsview.js?20151120014350 HTTP/1.1" 200 1661
186.103.158.250 - - [15/Jun/2016:13:32:13 -0300] "GET /cormun/static/Resources/PXToolsTabFirstSelected.png HTTP/1.1" 200 1259
186.103.158.250 - - [15/Jun/2016:13:32:13 -0300] "GET /cormun/static/Resources/PXToolsTabLastUnselected.png HTTP/1.1" 200 1291
186.103.158.250 - - [15/Jun/2016:13:32:13 -0300] "GET /cormun/static/Resources/PXToolsTabPrevious.gif HTTP/1.1" 200 172
186.103.158.250 - - [15/Jun/2016:13:32:13 -0300] "GET /cormun/static/Resources/PXToolsTabNext.gif HTTP/1.1" 200 168
186.103.158.250 - - [15/Jun/2016:13:32:13 -0300] "GET /cormun/static/tbsolicitudot01.js?20163102250452 HTTP/1.1" 200 28324
186.103.158.250 - - [15/Jun/2016:13:32:15 -0300] "GET /cormun/static/calendar-system.css HTTP/1.1" 200 5572
186.103.158.250 - - [15/Jun/2016:13:32:15 -0300] "GET /cormun/static/Resources/PXToolsTabBackSelected.png HTTP/1.1" 200 1157
186.103.158.250 - - [15/Jun/2016:13:32:15 -0300] "GET /cormun/static/Resources/PXToolsTabBackUnselected.png HTTP/1.1" 200 1175
186.103.158.250 - - [15/Jun/2016:13:32:15 -0300] "GET /cormun/static/Resources/PXToolsTabSelectedUnselected.png HTTP/1.1" 200 1428
186.103.158.250 - - [15/Jun/2016:13:32:15 -0300] "GET /cormun/static/Resources/PXToolsTabUnselectedUnselected.png HTTP/1.1" 200 1459
186.103.158.250 - - [15/Jun/2016:13:32:15 -0300] "GET /cormun/servlet/vesolicitudot?2016,2094,, HTTP/1.1" 200 7797
191.112.61.205 - - [15/Jun/2016:13:32:18 -0300] "POST /cormun/servlet/licenciaspermisosadjuntos?fb53460b3a3ad6be7907386c9e5c0c93,INS,17503191,L,20160615,, HTTP/1.1" 200 116
191.112.61.205 - - [15/Jun/2016:13:32:18 -0300] "GET /cormun/servlet/hpexe_return? HTTP/1.1" 200 1037
191.112.61.205 - - [15/Jun/2016:13:32:19 -0300] "GET /cormun/servlet/trlicenciaspermisosadjuntos?17503191,20160615,L, HTTP/1.1" 200 6513
186.103.158.250 - - [15/Jun/2016:13:32:20 -0300] "POST /cormun/servlet/vesolicitudot?bd1bc1bec036a201f8e39a1daa9eaed1,2016,2094,,,gx-no-cache=1466008197362 HTTP/1.1" 200 93
186.103.158.250 - - [15/Jun/2016:13:32:20 -0300] "GET /cormun/servlet/hpexe_return? HTTP/1.1" 200 1015
186.103.158.250 - - [15/Jun/2016:13:32:21 -0300] "GET /cormun/servlet/trsolicitudot? HTTP/1.1" 200 7745
191.112.61.205 - - [15/Jun/2016:13:32:21 -0300] "GET /cormun/servlet/trlicenciaspermisosadjuntos?17503191,20160615,L, HTTP/1.1" 200 6510
186.103.158.250 - - [15/Jun/2016:13:32:22 -0300] "GET /cormun/servlet/trsolicitudot? HTTP/1.1" 200 7741
191.112.61.205 - - [15/Jun/2016:13:32:26 -0300] "GET /cormun/servlet/trlicencias? HTTP/1.1" 200 7652
191.112.61.205 - - [15/Jun/2016:13:32:28 -0300] "GET /cormun/servlet/trlicencias? HTTP/1.1" 200 7651
191.112.61.205 - - [15/Jun/2016:13:32:40 -0300] "POST /cormun/servlet/trlicencias?fb53460b3a3ad6be7907386c9e5c0c93,,gx-no-cache=1466008379078 HTTP/1.1" 200 3957
191.112.61.205 - - [15/Jun/2016:13:32:41 -0300] "GET /cormun/static/Shared/jqueryui/images/ui-bg_highlight-soft_100_c6c2c8_1x100.png HTTP/1.1" 404 1117
191.112.61.205 - - [15/Jun/2016:13:32:41 -0300] "GET /cormun/static/Shared/jqueryui/images/ui-icons_82798d_256x240.png HTTP/1.1" 404 1089
191.112.61.205 - - [15/Jun/2016:13:32:41 -0300] "GET /cormun/static/Shared/jqueryui/images/ui-bg_flat_55_fafafa_40x100.png HTTP/1.1" 404 1097
191.112.61.205 - - [15/Jun/2016:13:32:41 -0300] "GET /cormun/static/Shared/jqueryui/images/ui-icons_8d78a5_256x240.png HTTP/1.1" 404 1089
191.112.61.205 - - [15/Jun/2016:13:32:59 -0300] "GET /cormun/servlet/hlogin HTTP/1.1" 200 1738
186.103.158.250 - - [15/Jun/2016:13:33:31 -0300] "GET /cormun/servlet/vesolicitudot?2016,2094,, HTTP/1.1" 200 7798
186.103.158.250 - - [15/Jun/2016:13:33:31 -0300] "GET /cormun/pexe_scrolldiv.js HTTP/1.1" 404 1009
186.103.158.250 - - [15/Jun/2016:13:33:32 -0300] "GET /cormun/pexe_scrolldiv.js HTTP/1.1" 404 1009
186.103.158.250 - - [15/Jun/2016:13:33:34 -0300] "GET /cormun/servlet/vesolicitudot?2016,2094,, HTTP/1.1" 200 7797
186.103.158.250 - - [15/Jun/2016:13:33:36 -0300] "GET /cormun/servlet/trsolicitudot? HTTP/1.1" 200 7745
186.103.158.250 - - [15/Jun/2016:13:33:38 -0300] "GET /cormun/servlet/trsolicitudot? HTTP/1.1" 200 7741
186.103.158.250 - - [15/Jun/2016:13:33:44 -0300] "POST /cormun/servlet/trsolicitudot?bd1bc1bec036a201f8e39a1daa9eaed1,,gx-no-cache=1466008281561 HTTP/1.1" 200 106
186.103.158.250 - - [15/Jun/2016:13:33:45 -0300] "GET /cormun/servlet/trsolicitudadjuntos?2016,2094, HTTP/1.1" 200 8046
186.103.158.250 - - [15/Jun/2016:13:33:47 -0300] "GET /cormun/servlet/trsolicitudadjuntos?2016,2094, HTTP/1.1" 200 8047
186.103.157.235 - - [15/Jun/2016:13:33:53 -0300] "GET /cormun/servlet/hlogin HTTP/1.1" 200 1718
186.103.157.235 - - [15/Jun/2016:13:34:06 -0300] "POST /cormun/servlet/hlogin?c5d7e017879c90b15ad3fde1efad7ab0,gx-no-cache=1466008461556 HTTP/1.1" 200 90
186.103.157.235 - - [15/Jun/2016:13:34:06 -0300] "GET /cormun/servlet/hpexe_link HTTP/1.1" 200 955
186.103.157.235 - - [15/Jun/2016:13:34:07 -0300] "GET /cormun/servlet/trautorizarsolicitud? HTTP/1.1" 200 6540
186.103.157.235 - - [15/Jun/2016:13:34:10 -0300] "GET /cormun/servlet/trautorizarsolicitud? HTTP/1.1" 200 6538
186.103.157.235 - - [15/Jun/2016:13:34:19 -0300] "GET /cormun/servlet/trsolicitudot? HTTP/1.1" 200 6597
186.103.157.235 - - [15/Jun/2016:13:34:21 -0300] "GET /cormun/servlet/trsolicitudot? HTTP/1.1" 200 6597
186.103.157.235 - - [15/Jun/2016:13:34:44 -0300] "GET /cormun/servlet/solicitudot?INS,0,0, HTTP/1.1" 200 11770
186.103.157.235 - - [15/Jun/2016:13:34:44 -0300] "GET /cormun/static/gxcfg.js?201631710541238 HTTP/1.1" 200 953
186.103.157.235 - - [15/Jun/2016:13:34:45 -0300] "GET /cormun/static/Resources/Spanish/PXTools.css?22445990 HTTP/1.1" 200 89042
186.103.157.235 - - [15/Jun/2016:13:34:45 -0300] "GET /cormun/static/Resources/prompt.gif HTTP/1.1" 200 902
186.103.157.235 - - [15/Jun/2016:13:34:45 -0300] "GET /cormun/static/solicitudot.js?201631710541292 HTTP/1.1" 200 45515
186.103.157.235 - - [15/Jun/2016:13:34:47 -0300] "GET /cormun/servlet/solicitudot?INS,0,0, HTTP/1.1" 200 11775
186.103.158.250 - - [15/Jun/2016:13:34:47 -0300] "GET /cormun/servlet/solicitudotadjuntos?INS,2016,2094,,1, HTTP/1.1" 200 5654
186.103.158.250 - - [15/Jun/2016:13:34:49 -0300] "GET /cormun/static/about:blank HTTP/1.1" 404 1011
186.103.158.250 - - [15/Jun/2016:13:34:49 -0300] "GET /cormun/servlet/solicitudotadjuntos?INS,2016,2094,,1, HTTP/1.1" 200 5648
186.103.158.250 - - [15/Jun/2016:13:34:50 -0300] "GET /cormun/servlet/solicitudotadjuntos?9cedc7e02cff2dfa080c957f5493341b5779d52f65c2edd5184840f57a64b12814c1de6f9647bb62ba384b783f52680e,gx-no-cache=1466008347166 HTTP/1.1" 200 30
186.103.158.250 - - [15/Jun/2016:13:34:50 -0300] "POST /cormun/servlet/solicitudotadjuntos?bd1bc1bec036a201f8e39a1daa9eaed1,INS,2016,2094,,1,,gx-no-cache=1466008347256 HTTP/1.1" 200 3486
186.103.158.250 - - [15/Jun/2016:13:34:56 -0300] "POST /cormun/servlet/solicitudotadjuntos?gx-no-cache=1466008353459 HTTP/1.1" 200 26
186.103.157.235 - - [15/Jun/2016:13:35:07 -0300] "POST /cormun/servlet/solicitudot?gx-no-cache=1466008522681 HTTP/1.1" 200 2784
186.103.157.235 - - [15/Jun/2016:13:35:08 -0300] "POST /cormun/servlet/solicitudot?c5d7e017879c90b15ad3fde1efad7ab0,INS,0,0,,gx-no-cache=1466008523227 HTTP/1.1" 200 8620
186.103.157.235 - - [15/Jun/2016:13:35:11 -0300] "GET /cormun/static/Resources/resize.gif HTTP/1.1" 200 77
186.103.157.235 - - [15/Jun/2016:13:35:12 -0300] "GET /cormun/servlet/prfichaempleado?,MD,,gxPopupLevel%3D0%3B HTTP/1.1" 200 8557
186.103.157.235 - - [15/Jun/2016:13:35:12 -0300] "GET /cormun/static/gxcfg.js?201651622215715 HTTP/1.1" 200 953
186.103.157.235 - - [15/Jun/2016:13:35:13 -0300] "GET /cormun/static/Resources/PXToolsMenuSearch.png HTTP/1.1" 200 2914
186.103.157.235 - - [15/Jun/2016:13:35:13 -0300] "GET /cormun/static/Resources/PXToolsMenuSearchCancel.png HTTP/1.1" 200 2972
186.103.157.235 - - [15/Jun/2016:13:35:13 -0300] "GET /cormun/static/prfichaempleado.js?201651622215919 HTTP/1.1" 200 15035
186.103.157.235 - - [15/Jun/2016:13:35:13 -0300] "GET /cormun/static/menusearch.js?20165162214271 HTTP/1.1" 200 1424
186.103.157.235 - - [15/Jun/2016:13:35:14 -0300] "GET /cormun/static/hmpwkw011.js?201651622203195 HTTP/1.1" 200 1968
186.103.157.235 - - [15/Jun/2016:13:35:32 -0300] "GET /cormun/servlet/solicitudot?e251f3cbce2901174fde3acd6579d7ba4197353a7c01f2d47f584760a2ff1c8258ee5227aad0fbf9e6de1ef83f8dd8bb,gx-no-cache=1466008548141 HTTP/1.1" 200 30
186.103.157.235 - - [15/Jun/2016:13:35:33 -0300] "POST /cormun/servlet/solicitudot?gx-no-cache=1466008548297 HTTP/1.1" 200 30
186.103.157.235 - - [15/Jun/2016:13:35:36 -0300] "POST /cormun/servlet/solicitudot?gx-no-cache=1466008551760 HTTP/1.1" 200 30
186.103.157.235 - - [15/Jun/2016:13:35:50 -0300] "POST /cormun/servlet/solicitudot?gx-no-cache=1466008565566 HTTP/1.1" 200 1186
186.103.157.235 - - [15/Jun/2016:13:35:50 -0300] "GET /cormun/servlet/solicitudot?e251f3cbce2901174fde3acd6579d7bab7c51d37593111142f6a77f00fa763df73273ad35a15467e5f5751f8133fda1dc67ce49e606b0dacc65219147cfbc156f247bde0bdd768818992414afa75422f70e651972611eff23354e7c7bcd42913261714e6eb7dbad1af8289ceba9960a2ae4d0a21d42d55c9efb7fc2f7f08ff5659a9600c74c31d1cd216a28e2162d9cf,gx-no-cache=1466008566112 HTTP/1.1" 200 38
186.103.159.189 - - [15/Jun/2016:13:36:00 -0300] "GET /cormun/servlet/trsolicitudot? HTTP/1.1" 200 6003
186.103.159.189 - - [15/Jun/2016:13:36:02 -0300] "GET /cormun/servlet/trsolicitudot? HTTP/1.1" 200 6003
186.103.159.189 - - [15/Jun/2016:13:36:02 -0300] "GET /cormun/servlet/hlogin HTTP/1.1" 200 1744
186.103.157.235 - - [15/Jun/2016:13:36:04 -0300] "GET /cormun/servlet/solicitudot?e251f3cbce2901174fde3acd6579d7ba56fa955b1d09e62d8856d231dbed2a55804a4b7f8fa13ffc14dfecc851c97d7eeb0d934b33b050c3f7c7ede5b25f29813a243a7e6825e79f301bd1e267e01425516588b4c99151f5a8cc4a09ca8b09cc342c027d7396889f9223c51bf0761c4ba2ccfadce8735db933aad08fcc23471e765ca201f8ec6ede5419d630ba6954ce0728e8bf958c40f73c0f28b64e258d61,gx-no-cache=1466008579356 HTTP/1.1" 200 29
186.103.157.235 - - [15/Jun/2016:13:36:05 -0300] "POST /cormun/servlet/solicitudot?gx-no-cache=1466008579778 HTTP/1.1" 200 1144
186.103.157.235 - - [15/Jun/2016:13:36:05 -0300] "GET /cormun/static/menuarrow.gif HTTP/1.1" 404 1015
186.103.159.189 - - [15/Jun/2016:13:36:12 -0300] "POST /cormun/servlet/hlogin?18a33077c81e25c552aa671104116dca,gx-no-cache=1466008582265 HTTP/1.1" 200 450
186.103.158.250 - - [15/Jun/2016:13:36:23 -0300] "GET /cormun/servlet/solicitudotadjuntos?9cedc7e02cff2dfa080c957f5493341bf96d42613740f4c09a95eddcaa594b2b,gx-no-cache=1466008440013 HTTP/1.1" 200 30
186.103.158.250 - - [15/Jun/2016:13:36:23 -0300] "GET /cormun/servlet/solicitudotadjuntos?9cedc7e02cff2dfa080c957f5493341bf96d42613740f4c09a95eddcaa594b2b,gx-no-cache=1466008440176 HTTP/1.1" 200 30
186.103.158.250 - - [15/Jun/2016:13:36:24 -0300] "POST /cormun/servlet/solicitudotadjuntos?bd1bc1bec036a201f8e39a1daa9eaed1,INS,2016,2094,,1, HTTP/1.1" 200 116
186.103.158.250 - - [15/Jun/2016:13:36:25 -0300] "GET /cormun/servlet/hpexe_return? HTTP/1.1" 200 1028
186.103.158.250 - - [15/Jun/2016:13:36:25 -0300] "GET /cormun/servlet/trsolicitudadjuntos?2016,2094, HTTP/1.1" 200 8181
186.103.158.250 - - [15/Jun/2016:13:36:27 -0300] "GET /cormun/servlet/trsolicitudadjuntos?2016,2094, HTTP/1.1" 200 8178
186.103.157.235 - - [15/Jun/2016:13:36:28 -0300] "GET /cormun/servlet/solicitudot?e251f3cbce2901174fde3acd6579d7badd06e63c52d7ba5ec9638d9cae2f0b8bd1978b29b4faf2bc7c800e503e957c845c8e2f767207c3204c76bec6478bde712664c57194dc4df68c92f4d05d9f584f0e50ba89a435490913808bcf89776fd77d9b26abd52915df554a1441ead7d9223c3a583e4dda3e843e76c2e318914c706e90312225d34bc8f7a8faefb7a7156230e98d12b058ae50230356e00df450aeda2f01ec0425c6b26cc6b59b47217306,gx-no-cache=1466008604129 HTTP/1.1" 200 30
186.103.158.250 - - [15/Jun/2016:13:36:45 -0300] "GET /cormun/servlet/trsolicitudot? HTTP/1.1" 200 7747
186.103.158.250 - - [15/Jun/2016:13:36:47 -0300] "GET /cormun/servlet/trsolicitudot? HTTP/1.1" 200 7741
186.103.158.250 - - [15/Jun/2016:13:36:53 -0300] "POST /cormun/servlet/trsolicitudot?bd1bc1bec036a201f8e39a1daa9eaed1,,gx-no-cache=1466008469259 HTTP/1.1" 200 3908
186.103.158.250 - - [15/Jun/2016:13:36:53 -0300] "POST /cormun/servlet/trsolicitudot?bd1bc1bec036a201f8e39a1daa9eaed1,,gx-no-cache=1466008470085 HTTP/1.1" 200 3766
186.103.158.250 - - [15/Jun/2016:13:37:04 -0300] "POST /cormun/servlet/trsolicitudot?bd1bc1bec036a201f8e39a1daa9eaed1,,gx-no-cache=1466008481074 HTTP/1.1" 200 5084
186.103.157.235 - - [15/Jun/2016:13:37:11 -0300] "POST /cormun/servlet/solicitudot?c5d7e017879c90b15ad3fde1efad7ab0,INS,0,0,,gx-no-cache=1466008646889 HTTP/1.1" 200 93
186.103.157.235 - - [15/Jun/2016:13:37:12 -0300] "GET /cormun/servlet/hpexe_return? HTTP/1.1" 200 1000
186.103.157.235 - - [15/Jun/2016:13:37:12 -0300] "GET /cormun/static/gxcfg.js?2015111312145050 HTTP/1.1" 200 953
186.103.157.235 - - [15/Jun/2016:13:37:12 -0300] "GET /cormun/static/hpexe_return.js?2015111312145056 HTTP/1.1" 200 1633
186.103.159.189 - - [15/Jun/2016:13:37:12 -0300] "POST /cormun/servlet/hlogin?18a33077c81e25c552aa671104116dca,gx-no-cache=1466008641906 HTTP/1.1" 200 90
186.103.159.189 - - [15/Jun/2016:13:37:13 -0300] "GET /cormun/servlet/hpexe_link HTTP/1.1" 200 958
186.103.157.235 - - [15/Jun/2016:13:37:13 -0300] "GET /cormun/static/Resources/Spanish/PXTools.css?12112540 HTTP/1.1" 200 89042
186.103.159.189 - - [15/Jun/2016:13:37:13 -0300] "GET /cormun/servlet/trsolicitudot HTTP/1.1" 200 7696
186.103.157.235 - - [15/Jun/2016:13:37:13 -0300] "GET /cormun/servlet/trsolicitudot HTTP/1.1" 200 6600
186.103.157.235 - - [15/Jun/2016:13:37:15 -0300] "GET /cormun/servlet/trsolicitudot HTTP/1.1" 200 6597
186.103.159.189 - - [15/Jun/2016:13:37:15 -0300] "GET /cormun/servlet/trsolicitudot HTTP/1.1" 200 7695
186.103.157.235 - - [15/Jun/2016:13:37:22 -0300] "GET /cormun/servlet/trsolicitudot? HTTP/1.1" 200 6597
186.103.157.235 - - [15/Jun/2016:13:37:24 -0300] "GET /cormun/servlet/trsolicitudot? HTTP/1.1" 200 6597
186.103.158.250 - - [15/Jun/2016:13:37:31 -0300] "POST /cormun/servlet/trsolicitudot?bd1bc1bec036a201f8e39a1daa9eaed1,,gx-no-cache=1466008507777 HTTP/1.1" 200 5120
186.103.158.250 - - [15/Jun/2016:13:37:33 -0300] "POST /cormun/servlet/trsolicitudot?bd1bc1bec036a201f8e39a1daa9eaed1,,gx-no-cache=1466008508945 HTTP/1.1" 200 5063
186.103.157.235 - - [15/Jun/2016:13:37:34 -0300] "GET /cormun/servlet/trautorizarsolicitud? HTTP/1.1" 200 6538
186.103.157.235 - - [15/Jun/2016:13:37:37 -0300] "GET /cormun/servlet/trautorizarsolicitud? HTTP/1.1" 200 6538
186.103.158.250 - - [15/Jun/2016:13:37:46 -0300] "POST /cormun/servlet/trsolicitudot?bd1bc1bec036a201f8e39a1daa9eaed1,,gx-no-cache=1466008522570 HTTP/1.1" 200 3790
186.103.157.235 - - [15/Jun/2016:13:37:46 -0300] "GET /cormun/servlet/trsolicitudot? HTTP/1.1" 200 6597
186.103.157.235 - - [15/Jun/2016:13:37:47 -0300] "GET /cormun/servlet/trsolicitudot? HTTP/1.1" 200 6597
186.103.158.250 - - [15/Jun/2016:13:37:58 -0300] "GET /cormun/servlet/trvisualizadoreventos? HTTP/1.1" 200 6359
186.103.159.189 - - [15/Jun/2016:13:37:59 -0300] "POST /cormun/servlet/trsolicitudot?18a33077c81e25c552aa671104116dca,gx-no-cache=1466008688429 HTTP/1.1" 200 106
186.103.159.189 - - [15/Jun/2016:13:37:59 -0300] "GET /cormun/servlet/trsolicitudadjuntos?2016,2093, HTTP/1.1" 200 5552
186.103.159.189 - - [15/Jun/2016:13:37:59 -0300] "GET /cormun/static/gxcfg.js?2016311731090 HTTP/1.1" 200 953
186.103.158.250 - - [15/Jun/2016:13:37:59 -0300] "GET /cormun/servlet/trvisualizadoreventos? HTTP/1.1" 200 6359
186.103.159.189 - - [15/Jun/2016:13:37:59 -0300] "GET /cormun/static/Resources/PXToolsGridFirst.gif HTTP/1.1" 200 379
186.103.159.189 - - [15/Jun/2016:13:37:59 -0300] "GET /cormun/static/Resources/Spanish/PXTools.css?171692 HTTP/1.1" 200 89042
186.103.159.189 - - [15/Jun/2016:13:38:00 -0300] "GET /cormun/static/trsolicitudadjuntos.js?2016311731342 HTTP/1.1" 200 17913
186.103.159.189 - - [15/Jun/2016:13:38:00 -0300] "GET /cormun/static/Resources/PXToolsGridPrevious.gif HTTP/1.1" 200 369
186.103.159.189 - - [15/Jun/2016:13:38:00 -0300] "GET /cormun/static/Resources/PXToolsGridLast.gif HTTP/1.1" 200 370
186.103.159.189 - - [15/Jun/2016:13:38:00 -0300] "GET /cormun/static/Resources/PXToolsGridNext.gif HTTP/1.1" 200 369
186.103.159.189 - - [15/Jun/2016:13:38:02 -0300] "GET /cormun/servlet/trsolicitudadjuntos?2016,2093, HTTP/1.1" 200 5552
186.103.158.250 - - [15/Jun/2016:13:38:05 -0300] "GET /cormun/servlet/trsolicitudot? HTTP/1.1" 200 6533
186.103.158.250 - - [15/Jun/2016:13:38:07 -0300] "GET /cormun/servlet/trsolicitudot? HTTP/1.1" 200 6533
186.103.159.189 - - [15/Jun/2016:13:38:15 -0300] "GET /cormun/servlet/trsolicitudot? HTTP/1.1" 200 7700
186.103.159.189 - - [15/Jun/2016:13:38:17 -0300] "GET /cormun/servlet/trsolicitudot? HTTP/1.1" 200 7695
186.103.158.250 - - [15/Jun/2016:13:38:26 -0300] "GET /cormun/servlet/hlogin HTTP/1.1" 200 1724
186.103.159.189 - - [15/Jun/2016:13:38:28 -0300] "POST /cormun/servlet/trsolicitudot?18a33077c81e25c552aa671104116dca,,gx-no-cache=1466008718182 HTTP/1.1" 200 106
186.103.159.189 - - [15/Jun/2016:13:38:29 -0300] "GET /cormun/servlet/trsolicitudadjuntos?2016,2093, HTTP/1.1" 200 5552
186.103.159.189 - - [15/Jun/2016:13:38:30 -0300] "GET /cormun/servlet/trsolicitudadjuntos?2016,2093, HTTP/1.1" 200 5552
186.103.159.189 - - [15/Jun/2016:13:38:32 -0300] "GET /cormun/servlet/solicitudotadjuntos?INS,2016,2093,,1, HTTP/1.1" 200 5644
186.103.159.189 - - [15/Jun/2016:13:38:33 -0300] "GET /cormun/static/gxcfg.js?201631622493247 HTTP/1.1" 200 953
186.103.159.189 - - [15/Jun/2016:13:38:33 -0300] "GET /cormun/static/solicitudotadjuntos.js?201631622493267 HTTP/1.1" 200 11762
186.103.159.189 - - [15/Jun/2016:13:38:33 -0300] "GET /cormun/static/about:blank HTTP/1.1" 404 1011
186.103.159.189 - - [15/Jun/2016:13:38:34 -0300] "GET /cormun/servlet/solicitudotadjuntos?INS,2016,2093,,1, HTTP/1.1" 200 5638
186.103.159.189 - - [15/Jun/2016:13:38:35 -0300] "GET /cormun/servlet/solicitudotadjuntos?6eb3af232fdc55046e9d5fb7313fc8a1c9ebf9f7ae83970381d4f118fccd7b5e564b828b55d2353b8f98139b9c775e14,gx-no-cache=1466008724613 HTTP/1.1" 200 30
186.103.159.189 - - [15/Jun/2016:13:38:35 -0300] "POST /cormun/servlet/solicitudotadjuntos?18a33077c81e25c552aa671104116dca,INS,2016,2093,,1,,gx-no-cache=1466008724814 HTTP/1.1" 200 3509
186.103.159.189 - - [15/Jun/2016:13:38:41 -0300] "POST /cormun/servlet/solicitudotadjuntos?gx-no-cache=1466008730702 HTTP/1.1" 200 26
186.103.157.235 - - [15/Jun/2016:13:38:47 -0300] "GET /cormun/servlet/trautorizarsolicitud? HTTP/1.1" 200 6538
186.103.157.235 - - [15/Jun/2016:13:38:50 -0300] "GET /cormun/servlet/trautorizarsolicitud? HTTP/1.1" 200 6538
186.103.157.235 - - [15/Jun/2016:13:38:53 -0300] "GET /cormun/static/menuarrow.gif HTTP/1.1" 404 1015
186.103.157.235 - - [15/Jun/2016:13:39:04 -0300] "GET /cormun/servlet/trsolicitudot? HTTP/1.1" 200 6597
186.103.157.235 - - [15/Jun/2016:13:39:06 -0300] "GET /cormun/servlet/trsolicitudot? HTTP/1.1" 200 6597
186.103.157.235 - - [15/Jun/2016:13:39:12 -0300] "POST /cormun/servlet/trsolicitudot?c5d7e017879c90b15ad3fde1efad7ab0,,gx-no-cache=1466008767456 HTTP/1.1" 200 3832
186.103.157.235 - - [15/Jun/2016:13:39:15 -0300] "POST /cormun/servlet/trsolicitudot?c5d7e017879c90b15ad3fde1efad7ab0,,gx-no-cache=1466008770513 HTTP/1.1" 200 3832
186.103.159.189 - - [15/Jun/2016:13:39:16 -0300] "GET /cormun/servlet/solicitudotadjuntos?6eb3af232fdc55046e9d5fb7313fc8a1a3716517b25801f5c7c8246ded54e4c7,gx-no-cache=1466008765527 HTTP/1.1" 200 30
186.103.159.189 - - [15/Jun/2016:13:39:16 -0300] "GET /cormun/servlet/solicitudotadjuntos?6eb3af232fdc55046e9d5fb7313fc8a1a3716517b25801f5c7c8246ded54e4c7,gx-no-cache=1466008765668 HTTP/1.1" 200 30
186.103.157.235 - - [15/Jun/2016:13:39:18 -0300] "GET /cormun/servlet/solicitudot?INS,0,0, HTTP/1.1" 200 11771
186.103.159.189 - - [15/Jun/2016:13:39:19 -0300] "POST /cormun/servlet/solicitudotadjuntos?18a33077c81e25c552aa671104116dca,INS,2016,2093,,1, HTTP/1.1" 200 116
186.103.159.189 - - [15/Jun/2016:13:39:20 -0300] "GET /cormun/servlet/hpexe_return? HTTP/1.1" 200 1028
186.103.157.235 - - [15/Jun/2016:13:39:20 -0300] "GET /cormun/servlet/solicitudot?INS,0,0, HTTP/1.1" 200 11776
186.103.159.189 - - [15/Jun/2016:13:39:20 -0300] "GET /cormun/servlet/trsolicitudadjuntos?2016,2093, HTTP/1.1" 200 7442
186.103.159.189 - - [15/Jun/2016:13:39:22 -0300] "GET /cormun/servlet/trsolicitudadjuntos?2016,2093, HTTP/1.1" 200 7439
186.103.159.189 - - [15/Jun/2016:13:39:25 -0300] "GET /cormun/servlet/solicitudotadjuntos?INS,2016,2093,,1, HTTP/1.1" 200 5645
186.103.159.189 - - [15/Jun/2016:13:39:25 -0300] "GET /cormun/static/about:blank HTTP/1.1" 404 1011
186.103.159.189 - - [15/Jun/2016:13:39:27 -0300] "GET /cormun/servlet/solicitudotadjuntos?INS,2016,2093,,1, HTTP/1.1" 200 5639
186.103.159.189 - - [15/Jun/2016:13:39:28 -0300] "GET /cormun/servlet/solicitudotadjuntos?6eb3af232fdc55046e9d5fb7313fc8a1c9ebf9f7ae83970381d4f118fccd7b5e564b828b55d2353b8f98139b9c775e14,gx-no-cache=1466008777593 HTTP/1.1" 200 30
186.103.159.189 - - [15/Jun/2016:13:39:28 -0300] "POST /cormun/servlet/solicitudotadjuntos?18a33077c81e25c552aa671104116dca,INS,2016,2093,,1,,gx-no-cache=1466008777744 HTTP/1.1" 200 3510
