186.103.159.182 - - [15/Jun/2016:16:12:13 -0300] "GET /cormun/servlet/solicitudotadjuntos?INS,2016,2101,,1, HTTP/1.1" 200 5706
186.103.159.182 - - [15/Jun/2016:16:12:13 -0300] "GET /cormun/servlet/solicitudotadjuntos?825e0425cd896c4e3b9975b2b10ee3e08f0b28389cad207eb0af6a14f8c10c6b307a4dfe42edf020939ef54aa13efba5,gx-no-cache=1466017948894 HTTP/1.1" 200 30
186.103.159.182 - - [15/Jun/2016:16:12:14 -0300] "POST /cormun/servlet/solicitudotadjuntos?887a30ea8d165319fa7b62000eb3c68e,INS,2016,2101,,1,,gx-no-cache=1466017949018 HTTP/1.1" 200 3543
186.103.159.182 - - [15/Jun/2016:16:12:18 -0300] "POST /cormun/servlet/solicitudotadjuntos?gx-no-cache=1466017953671 HTTP/1.1" 200 26
186.103.159.182 - - [15/Jun/2016:16:12:41 -0300] "GET /cormun/servlet/solicitudotadjuntos?825e0425cd896c4e3b9975b2b10ee3e061f6d23a6a4f2c643cfae035d928c607,gx-no-cache=1466017976613 HTTP/1.1" 200 30
186.103.159.182 - - [15/Jun/2016:16:12:41 -0300] "GET /cormun/servlet/solicitudotadjuntos?825e0425cd896c4e3b9975b2b10ee3e061f6d23a6a4f2c643cfae035d928c607,gx-no-cache=1466017976672 HTTP/1.1" 200 30
186.103.159.182 - - [15/Jun/2016:16:12:42 -0300] "POST /cormun/servlet/solicitudotadjuntos?887a30ea8d165319fa7b62000eb3c68e,INS,2016,2101,,1, HTTP/1.1" 200 116
186.103.159.182 - - [15/Jun/2016:16:12:43 -0300] "GET /cormun/servlet/hpexe_return? HTTP/1.1" 200 1025
186.103.159.182 - - [15/Jun/2016:16:12:44 -0300] "GET /cormun/servlet/trsolicitudadjuntos?2016,2101, HTTP/1.1" 200 7490
186.103.159.182 - - [15/Jun/2016:16:12:46 -0300] "GET /cormun/servlet/trsolicitudadjuntos?2016,2101, HTTP/1.1" 200 7486
186.103.159.182 - - [15/Jun/2016:16:12:48 -0300] "GET /cormun/servlet/solicitudotadjuntos?INS,2016,2101,,1, HTTP/1.1" 200 5712
186.103.159.182 - - [15/Jun/2016:16:12:48 -0300] "GET /cormun/static/about:blank HTTP/1.1" 404 1011
186.103.159.182 - - [15/Jun/2016:16:12:50 -0300] "GET /cormun/servlet/solicitudotadjuntos?INS,2016,2101,,1, HTTP/1.1" 200 5706
186.103.159.182 - - [15/Jun/2016:16:12:50 -0300] "GET /cormun/servlet/solicitudotadjuntos?825e0425cd896c4e3b9975b2b10ee3e08f0b28389cad207eb0af6a14f8c10c6b307a4dfe42edf020939ef54aa13efba5,gx-no-cache=1466017985942 HTTP/1.1" 200 30
186.103.159.182 - - [15/Jun/2016:16:12:51 -0300] "POST /cormun/servlet/solicitudotadjuntos?887a30ea8d165319fa7b62000eb3c68e,INS,2016,2101,,1,,gx-no-cache=1466017986022 HTTP/1.1" 200 3543
186.103.159.182 - - [15/Jun/2016:16:12:52 -0300] "POST /cormun/servlet/solicitudotadjuntos?gx-no-cache=1466017988019 HTTP/1.1" 200 26
186.103.159.182 - - [15/Jun/2016:16:12:55 -0300] "POST /cormun/servlet/solicitudotadjuntos?gx-no-cache=1466017990023 HTTP/1.1" 200 26
191.112.61.205 - - [15/Jun/2016:16:13:01 -0300] "GET /cormun/static/Resources/resize.gif HTTP/1.1" 200 77
191.112.61.205 - - [15/Jun/2016:16:13:02 -0300] "GET /cormun/servlet/prfichaempleado?,MD,,gxPopupLevel%3D0%3B HTTP/1.1" 200 8581
191.112.61.205 - - [15/Jun/2016:16:13:02 -0300] "GET /cormun/static/gxcfg.js?201651622215715 HTTP/1.1" 200 953
191.112.61.205 - - [15/Jun/2016:16:13:02 -0300] "GET /cormun/static/Resources/PXToolsMenuSearch.png HTTP/1.1" 200 2914
191.112.61.205 - - [15/Jun/2016:16:13:02 -0300] "GET /cormun/static/Resources/PXToolsMenuSearchCancel.png HTTP/1.1" 200 2972
186.103.159.182 - - [15/Jun/2016:16:13:05 -0300] "GET /cormun/servlet/solicitudotadjuntos?825e0425cd896c4e3b9975b2b10ee3e061f6d23a6a4f2c643cfae035d928c607,gx-no-cache=1466018000294 HTTP/1.1" 200 30
186.103.159.182 - - [15/Jun/2016:16:13:05 -0300] "GET /cormun/servlet/solicitudotadjuntos?825e0425cd896c4e3b9975b2b10ee3e061f6d23a6a4f2c643cfae035d928c607,gx-no-cache=1466018000343 HTTP/1.1" 200 30
186.103.159.182 - - [15/Jun/2016:16:13:06 -0300] "POST /cormun/servlet/solicitudotadjuntos?887a30ea8d165319fa7b62000eb3c68e,INS,2016,2101,,1, HTTP/1.1" 200 116
186.103.159.182 - - [15/Jun/2016:16:13:07 -0300] "GET /cormun/servlet/hpexe_return? HTTP/1.1" 200 1025
186.103.159.182 - - [15/Jun/2016:16:13:07 -0300] "GET /cormun/servlet/trsolicitudadjuntos?2016,2101, HTTP/1.1" 200 7664
186.103.159.182 - - [15/Jun/2016:16:13:08 -0300] "GET /cormun/servlet/trsolicitudadjuntos?2016,2101, HTTP/1.1" 200 7660
186.103.159.182 - - [15/Jun/2016:16:13:11 -0300] "GET /cormun/servlet/solicitudotadjuntos?INS,2016,2101,,1, HTTP/1.1" 200 5712
186.103.159.182 - - [15/Jun/2016:16:13:11 -0300] "GET /cormun/static/about:blank HTTP/1.1" 404 1011
186.103.159.182 - - [15/Jun/2016:16:13:13 -0300] "GET /cormun/servlet/solicitudotadjuntos?INS,2016,2101,,1, HTTP/1.1" 200 5706
186.103.159.182 - - [15/Jun/2016:16:13:13 -0300] "GET /cormun/servlet/solicitudotadjuntos?825e0425cd896c4e3b9975b2b10ee3e08f0b28389cad207eb0af6a14f8c10c6b307a4dfe42edf020939ef54aa13efba5,gx-no-cache=1466018008531 HTTP/1.1" 200 30
186.103.159.182 - - [15/Jun/2016:16:13:13 -0300] "POST /cormun/servlet/solicitudotadjuntos?887a30ea8d165319fa7b62000eb3c68e,INS,2016,2101,,1,,gx-no-cache=1466018008672 HTTP/1.1" 200 3543
191.112.61.205 - - [15/Jun/2016:16:13:14 -0300] "POST /cormun/servlet/prfichaempleado?98858ff0f4195a2e362c56ff81b1748c,,MD,,gxPopupLevel%3D0%3B,gx-no-cache=1466018012139 HTTP/1.1" 200 5698
186.103.159.182 - - [15/Jun/2016:16:13:18 -0300] "POST /cormun/servlet/solicitudotadjuntos?gx-no-cache=1466018013394 HTTP/1.1" 200 26
191.112.61.205 - - [15/Jun/2016:16:13:28 -0300] "POST /cormun/servlet/prfichaempleado?98858ff0f4195a2e362c56ff81b1748c,,MD,,gxPopupLevel%3D0%3B,gx-no-cache=1466018027052 HTTP/1.1" 200 3359
186.103.159.182 - - [15/Jun/2016:16:13:34 -0300] "GET /cormun/servlet/solicitudotadjuntos?825e0425cd896c4e3b9975b2b10ee3e061f6d23a6a4f2c643cfae035d928c607,gx-no-cache=1466018029717 HTTP/1.1" 200 30
186.103.159.182 - - [15/Jun/2016:16:13:34 -0300] "GET /cormun/servlet/solicitudotadjuntos?825e0425cd896c4e3b9975b2b10ee3e061f6d23a6a4f2c643cfae035d928c607,gx-no-cache=1466018029783 HTTP/1.1" 200 30
191.112.61.205 - - [15/Jun/2016:16:13:34 -0300] "POST /cormun/servlet/solicitudot?gx-no-cache=1466018033362 HTTP/1.1" 200 1185
186.103.159.182 - - [15/Jun/2016:16:13:37 -0300] "POST /cormun/servlet/solicitudotadjuntos?887a30ea8d165319fa7b62000eb3c68e,INS,2016,2101,,1, HTTP/1.1" 200 116
186.103.159.182 - - [15/Jun/2016:16:13:37 -0300] "GET /cormun/servlet/hpexe_return? HTTP/1.1" 200 1025
186.103.159.182 - - [15/Jun/2016:16:13:37 -0300] "GET /cormun/servlet/trsolicitudadjuntos?2016,2101, HTTP/1.1" 200 7807
186.103.159.182 - - [15/Jun/2016:16:13:39 -0300] "GET /cormun/servlet/trsolicitudadjuntos?2016,2101, HTTP/1.1" 200 7805
186.103.159.182 - - [15/Jun/2016:16:13:42 -0300] "GET /cormun/servlet/solicitudotadjuntos?INS,2016,2101,,1, HTTP/1.1" 200 5712
186.103.159.182 - - [15/Jun/2016:16:13:42 -0300] "GET /cormun/static/about:blank HTTP/1.1" 404 1011
186.103.159.182 - - [15/Jun/2016:16:13:44 -0300] "GET /cormun/servlet/solicitudotadjuntos?INS,2016,2101,,1, HTTP/1.1" 200 5706
191.112.61.205 - - [15/Jun/2016:16:13:44 -0300] "GET /cormun/servlet/solicitudot?91ef401e0161929f94c64c087ea75a8b6d508328cbefaaf2528cbd4558368e49e9316f1a4799b8dfa56f8d850a2a0027e55b1895b6164e5df60694774c7a433c2bc09fef0e7b650303bdbeaee1a003511bd3abed11d13447c4d8fedc7134eb1a6f4b5fb949e08a77125dc7d9edc3a17dbdba487cb816f4c9f7c7569068331b5e043ae0b05df75f6629b048d11a5c3c40e32e1fc085f766448b21a58c3945e794,gx-no-cache=1466018043134 HTTP/1.1" 200 41
186.103.159.182 - - [15/Jun/2016:16:13:44 -0300] "GET /cormun/servlet/solicitudotadjuntos?825e0425cd896c4e3b9975b2b10ee3e08f0b28389cad207eb0af6a14f8c10c6b307a4dfe42edf020939ef54aa13efba5,gx-no-cache=1466018039673 HTTP/1.1" 200 30
191.112.61.205 - - [15/Jun/2016:16:13:44 -0300] "POST /cormun/servlet/solicitudot?gx-no-cache=1466018043229 HTTP/1.1" 200 1144
186.103.159.182 - - [15/Jun/2016:16:13:44 -0300] "POST /cormun/servlet/solicitudotadjuntos?887a30ea8d165319fa7b62000eb3c68e,INS,2016,2101,,1,,gx-no-cache=1466018039724 HTTP/1.1" 200 3543
191.112.61.205 - - [15/Jun/2016:16:13:44 -0300] "GET /cormun/servlet/solicitudot?91ef401e0161929f94c64c087ea75a8b6e2ec7c07812807ed26ee859604889d8abd4d60b03b67ca12898eaf2dfc0b334ae5afe259a8c7f2b6c353bb9a43832d61cfe26dd8b57677886e2f285443109b41aa9a336b21f32696dcf33ebb3e5ef8a73ee0f6175a0f490ba1c1443f4a491f8293641bda4bf2bd4fec33f09fb1009c19ff14f0a9bd86d8358fdf3f984020371b3e48a666cca7f084d4b44e652c2714dc400212aecc933aff458105a2405fbe4d69d45258c56de4a085d55d7af06c3d8,gx-no-cache=1466018043440 HTTP/1.1" 200 30
191.112.61.205 - - [15/Jun/2016:16:13:45 -0300] "POST /cormun/servlet/solicitudot?98858ff0f4195a2e362c56ff81b1748c,INS,0,0,,gx-no-cache=1466018043551 HTTP/1.1" 200 9621
191.112.61.205 - - [15/Jun/2016:16:13:45 -0300] "GET /cormun/static/Shared/jqueryui/images/ui-bg_highlight-soft_100_c6c2c8_1x100.png HTTP/1.1" 404 1117
191.112.61.205 - - [15/Jun/2016:16:13:45 -0300] "GET /cormun/static/Shared/jqueryui/images/ui-icons_82798d_256x240.png HTTP/1.1" 404 1089
191.112.61.205 - - [15/Jun/2016:16:13:45 -0300] "GET /cormun/static/Shared/jqueryui/images/ui-bg_flat_55_994d53_40x100.png HTTP/1.1" 404 1097
191.112.61.205 - - [15/Jun/2016:16:13:45 -0300] "GET /cormun/static/Shared/jqueryui/images/ui-icons_ebccce_256x240.png HTTP/1.1" 404 1089
186.103.159.182 - - [15/Jun/2016:16:13:46 -0300] "POST /cormun/servlet/solicitudotadjuntos?gx-no-cache=1466018042003 HTTP/1.1" 200 26
186.103.159.182 - - [15/Jun/2016:16:13:53 -0300] "GET /cormun/servlet/solicitudotadjuntos?825e0425cd896c4e3b9975b2b10ee3e061f6d23a6a4f2c643cfae035d928c607,gx-no-cache=1466018048406 HTTP/1.1" 200 30
186.103.159.182 - - [15/Jun/2016:16:13:53 -0300] "GET /cormun/servlet/solicitudotadjuntos?825e0425cd896c4e3b9975b2b10ee3e061f6d23a6a4f2c643cfae035d928c607,gx-no-cache=1466018048434 HTTP/1.1" 200 30
186.103.159.182 - - [15/Jun/2016:16:13:54 -0300] "POST /cormun/servlet/solicitudotadjuntos?887a30ea8d165319fa7b62000eb3c68e,INS,2016,2101,,1, HTTP/1.1" 200 116
186.103.159.182 - - [15/Jun/2016:16:13:54 -0300] "GET /cormun/servlet/hpexe_return? HTTP/1.1" 200 1025
186.103.159.182 - - [15/Jun/2016:16:13:55 -0300] "GET /cormun/servlet/trsolicitudadjuntos?2016,2101, HTTP/1.1" 200 7931
186.103.159.182 - - [15/Jun/2016:16:13:57 -0300] "GET /cormun/servlet/trsolicitudadjuntos?2016,2101, HTTP/1.1" 200 7928
191.112.61.205 - - [15/Jun/2016:16:14:04 -0300] "GET /cormun/servlet/prlicenciaspermisos?17503191,L,,MD,,gxPopupLevel%3D0%3B HTTP/1.1" 200 5640
191.112.61.205 - - [15/Jun/2016:16:14:04 -0300] "GET /cormun/static/gxcfg.js?201652512202696 HTTP/1.1" 200 953
191.112.61.205 - - [15/Jun/2016:16:14:04 -0300] "GET /cormun/static/prlicenciaspermisos.js?201652512202842 HTTP/1.1" 200 13349
186.103.159.182 - - [15/Jun/2016:16:14:08 -0300] "GET /cormun/servlet/solicitudotadjuntos?INS,2016,2101,,1, HTTP/1.1" 200 5711
186.103.159.182 - - [15/Jun/2016:16:14:08 -0300] "GET /cormun/static/about:blank HTTP/1.1" 404 1011
186.103.159.182 - - [15/Jun/2016:16:14:09 -0300] "GET /cormun/servlet/solicitudotadjuntos?INS,2016,2101,,1, HTTP/1.1" 200 5705
186.103.159.182 - - [15/Jun/2016:16:14:10 -0300] "GET /cormun/servlet/solicitudotadjuntos?825e0425cd896c4e3b9975b2b10ee3e08f0b28389cad207eb0af6a14f8c10c6b307a4dfe42edf020939ef54aa13efba5,gx-no-cache=1466018065424 HTTP/1.1" 200 30
186.103.159.182 - - [15/Jun/2016:16:14:10 -0300] "POST /cormun/servlet/solicitudotadjuntos?887a30ea8d165319fa7b62000eb3c68e,INS,2016,2101,,1,,gx-no-cache=1466018065477 HTTP/1.1" 200 3542
191.112.61.205 - - [15/Jun/2016:16:14:23 -0300] "GET /cormun/servlet/solicitudot?91ef401e0161929f94c64c087ea75a8b6d508328cbefaaf2528cbd4558368e49e9316f1a4799b8dfa56f8d850a2a0027e55b1895b6164e5df60694774c7a433c2bc09fef0e7b650303bdbeaee1a003511bd3abed11d13447c4d8fedc7134eb1a6f4b5fb949e08a77125dc7d9edc3a17dbdba487cb816f4c9f7c7569068331b5e043ae0b05df75f6629b048d11a5c3c40cc1d41048f8c3ee82887cb69a25a9564,gx-no-cache=1466018081610 HTTP/1.1" 200 41
191.112.61.205 - - [15/Jun/2016:16:14:23 -0300] "GET /cormun/servlet/solicitudot?91ef401e0161929f94c64c087ea75a8b6e2ec7c07812807ed26ee859604889d8abd4d60b03b67ca12898eaf2dfc0b334c9fde9fcb1cf31d8b0c58a15d658198c1cfe26dd8b57677886e2f285443109b41aa9a336b21f32696dcf33ebb3e5ef8a73ee0f6175a0f490ba1c1443f4a491f8293641bda4bf2bd4fec33f09fb1009c19ff14f0a9bd86d8358fdf3f984020371b3e48a666cca7f084d4b44e652c2714dc400212aecc933aff458105a2405fbe4d69d45258c56de4a085d55d7af06c3d8,gx-no-cache=1466018081734 HTTP/1.1" 200 30
191.112.61.205 - - [15/Jun/2016:16:14:23 -0300] "POST /cormun/servlet/solicitudot?98858ff0f4195a2e362c56ff81b1748c,INS,0,0,,gx-no-cache=1466018081851 HTTP/1.1" 200 93
191.112.61.205 - - [15/Jun/2016:16:14:23 -0300] "GET /cormun/servlet/hpexe_return? HTTP/1.1" 200 1004
191.112.61.205 - - [15/Jun/2016:16:14:24 -0300] "GET /cormun/servlet/trsolicitudot HTTP/1.1" 200 7886
191.112.61.205 - - [15/Jun/2016:16:14:25 -0300] "GET /cormun//static/Resources/PXToolsActionView.png HTTP/1.1" 200 2995
191.112.61.205 - - [15/Jun/2016:16:14:25 -0300] "GET /cormun/servlet/trsolicitudot HTTP/1.1" 200 7882
191.112.61.205 - - [15/Jun/2016:16:14:25 -0300] "GET /cormun//static/Resources/PXToolsRemoveAllAction.png HTTP/1.1" 200 3558
191.112.61.205 - - [15/Jun/2016:16:14:52 -0300] "POST /cormun/servlet/trsolicitudot?98858ff0f4195a2e362c56ff81b1748c,gx-no-cache=1466018110494 HTTP/1.1" 200 105
191.112.61.205 - - [15/Jun/2016:16:14:53 -0300] "GET /cormun/servlet/solicitudot?UPD,2016,2102, HTTP/1.1" 200 13078
191.112.61.205 - - [15/Jun/2016:16:14:55 -0300] "GET /cormun/servlet/solicitudot?UPD,2016,2102, HTTP/1.1" 200 13087
191.112.61.205 - - [15/Jun/2016:16:14:56 -0300] "POST /cormun/servlet/solicitudot?gx-no-cache=1466018114629 HTTP/1.1" 200 2782
191.112.61.205 - - [15/Jun/2016:16:14:56 -0300] "POST /cormun/servlet/solicitudot?98858ff0f4195a2e362c56ff81b1748c,UPD,2016,2102,,gx-no-cache=1466018115032 HTTP/1.1" 200 9294
191.112.61.205 - - [15/Jun/2016:16:14:56 -0300] "GET /cormun/servlet/solicitudot?91ef401e0161929f94c64c087ea75a8b3b9e8129f68fe0f6c6181fd367172ed0c67a0a1c704e426407f0b97c739c3cb4,gx-no-cache=1466018115584 HTTP/1.1" 200 30
191.112.61.205 - - [15/Jun/2016:16:14:57 -0300] "POST /cormun/servlet/solicitudot?gx-no-cache=1466018115683 HTTP/1.1" 200 30
191.112.61.205 - - [15/Jun/2016:16:14:57 -0300] "POST /cormun/servlet/solicitudot?gx-no-cache=1466018115801 HTTP/1.1" 200 30
191.112.61.205 - - [15/Jun/2016:16:14:58 -0300] "POST /cormun/servlet/solicitudot?gx-no-cache=1466018115922 HTTP/1.1" 200 1185
191.112.61.205 - - [15/Jun/2016:16:14:58 -0300] "GET /cormun/servlet/solicitudot?91ef401e0161929f94c64c087ea75a8b6d508328cbefaaf2528cbd4558368e49e9316f1a4799b8dfa56f8d850a2a0027e55b1895b6164e5df60694774c7a433c2bc09fef0e7b650303bdbeaee1a003511bd3abed11d13447c4d8fedc7134eb1a6f4b5fb949e08a77125dc7d9edc3a17dbdba487cb816f4c9f7c7569068331b5e043ae0b05df75f6629b048d11a5c3c40eae939a606e250b9018fec192888103f,gx-no-cache=1466018117392 HTTP/1.1" 200 41
191.112.61.205 - - [15/Jun/2016:16:15:03 -0300] "POST /cormun/servlet/solicitudot?gx-no-cache=1466018121988 HTTP/1.1" 200 30
191.112.61.205 - - [15/Jun/2016:16:15:10 -0300] "POST /cormun/servlet/solicitudot?gx-no-cache=1466018129051 HTTP/1.1" 200 1185
191.112.61.205 - - [15/Jun/2016:16:15:10 -0300] "GET /cormun/servlet/solicitudot?91ef401e0161929f94c64c087ea75a8b6d508328cbefaaf2528cbd4558368e49e9316f1a4799b8dfa56f8d850a2a0027e55b1895b6164e5df60694774c7a433c2bc09fef0e7b650303bdbeaee1a003511bd3abed11d13447c4d8fedc7134eb1a6f4b5fb949e08a77125dc7d9edc3a17dbdba487cb816f4c9f7c7569068331b5e043ae0b05df75f6629b048d11a5c3c40eae939a606e250b9018fec192888103f,gx-no-cache=1466018129284 HTTP/1.1" 200 41
191.112.61.205 - - [15/Jun/2016:16:15:10 -0300] "GET /cormun/servlet/solicitudot?91ef401e0161929f94c64c087ea75a8bfbe0a8ce0fb3488820093f007982dabdbfdd4f171c0b2a447ab726d3867f49cb3a36969b5a7d7748b9b197b436abf1376a483064e0f0d22f05e8896131f9ed4696f886ff0f33715f3d6ec1f7d7c655b095c6901efd09bdfc999b66e87b05fdce,gx-no-cache=1466018129378 HTTP/1.1" 200 29
191.112.61.205 - - [15/Jun/2016:16:15:10 -0300] "POST /cormun/servlet/solicitudot?gx-no-cache=1466018129451 HTTP/1.1" 200 1144
191.112.61.205 - - [15/Jun/2016:16:15:11 -0300] "GET /cormun/servlet/solicitudot?91ef401e0161929f94c64c087ea75a8b6e2ec7c07812807ed26ee859604889d8abd4d60b03b67ca12898eaf2dfc0b334c9fde9fcb1cf31d8b0c58a15d658198c1cfe26dd8b57677886e2f285443109b41aa9a336b21f32696dcf33ebb3e5ef8a73ee0f6175a0f490ba1c1443f4a491f8293641bda4bf2bd4fec33f09fb1009c19ff14f0a9bd86d8358fdf3f984020371b3e48a666cca7f084d4b44e652c2714dc400212aecc933aff458105a2405fbe4c6797628bab6049ceb6df338dd96d86c,gx-no-cache=1466018129635 HTTP/1.1" 200 32
191.112.61.205 - - [15/Jun/2016:16:15:11 -0300] "POST /cormun/servlet/solicitudot?98858ff0f4195a2e362c56ff81b1748c,UPD,2016,2102,,gx-no-cache=1466018129729 HTTP/1.1" 200 9626
191.112.61.205 - - [15/Jun/2016:16:15:11 -0300] "GET /cormun/static/Shared/jqueryui/images/ui-bg_highlight-soft_100_c6c2c8_1x100.png HTTP/1.1" 404 1117
191.112.61.205 - - [15/Jun/2016:16:15:11 -0300] "GET /cormun/static/Shared/jqueryui/images/ui-icons_82798d_256x240.png HTTP/1.1" 404 1089
191.112.61.205 - - [15/Jun/2016:16:15:11 -0300] "GET /cormun/static/Shared/jqueryui/images/ui-bg_flat_55_994d53_40x100.png HTTP/1.1" 404 1097
191.112.61.205 - - [15/Jun/2016:16:15:11 -0300] "GET /cormun/static/Shared/jqueryui/images/ui-icons_ebccce_256x240.png HTTP/1.1" 404 1089
191.112.61.205 - - [15/Jun/2016:16:15:18 -0300] "POST /cormun/servlet/solicitudot?gx-no-cache=1466018136899 HTTP/1.1" 200 2782
191.112.61.205 - - [15/Jun/2016:16:15:19 -0300] "POST /cormun/servlet/solicitudot?98858ff0f4195a2e362c56ff81b1748c,UPD,2016,2102,,gx-no-cache=1466018137388 HTTP/1.1" 200 9391
191.112.61.205 - - [15/Jun/2016:16:15:19 -0300] "GET /cormun/servlet/solicitudot?91ef401e0161929f94c64c087ea75a8b3b9e8129f68fe0f6c6181fd367172ed0c67a0a1c704e426407f0b97c739c3cb4,gx-no-cache=1466018138061 HTTP/1.1" 200 30
191.112.61.205 - - [15/Jun/2016:16:15:19 -0300] "POST /cormun/servlet/solicitudot?gx-no-cache=1466018138164 HTTP/1.1" 200 30
191.112.61.205 - - [15/Jun/2016:16:15:19 -0300] "POST /cormun/servlet/solicitudot?gx-no-cache=1466018138247 HTTP/1.1" 200 30
191.112.61.205 - - [15/Jun/2016:16:15:19 -0300] "POST /cormun/servlet/solicitudot?gx-no-cache=1466018138352 HTTP/1.1" 200 1185
191.112.61.205 - - [15/Jun/2016:16:15:19 -0300] "GET /cormun/servlet/solicitudot?91ef401e0161929f94c64c087ea75a8b6d508328cbefaaf2528cbd4558368e49e9316f1a4799b8dfa56f8d850a2a0027e55b1895b6164e5df60694774c7a433c2bc09fef0e7b650303bdbeaee1a003511bd3abed11d13447c4d8fedc7134eb1a6f4b5fb949e08a77125dc7d9edc3a17dbdba487cb816f4c9f7c7569068331b5e043ae0b05df75f6629b048d11a5c3c40eae939a606e250b9018fec192888103f,gx-no-cache=1466018138585 HTTP/1.1" 200 41
191.112.61.205 - - [15/Jun/2016:16:15:20 -0300] "POST /cormun/servlet/solicitudot?gx-no-cache=1466018138674 HTTP/1.1" 200 1144
191.112.61.205 - - [15/Jun/2016:16:15:20 -0300] "GET /cormun/static/menuarrow.gif HTTP/1.1" 404 1015
191.112.61.205 - - [15/Jun/2016:16:15:22 -0300] "POST /cormun/servlet/solicitudot?gx-no-cache=1466018141008 HTTP/1.1" 200 2782
191.112.61.205 - - [15/Jun/2016:16:15:23 -0300] "POST /cormun/servlet/solicitudot?98858ff0f4195a2e362c56ff81b1748c,UPD,2016,2102,,gx-no-cache=1466018141393 HTTP/1.1" 200 9444
191.112.61.205 - - [15/Jun/2016:16:15:23 -0300] "GET /cormun/servlet/solicitudot?91ef401e0161929f94c64c087ea75a8b3b9e8129f68fe0f6c6181fd367172ed0c67a0a1c704e426407f0b97c739c3cb4,gx-no-cache=1466018142105 HTTP/1.1" 200 30
191.112.61.205 - - [15/Jun/2016:16:15:23 -0300] "POST /cormun/servlet/solicitudot?gx-no-cache=1466018142206 HTTP/1.1" 200 30
191.112.61.205 - - [15/Jun/2016:16:15:23 -0300] "POST /cormun/servlet/solicitudot?gx-no-cache=1466018142318 HTTP/1.1" 200 30
191.112.61.205 - - [15/Jun/2016:16:15:23 -0300] "POST /cormun/servlet/solicitudot?gx-no-cache=1466018142432 HTTP/1.1" 200 1185
191.112.61.205 - - [15/Jun/2016:16:15:24 -0300] "GET /cormun/servlet/solicitudot?91ef401e0161929f94c64c087ea75a8b6d508328cbefaaf2528cbd4558368e49e9316f1a4799b8dfa56f8d850a2a0027e55b1895b6164e5df60694774c7a433c2bc09fef0e7b650303bdbeaee1a003511bd3abed11d13447c4d8fedc7134eb1a6f4b5fb949e08a77125dc7d9edc3a17dbdba487cb816f4c9f7c7569068331b5e043ae0b05df75f6629b048d11a5c3c40eae939a606e250b9018fec192888103f,gx-no-cache=1466018142694 HTTP/1.1" 200 41
191.112.61.205 - - [15/Jun/2016:16:15:24 -0300] "POST /cormun/servlet/solicitudot?gx-no-cache=1466018142851 HTTP/1.1" 200 1144
191.112.61.205 - - [15/Jun/2016:16:15:27 -0300] "GET /cormun/servlet/solicitudot?91ef401e0161929f94c64c087ea75a8b6e2ec7c07812807ed26ee859604889d8abd4d60b03b67ca12898eaf2dfc0b334c9fde9fcb1cf31d8b0c58a15d658198c1cfe26dd8b57677886e2f285443109b41aa9a336b21f32696dcf33ebb3e5ef8a73ee0f6175a0f490ba1c1443f4a491f8293641bda4bf2bd4fec33f09fb1009c19ff14f0a9bd86d8358fdf3f984020371b3e48a666cca7f084d4b44e652c2714dc400212aecc933aff458105a2405fbe4e5dafa6fc5c1b1529fc8157a322ea545,gx-no-cache=1466018145836 HTTP/1.1" 200 32
191.112.61.205 - - [15/Jun/2016:16:15:27 -0300] "POST /cormun/servlet/solicitudot?98858ff0f4195a2e362c56ff81b1748c,UPD,2016,2102,,gx-no-cache=1466018145952 HTTP/1.1" 200 9774
191.112.61.205 - - [15/Jun/2016:16:15:39 -0300] "POST /cormun/servlet/solicitudot?gx-no-cache=1466018157558 HTTP/1.1" 200 2782
191.112.61.205 - - [15/Jun/2016:16:15:39 -0300] "POST /cormun/servlet/solicitudot?98858ff0f4195a2e362c56ff81b1748c,UPD,2016,2102,,gx-no-cache=1466018158003 HTTP/1.1" 200 9540
191.112.61.205 - - [15/Jun/2016:16:15:40 -0300] "GET /cormun/servlet/solicitudot?91ef401e0161929f94c64c087ea75a8b3b9e8129f68fe0f6c6181fd367172ed0c67a0a1c704e426407f0b97c739c3cb4,gx-no-cache=1466018158866 HTTP/1.1" 200 30
191.112.61.205 - - [15/Jun/2016:16:15:40 -0300] "POST /cormun/servlet/solicitudot?gx-no-cache=1466018158972 HTTP/1.1" 200 30
191.112.61.205 - - [15/Jun/2016:16:15:40 -0300] "POST /cormun/servlet/solicitudot?gx-no-cache=1466018159102 HTTP/1.1" 200 30
191.112.61.205 - - [15/Jun/2016:16:15:40 -0300] "POST /cormun/servlet/solicitudot?gx-no-cache=1466018159209 HTTP/1.1" 200 1185
191.112.61.205 - - [15/Jun/2016:16:15:40 -0300] "GET /cormun/servlet/solicitudot?91ef401e0161929f94c64c087ea75a8b6d508328cbefaaf2528cbd4558368e49e9316f1a4799b8dfa56f8d850a2a0027e55b1895b6164e5df60694774c7a433c2bc09fef0e7b650303bdbeaee1a003511bd3abed11d13447c4d8fedc7134eb1a6f4b5fb949e08a77125dc7d9edc3a17dbdba487cb816f4c9f7c7569068331b5e043ae0b05df75f6629b048d11a5c3c40eae939a606e250b9018fec192888103f,gx-no-cache=1466018159442 HTTP/1.1" 200 41
191.112.61.205 - - [15/Jun/2016:16:15:41 -0300] "POST /cormun/servlet/solicitudot?gx-no-cache=1466018159533 HTTP/1.1" 200 1144
191.112.61.205 - - [15/Jun/2016:16:15:45 -0300] "POST /cormun/servlet/solicitudot?gx-no-cache=1466018163925 HTTP/1.1" 200 2782
191.112.61.205 - - [15/Jun/2016:16:15:46 -0300] "POST /cormun/servlet/solicitudot?98858ff0f4195a2e362c56ff81b1748c,UPD,2016,2102,,gx-no-cache=1466018164334 HTTP/1.1" 200 9578
191.112.61.205 - - [15/Jun/2016:16:15:46 -0300] "GET /cormun/servlet/solicitudot?91ef401e0161929f94c64c087ea75a8b3b9e8129f68fe0f6c6181fd367172ed0c67a0a1c704e426407f0b97c739c3cb4,gx-no-cache=1466018165362 HTTP/1.1" 200 30
191.112.61.205 - - [15/Jun/2016:16:15:46 -0300] "POST /cormun/servlet/solicitudot?gx-no-cache=1466018165464 HTTP/1.1" 200 30
191.112.61.205 - - [15/Jun/2016:16:15:46 -0300] "POST /cormun/servlet/solicitudot?gx-no-cache=1466018165546 HTTP/1.1" 200 30
191.112.61.205 - - [15/Jun/2016:16:15:47 -0300] "POST /cormun/servlet/solicitudot?gx-no-cache=1466018165649 HTTP/1.1" 200 1185
191.112.61.205 - - [15/Jun/2016:16:15:47 -0300] "GET /cormun/servlet/solicitudot?91ef401e0161929f94c64c087ea75a8b6d508328cbefaaf2528cbd4558368e49e9316f1a4799b8dfa56f8d850a2a0027e55b1895b6164e5df60694774c7a433c2bc09fef0e7b650303bdbeaee1a003511bd3abed11d13447c4d8fedc7134eb1a6f4b5fb949e08a77125dc7d9edc3a17dbdba487cb816f4c9f7c7569068331b5e043ae0b05df75f6629b048d11a5c3c40eae939a606e250b9018fec192888103f,gx-no-cache=1466018165936 HTTP/1.1" 200 41
191.112.61.205 - - [15/Jun/2016:16:15:47 -0300] "POST /cormun/servlet/solicitudot?gx-no-cache=1466018166045 HTTP/1.1" 200 1144
191.112.61.205 - - [15/Jun/2016:16:15:49 -0300] "GET /cormun/servlet/solicitudot?91ef401e0161929f94c64c087ea75a8b6e2ec7c07812807ed26ee859604889d8abd4d60b03b67ca12898eaf2dfc0b334c9fde9fcb1cf31d8b0c58a15d658198c1cfe26dd8b57677886e2f285443109b41aa9a336b21f32696dcf33ebb3e5ef8a73ee0f6175a0f490ba1c1443f4a491f8293641bda4bf2bd4fec33f09fb1009c19ff14f0a9bd86d8358fdf3f984020371b3e48a666cca7f084d4b44e652c2714dc400212aecc933aff458105a2405fbe4c6797628bab6049ceb6df338dd96d86c,gx-no-cache=1466018167986 HTTP/1.1" 200 32
191.112.61.205 - - [15/Jun/2016:16:15:50 -0300] "POST /cormun/servlet/solicitudot?98858ff0f4195a2e362c56ff81b1748c,UPD,2016,2102,,gx-no-cache=1466018168114 HTTP/1.1" 200 9916
191.112.61.205 - - [15/Jun/2016:16:15:53 -0300] "POST /cormun/servlet/solicitudot?gx-no-cache=1466018171581 HTTP/1.1" 200 2782
191.112.61.205 - - [15/Jun/2016:16:15:53 -0300] "POST /cormun/servlet/solicitudot?98858ff0f4195a2e362c56ff81b1748c,UPD,2016,2102,,gx-no-cache=1466018172049 HTTP/1.1" 200 9677
191.112.61.205 - - [15/Jun/2016:16:15:54 -0300] "GET /cormun/servlet/solicitudot?91ef401e0161929f94c64c087ea75a8b3b9e8129f68fe0f6c6181fd367172ed0c67a0a1c704e426407f0b97c739c3cb4,gx-no-cache=1466018172933 HTTP/1.1" 200 30
191.112.61.205 - - [15/Jun/2016:16:15:54 -0300] "POST /cormun/servlet/solicitudot?gx-no-cache=1466018173074 HTTP/1.1" 200 30
191.112.61.205 - - [15/Jun/2016:16:15:54 -0300] "POST /cormun/servlet/solicitudot?gx-no-cache=1466018173169 HTTP/1.1" 200 30
191.112.61.205 - - [15/Jun/2016:16:15:55 -0300] "POST /cormun/servlet/solicitudot?gx-no-cache=1466018173327 HTTP/1.1" 200 1185
191.112.61.205 - - [15/Jun/2016:16:15:55 -0300] "GET /cormun/servlet/solicitudot?91ef401e0161929f94c64c087ea75a8b6d508328cbefaaf2528cbd4558368e49e9316f1a4799b8dfa56f8d850a2a0027e55b1895b6164e5df60694774c7a433c2bc09fef0e7b650303bdbeaee1a003511bd3abed11d13447c4d8fedc7134eb1a6f4b5fb949e08a77125dc7d9edc3a17dbdba487cb816f4c9f7c7569068331b5e043ae0b05df75f6629b048d11a5c3c40eae939a606e250b9018fec192888103f,gx-no-cache=1466018173791 HTTP/1.1" 200 41
191.112.61.205 - - [15/Jun/2016:16:15:55 -0300] "POST /cormun/servlet/solicitudot?gx-no-cache=1466018173899 HTTP/1.1" 200 1144
191.112.61.205 - - [15/Jun/2016:16:15:58 -0300] "POST /cormun/servlet/solicitudot?gx-no-cache=1466018176798 HTTP/1.1" 200 2782
191.112.61.205 - - [15/Jun/2016:16:15:59 -0300] "POST /cormun/servlet/solicitudot?98858ff0f4195a2e362c56ff81b1748c,UPD,2016,2102,,gx-no-cache=1466018177340 HTTP/1.1" 200 9715
191.112.61.205 - - [15/Jun/2016:16:15:59 -0300] "GET /cormun/servlet/solicitudot?91ef401e0161929f94c64c087ea75a8b3b9e8129f68fe0f6c6181fd367172ed0c67a0a1c704e426407f0b97c739c3cb4,gx-no-cache=1466018178349 HTTP/1.1" 200 30
191.112.61.205 - - [15/Jun/2016:16:16:00 -0300] "POST /cormun/servlet/solicitudot?gx-no-cache=1466018178482 HTTP/1.1" 200 30
191.112.61.205 - - [15/Jun/2016:16:16:00 -0300] "POST /cormun/servlet/solicitudot?gx-no-cache=1466018179003 HTTP/1.1" 200 30
191.112.61.205 - - [15/Jun/2016:16:16:00 -0300] "POST /cormun/servlet/solicitudot?gx-no-cache=1466018179214 HTTP/1.1" 200 1185
191.112.61.205 - - [15/Jun/2016:16:16:00 -0300] "GET /cormun/servlet/solicitudot?91ef401e0161929f94c64c087ea75a8b6d508328cbefaaf2528cbd4558368e49e9316f1a4799b8dfa56f8d850a2a0027e55b1895b6164e5df60694774c7a433c2bc09fef0e7b650303bdbeaee1a003511bd3abed11d13447c4d8fedc7134eb1a6f4b5fb949e08a77125dc7d9edc3a17dbdba487cb816f4c9f7c7569068331b5e043ae0b05df75f6629b048d11a5c3c40eae939a606e250b9018fec192888103f,gx-no-cache=1466018179565 HTTP/1.1" 200 41
191.112.61.205 - - [15/Jun/2016:16:16:01 -0300] "POST /cormun/servlet/solicitudot?gx-no-cache=1466018179712 HTTP/1.1" 200 1144
191.112.61.205 - - [15/Jun/2016:16:16:06 -0300] "GET /cormun/servlet/solicitudot?91ef401e0161929f94c64c087ea75a8b6e2ec7c07812807ed26ee859604889d8abd4d60b03b67ca12898eaf2dfc0b334c9fde9fcb1cf31d8b0c58a15d658198c1cfe26dd8b57677886e2f285443109b41aa9a336b21f32696dcf33ebb3e5ef8a73ee0f6175a0f490ba1c1443f4a491f8293641bda4bf2bd4fec33f09fb1009c19ff14f0a9bd86d8358fdf3f984020371b3e48a666cca7f084d4b44e652c2714dc400212aecc933aff458105a2405fbe4e5dafa6fc5c1b1529fc8157a322ea545,gx-no-cache=1466018185329 HTTP/1.1" 200 32
191.112.61.205 - - [15/Jun/2016:16:16:07 -0300] "POST /cormun/servlet/solicitudot?98858ff0f4195a2e362c56ff81b1748c,UPD,2016,2102,,gx-no-cache=1466018185513 HTTP/1.1" 200 10071
191.112.61.205 - - [15/Jun/2016:16:16:17 -0300] "POST /cormun/servlet/solicitudot?gx-no-cache=1466018196275 HTTP/1.1" 200 2782
191.112.61.205 - - [15/Jun/2016:16:16:18 -0300] "POST /cormun/servlet/solicitudot?98858ff0f4195a2e362c56ff81b1748c,UPD,2016,2102,,gx-no-cache=1466018196726 HTTP/1.1" 200 9861
191.112.61.205 - - [15/Jun/2016:16:16:19 -0300] "GET /cormun/servlet/solicitudot?91ef401e0161929f94c64c087ea75a8b3b9e8129f68fe0f6c6181fd367172ed0c67a0a1c704e426407f0b97c739c3cb4,gx-no-cache=1466018197736 HTTP/1.1" 200 30
191.112.61.205 - - [15/Jun/2016:16:16:19 -0300] "POST /cormun/servlet/solicitudot?gx-no-cache=1466018197952 HTTP/1.1" 200 30
191.112.61.205 - - [15/Jun/2016:16:16:19 -0300] "POST /cormun/servlet/solicitudot?gx-no-cache=1466018198116 HTTP/1.1" 200 30
191.112.61.205 - - [15/Jun/2016:16:16:19 -0300] "POST /cormun/servlet/solicitudot?gx-no-cache=1466018198286 HTTP/1.1" 200 1185
191.112.61.205 - - [15/Jun/2016:16:16:20 -0300] "GET /cormun/servlet/solicitudot?91ef401e0161929f94c64c087ea75a8b6d508328cbefaaf2528cbd4558368e49e9316f1a4799b8dfa56f8d850a2a0027e55b1895b6164e5df60694774c7a433c2bc09fef0e7b650303bdbeaee1a003511bd3abed11d13447c4d8fedc7134eb1a6f4b5fb949e08a77125dc7d9edc3a17dbdba487cb816f4c9f7c7569068331b5e043ae0b05df75f6629b048d11a5c3c40eae939a606e250b9018fec192888103f,gx-no-cache=1466018198583 HTTP/1.1" 200 41
191.112.61.205 - - [15/Jun/2016:16:16:20 -0300] "POST /cormun/servlet/solicitudot?gx-no-cache=1466018198754 HTTP/1.1" 200 1144
191.112.61.205 - - [15/Jun/2016:16:16:34 -0300] "GET /cormun/servlet/prlicenciaspermisos?17503191,L,,MD,,gxPopupLevel%3D0%3B HTTP/1.1" 200 5646
191.112.61.205 - - [15/Jun/2016:16:17:33 -0300] "POST /cormun/servlet/solicitudot?gx-no-cache=1466018270476 HTTP/1.1" 200 30
186.103.159.182 - - [15/Jun/2016:16:17:43 -0300] "POST /cormun/servlet/solicitudotadjuntos?gx-no-cache=1466018278294 HTTP/1.1" 200 26
191.112.61.205 - - [15/Jun/2016:16:17:52 -0300] "POST /cormun/servlet/solicitudot?gx-no-cache=1466018290914 HTTP/1.1" 200 30
191.112.61.205 - - [15/Jun/2016:16:17:58 -0300] "POST /cormun/servlet/solicitudot?gx-no-cache=1466018295898 HTTP/1.1" 200 2782
191.112.61.205 - - [15/Jun/2016:16:17:59 -0300] "POST /cormun/servlet/solicitudot?98858ff0f4195a2e362c56ff81b1748c,UPD,2016,2102,,gx-no-cache=1466018296785 HTTP/1.1" 200 9891
191.112.61.205 - - [15/Jun/2016:16:17:59 -0300] "GET /cormun/servlet/solicitudot?91ef401e0161929f94c64c087ea75a8b3b9e8129f68fe0f6c6181fd367172ed0c67a0a1c704e426407f0b97c739c3cb4,gx-no-cache=1466018298275 HTTP/1.1" 200 30
191.112.61.205 - - [15/Jun/2016:16:17:59 -0300] "POST /cormun/servlet/solicitudot?gx-no-cache=1466018298461 HTTP/1.1" 200 30
191.112.61.205 - - [15/Jun/2016:16:18:00 -0300] "POST /cormun/servlet/solicitudot?gx-no-cache=1466018298620 HTTP/1.1" 200 1185
191.112.61.205 - - [15/Jun/2016:16:18:00 -0300] "GET /cormun/servlet/solicitudot?91ef401e0161929f94c64c087ea75a8b6d508328cbefaaf2528cbd4558368e49e9316f1a4799b8dfa56f8d850a2a0027e55b1895b6164e5df60694774c7a433c2bc09fef0e7b650303bdbeaee1a003511bd3abed11d13447c4d8fedc7134eb1a6f4b5fb949e08a77125dc7d9edc3a17dbdba487cb816f4c9f7c7569068331b5e043ae0b05df75f6629b048d11a5c3c40eae939a606e250b9018fec192888103f,gx-no-cache=1466018298898 HTTP/1.1" 200 41
191.112.61.205 - - [15/Jun/2016:16:18:00 -0300] "POST /cormun/servlet/solicitudot?gx-no-cache=1466018299059 HTTP/1.1" 200 1144
186.103.159.182 - - [15/Jun/2016:16:18:00 -0300] "GET /cormun/servlet/solicitudotadjuntos?825e0425cd896c4e3b9975b2b10ee3e061f6d23a6a4f2c643cfae035d928c607,gx-no-cache=1466018295682 HTTP/1.1" 200 30
186.103.159.182 - - [15/Jun/2016:16:18:00 -0300] "GET /cormun/servlet/solicitudotadjuntos?825e0425cd896c4e3b9975b2b10ee3e061f6d23a6a4f2c643cfae035d928c607,gx-no-cache=1466018295732 HTTP/1.1" 200 30
191.112.61.205 - - [15/Jun/2016:16:18:00 -0300] "GET /cormun/servlet/solicitudot?91ef401e0161929f94c64c087ea75a8b6e2ec7c07812807ed26ee859604889d8abd4d60b03b67ca12898eaf2dfc0b334c9fde9fcb1cf31d8b0c58a15d658198c1cfe26dd8b57677886e2f285443109b41aa9a336b21f32696dcf33ebb3e5ef8a73ee0f6175a0f490ba1c1443f4a491f8293641bda4bf2bd4fec33f09fb1009c19ff14f0a9bd86d8358fdf3f984020371b3e48a666cca7f084d4b44e652c2714dc400212aecc933aff458105a2405fbe4c6797628bab6049ceb6df338dd96d86c,gx-no-cache=1466018299322 HTTP/1.1" 200 32
186.103.159.182 - - [15/Jun/2016:16:18:01 -0300] "POST /cormun/servlet/solicitudotadjuntos?887a30ea8d165319fa7b62000eb3c68e,INS,2016,2101,,1, HTTP/1.1" 200 116
186.103.159.182 - - [15/Jun/2016:16:18:01 -0300] "GET /cormun/servlet/hpexe_return? HTTP/1.1" 200 1025
191.112.61.205 - - [15/Jun/2016:16:18:01 -0300] "POST /cormun/servlet/solicitudot?98858ff0f4195a2e362c56ff81b1748c,UPD,2016,2102,,gx-no-cache=1466018299481 HTTP/1.1" 200 10208
186.103.159.182 - - [15/Jun/2016:16:18:03 -0300] "GET /cormun/servlet/trsolicitudadjuntos?2016,2101, HTTP/1.1" 200 8094
186.103.159.182 - - [15/Jun/2016:16:18:08 -0300] "GET /cormun/servlet/trsolicitudadjuntos?2016,2101, HTTP/1.1" 200 8092
191.112.61.205 - - [15/Jun/2016:16:18:21 -0300] "GET /cormun/servlet/prlicenciaspermisos?17503191,L,,MD,,gxPopupLevel%3D0%3B HTTP/1.1" 200 5646
191.112.61.205 - - [15/Jun/2016:16:18:26 -0300] "POST /cormun/servlet/solicitudot?gx-no-cache=1466018324567 HTTP/1.1" 200 2782
191.112.61.205 - - [15/Jun/2016:16:18:27 -0300] "POST /cormun/servlet/solicitudot?98858ff0f4195a2e362c56ff81b1748c,UPD,2016,2102,,gx-no-cache=1466018325007 HTTP/1.1" 200 9959
191.112.61.205 - - [15/Jun/2016:16:18:27 -0300] "GET /cormun/servlet/solicitudot?91ef401e0161929f94c64c087ea75a8b3b9e8129f68fe0f6c6181fd367172ed0c67a0a1c704e426407f0b97c739c3cb4,gx-no-cache=1466018326061 HTTP/1.1" 200 30
191.112.61.205 - - [15/Jun/2016:16:18:27 -0300] "POST /cormun/servlet/solicitudot?gx-no-cache=1466018326167 HTTP/1.1" 200 30
191.112.61.205 - - [15/Jun/2016:16:18:27 -0300] "POST /cormun/servlet/solicitudot?gx-no-cache=1466018326263 HTTP/1.1" 200 30
191.112.61.205 - - [15/Jun/2016:16:18:27 -0300] "POST /cormun/servlet/solicitudot?gx-no-cache=1466018326406 HTTP/1.1" 200 1185
191.112.61.205 - - [15/Jun/2016:16:18:49 -0300] "POST /cormun/servlet/solicitudot?gx-no-cache=1466018347771 HTTP/1.1" 200 30
191.112.61.205 - - [15/Jun/2016:16:18:51 -0300] "POST /cormun/servlet/solicitudot?gx-no-cache=1466018349859 HTTP/1.1" 200 1185
191.112.61.205 - - [15/Jun/2016:16:18:51 -0300] "GET /cormun/servlet/solicitudot?91ef401e0161929f94c64c087ea75a8b6d508328cbefaaf2528cbd4558368e49e9316f1a4799b8dfa56f8d850a2a0027e55b1895b6164e5df60694774c7a433c2bc09fef0e7b650303bdbeaee1a003511bd3abed11d13447c4d8fedc7134eb1a6f4b5fb949e08a77125dc7d9edc3a17dbdba487cb816f4c9f7c7569068331b5e043ae0b05df75f6629b048d11a5c3c40eae939a606e250b9018fec192888103f,gx-no-cache=1466018350111 HTTP/1.1" 200 41
191.112.61.205 - - [15/Jun/2016:16:18:51 -0300] "POST /cormun/servlet/solicitudot?gx-no-cache=1466018350231 HTTP/1.1" 200 1144
191.112.61.205 - - [15/Jun/2016:16:18:51 -0300] "GET /cormun/servlet/solicitudot?91ef401e0161929f94c64c087ea75a8b6e2ec7c07812807ed26ee859604889d8abd4d60b03b67ca12898eaf2dfc0b334c9fde9fcb1cf31d8b0c58a15d658198c1cfe26dd8b57677886e2f285443109b41aa9a336b21f32696dcf33ebb3e5ef8a73ee0f6175a0f490ba1c1443f4a491f8293641bda4bf2bd4fec33f09fb1009c19ff14f0a9bd86d8358fdf3f984020371b3e48a666cca7f084d4b44e652c2714dc400212aecc933aff458105a2405fbe4c6797628bab6049ceb6df338dd96d86c,gx-no-cache=1466018350467 HTTP/1.1" 200 32
191.112.61.205 - - [15/Jun/2016:16:18:53 -0300] "POST /cormun/servlet/solicitudot?98858ff0f4195a2e362c56ff81b1748c,UPD,2016,2102,,gx-no-cache=1466018351003 HTTP/1.1" 200 93
191.112.61.205 - - [15/Jun/2016:16:18:53 -0300] "GET /cormun/servlet/hpexe_return? HTTP/1.1" 200 1010
191.112.61.205 - - [15/Jun/2016:16:18:53 -0300] "GET /cormun/servlet/trsolicitudot HTTP/1.1" 200 7886
191.112.61.205 - - [15/Jun/2016:16:18:55 -0300] "GET /cormun/servlet/trsolicitudot HTTP/1.1" 200 7882
186.103.159.182 - - [15/Jun/2016:16:18:59 -0300] "GET /cormun/servlet/solicitudotadjuntos?INS,2016,2101,,1, HTTP/1.1" 200 5711
186.103.159.182 - - [15/Jun/2016:16:18:59 -0300] "GET /cormun/static/about:blank HTTP/1.1" 404 1011
186.103.159.182 - - [15/Jun/2016:16:19:01 -0300] "GET /cormun/servlet/solicitudotadjuntos?INS,2016,2101,,1, HTTP/1.1" 200 5705
186.103.159.182 - - [15/Jun/2016:16:19:02 -0300] "GET /cormun/servlet/solicitudotadjuntos?825e0425cd896c4e3b9975b2b10ee3e08f0b28389cad207eb0af6a14f8c10c6b307a4dfe42edf020939ef54aa13efba5,gx-no-cache=1466018357275 HTTP/1.1" 200 30
186.103.159.182 - - [15/Jun/2016:16:19:02 -0300] "POST /cormun/servlet/solicitudotadjuntos?887a30ea8d165319fa7b62000eb3c68e,INS,2016,2101,,1,,gx-no-cache=1466018357353 HTTP/1.1" 200 3543
186.103.159.182 - - [15/Jun/2016:16:19:10 -0300] "POST /cormun/servlet/solicitudotadjuntos?gx-no-cache=1466018365355 HTTP/1.1" 200 26
191.112.61.205 - - [15/Jun/2016:16:19:15 -0300] "GET /cormun/servlet/trsolicitudot? HTTP/1.1" 200 7882
186.103.159.182 - - [15/Jun/2016:16:19:16 -0300] "GET /cormun/servlet/solicitudotadjuntos?825e0425cd896c4e3b9975b2b10ee3e061f6d23a6a4f2c643cfae035d928c607,gx-no-cache=1466018371528 HTTP/1.1" 200 30
186.103.159.182 - - [15/Jun/2016:16:19:16 -0300] "GET /cormun/servlet/solicitudotadjuntos?825e0425cd896c4e3b9975b2b10ee3e061f6d23a6a4f2c643cfae035d928c607,gx-no-cache=1466018371612 HTTP/1.1" 200 30
191.112.61.205 - - [15/Jun/2016:16:19:16 -0300] "GET /cormun/servlet/trsolicitudot? HTTP/1.1" 200 7882
186.103.159.182 - - [15/Jun/2016:16:19:19 -0300] "POST /cormun/servlet/solicitudotadjuntos?887a30ea8d165319fa7b62000eb3c68e,INS,2016,2101,,1, HTTP/1.1" 200 116
186.103.159.182 - - [15/Jun/2016:16:19:19 -0300] "GET /cormun/servlet/hpexe_return? HTTP/1.1" 200 1025
186.103.159.182 - - [15/Jun/2016:16:19:20 -0300] "GET /cormun/servlet/trsolicitudadjuntos?2016,2101, HTTP/1.1" 200 8255
191.112.61.205 - - [15/Jun/2016:16:19:22 -0300] "GET /cormun/servlet/solicitudot?INS,0,0, HTTP/1.1" 200 11784
186.103.159.182 - - [15/Jun/2016:16:19:22 -0300] "GET /cormun/servlet/trsolicitudadjuntos?2016,2101, HTTP/1.1" 200 8256
191.112.61.205 - - [15/Jun/2016:16:19:23 -0300] "GET /cormun/servlet/solicitudot?INS,0,0, HTTP/1.1" 200 11789
186.103.159.182 - - [15/Jun/2016:16:19:28 -0300] "POST /cormun/servlet/trsolicitudadjuntos?887a30ea8d165319fa7b62000eb3c68e,2016,2101,,gx-no-cache=1466018383564 HTTP/1.1" 200 90
186.103.159.182 - - [15/Jun/2016:16:19:28 -0300] "GET /cormun/servlet/hpexe_link HTTP/1.1" 200 966
186.103.159.182 - - [15/Jun/2016:16:19:29 -0300] "GET /cormun/servlet/trsolicitudot HTTP/1.1" 200 7830
186.103.159.182 - - [15/Jun/2016:16:19:31 -0300] "GET /cormun/servlet/trsolicitudot HTTP/1.1" 200 7829
191.112.61.205 - - [15/Jun/2016:16:19:32 -0300] "POST /cormun/servlet/solicitudot?gx-no-cache=1466018390841 HTTP/1.1" 200 2782
191.112.61.205 - - [15/Jun/2016:16:19:32 -0300] "POST /cormun/servlet/solicitudot?98858ff0f4195a2e362c56ff81b1748c,INS,0,0,,gx-no-cache=1466018391292 HTTP/1.1" 200 8606
186.103.159.182 - - [15/Jun/2016:16:19:33 -0300] "POST /cormun/servlet/trsolicitudot?887a30ea8d165319fa7b62000eb3c68e,gx-no-cache=1466018388827 HTTP/1.1" 200 3969
186.103.159.182 - - [15/Jun/2016:16:19:34 -0300] "GET /cormun/static/Shared/jqueryui/images/ui-bg_highlight-soft_100_c6c2c8_1x100.png HTTP/1.1" 404 1117
186.103.159.182 - - [15/Jun/2016:16:19:34 -0300] "GET /cormun/static/Shared/jqueryui/images/ui-bg_flat_55_fafafa_40x100.png HTTP/1.1" 404 1097
186.103.159.182 - - [15/Jun/2016:16:19:34 -0300] "GET /cormun/static/Shared/jqueryui/images/ui-icons_8d78a5_256x240.png HTTP/1.1" 404 1089
186.103.159.182 - - [15/Jun/2016:16:19:34 -0300] "GET /cormun/static/Shared/jqueryui/images/ui-icons_82798d_256x240.png HTTP/1.1" 404 1089
186.103.159.182 - - [15/Jun/2016:16:19:36 -0300] "POST /cormun/servlet/trsolicitudot?887a30ea8d165319fa7b62000eb3c68e,gx-no-cache=1466018389490 HTTP/1.1" 200 3813
191.112.61.205 - - [15/Jun/2016:16:19:36 -0300] "GET /cormun/servlet/solicitudot?91ef401e0161929f94c64c087ea75a8b3b9e8129f68fe0f6c6181fd367172ed030bd6ec8a7634556c056e7b04c063937,gx-no-cache=1466018395056 HTTP/1.1" 200 30
191.112.61.205 - - [15/Jun/2016:16:19:36 -0300] "POST /cormun/servlet/solicitudot?gx-no-cache=1466018395164 HTTP/1.1" 200 30
191.112.61.205 - - [15/Jun/2016:16:19:43 -0300] "POST /cormun/servlet/solicitudot?gx-no-cache=1466018402281 HTTP/1.1" 200 30
191.112.61.205 - - [15/Jun/2016:16:19:58 -0300] "GET /cormun/servlet/prlicenciaspermisos?17503191,L,,MD,,gxPopupLevel%3D0%3B HTTP/1.1" 200 5640
191.112.61.205 - - [15/Jun/2016:16:20:01 -0300] "POST /cormun/servlet/solicitudot?gx-no-cache=1466018420355 HTTP/1.1" 200 1185
186.103.159.182 - - [15/Jun/2016:16:20:02 -0300] "GET /cormun/servlet/trautorizarsolicitud? HTTP/1.1" 200 7759
186.103.159.182 - - [15/Jun/2016:16:20:03 -0300] "GET /cormun/static/gxui/gxui-all.css?110300 HTTP/1.1" 200 2179
186.103.159.182 - - [15/Jun/2016:16:20:03 -0300] "GET /cormun/static/gxcfg.js?201651622221839 HTTP/1.1" 200 953
186.103.159.182 - - [15/Jun/2016:16:20:03 -0300] "GET /cormun/static/trautorizarsolicitud.js?201651622222430 HTTP/1.1" 200 44547
186.103.159.182 - - [15/Jun/2016:16:20:03 -0300] "GET /cormun/static/Resources/Spanish/PXTools.css?22123174 HTTP/1.1" 200 89042
186.103.159.182 - - [15/Jun/2016:16:20:03 -0300] "GET /cormun/static/Shared/ext/resources/css/ext-all.css?205870 HTTP/1.1" 200 416045
191.112.61.205 - - [15/Jun/2016:16:20:05 -0300] "GET /cormun/servlet/solicitudot?91ef401e0161929f94c64c087ea75a8b6d508328cbefaaf2528cbd4558368e49e9316f1a4799b8dfa56f8d850a2a0027e55b1895b6164e5df60694774c7a433c2bc09fef0e7b650303bdbeaee1a003511bd3abed11d13447c4d8fedc7134eb1a6f4b5fb949e08a77125dc7d9edc3a17dbdba487cb816f4c9f7c7569068331b5e043ae0b05df75f6629b048d11a5c3c40c00d8bb53d8c184d96f9b40082a2d808,gx-no-cache=1466018423729 HTTP/1.1" 200 38
186.103.159.182 - - [15/Jun/2016:16:20:05 -0300] "GET /cormun/servlet/trautorizarsolicitud? HTTP/1.1" 200 7759
186.103.159.182 - - [15/Jun/2016:16:20:07 -0300] "POST /cormun/servlet/trautorizarsolicitud?887a30ea8d165319fa7b62000eb3c68e,,gx-no-cache=1466018422379 HTTP/1.1" 200 3946
186.103.159.182 - - [15/Jun/2016:16:20:07 -0300] "POST /cormun/servlet/trautorizarsolicitud?887a30ea8d165319fa7b62000eb3c68e,,gx-no-cache=1466018422933 HTTP/1.1" 200 3792
191.112.61.205 - - [15/Jun/2016:16:20:13 -0300] "GET /cormun/servlet/solicitudot?91ef401e0161929f94c64c087ea75a8b21c46bc83878f9011b604f5c3bfb7ea421279a78dd95c34fdddbb742f903dbb2374bcfd843f99756006bb751fec97b6a1f267d94c38427d6e81377ae77903324f656302d6e54ec9e835f697452fdc3f82b9c64f95d2734d43a883024e231717a,gx-no-cache=1466018432187 HTTP/1.1" 200 29
191.112.61.205 - - [15/Jun/2016:16:20:13 -0300] "POST /cormun/servlet/solicitudot?gx-no-cache=1466018432263 HTTP/1.1" 200 1144
191.112.61.205 - - [15/Jun/2016:16:20:13 -0300] "GET /cormun/static/menuarrow.gif HTTP/1.1" 404 1015
191.112.61.205 - - [15/Jun/2016:16:20:26 -0300] "GET /cormun/servlet/solicitudot?91ef401e0161929f94c64c087ea75a8b6e2ec7c07812807ed26ee859604889d8b892900e41c2d4b4a901f6e160a4df17a7887fd7b91bf1c655a58ecfc5e5dc1ff9ba09546e374fdb07c33020596b57e4c09019850e5d76a6d71d4dc4d3fa106db7f6f0f3b5d1886db5069b29a2f172f9c95b8e5e1b1241cafa9741ea8a74395fb77c92931662f750a69db5c011deb3305e2e6752f8e772bd19c5d249a446bc44af0881f50e194969f03a46818d3ddf01b291b8fbe2533a2aceb8c06fda1a650d,gx-no-cache=1466018444627 HTTP/1.1" 200 30
191.112.61.205 - - [15/Jun/2016:16:21:05 -0300] "POST /cormun/servlet/solicitudot?gx-no-cache=1466018483962 HTTP/1.1" 200 30
191.112.61.205 - - [15/Jun/2016:16:21:24 -0300] "POST /cormun/servlet/solicitudot?gx-no-cache=1466018503390 HTTP/1.1" 200 1185
191.112.61.205 - - [15/Jun/2016:16:21:25 -0300] "GET /cormun/servlet/solicitudot?91ef401e0161929f94c64c087ea75a8b6d508328cbefaaf2528cbd4558368e49e9316f1a4799b8dfa56f8d850a2a0027e55b1895b6164e5df60694774c7a433c2bc09fef0e7b650303bdbeaee1a003511bd3abed11d13447c4d8fedc7134eb1a6f4b5fb949e08a77125dc7d9edc3a17dbdba487cb816f4c9f7c7569068331b5e043ae0b05df75f6629b048d11a5c3c403dc631b7b862dc8cb610ea8e49ec91d8,gx-no-cache=1466018503709 HTTP/1.1" 200 41
191.112.61.205 - - [15/Jun/2016:16:21:25 -0300] "POST /cormun/servlet/solicitudot?gx-no-cache=1466018503933 HTTP/1.1" 200 1144
191.112.61.205 - - [15/Jun/2016:16:21:25 -0300] "GET /cormun/servlet/solicitudot?91ef401e0161929f94c64c087ea75a8b6e2ec7c07812807ed26ee859604889d87d2404193ad812a211044f623d687c68c9fde9fcb1cf31d8b0c58a15d658198c1cfe26dd8b57677886e2f285443109b41aa9a336b21f32696dcf33ebb3e5ef8a73ee0f6175a0f490ba1c1443f4a491f8293641bda4bf2bd4fec33f09fb1009c19ff14f0a9bd86d8358fdf3f984020371b3e48a666cca7f084d4b44e652c2714dc400212aecc933aff458105a2405fbe41b6be4c97a3d19f59d22786c4c07fa4b,gx-no-cache=1466018504175 HTTP/1.1" 200 30
191.112.61.205 - - [15/Jun/2016:16:21:26 -0300] "POST /cormun/servlet/solicitudot?98858ff0f4195a2e362c56ff81b1748c,INS,0,0,,gx-no-cache=1466018504388 HTTP/1.1" 200 9601
191.112.61.205 - - [15/Jun/2016:16:21:26 -0300] "GET /cormun/static/Shared/jqueryui/images/ui-bg_highlight-soft_100_c6c2c8_1x100.png HTTP/1.1" 404 1117
191.112.61.205 - - [15/Jun/2016:16:21:26 -0300] "GET /cormun/static/Shared/jqueryui/images/ui-icons_82798d_256x240.png HTTP/1.1" 404 1089
191.112.61.205 - - [15/Jun/2016:16:21:26 -0300] "GET /cormun/static/Shared/jqueryui/images/ui-bg_flat_55_994d53_40x100.png HTTP/1.1" 404 1097
191.112.61.205 - - [15/Jun/2016:16:21:26 -0300] "GET /cormun/static/Shared/jqueryui/images/ui-icons_ebccce_256x240.png HTTP/1.1" 404 1089
191.112.61.205 - - [15/Jun/2016:16:21:59 -0300] "POST /cormun/servlet/solicitudot?gx-no-cache=1466018537721 HTTP/1.1" 200 122
191.112.61.205 - - [15/Jun/2016:16:21:59 -0300] "GET /cormun/static/Shared/jqueryui/images/ui-bg_flat_55_fafafa_40x100.png HTTP/1.1" 404 1097
191.112.61.205 - - [15/Jun/2016:16:21:59 -0300] "GET /cormun/static/Shared/jqueryui/images/ui-icons_8d78a5_256x240.png HTTP/1.1" 404 1089
191.112.61.205 - - [15/Jun/2016:16:22:06 -0300] "POST /cormun/servlet/solicitudot?gx-no-cache=1466018544980 HTTP/1.1" 200 122
191.112.61.205 - - [15/Jun/2016:16:22:12 -0300] "POST /cormun/servlet/solicitudot?gx-no-cache=1466018551260 HTTP/1.1" 200 30
191.112.61.205 - - [15/Jun/2016:16:22:39 -0300] "POST /cormun/servlet/solicitudot?gx-no-cache=1466018575897 HTTP/1.1" 200 1185
191.112.61.205 - - [15/Jun/2016:16:22:39 -0300] "GET /cormun/servlet/solicitudot?91ef401e0161929f94c64c087ea75a8b6d508328cbefaaf2528cbd4558368e49e9316f1a4799b8dfa56f8d850a2a0027e55b1895b6164e5df60694774c7a433c2bc09fef0e7b650303bdbeaee1a003511bd3abed11d13447c4d8fedc7134eb1a6f4b5fb949e08a77125dc7d9edc3a17dbdba487cb816f4c9f7c7569068331b5e043ae0b05df75f6629b048d11a5c3c40eae939a606e250b9018fec192888103f,gx-no-cache=1466018577954 HTTP/1.1" 200 41
191.112.61.205 - - [15/Jun/2016:16:22:39 -0300] "POST /cormun/servlet/solicitudot?gx-no-cache=1466018578130 HTTP/1.1" 200 1144
191.112.61.205 - - [15/Jun/2016:16:22:48 -0300] "GET /cormun/servlet/prsolicitudot?18453199,,,,,MD,,gxPopupLevel%3D0%3B HTTP/1.1" 200 5606
191.112.61.205 - - [15/Jun/2016:16:23:17 -0300] "GET /cormun/servlet/prsolicitudot?18453199,,,,,MD,,gxPopupLevel%3D0%3B HTTP/1.1" 200 5606
191.112.61.205 - - [15/Jun/2016:16:23:17 -0300] "GET /cormun/static/gxcfg.js?201631022393559 HTTP/1.1" 200 953
191.112.61.205 - - [15/Jun/2016:16:23:17 -0300] "GET /cormun/static/prsolicitudot.js?201631022393730 HTTP/1.1" 200 12855
191.112.61.205 - - [15/Jun/2016:16:23:23 -0300] "POST /cormun/servlet/solicitudot?gx-no-cache=1466018621939 HTTP/1.1" 200 30
191.112.61.205 - - [15/Jun/2016:16:23:23 -0300] "POST /cormun/servlet/solicitudot?gx-no-cache=1466018622069 HTTP/1.1" 200 1185
191.112.61.205 - - [15/Jun/2016:16:23:23 -0300] "GET /cormun/servlet/solicitudot?91ef401e0161929f94c64c087ea75a8b6d508328cbefaaf2528cbd4558368e49e9316f1a4799b8dfa56f8d850a2a0027e55b1895b6164e5df60694774c7a433c2bc09fef0e7b650303bdbeaee1a003511bd3abed11d13447c4d8fedc7134eb1a6f4b5fb949e08a77125dc7d9edc3a17dbdba487cb816f4c9f7c7569068331b5e043ae0b05df75f6629b048d11a5c3c40eae939a606e250b9018fec192888103f,gx-no-cache=1466018622331 HTTP/1.1" 200 41
191.112.61.205 - - [15/Jun/2016:16:23:23 -0300] "POST /cormun/servlet/solicitudot?gx-no-cache=1466018622424 HTTP/1.1" 200 1144
191.112.61.205 - - [15/Jun/2016:16:23:27 -0300] "GET /cormun/servlet/prcontratosol?18453199,,,,,MD,,gxPopupLevel%3D0%3B HTTP/1.1" 200 5425
191.112.61.205 - - [15/Jun/2016:16:23:27 -0300] "GET /cormun/static/gxcfg.js?2016141247819 HTTP/1.1" 200 953
191.112.61.205 - - [15/Jun/2016:16:23:27 -0300] "GET /cormun/static/Resources/Spanish/PXTools.css?1423257 HTTP/1.1" 200 89042
191.112.61.205 - - [15/Jun/2016:16:23:27 -0300] "GET /cormun/static/prcontratosol.js?2016141247993 HTTP/1.1" 200 14084
191.112.61.205 - - [15/Jun/2016:16:23:41 -0300] "POST /cormun/servlet/solicitudot?gx-no-cache=1466018640467 HTTP/1.1" 200 30
191.112.61.205 - - [15/Jun/2016:16:23:45 -0300] "POST /cormun/servlet/solicitudot?gx-no-cache=1466018644132 HTTP/1.1" 200 1185
191.112.61.205 - - [15/Jun/2016:16:23:45 -0300] "GET /cormun/servlet/solicitudot?91ef401e0161929f94c64c087ea75a8b6d508328cbefaaf2528cbd4558368e49e9316f1a4799b8dfa56f8d850a2a0027e55b1895b6164e5df60694774c7a433c2bc09fef0e7b650303bdbeaee1a003511bd3abed11d13447c4d8fedc7134eb1a6f4b5fb949e08a77125dc7d9edc3a17dbdba487cb816f4c9f7c7569068331b5e043ae0b05df75f6629b048d11a5c3c40eae939a606e250b9018fec192888103f,gx-no-cache=1466018644389 HTTP/1.1" 200 41
191.112.61.205 - - [15/Jun/2016:16:23:46 -0300] "POST /cormun/servlet/solicitudot?gx-no-cache=1466018644559 HTTP/1.1" 200 1144
191.112.61.205 - - [15/Jun/2016:16:23:46 -0300] "GET /cormun/servlet/solicitudot?91ef401e0161929f94c64c087ea75a8b6e2ec7c07812807ed26ee859604889d87d2404193ad812a211044f623d687c68c9fde9fcb1cf31d8b0c58a15d658198c1cfe26dd8b57677886e2f285443109b41aa9a336b21f32696dcf33ebb3e5ef8a73ee0f6175a0f490ba1c1443f4a491f8293641bda4bf2bd4fec33f09fb1009c19ff14f0a9bd86d8358fdf3f984020371b3e48a666cca7f084d4b44e652c2714dc400212aecc933aff458105a2405fbe4c6797628bab6049ceb6df338dd96d86c,gx-no-cache=1466018644744 HTTP/1.1" 200 32
191.112.61.205 - - [15/Jun/2016:16:23:47 -0300] "POST /cormun/servlet/solicitudot?98858ff0f4195a2e362c56ff81b1748c,INS,0,0,,gx-no-cache=1466018644914 HTTP/1.1" 200 93
