186.103.157.235 - - [15/Jun/2016:13:39:29 -0300] "GET /cormun/servlet/trsolicitudot? HTTP/1.1" 200 6598
186.103.157.235 - - [15/Jun/2016:13:39:31 -0300] "GET /cormun/servlet/trsolicitudot? HTTP/1.1" 200 6597
186.103.159.189 - - [15/Jun/2016:13:39:33 -0300] "POST /cormun/servlet/solicitudotadjuntos?gx-no-cache=1466008782508 HTTP/1.1" 200 26
186.103.159.189 - - [15/Jun/2016:13:39:39 -0300] "GET /cormun/servlet/solicitudotadjuntos?6eb3af232fdc55046e9d5fb7313fc8a1a3716517b25801f5c7c8246ded54e4c7,gx-no-cache=1466008789389 HTTP/1.1" 200 30
186.103.159.189 - - [15/Jun/2016:13:39:40 -0300] "GET /cormun/servlet/solicitudotadjuntos?6eb3af232fdc55046e9d5fb7313fc8a1a3716517b25801f5c7c8246ded54e4c7,gx-no-cache=1466008789493 HTTP/1.1" 200 30
186.103.159.189 - - [15/Jun/2016:13:39:44 -0300] "POST /cormun/servlet/solicitudotadjuntos?18a33077c81e25c552aa671104116dca,INS,2016,2093,,1, HTTP/1.1" 200 116
186.103.159.189 - - [15/Jun/2016:13:39:44 -0300] "GET /cormun/servlet/hpexe_return? HTTP/1.1" 200 1028
186.103.159.189 - - [15/Jun/2016:13:39:45 -0300] "GET /cormun/servlet/trsolicitudadjuntos?2016,2093, HTTP/1.1" 200 7609
186.103.159.189 - - [15/Jun/2016:13:39:46 -0300] "GET /cormun/servlet/trsolicitudadjuntos?2016,2093, HTTP/1.1" 200 7606
186.103.159.189 - - [15/Jun/2016:13:39:49 -0300] "GET /cormun/servlet/solicitudotadjuntos?INS,2016,2093,,1, HTTP/1.1" 200 5645
186.103.159.189 - - [15/Jun/2016:13:39:50 -0300] "GET /cormun/static/about:blank HTTP/1.1" 404 1011
186.103.159.189 - - [15/Jun/2016:13:39:51 -0300] "GET /cormun/servlet/solicitudotadjuntos?INS,2016,2093,,1, HTTP/1.1" 200 5638
186.103.159.189 - - [15/Jun/2016:13:39:52 -0300] "GET /cormun/servlet/solicitudotadjuntos?6eb3af232fdc55046e9d5fb7313fc8a1c9ebf9f7ae83970381d4f118fccd7b5e564b828b55d2353b8f98139b9c775e14,gx-no-cache=1466008801483 HTTP/1.1" 200 30
186.103.159.189 - - [15/Jun/2016:13:39:52 -0300] "POST /cormun/servlet/solicitudotadjuntos?18a33077c81e25c552aa671104116dca,INS,2016,2093,,1,,gx-no-cache=1466008801594 HTTP/1.1" 200 3510
186.103.159.189 - - [15/Jun/2016:13:39:57 -0300] "POST /cormun/servlet/solicitudotadjuntos?gx-no-cache=1466008807079 HTTP/1.1" 200 26
186.103.157.235 - - [15/Jun/2016:13:40:04 -0300] "POST /cormun/servlet/trsolicitudot?c5d7e017879c90b15ad3fde1efad7ab0,,gx-no-cache=1466008818490 HTTP/1.1" 200 3828
186.103.159.189 - - [15/Jun/2016:13:40:08 -0300] "GET /cormun/servlet/solicitudotadjuntos?6eb3af232fdc55046e9d5fb7313fc8a1a3716517b25801f5c7c8246ded54e4c7,gx-no-cache=1466008817967 HTTP/1.1" 200 30
186.103.159.189 - - [15/Jun/2016:13:40:09 -0300] "GET /cormun/servlet/solicitudotadjuntos?6eb3af232fdc55046e9d5fb7313fc8a1a3716517b25801f5c7c8246ded54e4c7,gx-no-cache=1466008818096 HTTP/1.1" 200 30
186.103.159.189 - - [15/Jun/2016:13:40:12 -0300] "POST /cormun/servlet/solicitudotadjuntos?18a33077c81e25c552aa671104116dca,INS,2016,2093,,1, HTTP/1.1" 200 116
186.103.159.189 - - [15/Jun/2016:13:40:12 -0300] "GET /cormun/servlet/hpexe_return? HTTP/1.1" 200 1028
186.103.159.189 - - [15/Jun/2016:13:40:13 -0300] "GET /cormun/servlet/trsolicitudadjuntos?2016,2093, HTTP/1.1" 200 7757
186.103.159.189 - - [15/Jun/2016:13:40:15 -0300] "GET /cormun/servlet/trsolicitudadjuntos?2016,2093, HTTP/1.1" 200 7757
186.103.157.235 - - [15/Jun/2016:13:40:15 -0300] "GET /cormun/servlet/trautorizarsolicitud? HTTP/1.1" 200 6538
186.103.159.189 - - [15/Jun/2016:13:40:17 -0300] "GET /cormun/servlet/solicitudotadjuntos?INS,2016,2093,,1, HTTP/1.1" 200 5644
186.103.159.189 - - [15/Jun/2016:13:40:18 -0300] "GET /cormun/static/about:blank HTTP/1.1" 404 1011
186.103.159.189 - - [15/Jun/2016:13:40:19 -0300] "GET /cormun/servlet/solicitudotadjuntos?INS,2016,2093,,1, HTTP/1.1" 200 5638
186.103.159.189 - - [15/Jun/2016:13:40:20 -0300] "GET /cormun/servlet/solicitudotadjuntos?6eb3af232fdc55046e9d5fb7313fc8a1c9ebf9f7ae83970381d4f118fccd7b5e564b828b55d2353b8f98139b9c775e14,gx-no-cache=1466008829433 HTTP/1.1" 200 30
186.103.159.189 - - [15/Jun/2016:13:40:20 -0300] "POST /cormun/servlet/solicitudotadjuntos?18a33077c81e25c552aa671104116dca,INS,2016,2093,,1,,gx-no-cache=1466008829561 HTTP/1.1" 200 3510
186.103.157.235 - - [15/Jun/2016:13:40:21 -0300] "GET /cormun/servlet/trautorizarsolicitud? HTTP/1.1" 200 6538
186.103.157.235 - - [15/Jun/2016:13:40:26 -0300] "POST /cormun/servlet/trautorizarsolicitud?c5d7e017879c90b15ad3fde1efad7ab0,,gx-no-cache=1466008841355 HTTP/1.1" 200 3803
192.168.10.4 - - [15/Jun/2016:13:40:27 -0300] "GET /cormunbeta/servlet/hlogin HTTP/1.1" 200 1747
192.168.10.4 - - [15/Jun/2016:13:40:27 -0300] "GET /cormunbeta/static/gxcfg.js?201632119342969 HTTP/1.1" 304 -
186.103.159.189 - - [15/Jun/2016:13:40:27 -0300] "POST /cormun/servlet/solicitudotadjuntos?gx-no-cache=1466008836995 HTTP/1.1" 200 26
192.168.10.4 - - [15/Jun/2016:13:40:30 -0300] "POST /cormunbeta/servlet/hlogin?39173d76bb58e688516b46387e754b42,gx-no-cache=1466008846168 HTTP/1.1" 200 90
192.168.10.4 - - [15/Jun/2016:13:40:31 -0300] "GET /cormunbeta/servlet/hpexe_link HTTP/1.1" 200 962
192.168.10.4 - - [15/Jun/2016:13:40:31 -0300] "GET /cormunbeta/static/gxcfg.js?20151120044395 HTTP/1.1" 304 -
192.168.10.4 - - [15/Jun/2016:13:40:31 -0300] "GET /cormunbeta/servlet/hhome HTTP/1.1" 200 4311
192.168.10.4 - - [15/Jun/2016:13:40:31 -0300] "GET /cormunbeta/static/gxcfg.js?2015112210564248 HTTP/1.1" 304 -
192.168.10.4 - - [15/Jun/2016:13:40:32 -0300] "GET /cormunbeta/servlet/hhome HTTP/1.1" 200 4308
186.103.159.189 - - [15/Jun/2016:13:40:34 -0300] "GET /cormun/servlet/solicitudotadjuntos?6eb3af232fdc55046e9d5fb7313fc8a1a3716517b25801f5c7c8246ded54e4c7,gx-no-cache=1466008843876 HTTP/1.1" 200 30
186.103.159.189 - - [15/Jun/2016:13:40:34 -0300] "GET /cormun/servlet/solicitudotadjuntos?6eb3af232fdc55046e9d5fb7313fc8a1a3716517b25801f5c7c8246ded54e4c7,gx-no-cache=1466008843987 HTTP/1.1" 200 30
186.103.157.235 - - [15/Jun/2016:13:40:35 -0300] "GET /cormun/servlet/trsolicitudot? HTTP/1.1" 200 6597
186.103.159.189 - - [15/Jun/2016:13:40:36 -0300] "POST /cormun/servlet/solicitudotadjuntos?18a33077c81e25c552aa671104116dca,INS,2016,2093,,1, HTTP/1.1" 200 116
186.103.159.189 - - [15/Jun/2016:13:40:36 -0300] "GET /cormun/servlet/hpexe_return? HTTP/1.1" 200 1028
186.103.159.189 - - [15/Jun/2016:13:40:37 -0300] "GET /cormun/servlet/trsolicitudadjuntos?2016,2093, HTTP/1.1" 200 7879
186.103.157.235 - - [15/Jun/2016:13:40:37 -0300] "GET /cormun/servlet/trsolicitudot? HTTP/1.1" 200 6597
186.103.159.189 - - [15/Jun/2016:13:40:39 -0300] "GET /cormun/servlet/trsolicitudadjuntos?2016,2093, HTTP/1.1" 200 7877
192.168.10.4 - - [15/Jun/2016:13:40:40 -0300] "GET /cormunbeta/servlet/trpermisosgeneralesgoce? HTTP/1.1" 200 7850
192.168.10.4 - - [15/Jun/2016:13:40:40 -0300] "GET /cormunbeta/static/gxcfg.js?20166151155733 HTTP/1.1" 200 953
192.168.10.4 - - [15/Jun/2016:13:40:40 -0300] "GET /cormunbeta/static/Resources/Spanish/PXTools.css?14144160 HTTP/1.1" 200 89042
192.168.10.4 - - [15/Jun/2016:13:40:40 -0300] "GET /cormunbeta/static/gxui/gxui-all.css?110300 HTTP/1.1" 200 2179
192.168.10.4 - - [15/Jun/2016:13:40:40 -0300] "GET /cormunbeta/static/calendar-system.css?75620 HTTP/1.1" 200 5572
192.168.10.4 - - [15/Jun/2016:13:40:40 -0300] "GET /cormunbeta/static/calendar-setup.js?85251 HTTP/1.1" 200 2588
192.168.10.4 - - [15/Jun/2016:13:40:40 -0300] "GET /cormunbeta/static/calendar.js?85251 HTTP/1.1" 200 26246
192.168.10.4 - - [15/Jun/2016:13:40:40 -0300] "GET /cormunbeta/static/trpermisosgeneralesgoce.js?2016615116072 HTTP/1.1" 200 27482
192.168.10.4 - - [15/Jun/2016:13:40:40 -0300] "GET /cormunbeta/static/calendar-es.js?85251 HTTP/1.1" 200 1901
192.168.10.4 - - [15/Jun/2016:13:40:40 -0300] "GET /cormunbeta/static/Shared/ext/resources/css/ext-all.css?205870 HTTP/1.1" 200 416045
192.168.10.4 - - [15/Jun/2016:13:40:41 -0300] "GET /cormunbeta/static/Resources/PXTools/calendar.png HTTP/1.1" 200 1306
186.103.159.189 - - [15/Jun/2016:13:40:41 -0300] "GET /cormun/servlet/solicitudotadjuntos?INS,2016,2093,,1, HTTP/1.1" 200 5644
186.103.159.189 - - [15/Jun/2016:13:40:41 -0300] "GET /cormun/static/about:blank HTTP/1.1" 404 1011
192.168.10.4 - - [15/Jun/2016:13:40:41 -0300] "GET /cormunbeta/static/Resources/PXToolsGridFirstDisabled.gif HTTP/1.1" 200 100
192.168.10.4 - - [15/Jun/2016:13:40:41 -0300] "GET /cormunbeta/static/Resources/PXToolsGridPage.gif HTTP/1.1" 200 725
192.168.10.4 - - [15/Jun/2016:13:40:41 -0300] "GET /cormunbeta/static/Resources/PXToolsGridNextDisabled.gif HTTP/1.1" 200 90
192.168.10.4 - - [15/Jun/2016:13:40:41 -0300] "GET /cormunbeta/static/Resources/PXToolsDataSearch.png HTTP/1.1" 200 419
192.168.10.4 - - [15/Jun/2016:13:40:41 -0300] "GET /cormunbeta/static/Resources/PXToolsGridPreviousDisabled.gif HTTP/1.1" 200 90
192.168.10.4 - - [15/Jun/2016:13:40:41 -0300] "GET /cormunbeta/static/Resources/PXToolsActionExcel.png HTTP/1.1" 200 3187
192.168.10.4 - - [15/Jun/2016:13:40:41 -0300] "GET /cormunbeta/static/Resources/PXToolsGridLastDisabled.gif HTTP/1.1" 200 98
192.168.10.4 - - [15/Jun/2016:13:40:42 -0300] "GET /cormunbeta/static/Resources/asc.gif HTTP/1.1" 200 67
192.168.10.4 - - [15/Jun/2016:13:40:42 -0300] "GET /cormunbeta/static/Resources/desc.gif HTTP/1.1" 200 65
192.168.10.4 - - [15/Jun/2016:13:40:42 -0300] "GET /cormunbeta/static/Shared/ext/resources/themes/images/default/panel/bg-headersPanel.png HTTP/1.1" 200 255
192.168.10.4 - - [15/Jun/2016:13:40:42 -0300] "GET /cormunbeta/static/Shared/ext/resources/themes/images/default/tools/tool-sprites.gif HTTP/1.1" 200 5434
192.168.10.4 - - [15/Jun/2016:13:40:42 -0300] "GET /cormunbeta/servlet/trpermisosgeneralesgoce? HTTP/1.1" 200 7850
186.103.159.189 - - [15/Jun/2016:13:40:42 -0300] "GET /cormun/servlet/solicitudotadjuntos?INS,2016,2093,,1, HTTP/1.1" 200 5638
186.103.159.189 - - [15/Jun/2016:13:40:43 -0300] "GET /cormun/servlet/solicitudotadjuntos?6eb3af232fdc55046e9d5fb7313fc8a1c9ebf9f7ae83970381d4f118fccd7b5e564b828b55d2353b8f98139b9c775e14,gx-no-cache=1466008852700 HTTP/1.1" 200 30
186.103.159.189 - - [15/Jun/2016:13:40:43 -0300] "POST /cormun/servlet/solicitudotadjuntos?18a33077c81e25c552aa671104116dca,INS,2016,2093,,1,,gx-no-cache=1466008852876 HTTP/1.1" 200 3510
186.103.159.189 - - [15/Jun/2016:13:40:48 -0300] "POST /cormun/servlet/solicitudotadjuntos?gx-no-cache=1466008858263 HTTP/1.1" 200 26
186.103.157.235 - - [15/Jun/2016:13:40:49 -0300] "GET /cormun/servlet/trsolicitudot? HTTP/1.1" 200 6597
186.103.157.235 - - [15/Jun/2016:13:40:50 -0300] "GET /cormun/servlet/trsolicitudot? HTTP/1.1" 200 6597
186.103.159.189 - - [15/Jun/2016:13:40:55 -0300] "GET /cormun/servlet/solicitudotadjuntos?6eb3af232fdc55046e9d5fb7313fc8a1a3716517b25801f5c7c8246ded54e4c7,gx-no-cache=1466008864646 HTTP/1.1" 200 30
186.103.159.189 - - [15/Jun/2016:13:40:55 -0300] "GET /cormun/servlet/solicitudotadjuntos?6eb3af232fdc55046e9d5fb7313fc8a1a3716517b25801f5c7c8246ded54e4c7,gx-no-cache=1466008864738 HTTP/1.1" 200 30
192.168.10.4 - - [15/Jun/2016:13:40:56 -0300] "GET /cormunbeta/servlet/hlogin HTTP/1.1" 200 1757
186.103.159.189 - - [15/Jun/2016:13:40:56 -0300] "POST /cormun/servlet/solicitudotadjuntos?18a33077c81e25c552aa671104116dca,INS,2016,2093,,1, HTTP/1.1" 200 116
186.103.159.189 - - [15/Jun/2016:13:40:57 -0300] "GET /cormun/servlet/hpexe_return? HTTP/1.1" 200 1028
186.103.159.189 - - [15/Jun/2016:13:40:57 -0300] "GET /cormun/servlet/trsolicitudadjuntos?2016,2093, HTTP/1.1" 200 8009
186.103.159.189 - - [15/Jun/2016:13:40:59 -0300] "GET /cormun/servlet/trsolicitudadjuntos?2016,2093, HTTP/1.1" 200 8008
186.103.157.235 - - [15/Jun/2016:13:41:00 -0300] "GET /cormun/servlet/solicitudot?INS,0,0, HTTP/1.1" 200 11769
192.168.10.4 - - [15/Jun/2016:13:41:02 -0300] "POST /cormunbeta/servlet/hlogin?39173d76bb58e688516b46387e754b42,gx-no-cache=1466008877945 HTTP/1.1" 200 90
192.168.10.4 - - [15/Jun/2016:13:41:02 -0300] "GET /cormunbeta/servlet/hpexe_link HTTP/1.1" 200 971
192.168.10.4 - - [15/Jun/2016:13:41:02 -0300] "GET /cormunbeta/servlet/trpermisosgeneralesgoce HTTP/1.1" 200 7589
192.168.10.4 - - [15/Jun/2016:13:41:04 -0300] "GET /cormunbeta/servlet/trpermisosgeneralesgoce HTTP/1.1" 200 7588
186.103.157.235 - - [15/Jun/2016:13:41:07 -0300] "GET /cormun/servlet/solicitudot?INS,0,0, HTTP/1.1" 200 11774
192.168.10.4 - - [15/Jun/2016:13:41:08 -0300] "GET /cormunbeta/servlet/trpermisosgoce? HTTP/1.1" 200 6846
192.168.10.4 - - [15/Jun/2016:13:41:08 -0300] "GET /cormunbeta/static/gxcfg.js?20166151058173 HTTP/1.1" 200 953
192.168.10.4 - - [15/Jun/2016:13:41:08 -0300] "GET /cormunbeta/static/Resources/PXToolsGridNew.png HTTP/1.1" 200 2949
192.168.10.4 - - [15/Jun/2016:13:41:08 -0300] "GET /cormunbeta/static/trpermisosgoce.js?201661510582129 HTTP/1.1" 200 31900
192.168.10.4 - - [15/Jun/2016:13:41:09 -0300] "GET /cormunbeta/servlet/trpermisosgoce? HTTP/1.1" 200 6840
192.168.10.4 - - [15/Jun/2016:13:41:11 -0300] "GET /cormunbeta/servlet/permisogoce?INS,0,,, HTTP/1.1" 200 6778
192.168.10.4 - - [15/Jun/2016:13:41:11 -0300] "GET /cormunbeta/static/gxcfg.js?20166151055928 HTTP/1.1" 200 953
192.168.10.4 - - [15/Jun/2016:13:41:11 -0300] "GET /cormunbeta/static/permisogoce.js?20166151055975 HTTP/1.1" 200 25979
192.168.10.4 - - [15/Jun/2016:13:41:11 -0300] "GET /cormunbeta/static/gxdec.js?85251 HTTP/1.1" 200 19579
192.168.10.4 - - [15/Jun/2016:13:41:11 -0300] "GET /cormunbeta/static/Resources/prompt.gif HTTP/1.1" 200 902
192.168.10.4 - - [15/Jun/2016:13:41:13 -0300] "GET /cormunbeta/servlet/permisogoce?INS,0,,, HTTP/1.1" 200 6778
192.168.10.4 - - [15/Jun/2016:13:41:21 -0300] "GET /cormunbeta/servlet/permisogoce?a79e748e874e46ccec5dcd0535f069064b02c4ef19626a4da5198880efac7d1df1f592b75d6e28a9167d8851575151f0,gx-no-cache=1466008897119 HTTP/1.1" 200 73
186.103.157.235 - - [15/Jun/2016:13:41:23 -0300] "POST /cormun/servlet/solicitudot?gx-no-cache=1466008898311 HTTP/1.1" 200 2784
186.103.157.235 - - [15/Jun/2016:13:41:24 -0300] "POST /cormun/servlet/solicitudot?c5d7e017879c90b15ad3fde1efad7ab0,INS,0,0,,gx-no-cache=1466008899372 HTTP/1.1" 200 8621
186.103.157.235 - - [15/Jun/2016:13:41:47 -0300] "GET /cormun/servlet/solicitudot?e251f3cbce2901174fde3acd6579d7ba4197353a7c01f2d47f584760a2ff1c8258ee5227aad0fbf9e6de1ef83f8dd8bb,gx-no-cache=1466008923079 HTTP/1.1" 200 30
186.103.157.235 - - [15/Jun/2016:13:41:48 -0300] "POST /cormun/servlet/solicitudot?gx-no-cache=1466008923298 HTTP/1.1" 200 30
186.103.157.235 - - [15/Jun/2016:13:41:50 -0300] "POST /cormun/servlet/solicitudot?gx-no-cache=1466008926028 HTTP/1.1" 200 30
186.103.157.235 - - [15/Jun/2016:13:41:55 -0300] "POST /cormun/servlet/solicitudot?gx-no-cache=1466008930271 HTTP/1.1" 200 1186
186.103.157.235 - - [15/Jun/2016:13:41:55 -0300] "GET /cormun/servlet/solicitudot?e251f3cbce2901174fde3acd6579d7bab7c51d37593111142f6a77f00fa763df73273ad35a15467e5f5751f8133fda1dc67ce49e606b0dacc65219147cfbc156f247bde0bdd768818992414afa75422f70e651972611eff23354e7c7bcd42913261714e6eb7dbad1af8289ceba9960a2ae4d0a21d42d55c9efb7fc2f7f08ff5659a9600c74c31d1cd216a28e2162d9cf,gx-no-cache=1466008930411 HTTP/1.1" 200 38
186.103.159.189 - - [15/Jun/2016:13:42:04 -0300] "GET /cormun/servlet/solicitudotadjuntos?INS,2016,2093,,2, HTTP/1.1" 200 5643
186.103.159.189 - - [15/Jun/2016:13:42:05 -0300] "GET /cormun/static/about:blank HTTP/1.1" 404 1011
186.103.157.235 - - [15/Jun/2016:13:42:05 -0300] "GET /cormun/servlet/solicitudot?e251f3cbce2901174fde3acd6579d7ba56fa955b1d09e62d8856d231dbed2a55804a4b7f8fa13ffc14dfecc851c97d7eeb0d934b33b050c3f7c7ede5b25f29813a243a7e6825e79f301bd1e267e01425516588b4c99151f5a8cc4a09ca8b09cc342c027d7396889f9223c51bf0761c4ba2ccfadce8735db933aad08fcc23471e765ca201f8ec6ede5419d630ba6954ce0728e8bf958c40f73c0f28b64e258d61,gx-no-cache=1466008941051 HTTP/1.1" 200 29
186.103.157.235 - - [15/Jun/2016:13:42:06 -0300] "POST /cormun/servlet/solicitudot?gx-no-cache=1466008941176 HTTP/1.1" 200 1144
186.103.159.189 - - [15/Jun/2016:13:42:06 -0300] "GET /cormun/servlet/solicitudotadjuntos?INS,2016,2093,,2, HTTP/1.1" 200 5637
192.168.10.4 - - [15/Jun/2016:13:42:07 -0300] "POST /cormunbeta/servlet/permisogoce?39173d76bb58e688516b46387e754b42,INS,0,,,,gx-no-cache=1466008942681 HTTP/1.1" 200 4152
186.103.157.235 - - [15/Jun/2016:13:42:07 -0300] "GET /cormun/static/menuarrow.gif HTTP/1.1" 404 1015
186.103.159.189 - - [15/Jun/2016:13:42:07 -0300] "GET /cormun/servlet/solicitudotadjuntos?6eb3af232fdc55046e9d5fb7313fc8a1c9ebf9f7ae83970381d4f118fccd7b5e564b828b55d2353b8f98139b9c775e14,gx-no-cache=1466008936928 HTTP/1.1" 200 30
192.168.10.4 - - [15/Jun/2016:13:42:07 -0300] "POST /cormunbeta/servlet/permisogoce?39173d76bb58e688516b46387e754b42,INS,0,,,,gx-no-cache=1466008943049 HTTP/1.1" 200 4113
186.103.159.189 - - [15/Jun/2016:13:42:07 -0300] "POST /cormun/servlet/solicitudotadjuntos?18a33077c81e25c552aa671104116dca,INS,2016,2093,,2,,gx-no-cache=1466008937058 HTTP/1.1" 200 3653
192.168.10.4 - - [15/Jun/2016:13:42:11 -0300] "GET /cormunbeta/servlet/puconsultapgoce?15104893,PU HTTP/1.1" 200 3786
192.168.10.4 - - [15/Jun/2016:13:42:11 -0300] "GET /cormunbeta/static/gxcfg.js?201661510582338 HTTP/1.1" 200 953
192.168.10.4 - - [15/Jun/2016:13:42:11 -0300] "GET /cormunbeta/pexe_cookies.js HTTP/1.1" 404 1013
192.168.10.4 - - [15/Jun/2016:13:42:11 -0300] "GET /cormunbeta/pexe_windows.js HTTP/1.1" 404 1013
192.168.10.4 - - [15/Jun/2016:13:42:11 -0300] "GET /cormunbeta/pexe_link.js HTTP/1.1" 404 1007
192.168.10.4 - - [15/Jun/2016:13:42:11 -0300] "GET /cormunbeta/pexe_menus.js HTTP/1.1" 404 1009
192.168.10.4 - - [15/Jun/2016:13:42:11 -0300] "GET /cormunbeta/pexe_layers.js HTTP/1.1" 404 1011
192.168.10.4 - - [15/Jun/2016:13:42:11 -0300] "GET /cormunbeta/pexe_grid.js HTTP/1.1" 404 1007
192.168.10.4 - - [15/Jun/2016:13:42:11 -0300] "GET /cormunbeta/pexe_menudivfix.js HTTP/1.1" 404 1019
192.168.10.4 - - [15/Jun/2016:13:42:11 -0300] "GET /cormunbeta/pexe_autoreload.js HTTP/1.1" 404 1019
192.168.10.4 - - [15/Jun/2016:13:42:11 -0300] "GET /cormunbeta/pexe_griddivfix.js HTTP/1.1" 404 1019
192.168.10.4 - - [15/Jun/2016:13:42:11 -0300] "GET /cormunbeta/pexe_treedivfix.js HTTP/1.1" 404 1019
192.168.10.4 - - [15/Jun/2016:13:42:11 -0300] "GET /cormunbeta/pexe_picture.js HTTP/1.1" 404 1013
192.168.10.4 - - [15/Jun/2016:13:42:11 -0300] "GET /cormunbeta/pexe_tabdivfix.js HTTP/1.1" 404 1017
192.168.10.4 - - [15/Jun/2016:13:42:11 -0300] "GET /cormunbeta/static/puconsultapgoce.js?201661510582590 HTTP/1.1" 200 22417
192.168.10.4 - - [15/Jun/2016:13:42:11 -0300] "GET /cormunbeta/static/mpprompt.js?201613149216 HTTP/1.1" 200 940
192.168.10.4 - - [15/Jun/2016:13:42:12 -0300] "GET /cormunbeta/pexe_menus.js HTTP/1.1" 404 1009
192.168.10.4 - - [15/Jun/2016:13:42:12 -0300] "GET /cormunbeta/pexe_layers.js HTTP/1.1" 404 1011
192.168.10.4 - - [15/Jun/2016:13:42:12 -0300] "GET /cormunbeta/pexe_windows.js HTTP/1.1" 404 1013
192.168.10.4 - - [15/Jun/2016:13:42:12 -0300] "GET /cormunbeta/pexe_link.js HTTP/1.1" 404 1007
192.168.10.4 - - [15/Jun/2016:13:42:12 -0300] "GET /cormunbeta/pexe_cookies.js HTTP/1.1" 404 1013
192.168.10.4 - - [15/Jun/2016:13:42:12 -0300] "GET /cormunbeta/pexe_grid.js HTTP/1.1" 404 1007
192.168.10.4 - - [15/Jun/2016:13:42:12 -0300] "GET /cormunbeta/pexe_griddivfix.js HTTP/1.1" 404 1019
192.168.10.4 - - [15/Jun/2016:13:42:12 -0300] "GET /cormunbeta/pexe_picture.js HTTP/1.1" 404 1013
192.168.10.4 - - [15/Jun/2016:13:42:12 -0300] "GET /cormunbeta/pexe_treedivfix.js HTTP/1.1" 404 1019
192.168.10.4 - - [15/Jun/2016:13:42:12 -0300] "GET /cormunbeta/pexe_autoreload.js HTTP/1.1" 404 1019
192.168.10.4 - - [15/Jun/2016:13:42:12 -0300] "GET /cormunbeta/pexe_menudivfix.js HTTP/1.1" 404 1019
192.168.10.4 - - [15/Jun/2016:13:42:12 -0300] "GET /cormunbeta/pexe_tabdivfix.js HTTP/1.1" 404 1017
186.103.159.189 - - [15/Jun/2016:13:42:13 -0300] "POST /cormun/servlet/solicitudotadjuntos?gx-no-cache=1466008942607 HTTP/1.1" 200 26
186.103.157.235 - - [15/Jun/2016:13:42:20 -0300] "GET /cormun/servlet/solicitudot?e251f3cbce2901174fde3acd6579d7badd06e63c52d7ba5ec9638d9cae2f0b8bd1978b29b4faf2bc7c800e503e957c845c8e2f767207c3204c76bec6478bde712664c57194dc4df68c92f4d05d9f584f0e50ba89a435490913808bcf89776fd77d9b26abd52915df554a1441ead7d9223c3a583e4dda3e843e76c2e318914c706e90312225d34bc8f7a8faefb7a7156230e98d12b058ae50230356e00df450aeda2f01ec0425c6b26cc6b59b47217306,gx-no-cache=1466008955325 HTTP/1.1" 200 30
186.103.159.189 - - [15/Jun/2016:13:42:21 -0300] "GET /cormun/servlet/solicitudotadjuntos?6eb3af232fdc55046e9d5fb7313fc8a1a3716517b25801f5c7c8246ded54e4c7,gx-no-cache=1466008951358 HTTP/1.1" 200 30
186.103.159.189 - - [15/Jun/2016:13:42:21 -0300] "GET /cormun/servlet/solicitudotadjuntos?6eb3af232fdc55046e9d5fb7313fc8a1a3716517b25801f5c7c8246ded54e4c7,gx-no-cache=1466008951425 HTTP/1.1" 200 30
186.103.159.189 - - [15/Jun/2016:13:42:22 -0300] "POST /cormun/servlet/solicitudotadjuntos?18a33077c81e25c552aa671104116dca,INS,2016,2093,,2, HTTP/1.1" 200 116
186.103.159.189 - - [15/Jun/2016:13:42:22 -0300] "GET /cormun/servlet/hpexe_return? HTTP/1.1" 200 1028
186.103.159.189 - - [15/Jun/2016:13:42:23 -0300] "GET /cormun/servlet/trsolicitudadjuntos?2016,2093, HTTP/1.1" 200 8152
186.103.159.189 - - [15/Jun/2016:13:42:25 -0300] "GET /cormun/servlet/trsolicitudadjuntos?2016,2093, HTTP/1.1" 200 8149
186.103.159.189 - - [15/Jun/2016:13:42:31 -0300] "GET /cormun/servlet/trsolicitudot? HTTP/1.1" 200 7700
186.103.159.189 - - [15/Jun/2016:13:42:33 -0300] "GET /cormun/servlet/trsolicitudot? HTTP/1.1" 200 7695
186.103.159.189 - - [15/Jun/2016:13:42:40 -0300] "POST /cormun/servlet/trsolicitudot?18a33077c81e25c552aa671104116dca,,gx-no-cache=1466008969820 HTTP/1.1" 200 5015
186.103.159.189 - - [15/Jun/2016:13:42:40 -0300] "GET /cormun/static/Shared/jqueryui/images/ui-bg_highlight-soft_100_c6c2c8_1x100.png HTTP/1.1" 404 1117
186.103.159.189 - - [15/Jun/2016:13:42:40 -0300] "GET /cormun/static/Shared/jqueryui/images/ui-icons_82798d_256x240.png HTTP/1.1" 404 1089
186.103.159.189 - - [15/Jun/2016:13:42:40 -0300] "GET /cormun/static/Shared/jqueryui/images/ui-bg_flat_55_fafafa_40x100.png HTTP/1.1" 404 1097
186.103.159.189 - - [15/Jun/2016:13:42:40 -0300] "GET /cormun/static/Shared/jqueryui/images/ui-icons_8d78a5_256x240.png HTTP/1.1" 404 1089
186.103.157.235 - - [15/Jun/2016:13:43:03 -0300] "POST /cormun/servlet/solicitudot?c5d7e017879c90b15ad3fde1efad7ab0,INS,0,0,,gx-no-cache=1466008998002 HTTP/1.1" 200 93
186.103.157.235 - - [15/Jun/2016:13:43:03 -0300] "GET /cormun/servlet/hpexe_return? HTTP/1.1" 200 1000
186.103.157.235 - - [15/Jun/2016:13:43:04 -0300] "GET /cormun/servlet/trsolicitudot HTTP/1.1" 200 6600
186.103.157.235 - - [15/Jun/2016:13:43:06 -0300] "GET /cormun/servlet/trsolicitudot HTTP/1.1" 200 6597
186.103.158.250 - - [15/Jun/2016:13:43:22 -0300] "POST /cormun/servlet/hlogin?bd1bc1bec036a201f8e39a1daa9eaed1,gx-no-cache=1466008859042 HTTP/1.1" 200 429
186.103.158.250 - - [15/Jun/2016:13:43:34 -0300] "POST /cormun/servlet/hlogin?bd1bc1bec036a201f8e39a1daa9eaed1,gx-no-cache=1466008871007 HTTP/1.1" 200 90
186.103.158.250 - - [15/Jun/2016:13:43:34 -0300] "GET /cormun/servlet/hpexe_link HTTP/1.1" 200 952
186.103.158.250 - - [15/Jun/2016:13:43:34 -0300] "GET /cormun/servlet/hhome HTTP/1.1" 200 3651
186.103.157.235 - - [15/Jun/2016:13:43:35 -0300] "GET /cormun/servlet/trpermisosgoce? HTTP/1.1" 200 6459
186.103.157.235 - - [15/Jun/2016:13:43:36 -0300] "GET /cormun/static/gxcfg.js?201652517335898 HTTP/1.1" 200 953
186.103.158.250 - - [15/Jun/2016:13:43:36 -0300] "GET /cormun/servlet/hhome HTTP/1.1" 200 3648
186.103.157.235 - - [15/Jun/2016:13:43:38 -0300] "GET /cormun/static/trpermisosgoce.js?20165251734287 HTTP/1.1" 200 31859
186.103.157.235 - - [15/Jun/2016:13:43:45 -0300] "GET /cormun/servlet/trpermisosgoce? HTTP/1.1" 200 6458
191.112.61.205 - - [15/Jun/2016:13:44:02 -0300] "GET /cormun/servlet/hlogin HTTP/1.1" 200 1722
186.103.157.235 - - [15/Jun/2016:13:44:33 -0300] "GET /cormun/servlet/trautorizarsolicitud? HTTP/1.1" 200 6538
186.103.157.235 - - [15/Jun/2016:13:44:35 -0300] "GET /cormun/servlet/trautorizarsolicitud? HTTP/1.1" 200 6538
191.112.61.205 - - [15/Jun/2016:13:44:36 -0300] "POST /cormun/servlet/hlogin?fb53460b3a3ad6be7907386c9e5c0c93,gx-no-cache=1466009073331 HTTP/1.1" 200 90
191.112.61.205 - - [15/Jun/2016:13:44:36 -0300] "GET /cormun/servlet/hpexe_link HTTP/1.1" 200 952
191.112.61.205 - - [15/Jun/2016:13:44:36 -0300] "GET /cormun/servlet/trlicencias? HTTP/1.1" 200 6532
191.112.61.205 - - [15/Jun/2016:13:44:38 -0300] "GET /cormun/servlet/trlicencias? HTTP/1.1" 200 6530
191.112.61.205 - - [15/Jun/2016:13:44:43 -0300] "GET /cormun/servlet/trvisualizadoreventos? HTTP/1.1" 200 6425
191.112.61.205 - - [15/Jun/2016:13:44:43 -0300] "GET /cormun/static/gxui/gxui-all.css?120300 HTTP/1.1" 200 2179
191.112.61.205 - - [15/Jun/2016:13:44:43 -0300] "GET /cormun/static/calendar-system.css?85620 HTTP/1.1" 200 5572
191.112.61.205 - - [15/Jun/2016:13:44:43 -0300] "GET /cormun/static/gxcfg.js?201631021481342 HTTP/1.1" 200 953
191.112.61.205 - - [15/Jun/2016:13:44:44 -0300] "GET /cormun/static/Resources/PXToolsActionPrint.png HTTP/1.1" 200 3317
191.112.61.205 - - [15/Jun/2016:13:44:44 -0300] "GET /cormun/static/trvisualizadoreventos.js?201631021481717 HTTP/1.1" 200 19288
191.112.61.205 - - [15/Jun/2016:13:44:44 -0300] "GET /cormun/static/Resources/Spanish/PXTools.css?2139548 HTTP/1.1" 200 89042
191.112.61.205 - - [15/Jun/2016:13:44:45 -0300] "GET /cormun/static/Shared/ext/resources/css/ext-all.css?215870 HTTP/1.1" 200 416045
191.112.61.205 - - [15/Jun/2016:13:44:46 -0300] "GET /cormun/servlet/trvisualizadoreventos? HTTP/1.1" 200 6426
186.103.157.235 - - [15/Jun/2016:13:44:47 -0300] "POST /cormun/servlet/trautorizarsolicitud?c5d7e017879c90b15ad3fde1efad7ab0,,gx-no-cache=1466009102626 HTTP/1.1" 200 3803
191.112.61.205 - - [15/Jun/2016:13:44:53 -0300] "GET /cormun/servlet/trcontratouno? HTTP/1.1" 200 13148
191.112.61.205 - - [15/Jun/2016:13:44:53 -0300] "GET /cormun/static/gxcfg.js?20163221610935 HTTP/1.1" 200 953
191.112.61.205 - - [15/Jun/2016:13:44:53 -0300] "GET /cormun/static/Resources/PXToolsAddSelectedAction.png HTTP/1.1" 200 3660
191.112.61.205 - - [15/Jun/2016:13:44:53 -0300] "GET /cormun/static/trcontratouno.js?20163221610166 HTTP/1.1" 200 39934
191.112.61.205 - - [15/Jun/2016:13:44:53 -0300] "GET /cormun/static/Resources/PXToolsAddAllAction.png HTTP/1.1" 200 3624
191.112.61.205 - - [15/Jun/2016:13:44:53 -0300] "GET /cormun/static/Resources/PXToolsRemoveSelectedAction.png HTTP/1.1" 200 3617
191.112.61.205 - - [15/Jun/2016:13:44:53 -0300] "GET /cormun/static/Resources/PXToolsRemoveAllAction.png HTTP/1.1" 200 3558
191.112.61.205 - - [15/Jun/2016:13:44:57 -0300] "GET /cormun/servlet/trcontratouno? HTTP/1.1" 200 13200
186.103.157.235 - - [15/Jun/2016:13:44:58 -0300] "GET /cormun/servlet/trvisualizadoreventos? HTTP/1.1" 200 6404
186.103.157.235 - - [15/Jun/2016:13:44:58 -0300] "GET /cormun/static/gxcfg.js?201631021481342 HTTP/1.1" 200 953
186.103.157.235 - - [15/Jun/2016:13:45:00 -0300] "GET /cormun/static/Resources/PXToolsActionPrint.png HTTP/1.1" 200 3317
186.103.157.235 - - [15/Jun/2016:13:45:00 -0300] "GET /cormun/static/trvisualizadoreventos.js?201631021481717 HTTP/1.1" 200 19288
186.103.157.235 - - [15/Jun/2016:13:45:01 -0300] "GET /cormun/servlet/trvisualizadoreventos? HTTP/1.1" 200 6403
191.112.61.205 - - [15/Jun/2016:13:45:02 -0300] "POST /cormun/servlet/trcontratouno?fb53460b3a3ad6be7907386c9e5c0c93,,gx-no-cache=1466009117313 HTTP/1.1" 200 12050
191.112.61.205 - - [15/Jun/2016:13:45:04 -0300] "GET /cormun/static/Resources/PXToolsGridNext.gif HTTP/1.1" 200 369
191.112.61.205 - - [15/Jun/2016:13:45:04 -0300] "GET /cormun/static/Resources/PXToolsGridLast.gif HTTP/1.1" 200 370
191.112.61.205 - - [15/Jun/2016:13:45:09 -0300] "POST /cormun/servlet/trcontratouno?fb53460b3a3ad6be7907386c9e5c0c93,,gx-no-cache=1466009125560 HTTP/1.1" 200 8130
186.103.157.235 - - [15/Jun/2016:13:45:09 -0300] "POST /cormun/servlet/trvisualizadoreventos?c5d7e017879c90b15ad3fde1efad7ab0,,gx-no-cache=1466009124113 HTTP/1.1" 200 3984
191.112.61.205 - - [15/Jun/2016:13:45:12 -0300] "GET /cormun/static/Resources/PXToolsGridFirst.gif HTTP/1.1" 200 379
191.112.61.205 - - [15/Jun/2016:13:45:12 -0300] "GET /cormun/static/Resources/PXToolsGridPrevious.gif HTTP/1.1" 200 369
186.103.157.235 - - [15/Jun/2016:13:45:41 -0300] "POST /cormun/servlet/trvisualizadoreventos?c5d7e017879c90b15ad3fde1efad7ab0,,gx-no-cache=1466009155641 HTTP/1.1" 200 3984
186.103.157.235 - - [15/Jun/2016:13:45:43 -0300] "POST /cormun/servlet/trvisualizadoreventos?c5d7e017879c90b15ad3fde1efad7ab0,,gx-no-cache=1466009158574 HTTP/1.1" 200 3984
186.103.157.235 - - [15/Jun/2016:13:45:57 -0300] "GET /cormun/servlet/trautorizarsolicitud? HTTP/1.1" 200 6538
186.103.157.235 - - [15/Jun/2016:13:45:59 -0300] "GET /cormun/servlet/trautorizarsolicitud? HTTP/1.1" 200 6538
186.103.157.235 - - [15/Jun/2016:13:46:21 -0300] "POST /cormun/servlet/trautorizarsolicitud?c5d7e017879c90b15ad3fde1efad7ab0,,gx-no-cache=1466009196363 HTTP/1.1" 200 5115
186.103.157.235 - - [15/Jun/2016:13:47:13 -0300] "POST /cormun/servlet/trautorizarsolicitud?c5d7e017879c90b15ad3fde1efad7ab0,,gx-no-cache=1466009248146 HTTP/1.1" 200 5126
186.103.157.235 - - [15/Jun/2016:13:47:13 -0300] "GET /cormun/static/Shared/jqueryui/images/ui-bg_highlight-soft_100_c6c2c8_1x100.png HTTP/1.1" 404 1117
186.103.157.235 - - [15/Jun/2016:13:47:13 -0300] "GET /cormun/static/Shared/jqueryui/images/ui-icons_82798d_256x240.png HTTP/1.1" 404 1089
186.103.157.235 - - [15/Jun/2016:13:47:13 -0300] "GET /cormun/static/Shared/jqueryui/images/ui-icons_8d78a5_256x240.png HTTP/1.1" 404 1089
186.103.157.235 - - [15/Jun/2016:13:47:14 -0300] "GET /cormun/static/Shared/jqueryui/images/ui-bg_flat_55_fafafa_40x100.png HTTP/1.1" 404 1097
186.103.157.235 - - [15/Jun/2016:13:47:32 -0300] "GET /cormun/servlet/treventos?2016,2088, HTTP/1.1" 200 6924
186.103.157.235 - - [15/Jun/2016:13:47:32 -0300] "GET /cormun/static/gxcfg.js?2016311731661 HTTP/1.1" 200 953
186.103.157.235 - - [15/Jun/2016:13:47:32 -0300] "GET /cormun/static/Resources/Spanish/PXTools.css?171692 HTTP/1.1" 200 89042
192.168.10.4 - - [15/Jun/2016:13:47:32 -0300] "GET /cormunbeta/static/menuarrow.gif HTTP/1.1" 404 1023
186.103.157.235 - - [15/Jun/2016:13:47:34 -0300] "GET /cormun/static/Resources/PXToolsGridFirst.gif HTTP/1.1" 200 379
186.103.157.235 - - [15/Jun/2016:13:47:34 -0300] "GET /cormun/static/treventos.js?2016311731865 HTTP/1.1" 200 15094
186.103.157.235 - - [15/Jun/2016:13:47:34 -0300] "GET /cormun/static/Resources/PXToolsGridPrevious.gif HTTP/1.1" 200 369
186.103.157.235 - - [15/Jun/2016:13:47:34 -0300] "GET /cormun/static/Resources/PXToolsGridNext.gif HTTP/1.1" 200 369
186.103.157.235 - - [15/Jun/2016:13:47:34 -0300] "GET /cormun/static/Resources/PXToolsGridLast.gif HTTP/1.1" 200 370
186.103.157.235 - - [15/Jun/2016:13:47:34 -0300] "GET /cormun/servlet/treventos?2016,2088, HTTP/1.1" 200 6930
192.168.10.4 - - [15/Jun/2016:13:47:38 -0300] "GET /cormunbeta/servlet/permisogoce?a79e748e874e46ccec5dcd0535f06906f868d1db45af5d8cdb11fdc273151c95ffe3ea9e68e3bb3bd8503f2d5995342faca139f8eea8fe8d30b0714e7086672d,gx-no-cache=1466009274556 HTTP/1.1" 200 44
186.103.157.235 - - [15/Jun/2016:13:47:49 -0300] "POST /cormun/servlet/treventos?c5d7e017879c90b15ad3fde1efad7ab0,2016,2088,,gx-no-cache=1466009284198 HTTP/1.1" 200 5475
192.168.10.4 - - [15/Jun/2016:13:47:56 -0300] "GET /cormunbeta/servlet/permisogoce?a79e748e874e46ccec5dcd0535f06906f868d1db45af5d8cdb11fdc273151c95ffe3ea9e68e3bb3bd8503f2d5995342fed69d8882cf28b1763e128645125477b55380be6f5a16c78c12c9d090c278f44,gx-no-cache=1466009291679 HTTP/1.1" 200 46
186.103.157.235 - - [15/Jun/2016:13:48:01 -0300] "GET /cormun/servlet/trautorizarsolicitud? HTTP/1.1" 200 7750
186.103.157.235 - - [15/Jun/2016:13:48:03 -0300] "GET /cormun/servlet/trautorizarsolicitud? HTTP/1.1" 200 7749
192.168.10.4 - - [15/Jun/2016:13:48:16 -0300] "POST /cormunbeta/servlet/permisogoce?39173d76bb58e688516b46387e754b42,INS,0,,,,gx-no-cache=1466009311554 HTTP/1.1" 200 93
192.168.10.4 - - [15/Jun/2016:13:48:16 -0300] "GET /cormunbeta/servlet/hpexe_return? HTTP/1.1" 200 1023
192.168.10.4 - - [15/Jun/2016:13:48:16 -0300] "GET /cormunbeta/static/gxcfg.js?2015111312145050 HTTP/1.1" 200 953
192.168.10.4 - - [15/Jun/2016:13:48:16 -0300] "GET /cormunbeta/static/Resources/Spanish/PXTools.css?12112540 HTTP/1.1" 200 89042
192.168.10.4 - - [15/Jun/2016:13:48:16 -0300] "GET /cormunbeta/static/hpexe_return.js?2015111312145056 HTTP/1.1" 200 1633
192.168.10.4 - - [15/Jun/2016:13:48:16 -0300] "GET /cormunbeta/servlet/trpermisosgoce HTTP/1.1" 200 7647
192.168.10.4 - - [15/Jun/2016:13:48:18 -0300] "GET /cormunbeta//static/Resources/PXToolsGridUpdate.png HTTP/1.1" 200 2984
192.168.10.4 - - [15/Jun/2016:13:48:18 -0300] "GET /cormunbeta//static/Resources/PXToolsGridDisplay.png HTTP/1.1" 200 362
192.168.10.4 - - [15/Jun/2016:13:48:18 -0300] "GET /cormunbeta//static/Resources/PXTools/ActionInsert.png HTTP/1.1" 200 1482
192.168.10.4 - - [15/Jun/2016:13:48:18 -0300] "GET /cormunbeta//static/Resources/PXToolsHeaderFavorites.png HTTP/1.1" 200 2744
192.168.10.4 - - [15/Jun/2016:13:48:18 -0300] "GET /cormunbeta//static/Resources/PXToolsGridDelete.png HTTP/1.1" 200 357
192.168.10.4 - - [15/Jun/2016:13:48:18 -0300] "GET /cormunbeta//static/Resources/PXToolsActionPrint.png HTTP/1.1" 200 3317
192.168.10.4 - - [15/Jun/2016:13:48:18 -0300] "GET /cormunbeta//static/Resources/PXToolsHeaderHelp.png HTTP/1.1" 200 4055
192.168.10.4 - - [15/Jun/2016:13:48:18 -0300] "GET /cormunbeta/servlet/trpermisosgoce HTTP/1.1" 200 7643
192.168.10.4 - - [15/Jun/2016:13:48:24 -0300] "GET /cormunbeta/servlet/permisogoce?INS,0,,, HTTP/1.1" 200 6778
192.168.10.4 - - [15/Jun/2016:13:48:25 -0300] "GET /cormunbeta/servlet/permisogoce?INS,0,,, HTTP/1.1" 200 6778
192.168.10.4 - - [15/Jun/2016:13:48:27 -0300] "GET /cormunbeta/servlet/permisogoce?a79e748e874e46ccec5dcd0535f069064b02c4ef19626a4da5198880efac7d1df1f592b75d6e28a9167d8851575151f0,gx-no-cache=1466009323021 HTTP/1.1" 200 77
191.112.61.205 - - [15/Jun/2016:13:48:32 -0300] "POST /cormun/servlet/trcontratouno?fb53460b3a3ad6be7907386c9e5c0c93,,gx-no-cache=1466009328836 HTTP/1.1" 200 8691
192.168.10.4 - - [15/Jun/2016:13:48:34 -0300] "POST /cormunbeta/servlet/permisogoce?39173d76bb58e688516b46387e754b42,INS,0,,,,gx-no-cache=1466009329901 HTTP/1.1" 200 4160
192.168.10.4 - - [15/Jun/2016:13:48:34 -0300] "GET /cormunbeta/servlet/puconsultapgoce?15104893,PU HTTP/1.1" 200 4203
192.168.10.4 - - [15/Jun/2016:13:48:34 -0300] "GET /cormunbeta/pexe_layers.js HTTP/1.1" 404 1011
192.168.10.4 - - [15/Jun/2016:13:48:34 -0300] "GET /cormunbeta/pexe_link.js HTTP/1.1" 404 1007
192.168.10.4 - - [15/Jun/2016:13:48:34 -0300] "GET /cormunbeta/pexe_windows.js HTTP/1.1" 404 1013
192.168.10.4 - - [15/Jun/2016:13:48:34 -0300] "GET /cormunbeta/pexe_menus.js HTTP/1.1" 404 1009
192.168.10.4 - - [15/Jun/2016:13:48:34 -0300] "GET /cormunbeta/pexe_grid.js HTTP/1.1" 404 1007
192.168.10.4 - - [15/Jun/2016:13:48:34 -0300] "GET /cormunbeta/pexe_cookies.js HTTP/1.1" 404 1013
192.168.10.4 - - [15/Jun/2016:13:48:35 -0300] "GET /cormunbeta/pexe_tabdivfix.js HTTP/1.1" 404 1017
192.168.10.4 - - [15/Jun/2016:13:48:35 -0300] "GET /cormunbeta/pexe_picture.js HTTP/1.1" 404 1013
192.168.10.4 - - [15/Jun/2016:13:48:35 -0300] "GET /cormunbeta/pexe_autoreload.js HTTP/1.1" 404 1019
192.168.10.4 - - [15/Jun/2016:13:48:35 -0300] "GET /cormunbeta/pexe_griddivfix.js HTTP/1.1" 404 1019
192.168.10.4 - - [15/Jun/2016:13:48:35 -0300] "GET /cormunbeta/pexe_treedivfix.js HTTP/1.1" 404 1019
192.168.10.4 - - [15/Jun/2016:13:48:35 -0300] "GET /cormunbeta/pexe_menudivfix.js HTTP/1.1" 404 1019
192.168.10.4 - - [15/Jun/2016:13:48:35 -0300] "GET /cormunbeta/pexe_menus.js HTTP/1.1" 404 1009
192.168.10.4 - - [15/Jun/2016:13:48:35 -0300] "GET /cormunbeta/pexe_layers.js HTTP/1.1" 404 1011
192.168.10.4 - - [15/Jun/2016:13:48:35 -0300] "GET /cormunbeta/pexe_windows.js HTTP/1.1" 404 1013
192.168.10.4 - - [15/Jun/2016:13:48:36 -0300] "GET /cormunbeta/pexe_link.js HTTP/1.1" 404 1007
192.168.10.4 - - [15/Jun/2016:13:48:36 -0300] "GET /cormunbeta/pexe_cookies.js HTTP/1.1" 404 1013
192.168.10.4 - - [15/Jun/2016:13:48:36 -0300] "GET /cormunbeta/pexe_grid.js HTTP/1.1" 404 1007
192.168.10.4 - - [15/Jun/2016:13:48:36 -0300] "GET /cormunbeta/pexe_griddivfix.js HTTP/1.1" 404 1019
192.168.10.4 - - [15/Jun/2016:13:48:36 -0300] "GET /cormunbeta/pexe_picture.js HTTP/1.1" 404 1013
192.168.10.4 - - [15/Jun/2016:13:48:36 -0300] "GET /cormunbeta/pexe_treedivfix.js HTTP/1.1" 404 1019
192.168.10.4 - - [15/Jun/2016:13:48:36 -0300] "GET /cormunbeta/pexe_autoreload.js HTTP/1.1" 404 1019
192.168.10.4 - - [15/Jun/2016:13:48:36 -0300] "GET /cormunbeta/pexe_menudivfix.js HTTP/1.1" 404 1019
192.168.10.4 - - [15/Jun/2016:13:48:36 -0300] "GET /cormunbeta/pexe_tabdivfix.js HTTP/1.1" 404 1017
192.168.10.4 - - [15/Jun/2016:13:48:47 -0300] "POST /cormunbeta/servlet/puconsultapgoce?39173d76bb58e688516b46387e754b42,15104893,PU,gx-no-cache=1466009342803 HTTP/1.1" 200 95
192.168.10.4 - - [15/Jun/2016:13:48:47 -0300] "GET /cormunbeta/servlet/hpexe_return?PU HTTP/1.1" 200 1020
192.168.10.4 - - [15/Jun/2016:13:48:48 -0300] "POST /cormunbeta/servlet/permisogoce?39173d76bb58e688516b46387e754b42,INS,0,,,,gx-no-cache=1466009344324 HTTP/1.1" 200 4120
192.168.10.4 - - [15/Jun/2016:13:48:50 -0300] "GET /cormunbeta/servlet/permisogoce?a79e748e874e46ccec5dcd0535f06906f868d1db45af5d8cdb11fdc273151c95f271d65a379c9bfdac4768a7f06da129b05d2c67b5ca462be025811b67470392,gx-no-cache=1466009345611 HTTP/1.1" 200 130
192.168.10.4 - - [15/Jun/2016:13:48:50 -0300] "GET /cormunbeta/static/Shared/jqueryui/images/ui-bg_highlight-soft_100_c6c2c8_1x100.png HTTP/1.1" 404 1125
192.168.10.4 - - [15/Jun/2016:13:48:50 -0300] "GET /cormunbeta/static/Shared/jqueryui/images/ui-bg_flat_55_994d53_40x100.png HTTP/1.1" 404 1105
192.168.10.4 - - [15/Jun/2016:13:48:50 -0300] "GET /cormunbeta/static/Shared/jqueryui/images/ui-icons_82798d_256x240.png HTTP/1.1" 404 1097
192.168.10.4 - - [15/Jun/2016:13:48:50 -0300] "GET /cormunbeta/static/Shared/jqueryui/images/ui-icons_ebccce_256x240.png HTTP/1.1" 404 1097
192.168.10.4 - - [15/Jun/2016:13:48:55 -0300] "POST /cormunbeta/servlet/permisogoce?39173d76bb58e688516b46387e754b42,INS,0,,,,gx-no-cache=1466009350899 HTTP/1.1" 200 93
192.168.10.4 - - [15/Jun/2016:13:48:55 -0300] "GET /cormunbeta/servlet/hpexe_return? HTTP/1.1" 200 1023
192.168.10.4 - - [15/Jun/2016:13:48:55 -0300] "GET /cormunbeta/servlet/trpermisosgoce HTTP/1.1" 200 7647
192.168.10.4 - - [15/Jun/2016:13:48:57 -0300] "GET /cormunbeta/servlet/trpermisosgoce HTTP/1.1" 200 7643
192.168.10.4 - - [15/Jun/2016:13:49:02 -0300] "GET /cormunbeta/servlet/apermisogoceprn?15104893,P,20160615,PU HTTP/1.1" 200 1645
191.112.61.205 - - [15/Jun/2016:13:49:28 -0300] "POST /cormun/servlet/trcontratouno?fb53460b3a3ad6be7907386c9e5c0c93,,gx-no-cache=1466009384105 HTTP/1.1" 200 13056
191.112.61.205 - - [15/Jun/2016:13:49:35 -0300] "POST /cormun/servlet/trcontratouno?fb53460b3a3ad6be7907386c9e5c0c93,,gx-no-cache=1466009392824 HTTP/1.1" 200 12683
192.168.10.4 - - [15/Jun/2016:13:49:39 -0300] "GET /cormunbeta/servlet/permisogoce?UPD,15104893,P,20160615, HTTP/1.1" 200 6834
192.168.10.4 - - [15/Jun/2016:13:49:40 -0300] "GET /cormunbeta/servlet/permisogoce?UPD,15104893,P,20160615, HTTP/1.1" 200 6834
192.168.10.4 - - [15/Jun/2016:13:49:40 -0300] "GET /cormunbeta/servlet/permisogoce?a79e748e874e46ccec5dcd0535f069064b02c4ef19626a4da5198880efac7d1d68ffa4630f32edd923a0fc104a1f9af1,gx-no-cache=1466009396589 HTTP/1.1" 200 77
191.112.61.205 - - [15/Jun/2016:13:49:46 -0300] "GET /cormun/servlet/trsolicitudot? HTTP/1.1" 200 6620
191.112.61.205 - - [15/Jun/2016:13:49:47 -0300] "GET /cormun/static/gxcfg.js?201631022392470 HTTP/1.1" 200 953
191.112.61.205 - - [15/Jun/2016:13:49:47 -0300] "GET /cormun/static/trsolicitudot.js?201631022393178 HTTP/1.1" 200 44568
191.112.61.205 - - [15/Jun/2016:13:49:48 -0300] "GET /cormun/servlet/trsolicitudot? HTTP/1.1" 200 6621
191.112.61.205 - - [15/Jun/2016:13:49:53 -0300] "GET /cormun/servlet/solicitudot?INS,0,0, HTTP/1.1" 200 11788
191.112.61.205 - - [15/Jun/2016:13:49:53 -0300] "GET /cormun/static/gxcfg.js?201631710541238 HTTP/1.1" 200 953
191.112.61.205 - - [15/Jun/2016:13:49:53 -0300] "GET /cormun/static/solicitudot.js?201631710541292 HTTP/1.1" 200 45515
191.112.61.205 - - [15/Jun/2016:13:49:53 -0300] "GET /cormun/static/Resources/Spanish/PXTools.css?22445990 HTTP/1.1" 200 89042
192.168.10.4 - - [15/Jun/2016:13:49:55 -0300] "POST /cormunbeta/servlet/permisogoce?39173d76bb58e688516b46387e754b42,UPD,15104893,P,20160615,,gx-no-cache=1466009411356 HTTP/1.1" 200 93
192.168.10.4 - - [15/Jun/2016:13:49:55 -0300] "GET /cormunbeta/servlet/hpexe_return? HTTP/1.1" 200 1036
191.112.61.205 - - [15/Jun/2016:13:49:56 -0300] "GET /cormun/servlet/solicitudot?INS,0,0, HTTP/1.1" 200 11793
192.168.10.4 - - [15/Jun/2016:13:49:56 -0300] "GET /cormunbeta/servlet/trpermisosgoce HTTP/1.1" 200 7647
192.168.10.4 - - [15/Jun/2016:13:49:57 -0300] "GET /cormunbeta/servlet/trpermisosgoce HTTP/1.1" 200 7643
191.112.61.205 - - [15/Jun/2016:13:50:00 -0300] "POST /cormun/servlet/solicitudot?gx-no-cache=1466009418911 HTTP/1.1" 200 2677
191.112.61.205 - - [15/Jun/2016:13:50:00 -0300] "POST /cormun/servlet/solicitudot?fb53460b3a3ad6be7907386c9e5c0c93,INS,0,0,,gx-no-cache=1466009419301 HTTP/1.1" 200 8491
191.112.61.205 - - [15/Jun/2016:13:50:01 -0300] "GET /cormun/servlet/solicitudot?471d0dca4782c38bfd4afd35f50562c6373133ce707fe7fe15a7a0b89f36f7d7,gx-no-cache=1466009419827 HTTP/1.1" 200 111
191.112.61.205 - - [15/Jun/2016:13:50:01 -0300] "GET /cormun/static/Shared/jqueryui/images/ui-icons_82798d_256x240.png HTTP/1.1" 404 1089
191.112.61.205 - - [15/Jun/2016:13:50:01 -0300] "GET /cormun/static/Shared/jqueryui/images/ui-bg_highlight-soft_100_c6c2c8_1x100.png HTTP/1.1" 404 1117
191.112.61.205 - - [15/Jun/2016:13:50:01 -0300] "GET /cormun/static/Shared/jqueryui/images/ui-bg_flat_55_994d53_40x100.png HTTP/1.1" 404 1097
191.112.61.205 - - [15/Jun/2016:13:50:01 -0300] "GET /cormun/static/Shared/jqueryui/images/ui-icons_ebccce_256x240.png HTTP/1.1" 404 1089
191.112.61.205 - - [15/Jun/2016:13:50:07 -0300] "GET /cormun/servlet/trvisualizadoreventos? HTTP/1.1" 200 6431
191.112.61.205 - - [15/Jun/2016:13:50:08 -0300] "GET /cormun/servlet/trvisualizadoreventos? HTTP/1.1" 200 6426
191.112.61.205 - - [15/Jun/2016:13:50:12 -0300] "POST /cormun/servlet/trvisualizadoreventos?fb53460b3a3ad6be7907386c9e5c0c93,,gx-no-cache=1466009430869 HTTP/1.1" 200 3657
191.112.61.205 - - [15/Jun/2016:13:50:16 -0300] "GET /cormun/servlet/trcontratoobservaciondir? HTTP/1.1" 200 6501
191.112.61.205 - - [15/Jun/2016:13:50:16 -0300] "GET /cormun/static/gxcfg.js?201651622241333 HTTP/1.1" 200 953
191.112.61.205 - - [15/Jun/2016:13:50:16 -0300] "GET /cormun/static/trcontratoobservaciondir.js?201651622241656 HTTP/1.1" 200 27122
191.112.61.205 - - [15/Jun/2016:13:50:17 -0300] "GET /cormun/servlet/trcontratoobservaciondir? HTTP/1.1" 200 6501
191.112.61.205 - - [15/Jun/2016:13:50:22 -0300] "GET /cormun/servlet/trcontratouno? HTTP/1.1" 200 15618
191.112.61.205 - - [15/Jun/2016:13:50:24 -0300] "GET /cormun/servlet/trcontratouno? HTTP/1.1" 200 15560
191.112.61.205 - - [15/Jun/2016:13:50:47 -0300] "POST /cormun/servlet/trcontratouno?fb53460b3a3ad6be7907386c9e5c0c93,,gx-no-cache=1466009464704 HTTP/1.1" 200 6966
192.168.10.4 - - [15/Jun/2016:13:50:51 -0300] "GET /cormunbeta/servlet/permisogoce?UPD,15104893,P,20160615, HTTP/1.1" 200 6834
192.168.10.4 - - [15/Jun/2016:13:50:52 -0300] "GET /cormunbeta/servlet/permisogoce?UPD,15104893,P,20160615, HTTP/1.1" 200 6834
192.168.10.4 - - [15/Jun/2016:13:50:52 -0300] "GET /cormunbeta/servlet/permisogoce?a79e748e874e46ccec5dcd0535f069064b02c4ef19626a4da5198880efac7d1d68ffa4630f32edd923a0fc104a1f9af1,gx-no-cache=1466009468584 HTTP/1.1" 200 77
191.112.61.205 - - [15/Jun/2016:13:51:03 -0300] "GET /cormun/servlet/trsolicitudot? HTTP/1.1" 200 6620
191.112.61.205 - - [15/Jun/2016:13:51:04 -0300] "GET /cormun/servlet/trsolicitudot? HTTP/1.1" 200 6621
191.112.61.205 - - [15/Jun/2016:13:51:48 -0300] "GET /cormun/servlet/solicitudot?INS,0,0, HTTP/1.1" 200 11786
191.112.61.205 - - [15/Jun/2016:13:51:50 -0300] "GET /cormun/servlet/solicitudot?INS,0,0, HTTP/1.1" 200 11791
191.112.61.205 - - [15/Jun/2016:13:52:00 -0300] "POST /cormun/servlet/solicitudot?gx-no-cache=1466009538840 HTTP/1.1" 200 2782
191.112.61.205 - - [15/Jun/2016:13:52:01 -0300] "POST /cormun/servlet/solicitudot?fb53460b3a3ad6be7907386c9e5c0c93,INS,0,0,,gx-no-cache=1466009539467 HTTP/1.1" 200 8607
191.112.61.205 - - [15/Jun/2016:13:52:07 -0300] "GET /cormun/servlet/solicitudot?471d0dca4782c38bfd4afd35f50562c6772d7241a8216ad7bab3e0f90ad9310c21178ab1ed3d1bf70dc2b1aad5cf998b,gx-no-cache=1466009546025 HTTP/1.1" 200 30
191.112.61.205 - - [15/Jun/2016:13:52:07 -0300] "POST /cormun/servlet/solicitudot?gx-no-cache=1466009546158 HTTP/1.1" 200 30
191.112.61.205 - - [15/Jun/2016:13:52:39 -0300] "POST /cormun/servlet/solicitudot?fb53460b3a3ad6be7907386c9e5c0c93,INS,0,0,,gx-no-cache=1466009577208 HTTP/1.1" 200 93
191.112.61.205 - - [15/Jun/2016:13:52:39 -0300] "GET /cormun/servlet/hpexe_return? HTTP/1.1" 200 1004
191.112.61.205 - - [15/Jun/2016:13:52:39 -0300] "GET /cormun/servlet/trsolicitudot HTTP/1.1" 200 6624
191.112.61.205 - - [15/Jun/2016:13:52:40 -0300] "GET /cormun/servlet/trsolicitudot HTTP/1.1" 200 6621
192.168.10.4 - - [15/Jun/2016:13:52:50 -0300] "POST /cormunbeta/servlet/permisogoce?39173d76bb58e688516b46387e754b42,UPD,15104893,P,20160615,,gx-no-cache=1466009585645 HTTP/1.1" 200 93
192.168.10.4 - - [15/Jun/2016:13:52:50 -0300] "GET /cormunbeta/servlet/hpexe_return? HTTP/1.1" 200 1036
192.168.10.4 - - [15/Jun/2016:13:52:50 -0300] "GET /cormunbeta/servlet/trpermisosgoce HTTP/1.1" 200 7647
192.168.10.4 - - [15/Jun/2016:13:52:50 -0300] "GET /cormunbeta/static/gxcfg.js?20166151058173 HTTP/1.1" 304 -
192.168.10.4 - - [15/Jun/2016:13:52:52 -0300] "GET /cormunbeta/servlet/trpermisosgoce HTTP/1.1" 200 7643
192.168.10.4 - - [15/Jun/2016:13:52:57 -0300] "GET /cormunbeta/servlet/trpermisosingoce? HTTP/1.1" 200 6783
192.168.10.4 - - [15/Jun/2016:13:52:57 -0300] "GET /cormunbeta/static/gxcfg.js?201661510584588 HTTP/1.1" 200 953
192.168.10.4 - - [15/Jun/2016:13:52:57 -0300] "GET /cormunbeta/static/trpermisosingoce.js?201661510584954 HTTP/1.1" 200 30448
192.168.10.4 - - [15/Jun/2016:13:52:59 -0300] "GET /cormunbeta/servlet/trpermisosingoce? HTTP/1.1" 200 6783
192.168.10.4 - - [15/Jun/2016:13:53:01 -0300] "GET /cormunbeta/servlet/permisosingoce?INS,0, HTTP/1.1" 200 6744
192.168.10.4 - - [15/Jun/2016:13:53:01 -0300] "GET /cormunbeta/static/gxcfg.js?201661510584298 HTTP/1.1" 200 953
192.168.10.4 - - [15/Jun/2016:13:53:01 -0300] "GET /cormunbeta/static/permisosingoce.js?201661510584339 HTTP/1.1" 200 23819
192.168.10.4 - - [15/Jun/2016:13:53:02 -0300] "GET /cormunbeta/servlet/permisosingoce?INS,0, HTTP/1.1" 200 6745
191.112.61.205 - - [15/Jun/2016:13:53:57 -0300] "GET /cormun/servlet/trcontratouno? HTTP/1.1" 200 9834
191.112.61.205 - - [15/Jun/2016:13:53:57 -0300] "GET /cormun/static/calendar-system.css?75620 HTTP/1.1" 304 -
191.112.61.205 - - [15/Jun/2016:13:53:57 -0300] "GET /cormun/static/Resources/Spanish/PXTools.css?19284387 HTTP/1.1" 304 -
191.112.61.205 - - [15/Jun/2016:13:53:57 -0300] "GET /cormun/static/Shared/jqueryui/jquery-ui.min.css?1245370 HTTP/1.1" 304 -
191.112.61.205 - - [15/Jun/2016:13:53:57 -0300] "GET /cormun/static/SmoothNavMenu/resources/ddsmoothmenu.css?1012540 HTTP/1.1" 304 -
191.112.61.205 - - [15/Jun/2016:13:53:57 -0300] "GET /cormun/static/SmoothNavMenu/resources/ddsmoothmenu-v.css?1012540 HTTP/1.1" 304 -
191.112.61.205 - - [15/Jun/2016:13:53:57 -0300] "GET /cormun/static/scaMessage/css/jquery.pnotify.default.css?1716380 HTTP/1.1" 304 -
191.112.61.205 - - [15/Jun/2016:13:53:57 -0300] "GET /cormun/static/gxtimezone.js?85251 HTTP/1.1" 304 -
191.112.61.205 - - [15/Jun/2016:13:53:57 -0300] "GET /cormun/static/gxgral.js?85251 HTTP/1.1" 304 -
191.112.61.205 - - [15/Jun/2016:13:53:57 -0300] "GET /cormun/static/gxcfg.js?20163221610935 HTTP/1.1" 304 -
191.112.61.205 - - [15/Jun/2016:13:53:57 -0300] "GET /cormun/static/calendar-setup.js?85251 HTTP/1.1" 304 -
191.112.61.205 - - [15/Jun/2016:13:53:57 -0300] "GET /cormun/static/calendar.js?85251 HTTP/1.1" 304 -
191.112.61.205 - - [15/Jun/2016:13:53:58 -0300] "GET /cormun/static/calendar-es.js?85251 HTTP/1.1" 304 -
191.112.61.205 - - [15/Jun/2016:13:53:58 -0300] "GET /cormun/static/RunJS/RunJS.js HTTP/1.1" 304 -
191.112.61.205 - - [15/Jun/2016:13:53:58 -0300] "GET /cormun/static/PXToolsJavascripts/pexe_autoreload.js HTTP/1.1" 304 -
191.112.61.205 - - [15/Jun/2016:13:53:58 -0300] "GET /cormun/static/PXToolsJavascripts/pexe_cookies.js HTTP/1.1" 304 -
191.112.61.205 - - [15/Jun/2016:13:53:58 -0300] "GET /cormun/static/PXToolsJavascripts/pexe_windows.js HTTP/1.1" 304 -
191.112.61.205 - - [15/Jun/2016:13:53:58 -0300] "GET /cormun/static/PXToolsJavascripts/pexe_grid.js HTTP/1.1" 304 -
191.112.61.205 - - [15/Jun/2016:13:53:58 -0300] "GET /cormun/static/PXToolsJavascripts/pexe_griddivfix.js HTTP/1.1" 304 -
191.112.61.205 - - [15/Jun/2016:13:53:58 -0300] "GET /cormun/static/PXToolsJavascripts/pexe_link.js HTTP/1.1" 304 -
191.112.61.205 - - [15/Jun/2016:13:53:58 -0300] "GET /cormun/static/PXToolsJavascripts/pexe_menudivfix.js HTTP/1.1" 304 -
191.112.61.205 - - [15/Jun/2016:13:53:58 -0300] "GET /cormun/static/PXToolsJavascripts/pexe_menus.js HTTP/1.1" 304 -
191.112.61.205 - - [15/Jun/2016:13:53:58 -0300] "GET /cormun/static/PXToolsJavascripts/pexe_layers.js HTTP/1.1" 304 -
191.112.61.205 - - [15/Jun/2016:13:53:58 -0300] "GET /cormun/static/PXToolsJavascripts/pexe_oav.js HTTP/1.1" 304 -
191.112.61.205 - - [15/Jun/2016:13:53:58 -0300] "GET /cormun/static/PXToolsJavascripts/pexe_oavdivfix.js HTTP/1.1" 304 -
191.112.61.205 - - [15/Jun/2016:13:53:58 -0300] "GET /cormun/static/PXToolsJavascripts/pexe_picture.js HTTP/1.1" 304 -
191.112.61.205 - - [15/Jun/2016:13:53:58 -0300] "GET /cormun/static/PXToolsJavascripts/pexe_popup.js HTTP/1.1" 304 -
191.112.61.205 - - [15/Jun/2016:13:53:58 -0300] "GET /cormun/static/PXToolsJavascripts/pexe_tabs.js HTTP/1.1" 304 -
191.112.61.205 - - [15/Jun/2016:13:53:58 -0300] "GET /cormun/static/PXToolsJavascripts/pexe_upload.js HTTP/1.1" 304 -
