186.103.196.84 - - [07/Jun/2016:12:01:45 -0300] "GET /cormun/static/Resources/PXToolsGridPrevious.gif HTTP/1.1" 200 369
186.103.196.84 - - [07/Jun/2016:12:01:45 -0300] "GET /cormun/static/Resources/PXToolsGridNext.gif HTTP/1.1" 200 369
186.103.196.84 - - [07/Jun/2016:12:01:45 -0300] "GET /cormun/static/Resources/PXToolsGridLast.gif HTTP/1.1" 200 370
186.103.196.84 - - [07/Jun/2016:12:01:46 -0300] "GET /cormun/static/Resources/Spanish/PXTools.css?1423257 HTTP/1.1" 200 89042
186.103.196.84 - - [07/Jun/2016:12:01:58 -0300] "POST /cormun/servlet/solicitudot?gx-no-cache=1465311735212 HTTP/1.1" 200 1186
186.103.196.84 - - [07/Jun/2016:12:01:58 -0300] "GET /cormun/servlet/solicitudot?e3424f747b222d3cde737520c4fdcf0e649e6d46841f121bbadb0fa8ecc04fd3d84ec9c06c4b1436238e1267aba3a2a2cc6282ddbcc9b3a51823e5bf3ae16abb980a51a2fd9bdb8d2e0ae7708b0d0338914c1b56f01f78e1eb39f66e99d85804162ed6473d1cd51caba514835c29596d77e22907d0613946c4b616df3976e1b452575af73e0771e808b5c5c65cb493e9d249c7d7913e72217e51dffa25e40ace,gx-no-cache=1465311735425 HTTP/1.1" 200 41
186.103.196.84 - - [07/Jun/2016:12:02:00 -0300] "POST /cormun/servlet/solicitudot?gx-no-cache=1465311735498 HTTP/1.1" 200 1143
186.103.196.84 - - [07/Jun/2016:12:02:04 -0300] "GET /cormun/servlet/solicitudot?e3424f747b222d3cde737520c4fdcf0ee26764baf4ff67e97c8997ed914dc538b93998a7557659ffcc1a9bdac7bcd15740825a27c75e3119c2bc0c669e48b936b865c3347d6827a7525377c64e8dae204b01dac855c4500613a4c78b8484f32b4409bf5bb0643426c8c4b2c72903c64b0df2c7edb9818067e4743da6c718bded2a35f4a302c1452b9d25ed8e457613d9c7350bb295b9afaf379b01e9d9e47e0f5054a5c25b10d3d63b50c7b755a1d0df,gx-no-cache=1465311737097 HTTP/1.1" 200 30
186.103.196.84 - - [07/Jun/2016:12:02:06 -0300] "POST /cormun/servlet/solicitudot?ea0b3c0fefd85d8a0e6eb101c21f6dc8,INS,0,0,,gx-no-cache=1465311741500 HTTP/1.1" 200 9562
186.103.196.84 - - [07/Jun/2016:12:02:07 -0300] "GET /cormun/static/Shared/jqueryui/images/ui-bg_highlight-soft_100_c6c2c8_1x100.png HTTP/1.1" 404 1117
186.103.196.84 - - [07/Jun/2016:12:02:08 -0300] "GET /cormun/static/Shared/jqueryui/images/ui-icons_82798d_256x240.png HTTP/1.1" 404 1089
186.103.196.84 - - [07/Jun/2016:12:02:08 -0300] "GET /cormun/static/Shared/jqueryui/images/ui-icons_ebccce_256x240.png HTTP/1.1" 404 1089
186.103.196.84 - - [07/Jun/2016:12:02:08 -0300] "GET /cormun/static/Shared/jqueryui/images/ui-bg_flat_55_994d53_40x100.png HTTP/1.1" 404 1097
186.103.196.84 - - [07/Jun/2016:12:02:22 -0300] "GET /cormun/static/menuarrow.gif HTTP/1.1" 404 1015
186.103.196.84 - - [07/Jun/2016:12:03:42 -0300] "GET /cormun/servlet/solicitudot?e3424f747b222d3cde737520c4fdcf0ee26764baf4ff67e97c8997ed914dc538b93998a7557659ffcc1a9bdac7bcd15740825a27c75e3119c2bc0c669e48b936b865c3347d6827a7525377c64e8dae204b01dac855c4500613a4c78b8484f32b4409bf5bb0643426c8c4b2c72903c64b0df2c7edb9818067e4743da6c718bded2a35f4a302c1452b9d25ed8e457613d9116446456a2b98c9fcad617117aebb4132185423aac5e5db46ef8c976cee732c,gx-no-cache=1465311838419 HTTP/1.1" 200 30
186.103.196.84 - - [07/Jun/2016:12:03:47 -0300] "POST /cormun/servlet/solicitudot?ea0b3c0fefd85d8a0e6eb101c21f6dc8,INS,0,0,,gx-no-cache=1465311839423 HTTP/1.1" 200 9607
192.168.10.17 - - [07/Jun/2016:12:04:20 -0300] "GET /cormun/servlet/vesolicitudnombre?2016,1986,,SolicitudOTAdjuntos HTTP/1.1" 200 9921
192.168.10.17 - - [07/Jun/2016:12:04:20 -0300] "GET /cormun/pexe_scrolldiv.js HTTP/1.1" 404 1009
192.168.10.17 - - [07/Jun/2016:12:04:23 -0300] "POST /cormun/servlet/acontrolpreferencessavestate?None,CDROGUETT,true HTTP/1.1" 200 35
186.103.196.84 - - [07/Jun/2016:12:05:46 -0300] "GET /cormun/servlet/solicitudot?e3424f747b222d3cde737520c4fdcf0ee26764baf4ff67e97c8997ed914dc538b93998a7557659ffcc1a9bdac7bcd15740825a27c75e3119c2bc0c669e48b936b865c3347d6827a7525377c64e8dae204b01dac855c4500613a4c78b8484f32b4409bf5bb0643426c8c4b2c72903c64b0df2c7edb9818067e4743da6c718bded2a35f4a302c1452b9d25ed8e457613d9c7350bb295b9afaf379b01e9d9e47e0f5054a5c25b10d3d63b50c7b755a1d0df,gx-no-cache=1465311962384 HTTP/1.1" 200 30
186.103.196.84 - - [07/Jun/2016:12:05:48 -0300] "POST /cormun/servlet/solicitudot?ea0b3c0fefd85d8a0e6eb101c21f6dc8,INS,0,0,,gx-no-cache=1465311963260 HTTP/1.1" 200 9669
186.103.196.84 - - [07/Jun/2016:12:05:56 -0300] "GET /cormun/servlet/prsolicitudot?17322077,,,,,MD,,gxPopupLevel%3D0%3B HTTP/1.1" 200 5795
186.103.196.84 - - [07/Jun/2016:12:05:58 -0300] "GET /cormun/static/gxcfg.js?201631022393559 HTTP/1.1" 200 953
186.103.196.84 - - [07/Jun/2016:12:06:03 -0300] "GET /cormun/static/prsolicitudot.js?201631022393730 HTTP/1.1" 200 12855
186.103.196.84 - - [07/Jun/2016:12:06:33 -0300] "GET /cormun/servlet/solicitudot?e3424f747b222d3cde737520c4fdcf0ee26764baf4ff67e97c8997ed914dc538b93998a7557659ffcc1a9bdac7bcd15740825a27c75e3119c2bc0c669e48b936b865c3347d6827a7525377c64e8dae204b01dac855c4500613a4c78b8484f32b4409bf5bb0643426c8c4b2c72903c64b0df2c7edb9818067e4743da6c718bded2a35f4a302c1452b9d25ed8e457613d9c7350bb295b9afaf379b01e9d9e47e0f5054a5c25b10d3d63b50c7b755a1d0df,gx-no-cache=1465312009920 HTTP/1.1" 200 30
186.103.196.84 - - [07/Jun/2016:12:06:34 -0300] "POST /cormun/servlet/solicitudot?ea0b3c0fefd85d8a0e6eb101c21f6dc8,INS,0,0,,gx-no-cache=1465312010384 HTTP/1.1" 200 9715
186.103.196.84 - - [07/Jun/2016:12:06:49 -0300] "GET /cormun/servlet/prsolicitudot?17322077,,,,,MD,,gxPopupLevel%3D0%3B HTTP/1.1" 200 5795
186.67.172.234 - - [07/Jun/2016:12:06:54 -0300] "GET /cormun/servlet/hlogin HTTP/1.1" 200 1731
186.67.172.234 - - [07/Jun/2016:12:07:07 -0300] "POST /cormun/servlet/hlogin?e41a12d12936d80c3cae27e665d2547a,gx-no-cache=1465312044234 HTTP/1.1" 200 90
186.67.172.234 - - [07/Jun/2016:12:07:07 -0300] "GET /cormun/servlet/hpexe_link HTTP/1.1" 200 954
186.67.172.234 - - [07/Jun/2016:12:07:07 -0300] "GET /cormun/servlet/hhome HTTP/1.1" 200 3761
186.67.172.234 - - [07/Jun/2016:12:07:08 -0300] "GET /cormun/servlet/hhome HTTP/1.1" 200 3757
186.103.196.84 - - [07/Jun/2016:12:07:12 -0300] "POST /cormun/servlet/acontrolpreferencessavestate?None,ECONTRERAS,true HTTP/1.1" 200 35
186.67.172.234 - - [07/Jun/2016:12:07:13 -0300] "GET /cormun/servlet/trsolicitudot? HTTP/1.1" 200 6674
186.67.172.234 - - [07/Jun/2016:12:07:14 -0300] "GET /cormun/servlet/trsolicitudot? HTTP/1.1" 200 6673
186.103.196.84 - - [07/Jun/2016:12:07:15 -0300] "POST /cormun/servlet/acontrolpreferencessavestate?None,ECONTRERAS,true HTTP/1.1" 200 35
186.67.172.234 - - [07/Jun/2016:12:07:17 -0300] "GET /cormun/servlet/solicitudot?INS,0,0, HTTP/1.1" 200 11843
186.67.172.234 - - [07/Jun/2016:12:07:18 -0300] "GET /cormun/servlet/solicitudot?INS,0,0, HTTP/1.1" 200 11848
186.103.196.84 - - [07/Jun/2016:12:07:19 -0300] "POST /cormun/servlet/prsolicitudot?ea0b3c0fefd85d8a0e6eb101c21f6dc8,17322077,,,,,MD,,gxPopupLevel%3D0%3B,gx-no-cache=1465312055296 HTTP/1.1" 200 3212
186.103.196.84 - - [07/Jun/2016:12:07:22 -0300] "POST /cormun/servlet/prsolicitudot?ea0b3c0fefd85d8a0e6eb101c21f6dc8,17322077,,,,,MD,,gxPopupLevel%3D0%3B,gx-no-cache=1465312058515 HTTP/1.1" 200 3212
186.103.196.84 - - [07/Jun/2016:12:07:25 -0300] "POST /cormun/servlet/acontrolpreferencessavestate?None,ECONTRERAS,true HTTP/1.1" 200 35
186.67.172.234 - - [07/Jun/2016:12:07:32 -0300] "POST /cormun/servlet/solicitudot?gx-no-cache=1465312068502 HTTP/1.1" 200 2791
186.67.172.234 - - [07/Jun/2016:12:07:32 -0300] "POST /cormun/servlet/solicitudot?e41a12d12936d80c3cae27e665d2547a,INS,0,0,,gx-no-cache=1465312068632 HTTP/1.1" 200 8622
186.103.196.84 - - [07/Jun/2016:12:07:33 -0300] "POST /cormun/servlet/solicitudot?gx-no-cache=1465312069796 HTTP/1.1" 200 30
186.103.196.84 - - [07/Jun/2016:12:07:33 -0300] "POST /cormun/servlet/solicitudot?gx-no-cache=1465312069919 HTTP/1.1" 200 1186
186.103.196.84 - - [07/Jun/2016:12:07:34 -0300] "GET /cormun/servlet/solicitudot?e3424f747b222d3cde737520c4fdcf0e649e6d46841f121bbadb0fa8ecc04fd3d84ec9c06c4b1436238e1267aba3a2a2cc6282ddbcc9b3a51823e5bf3ae16abb980a51a2fd9bdb8d2e0ae7708b0d0338914c1b56f01f78e1eb39f66e99d85804162ed6473d1cd51caba514835c29596d77e22907d0613946c4b616df3976e1b452575af73e0771e808b5c5c65cb493e9d249c7d7913e72217e51dffa25e40ace,gx-no-cache=1465312070459 HTTP/1.1" 200 41
186.103.196.84 - - [07/Jun/2016:12:07:34 -0300] "POST /cormun/servlet/solicitudot?gx-no-cache=1465312070552 HTTP/1.1" 200 1143
186.67.172.234 - - [07/Jun/2016:12:07:37 -0300] "GET /cormun/servlet/solicitudot?a2a2f0615dd29adade435a8241a4063082c91e6b85bc815e3d787f1aeb54491993b600d7285c29d72888f3ccd1fedcd2,gx-no-cache=1465312074474 HTTP/1.1" 200 30
186.67.172.234 - - [07/Jun/2016:12:07:38 -0300] "POST /cormun/servlet/solicitudot?gx-no-cache=1465312074530 HTTP/1.1" 200 30
186.67.172.234 - - [07/Jun/2016:12:07:42 -0300] "POST /cormun/servlet/solicitudot?gx-no-cache=1465312079376 HTTP/1.1" 200 122
186.67.172.234 - - [07/Jun/2016:12:07:42 -0300] "GET /cormun/static/Shared/jqueryui/images/ui-bg_highlight-soft_100_c6c2c8_1x100.png HTTP/1.1" 404 1117
186.67.172.234 - - [07/Jun/2016:12:07:42 -0300] "GET /cormun/static/Shared/jqueryui/images/ui-icons_82798d_256x240.png HTTP/1.1" 404 1089
186.67.172.234 - - [07/Jun/2016:12:07:42 -0300] "GET /cormun/static/Shared/jqueryui/images/ui-bg_flat_55_fafafa_40x100.png HTTP/1.1" 404 1097
186.67.172.234 - - [07/Jun/2016:12:07:42 -0300] "GET /cormun/static/Shared/jqueryui/images/ui-icons_8d78a5_256x240.png HTTP/1.1" 404 1089
186.67.172.234 - - [07/Jun/2016:12:07:49 -0300] "POST /cormun/servlet/solicitudot?gx-no-cache=1465312086088 HTTP/1.1" 200 1187
186.67.172.234 - - [07/Jun/2016:12:07:50 -0300] "GET /cormun/servlet/solicitudot?a2a2f0615dd29adade435a8241a406308aa9d8559552a2768d0b0ee3747aa16e4ad30743018492ec0b074a26534e8e3308b497f92f17282d709bb656ce8c6274d72d016200011b0d12938cc64d7ac9ee62e6907c8b70070e75886871a4355109fb573e5eb34262bee3b8e8bc934f6bb7b57e53178a9bcb26b9dc770a805052eb16f7f9ef92a64d4f9a517b0b805c9808,gx-no-cache=1465312086628 HTTP/1.1" 200 38
186.67.172.234 - - [07/Jun/2016:12:08:04 -0300] "GET /cormun/servlet/solicitudot?a2a2f0615dd29adade435a8241a40630d22382af949c3c319e6c3733367fadb24e18e8ede2f255a591a1a80dc10646e902115d7abe503114c54d07b21a12c5c8f2d927ed67325937442c219e1a8a4f542d982e13a4782d0114580f66d257fca4f4d861a63c2b1105ac816d67db8f27599f862a6635ea5f23b8187281cd749af58bbf22c019e5f33c6934a259a8ef8726de7416737e7304785c7d4659946f4de8462f2db255e33c0c6183dc92d49d6496b80eb9fc6e13313cb50c3292908b2a3db76cdd8d8546336090435732cba6428b,gx-no-cache=1465312100657 HTTP/1.1" 200 29
186.67.172.234 - - [07/Jun/2016:12:08:04 -0300] "POST /cormun/servlet/solicitudot?gx-no-cache=1465312100688 HTTP/1.1" 200 1144
186.67.172.234 - - [07/Jun/2016:12:08:04 -0300] "GET /cormun/static/menuarrow.gif HTTP/1.1" 404 1015
186.67.172.234 - - [07/Jun/2016:12:08:19 -0300] "GET /cormun/servlet/solicitudot?a2a2f0615dd29adade435a8241a406304d7603449272411b82d9290cc804b9f5898b19e0d8bf677fd659e59b77446f9ccbb22fd51a95afd98764affb28449614db126305ba36ce8e08b69b3b17f4181e2c8dab563df03d9633cd95115fc7c0358cdd5266a36edfcb0615457a99734fb3ae44132150bff33cf67235fbb9cdcd461f7461d82c6f695985cf9cd60bff88de9ebb37afa92751aa8134da813bca7414a31458a045514cba4717c2d23c2b0999,gx-no-cache=1465312116180 HTTP/1.1" 200 30
186.103.196.84 - - [07/Jun/2016:12:08:33 -0300] "POST /cormun/servlet/solicitudot?gx-no-cache=1465312128996 HTTP/1.1" 200 30
186.67.172.234 - - [07/Jun/2016:12:08:33 -0300] "POST /cormun/servlet/solicitudot?e41a12d12936d80c3cae27e665d2547a,INS,0,0,,gx-no-cache=1465312129619 HTTP/1.1" 200 93
186.67.172.234 - - [07/Jun/2016:12:08:33 -0300] "GET /cormun/servlet/hpexe_return? HTTP/1.1" 200 1011
186.67.172.234 - - [07/Jun/2016:12:08:33 -0300] "GET /cormun/servlet/trsolicitudot HTTP/1.1" 200 7931
186.67.172.234 - - [07/Jun/2016:12:08:34 -0300] "GET /cormun/servlet/trsolicitudot HTTP/1.1" 200 7927
186.67.172.234 - - [07/Jun/2016:12:08:43 -0300] "POST /cormun/servlet/trsolicitudot?e41a12d12936d80c3cae27e665d2547a,gx-no-cache=1465312139638 HTTP/1.1" 200 104
186.67.172.234 - - [07/Jun/2016:12:08:43 -0300] "GET /cormun/servlet/solicitudot?UPD,2016,2029, HTTP/1.1" 200 13104
186.67.172.234 - - [07/Jun/2016:12:08:43 -0300] "GET /cormun/servlet/solicitudot?UPD,2016,2029, HTTP/1.1" 200 13113
186.67.172.234 - - [07/Jun/2016:12:08:44 -0300] "POST /cormun/servlet/solicitudot?gx-no-cache=1465312140850 HTTP/1.1" 200 2791
186.67.172.234 - - [07/Jun/2016:12:08:44 -0300] "POST /cormun/servlet/solicitudot?e41a12d12936d80c3cae27e665d2547a,UPD,2016,2029,,gx-no-cache=1465312140967 HTTP/1.1" 200 9299
186.67.172.234 - - [07/Jun/2016:12:08:44 -0300] "GET /cormun/servlet/solicitudot?a2a2f0615dd29adade435a8241a4063082c91e6b85bc815e3d787f1aeb544919618bd87e3deb906a0bc8b260f6945a18,gx-no-cache=1465312141150 HTTP/1.1" 200 30
186.67.172.234 - - [07/Jun/2016:12:08:44 -0300] "POST /cormun/servlet/solicitudot?gx-no-cache=1465312141175 HTTP/1.1" 200 30
186.67.172.234 - - [07/Jun/2016:12:08:44 -0300] "POST /cormun/servlet/solicitudot?gx-no-cache=1465312141191 HTTP/1.1" 200 122
186.67.172.234 - - [07/Jun/2016:12:08:44 -0300] "POST /cormun/servlet/solicitudot?gx-no-cache=1465312141223 HTTP/1.1" 200 1187
186.67.172.234 - - [07/Jun/2016:12:08:44 -0300] "GET /cormun/servlet/solicitudot?a2a2f0615dd29adade435a8241a406308aa9d8559552a2768d0b0ee3747aa16e4ad30743018492ec0b074a26534e8e3308b497f92f17282d709bb656ce8c6274d72d016200011b0d12938cc64d7ac9ee62e6907c8b70070e75886871a4355109fb573e5eb34262bee3b8e8bc934f6bb7b57e53178a9bcb26b9dc770a805052eb248bc9dda123df32b645359ba74b839a7287e7c1e72ee982759ed495e6ff16ad,gx-no-cache=1465312141267 HTTP/1.1" 200 41
186.67.172.234 - - [07/Jun/2016:12:08:47 -0300] "GET /cormun/servlet/solicitudot?a2a2f0615dd29adade435a8241a40630d95cbb1766698fb30a9247a76834eabe1a2a66761fb18dfeebf5aa9bf877271122aa0fa55673e9eebe2718467f1046577dfd8e9ccba4a1f82276cdb7348356b68195f22d047016f0a35a95a388c48e3383df66663b56150301a3ebf5562fb50f663973004dbcdc53a9c2e97e8ed879a246d08239494035d9fc3f5ce770eef78ccd788d84459f5b83404583b0c49002451371093ee708198b7649b7dab1c145488f937e5a87b4b455d4a6a7d4e96e9ed19611b4204601140a68298d67512b2369,gx-no-cache=1465312143947 HTTP/1.1" 200 30
186.67.172.234 - - [07/Jun/2016:12:08:50 -0300] "POST /cormun/servlet/solicitudot?gx-no-cache=1465312146457 HTTP/1.1" 200 1144
186.67.172.234 - - [07/Jun/2016:12:08:50 -0300] "GET /cormun/servlet/solicitudot?a2a2f0615dd29adade435a8241a406304d7603449272411b82d9290cc804b9f5898b19e0d8bf677fd659e59b77446f9ccbb22fd51a95afd98764affb28449614db126305ba36ce8e08b69b3b17f4181e2c8dab563df03d9633cd95115fc7c0358cdd5266a36edfcb0615457a99734fb3ae44132150bff33cf67235fbb9cdcd461f7461d82c6f695985cf9cd60bff88de9ebb37afa92751aa8134da813bca7414a31458a045514cba4717c2d23c2b0999,gx-no-cache=1465312146540 HTTP/1.1" 200 30
186.67.172.234 - - [07/Jun/2016:12:08:50 -0300] "POST /cormun/servlet/solicitudot?e41a12d12936d80c3cae27e665d2547a,UPD,2016,2029,,gx-no-cache=1465312146598 HTTP/1.1" 200 93
186.67.172.234 - - [07/Jun/2016:12:08:50 -0300] "GET /cormun/servlet/hpexe_return? HTTP/1.1" 200 1016
186.67.172.234 - - [07/Jun/2016:12:08:50 -0300] "GET /cormun/servlet/trsolicitudot HTTP/1.1" 200 7931
186.67.172.234 - - [07/Jun/2016:12:08:50 -0300] "GET /cormun/servlet/trsolicitudot HTTP/1.1" 200 7927
186.67.172.234 - - [07/Jun/2016:12:08:57 -0300] "GET /cormun/servlet/solicitudot?INS,0,0, HTTP/1.1" 200 11843
186.67.172.234 - - [07/Jun/2016:12:08:57 -0300] "GET /cormun/servlet/solicitudot?INS,0,0, HTTP/1.1" 200 11848
186.67.172.234 - - [07/Jun/2016:12:09:11 -0300] "POST /cormun/servlet/solicitudot?gx-no-cache=1465312167468 HTTP/1.1" 200 2791
186.103.196.84 - - [07/Jun/2016:12:09:11 -0300] "POST /cormun/servlet/solicitudot?gx-no-cache=1465312167197 HTTP/1.1" 200 1186
186.103.196.84 - - [07/Jun/2016:12:09:11 -0300] "GET /cormun/servlet/solicitudot?e3424f747b222d3cde737520c4fdcf0e649e6d46841f121bbadb0fa8ecc04fd3d84ec9c06c4b1436238e1267aba3a2a2cc6282ddbcc9b3a51823e5bf3ae16abb980a51a2fd9bdb8d2e0ae7708b0d0338914c1b56f01f78e1eb39f66e99d85804162ed6473d1cd51caba514835c29596d77e22907d0613946c4b616df3976e1b452575af73e0771e808b5c5c65cb493e9d249c7d7913e72217e51dffa25e40ace,gx-no-cache=1465312167710 HTTP/1.1" 200 41
186.67.172.234 - - [07/Jun/2016:12:09:11 -0300] "POST /cormun/servlet/solicitudot?e41a12d12936d80c3cae27e665d2547a,INS,0,0,,gx-no-cache=1465312167707 HTTP/1.1" 200 8624
186.103.196.84 - - [07/Jun/2016:12:09:13 -0300] "GET /cormun/servlet/solicitudot?e3424f747b222d3cde737520c4fdcf0e402fc9a756ea99e2093e9dbaed282a2db964f16842160a57f904258367dda1444985f28c99a36960698a6801586320f7537023a28fca924c49af4e47660537bcfee703fbe8c870a18650cd0e951b0d340283df7a30daa8c65420c37d36bf37c9,gx-no-cache=1465312169589 HTTP/1.1" 200 29
186.103.196.84 - - [07/Jun/2016:12:09:17 -0300] "POST /cormun/servlet/solicitudot?gx-no-cache=1465312173186 HTTP/1.1" 200 1143
186.103.196.84 - - [07/Jun/2016:12:09:18 -0300] "GET /cormun/servlet/solicitudot?e3424f747b222d3cde737520c4fdcf0ee26764baf4ff67e97c8997ed914dc5381d010055d96edae58dad733dd1b66649581d8c6f0ba3d0d551abf0082f1a996578d1c25e84bfbe2fcedf7f91a97de04ebfc76bd789012dcb8929b805abd60bd2b8a0e7e33374ebb74721230eb9f7e8a6493eae082aaed1a854290044c7198436fb781bba0ed05eda7870c2bb2becac363970faa352873d1042a52c88da1e3e84d811e5cbb93f1738b7907390eb9b26f3,gx-no-cache=1465312174012 HTTP/1.1" 200 30
186.67.172.234 - - [07/Jun/2016:12:09:18 -0300] "GET /cormun/servlet/solicitudot?a2a2f0615dd29adade435a8241a406301fa1a0cbea06501aecb7bf14432e76e60f36a8903f0519c36271492a232f9415,gx-no-cache=1465312175166 HTTP/1.1" 200 30
186.67.172.234 - - [07/Jun/2016:12:09:18 -0300] "POST /cormun/servlet/solicitudot?gx-no-cache=1465312175254 HTTP/1.1" 200 30
186.103.196.84 - - [07/Jun/2016:12:09:19 -0300] "POST /cormun/servlet/solicitudot?ea0b3c0fefd85d8a0e6eb101c21f6dc8,INS,0,0,,gx-no-cache=1465312175067 HTTP/1.1" 200 93
186.103.196.84 - - [07/Jun/2016:12:09:19 -0300] "GET /cormun/servlet/hpexe_return? HTTP/1.1" 200 1010
186.103.196.84 - - [07/Jun/2016:12:09:19 -0300] "GET /cormun/static/gxcfg.js?2015111312145050 HTTP/1.1" 200 953
186.103.196.84 - - [07/Jun/2016:12:09:19 -0300] "GET /cormun/static/hpexe_return.js?2015111312145056 HTTP/1.1" 200 1633
186.103.196.84 - - [07/Jun/2016:12:09:19 -0300] "GET /cormun/static/Resources/Spanish/PXTools.css?12112540 HTTP/1.1" 200 24576
186.67.172.234 - - [07/Jun/2016:12:09:21 -0300] "POST /cormun/servlet/solicitudot?gx-no-cache=1465312178127 HTTP/1.1" 200 30
186.67.172.234 - - [07/Jun/2016:12:09:28 -0300] "POST /cormun/servlet/solicitudot?gx-no-cache=1465312185055 HTTP/1.1" 200 1187
186.67.172.234 - - [07/Jun/2016:12:09:28 -0300] "GET /cormun/servlet/solicitudot?a2a2f0615dd29adade435a8241a406308aa9d8559552a2768d0b0ee3747aa16e4ad30743018492ec0b074a26534e8e3308b497f92f17282d709bb656ce8c6274d72d016200011b0d12938cc64d7ac9ee62e6907c8b70070e75886871a4355109fb573e5eb34262bee3b8e8bc934f6bb7b57e53178a9bcb26b9dc770a805052eb16f7f9ef92a64d4f9a517b0b805c9808,gx-no-cache=1465312185125 HTTP/1.1" 200 38
186.67.172.234 - - [07/Jun/2016:12:09:28 -0300] "GET /cormun/servlet/solicitudot?a2a2f0615dd29adade435a8241a40630d22382af949c3c319e6c3733367fadb24e18e8ede2f255a591a1a80dc10646e902115d7abe503114c54d07b21a12c5c8f2d927ed67325937442c219e1a8a4f542d982e13a4782d0114580f66d257fca4f4d861a63c2b1105ac816d67db8f27599f862a6635ea5f23b8187281cd749af58bbf22c019e5f33c6934a259a8ef8726de7416737e7304785c7d4659946f4de8462f2db255e33c0c6183dc92d49d6496b80eb9fc6e13313cb50c3292908b2a3db76cdd8d8546336090435732cba6428b,gx-no-cache=1465312185158 HTTP/1.1" 200 29
186.67.172.234 - - [07/Jun/2016:12:09:33 -0300] "POST /cormun/servlet/solicitudot?gx-no-cache=1465312190037 HTTP/1.1" 200 1144
186.67.172.234 - - [07/Jun/2016:12:09:55 -0300] "GET /cormun/servlet/solicitudot?a2a2f0615dd29adade435a8241a40630cc86f4428490f1e4f621c2320198d18968fd65fe7a5c3e96d8521ce79e3b7e37b63269942ef1f5461e85134fc7942e2dccf0181b255f23f121ac5fa7c5568f447303e98adb2e2487a0d1e03c9bff94c148e1579c084e7081b30ab8c30c3f4d1335d139770386611c13ed18777478c07dcd2bf54a28b231b78360d1c927ce783c0d86c06d91db31db493b6118072254f65072095436e89283b93cb2e6a390c231,gx-no-cache=1465312212219 HTTP/1.1" 200 30
186.67.172.234 - - [07/Jun/2016:12:09:55 -0300] "POST /cormun/servlet/solicitudot?e41a12d12936d80c3cae27e665d2547a,INS,0,0,,gx-no-cache=1465312212273 HTTP/1.1" 200 93
186.67.172.234 - - [07/Jun/2016:12:09:55 -0300] "GET /cormun/servlet/hpexe_return? HTTP/1.1" 200 1011
186.67.172.234 - - [07/Jun/2016:12:09:56 -0300] "GET /cormun/servlet/trsolicitudot HTTP/1.1" 200 8316
186.67.172.234 - - [07/Jun/2016:12:09:56 -0300] "GET /cormun/servlet/trsolicitudot HTTP/1.1" 200 8312
186.67.172.234 - - [07/Jun/2016:12:10:00 -0300] "GET /cormun/servlet/solicitudot?INS,0,0, HTTP/1.1" 200 11842
186.67.172.234 - - [07/Jun/2016:12:10:00 -0300] "GET /cormun/servlet/solicitudot?INS,0,0, HTTP/1.1" 200 11847
186.103.196.84 - - [07/Jun/2016:12:10:11 -0300] "GET /cormun/servlet/solicitudot?INS,0,0, HTTP/1.1" 200 11772
186.103.196.84 - - [07/Jun/2016:12:10:13 -0300] "GET /cormun/servlet/solicitudot?INS,0,0, HTTP/1.1" 200 11777
186.67.172.234 - - [07/Jun/2016:12:10:15 -0300] "POST /cormun/servlet/solicitudot?gx-no-cache=1465312232105 HTTP/1.1" 200 2778
186.67.172.234 - - [07/Jun/2016:12:10:16 -0300] "POST /cormun/servlet/solicitudot?e41a12d12936d80c3cae27e665d2547a,INS,0,0,,gx-no-cache=1465312233023 HTTP/1.1" 200 8615
186.67.172.234 - - [07/Jun/2016:12:10:22 -0300] "GET /cormun/servlet/solicitudot?a2a2f0615dd29adade435a8241a40630e4abd752d0f3326ab4357e1b54ee5de90f36a8903f0519c36271492a232f9415,gx-no-cache=1465312238619 HTTP/1.1" 200 30
186.67.172.234 - - [07/Jun/2016:12:10:22 -0300] "POST /cormun/servlet/solicitudot?gx-no-cache=1465312238705 HTTP/1.1" 200 30
186.67.172.234 - - [07/Jun/2016:12:10:22 -0300] "POST /cormun/servlet/solicitudot?gx-no-cache=1465312238729 HTTP/1.1" 200 122
186.67.172.234 - - [07/Jun/2016:12:10:22 -0300] "POST /cormun/servlet/solicitudot?gx-no-cache=1465312238792 HTTP/1.1" 200 1187
186.67.172.234 - - [07/Jun/2016:12:10:22 -0300] "GET /cormun/servlet/solicitudot?a2a2f0615dd29adade435a8241a406308aa9d8559552a2768d0b0ee3747aa16e4ad30743018492ec0b074a26534e8e3308b497f92f17282d709bb656ce8c6274d72d016200011b0d12938cc64d7ac9ee62e6907c8b70070e75886871a4355109fb573e5eb34262bee3b8e8bc934f6bb7b57e53178a9bcb26b9dc770a805052eb16f7f9ef92a64d4f9a517b0b805c9808,gx-no-cache=1465312238844 HTTP/1.1" 200 38
186.67.172.234 - - [07/Jun/2016:12:10:23 -0300] "GET /cormun/servlet/solicitudot?a2a2f0615dd29adade435a8241a40630d22382af949c3c319e6c3733367fadb24e18e8ede2f255a591a1a80dc10646e9776ed4fa80bb3ed7a8b1f926d46879e7f2d927ed67325937442c219e1a8a4f542d982e13a4782d0114580f66d257fca4f4d861a63c2b1105ac816d67db8f27599f862a6635ea5f23b8187281cd749af58bbf22c019e5f33c6934a259a8ef8726de7416737e7304785c7d4659946f4de8462f2db255e33c0c6183dc92d49d6496b80eb9fc6e13313cb50c3292908b2a3db76cdd8d8546336090435732cba6428b,gx-no-cache=1465312239920 HTTP/1.1" 200 29
186.67.172.234 - - [07/Jun/2016:12:10:34 -0300] "POST /cormun/servlet/solicitudot?gx-no-cache=1465312251455 HTTP/1.1" 200 30
186.67.172.234 - - [07/Jun/2016:12:10:39 -0300] "POST /cormun/servlet/solicitudot?gx-no-cache=1465312256123 HTTP/1.1" 200 1187
186.67.172.234 - - [07/Jun/2016:12:10:39 -0300] "GET /cormun/servlet/solicitudot?a2a2f0615dd29adade435a8241a406308aa9d8559552a2768d0b0ee3747aa16e4ad30743018492ec0b074a26534e8e3308b497f92f17282d709bb656ce8c6274d72d016200011b0d12938cc64d7ac9ee62e6907c8b70070e75886871a4355109fb573e5eb34262bee3b8e8bc934f6bb7b57e53178a9bcb26b9dc770a805052eb16f7f9ef92a64d4f9a517b0b805c9808,gx-no-cache=1465312256191 HTTP/1.1" 200 38
186.67.172.234 - - [07/Jun/2016:12:10:39 -0300] "POST /cormun/servlet/solicitudot?gx-no-cache=1465312256224 HTTP/1.1" 200 1144
186.67.172.234 - - [07/Jun/2016:12:10:41 -0300] "POST /cormun/servlet/solicitudot?gx-no-cache=1465312258020 HTTP/1.1" 200 30
186.67.172.234 - - [07/Jun/2016:12:10:41 -0300] "POST /cormun/servlet/solicitudot?gx-no-cache=1465312258063 HTTP/1.1" 200 1187
186.67.172.234 - - [07/Jun/2016:12:10:41 -0300] "GET /cormun/servlet/solicitudot?a2a2f0615dd29adade435a8241a406308aa9d8559552a2768d0b0ee3747aa16e4ad30743018492ec0b074a26534e8e3308b497f92f17282d709bb656ce8c6274d72d016200011b0d12938cc64d7ac9ee62e6907c8b70070e75886871a4355109fb573e5eb34262bee3b8e8bc934f6bb7b57e53178a9bcb26b9dc770a805052eb16f7f9ef92a64d4f9a517b0b805c9808,gx-no-cache=1465312258102 HTTP/1.1" 200 38
186.67.172.234 - - [07/Jun/2016:12:10:41 -0300] "POST /cormun/servlet/solicitudot?gx-no-cache=1465312258126 HTTP/1.1" 200 1144
186.67.172.234 - - [07/Jun/2016:12:10:54 -0300] "GET /cormun/servlet/solicitudot?a2a2f0615dd29adade435a8241a406302d3f31370015c0f48bdd808bfea507a8936dee4db8260070a34bddbfcb3ca76ab63269942ef1f5461e85134fc7942e2dccf0181b255f23f121ac5fa7c5568f447303e98adb2e2487a0d1e03c9bff94c148e1579c084e7081b30ab8c30c3f4d1335d139770386611c13ed18777478c07dcd2bf54a28b231b78360d1c927ce783c0d86c06d91db31db493b6118072254f65072095436e89283b93cb2e6a390c231,gx-no-cache=1465312270574 HTTP/1.1" 200 30
192.168.10.17 - - [07/Jun/2016:12:11:27 -0300] "GET /cormun/servlet/trconsultaempleado? HTTP/1.1" 200 6561
186.67.172.234 - - [07/Jun/2016:12:11:27 -0300] "GET /cormun/servlet/solicitudot?a2a2f0615dd29adade435a8241a406302d3f31370015c0f48bdd808bfea507a8936dee4db8260070a34bddbfcb3ca76ab63269942ef1f5461e85134fc7942e2dccf0181b255f23f121ac5fa7c5568f447303e98adb2e2487a0d1e03c9bff94c148e1579c084e7081b30ab8c30c3f4d1335d139770386611c13ed18777478c07dcd2bf54a28b231b78360d1c927ce783c0d86c06d91db31db493b6118072254f65072095436e89283b93cb2e6a390c231,gx-no-cache=1465312303907 HTTP/1.1" 200 30
186.67.172.234 - - [07/Jun/2016:12:11:27 -0300] "POST /cormun/servlet/solicitudot?e41a12d12936d80c3cae27e665d2547a,INS,0,0,,gx-no-cache=1465312303964 HTTP/1.1" 200 93
186.67.172.234 - - [07/Jun/2016:12:11:27 -0300] "GET /cormun/servlet/hpexe_return? HTTP/1.1" 200 1011
186.67.172.234 - - [07/Jun/2016:12:11:27 -0300] "GET /cormun/servlet/trsolicitudot HTTP/1.1" 200 8601
186.67.172.234 - - [07/Jun/2016:12:11:28 -0300] "GET /cormun/servlet/trsolicitudot HTTP/1.1" 200 8597
186.67.172.234 - - [07/Jun/2016:12:11:33 -0300] "POST /cormun/servlet/trsolicitudot?e41a12d12936d80c3cae27e665d2547a,gx-no-cache=1465312309809 HTTP/1.1" 200 104
186.67.172.234 - - [07/Jun/2016:12:11:33 -0300] "GET /cormun/servlet/solicitudot?UPD,2016,2031, HTTP/1.1" 200 13087
186.67.172.234 - - [07/Jun/2016:12:11:34 -0300] "GET /cormun/servlet/solicitudot?UPD,2016,2031, HTTP/1.1" 200 13096
186.67.172.234 - - [07/Jun/2016:12:11:35 -0300] "POST /cormun/servlet/solicitudot?gx-no-cache=1465312311390 HTTP/1.1" 200 2791
186.67.172.234 - - [07/Jun/2016:12:11:35 -0300] "POST /cormun/servlet/solicitudot?e41a12d12936d80c3cae27e665d2547a,UPD,2016,2031,,gx-no-cache=1465312311567 HTTP/1.1" 200 9289
186.67.172.234 - - [07/Jun/2016:12:11:35 -0300] "GET /cormun/servlet/solicitudot?a2a2f0615dd29adade435a8241a406301fa1a0cbea06501aecb7bf14432e76e6affd4d602867fd9bac9e5a7ec5215fbf,gx-no-cache=1465312312094 HTTP/1.1" 200 30
186.67.172.234 - - [07/Jun/2016:12:11:35 -0300] "POST /cormun/servlet/solicitudot?gx-no-cache=1465312312117 HTTP/1.1" 200 30
186.67.172.234 - - [07/Jun/2016:12:11:35 -0300] "POST /cormun/servlet/solicitudot?gx-no-cache=1465312312134 HTTP/1.1" 200 30
186.67.172.234 - - [07/Jun/2016:12:11:35 -0300] "POST /cormun/servlet/solicitudot?gx-no-cache=1465312312156 HTTP/1.1" 200 1187
186.67.172.234 - - [07/Jun/2016:12:11:35 -0300] "GET /cormun/servlet/solicitudot?a2a2f0615dd29adade435a8241a406308aa9d8559552a2768d0b0ee3747aa16e4ad30743018492ec0b074a26534e8e3308b497f92f17282d709bb656ce8c6274d72d016200011b0d12938cc64d7ac9ee62e6907c8b70070e75886871a4355109fb573e5eb34262bee3b8e8bc934f6bb7b57e53178a9bcb26b9dc770a805052eb248bc9dda123df32b645359ba74b839a7287e7c1e72ee982759ed495e6ff16ad,gx-no-cache=1465312312186 HTTP/1.1" 200 41
186.67.172.234 - - [07/Jun/2016:12:11:38 -0300] "GET /cormun/servlet/solicitudot?a2a2f0615dd29adade435a8241a40630d95cbb1766698fb30a9247a76834eabe1a2a66761fb18dfeebf5aa9bf877271122aa0fa55673e9eebe2718467f1046577dfd8e9ccba4a1f82276cdb7348356b68195f22d047016f0a35a95a388c48e3383df66663b56150301a3ebf5562fb50f663973004dbcdc53a9c2e97e8ed879a246d08239494035d9fc3f5ce770eef78ccd788d84459f5b83404583b0c49002451371093ee708198b7649b7dab1c145488f937e5a87b4b455d4a6a7d4e96e9ed19611b4204601140a68298d67512b2369,gx-no-cache=1465312315166 HTTP/1.1" 200 30
186.67.172.234 - - [07/Jun/2016:12:11:48 -0300] "POST /cormun/servlet/solicitudot?gx-no-cache=1465312325330 HTTP/1.1" 200 1144
186.67.172.234 - - [07/Jun/2016:12:11:48 -0300] "GET /cormun/servlet/solicitudot?a2a2f0615dd29adade435a8241a40630cc86f4428490f1e4f621c2320198d18968fd65fe7a5c3e96d8521ce79e3b7e37b63269942ef1f5461e85134fc7942e2dccf0181b255f23f121ac5fa7c5568f447303e98adb2e2487a0d1e03c9bff94c148e1579c084e7081b30ab8c30c3f4d1335d139770386611c13ed18777478c07dcd2bf54a28b231b78360d1c927ce783c0d86c06d91db31db493b6118072254f65072095436e89283b93cb2e6a390c231,gx-no-cache=1465312325424 HTTP/1.1" 200 30
186.67.172.234 - - [07/Jun/2016:12:11:49 -0300] "POST /cormun/servlet/solicitudot?e41a12d12936d80c3cae27e665d2547a,UPD,2016,2031,,gx-no-cache=1465312325488 HTTP/1.1" 200 93
186.67.172.234 - - [07/Jun/2016:12:11:49 -0300] "GET /cormun/servlet/hpexe_return? HTTP/1.1" 200 1016
186.103.196.84 - - [07/Jun/2016:12:11:49 -0300] "POST /cormun/servlet/solicitudot?gx-no-cache=1465312322370 HTTP/1.1" 200 2787
186.67.172.234 - - [07/Jun/2016:12:11:49 -0300] "GET /cormun/servlet/trsolicitudot HTTP/1.1" 200 8590
186.103.196.84 - - [07/Jun/2016:12:11:49 -0300] "POST /cormun/servlet/solicitudot?ea0b3c0fefd85d8a0e6eb101c21f6dc8,INS,0,0,,gx-no-cache=1465312325776 HTTP/1.1" 200 8601
186.67.172.234 - - [07/Jun/2016:12:11:49 -0300] "GET /cormun/servlet/trsolicitudot HTTP/1.1" 200 8586
186.103.196.84 - - [07/Jun/2016:12:11:54 -0300] "GET /cormun/servlet/solicitudot?e3424f747b222d3cde737520c4fdcf0edeb510cbe261a8219f4c62c6b49dde851b808efec7f2badfddc92d5358b412ec,gx-no-cache=1465312330627 HTTP/1.1" 200 30
186.103.196.84 - - [07/Jun/2016:12:11:54 -0300] "POST /cormun/servlet/solicitudot?gx-no-cache=1465312330732 HTTP/1.1" 200 30
186.67.172.234 - - [07/Jun/2016:12:11:55 -0300] "POST /cormun/servlet/trsolicitudot?e41a12d12936d80c3cae27e665d2547a,gx-no-cache=1465312332146 HTTP/1.1" 200 5597
186.67.172.234 - - [07/Jun/2016:12:11:55 -0300] "POST /cormun/servlet/trsolicitudot?e41a12d12936d80c3cae27e665d2547a,gx-no-cache=1465312332388 HTTP/1.1" 200 5539
186.67.172.234 - - [07/Jun/2016:12:11:57 -0300] "POST /cormun/servlet/trsolicitudot?e41a12d12936d80c3cae27e665d2547a,gx-no-cache=1465312333782 HTTP/1.1" 200 5247
186.67.172.234 - - [07/Jun/2016:12:11:57 -0300] "POST /cormun/servlet/trsolicitudot?e41a12d12936d80c3cae27e665d2547a,gx-no-cache=1465312333971 HTTP/1.1" 200 5188
186.67.172.234 - - [07/Jun/2016:12:11:59 -0300] "POST /cormun/servlet/trsolicitudot?e41a12d12936d80c3cae27e665d2547a,gx-no-cache=1465312335802 HTTP/1.1" 200 3973
186.67.172.234 - - [07/Jun/2016:12:11:59 -0300] "POST /cormun/servlet/trsolicitudot?e41a12d12936d80c3cae27e665d2547a,gx-no-cache=1465312336018 HTTP/1.1" 200 3822
186.67.172.234 - - [07/Jun/2016:12:12:04 -0300] "GET /cormun/servlet/trautorizarsolicitud? HTTP/1.1" 200 8520
186.67.172.234 - - [07/Jun/2016:12:12:04 -0300] "GET /cormun/servlet/trautorizarsolicitud? HTTP/1.1" 200 8523
186.103.196.84 - - [07/Jun/2016:12:12:09 -0300] "POST /cormun/servlet/solicitudot?gx-no-cache=1465312345925 HTTP/1.1" 200 30
186.103.196.84 - - [07/Jun/2016:12:12:13 -0300] "POST /cormun/servlet/solicitudot?gx-no-cache=1465312349592 HTTP/1.1" 200 1186
186.103.196.84 - - [07/Jun/2016:12:12:13 -0300] "GET /cormun/servlet/solicitudot?e3424f747b222d3cde737520c4fdcf0e649e6d46841f121bbadb0fa8ecc04fd3d84ec9c06c4b1436238e1267aba3a2a2cc6282ddbcc9b3a51823e5bf3ae16abb980a51a2fd9bdb8d2e0ae7708b0d0338914c1b56f01f78e1eb39f66e99d85804162ed6473d1cd51caba514835c29596d77e22907d0613946c4b616df3976e1b4e63d845a606427331afab2024747d28d,gx-no-cache=1465312350039 HTTP/1.1" 200 38
186.67.172.234 - - [07/Jun/2016:12:12:14 -0300] "POST /cormun/servlet/trautorizarsolicitud?e41a12d12936d80c3cae27e665d2547a,,gx-no-cache=1465312350836 HTTP/1.1" 200 5568
186.67.172.234 - - [07/Jun/2016:12:12:14 -0300] "POST /cormun/servlet/trautorizarsolicitud?e41a12d12936d80c3cae27e665d2547a,,gx-no-cache=1465312351157 HTTP/1.1" 200 5514
186.67.172.234 - - [07/Jun/2016:12:12:16 -0300] "POST /cormun/servlet/trautorizarsolicitud?e41a12d12936d80c3cae27e665d2547a,,gx-no-cache=1465312352497 HTTP/1.1" 200 5218
186.67.172.234 - - [07/Jun/2016:12:12:16 -0300] "POST /cormun/servlet/trautorizarsolicitud?e41a12d12936d80c3cae27e665d2547a,,gx-no-cache=1465312352708 HTTP/1.1" 200 5162
186.67.172.234 - - [07/Jun/2016:12:12:18 -0300] "POST /cormun/servlet/trautorizarsolicitud?e41a12d12936d80c3cae27e665d2547a,,gx-no-cache=1465312354477 HTTP/1.1" 200 3948
186.67.172.234 - - [07/Jun/2016:12:12:19 -0300] "POST /cormun/servlet/trautorizarsolicitud?e41a12d12936d80c3cae27e665d2547a,,gx-no-cache=1465312355607 HTTP/1.1" 200 3800
186.103.196.84 - - [07/Jun/2016:12:12:21 -0300] "GET /cormun/servlet/solicitudot?e3424f747b222d3cde737520c4fdcf0e402fc9a756ea99e2093e9dbaed282a2db964f16842160a57f904258367dda1444985f28c99a36960698a6801586320f7537023a28fca924c49af4e47660537bcfee703fbe8c870a18650cd0e951b0d340283df7a30daa8c65420c37d36bf37c9,gx-no-cache=1465312357908 HTTP/1.1" 200 29
186.103.196.84 - - [07/Jun/2016:12:12:22 -0300] "POST /cormun/servlet/solicitudot?gx-no-cache=1465312358375 HTTP/1.1" 200 1144
186.103.196.84 - - [07/Jun/2016:12:12:37 -0300] "GET /cormun/servlet/solicitudot?e3424f747b222d3cde737520c4fdcf0ebcfb553a80ec67a4364d2b9860dad546b93998a7557659ffcc1a9bdac7bcd15740825a27c75e3119c2bc0c669e48b936b865c3347d6827a7525377c64e8dae204b01dac855c4500613a4c78b8484f32b4409bf5bb0643426c8c4b2c72903c64b0df2c7edb9818067e4743da6c718bded2a35f4a302c1452b9d25ed8e457613d9c7350bb295b9afaf379b01e9d9e47e0f5054a5c25b10d3d63b50c7b755a1d0df,gx-no-cache=1465312373507 HTTP/1.1" 200 30
186.103.196.84 - - [07/Jun/2016:12:12:50 -0300] "POST /cormun/servlet/solicitudot?ea0b3c0fefd85d8a0e6eb101c21f6dc8,INS,0,0,,gx-no-cache=1465312386574 HTTP/1.1" 200 93
186.103.196.84 - - [07/Jun/2016:12:12:50 -0300] "GET /cormun/servlet/hpexe_return? HTTP/1.1" 200 1010
186.103.196.84 - - [07/Jun/2016:12:12:50 -0300] "GET /cormun/static/Resources/Spanish/PXTools.css?12112540 HTTP/1.1" 206 1
186.103.196.84 - - [07/Jun/2016:12:12:51 -0300] "GET /cormun/static/Resources/Spanish/PXTools.css?12112540 HTTP/1.1" 206 82271
186.103.196.84 - - [07/Jun/2016:12:12:52 -0300] "GET /cormun/servlet/trsolicitudot? HTTP/1.1" 200 7852
186.103.196.84 - - [07/Jun/2016:12:12:53 -0300] "GET /cormun//static/Resources/PXToolsRemoveAllAction.png HTTP/1.1" 200 3558
186.103.196.84 - - [07/Jun/2016:12:12:53 -0300] "GET /cormun//static/Resources/PXToolsGridUpdate.png HTTP/1.1" 200 2984
186.103.196.84 - - [07/Jun/2016:12:12:53 -0300] "GET /cormun//static/Resources/PXToolsGridDelete.png HTTP/1.1" 200 357
186.103.196.84 - - [07/Jun/2016:12:12:53 -0300] "GET /cormun//static/Resources/PXTools/ActionInsert.png HTTP/1.1" 200 1482
186.103.196.84 - - [07/Jun/2016:12:12:53 -0300] "GET /cormun/servlet/trsolicitudot? HTTP/1.1" 200 7848
186.103.196.84 - - [07/Jun/2016:12:12:53 -0300] "GET /cormun//static/Resources/PXToolsActionView.png HTTP/1.1" 200 2995
186.103.196.84 - - [07/Jun/2016:12:13:05 -0300] "GET /cormun/servlet/solicitudot?INS,0,0, HTTP/1.1" 200 11772
186.103.196.84 - - [07/Jun/2016:12:13:06 -0300] "GET /cormun/servlet/solicitudot?INS,0,0, HTTP/1.1" 200 11777
186.103.196.84 - - [07/Jun/2016:12:13:29 -0300] "POST /cormun/servlet/solicitudot?gx-no-cache=1465312424726 HTTP/1.1" 200 2787
186.103.196.84 - - [07/Jun/2016:12:13:30 -0300] "POST /cormun/servlet/solicitudot?ea0b3c0fefd85d8a0e6eb101c21f6dc8,INS,0,0,,gx-no-cache=1465312426983 HTTP/1.1" 200 8601
186.103.196.84 - - [07/Jun/2016:12:14:01 -0300] "GET /cormun/servlet/solicitudot?e3424f747b222d3cde737520c4fdcf0edeb510cbe261a8219f4c62c6b49dde851b808efec7f2badfddc92d5358b412ec,gx-no-cache=1465312458078 HTTP/1.1" 200 30
186.103.196.84 - - [07/Jun/2016:12:14:01 -0300] "POST /cormun/servlet/solicitudot?gx-no-cache=1465312458231 HTTP/1.1" 200 30
186.103.196.84 - - [07/Jun/2016:12:14:01 -0300] "POST /cormun/servlet/solicitudot?gx-no-cache=1465312458293 HTTP/1.1" 200 122
186.103.196.84 - - [07/Jun/2016:12:14:01 -0300] "GET /cormun/static/Shared/jqueryui/images/ui-bg_highlight-soft_100_c6c2c8_1x100.png HTTP/1.1" 404 1117
186.103.196.84 - - [07/Jun/2016:12:14:01 -0300] "GET /cormun/static/Shared/jqueryui/images/ui-bg_flat_55_fafafa_40x100.png HTTP/1.1" 404 1097
186.103.196.84 - - [07/Jun/2016:12:14:01 -0300] "GET /cormun/static/Shared/jqueryui/images/ui-icons_82798d_256x240.png HTTP/1.1" 404 1089
186.103.196.84 - - [07/Jun/2016:12:14:02 -0300] "GET /cormun/static/Shared/jqueryui/images/ui-icons_8d78a5_256x240.png HTTP/1.1" 404 1089
186.103.196.84 - - [07/Jun/2016:12:14:02 -0300] "POST /cormun/servlet/solicitudot?gx-no-cache=1465312458410 HTTP/1.1" 200 1186
186.103.196.84 - - [07/Jun/2016:12:14:02 -0300] "GET /cormun/servlet/solicitudot?e3424f747b222d3cde737520c4fdcf0e649e6d46841f121bbadb0fa8ecc04fd3d84ec9c06c4b1436238e1267aba3a2a2cc6282ddbcc9b3a51823e5bf3ae16abb980a51a2fd9bdb8d2e0ae7708b0d0338914c1b56f01f78e1eb39f66e99d85804162ed6473d1cd51caba514835c29596d77e22907d0613946c4b616df3976e1b4e63d845a606427331afab2024747d28d,gx-no-cache=1465312458560 HTTP/1.1" 200 38
186.103.196.84 - - [07/Jun/2016:12:14:07 -0300] "POST /cormun/servlet/solicitudot?gx-no-cache=1465312464101 HTTP/1.1" 200 30
186.103.196.84 - - [07/Jun/2016:12:14:13 -0300] "POST /cormun/servlet/solicitudot?gx-no-cache=1465312468956 HTTP/1.1" 200 1186
186.103.196.84 - - [07/Jun/2016:12:14:13 -0300] "GET /cormun/servlet/solicitudot?e3424f747b222d3cde737520c4fdcf0e649e6d46841f121bbadb0fa8ecc04fd3d84ec9c06c4b1436238e1267aba3a2a2cc6282ddbcc9b3a51823e5bf3ae16abb980a51a2fd9bdb8d2e0ae7708b0d0338914c1b56f01f78e1eb39f66e99d85804162ed6473d1cd51caba514835c29596d77e22907d0613946c4b616df3976e1b4e63d845a606427331afab2024747d28d,gx-no-cache=1465312469499 HTTP/1.1" 200 38
186.103.196.84 - - [07/Jun/2016:12:14:13 -0300] "GET /cormun/servlet/solicitudot?e3424f747b222d3cde737520c4fdcf0e402fc9a756ea99e2093e9dbaed282a2db964f16842160a57f904258367dda1444985f28c99a36960698a6801586320f7537023a28fca924c49af4e47660537bcfee703fbe8c870a18650cd0e951b0d340283df7a30daa8c65420c37d36bf37c9,gx-no-cache=1465312469639 HTTP/1.1" 200 29
186.103.196.84 - - [07/Jun/2016:12:14:13 -0300] "POST /cormun/servlet/solicitudot?gx-no-cache=1465312469745 HTTP/1.1" 200 1144
186.103.196.84 - - [07/Jun/2016:12:14:28 -0300] "GET /cormun/servlet/solicitudot?e3424f747b222d3cde737520c4fdcf0ebcfb553a80ec67a4364d2b9860dad546b93998a7557659ffcc1a9bdac7bcd15740825a27c75e3119c2bc0c669e48b936b865c3347d6827a7525377c64e8dae204b01dac855c4500613a4c78b8484f32b4409bf5bb0643426c8c4b2c72903c64b0df2c7edb9818067e4743da6c718bded2a35f4a302c1452b9d25ed8e457613d9c7350bb295b9afaf379b01e9d9e47e0f5054a5c25b10d3d63b50c7b755a1d0df,gx-no-cache=1465312482595 HTTP/1.1" 200 30
186.103.196.84 - - [07/Jun/2016:12:14:42 -0300] "GET /cormun/servlet/solicitudot?e3424f747b222d3cde737520c4fdcf0ebcfb553a80ec67a4364d2b9860dad546b93998a7557659ffcc1a9bdac7bcd15740825a27c75e3119c2bc0c669e48b936b865c3347d6827a7525377c64e8dae204b01dac855c4500613a4c78b8484f32b4409bf5bb0643426c8c4b2c72903c64b0df2c7edb9818067e4743da6c718bded2a35f4a302c1452b9d25ed8e457613d9c7350bb295b9afaf379b01e9d9e47e0f5054a5c25b10d3d63b50c7b755a1d0df,gx-no-cache=1465312499218 HTTP/1.1" 200 30
191.112.15.221 - - [07/Jun/2016:12:14:43 -0300] "GET /cormun/servlet/hlogin HTTP/1.1" 200 1723
186.103.196.84 - - [07/Jun/2016:12:14:44 -0300] "POST /cormun/servlet/solicitudot?ea0b3c0fefd85d8a0e6eb101c21f6dc8,INS,0,0,,gx-no-cache=1465312499390 HTTP/1.1" 200 93
186.103.196.84 - - [07/Jun/2016:12:14:45 -0300] "GET /cormun/servlet/hpexe_return? HTTP/1.1" 200 1010
186.103.196.84 - - [07/Jun/2016:12:14:45 -0300] "GET /cormun/servlet/trsolicitudot HTTP/1.1" 200 7852
186.103.196.84 - - [07/Jun/2016:12:14:46 -0300] "GET /cormun/servlet/trsolicitudot HTTP/1.1" 200 7848
186.103.196.84 - - [07/Jun/2016:12:14:51 -0300] "GET /cormun/servlet/solicitudot?INS,0,0, HTTP/1.1" 200 11771
186.103.196.84 - - [07/Jun/2016:12:14:52 -0300] "GET /cormun/servlet/solicitudot?INS,0,0, HTTP/1.1" 200 11776
191.112.15.221 - - [07/Jun/2016:12:14:54 -0300] "POST /cormun/servlet/hlogin?2e47aaf7d66ec77bdc307ae40549d279,gx-no-cache=1465312517322 HTTP/1.1" 200 90
191.112.15.221 - - [07/Jun/2016:12:14:54 -0300] "GET /cormun/servlet/hpexe_link HTTP/1.1" 200 951
191.112.15.221 - - [07/Jun/2016:12:14:54 -0300] "GET /cormun/servlet/hhome HTTP/1.1" 200 3712
191.112.15.221 - - [07/Jun/2016:12:14:56 -0300] "GET /cormun/servlet/hhome HTTP/1.1" 200 3709
186.103.196.84 - - [07/Jun/2016:12:15:01 -0300] "GET /cormun/servlet/trsolicitudot? HTTP/1.1" 200 7849
186.103.196.84 - - [07/Jun/2016:12:15:02 -0300] "GET /cormun/servlet/trsolicitudot? HTTP/1.1" 200 7848
191.112.15.221 - - [07/Jun/2016:12:15:06 -0300] "GET /cormun/servlet/trvisualizadoreventos? HTTP/1.1" 200 6435
191.112.15.221 - - [07/Jun/2016:12:15:07 -0300] "GET /cormun/static/gxcfg.js?201631021481342 HTTP/1.1" 200 953
191.112.15.221 - - [07/Jun/2016:12:15:07 -0300] "GET /cormun/static/trvisualizadoreventos.js?201631021481717 HTTP/1.1" 200 19288
191.112.15.221 - - [07/Jun/2016:12:15:07 -0300] "GET /cormun/static/Resources/PXToolsActionPrint.png HTTP/1.1" 200 3317
191.112.15.221 - - [07/Jun/2016:12:15:08 -0300] "GET /cormun/servlet/trvisualizadoreventos? HTTP/1.1" 200 6435
191.112.15.221 - - [07/Jun/2016:12:15:12 -0300] "GET /cormun/static/menuarrow.gif HTTP/1.1" 404 1015
186.103.196.84 - - [07/Jun/2016:12:15:14 -0300] "POST /cormun/servlet/trsolicitudot?ea0b3c0fefd85d8a0e6eb101c21f6dc8,,gx-no-cache=1465312528289 HTTP/1.1" 200 103
186.103.196.84 - - [07/Jun/2016:12:15:17 -0300] "GET /cormun/SolicitudOT-7053.xls HTTP/1.1" 200 5120
191.112.15.221 - - [07/Jun/2016:12:15:20 -0300] "POST /cormun/servlet/trvisualizadoreventos?2e47aaf7d66ec77bdc307ae40549d279,,gx-no-cache=1465312543557 HTTP/1.1" 200 3670
186.103.196.84 - - [07/Jun/2016:12:15:28 -0300] "GET /cormun/servlet/solicitudot?INS,0,0, HTTP/1.1" 200 11771
191.112.15.221 - - [07/Jun/2016:12:15:30 -0300] "POST /cormun/servlet/trvisualizadoreventos?2e47aaf7d66ec77bdc307ae40549d279,,gx-no-cache=1465312553468 HTTP/1.1" 200 4394
186.103.196.84 - - [07/Jun/2016:12:15:38 -0300] "GET /cormun/servlet/solicitudot?INS,0,0, HTTP/1.1" 200 11776
186.103.196.84 - - [07/Jun/2016:12:16:06 -0300] "POST /cormun/servlet/solicitudot?gx-no-cache=1465312569005 HTTP/1.1" 200 2677
186.103.196.84 - - [07/Jun/2016:12:16:13 -0300] "POST /cormun/servlet/solicitudot?ea0b3c0fefd85d8a0e6eb101c21f6dc8,INS,0,0,,gx-no-cache=1465312585187 HTTP/1.1" 200 8485
186.103.196.84 - - [07/Jun/2016:12:16:27 -0300] "POST /cormun/servlet/solicitudot?ea0b3c0fefd85d8a0e6eb101c21f6dc8,INS,0,0,,gx-no-cache=1465312593851 HTTP/1.1" 200 8879
191.112.15.221 - - [07/Jun/2016:12:16:29 -0300] "GET /cormun/servlet/trcontratouno? HTTP/1.1" 200 13123
186.103.196.84 - - [07/Jun/2016:12:16:30 -0300] "GET /cormun/static/Shared/jqueryui/images/ui-bg_flat_55_994d53_40x100.png HTTP/1.1" 404 1097
191.112.15.221 - - [07/Jun/2016:12:16:31 -0300] "GET /cormun/servlet/trcontratouno? HTTP/1.1" 200 13082
186.103.196.84 - - [07/Jun/2016:12:16:32 -0300] "GET /cormun/static/Shared/jqueryui/images/ui-icons_ebccce_256x240.png HTTP/1.1" 404 1089
191.112.15.221 - - [07/Jun/2016:12:16:35 -0300] "POST /cormun/servlet/trcontratouno?2e47aaf7d66ec77bdc307ae40549d279,,gx-no-cache=1465312617344 HTTP/1.1" 200 11972
191.112.15.221 - - [07/Jun/2016:12:16:41 -0300] "POST /cormun/servlet/trcontratouno?2e47aaf7d66ec77bdc307ae40549d279,,gx-no-cache=1465312623118 HTTP/1.1" 200 9300
186.103.196.84 - - [07/Jun/2016:12:16:57 -0300] "POST /cormun/servlet/solicitudot?ea0b3c0fefd85d8a0e6eb101c21f6dc8,INS,0,0,,gx-no-cache=1465312625962 HTTP/1.1" 200 93
186.103.196.84 - - [07/Jun/2016:12:16:59 -0300] "GET /cormun/servlet/hpexe_return? HTTP/1.1" 200 1010
186.103.196.84 - - [07/Jun/2016:12:17:02 -0300] "GET /cormun/servlet/trsolicitudot HTTP/1.1" 200 7852
186.103.196.84 - - [07/Jun/2016:12:17:04 -0300] "GET /cormun/servlet/trsolicitudot HTTP/1.1" 200 7848
191.112.15.221 - - [07/Jun/2016:12:17:16 -0300] "POST /cormun/servlet/trcontratouno?2e47aaf7d66ec77bdc307ae40549d279,,gx-no-cache=1465312658074 HTTP/1.1" 200 10160
186.103.196.84 - - [07/Jun/2016:12:17:19 -0300] "GET /cormun/servlet/solicitudot?INS,0,0, HTTP/1.1" 200 11772
191.112.15.221 - - [07/Jun/2016:12:17:21 -0300] "POST /cormun/servlet/trcontratouno?2e47aaf7d66ec77bdc307ae40549d279,,gx-no-cache=1465312662815 HTTP/1.1" 200 13279
186.103.196.84 - - [07/Jun/2016:12:17:24 -0300] "GET /cormun/servlet/solicitudot?INS,0,0, HTTP/1.1" 200 11777
191.112.15.221 - - [07/Jun/2016:12:17:33 -0300] "POST /cormun/servlet/trcontratouno?2e47aaf7d66ec77bdc307ae40549d279,,gx-no-cache=1465312675103 HTTP/1.1" 200 11955
186.103.196.84 - - [07/Jun/2016:12:17:43 -0300] "POST /cormun/servlet/solicitudot?gx-no-cache=1465312674936 HTTP/1.1" 200 2787
186.103.196.84 - - [07/Jun/2016:12:17:46 -0300] "POST /cormun/servlet/solicitudot?ea0b3c0fefd85d8a0e6eb101c21f6dc8,INS,0,0,,gx-no-cache=1465312680934 HTTP/1.1" 200 8601
191.112.15.221 - - [07/Jun/2016:12:17:50 -0300] "GET /cormun/servlet/trcontratoobservaciondir? HTTP/1.1" 200 6505
191.112.15.221 - - [07/Jun/2016:12:17:50 -0300] "GET /cormun/static/gxcfg.js?201651622241333 HTTP/1.1" 200 953
191.112.15.221 - - [07/Jun/2016:12:17:51 -0300] "GET /cormun/static/trcontratoobservaciondir.js?201651622241656 HTTP/1.1" 200 27122
191.112.15.221 - - [07/Jun/2016:12:17:52 -0300] "GET /cormun/servlet/trcontratoobservaciondir? HTTP/1.1" 200 6505
191.112.15.221 - - [07/Jun/2016:12:18:03 -0300] "GET /cormun/servlet/trautorizarsolicitud? HTTP/1.1" 200 6557
191.112.15.221 - - [07/Jun/2016:12:18:03 -0300] "GET /cormun/static/gxcfg.js?201651622221839 HTTP/1.1" 200 953
191.112.15.221 - - [07/Jun/2016:12:18:04 -0300] "GET /cormun/servlet/trautorizarsolicitud? HTTP/1.1" 200 6557
186.103.196.84 - - [07/Jun/2016:12:18:04 -0300] "GET /cormun/servlet/solicitudot?e3424f747b222d3cde737520c4fdcf0edeb510cbe261a8219f4c62c6b49dde851b808efec7f2badfddc92d5358b412ec,gx-no-cache=1465312701194 HTTP/1.1" 200 30
186.103.196.84 - - [07/Jun/2016:12:18:09 -0300] "POST /cormun/servlet/solicitudot?gx-no-cache=1465312702943 HTTP/1.1" 200 30
191.112.15.221 - - [07/Jun/2016:12:18:10 -0300] "GET /cormun/static/menuarrow.gif HTTP/1.1" 404 1015
186.103.196.84 - - [07/Jun/2016:12:18:18 -0300] "POST /cormun/servlet/solicitudot?gx-no-cache=1465312714464 HTTP/1.1" 200 122
186.103.196.84 - - [07/Jun/2016:12:18:18 -0300] "POST /cormun/servlet/solicitudot?gx-no-cache=1465312715137 HTTP/1.1" 200 1186
186.103.196.84 - - [07/Jun/2016:12:18:19 -0300] "GET /cormun/servlet/solicitudot?e3424f747b222d3cde737520c4fdcf0e649e6d46841f121bbadb0fa8ecc04fd3d84ec9c06c4b1436238e1267aba3a2a2cc6282ddbcc9b3a51823e5bf3ae16abb980a51a2fd9bdb8d2e0ae7708b0d0338914c1b56f01f78e1eb39f66e99d85804162ed6473d1cd51caba514835c29596d77e22907d0613946c4b616df3976e1b4e63d845a606427331afab2024747d28d,gx-no-cache=1465312715399 HTTP/1.1" 200 38
191.112.15.221 - - [07/Jun/2016:12:18:19 -0300] "POST /cormun/servlet/trautorizarsolicitud?2e47aaf7d66ec77bdc307ae40549d279,,gx-no-cache=1465312721199 HTTP/1.1" 200 3819
191.112.15.221 - - [07/Jun/2016:12:18:24 -0300] "POST /cormun/servlet/trautorizarsolicitud?2e47aaf7d66ec77bdc307ae40549d279,,gx-no-cache=1465312727326 HTTP/1.1" 200 6592
186.103.196.84 - - [07/Jun/2016:12:18:29 -0300] "POST /cormun/servlet/solicitudot?gx-no-cache=1465312720845 HTTP/1.1" 200 30
186.103.196.84 - - [07/Jun/2016:12:18:51 -0300] "POST /cormun/servlet/solicitudot?gx-no-cache=1465312746830 HTTP/1.1" 200 1186
186.103.196.84 - - [07/Jun/2016:12:18:52 -0300] "GET /cormun/servlet/solicitudot?e3424f747b222d3cde737520c4fdcf0e649e6d46841f121bbadb0fa8ecc04fd3d84ec9c06c4b1436238e1267aba3a2a2cc6282ddbcc9b3a51823e5bf3ae16abb980a51a2fd9bdb8d2e0ae7708b0d0338914c1b56f01f78e1eb39f66e99d85804162ed6473d1cd51caba514835c29596d77e22907d0613946c4b616df3976e1b4e63d845a606427331afab2024747d28d,gx-no-cache=1465312748690 HTTP/1.1" 200 38
186.103.196.84 - - [07/Jun/2016:12:19:01 -0300] "GET /cormun/servlet/solicitudot?e3424f747b222d3cde737520c4fdcf0e402fc9a756ea99e2093e9dbaed282a2db964f16842160a57f904258367dda1444985f28c99a36960698a6801586320f7537023a28fca924c49af4e47660537bcfee703fbe8c870a18650cd0e951b0d340283df7a30daa8c65420c37d36bf37c9,gx-no-cache=1465312758271 HTTP/1.1" 200 29
186.103.196.84 - - [07/Jun/2016:12:19:02 -0300] "POST /cormun/servlet/solicitudot?gx-no-cache=1465312758951 HTTP/1.1" 200 1144
186.103.196.84 - - [07/Jun/2016:12:19:49 -0300] "GET /cormun/servlet/solicitudot?e3424f747b222d3cde737520c4fdcf0ebcfb553a80ec67a4364d2b9860dad546b93998a7557659ffcc1a9bdac7bcd15740825a27c75e3119c2bc0c669e48b936b865c3347d6827a7525377c64e8dae204b01dac855c4500613a4c78b8484f32b4409bf5bb0643426c8c4b2c72903c64b0df2c7edb9818067e4743da6c718bded2a35f4a302c1452b9d25ed8e457613d9c7350bb295b9afaf379b01e9d9e47e0f5054a5c25b10d3d63b50c7b755a1d0df,gx-no-cache=1465312805786 HTTP/1.1" 200 30
186.103.196.84 - - [07/Jun/2016:12:20:01 -0300] "POST /cormun/servlet/solicitudot?ea0b3c0fefd85d8a0e6eb101c21f6dc8,INS,0,0,,gx-no-cache=1465312817389 HTTP/1.1" 200 93
186.103.196.84 - - [07/Jun/2016:12:20:01 -0300] "GET /cormun/servlet/hpexe_return? HTTP/1.1" 200 1010
186.103.196.84 - - [07/Jun/2016:12:20:01 -0300] "GET /cormun/servlet/trsolicitudot HTTP/1.1" 200 7852
186.103.196.84 - - [07/Jun/2016:12:20:02 -0300] "GET /cormun/servlet/trsolicitudot HTTP/1.1" 200 7848
186.103.196.84 - - [07/Jun/2016:12:20:10 -0300] "POST /cormun/servlet/trsolicitudot?ea0b3c0fefd85d8a0e6eb101c21f6dc8,gx-no-cache=1465312825836 HTTP/1.1" 200 3988
186.103.196.84 - - [07/Jun/2016:12:20:10 -0300] "POST /cormun/servlet/trsolicitudot?ea0b3c0fefd85d8a0e6eb101c21f6dc8,gx-no-cache=1465312826632 HTTP/1.1" 200 3829
186.103.196.84 - - [07/Jun/2016:12:21:00 -0300] "POST /cormun/servlet/trsolicitudot?ea0b3c0fefd85d8a0e6eb101c21f6dc8,gx-no-cache=1465312872854 HTTP/1.1" 200 103
191.112.15.221 - - [07/Jun/2016:12:21:01 -0300] "POST /cormun/servlet/trautorizarsolicitud?2e47aaf7d66ec77bdc307ae40549d279,,gx-no-cache=1465312883700 HTTP/1.1" 200 3818
186.103.196.84 - - [07/Jun/2016:12:21:05 -0300] "GET /cormun/SolicitudOT-9035.xls HTTP/1.1" 200 5632
