191.112.80.155 - - [06/Jun/2016:10:49:53 -0300] "GET /cormun/servlet/trsolicitudot? HTTP/1.1" 200 6625
191.112.80.155 - - [06/Jun/2016:10:49:53 -0300] "GET /cormun/static/Resources/Spanish/PXTools.css?2139548 HTTP/1.1" 304 -
191.112.80.155 - - [06/Jun/2016:10:49:53 -0300] "GET /cormun/static/gxcfg.js?201631022392470 HTTP/1.1" 200 953
191.112.80.155 - - [06/Jun/2016:10:49:53 -0300] "GET /cormun/static/trsolicitudot.js?201631022393178 HTTP/1.1" 200 44568
191.112.80.155 - - [06/Jun/2016:10:49:53 -0300] "GET /cormun/static/Resources/PXToolsGridNew.png HTTP/1.1" 200 2949
191.112.80.155 - - [06/Jun/2016:10:49:53 -0300] "GET /cormun/servlet/trsolicitudot? HTTP/1.1" 200 6624
191.112.80.155 - - [06/Jun/2016:10:49:59 -0300] "POST /cormun/servlet/trsolicitudot?9edcca5ea9b1fe674c89dc6639344cea,,gx-no-cache=1465221014888 HTTP/1.1" 200 3838
191.112.80.155 - - [06/Jun/2016:10:50:07 -0300] "POST /cormun/servlet/trsolicitudot?9edcca5ea9b1fe674c89dc6639344cea,,gx-no-cache=1465221023407 HTTP/1.1" 200 90
191.112.80.155 - - [06/Jun/2016:10:50:07 -0300] "GET /cormun/servlet/hpexe_link HTTP/1.1" 200 964
191.112.80.155 - - [06/Jun/2016:10:50:08 -0300] "GET /cormun/servlet/trautorizarsolicitud HTTP/1.1" 200 6566
191.112.80.155 - - [06/Jun/2016:10:50:08 -0300] "GET /cormun/servlet/trautorizarsolicitud HTTP/1.1" 200 6565
186.103.159.230 - - [06/Jun/2016:10:50:14 -0300] "GET /cormun/servlet/hlogin HTTP/1.1" 200 1718
191.112.80.155 - - [06/Jun/2016:10:50:15 -0300] "GET /cormun/static/menuarrow.gif HTTP/1.1" 404 1015
186.103.159.230 - - [06/Jun/2016:10:50:35 -0300] "POST /cormun/servlet/hlogin?0f87ef0ac58cc617b45411e94cceffaa,gx-no-cache=1465221051571 HTTP/1.1" 200 90
186.103.159.230 - - [06/Jun/2016:10:50:35 -0300] "GET /cormun/servlet/hpexe_link HTTP/1.1" 200 965
186.103.159.230 - - [06/Jun/2016:10:50:35 -0300] "GET /cormun/servlet/prcontratosol?16792641,,,,,MD, HTTP/1.1" 200 5387
186.103.159.230 - - [06/Jun/2016:10:50:46 -0300] "GET /cormun/servlet/hlogin HTTP/1.1" 200 1749
186.103.159.230 - - [06/Jun/2016:10:51:08 -0300] "POST /cormun/servlet/hlogin?0f87ef0ac58cc617b45411e94cceffaa,gx-no-cache=1465221084665 HTTP/1.1" 200 90
186.103.159.230 - - [06/Jun/2016:10:51:08 -0300] "GET /cormun/servlet/hpexe_link HTTP/1.1" 200 965
186.103.159.230 - - [06/Jun/2016:10:51:08 -0300] "GET /cormun/servlet/prcontratosol?16792641,,,,,MD, HTTP/1.1" 200 5387
186.103.159.230 - - [06/Jun/2016:10:53:02 -0300] "GET /cormun/servlet/hlogin HTTP/1.1" 200 1718
186.103.159.230 - - [06/Jun/2016:10:53:19 -0300] "POST /cormun/servlet/hlogin?0f87ef0ac58cc617b45411e94cceffaa,gx-no-cache=1465221215162 HTTP/1.1" 200 90
186.103.159.230 - - [06/Jun/2016:10:53:19 -0300] "GET /cormun/servlet/hpexe_link HTTP/1.1" 200 965
186.103.159.230 - - [06/Jun/2016:10:53:19 -0300] "GET /cormun/servlet/prcontratosol?16792641,,,,,MD, HTTP/1.1" 200 5387
186.103.159.230 - - [06/Jun/2016:10:59:46 -0300] "GET /cormun/servlet/hlogin HTTP/1.1" 200 1726
186.103.159.230 - - [06/Jun/2016:11:00:03 -0300] "POST /cormun/servlet/hlogin?8327e0727491e08cc8e62eef8a63cafa,gx-no-cache=1465221619816 HTTP/1.1" 200 90
186.103.159.230 - - [06/Jun/2016:11:00:03 -0300] "GET /cormun/servlet/hpexe_link HTTP/1.1" 200 952
186.103.159.230 - - [06/Jun/2016:11:00:03 -0300] "GET /cormun/servlet/hhome HTTP/1.1" 200 3675
186.103.159.230 - - [06/Jun/2016:11:00:04 -0300] "GET /cormun/servlet/hhome HTTP/1.1" 200 3672
191.112.80.155 - - [06/Jun/2016:11:02:57 -0300] "GET /cormun/servlet/trvisualizadoreventos? HTTP/1.1" 200 6429
191.112.80.155 - - [06/Jun/2016:11:02:57 -0300] "GET /cormun/static/gxcfg.js?201631021481342 HTTP/1.1" 200 953
191.112.80.155 - - [06/Jun/2016:11:02:57 -0300] "GET /cormun/static/Resources/PXToolsActionPrint.png HTTP/1.1" 200 3317
191.112.80.155 - - [06/Jun/2016:11:02:57 -0300] "GET /cormun/static/trvisualizadoreventos.js?201631021481717 HTTP/1.1" 304 -
191.112.80.155 - - [06/Jun/2016:11:02:58 -0300] "GET /cormun/servlet/trvisualizadoreventos? HTTP/1.1" 200 6428
191.112.80.155 - - [06/Jun/2016:11:03:02 -0300] "POST /cormun/servlet/trvisualizadoreventos?9edcca5ea9b1fe674c89dc6639344cea,,gx-no-cache=1465221798255 HTTP/1.1" 200 3658
191.112.80.155 - - [06/Jun/2016:11:03:12 -0300] "POST /cormun/servlet/trvisualizadoreventos?9edcca5ea9b1fe674c89dc6639344cea,,gx-no-cache=1465221808078 HTTP/1.1" 200 90
191.112.80.155 - - [06/Jun/2016:11:03:12 -0300] "GET /cormun/servlet/hpexe_link HTTP/1.1" 200 973
191.112.80.155 - - [06/Jun/2016:11:03:12 -0300] "GET /cormun/servlet/trautorizarsolicitud HTTP/1.1" 200 6566
191.112.80.155 - - [06/Jun/2016:11:03:13 -0300] "GET /cormun/servlet/trautorizarsolicitud HTTP/1.1" 200 6565
191.112.80.155 - - [06/Jun/2016:11:03:38 -0300] "POST /cormun/servlet/trautorizarsolicitud?9edcca5ea9b1fe674c89dc6639344cea,gx-no-cache=1465221832064 HTTP/1.1" 200 110
191.112.80.155 - - [06/Jun/2016:11:03:38 -0300] "GET /cormun/AutorizarSolicitud-8695.xls HTTP/1.1" 200 4608
186.103.159.230 - - [06/Jun/2016:11:11:41 -0300] "GET /cormun/servlet/trsolicitudot? HTTP/1.1" 200 6594
186.103.159.230 - - [06/Jun/2016:11:11:42 -0300] "GET /cormun/servlet/trsolicitudot? HTTP/1.1" 200 6593
186.103.159.230 - - [06/Jun/2016:11:11:44 -0300] "GET /cormun/servlet/solicitudot?INS,0,0, HTTP/1.1" 200 11760
186.103.159.230 - - [06/Jun/2016:11:11:45 -0300] "GET /cormun/servlet/solicitudot?INS,0,0, HTTP/1.1" 200 11765
186.103.159.230 - - [06/Jun/2016:11:12:16 -0300] "POST /cormun/servlet/solicitudot?gx-no-cache=1465222352144 HTTP/1.1" 200 2809
186.103.159.230 - - [06/Jun/2016:11:12:16 -0300] "POST /cormun/servlet/solicitudot?8327e0727491e08cc8e62eef8a63cafa,INS,0,0,,gx-no-cache=1465222352342 HTTP/1.1" 200 8624
186.103.159.230 - - [06/Jun/2016:11:12:20 -0300] "GET /cormun/servlet/solicitudot?90235dc919c21fe26811c46fa6c9bff2f409f77e75792b559cbe8c94677d7e7b3fe7e3b3e8a63422c1140406f5b831ed,gx-no-cache=1465222356976 HTTP/1.1" 200 30
186.103.159.230 - - [06/Jun/2016:11:12:20 -0300] "POST /cormun/servlet/solicitudot?gx-no-cache=1465222357032 HTTP/1.1" 200 30
186.103.159.230 - - [06/Jun/2016:11:12:26 -0300] "POST /cormun/servlet/solicitudot?gx-no-cache=1465222363058 HTTP/1.1" 200 30
186.103.159.230 - - [06/Jun/2016:11:12:33 -0300] "GET /cormun/servlet/prcontratosol?16792641,,,,,MD,,gxPopupLevel%3D0%3B HTTP/1.1" 200 5395
186.103.159.230 - - [06/Jun/2016:11:14:14 -0300] "POST /cormun/servlet/solicitudot?gx-no-cache=1465222470873 HTTP/1.1" 200 1187
186.103.159.230 - - [06/Jun/2016:11:14:14 -0300] "GET /cormun/servlet/solicitudot?90235dc919c21fe26811c46fa6c9bff26535daaaf02d623444e9346ec0aa9a273d2d5b8bc6647fefa349a93aa4ea6fd282043e8b1822aacabb8237d0da581c3149ae5fcaec500daf072a5569483a1276aec4daff83547ac1229eac45ef14b4595a02e6af8e3e6f5607a32cdaa3954a58dd51912d8aa6d975c6cf70ed6b8c71b903fec452efc37fdc65b0aa6c8465cbc1,gx-no-cache=1465222470955 HTTP/1.1" 200 38
186.103.159.230 - - [06/Jun/2016:11:14:14 -0300] "GET /cormun/servlet/solicitudot?90235dc919c21fe26811c46fa6c9bff27678e81c907b52fb81311dd77a14dbe3325a1a575a1ea6b4d5a2143f071165b91b960ecc11e4a0cb63c8a5ea2c4ad90489e5bd579db2ed3e72168e3514ffe44578ef32969cf3c549eb222220e9403bdd72a4d11d9234f98daaa6e83d2ff3ee7d51cd2fcc523070472cc61fea9b71faf5069a66837b50281509cd07a907f3ae34bf5b806b287b4862a48e9ef845737b94,gx-no-cache=1465222470982 HTTP/1.1" 200 29
186.103.159.230 - - [06/Jun/2016:11:14:14 -0300] "POST /cormun/servlet/solicitudot?gx-no-cache=1465222471004 HTTP/1.1" 200 1143
186.103.159.230 - - [06/Jun/2016:11:15:37 -0300] "GET /cormun/static/menuarrow.gif HTTP/1.1" 404 1015
186.103.159.230 - - [06/Jun/2016:11:16:03 -0300] "POST /cormun/servlet/solicitudot?gx-no-cache=1465222579443 HTTP/1.1" 200 1185
186.103.159.230 - - [06/Jun/2016:11:16:10 -0300] "GET /cormun/servlet/solicitudot?90235dc919c21fe26811c46fa6c9bff26535daaaf02d623444e9346ec0aa9a273d2d5b8bc6647fefa349a93aa4ea6fd282043e8b1822aacabb8237d0da581c3149ae5fcaec500daf072a5569483a1276aec4daff83547ac1229eac45ef14b4595a02e6af8e3e6f5607a32cdaa3954a58dd51912d8aa6d975c6cf70ed6b8c71b9c8ab0c76db31b60ea38883c503d8885af8c13d608057625031fcb9957cb7b2cf,gx-no-cache=1465222586188 HTTP/1.1" 200 38
186.103.159.230 - - [06/Jun/2016:11:20:37 -0300] "GET /cormun/servlet/prcontratosol?16792641,,,,,MD,,gxPopupLevel%3D0%3B HTTP/1.1" 200 5395
186.103.159.230 - - [06/Jun/2016:11:20:52 -0300] "POST /cormun/servlet/solicitudot?gx-no-cache=1465222868475 HTTP/1.1" 200 1143
186.103.159.230 - - [06/Jun/2016:11:21:01 -0300] "GET /cormun/servlet/prsolicitudot?16792641,,,,,MD,,gxPopupLevel%3D0%3B HTTP/1.1" 200 5576
186.103.159.230 - - [06/Jun/2016:11:21:01 -0300] "GET /cormun/static/gxcfg.js?201631022393559 HTTP/1.1" 200 953
186.103.159.230 - - [06/Jun/2016:11:21:02 -0300] "GET /cormun/static/prsolicitudot.js?201631022393730 HTTP/1.1" 200 12855
186.103.159.230 - - [06/Jun/2016:11:21:03 -0300] "POST /cormun/servlet/acontrolpreferencessavestate?None,BARANCIBIA,true HTTP/1.1" 200 35
186.103.159.230 - - [06/Jun/2016:11:21:09 -0300] "GET /cormun/servlet/prcontratosol?16792641,,,,,MD,,gxPopupLevel%3D0%3B HTTP/1.1" 200 5399
186.103.159.230 - - [06/Jun/2016:11:30:17 -0300] "GET /cormun/servlet/trsolicitudot? HTTP/1.1" 200 6597
186.103.159.230 - - [06/Jun/2016:11:30:17 -0300] "GET /cormun/servlet/trsolicitudot? HTTP/1.1" 200 6596
191.112.80.155 - - [06/Jun/2016:11:31:59 -0300] "GET /cormun/servlet/hlogin HTTP/1.1" 200 1722
191.112.80.155 - - [06/Jun/2016:11:32:01 -0300] "POST /cormun/servlet/hlogin?fb02294399952145721710c920170c61,gx-no-cache=1465223537831 HTTP/1.1" 200 90
191.112.80.155 - - [06/Jun/2016:11:32:02 -0300] "GET /cormun/servlet/hpexe_link HTTP/1.1" 200 948
191.112.80.155 - - [06/Jun/2016:11:32:02 -0300] "GET /cormun/servlet/hhome HTTP/1.1" 200 3707
191.112.80.155 - - [06/Jun/2016:11:32:02 -0300] "GET /cormun/servlet/hhome HTTP/1.1" 200 3705
186.103.159.230 - - [06/Jun/2016:11:32:15 -0300] "GET /cormun/servlet/hhome HTTP/1.1" 200 3678
186.103.159.230 - - [06/Jun/2016:11:32:15 -0300] "GET /cormun/servlet/hhome HTTP/1.1" 200 3675
186.103.159.230 - - [06/Jun/2016:11:32:16 -0300] "GET /cormun/servlet/hlogin HTTP/1.1" 200 1726
191.112.80.155 - - [06/Jun/2016:11:32:33 -0300] "GET /cormun/servlet/trcontratoobservaciondir? HTTP/1.1" 200 6453
191.112.80.155 - - [06/Jun/2016:11:32:33 -0300] "GET /cormun/static/gxcfg.js?201651622241333 HTTP/1.1" 200 953
191.112.80.155 - - [06/Jun/2016:11:32:33 -0300] "GET /cormun/static/trcontratoobservaciondir.js?201651622241656 HTTP/1.1" 200 27122
191.112.80.155 - - [06/Jun/2016:11:32:33 -0300] "GET /cormun//static/Resources/PXToolsActionDisabled.gif HTTP/1.1" 200 53
191.112.80.155 - - [06/Jun/2016:11:32:33 -0300] "GET /cormun/servlet/trcontratoobservaciondir? HTTP/1.1" 200 6452
191.112.80.155 - - [06/Jun/2016:11:32:38 -0300] "POST /cormun/servlet/trcontratoobservaciondir?fb02294399952145721710c920170c61,,gx-no-cache=1465223574548 HTTP/1.1" 200 4119
191.112.80.155 - - [06/Jun/2016:11:32:42 -0300] "GET /cormun/servlet/trcontratouno? HTTP/1.1" 200 12954
191.112.80.155 - - [06/Jun/2016:11:32:42 -0300] "GET /cormun/static/gxcfg.js?20163221610935 HTTP/1.1" 200 953
191.112.80.155 - - [06/Jun/2016:11:32:42 -0300] "GET /cormun/static/Resources/PXToolsAddSelectedAction.png HTTP/1.1" 200 3660
191.112.80.155 - - [06/Jun/2016:11:32:43 -0300] "GET /cormun/static/Resources/PXToolsAddAllAction.png HTTP/1.1" 200 3624
191.112.80.155 - - [06/Jun/2016:11:32:43 -0300] "GET /cormun/static/Resources/PXToolsRemoveSelectedAction.png HTTP/1.1" 200 3617
191.112.80.155 - - [06/Jun/2016:11:32:43 -0300] "GET /cormun/static/Resources/PXToolsRemoveAllAction.png HTTP/1.1" 200 3558
191.112.80.155 - - [06/Jun/2016:11:32:43 -0300] "GET /cormun/static/trcontratouno.js?20163221610166 HTTP/1.1" 200 39934
191.112.80.155 - - [06/Jun/2016:11:32:43 -0300] "GET /cormun/servlet/trcontratouno? HTTP/1.1" 200 12964
186.103.159.230 - - [06/Jun/2016:11:32:43 -0300] "GET /cormun/servlet/hlogin HTTP/1.1" 200 1724
191.112.80.155 - - [06/Jun/2016:11:32:52 -0300] "POST /cormun/servlet/trcontratouno?fb02294399952145721710c920170c61,,gx-no-cache=1465223587462 HTTP/1.1" 200 6077
186.103.159.230 - - [06/Jun/2016:11:32:59 -0300] "POST /cormun/servlet/hlogin?4017e21ce4f2faf600288b0fd4dfd63c,gx-no-cache=1465223595667 HTTP/1.1" 200 90
186.103.159.230 - - [06/Jun/2016:11:32:59 -0300] "GET /cormun/servlet/hpexe_link HTTP/1.1" 200 952
186.103.159.230 - - [06/Jun/2016:11:32:59 -0300] "GET /cormun/servlet/hhome HTTP/1.1" 200 3682
186.103.159.230 - - [06/Jun/2016:11:33:00 -0300] "GET /cormun/servlet/hhome HTTP/1.1" 200 3678
186.103.159.230 - - [06/Jun/2016:11:33:04 -0300] "GET /cormun/servlet/trsolicitudot? HTTP/1.1" 200 6599
186.103.159.230 - - [06/Jun/2016:11:33:04 -0300] "GET /cormun/servlet/trsolicitudot? HTTP/1.1" 200 6598
186.103.159.230 - - [06/Jun/2016:11:33:08 -0300] "GET /cormun/servlet/solicitudot?INS,0,0, HTTP/1.1" 200 11767
186.103.159.230 - - [06/Jun/2016:11:33:09 -0300] "GET /cormun/servlet/solicitudot?INS,0,0, HTTP/1.1" 200 11772
191.112.80.155 - - [06/Jun/2016:11:33:20 -0300] "GET /cormun/servlet/trcontratouno? HTTP/1.1" 200 8961
191.112.80.155 - - [06/Jun/2016:11:33:21 -0300] "GET /cormun/servlet/trcontratouno? HTTP/1.1" 200 8961
191.112.80.155 - - [06/Jun/2016:11:33:23 -0300] "GET /cormun/servlet/trsolicitudot? HTTP/1.1" 200 6623
191.112.80.155 - - [06/Jun/2016:11:33:23 -0300] "GET /cormun/servlet/trsolicitudot? HTTP/1.1" 200 6623
186.103.159.230 - - [06/Jun/2016:11:33:26 -0300] "POST /cormun/servlet/solicitudot?gx-no-cache=1465223623006 HTTP/1.1" 200 2809
186.103.159.230 - - [06/Jun/2016:11:33:27 -0300] "POST /cormun/servlet/solicitudot?4017e21ce4f2faf600288b0fd4dfd63c,INS,0,0,,gx-no-cache=1465223623229 HTTP/1.1" 200 8628
186.103.159.230 - - [06/Jun/2016:11:33:31 -0300] "GET /cormun/servlet/solicitudot?3c62d35e3dedcfaf77e2b957251a4d777883f6aba3bdbd050bd5d41c9a609d776537c5a8b448f225faa23223a1128af7,gx-no-cache=1465223627481 HTTP/1.1" 200 30
186.103.159.230 - - [06/Jun/2016:11:33:31 -0300] "POST /cormun/servlet/solicitudot?gx-no-cache=1465223627557 HTTP/1.1" 200 30
186.103.159.230 - - [06/Jun/2016:11:33:43 -0300] "POST /cormun/servlet/solicitudot?gx-no-cache=1465223639238 HTTP/1.1" 200 30
186.103.159.230 - - [06/Jun/2016:11:33:45 -0300] "GET /cormun/servlet/prcontratosol?16792641,,,,,MD,,gxPopupLevel%3D0%3B HTTP/1.1" 200 5402
192.168.10.89 - - [06/Jun/2016:11:33:51 -0300] "POST /cormun/servlet/hlogin?e1edb7acb7a06862b4312c67caf5570a,gx-no-cache=1465223344327 HTTP/1.1" 440 972
192.168.10.89 - - [06/Jun/2016:11:33:53 -0300] "GET /cormun/servlet/hlogin HTTP/1.1" 200 1736
186.103.159.230 - - [06/Jun/2016:11:33:56 -0300] "POST /cormun/servlet/acontrolpreferencessavestate?None,BARANCIBIA,true HTTP/1.1" 200 35
192.168.10.89 - - [06/Jun/2016:11:34:00 -0300] "POST /cormun/servlet/hlogin?3dd0c5a6b2a54d4cc076fd5885547911,gx-no-cache=1465223353330 HTTP/1.1" 200 445
186.103.159.230 - - [06/Jun/2016:11:34:01 -0300] "POST /cormun/servlet/acontrolpreferencessavestate?None,BARANCIBIA,true HTTP/1.1" 200 35
192.168.10.89 - - [06/Jun/2016:11:34:04 -0300] "POST /cormun/servlet/hlogin?3dd0c5a6b2a54d4cc076fd5885547911,gx-no-cache=1465223357629 HTTP/1.1" 200 445
186.103.159.230 - - [06/Jun/2016:11:34:07 -0300] "POST /cormun/servlet/solicitudot?gx-no-cache=1465223663810 HTTP/1.1" 200 1187
186.103.159.230 - - [06/Jun/2016:11:34:07 -0300] "GET /cormun/servlet/solicitudot?3c62d35e3dedcfaf77e2b957251a4d771efe2a856c89ea712d8aeb066f7788bf07900fbe8124ef7bed7e73b3058e5ba2126ec285d035128a21674d1e0d0f53d21f721abdaad68d4c18b911c84bf9d85c5c3ce01f7bbd418c7fbad7edb87c2776b3e196019cb26574da192a3287e95f4a863b291d88ade9e0f7cfff23c245ef4926d04c6c5134cdf535e29af783532649,gx-no-cache=1465223663923 HTTP/1.1" 200 38
186.103.159.230 - - [06/Jun/2016:11:34:07 -0300] "GET /cormun/servlet/solicitudot?3c62d35e3dedcfaf77e2b957251a4d77ca41cb5f9028c261341db07b2c996309480be97afeee7aca417fad23cce6ae8c0cb9dd3ed357759072b66872fd42164e93f69fc6d1d607ca69ca1dbe825d02fce6eeea8e4803983dcbdf33f337d5b228bf4de9764e82d832af2e45cd223602e40e1ccf92662bded8bb98f5d81bef26ee2f031e1d2bcc9644383d762aab3bf5416847cd54ccfd636078a33c0b04fe4de4,gx-no-cache=1465223663982 HTTP/1.1" 200 29
186.103.159.230 - - [06/Jun/2016:11:34:07 -0300] "POST /cormun/servlet/solicitudot?gx-no-cache=1465223664044 HTTP/1.1" 200 1143
191.112.80.155 - - [06/Jun/2016:11:34:24 -0300] "GET /cormun/servlet/trcontratoobservaciondir? HTTP/1.1" 200 6453
192.168.10.89 - - [06/Jun/2016:11:34:24 -0300] "POST /cormun/servlet/hlogin?3dd0c5a6b2a54d4cc076fd5885547911,gx-no-cache=1465223377941 HTTP/1.1" 200 450
191.112.80.155 - - [06/Jun/2016:11:34:25 -0300] "GET /cormun/servlet/trcontratoobservaciondir? HTTP/1.1" 200 6452
192.168.10.89 - - [06/Jun/2016:11:34:28 -0300] "POST /cormun/servlet/hlogin?3dd0c5a6b2a54d4cc076fd5885547911,gx-no-cache=1465223381456 HTTP/1.1" 200 90
192.168.10.89 - - [06/Jun/2016:11:34:28 -0300] "GET /cormun/servlet/hpexe_link HTTP/1.1" 200 951
192.168.10.89 - - [06/Jun/2016:11:34:28 -0300] "GET /cormun/servlet/hhome HTTP/1.1" 200 3708
191.112.80.155 - - [06/Jun/2016:11:34:29 -0300] "GET /cormun/servlet/trcontratouno? HTTP/1.1" 200 8962
191.112.80.155 - - [06/Jun/2016:11:34:30 -0300] "GET /cormun/servlet/trcontratouno? HTTP/1.1" 200 8961
192.168.10.89 - - [06/Jun/2016:11:34:31 -0300] "GET /cormun/servlet/trsolicitudot? HTTP/1.1" 200 6629
191.112.80.155 - - [06/Jun/2016:11:34:33 -0300] "POST /cormun/servlet/trcontratouno?fb02294399952145721710c920170c61,,gx-no-cache=1465223688546 HTTP/1.1" 200 6079
192.168.10.89 - - [06/Jun/2016:11:34:34 -0300] "GET /cormun/static/menuarrow.gif HTTP/1.1" 404 1015
192.168.10.89 - - [06/Jun/2016:11:34:37 -0300] "POST /cormun/servlet/trsolicitudot?3dd0c5a6b2a54d4cc076fd5885547911,,gx-no-cache=1465223390476 HTTP/1.1" 200 5169
192.168.10.89 - - [06/Jun/2016:11:34:43 -0300] "POST /cormun/servlet/trsolicitudot?3dd0c5a6b2a54d4cc076fd5885547911,,gx-no-cache=1465223395993 HTTP/1.1" 200 104
192.168.10.89 - - [06/Jun/2016:11:34:43 -0300] "GET /cormun/servlet/solicitudot?UPD,2016,2009, HTTP/1.1" 200 13086
192.168.10.89 - - [06/Jun/2016:11:34:44 -0300] "POST /cormun/servlet/solicitudot?gx-no-cache=1465223397512 HTTP/1.1" 200 2779
192.168.10.89 - - [06/Jun/2016:11:34:44 -0300] "POST /cormun/servlet/solicitudot?3dd0c5a6b2a54d4cc076fd5885547911,UPD,2016,2009,,gx-no-cache=1465223397695 HTTP/1.1" 200 9304
192.168.10.89 - - [06/Jun/2016:11:34:44 -0300] "GET /cormun/servlet/solicitudot?4539bf4d43381814e9dd0409632d4c3aa4665530b44574f5797b75609e367daf4c97db5daad489994a384d4ee0786242,gx-no-cache=1465223397931 HTTP/1.1" 200 30
192.168.10.89 - - [06/Jun/2016:11:34:45 -0300] "POST /cormun/servlet/solicitudot?gx-no-cache=1465223398004 HTTP/1.1" 200 30
192.168.10.89 - - [06/Jun/2016:11:34:45 -0300] "POST /cormun/servlet/solicitudot?gx-no-cache=1465223398024 HTTP/1.1" 200 30
192.168.10.89 - - [06/Jun/2016:11:34:45 -0300] "POST /cormun/servlet/solicitudot?gx-no-cache=1465223398062 HTTP/1.1" 200 1187
192.168.10.89 - - [06/Jun/2016:11:34:45 -0300] "GET /cormun/servlet/solicitudot?4539bf4d43381814e9dd0409632d4c3ae626dfac6a801ff860847e437e6940f5ac36e8502fbc3404375a212539568ebbb27b9993b39afbff854f2e4df93faab5565f63411c9b04183e880919dcd7ab98bbecf3e43565523a948563f0ade09f8ed3d5a90b5df17d72abebf8cc52c718cf3e15ecf1b518dc7d39b0734a6e79f26a69da09adce0b08dff62ec652579f4b3333816f06e72be072c4572928489408a4,gx-no-cache=1465223398096 HTTP/1.1" 200 41
191.112.80.155 - - [06/Jun/2016:11:34:51 -0300] "GET /cormun/servlet/trsolicitudot? HTTP/1.1" 200 6623
191.112.80.155 - - [06/Jun/2016:11:34:52 -0300] "GET /cormun/servlet/trsolicitudot? HTTP/1.1" 200 6623
192.168.10.89 - - [06/Jun/2016:11:34:53 -0300] "GET /cormun/servlet/solicitudot?4539bf4d43381814e9dd0409632d4c3a26cbf3706baad8e9026c96a45148381b22c32725b9ad7adcf3e6a04da58f608456c45224c158a75cf7b9886981e0f54df4ca42662c35e669678f4e03ec3af817deb41723f5ac1b9478d4db8586c1ebe5dbddf42d8ad0645ddf9b7a066c016712,gx-no-cache=1465223406212 HTTP/1.1" 200 29
192.168.10.89 - - [06/Jun/2016:11:34:53 -0300] "POST /cormun/servlet/solicitudot?gx-no-cache=1465223406238 HTTP/1.1" 200 1144
186.103.159.230 - - [06/Jun/2016:11:35:00 -0300] "POST /cormun/servlet/solicitudot?gx-no-cache=1465223715992 HTTP/1.1" 200 1185
186.103.159.230 - - [06/Jun/2016:11:35:00 -0300] "POST /cormun/servlet/solicitudot?gx-no-cache=1465223716241 HTTP/1.1" 200 1143
186.103.159.230 - - [06/Jun/2016:11:35:00 -0300] "GET /cormun/static/menuarrow.gif HTTP/1.1" 404 1015
192.168.10.89 - - [06/Jun/2016:11:35:02 -0300] "GET /cormun/servlet/solicitudot?4539bf4d43381814e9dd0409632d4c3a572123c897c0f6920788a6e4d35505332b7fe420535e2d3eaa35d612229d7e9fa9c28b8e26a6e16b780e72a33feb16f7664f5ef79d77a02e8b344cf445bbc31e2da3b1f188dda0d9d598a6cceba50d487e14d288a340ff3dabcff6901b3d09d0de0e8788a5fb8657593656ede4f151b16ffc3589a227b9e6882c98b95c3fc74c8d6538eae29337a9cc6aa81fa98f0fae9b43d9aca9324ff16bdf1cfd9be18648,gx-no-cache=1465223415945 HTTP/1.1" 200 32
192.168.10.89 - - [06/Jun/2016:11:35:03 -0300] "POST /cormun/servlet/solicitudot?3dd0c5a6b2a54d4cc076fd5885547911,UPD,2016,2009,,gx-no-cache=1465223415981 HTTP/1.1" 200 9614
192.168.10.89 - - [06/Jun/2016:11:35:03 -0300] "GET /cormun/static/Shared/jqueryui/images/ui-icons_82798d_256x240.png HTTP/1.1" 404 1089
192.168.10.89 - - [06/Jun/2016:11:35:03 -0300] "GET /cormun/static/Shared/jqueryui/images/ui-bg_highlight-soft_100_c6c2c8_1x100.png HTTP/1.1" 404 1117
192.168.10.89 - - [06/Jun/2016:11:35:03 -0300] "GET /cormun/static/Shared/jqueryui/images/ui-icons_ebccce_256x240.png HTTP/1.1" 404 1089
192.168.10.89 - - [06/Jun/2016:11:35:03 -0300] "GET /cormun/static/Shared/jqueryui/images/ui-bg_flat_55_994d53_40x100.png HTTP/1.1" 404 1097
191.112.80.155 - - [06/Jun/2016:11:35:12 -0300] "GET /cormun/servlet/trcontratouno? HTTP/1.1" 200 8962
191.112.80.155 - - [06/Jun/2016:11:35:13 -0300] "GET /cormun/servlet/trcontratouno? HTTP/1.1" 200 8961
191.112.80.155 - - [06/Jun/2016:11:35:16 -0300] "POST /cormun/servlet/trcontratouno?fb02294399952145721710c920170c61,,gx-no-cache=1465223731479 HTTP/1.1" 200 6073
192.168.10.89 - - [06/Jun/2016:11:35:20 -0300] "GET /cormun/servlet/prcontratosol?16882610,,,,,MD,,gxPopupLevel%3D0%3B HTTP/1.1" 200 5755
192.168.10.89 - - [06/Jun/2016:11:35:20 -0300] "GET /cormun/static/Resources/Spanish/PXTools.css?1423257 HTTP/1.1" 304 -
192.168.10.89 - - [06/Jun/2016:11:35:20 -0300] "GET /cormun/static/gxcfg.js?2016141247819 HTTP/1.1" 304 -
192.168.10.89 - - [06/Jun/2016:11:35:20 -0300] "GET /cormun/static/prcontratosol.js?2016141247993 HTTP/1.1" 304 -
192.168.10.89 - - [06/Jun/2016:11:35:20 -0300] "GET /cormun/static/menusearch.js?20165162214271 HTTP/1.1" 304 -
192.168.10.89 - - [06/Jun/2016:11:35:20 -0300] "GET /cormun/static/hmpwkw011.js?201651622203195 HTTP/1.1" 304 -
192.168.10.89 - - [06/Jun/2016:11:35:22 -0300] "POST /cormun/servlet/solicitudot?gx-no-cache=1465223435555 HTTP/1.1" 200 2779
192.168.10.89 - - [06/Jun/2016:11:35:22 -0300] "POST /cormun/servlet/solicitudot?3dd0c5a6b2a54d4cc076fd5885547911,UPD,2016,2009,,gx-no-cache=1465223435708 HTTP/1.1" 200 9409
192.168.10.89 - - [06/Jun/2016:11:35:22 -0300] "GET /cormun/servlet/solicitudot?4539bf4d43381814e9dd0409632d4c3aa4665530b44574f5797b75609e367daf4c97db5daad489994a384d4ee0786242,gx-no-cache=1465223435946 HTTP/1.1" 200 30
192.168.10.89 - - [06/Jun/2016:11:35:23 -0300] "POST /cormun/servlet/solicitudot?gx-no-cache=1465223436052 HTTP/1.1" 200 30
192.168.10.89 - - [06/Jun/2016:11:35:23 -0300] "POST /cormun/servlet/solicitudot?gx-no-cache=1465223436071 HTTP/1.1" 200 30
192.168.10.89 - - [06/Jun/2016:11:35:23 -0300] "POST /cormun/servlet/solicitudot?gx-no-cache=1465223436110 HTTP/1.1" 200 1187
192.168.10.89 - - [06/Jun/2016:11:35:23 -0300] "GET /cormun/servlet/solicitudot?4539bf4d43381814e9dd0409632d4c3ae626dfac6a801ff860847e437e6940f5ac36e8502fbc3404375a212539568ebbb27b9993b39afbff854f2e4df93faab5565f63411c9b04183e880919dcd7ab98bbecf3e43565523a948563f0ade09f8ed3d5a90b5df17d72abebf8cc52c718cf3e15ecf1b518dc7d39b0734a6e79f26a02594c39fe28bd37cf458bcabea8d48033816f06e72be072c4572928489408a4,gx-no-cache=1465223436145 HTTP/1.1" 200 41
192.168.10.89 - - [06/Jun/2016:11:35:23 -0300] "POST /cormun/servlet/solicitudot?gx-no-cache=1465223436171 HTTP/1.1" 200 1144
191.112.80.155 - - [06/Jun/2016:11:35:24 -0300] "POST /cormun/servlet/trcontratouno?fb02294399952145721710c920170c61,,gx-no-cache=1465223739175 HTTP/1.1" 200 6084
186.103.159.230 - - [06/Jun/2016:11:35:30 -0300] "POST /cormun/servlet/solicitudot?gx-no-cache=1465223746363 HTTP/1.1" 200 1185
186.103.159.230 - - [06/Jun/2016:11:35:30 -0300] "POST /cormun/servlet/solicitudot?gx-no-cache=1465223746519 HTTP/1.1" 200 1143
192.168.10.89 - - [06/Jun/2016:11:35:30 -0300] "GET /cormun/servlet/solicitudot?4539bf4d43381814e9dd0409632d4c3a572123c897c0f6920788a6e4d35505339de252e153ce0a89812dbac11f4ce5b5bae224a5ab02f2ebe2dccf36d84c90328074ab8f462dfd61088ecdb5f79c45fef1c16edc452b61040ee6511b72663feddc62519452b957efd804d4cb89a75e9231a1195403ade44eec2250e3674477eed76b94bfeb0ca4488033765a40041f14af06536a083c499fa6fd7c148b8ede06b144611804e52c8c84f85613e656580d,gx-no-cache=1465223443681 HTTP/1.1" 200 30
192.168.10.89 - - [06/Jun/2016:11:35:30 -0300] "POST /cormun/servlet/solicitudot?3dd0c5a6b2a54d4cc076fd5885547911,UPD,2016,2009,,gx-no-cache=1465223443722 HTTP/1.1" 200 93
192.168.10.89 - - [06/Jun/2016:11:35:30 -0300] "GET /cormun/servlet/hpexe_return? HTTP/1.1" 200 1014
192.168.10.89 - - [06/Jun/2016:11:35:31 -0300] "GET /cormun/servlet/trsolicitudot? HTTP/1.1" 200 7862
192.168.10.89 - - [06/Jun/2016:11:35:33 -0300] "POST /cormun/servlet/trsolicitudot?3dd0c5a6b2a54d4cc076fd5885547911,,gx-no-cache=1465223446548 HTTP/1.1" 200 3991
192.168.10.89 - - [06/Jun/2016:11:35:34 -0300] "POST /cormun/servlet/trsolicitudot?3dd0c5a6b2a54d4cc076fd5885547911,,gx-no-cache=1465223446899 HTTP/1.1" 200 3839
192.168.10.89 - - [06/Jun/2016:11:35:34 -0300] "GET /cormun/static/Shared/jqueryui/images/ui-bg_flat_55_fafafa_40x100.png HTTP/1.1" 404 1097
192.168.10.89 - - [06/Jun/2016:11:35:34 -0300] "GET /cormun/static/Shared/jqueryui/images/ui-icons_82798d_256x240.png HTTP/1.1" 404 1089
192.168.10.89 - - [06/Jun/2016:11:35:34 -0300] "GET /cormun/static/Shared/jqueryui/images/ui-icons_8d78a5_256x240.png HTTP/1.1" 404 1089
192.168.10.89 - - [06/Jun/2016:11:35:34 -0300] "GET /cormun/static/Shared/jqueryui/images/ui-bg_highlight-soft_100_c6c2c8_1x100.png HTTP/1.1" 404 1117
192.168.10.89 - - [06/Jun/2016:11:35:36 -0300] "GET /cormun/servlet/trautorizarsolicitud? HTTP/1.1" 200 6568
191.112.80.155 - - [06/Jun/2016:11:35:37 -0300] "POST /cormun/servlet/trcontratouno?fb02294399952145721710c920170c61,,gx-no-cache=1465223750798 HTTP/1.1" 200 6090
192.168.10.89 - - [06/Jun/2016:11:35:39 -0300] "GET /cormun/static/menuarrow.gif HTTP/1.1" 404 1015
192.168.10.89 - - [06/Jun/2016:11:35:43 -0300] "POST /cormun/servlet/trautorizarsolicitud?3dd0c5a6b2a54d4cc076fd5885547911,,gx-no-cache=1465223456149 HTTP/1.1" 200 5161
192.168.10.89 - - [06/Jun/2016:11:35:45 -0300] "POST /cormun/servlet/trautorizarsolicitud?3dd0c5a6b2a54d4cc076fd5885547911,,gx-no-cache=1465223458042 HTTP/1.1" 200 3965
192.168.10.89 - - [06/Jun/2016:11:35:45 -0300] "POST /cormun/servlet/trautorizarsolicitud?3dd0c5a6b2a54d4cc076fd5885547911,,gx-no-cache=1465223458383 HTTP/1.1" 200 3815
192.168.10.89 - - [06/Jun/2016:11:35:45 -0300] "GET /cormun/static/Shared/jqueryui/images/ui-bg_highlight-soft_100_c6c2c8_1x100.png HTTP/1.1" 404 1117
192.168.10.89 - - [06/Jun/2016:11:35:45 -0300] "GET /cormun/static/Shared/jqueryui/images/ui-icons_82798d_256x240.png HTTP/1.1" 404 1089
192.168.10.89 - - [06/Jun/2016:11:35:45 -0300] "GET /cormun/static/Shared/jqueryui/images/ui-icons_8d78a5_256x240.png HTTP/1.1" 404 1089
192.168.10.89 - - [06/Jun/2016:11:35:45 -0300] "GET /cormun/static/Shared/jqueryui/images/ui-bg_flat_55_fafafa_40x100.png HTTP/1.1" 404 1097
192.168.10.89 - - [06/Jun/2016:11:35:48 -0300] "GET /cormun/servlet/trsolicitudot? HTTP/1.1" 200 6636
192.168.10.89 - - [06/Jun/2016:11:35:51 -0300] "GET /cormun/servlet/solicitudot?INS,0,0, HTTP/1.1" 200 11795
192.168.10.89 - - [06/Jun/2016:11:35:54 -0300] "GET /cormun/servlet/prfichaempleado?,MD,,gxPopupLevel%3D0%3B HTTP/1.1" 200 8586
192.168.10.89 - - [06/Jun/2016:11:35:54 -0300] "GET /cormun/static/gxcfg.js?201651622215715 HTTP/1.1" 304 -
192.168.10.89 - - [06/Jun/2016:11:35:54 -0300] "GET /cormun/static/prfichaempleado.js?201651622215919 HTTP/1.1" 304 -
186.103.159.230 - - [06/Jun/2016:11:35:55 -0300] "POST /cormun/servlet/solicitudot?gx-no-cache=1465223771151 HTTP/1.1" 200 242
186.103.159.230 - - [06/Jun/2016:11:35:55 -0300] "GET /cormun/static/Shared/jqueryui/images/ui-bg_highlight-soft_100_c6c2c8_1x100.png HTTP/1.1" 404 1117
186.103.159.230 - - [06/Jun/2016:11:35:55 -0300] "GET /cormun/static/Shared/jqueryui/images/ui-icons_82798d_256x240.png HTTP/1.1" 404 1089
186.103.159.230 - - [06/Jun/2016:11:35:55 -0300] "GET /cormun/static/Shared/jqueryui/images/ui-bg_flat_55_994d53_40x100.png HTTP/1.1" 404 1097
186.103.159.230 - - [06/Jun/2016:11:35:55 -0300] "GET /cormun/static/Shared/jqueryui/images/ui-icons_ebccce_256x240.png HTTP/1.1" 404 1089
192.168.10.89 - - [06/Jun/2016:11:35:59 -0300] "POST /cormun/servlet/prfichaempleado?3dd0c5a6b2a54d4cc076fd5885547911,,MD,,gxPopupLevel%3D0%3B,gx-no-cache=1465223472515 HTTP/1.1" 200 3378
192.168.10.89 - - [06/Jun/2016:11:36:02 -0300] "POST /cormun/servlet/solicitudot?gx-no-cache=1465223475153 HTTP/1.1" 200 2796
192.168.10.89 - - [06/Jun/2016:11:36:02 -0300] "POST /cormun/servlet/solicitudot?3dd0c5a6b2a54d4cc076fd5885547911,INS,0,0,,gx-no-cache=1465223475347 HTTP/1.1" 200 8598
192.168.10.89 - - [06/Jun/2016:11:36:04 -0300] "GET /cormun/servlet/solicitudot?4539bf4d43381814e9dd0409632d4c3a5543cfea02ba2497360c4797ff11af46ce8e9c6ed5339f66f76052709083c208,gx-no-cache=1465223477082 HTTP/1.1" 200 30
192.168.10.89 - - [06/Jun/2016:11:36:04 -0300] "POST /cormun/servlet/solicitudot?gx-no-cache=1465223477113 HTTP/1.1" 200 30
192.168.10.89 - - [06/Jun/2016:11:36:07 -0300] "POST /cormun/servlet/solicitudot?gx-no-cache=1465223480048 HTTP/1.1" 200 30
192.168.10.89 - - [06/Jun/2016:11:36:08 -0300] "GET /cormun/servlet/prcontratosol?18154723,,,,,MD,,gxPopupLevel%3D0%3B HTTP/1.1" 200 5752
192.168.10.89 - - [06/Jun/2016:11:36:10 -0300] "POST /cormun/servlet/solicitudot?gx-no-cache=1465223483183 HTTP/1.1" 200 1186
192.168.10.89 - - [06/Jun/2016:11:36:10 -0300] "GET /cormun/servlet/solicitudot?4539bf4d43381814e9dd0409632d4c3ae626dfac6a801ff860847e437e6940f5ac36e8502fbc3404375a212539568ebbb27b9993b39afbff854f2e4df93faab5565f63411c9b04183e880919dcd7ab98bbecf3e43565523a948563f0ade09f8ed3d5a90b5df17d72abebf8cc52c718cf3e15ecf1b518dc7d39b0734a6e79f26ab878ce218b6e418603915fd9ed2dc367,gx-no-cache=1465223483304 HTTP/1.1" 200 38
192.168.10.89 - - [06/Jun/2016:11:36:10 -0300] "GET /cormun/servlet/solicitudot?4539bf4d43381814e9dd0409632d4c3afc36bb6b4a08426c92712217f943ecc6888084ee612ca7905142804662ef706970956e4511c212fef537aa7a507e18abeb2b892309703269ae0ffd6ed77a5021faa423afefb1a502d8286b5d32d44fb97482ea3ef4b8bff60bfd81a4e42904a3,gx-no-cache=1465223483328 HTTP/1.1" 200 29
192.168.10.89 - - [06/Jun/2016:11:36:10 -0300] "POST /cormun/servlet/solicitudot?gx-no-cache=1465223483367 HTTP/1.1" 200 1143
186.103.159.230 - - [06/Jun/2016:11:36:26 -0300] "GET /cormun/servlet/prcontratosol?16792641,,,,,MD,,gxPopupLevel%3D0%3B HTTP/1.1" 200 5402
192.168.10.89 - - [06/Jun/2016:11:36:26 -0300] "GET /cormun/servlet/solicitudot?4539bf4d43381814e9dd0409632d4c3abf50d006a7f0a9a4fb760a5119dea6cdcfeb7ed7f9b7be3f0289f6b3e54a3a63bae224a5ab02f2ebe2dccf36d84c90328074ab8f462dfd61088ecdb5f79c45fef1c16edc452b61040ee6511b72663feddc62519452b957efd804d4cb89a75e9231a1195403ade44eec2250e3674477eed76b94bfeb0ca4488033765a40041f14af06536a083c499fa6fd7c148b8ede06b144611804e52c8c84f85613e656580d,gx-no-cache=1465223499930 HTTP/1.1" 200 30
192.168.10.89 - - [06/Jun/2016:11:36:30 -0300] "GET /cormun/servlet/solicitudot?4539bf4d43381814e9dd0409632d4c3abf50d006a7f0a9a4fb760a5119dea6cd58e3557ef2ba9ccfcb5d564165da435dbae224a5ab02f2ebe2dccf36d84c90328074ab8f462dfd61088ecdb5f79c45fef1c16edc452b61040ee6511b72663feddc62519452b957efd804d4cb89a75e9231a1195403ade44eec2250e3674477eed76b94bfeb0ca4488033765a40041f14af06536a083c499fa6fd7c148b8ede06b144611804e52c8c84f85613e656580d,gx-no-cache=1465223503885 HTTP/1.1" 200 30
191.112.80.155 - - [06/Jun/2016:11:36:32 -0300] "GET /cormun/servlet/trsolicitudot? HTTP/1.1" 200 6623
186.103.159.230 - - [06/Jun/2016:11:36:32 -0300] "POST /cormun/servlet/solicitudot?gx-no-cache=1465223808782 HTTP/1.1" 200 242
191.112.80.155 - - [06/Jun/2016:11:36:32 -0300] "GET /cormun/servlet/trsolicitudot? HTTP/1.1" 200 6623
192.168.10.89 - - [06/Jun/2016:11:36:34 -0300] "POST /cormun/servlet/solicitudot?3dd0c5a6b2a54d4cc076fd5885547911,INS,0,0,,gx-no-cache=1465223507782 HTTP/1.1" 200 93
192.168.10.89 - - [06/Jun/2016:11:36:34 -0300] "GET /cormun/servlet/hpexe_return? HTTP/1.1" 200 1009
192.168.10.89 - - [06/Jun/2016:11:36:35 -0300] "GET /cormun/servlet/trsolicitudot HTTP/1.1" 200 7870
192.168.10.89 - - [06/Jun/2016:11:36:38 -0300] "POST /cormun/servlet/trsolicitudot?3dd0c5a6b2a54d4cc076fd5885547911,gx-no-cache=1465223511342 HTTP/1.1" 200 3996
192.168.10.89 - - [06/Jun/2016:11:36:38 -0300] "POST /cormun/servlet/trsolicitudot?3dd0c5a6b2a54d4cc076fd5885547911,gx-no-cache=1465223511778 HTTP/1.1" 200 3837
192.168.10.89 - - [06/Jun/2016:11:36:39 -0300] "GET /cormun/static/Shared/jqueryui/images/ui-icons_8d78a5_256x240.png HTTP/1.1" 404 1089
192.168.10.89 - - [06/Jun/2016:11:36:39 -0300] "GET /cormun/static/Shared/jqueryui/images/ui-bg_highlight-soft_100_c6c2c8_1x100.png HTTP/1.1" 404 1117
192.168.10.89 - - [06/Jun/2016:11:36:39 -0300] "GET /cormun/static/Shared/jqueryui/images/ui-bg_flat_55_fafafa_40x100.png HTTP/1.1" 404 1097
192.168.10.89 - - [06/Jun/2016:11:36:39 -0300] "GET /cormun/static/Shared/jqueryui/images/ui-icons_82798d_256x240.png HTTP/1.1" 404 1089
192.168.10.89 - - [06/Jun/2016:11:36:41 -0300] "GET /cormun/servlet/trautorizarsolicitud? HTTP/1.1" 200 7804
191.112.80.155 - - [06/Jun/2016:11:36:42 -0300] "GET /cormun/servlet/solicitudot?INS,0,0, HTTP/1.1" 200 11801
191.112.80.155 - - [06/Jun/2016:11:36:42 -0300] "GET /cormun/static/gxcfg.js?201631710541238 HTTP/1.1" 200 953
191.112.80.155 - - [06/Jun/2016:11:36:43 -0300] "GET /cormun/static/solicitudot.js?201631710541292 HTTP/1.1" 200 45515
191.112.80.155 - - [06/Jun/2016:11:36:43 -0300] "GET /cormun/static/Resources/prompt.gif HTTP/1.1" 200 902
192.168.10.89 - - [06/Jun/2016:11:36:43 -0300] "POST /cormun/servlet/trautorizarsolicitud?3dd0c5a6b2a54d4cc076fd5885547911,,gx-no-cache=1465223516659 HTTP/1.1" 200 3969
191.112.80.155 - - [06/Jun/2016:11:36:43 -0300] "GET /cormun/static/Resources/Spanish/PXTools.css?22445990 HTTP/1.1" 200 89042
192.168.10.89 - - [06/Jun/2016:11:36:44 -0300] "POST /cormun/servlet/trautorizarsolicitud?3dd0c5a6b2a54d4cc076fd5885547911,,gx-no-cache=1465223517006 HTTP/1.1" 200 3815
192.168.10.89 - - [06/Jun/2016:11:36:44 -0300] "GET /cormun/static/Shared/jqueryui/images/ui-bg_highlight-soft_100_c6c2c8_1x100.png HTTP/1.1" 404 1117
192.168.10.89 - - [06/Jun/2016:11:36:44 -0300] "GET /cormun/static/Shared/jqueryui/images/ui-bg_flat_55_fafafa_40x100.png HTTP/1.1" 404 1097
192.168.10.89 - - [06/Jun/2016:11:36:44 -0300] "GET /cormun/static/Shared/jqueryui/images/ui-icons_8d78a5_256x240.png HTTP/1.1" 404 1089
192.168.10.89 - - [06/Jun/2016:11:36:44 -0300] "GET /cormun/static/Shared/jqueryui/images/ui-icons_82798d_256x240.png HTTP/1.1" 404 1089
191.112.80.155 - - [06/Jun/2016:11:36:44 -0300] "GET /cormun/servlet/solicitudot?INS,0,0, HTTP/1.1" 200 11806
191.112.80.155 - - [06/Jun/2016:11:37:51 -0300] "POST /cormun/servlet/solicitudot?gx-no-cache=1465223887044 HTTP/1.1" 200 2677
191.112.80.155 - - [06/Jun/2016:11:37:52 -0300] "POST /cormun/servlet/solicitudot?fb02294399952145721710c920170c61,INS,0,0,,gx-no-cache=1465223887516 HTTP/1.1" 200 8457
191.112.80.155 - - [06/Jun/2016:11:37:52 -0300] "GET /cormun/servlet/solicitudot?e1297d4347557e4d66b9356d20f320cdffe11d88487f3db3bd60ae6ecb67a6c8,gx-no-cache=1465223888342 HTTP/1.1" 200 111
191.112.80.155 - - [06/Jun/2016:11:37:52 -0300] "GET /cormun/static/Shared/jqueryui/images/ui-bg_highlight-soft_100_c6c2c8_1x100.png HTTP/1.1" 404 1117
191.112.80.155 - - [06/Jun/2016:11:37:52 -0300] "GET /cormun/static/Shared/jqueryui/images/ui-icons_82798d_256x240.png HTTP/1.1" 404 1089
191.112.80.155 - - [06/Jun/2016:11:37:52 -0300] "GET /cormun/static/Shared/jqueryui/images/ui-bg_flat_55_994d53_40x100.png HTTP/1.1" 404 1097
191.112.80.155 - - [06/Jun/2016:11:37:52 -0300] "GET /cormun/static/Shared/jqueryui/images/ui-icons_ebccce_256x240.png HTTP/1.1" 404 1089
186.103.159.230 - - [06/Jun/2016:11:38:02 -0300] "POST /cormun/servlet/solicitudot?gx-no-cache=1465223898169 HTTP/1.1" 200 242
186.103.159.230 - - [06/Jun/2016:11:38:15 -0300] "POST /cormun/servlet/solicitudot?gx-no-cache=1465223911237 HTTP/1.1" 200 1185
186.103.159.230 - - [06/Jun/2016:11:38:15 -0300] "POST /cormun/servlet/solicitudot?gx-no-cache=1465223911304 HTTP/1.1" 200 1143
186.103.159.230 - - [06/Jun/2016:11:38:30 -0300] "GET /cormun/servlet/solicitudot?3c62d35e3dedcfaf77e2b957251a4d771efe2a856c89ea712d8aeb066f7788bf07900fbe8124ef7bed7e73b3058e5ba2126ec285d035128a21674d1e0d0f53d21f721abdaad68d4c18b911c84bf9d85c5c3ce01f7bbd418c7fbad7edb87c2776b3e196019cb26574da192a3287e95f4a863b291d88ade9e0f7cfff23c245ef49c3dcf315a97d611560954221102856f298875103a2c1e7464080c755f1feddf7,gx-no-cache=1465223926149 HTTP/1.1" 200 38
186.103.159.230 - - [06/Jun/2016:11:39:22 -0300] "GET /cormun/servlet/prcontratosol?16792641,,,,,MD,,gxPopupLevel%3D0%3B HTTP/1.1" 200 5402
191.112.80.155 - - [06/Jun/2016:11:41:05 -0300] "POST /cormun/servlet/solicitudot?gx-no-cache=1465224081523 HTTP/1.1" 200 2803
191.112.80.155 - - [06/Jun/2016:11:41:06 -0300] "POST /cormun/servlet/solicitudot?fb02294399952145721710c920170c61,INS,0,0,,gx-no-cache=1465224082003 HTTP/1.1" 200 8656
191.112.80.155 - - [06/Jun/2016:11:41:14 -0300] "GET /cormun/servlet/solicitudot?e1297d4347557e4d66b9356d20f320cdaa3d9a3e2c118c00ed7ae1dc2c9737e17da962bd2eb91d1ccce11414e39a38db,gx-no-cache=1465224090235 HTTP/1.1" 200 30
191.112.80.155 - - [06/Jun/2016:11:41:14 -0300] "POST /cormun/servlet/solicitudot?gx-no-cache=1465224090326 HTTP/1.1" 200 30
191.112.80.155 - - [06/Jun/2016:11:41:14 -0300] "POST /cormun/servlet/solicitudot?gx-no-cache=1465224090480 HTTP/1.1" 200 122
191.112.80.155 - - [06/Jun/2016:11:41:14 -0300] "GET /cormun/static/Shared/jqueryui/images/ui-bg_flat_55_fafafa_40x100.png HTTP/1.1" 404 1097
191.112.80.155 - - [06/Jun/2016:11:41:14 -0300] "GET /cormun/static/Shared/jqueryui/images/ui-icons_8d78a5_256x240.png HTTP/1.1" 404 1089
191.112.80.155 - - [06/Jun/2016:11:41:14 -0300] "POST /cormun/servlet/solicitudot?gx-no-cache=1465224090668 HTTP/1.1" 200 1187
191.112.80.155 - - [06/Jun/2016:11:41:14 -0300] "GET /cormun/servlet/solicitudot?e1297d4347557e4d66b9356d20f320cd0f1f149c9cb360e0e8e9bb1b78fdece01377a0636882c5da29091e31e7c496b11d7b6dda209a2562939350352c7264afeab05b0d24a466c44622206a31ba947b8ae12c83af1ae1aec937347f95e5d58df8c8de5be05570a7a09d52109b382960360d5e83eb9f37eaf741348988ddc497a6eb0286c51d4184a8aa32ff97b5cad9,gx-no-cache=1465224090853 HTTP/1.1" 200 38
191.112.80.155 - - [06/Jun/2016:11:41:14 -0300] "GET /cormun/servlet/solicitudot?e1297d4347557e4d66b9356d20f320cd56a9ba566904541f56c66a94d6a2aff7616d8fdf0aad62a68ae777e36d899eb73486567e9baa19fe2fa2ef8fbe30ba6a2b44f68173a2165cc29ed3675b41393530158e526e93dec4381cedb89047e06520b61e1ced30c0c39f77ba3905ef9429cc52ad84d97582042bd4b8ee9c29ebbd1abd6a2812045d5ab2f244ccd54d29bb35c6cc15385e697872a3a6ef83f42956,gx-no-cache=1465224090928 HTTP/1.1" 200 29
191.112.80.155 - - [06/Jun/2016:11:41:15 -0300] "POST /cormun/servlet/solicitudot?gx-no-cache=1465224091002 HTTP/1.1" 200 1144
191.112.80.155 - - [06/Jun/2016:11:41:22 -0300] "POST /cormun/servlet/solicitudot?gx-no-cache=1465224098909 HTTP/1.1" 200 30
191.112.80.155 - - [06/Jun/2016:11:41:35 -0300] "POST /cormun/servlet/solicitudot?gx-no-cache=1465224111848 HTTP/1.1" 200 30
191.112.80.155 - - [06/Jun/2016:11:41:43 -0300] "POST /cormun/servlet/solicitudot?gx-no-cache=1465224119558 HTTP/1.1" 200 1187
191.112.80.155 - - [06/Jun/2016:11:41:43 -0300] "GET /cormun/servlet/solicitudot?e1297d4347557e4d66b9356d20f320cd0f1f149c9cb360e0e8e9bb1b78fdece01377a0636882c5da29091e31e7c496b11d7b6dda209a2562939350352c7264afeab05b0d24a466c44622206a31ba947b8ae12c83af1ae1aec937347f95e5d58df8c8de5be05570a7a09d52109b382960360d5e83eb9f37eaf741348988ddc497a6eb0286c51d4184a8aa32ff97b5cad9,gx-no-cache=1465224119791 HTTP/1.1" 200 38
191.112.80.155 - - [06/Jun/2016:11:41:43 -0300] "POST /cormun/servlet/solicitudot?gx-no-cache=1465224119897 HTTP/1.1" 200 1144
66.249.64.133 - - [06/Jun/2016:11:42:03 -0300] "GET /robots.txt HTTP/1.1" 404 981
66.249.64.139 - - [06/Jun/2016:11:42:03 -0300] "GET /cormun/servlet/hlogin HTTP/1.1" 200 1712
66.249.64.145 - - [06/Jun/2016:11:42:04 -0300] "GET /cormun/servlet/hlogin?_escaped_fragment_= HTTP/1.1" 200 1723
191.112.80.155 - - [06/Jun/2016:11:42:08 -0300] "GET /cormun/static/menuarrow.gif HTTP/1.1" 404 1015
192.168.10.89 - - [06/Jun/2016:11:42:12 -0300] "GET /cormun/servlet/hlogin HTTP/1.1" 200 1746
186.103.159.230 - - [06/Jun/2016:11:43:29 -0300] "GET /cormun/servlet/prcontratosol?16792641,,,,,MD,,gxPopupLevel%3D0%3B HTTP/1.1" 200 5402
191.112.80.155 - - [06/Jun/2016:11:43:49 -0300] "GET /cormun/servlet/solicitudot?e1297d4347557e4d66b9356d20f320cd67662b02560ca3d53781f871ee392b4bc04c2cabdbe54a688394b518860f052cb05462ae6709a44ed2086fc1cba0613532edc9c258cfa2d245a2071246529634546a91bea8190c08fe6f291592758fd943d76dfc2ba12483bc8fb33d785b0e9c956e6327d6dfdf5ae72d9cf369c58bc36043a861748f221c14b53bd9fb2dfcc31d123d16b0a64e7c2bb854bf48b2f245cc63f0274343bdac7bde8fc308253d92,gx-no-cache=1465224245776 HTTP/1.1" 200 30
186.103.159.230 - - [06/Jun/2016:11:43:57 -0300] "GET /cormun/servlet/prcontratosol?16792641,,,,,MD,,gxPopupLevel%3D0%3B HTTP/1.1" 200 5402
191.112.80.155 - - [06/Jun/2016:11:44:18 -0300] "POST /cormun/servlet/solicitudot?fb02294399952145721710c920170c61,INS,0,0,,gx-no-cache=1465224274052 HTTP/1.1" 200 93
191.112.80.155 - - [06/Jun/2016:11:44:19 -0300] "GET /cormun/servlet/hpexe_return? HTTP/1.1" 200 1005
191.112.80.155 - - [06/Jun/2016:11:44:19 -0300] "GET /cormun/static/gxcfg.js?2015111312145050 HTTP/1.1" 200 953
191.112.80.155 - - [06/Jun/2016:11:44:19 -0300] "GET /cormun/static/hpexe_return.js?2015111312145056 HTTP/1.1" 200 1633
191.112.80.155 - - [06/Jun/2016:11:44:19 -0300] "GET /cormun/static/Resources/Spanish/PXTools.css?12112540 HTTP/1.1" 200 89042
191.112.80.155 - - [06/Jun/2016:11:44:20 -0300] "GET /cormun/servlet/trsolicitudot HTTP/1.1" 200 7889
191.112.80.155 - - [06/Jun/2016:11:44:20 -0300] "GET /cormun/servlet/trsolicitudot HTTP/1.1" 200 7885
191.112.80.155 - - [06/Jun/2016:11:44:42 -0300] "POST /cormun/servlet/trsolicitudot?fb02294399952145721710c920170c61,gx-no-cache=1465224297376 HTTP/1.1" 200 3983
191.112.80.155 - - [06/Jun/2016:11:44:42 -0300] "POST /cormun/servlet/trsolicitudot?fb02294399952145721710c920170c61,gx-no-cache=1465224298237 HTTP/1.1" 200 3817
191.112.80.155 - - [06/Jun/2016:11:45:00 -0300] "POST /cormun/servlet/trsolicitudot?fb02294399952145721710c920170c61,gx-no-cache=1465224316759 HTTP/1.1" 200 3842
186.103.159.230 - - [06/Jun/2016:11:45:13 -0300] "POST /cormun/servlet/solicitudot?gx-no-cache=1465224329830 HTTP/1.1" 200 242
186.103.159.230 - - [06/Jun/2016:11:45:14 -0300] "GET /cormun/servlet/solicitudot?3c62d35e3dedcfaf77e2b957251a4d7732d341960fbb85defbf4aaf99c33cba75dac55f8f6ba1a70deefb39ba2f64a9b308d869c871b6930d0b822a330c4fe8e6420291996f159367adede72160fef282edb1ef9f345d6b5b4dd1bac504264922dd2ec513f9f590408125a7548890cf2ddc23b97d3cd17525abee3178ead82c03a2a0abdb5b9115aa37ca919dbfc5a4e134b317052a12c010c0bd515674554a8954511faebdb16cb4d875407ca11340d8d1803853eb4a619ff03c2fb5d034426,gx-no-cache=1465224330256 HTTP/1.1" 200 30
191.112.80.155 - - [06/Jun/2016:11:45:17 -0300] "POST /cormun/servlet/trsolicitudot?fb02294399952145721710c920170c61,gx-no-cache=1465224332819 HTTP/1.1" 200 5201
191.112.80.155 - - [06/Jun/2016:11:45:22 -0300] "POST /cormun/servlet/trsolicitudot?fb02294399952145721710c920170c61,gx-no-cache=1465224337905 HTTP/1.1" 200 5236
191.112.80.155 - - [06/Jun/2016:11:45:22 -0300] "POST /cormun/servlet/trsolicitudot?fb02294399952145721710c920170c61,gx-no-cache=1465224338402 HTTP/1.1" 200 5178
66.249.64.115 - - [06/Jun/2016:11:45:25 -0300] "GET /cormun/static/gxcfg.js?201632119342969 HTTP/1.1" 200 953
66.249.64.145 - - [06/Jun/2016:11:45:26 -0300] "GET /cormun/static/hlogin.js?201632119342986 HTTP/1.1" 200 2136
66.249.64.110 - - [06/Jun/2016:11:45:26 -0300] "GET /cormun/static/Resources/Spanish/PXTools.css?19284387 HTTP/1.1" 200 89042
191.112.80.155 - - [06/Jun/2016:11:45:33 -0300] "POST /cormun/servlet/trsolicitudot?fb02294399952145721710c920170c61,gx-no-cache=1465224348820 HTTP/1.1" 200 5237
191.112.80.155 - - [06/Jun/2016:11:45:33 -0300] "POST /cormun/servlet/trsolicitudot?fb02294399952145721710c920170c61,gx-no-cache=1465224349296 HTTP/1.1" 200 5179
186.103.159.230 - - [06/Jun/2016:11:45:36 -0300] "GET /cormun/servlet/prcontratosol?16792641,,,,,MD,,gxPopupLevel%3D0%3B HTTP/1.1" 200 5402
186.103.159.230 - - [06/Jun/2016:11:45:52 -0300] "POST /cormun/servlet/solicitudot?gx-no-cache=1465224368357 HTTP/1.1" 200 242
186.103.159.230 - - [06/Jun/2016:11:45:57 -0300] "POST /cormun/servlet/solicitudot?4017e21ce4f2faf600288b0fd4dfd63c,INS,0,0,,gx-no-cache=1465224374042 HTTP/1.1" 200 93
186.103.159.230 - - [06/Jun/2016:11:45:58 -0300] "GET /cormun/servlet/hpexe_return? HTTP/1.1" 200 1009
186.103.159.230 - - [06/Jun/2016:11:45:58 -0300] "GET /cormun/static/gxcfg.js?2015111312145050 HTTP/1.1" 304 -
186.103.159.230 - - [06/Jun/2016:11:45:58 -0300] "GET /cormun/static/Resources/Spanish/PXTools.css?12112540 HTTP/1.1" 304 -
186.103.159.230 - - [06/Jun/2016:11:45:58 -0300] "GET /cormun/static/hpexe_return.js?2015111312145056 HTTP/1.1" 304 -
186.103.159.230 - - [06/Jun/2016:11:45:58 -0300] "GET /cormun/servlet/trsolicitudot HTTP/1.1" 200 6602
186.103.159.230 - - [06/Jun/2016:11:45:58 -0300] "GET /cormun/servlet/trsolicitudot HTTP/1.1" 200 6598
186.103.159.230 - - [06/Jun/2016:11:46:03 -0300] "GET /cormun/servlet/trsolicitudot? HTTP/1.1" 200 6598
186.103.159.230 - - [06/Jun/2016:11:46:04 -0300] "GET /cormun/servlet/trsolicitudot? HTTP/1.1" 200 6598
186.103.159.230 - - [06/Jun/2016:11:46:06 -0300] "GET /cormun/servlet/solicitudot?INS,0,0, HTTP/1.1" 200 11767
186.103.159.230 - - [06/Jun/2016:11:46:07 -0300] "GET /cormun/servlet/solicitudot?INS,0,0, HTTP/1.1" 200 11772
191.112.80.155 - - [06/Jun/2016:11:46:22 -0300] "GET /cormun/servlet/vesolicitudot?2016,2011,, HTTP/1.1" 200 7913
191.112.80.155 - - [06/Jun/2016:11:46:23 -0300] "GET /cormun/static/gxcfg.js?201631021474241 HTTP/1.1" 200 953
191.112.80.155 - - [06/Jun/2016:11:46:23 -0300] "GET /cormun/pexe_scrolldiv.js HTTP/1.1" 404 1009
191.112.80.155 - - [06/Jun/2016:11:46:23 -0300] "GET /cormun/static/vesolicitudot.js?20163102147437 HTTP/1.1" 200 6091
191.112.80.155 - - [06/Jun/2016:11:46:23 -0300] "GET /cormun/static/hwcviewtabs.js?20151120014372 HTTP/1.1" 200 1074
191.112.80.155 - - [06/Jun/2016:11:46:23 -0300] "GET /cormun/static/Resources/PXToolsTabFirstSelected.png HTTP/1.1" 200 1259
191.112.80.155 - - [06/Jun/2016:11:46:23 -0300] "GET /cormun/static/hpexe_tabsview.js?20151120014350 HTTP/1.1" 200 1661
191.112.80.155 - - [06/Jun/2016:11:46:23 -0300] "GET /cormun/static/Resources/PXToolsTabNext.gif HTTP/1.1" 200 168
191.112.80.155 - - [06/Jun/2016:11:46:23 -0300] "GET /cormun/static/Resources/PXToolsTabPrevious.gif HTTP/1.1" 200 172
191.112.80.155 - - [06/Jun/2016:11:46:23 -0300] "GET /cormun/static/Resources/PXToolsTabLastUnselected.png HTTP/1.1" 200 1291
191.112.80.155 - - [06/Jun/2016:11:46:23 -0300] "GET /cormun/static/tbsolicitudot01.js?20163102250452 HTTP/1.1" 200 28324
191.112.80.155 - - [06/Jun/2016:11:46:23 -0300] "GET /cormun/static/calendar-system.css HTTP/1.1" 200 5572
191.112.80.155 - - [06/Jun/2016:11:46:23 -0300] "GET /cormun/static/Resources/PXToolsTabBackSelected.png HTTP/1.1" 200 1157
191.112.80.155 - - [06/Jun/2016:11:46:23 -0300] "GET /cormun/static/Resources/PXToolsTabBackUnselected.png HTTP/1.1" 200 1175
191.112.80.155 - - [06/Jun/2016:11:46:23 -0300] "GET /cormun/static/Resources/PXToolsTabSelectedUnselected.png HTTP/1.1" 200 1428
191.112.80.155 - - [06/Jun/2016:11:46:23 -0300] "GET /cormun/static/Resources/PXToolsTabUnselectedUnselected.png HTTP/1.1" 200 1459
191.112.80.155 - - [06/Jun/2016:11:46:23 -0300] "GET /cormun/servlet/vesolicitudot?2016,2011,, HTTP/1.1" 200 7912
186.103.159.230 - - [06/Jun/2016:11:46:34 -0300] "POST /cormun/servlet/solicitudot?gx-no-cache=1465224410272 HTTP/1.1" 200 2765
186.103.159.230 - - [06/Jun/2016:11:46:34 -0300] "POST /cormun/servlet/solicitudot?4017e21ce4f2faf600288b0fd4dfd63c,INS,0,0,,gx-no-cache=1465224410423 HTTP/1.1" 200 8568
186.103.159.230 - - [06/Jun/2016:11:46:40 -0300] "GET /cormun/servlet/solicitudot?3c62d35e3dedcfaf77e2b957251a4d77acbc2b84d68ab9c4a27e0ed15e915c3f6537c5a8b448f225faa23223a1128af7,gx-no-cache=1465224417031 HTTP/1.1" 200 30
186.103.159.230 - - [06/Jun/2016:11:46:41 -0300] "POST /cormun/servlet/solicitudot?gx-no-cache=1465224417184 HTTP/1.1" 200 30
186.103.159.230 - - [06/Jun/2016:11:46:41 -0300] "POST /cormun/servlet/solicitudot?gx-no-cache=1465224417273 HTTP/1.1" 200 122
186.103.159.230 - - [06/Jun/2016:11:46:41 -0300] "GET /cormun/static/Shared/jqueryui/images/ui-bg_highlight-soft_100_c6c2c8_1x100.png HTTP/1.1" 404 1117
186.103.159.230 - - [06/Jun/2016:11:46:41 -0300] "GET /cormun/static/Shared/jqueryui/images/ui-icons_82798d_256x240.png HTTP/1.1" 404 1089
186.103.159.230 - - [06/Jun/2016:11:46:41 -0300] "GET /cormun/static/Shared/jqueryui/images/ui-bg_flat_55_fafafa_40x100.png HTTP/1.1" 404 1097
186.103.159.230 - - [06/Jun/2016:11:46:41 -0300] "POST /cormun/servlet/solicitudot?gx-no-cache=1465224417378 HTTP/1.1" 200 1187
186.103.159.230 - - [06/Jun/2016:11:46:41 -0300] "GET /cormun/static/Shared/jqueryui/images/ui-icons_8d78a5_256x240.png HTTP/1.1" 404 1089
