192.168.10.10 - - [03/Jun/2016:10:46:52 -0300] "GET /cormun/servlet/hlogin HTTP/1.1" 200 1728
192.168.10.10 - - [03/Jun/2016:10:46:52 -0300] "GET /cormun/static/gxcfg.js?201632119342969 HTTP/1.1" 200 953
192.168.10.10 - - [03/Jun/2016:10:46:52 -0300] "GET /cormun/static/gxtimezone.js?85251 HTTP/1.1" 200 5781
192.168.10.10 - - [03/Jun/2016:10:46:52 -0300] "GET /cormun/static/gxgral.js?85251 HTTP/1.1" 200 384558
192.168.10.10 - - [03/Jun/2016:10:46:52 -0300] "GET /cormun/static/hlogin.js?201632119342986 HTTP/1.1" 200 2136
192.168.10.10 - - [03/Jun/2016:10:46:52 -0300] "GET /cormun/static/Resources/Spanish/PXTools.css?19284387 HTTP/1.1" 200 89042
192.168.10.10 - - [03/Jun/2016:10:46:52 -0300] "GET /cormun/static/messages.spa.js?85251 HTTP/1.1" 200 30736
192.168.10.10 - - [03/Jun/2016:10:46:52 -0300] "GET /cormun/static/Resources/ComunLogin.png HTTP/1.1" 200 17326
192.168.10.10 - - [03/Jun/2016:10:46:53 -0300] "GET /cormun/static/Resources/PXToolsLoginTop.png HTTP/1.1" 200 1337
192.168.10.10 - - [03/Jun/2016:10:46:53 -0300] "GET /cormun/static/Resources/PXToolsLoginBackground.png HTTP/1.1" 200 1164
192.168.10.10 - - [03/Jun/2016:10:46:53 -0300] "GET /cormun/static/Resources/PXToolsButtonRight21.png HTTP/1.1" 200 1283
192.168.10.10 - - [03/Jun/2016:10:46:53 -0300] "GET /cormun/static/Resources/PXToolsButtonBackground2.png HTTP/1.1" 200 1181
192.168.10.10 - - [03/Jun/2016:10:46:53 -0300] "GET /cormun/static/Resources/PXToolsLoginBottom.png HTTP/1.1" 200 1389
192.168.10.10 - - [03/Jun/2016:10:46:53 -0300] "GET /cormun/static/Resources/PXToolsButtonLeft21.png HTTP/1.1" 200 1287
192.168.10.10 - - [03/Jun/2016:10:46:53 -0300] "GET /cormun/static/Resources/indicator.gif HTTP/1.1" 200 1553
192.168.10.10 - - [03/Jun/2016:10:46:53 -0300] "GET /cormun/servlet/hlogin HTTP/1.1" 200 1734
192.168.10.10 - - [03/Jun/2016:10:46:53 -0300] "GET /favicon.ico HTTP/1.1" 200 21630
200.111.191.210 - - [03/Jun/2016:11:01:12 -0300] "GET /cormun/servlet/trsolicitudot? HTTP/1.1" 200 5994
200.111.191.210 - - [03/Jun/2016:11:01:12 -0300] "GET /cormun/static/Resources/Spanish/PXTools.css?2139548 HTTP/1.1" 304 -
200.111.191.210 - - [03/Jun/2016:11:01:12 -0300] "GET /cormun/static/gxcfg.js?201631022392470 HTTP/1.1" 304 -
200.111.191.210 - - [03/Jun/2016:11:01:13 -0300] "GET /cormun/static/messages.spa.js?85251 HTTP/1.1" 304 -
200.111.191.210 - - [03/Jun/2016:11:01:13 -0300] "GET /cormun/static/trsolicitudot.js?201631022393178 HTTP/1.1" 304 -
200.111.191.210 - - [03/Jun/2016:11:01:13 -0300] "GET /cormun/static/hwchdr01.js?20162241650484 HTTP/1.1" 304 -
200.111.191.210 - - [03/Jun/2016:11:01:13 -0300] "GET /cormun/static/hpexe_recentlink.js?2015111312121342 HTTP/1.1" 304 -
200.111.191.210 - - [03/Jun/2016:11:01:13 -0300] "GET /cormun/static/hpexe_scripts.js?20151120014546 HTTP/1.1" 304 -
200.111.191.210 - - [03/Jun/2016:11:01:13 -0300] "GET /cormun/static/hpexe_messagecontroller.js?2015112210524422 HTTP/1.1" 304 -
200.111.191.210 - - [03/Jun/2016:11:01:13 -0300] "GET /cormun/static/hpexe_messagepopupcomponent.js?20165162214013 HTTP/1.1" 304 -
200.111.191.210 - - [03/Jun/2016:11:01:13 -0300] "GET /cormun/static/hpexe_messagegenexuscomponent.js?20151120014314 HTTP/1.1" 304 -
200.111.191.210 - - [03/Jun/2016:11:01:13 -0300] "GET /cormun/static/cmcontrolpreferences.js?20151120014525 HTTP/1.1" 304 -
200.111.191.210 - - [03/Jun/2016:11:01:13 -0300] "GET /cormun/static/hmpwkw03.js?201651622203894 HTTP/1.1" 304 -
200.111.191.210 - - [03/Jun/2016:11:01:13 -0300] "GET /cormun/servlet/hlogin HTTP/1.1" 200 1744
200.111.191.210 - - [03/Jun/2016:11:01:13 -0300] "GET /cormun/static/Resources/Spanish/PXTools.css?19284387 HTTP/1.1" 304 -
200.111.191.210 - - [03/Jun/2016:11:01:13 -0300] "GET /cormun/static/gxcfg.js?201632119342969 HTTP/1.1" 304 -
200.111.191.210 - - [03/Jun/2016:11:01:13 -0300] "GET /cormun/static/hlogin.js?201632119342986 HTTP/1.1" 304 -
200.111.191.210 - - [03/Jun/2016:11:01:13 -0300] "GET /cormun/servlet/trsolicitudot? HTTP/1.1" 200 6004
186.103.159.182 - - [03/Jun/2016:11:02:03 -0300] "GET /cormun/servlet/hlogin HTTP/1.1" 200 1722
186.103.159.182 - - [03/Jun/2016:11:02:03 -0300] "GET /cormun/static/gxcfg.js?201632119342969 HTTP/1.1" 304 -
186.103.159.182 - - [03/Jun/2016:11:02:03 -0300] "GET /cormun/static/Resources/Spanish/PXTools.css?19284387 HTTP/1.1" 304 -
186.103.159.182 - - [03/Jun/2016:11:02:03 -0300] "GET /cormun/static/hlogin.js?201632119342986 HTTP/1.1" 304 -
186.103.159.182 - - [03/Jun/2016:11:02:03 -0300] "GET /cormun/static/messages.spa.js?85251 HTTP/1.1" 304 -
186.103.159.182 - - [03/Jun/2016:11:02:03 -0300] "GET /cormun/static/gxtimezone.js?85251 HTTP/1.1" 304 -
186.103.159.182 - - [03/Jun/2016:11:02:03 -0300] "GET /cormun/static/gxgral.js?85251 HTTP/1.1" 304 -
186.103.159.182 - - [03/Jun/2016:11:02:03 -0300] "GET /cormun/static/Resources/ComunLogin.png HTTP/1.1" 304 -
186.103.159.182 - - [03/Jun/2016:11:02:04 -0300] "GET /cormun/static/Resources/PXToolsButtonBackground2.png HTTP/1.1" 304 -
186.103.159.182 - - [03/Jun/2016:11:02:04 -0300] "GET /cormun/static/Resources/PXToolsLoginBottom.png HTTP/1.1" 304 -
186.103.159.182 - - [03/Jun/2016:11:02:04 -0300] "GET /cormun/static/Resources/PXToolsButtonLeft21.png HTTP/1.1" 304 -
186.103.159.182 - - [03/Jun/2016:11:02:04 -0300] "GET /cormun/static/Resources/PXToolsLoginBackground.png HTTP/1.1" 304 -
186.103.159.182 - - [03/Jun/2016:11:02:04 -0300] "GET /cormun/static/Resources/PXToolsButtonRight21.png HTTP/1.1" 304 -
186.103.159.182 - - [03/Jun/2016:11:02:04 -0300] "GET /cormun/static/Resources/PXToolsLoginTop.png HTTP/1.1" 304 -
186.103.159.182 - - [03/Jun/2016:11:02:04 -0300] "GET /cormun/static/Resources/indicator.gif HTTP/1.1" 304 -
200.111.191.210 - - [03/Jun/2016:11:02:24 -0300] "POST /cormun/servlet/hlogin?53d0cb75d5912b032e3b44c29563b94e,gx-no-cache=1464962560390 HTTP/1.1" 200 450
186.103.157.98 - - [03/Jun/2016:11:03:46 -0300] "GET /cormun/servlet/hlogin HTTP/1.1" 200 1722
186.103.157.98 - - [03/Jun/2016:11:03:46 -0300] "GET /cormun/static/Resources/Spanish/PXTools.css?19284387 HTTP/1.1" 304 -
186.103.157.98 - - [03/Jun/2016:11:03:46 -0300] "GET /cormun/static/gxcfg.js?201632119342969 HTTP/1.1" 304 -
186.103.157.98 - - [03/Jun/2016:11:03:46 -0300] "GET /cormun/static/messages.spa.js?85251 HTTP/1.1" 304 -
186.103.157.98 - - [03/Jun/2016:11:03:46 -0300] "GET /cormun/static/hlogin.js?201632119342986 HTTP/1.1" 304 -
186.103.157.98 - - [03/Jun/2016:11:03:46 -0300] "GET /cormun/servlet/hlogin HTTP/1.1" 200 1730
186.103.157.98 - - [03/Jun/2016:11:03:48 -0300] "POST /cormun/servlet/hlogin?9c3b22ed8de947b2cf1050f961f919b7,gx-no-cache=1464962646552 HTTP/1.1" 200 90
186.103.157.98 - - [03/Jun/2016:11:03:48 -0300] "GET /cormun/servlet/hpexe_link HTTP/1.1" 200 945
186.103.157.98 - - [03/Jun/2016:11:03:48 -0300] "GET /cormun/static/Resources/Spanish/PXTools.css?005343 HTTP/1.1" 304 -
186.103.157.98 - - [03/Jun/2016:11:03:48 -0300] "GET /cormun/static/gxcfg.js?20151120044395 HTTP/1.1" 304 -
186.103.157.98 - - [03/Jun/2016:11:03:48 -0300] "GET /cormun/static/hpexe_link.js?20151120044398 HTTP/1.1" 304 -
186.103.157.98 - - [03/Jun/2016:11:03:48 -0300] "GET /cormun/servlet/hhome HTTP/1.1" 200 3678
186.103.157.98 - - [03/Jun/2016:11:03:48 -0300] "GET /cormun/static/gxcfg.js?2015112210564248 HTTP/1.1" 304 -
186.103.157.98 - - [03/Jun/2016:11:03:48 -0300] "GET /cormun/static/Resources/Spanish/PXTools.css?10515224 HTTP/1.1" 304 -
186.103.157.98 - - [03/Jun/2016:11:03:48 -0300] "GET /cormun/static/hwchdr01.js?20162241650484 HTTP/1.1" 304 -
186.103.157.98 - - [03/Jun/2016:11:03:48 -0300] "GET /cormun/static/hpexe_recentlink.js?2015111312121342 HTTP/1.1" 304 -
186.103.157.98 - - [03/Jun/2016:11:03:48 -0300] "GET /cormun/static/hhome.js?2015112210564255 HTTP/1.1" 304 -
186.103.157.98 - - [03/Jun/2016:11:03:48 -0300] "GET /cormun/static/hpexe_scripts.js?20151120014546 HTTP/1.1" 304 -
186.103.157.98 - - [03/Jun/2016:11:03:48 -0300] "GET /cormun/static/hpexe_messagecontroller.js?2015112210524422 HTTP/1.1" 304 -
186.103.157.98 - - [03/Jun/2016:11:03:48 -0300] "GET /cormun/static/hpexe_messagepopupcomponent.js?20165162214013 HTTP/1.1" 304 -
186.103.157.98 - - [03/Jun/2016:11:03:48 -0300] "GET /cormun/static/hpexe_messagegenexuscomponent.js?20151120014314 HTTP/1.1" 304 -
186.103.157.98 - - [03/Jun/2016:11:03:48 -0300] "GET /cormun/static/cmcontrolpreferences.js?20151120014525 HTTP/1.1" 304 -
186.103.157.98 - - [03/Jun/2016:11:03:49 -0300] "GET /cormun/static/hmpwkw03.js?201651622203894 HTTP/1.1" 304 -
186.103.157.98 - - [03/Jun/2016:11:03:49 -0300] "GET /cormun/servlet/hhome HTTP/1.1" 200 3675
186.103.157.98 - - [03/Jun/2016:11:03:57 -0300] "GET /cormun/servlet/trsolicitudot? HTTP/1.1" 200 6600
186.103.157.98 - - [03/Jun/2016:11:03:57 -0300] "GET /cormun/static/Resources/Spanish/PXTools.css?2139548 HTTP/1.1" 304 -
186.103.157.98 - - [03/Jun/2016:11:03:57 -0300] "GET /cormun/static/gxcfg.js?201631022392470 HTTP/1.1" 304 -
186.103.157.98 - - [03/Jun/2016:11:03:57 -0300] "GET /cormun/static/trsolicitudot.js?201631022393178 HTTP/1.1" 304 -
186.103.157.98 - - [03/Jun/2016:11:03:57 -0300] "GET /cormun/servlet/trsolicitudot? HTTP/1.1" 200 6599
200.111.191.210 - - [03/Jun/2016:11:04:04 -0300] "POST /cormun/servlet/hlogin?53d0cb75d5912b032e3b44c29563b94e,gx-no-cache=1464962660390 HTTP/1.1" 200 90
200.111.191.210 - - [03/Jun/2016:11:04:04 -0300] "GET /cormun/servlet/hpexe_link HTTP/1.1" 200 958
200.111.191.210 - - [03/Jun/2016:11:04:04 -0300] "GET /cormun/static/gxcfg.js?20151120044395 HTTP/1.1" 304 -
200.111.191.210 - - [03/Jun/2016:11:04:04 -0300] "GET /cormun/servlet/trsolicitudot HTTP/1.1" 200 6316
200.111.191.210 - - [03/Jun/2016:11:04:05 -0300] "GET /cormun/servlet/trsolicitudot HTTP/1.1" 200 6314
200.111.191.210 - - [03/Jun/2016:11:04:26 -0300] "GET /cormun/static/menuarrow.gif HTTP/1.1" 404 1015
186.103.157.98 - - [03/Jun/2016:11:04:30 -0300] "GET /cormun/servlet/solicitudot?INS,0,0, HTTP/1.1" 200 11772
186.103.157.98 - - [03/Jun/2016:11:04:30 -0300] "GET /cormun/static/Resources/Spanish/PXTools.css?22445990 HTTP/1.1" 304 -
186.103.157.98 - - [03/Jun/2016:11:04:30 -0300] "GET /cormun/static/gxcfg.js?201631710541238 HTTP/1.1" 304 -
186.103.157.98 - - [03/Jun/2016:11:04:30 -0300] "GET /cormun/static/solicitudot.js?201631710541292 HTTP/1.1" 304 -
186.103.157.98 - - [03/Jun/2016:11:04:31 -0300] "GET /cormun/servlet/solicitudot?INS,0,0, HTTP/1.1" 200 11777
186.103.157.98 - - [03/Jun/2016:11:04:51 -0300] "POST /cormun/servlet/solicitudot?gx-no-cache=1464962709371 HTTP/1.1" 200 2677
186.103.157.98 - - [03/Jun/2016:11:04:51 -0300] "POST /cormun/servlet/solicitudot?9c3b22ed8de947b2cf1050f961f919b7,INS,0,0,,gx-no-cache=1464962709681 HTTP/1.1" 200 8463
186.103.157.98 - - [03/Jun/2016:11:05:14 -0300] "GET /cormun/servlet/solicitudot?e59ff6fa5e198d6e0f9283946da605bd54a52f4488552e6cddf7b7fae58d727f7ed26aa6e97dd002244c016b22dec1a5,gx-no-cache=1464962732652 HTTP/1.1" 200 30
186.103.157.98 - - [03/Jun/2016:11:07:06 -0300] "POST /cormun/servlet/solicitudot?gx-no-cache=1464962844544 HTTP/1.1" 200 120
186.103.157.98 - - [03/Jun/2016:11:07:06 -0300] "GET /cormun/static/Shared/jqueryui/images/ui-bg_highlight-soft_100_c6c2c8_1x100.png HTTP/1.1" 404 1117
186.103.157.98 - - [03/Jun/2016:11:07:06 -0300] "GET /cormun/static/Shared/jqueryui/images/ui-bg_flat_55_994d53_40x100.png HTTP/1.1" 404 1097
186.103.157.98 - - [03/Jun/2016:11:07:06 -0300] "GET /cormun/static/Shared/jqueryui/images/ui-icons_82798d_256x240.png HTTP/1.1" 404 1089
186.103.157.98 - - [03/Jun/2016:11:07:06 -0300] "GET /cormun/static/Shared/jqueryui/images/ui-icons_ebccce_256x240.png HTTP/1.1" 404 1089
186.103.157.98 - - [03/Jun/2016:11:07:27 -0300] "POST /cormun/servlet/solicitudot?gx-no-cache=1464962865965 HTTP/1.1" 200 30
186.103.157.98 - - [03/Jun/2016:11:07:38 -0300] "POST /cormun/servlet/solicitudot?gx-no-cache=1464962877049 HTTP/1.1" 200 122
186.103.157.98 - - [03/Jun/2016:11:07:38 -0300] "GET /cormun/static/Shared/jqueryui/images/ui-bg_flat_55_fafafa_40x100.png HTTP/1.1" 404 1097
186.103.157.98 - - [03/Jun/2016:11:07:38 -0300] "GET /cormun/static/Shared/jqueryui/images/ui-icons_8d78a5_256x240.png HTTP/1.1" 404 1089
200.111.191.210 - - [03/Jun/2016:11:09:18 -0300] "GET /cormun/servlet/solicitudot?INS,0,0, HTTP/1.1" 200 11651
200.111.191.210 - - [03/Jun/2016:11:09:18 -0300] "GET /cormun/static/gxcfg.js?201631710541238 HTTP/1.1" 304 -
200.111.191.210 - - [03/Jun/2016:11:09:18 -0300] "GET /cormun/servlet/solicitudot?INS,0,0, HTTP/1.1" 200 11655
200.111.191.210 - - [03/Jun/2016:11:09:48 -0300] "POST /cormun/servlet/solicitudot?gx-no-cache=1464963004786 HTTP/1.1" 200 2677
200.111.191.210 - - [03/Jun/2016:11:09:48 -0300] "POST /cormun/servlet/solicitudot?53d0cb75d5912b032e3b44c29563b94e,INS,0,0,,gx-no-cache=1464963004953 HTTP/1.1" 200 8399
200.111.191.210 - - [03/Jun/2016:11:10:17 -0300] "POST /cormun/servlet/solicitudot?gx-no-cache=1464963033565 HTTP/1.1" 200 2784
200.111.191.210 - - [03/Jun/2016:11:10:17 -0300] "POST /cormun/servlet/solicitudot?53d0cb75d5912b032e3b44c29563b94e,INS,0,0,,gx-no-cache=1464963033694 HTTP/1.1" 200 8568
200.111.191.210 - - [03/Jun/2016:11:10:17 -0300] "GET /cormun/servlet/solicitudot?ae97c35699ce8cbbb428804d3b8eb35bf79bed4a465bc8adbc12aebf8b7a545ff68f381ecc1f2d4721b34e2e8c29ba81,gx-no-cache=1464963033947 HTTP/1.1" 200 30
200.111.191.210 - - [03/Jun/2016:11:10:56 -0300] "POST /cormun/servlet/solicitudot?gx-no-cache=1464963072897 HTTP/1.1" 200 30
186.103.157.98 - - [03/Jun/2016:11:10:58 -0300] "POST /cormun/servlet/solicitudot?gx-no-cache=1464963077023 HTTP/1.1" 200 1185
186.103.157.98 - - [03/Jun/2016:11:11:03 -0300] "GET /cormun/static/menuarrow.gif HTTP/1.1" 404 1015
200.111.191.210 - - [03/Jun/2016:11:11:20 -0300] "POST /cormun/servlet/solicitudot?gx-no-cache=1464963096755 HTTP/1.1" 200 30
186.103.157.98 - - [03/Jun/2016:11:11:26 -0300] "GET /cormun/servlet/solicitudot?e59ff6fa5e198d6e0f9283946da605bd064f7526a5f1d390ede0d92e5cbeb23053d67c172fd6d76b72f2cdbca051ebd36dfff7b82439d721941dfea2c6aa7f96741790c980a2b2be5d7c26dc41eb9fe9dc02258d025ab8d8f97a9a60be8f417963291767fc7e870ebd12499feaa5d8a65fa33b0138fd1509570788ebef9be3d81d1bc2ae404c7542a621e566986980ffbdd99067691d7261e955ad6b033b32fb,gx-no-cache=1464963104725 HTTP/1.1" 200 38
200.111.191.210 - - [03/Jun/2016:11:11:48 -0300] "POST /cormun/servlet/solicitudot?gx-no-cache=1464963125233 HTTP/1.1" 200 452
200.111.191.210 - - [03/Jun/2016:11:11:48 -0300] "GET /cormun/servlet/solicitudot?ae97c35699ce8cbbb428804d3b8eb35be6d7e4fc5d42bc6ed61752b1832a188b6ae3505b3efb41d79bf16895adb18754c351096de5c483d15484a3b460d819420bb29bbb849df756e3b666c9ca7d60cc27164eed88a875e336d96ca09a0d56ad1304988b3561e16a33488f68299f68e85e34ff5671677839039e64de171f686e2b575128579fd02b2f5a476c77d1834b,gx-no-cache=1464963125280 HTTP/1.1" 200 38
200.111.191.210 - - [03/Jun/2016:11:11:57 -0300] "GET /cormun/servlet/solicitudot?ae97c35699ce8cbbb428804d3b8eb35bd12603a95caaadf737473bcb704954365f63cc94d2c7571033276325533d30233235235d3a105cccbb8b76af055a709b8ccf123036ce308002b9f3f725dbe250b9d27dd45b31aa5cbcb5683df0c5d53dc0b99e64a3e474ad035a1327f3add929,gx-no-cache=1464963133491 HTTP/1.1" 200 29
200.111.191.210 - - [03/Jun/2016:11:12:02 -0300] "POST /cormun/servlet/solicitudot?gx-no-cache=1464963139082 HTTP/1.1" 200 404
200.111.191.210 - - [03/Jun/2016:11:12:02 -0300] "GET /cormun/static/menuarrow.gif HTTP/1.1" 404 1015
186.103.157.98 - - [03/Jun/2016:11:12:14 -0300] "GET /cormun/servlet/solicitudot?e59ff6fa5e198d6e0f9283946da605bdea06cda12d551656488450c526312a47ec9bb33b771bb7745ce0b66c0f825a180fa193d9ce70e590c06fd41da12aea815a9e15057885009bbc4328daed8162b895a0e1e3672e0167e1541ece0405ac9ed972434930d7f24e9e599e7e105dce53,gx-no-cache=1464963152695 HTTP/1.1" 200 29
186.103.157.98 - - [03/Jun/2016:11:12:18 -0300] "POST /cormun/servlet/solicitudot?gx-no-cache=1464963157147 HTTP/1.1" 200 1144
186.103.157.98 - - [03/Jun/2016:11:14:34 -0300] "GET /cormun/servlet/solicitudot?e59ff6fa5e198d6e0f9283946da605bd064f7526a5f1d390ede0d92e5cbeb23053d67c172fd6d76b72f2cdbca051ebd36dfff7b82439d721941dfea2c6aa7f96741790c980a2b2be5d7c26dc41eb9fe9dc02258d025ab8d8f97a9a60be8f417963291767fc7e870ebd12499feaa5d8a65fa33b0138fd1509570788ebef9be3d81d1bc2ae404c7542a621e566986980ff5baf9e6aa5d1da32ce424e7d053022a3,gx-no-cache=1464963293328 HTTP/1.1" 200 38
186.103.157.98 - - [03/Jun/2016:11:14:40 -0300] "GET /cormun/servlet/solicitudot?e59ff6fa5e198d6e0f9283946da605bd2fe30fcee7f4dde193406f874fa1782832253a1163733f89b858d4428f33ebfbebac05d931a1fe5159336469fd63d12e4b66492254954e8a51c1f177c28ac8a04079b71317ef88325b892e2bc3860a380721416fe11a3eb738f0121d5777f11bd3d94ad7349776b7eb526992db19805c3b87be48a8b51af871384ed29f89b8523dff8e3d32f01e1d5c10c8a31b8e8ea84220da7aba6a0f212dd42f2be23aa6fbdd44bff06a7440bddad108ee9fa00658,gx-no-cache=1464963299295 HTTP/1.1" 200 30
186.103.157.98 - - [03/Jun/2016:11:14:55 -0300] "POST /cormun/servlet/solicitudot?9c3b22ed8de947b2cf1050f961f919b7,INS,0,0,,gx-no-cache=1464963313710 HTTP/1.1" 200 9583
186.103.157.98 - - [03/Jun/2016:11:15:34 -0300] "GET /cormun/servlet/solicitudot?e59ff6fa5e198d6e0f9283946da605bd064f7526a5f1d390ede0d92e5cbeb23053d67c172fd6d76b72f2cdbca051ebd36dfff7b82439d721941dfea2c6aa7f96741790c980a2b2be5d7c26dc41eb9fe9dc02258d025ab8d8f97a9a60be8f417963291767fc7e870ebd12499feaa5d8a65fa33b0138fd1509570788ebef9be3d81aefef9e9e708dbc8a3a4a3cb85c785a4f668079ec81fc30ef1cc209c7cbeab3,gx-no-cache=1464963352840 HTTP/1.1" 200 41
186.103.157.98 - - [03/Jun/2016:11:15:52 -0300] "GET /cormun/servlet/solicitudot?e59ff6fa5e198d6e0f9283946da605bd2fe30fcee7f4dde193406f874fa1782832253a1163733f89b858d4428f33ebfb02135dfa73441da3e9737e54b0018eee4b66492254954e8a51c1f177c28ac8a04079b71317ef88325b892e2bc3860a380721416fe11a3eb738f0121d5777f11bd3d94ad7349776b7eb526992db19805c3b87be48a8b51af871384ed29f89b8523dff8e3d32f01e1d5c10c8a31b8e8ea84220da7aba6a0f212dd42f2be23aa6fbded56a30e697ebd6533361a2f3816479,gx-no-cache=1464963370512 HTTP/1.1" 200 30
186.103.157.98 - - [03/Jun/2016:11:15:52 -0300] "POST /cormun/servlet/solicitudot?9c3b22ed8de947b2cf1050f961f919b7,INS,0,0,,gx-no-cache=1464963370602 HTTP/1.1" 200 9629
186.103.157.98 - - [03/Jun/2016:11:16:05 -0300] "GET /cormun/servlet/solicitudot?e59ff6fa5e198d6e0f9283946da605bd064f7526a5f1d390ede0d92e5cbeb23053d67c172fd6d76b72f2cdbca051ebd36dfff7b82439d721941dfea2c6aa7f96741790c980a2b2be5d7c26dc41eb9fe9dc02258d025ab8d8f97a9a60be8f417963291767fc7e870ebd12499feaa5d8a65fa33b0138fd1509570788ebef9be3d81aefef9e9e708dbc8a3a4a3cb85c785a6fd27997d517e0ca966141421292a814,gx-no-cache=1464963383423 HTTP/1.1" 200 41
186.103.157.98 - - [03/Jun/2016:11:16:05 -0300] "GET /cormun/servlet/solicitudot?e59ff6fa5e198d6e0f9283946da605bd2fe30fcee7f4dde193406f874fa1782832253a1163733f89b858d4428f33ebfbf767b94ce351169e89f9bdc4dffa6e5d4b66492254954e8a51c1f177c28ac8a04079b71317ef88325b892e2bc3860a380721416fe11a3eb738f0121d5777f11bd3d94ad7349776b7eb526992db19805c3b87be48a8b51af871384ed29f89b8523dff8e3d32f01e1d5c10c8a31b8e8ea84220da7aba6a0f212dd42f2be23aa6fbded56a30e697ebd6533361a2f3816479,gx-no-cache=1464963383516 HTTP/1.1" 200 30
186.103.157.98 - - [03/Jun/2016:11:16:05 -0300] "POST /cormun/servlet/solicitudot?9c3b22ed8de947b2cf1050f961f919b7,INS,0,0,,gx-no-cache=1464963383589 HTTP/1.1" 200 9691
200.111.191.210 - - [03/Jun/2016:11:17:37 -0300] "GET /cormun/servlet/solicitudot?ae97c35699ce8cbbb428804d3b8eb35b20579b7b7ce12bf72763aa3e4f84bf66ae144c293886bc0de6a308ae32d417da06992385ba058a9819157194dbb4abfc4feb3b54b1b865df81c93e48f49261b5cef306d6a3c08058289fcc50e906ffe83465155bbbc758cae540b9fac1e8b4a6ab920469017ae8b8a9445f74e525d33b04faf9d52522d890805d6c7876aaca96e587f6992e6a1b3ce1572c22df5581a57a7a6a5fcdbb52538878f90fe4c64ce0,gx-no-cache=1464963473431 HTTP/1.1" 200 30
200.111.191.210 - - [03/Jun/2016:11:17:37 -0300] "POST /cormun/servlet/solicitudot?53d0cb75d5912b032e3b44c29563b94e,INS,0,0,,gx-no-cache=1464963473468 HTTP/1.1" 200 93
200.111.191.210 - - [03/Jun/2016:11:17:37 -0300] "GET /cormun/servlet/hpexe_return? HTTP/1.1" 200 1011
200.111.191.210 - - [03/Jun/2016:11:17:37 -0300] "GET /cormun/static/gxcfg.js?2015111312145050 HTTP/1.1" 304 -
200.111.191.210 - - [03/Jun/2016:11:17:37 -0300] "GET /cormun/servlet/trsolicitudot HTTP/1.1" 200 7589
200.111.191.210 - - [03/Jun/2016:11:17:38 -0300] "GET /cormun/servlet/trsolicitudot HTTP/1.1" 200 7585
200.111.191.210 - - [03/Jun/2016:11:17:47 -0300] "POST /cormun/servlet/trsolicitudot?53d0cb75d5912b032e3b44c29563b94e,gx-no-cache=1464963483619 HTTP/1.1" 200 106
200.111.191.210 - - [03/Jun/2016:11:17:47 -0300] "GET /cormun/servlet/trsolicitudadjuntos?2016,1995, HTTP/1.1" 200 5517
200.111.191.210 - - [03/Jun/2016:11:17:47 -0300] "GET /cormun/static/gxcfg.js?2016311731090 HTTP/1.1" 304 -
200.111.191.210 - - [03/Jun/2016:11:17:48 -0300] "GET /cormun/servlet/trsolicitudadjuntos?2016,1995, HTTP/1.1" 200 5517
200.111.191.210 - - [03/Jun/2016:11:17:54 -0300] "GET /cormun/servlet/solicitudotadjuntos?INS,2016,1995,,1, HTTP/1.1" 200 5606
200.111.191.210 - - [03/Jun/2016:11:17:54 -0300] "GET /cormun/static/gxcfg.js?201631622493247 HTTP/1.1" 304 -
200.111.191.210 - - [03/Jun/2016:11:17:55 -0300] "GET /cormun/static/about:blank HTTP/1.1" 404 1011
200.111.191.210 - - [03/Jun/2016:11:17:55 -0300] "GET /cormun/servlet/solicitudotadjuntos?INS,2016,1995,,1, HTTP/1.1" 200 5600
200.111.191.210 - - [03/Jun/2016:11:17:55 -0300] "GET /cormun/servlet/solicitudotadjuntos?ae97c35699ce8cbbb428804d3b8eb35b7bfbc9842dbd44782a9edd1ee9e5012b7de477fecd6749d20abeef278bec0fb1,gx-no-cache=1464963491845 HTTP/1.1" 200 30
200.111.191.210 - - [03/Jun/2016:11:17:55 -0300] "POST /cormun/servlet/solicitudotadjuntos?53d0cb75d5912b032e3b44c29563b94e,INS,2016,1995,,1,,gx-no-cache=1464963491870 HTTP/1.1" 200 3479
200.111.191.210 - - [03/Jun/2016:11:18:05 -0300] "POST /cormun/servlet/solicitudotadjuntos?gx-no-cache=1464963501503 HTTP/1.1" 200 26
186.103.157.98 - - [03/Jun/2016:11:19:00 -0300] "GET /cormun/static/Resources/resize.gif HTTP/1.1" 200 77
186.103.157.98 - - [03/Jun/2016:11:19:03 -0300] "GET /cormun/servlet/prfichaempleado?,MD,,gxPopupLevel%3D0%3B HTTP/1.1" 200 8557
186.103.157.98 - - [03/Jun/2016:11:19:03 -0300] "GET /cormun/static/gxcfg.js?201651622215715 HTTP/1.1" 200 953
186.103.157.98 - - [03/Jun/2016:11:19:03 -0300] "GET /cormun/static/prfichaempleado.js?201651622215919 HTTP/1.1" 200 15035
186.103.157.98 - - [03/Jun/2016:11:19:03 -0300] "GET /cormun/static/menusearch.js?20165162214271 HTTP/1.1" 200 1424
186.103.157.98 - - [03/Jun/2016:11:19:03 -0300] "GET /cormun/static/Resources/Spanish/PXTools.css?22123174 HTTP/1.1" 304 -
186.103.157.98 - - [03/Jun/2016:11:19:03 -0300] "GET /cormun/static/Resources/PXToolsMenuSearch.png HTTP/1.1" 200 2914
186.103.157.98 - - [03/Jun/2016:11:19:03 -0300] "GET /cormun/static/Resources/PXToolsMenuSearchCancel.png HTTP/1.1" 200 2972
186.103.157.98 - - [03/Jun/2016:11:19:03 -0300] "GET /cormun/static/hmpwkw011.js?201651622203195 HTTP/1.1" 200 1968
200.111.191.210 - - [03/Jun/2016:11:19:30 -0300] "GET /cormun/servlet/solicitudotadjuntos?ae97c35699ce8cbbb428804d3b8eb35ba9fe3deeb8a480bad5382a008391726b,gx-no-cache=1464963586867 HTTP/1.1" 200 30
200.111.191.210 - - [03/Jun/2016:11:19:30 -0300] "GET /cormun/servlet/solicitudotadjuntos?ae97c35699ce8cbbb428804d3b8eb35ba9fe3deeb8a480bad5382a008391726b,gx-no-cache=1464963586884 HTTP/1.1" 200 30
186.103.157.98 - - [03/Jun/2016:11:19:34 -0300] "POST /cormun/servlet/prfichaempleado?9c3b22ed8de947b2cf1050f961f919b7,,MD,,gxPopupLevel%3D0%3B,gx-no-cache=1464963592646 HTTP/1.1" 200 3357
200.111.191.210 - - [03/Jun/2016:11:19:37 -0300] "POST /cormun/servlet/solicitudotadjuntos?53d0cb75d5912b032e3b44c29563b94e,INS,2016,1995,,1, HTTP/1.1" 200 116
200.111.191.210 - - [03/Jun/2016:11:19:37 -0300] "GET /cormun/servlet/hpexe_return? HTTP/1.1" 200 1030
200.111.191.210 - - [03/Jun/2016:11:19:38 -0300] "GET /cormun/servlet/trsolicitudadjuntos?2016,1995, HTTP/1.1" 200 7397
200.111.191.210 - - [03/Jun/2016:11:19:39 -0300] "GET /cormun/servlet/trsolicitudadjuntos?2016,1995, HTTP/1.1" 200 7393
186.103.157.98 - - [03/Jun/2016:11:19:40 -0300] "POST /cormun/servlet/prfichaempleado?9c3b22ed8de947b2cf1050f961f919b7,,MD,,gxPopupLevel%3D0%3B,gx-no-cache=1464963598389 HTTP/1.1" 200 3357
200.111.191.210 - - [03/Jun/2016:11:19:41 -0300] "GET /cormun/servlet/solicitudotadjuntos?INS,2016,1995,,1, HTTP/1.1" 200 5606
200.111.191.210 - - [03/Jun/2016:11:19:41 -0300] "GET /cormun/static/about:blank HTTP/1.1" 404 1011
200.111.191.210 - - [03/Jun/2016:11:19:42 -0300] "GET /cormun/servlet/solicitudotadjuntos?INS,2016,1995,,1, HTTP/1.1" 200 5600
200.111.191.210 - - [03/Jun/2016:11:19:42 -0300] "GET /cormun/servlet/solicitudotadjuntos?ae97c35699ce8cbbb428804d3b8eb35b7bfbc9842dbd44782a9edd1ee9e5012b7de477fecd6749d20abeef278bec0fb1,gx-no-cache=1464963599061 HTTP/1.1" 200 30
200.111.191.210 - - [03/Jun/2016:11:19:42 -0300] "POST /cormun/servlet/solicitudotadjuntos?53d0cb75d5912b032e3b44c29563b94e,INS,2016,1995,,1,,gx-no-cache=1464963599087 HTTP/1.1" 200 3479
200.111.191.210 - - [03/Jun/2016:11:19:48 -0300] "POST /cormun/servlet/solicitudotadjuntos?gx-no-cache=1464963604334 HTTP/1.1" 200 26
200.111.191.210 - - [03/Jun/2016:11:20:00 -0300] "GET /cormun/servlet/solicitudotadjuntos?ae97c35699ce8cbbb428804d3b8eb35ba9fe3deeb8a480bad5382a008391726b,gx-no-cache=1464963616590 HTTP/1.1" 200 30
200.111.191.210 - - [03/Jun/2016:11:20:00 -0300] "GET /cormun/servlet/solicitudotadjuntos?ae97c35699ce8cbbb428804d3b8eb35ba9fe3deeb8a480bad5382a008391726b,gx-no-cache=1464963616602 HTTP/1.1" 200 30
200.111.191.210 - - [03/Jun/2016:11:20:05 -0300] "POST /cormun/servlet/solicitudotadjuntos?53d0cb75d5912b032e3b44c29563b94e,INS,2016,1995,,1, HTTP/1.1" 200 116
200.111.191.210 - - [03/Jun/2016:11:20:05 -0300] "GET /cormun/servlet/hpexe_return? HTTP/1.1" 200 1030
200.111.191.210 - - [03/Jun/2016:11:20:06 -0300] "GET /cormun/servlet/trsolicitudadjuntos?2016,1995, HTTP/1.1" 200 7570
200.111.191.210 - - [03/Jun/2016:11:20:08 -0300] "GET /cormun/servlet/trsolicitudadjuntos?2016,1995, HTTP/1.1" 200 7568
186.103.159.182 - - [03/Jun/2016:11:20:12 -0300] "GET /cormun/servlet/hlogin HTTP/1.1" 200 1722
186.103.159.182 - - [03/Jun/2016:11:20:13 -0300] "GET /cormun/servlet/hlogin HTTP/1.1" 200 1722
200.111.191.210 - - [03/Jun/2016:11:20:13 -0300] "GET /cormun/servlet/solicitudotadjuntos?INS,2016,1995,,1, HTTP/1.1" 200 5605
200.111.191.210 - - [03/Jun/2016:11:20:14 -0300] "GET /cormun/static/about:blank HTTP/1.1" 404 1011
200.111.191.210 - - [03/Jun/2016:11:20:14 -0300] "GET /cormun/servlet/solicitudotadjuntos?INS,2016,1995,,1, HTTP/1.1" 200 5599
200.111.191.210 - - [03/Jun/2016:11:20:14 -0300] "GET /cormun/servlet/solicitudotadjuntos?ae97c35699ce8cbbb428804d3b8eb35b7bfbc9842dbd44782a9edd1ee9e5012b7de477fecd6749d20abeef278bec0fb1,gx-no-cache=1464963630997 HTTP/1.1" 200 30
200.111.191.210 - - [03/Jun/2016:11:20:14 -0300] "POST /cormun/servlet/solicitudotadjuntos?53d0cb75d5912b032e3b44c29563b94e,INS,2016,1995,,1,,gx-no-cache=1464963631024 HTTP/1.1" 200 3478
186.103.159.182 - - [03/Jun/2016:11:20:18 -0300] "POST /cormun/servlet/hlogin?2f0c74455b2ef4a84f549ecaab89583f,gx-no-cache=1464960032057 HTTP/1.1" 200 424
186.103.157.98 - - [03/Jun/2016:11:20:19 -0300] "GET /cormun/servlet/prfichaempleado?,MD,,gxPopupLevel%3D0%3B HTTP/1.1" 200 8557
200.111.191.210 - - [03/Jun/2016:11:20:39 -0300] "POST /cormun/servlet/solicitudotadjuntos?gx-no-cache=1464963656044 HTTP/1.1" 200 26
186.103.159.182 - - [03/Jun/2016:11:20:46 -0300] "POST /cormun/servlet/hlogin?2f0c74455b2ef4a84f549ecaab89583f,gx-no-cache=1464960060274 HTTP/1.1" 200 426
186.103.159.182 - - [03/Jun/2016:11:20:49 -0300] "POST /cormun/servlet/hlogin?2f0c74455b2ef4a84f549ecaab89583f,gx-no-cache=1464960063057 HTTP/1.1" 200 90
186.103.159.182 - - [03/Jun/2016:11:20:49 -0300] "GET /cormun/servlet/hpexe_link HTTP/1.1" 200 947
186.103.159.182 - - [03/Jun/2016:11:20:49 -0300] "GET /cormun/static/hpexe_link.js?20151120044398 HTTP/1.1" 304 -
186.103.159.182 - - [03/Jun/2016:11:20:49 -0300] "GET /cormun/static/Resources/Spanish/PXTools.css?005343 HTTP/1.1" 304 -
186.103.159.182 - - [03/Jun/2016:11:20:49 -0300] "GET /cormun/static/gxcfg.js?20151120044395 HTTP/1.1" 304 -
186.103.159.182 - - [03/Jun/2016:11:20:50 -0300] "GET /cormun/servlet/hhome HTTP/1.1" 200 3668
186.103.159.182 - - [03/Jun/2016:11:20:50 -0300] "GET /cormun/static/Resources/Spanish/PXTools.css?10515224 HTTP/1.1" 304 -
186.103.159.182 - - [03/Jun/2016:11:20:50 -0300] "GET /cormun/static/gxcfg.js?2015112210564248 HTTP/1.1" 304 -
186.103.159.182 - - [03/Jun/2016:11:20:50 -0300] "GET /cormun/static/hhome.js?2015112210564255 HTTP/1.1" 304 -
186.103.159.182 - - [03/Jun/2016:11:20:50 -0300] "GET /cormun/static/hpexe_messagepopupcomponent.js?20165162214013 HTTP/1.1" 304 -
186.103.159.182 - - [03/Jun/2016:11:20:50 -0300] "GET /cormun/static/hpexe_messagegenexuscomponent.js?20151120014314 HTTP/1.1" 304 -
186.103.159.182 - - [03/Jun/2016:11:20:51 -0300] "GET /cormun/static/hpexe_messagecontroller.js?2015112210524422 HTTP/1.1" 304 -
186.103.159.182 - - [03/Jun/2016:11:20:51 -0300] "GET /cormun/static/hmpwkw03.js?201651622203894 HTTP/1.1" 304 -
186.103.159.182 - - [03/Jun/2016:11:20:51 -0300] "GET /cormun/static/cmcontrolpreferences.js?20151120014525 HTTP/1.1" 304 -
186.103.159.182 - - [03/Jun/2016:11:20:51 -0300] "GET /cormun/static/hpexe_scripts.js?20151120014546 HTTP/1.1" 304 -
186.103.159.182 - - [03/Jun/2016:11:20:51 -0300] "GET /cormun/static/hpexe_recentlink.js?2015111312121342 HTTP/1.1" 304 -
186.103.159.182 - - [03/Jun/2016:11:20:51 -0300] "GET /cormun/static/hwchdr01.js?20162241650484 HTTP/1.1" 304 -
186.103.159.182 - - [03/Jun/2016:11:20:57 -0300] "GET /cormun/servlet/hhome HTTP/1.1" 200 3664
186.103.157.98 - - [03/Jun/2016:11:21:08 -0300] "POST /cormun/servlet/prfichaempleado?9c3b22ed8de947b2cf1050f961f919b7,,MD,,gxPopupLevel%3D0%3B,gx-no-cache=1464963687172 HTTP/1.1" 200 3357
186.103.157.98 - - [03/Jun/2016:11:21:23 -0300] "POST /cormun/servlet/prfichaempleado?9c3b22ed8de947b2cf1050f961f919b7,,MD,,gxPopupLevel%3D0%3B,gx-no-cache=1464963701383 HTTP/1.1" 200 3357
186.103.157.98 - - [03/Jun/2016:11:21:26 -0300] "POST /cormun/servlet/prfichaempleado?9c3b22ed8de947b2cf1050f961f919b7,,MD,,gxPopupLevel%3D0%3B,gx-no-cache=1464963704369 HTTP/1.1" 200 3357
200.111.191.210 - - [03/Jun/2016:11:21:32 -0300] "GET /cormun/servlet/solicitudotadjuntos?ae97c35699ce8cbbb428804d3b8eb35ba9fe3deeb8a480bad5382a008391726b,gx-no-cache=1464963708916 HTTP/1.1" 200 30
200.111.191.210 - - [03/Jun/2016:11:21:32 -0300] "GET /cormun/servlet/solicitudotadjuntos?ae97c35699ce8cbbb428804d3b8eb35ba9fe3deeb8a480bad5382a008391726b,gx-no-cache=1464963708952 HTTP/1.1" 200 30
200.111.191.210 - - [03/Jun/2016:11:21:37 -0300] "POST /cormun/servlet/solicitudotadjuntos?53d0cb75d5912b032e3b44c29563b94e,INS,2016,1995,,1, HTTP/1.1" 200 116
200.111.191.210 - - [03/Jun/2016:11:21:37 -0300] "GET /cormun/servlet/hpexe_return? HTTP/1.1" 200 1030
186.103.157.98 - - [03/Jun/2016:11:21:38 -0300] "GET /cormun/servlet/solicitudot?e59ff6fa5e198d6e0f9283946da605bd064f7526a5f1d390ede0d92e5cbeb23053d67c172fd6d76b72f2cdbca051ebd36dfff7b82439d721941dfea2c6aa7f96741790c980a2b2be5d7c26dc41eb9fe9dc02258d025ab8d8f97a9a60be8f417963291767fc7e870ebd12499feaa5d8a65fa33b0138fd1509570788ebef9be3d81aefef9e9e708dbc8a3a4a3cb85c785a1d83953564c2ab2332a570b12f8ca483,gx-no-cache=1464963717063 HTTP/1.1" 200 41
200.111.191.210 - - [03/Jun/2016:11:21:39 -0300] "GET /cormun/servlet/trsolicitudadjuntos?2016,1995, HTTP/1.1" 200 7716
200.111.191.210 - - [03/Jun/2016:11:21:41 -0300] "GET /cormun/servlet/trsolicitudadjuntos?2016,1995, HTTP/1.1" 200 7709
200.111.191.210 - - [03/Jun/2016:11:21:42 -0300] "GET /cormun/servlet/solicitudotadjuntos?INS,2016,1995,,1, HTTP/1.1" 200 5604
200.111.191.210 - - [03/Jun/2016:11:21:42 -0300] "GET /cormun/static/about:blank HTTP/1.1" 404 1011
200.111.191.210 - - [03/Jun/2016:11:21:42 -0300] "GET /cormun/servlet/solicitudotadjuntos?INS,2016,1995,,1, HTTP/1.1" 200 5598
200.111.191.210 - - [03/Jun/2016:11:21:43 -0300] "GET /cormun/servlet/solicitudotadjuntos?ae97c35699ce8cbbb428804d3b8eb35b7bfbc9842dbd44782a9edd1ee9e5012b7de477fecd6749d20abeef278bec0fb1,gx-no-cache=1464963719590 HTTP/1.1" 200 30
200.111.191.210 - - [03/Jun/2016:11:21:43 -0300] "POST /cormun/servlet/solicitudotadjuntos?53d0cb75d5912b032e3b44c29563b94e,INS,2016,1995,,1,,gx-no-cache=1464963719620 HTTP/1.1" 200 3476
200.111.191.210 - - [03/Jun/2016:11:21:47 -0300] "POST /cormun/servlet/solicitudotadjuntos?gx-no-cache=1464963723556 HTTP/1.1" 200 26
186.103.157.98 - - [03/Jun/2016:11:21:53 -0300] "GET /cormun/servlet/solicitudot?e59ff6fa5e198d6e0f9283946da605bd2fe30fcee7f4dde193406f874fa1782832253a1163733f89b858d4428f33ebfb55f3e6ef62c3357cc91b6c93b7e9de0c4b66492254954e8a51c1f177c28ac8a04079b71317ef88325b892e2bc3860a380721416fe11a3eb738f0121d5777f11bd3d94ad7349776b7eb526992db19805c3b87be48a8b51af871384ed29f89b8523dff8e3d32f01e1d5c10c8a31b8e8ea84220da7aba6a0f212dd42f2be23aa6fb30f4bf2be6dbd087f3637bcc0fd696c7,gx-no-cache=1464963731564 HTTP/1.1" 200 30
186.103.157.98 - - [03/Jun/2016:11:21:53 -0300] "POST /cormun/servlet/solicitudot?9c3b22ed8de947b2cf1050f961f919b7,INS,0,0,,gx-no-cache=1464963731944 HTTP/1.1" 200 9688
200.111.191.210 - - [03/Jun/2016:11:21:56 -0300] "GET /cormun/servlet/solicitudotadjuntos?ae97c35699ce8cbbb428804d3b8eb35ba9fe3deeb8a480bad5382a008391726b,gx-no-cache=1464963732601 HTTP/1.1" 200 30
200.111.191.210 - - [03/Jun/2016:11:21:56 -0300] "GET /cormun/servlet/solicitudotadjuntos?ae97c35699ce8cbbb428804d3b8eb35ba9fe3deeb8a480bad5382a008391726b,gx-no-cache=1464963732642 HTTP/1.1" 200 30
200.111.191.210 - - [03/Jun/2016:11:21:58 -0300] "POST /cormun/servlet/solicitudotadjuntos?53d0cb75d5912b032e3b44c29563b94e,INS,2016,1995,,1, HTTP/1.1" 200 5497
200.111.191.210 - - [03/Jun/2016:11:21:58 -0300] "GET /home/sistema/apache-tomcat-7.0.65/webapps/cormun/PrivateTempStorage/upload_00000043.docx HTTP/1.1" 404 1137
200.111.191.210 - - [03/Jun/2016:11:21:58 -0300] "GET /cormun/static/Shared/jqueryui/images/ui-bg_highlight-soft_100_c6c2c8_1x100.png HTTP/1.1" 404 1117
200.111.191.210 - - [03/Jun/2016:11:21:58 -0300] "GET /cormun/static/Shared/jqueryui/images/ui-icons_82798d_256x240.png HTTP/1.1" 404 1089
200.111.191.210 - - [03/Jun/2016:11:21:58 -0300] "GET /cormun/static/Shared/jqueryui/images/ui-bg_flat_55_994d53_40x100.png HTTP/1.1" 404 1097
200.111.191.210 - - [03/Jun/2016:11:21:58 -0300] "GET /cormun/static/Shared/jqueryui/images/ui-icons_ebccce_256x240.png HTTP/1.1" 404 1089
186.103.157.98 - - [03/Jun/2016:11:21:59 -0300] "POST /cormun/servlet/solicitudot?9c3b22ed8de947b2cf1050f961f919b7,INS,0,0,,gx-no-cache=1464963737403 HTTP/1.1" 200 93
186.103.157.98 - - [03/Jun/2016:11:21:59 -0300] "GET /cormun/servlet/hpexe_return? HTTP/1.1" 200 1002
186.103.157.98 - - [03/Jun/2016:11:21:59 -0300] "GET /cormun/static/gxcfg.js?2015111312145050 HTTP/1.1" 200 953
186.103.157.98 - - [03/Jun/2016:11:21:59 -0300] "GET /cormun/static/hpexe_return.js?2015111312145056 HTTP/1.1" 200 1633
186.103.157.98 - - [03/Jun/2016:11:21:59 -0300] "GET /cormun/static/Resources/Spanish/PXTools.css?12112540 HTTP/1.1" 200 89042
200.111.191.210 - - [03/Jun/2016:11:21:59 -0300] "GET /cormun/PrivateTempStorage/upload_00000043.docx HTTP/1.1" 200 1981758
186.103.157.98 - - [03/Jun/2016:11:21:59 -0300] "GET /cormun/servlet/trsolicitudot HTTP/1.1" 200 6603
186.103.157.98 - - [03/Jun/2016:11:22:00 -0300] "GET /cormun/servlet/trsolicitudot HTTP/1.1" 200 6600
186.103.157.98 - - [03/Jun/2016:11:22:05 -0300] "GET /cormun/servlet/trsolicitudot? HTTP/1.1" 200 6600
186.103.157.98 - - [03/Jun/2016:11:22:05 -0300] "GET /cormun/servlet/trsolicitudot? HTTP/1.1" 200 6599
186.103.157.98 - - [03/Jun/2016:11:22:09 -0300] "GET /cormun/servlet/solicitudot?INS,0,0, HTTP/1.1" 200 11772
186.103.157.98 - - [03/Jun/2016:11:22:09 -0300] "GET /cormun/servlet/solicitudot?INS,0,0, HTTP/1.1" 200 11777
186.103.157.39 - - [03/Jun/2016:11:22:10 -0300] "GET /cormun/servlet/hlogin HTTP/1.1" 200 1731
186.103.157.39 - - [03/Jun/2016:11:22:10 -0300] "GET /cormun/static/gxcfg.js?201632119342969 HTTP/1.1" 304 -
186.103.157.39 - - [03/Jun/2016:11:22:10 -0300] "GET /cormun/static/messages.spa.js?85251 HTTP/1.1" 304 -
200.111.191.210 - - [03/Jun/2016:11:22:16 -0300] "GET /cormun/servlet/solicitudotadjuntos?ae97c35699ce8cbbb428804d3b8eb35b7e6343208788539f1fbb60aa6594fe57fd4084137200221f0b2774f434a1303d,gx-no-cache=1464963752748 HTTP/1.1" 200 30
200.111.191.210 - - [03/Jun/2016:11:22:16 -0300] "GET /cormun/servlet/solicitudotadjuntos?ae97c35699ce8cbbb428804d3b8eb35b7e6343208788539f1fbb60aa6594fe57e3827e6e7552fdd1d43aff673ccbbfc3,gx-no-cache=1464963752765 HTTP/1.1" 200 30
200.111.191.210 - - [03/Jun/2016:11:22:18 -0300] "POST /cormun/servlet/solicitudotadjuntos?53d0cb75d5912b032e3b44c29563b94e,INS,2016,1995,,1, HTTP/1.1" 200 5497
200.111.191.210 - - [03/Jun/2016:11:22:19 -0300] "GET /cormun/PrivateTempStorage/upload_00000055.docx HTTP/1.1" 200 2299654
186.103.159.182 - - [03/Jun/2016:11:22:26 -0300] "GET /cormun/servlet/trsolicitudot? HTTP/1.1" 200 6591
186.103.159.182 - - [03/Jun/2016:11:22:26 -0300] "GET /cormun/static/Resources/Spanish/PXTools.css?2139548 HTTP/1.1" 304 -
186.103.159.182 - - [03/Jun/2016:11:22:26 -0300] "GET /cormun/static/gxcfg.js?201631022392470 HTTP/1.1" 304 -
186.103.159.182 - - [03/Jun/2016:11:22:26 -0300] "GET /cormun/static/trsolicitudot.js?201631022393178 HTTP/1.1" 304 -
186.103.157.98 - - [03/Jun/2016:11:22:28 -0300] "POST /cormun/servlet/solicitudot?gx-no-cache=1464963766833 HTTP/1.1" 200 2677
186.103.157.98 - - [03/Jun/2016:11:22:28 -0300] "POST /cormun/servlet/solicitudot?9c3b22ed8de947b2cf1050f961f919b7,INS,0,0,,gx-no-cache=1464963766971 HTTP/1.1" 200 8462
186.103.159.182 - - [03/Jun/2016:11:22:29 -0300] "GET /cormun/servlet/trsolicitudot? HTTP/1.1" 200 6590
200.111.191.210 - - [03/Jun/2016:11:22:30 -0300] "POST /cormun/servlet/solicitudotadjuntos?gx-no-cache=1464963766492 HTTP/1.1" 200 26
186.103.157.98 - - [03/Jun/2016:11:22:33 -0300] "GET /cormun/servlet/solicitudot?e59ff6fa5e198d6e0f9283946da605bd54a52f4488552e6cddf7b7fae58d727f7ed26aa6e97dd002244c016b22dec1a5,gx-no-cache=1464963772031 HTTP/1.1" 200 30
186.103.157.39 - - [03/Jun/2016:11:22:37 -0300] "POST /cormun/servlet/hlogin?100ca64f3f5fb53fc8bd1e62b5c23b7b,gx-no-cache=1464963771550 HTTP/1.1" 200 433
200.111.191.210 - - [03/Jun/2016:11:22:42 -0300] "GET /cormun/servlet/solicitudotadjuntos?ae97c35699ce8cbbb428804d3b8eb35b7e6343208788539f1fbb60aa6594fe57e3827e6e7552fdd1d43aff673ccbbfc3,gx-no-cache=1464963778655 HTTP/1.1" 200 30
200.111.191.210 - - [03/Jun/2016:11:22:42 -0300] "GET /cormun/servlet/solicitudotadjuntos?ae97c35699ce8cbbb428804d3b8eb35b7e6343208788539f1fbb60aa6594fe57e3827e6e7552fdd1d43aff673ccbbfc3,gx-no-cache=1464963778719 HTTP/1.1" 200 30
200.111.191.210 - - [03/Jun/2016:11:22:44 -0300] "POST /cormun/servlet/solicitudotadjuntos?53d0cb75d5912b032e3b44c29563b94e,INS,2016,1995,,1, HTTP/1.1" 200 116
200.111.191.210 - - [03/Jun/2016:11:22:44 -0300] "GET /cormun/servlet/hpexe_return? HTTP/1.1" 200 1030
200.111.191.210 - - [03/Jun/2016:11:22:46 -0300] "GET /cormun/servlet/trsolicitudadjuntos?2016,1995, HTTP/1.1" 200 7836
200.111.191.210 - - [03/Jun/2016:11:22:49 -0300] "GET /cormun/servlet/trsolicitudadjuntos?2016,1995, HTTP/1.1" 200 7834
200.111.191.210 - - [03/Jun/2016:11:22:57 -0300] "GET /cormun/servlet/solicitudotadjuntos?INS,2016,1995,,1, HTTP/1.1" 200 5606
200.111.191.210 - - [03/Jun/2016:11:22:57 -0300] "GET /cormun/static/about:blank HTTP/1.1" 404 1011
200.111.191.210 - - [03/Jun/2016:11:22:57 -0300] "GET /cormun/servlet/solicitudotadjuntos?INS,2016,1995,,1, HTTP/1.1" 200 5600
200.111.191.210 - - [03/Jun/2016:11:22:57 -0300] "GET /cormun/servlet/solicitudotadjuntos?ae97c35699ce8cbbb428804d3b8eb35b7bfbc9842dbd44782a9edd1ee9e5012b7de477fecd6749d20abeef278bec0fb1,gx-no-cache=1464963794242 HTTP/1.1" 200 30
200.111.191.210 - - [03/Jun/2016:11:22:58 -0300] "POST /cormun/servlet/solicitudotadjuntos?53d0cb75d5912b032e3b44c29563b94e,INS,2016,1995,,1,,gx-no-cache=1464963794266 HTTP/1.1" 200 3479
186.103.157.39 - - [03/Jun/2016:11:23:02 -0300] "POST /cormun/servlet/hlogin?100ca64f3f5fb53fc8bd1e62b5c23b7b,gx-no-cache=1464963796175 HTTP/1.1" 200 435
200.111.191.210 - - [03/Jun/2016:11:23:05 -0300] "POST /cormun/servlet/solicitudotadjuntos?gx-no-cache=1464963801570 HTTP/1.1" 200 26
200.111.191.210 - - [03/Jun/2016:11:23:16 -0300] "GET /cormun/servlet/solicitudotadjuntos?ae97c35699ce8cbbb428804d3b8eb35ba9fe3deeb8a480bad5382a008391726b,gx-no-cache=1464963812389 HTTP/1.1" 200 30
200.111.191.210 - - [03/Jun/2016:11:23:16 -0300] "GET /cormun/servlet/solicitudotadjuntos?ae97c35699ce8cbbb428804d3b8eb35ba9fe3deeb8a480bad5382a008391726b,gx-no-cache=1464963812402 HTTP/1.1" 200 30
200.111.191.210 - - [03/Jun/2016:11:23:21 -0300] "POST /cormun/servlet/solicitudotadjuntos?53d0cb75d5912b032e3b44c29563b94e,INS,2016,1995,,1, HTTP/1.1" 200 116
200.111.191.210 - - [03/Jun/2016:11:23:21 -0300] "GET /cormun/servlet/hpexe_return? HTTP/1.1" 200 1030
200.111.191.210 - - [03/Jun/2016:11:23:24 -0300] "GET /cormun/servlet/trsolicitudadjuntos?2016,1995, HTTP/1.1" 200 7963
200.111.191.210 - - [03/Jun/2016:11:23:27 -0300] "GET /cormun/servlet/trsolicitudadjuntos?2016,1995, HTTP/1.1" 200 7961
200.111.191.210 - - [03/Jun/2016:11:23:31 -0300] "GET /cormun/servlet/solicitudotadjuntos?INS,2016,1995,,1, HTTP/1.1" 200 5606
200.111.191.210 - - [03/Jun/2016:11:23:31 -0300] "GET /cormun/static/about:blank HTTP/1.1" 404 1011
200.111.191.210 - - [03/Jun/2016:11:23:31 -0300] "GET /cormun/servlet/solicitudotadjuntos?INS,2016,1995,,1, HTTP/1.1" 200 5600
200.111.191.210 - - [03/Jun/2016:11:23:31 -0300] "GET /cormun/servlet/solicitudotadjuntos?ae97c35699ce8cbbb428804d3b8eb35b7bfbc9842dbd44782a9edd1ee9e5012b7de477fecd6749d20abeef278bec0fb1,gx-no-cache=1464963828287 HTTP/1.1" 200 30
200.111.191.210 - - [03/Jun/2016:11:23:32 -0300] "POST /cormun/servlet/solicitudotadjuntos?53d0cb75d5912b032e3b44c29563b94e,INS,2016,1995,,1,,gx-no-cache=1464963828312 HTTP/1.1" 200 3479
186.103.157.39 - - [03/Jun/2016:11:23:36 -0300] "GET /cormun/servlet/hlogin HTTP/1.1" 200 1731
200.111.191.210 - - [03/Jun/2016:11:23:37 -0300] "POST /cormun/servlet/solicitudotadjuntos?gx-no-cache=1464963833671 HTTP/1.1" 200 26
200.111.191.210 - - [03/Jun/2016:11:23:49 -0300] "GET /cormun/servlet/solicitudotadjuntos?ae97c35699ce8cbbb428804d3b8eb35ba9fe3deeb8a480bad5382a008391726b,gx-no-cache=1464963845615 HTTP/1.1" 200 30
200.111.191.210 - - [03/Jun/2016:11:23:49 -0300] "GET /cormun/servlet/solicitudotadjuntos?ae97c35699ce8cbbb428804d3b8eb35ba9fe3deeb8a480bad5382a008391726b,gx-no-cache=1464963845635 HTTP/1.1" 200 30
200.111.191.210 - - [03/Jun/2016:11:23:56 -0300] "POST /cormun/servlet/solicitudotadjuntos?53d0cb75d5912b032e3b44c29563b94e,INS,2016,1995,,1, HTTP/1.1" 200 116
200.111.191.210 - - [03/Jun/2016:11:23:56 -0300] "GET /cormun/servlet/hpexe_return? HTTP/1.1" 200 1030
200.111.191.210 - - [03/Jun/2016:11:23:59 -0300] "GET /cormun/servlet/trsolicitudadjuntos?2016,1995, HTTP/1.1" 200 8080
200.111.191.210 - - [03/Jun/2016:11:24:03 -0300] "GET /cormun/servlet/trsolicitudadjuntos?2016,1995, HTTP/1.1" 200 8080
186.103.157.39 - - [03/Jun/2016:11:24:06 -0300] "POST /cormun/servlet/hlogin?100ca64f3f5fb53fc8bd1e62b5c23b7b,gx-no-cache=1464963860622 HTTP/1.1" 200 90
186.103.157.39 - - [03/Jun/2016:11:24:06 -0300] "GET /cormun/servlet/hpexe_link HTTP/1.1" 200 952
186.103.157.39 - - [03/Jun/2016:11:24:06 -0300] "GET /cormun/static/gxcfg.js?20151120044395 HTTP/1.1" 304 -
186.103.157.39 - - [03/Jun/2016:11:24:07 -0300] "GET /cormun/servlet/hhome HTTP/1.1" 200 3601
186.103.157.39 - - [03/Jun/2016:11:24:08 -0300] "GET /cormun/static/gxcfg.js?2015112210564248 HTTP/1.1" 304 -
186.103.157.98 - - [03/Jun/2016:11:24:08 -0300] "POST /cormun/servlet/solicitudot?gx-no-cache=1464963866611 HTTP/1.1" 200 120
186.103.157.39 - - [03/Jun/2016:11:24:08 -0300] "GET /cormun/static/PXToolsJavascripts/pexe_oavdivfix.js HTTP/1.1" 304 -
186.103.157.98 - - [03/Jun/2016:11:24:08 -0300] "GET /cormun/static/Shared/jqueryui/images/ui-bg_highlight-soft_100_c6c2c8_1x100.png HTTP/1.1" 404 1117
186.103.157.98 - - [03/Jun/2016:11:24:08 -0300] "GET /cormun/static/Shared/jqueryui/images/ui-icons_82798d_256x240.png HTTP/1.1" 404 1089
186.103.157.98 - - [03/Jun/2016:11:24:08 -0300] "GET /cormun/static/Shared/jqueryui/images/ui-icons_ebccce_256x240.png HTTP/1.1" 404 1089
186.103.157.98 - - [03/Jun/2016:11:24:08 -0300] "GET /cormun/static/Shared/jqueryui/images/ui-bg_flat_55_994d53_40x100.png HTTP/1.1" 404 1097
186.103.157.39 - - [03/Jun/2016:11:24:10 -0300] "GET /cormun/servlet/hhome HTTP/1.1" 200 3598
200.111.191.210 - - [03/Jun/2016:11:24:15 -0300] "GET /cormun/servlet/solicitudotadjuntos?INS,2016,1995,,2, HTTP/1.1" 200 5605
200.111.191.210 - - [03/Jun/2016:11:24:15 -0300] "GET /cormun/static/about:blank HTTP/1.1" 404 1011
200.111.191.210 - - [03/Jun/2016:11:24:15 -0300] "GET /cormun/servlet/solicitudotadjuntos?INS,2016,1995,,2, HTTP/1.1" 200 5599
200.111.191.210 - - [03/Jun/2016:11:24:16 -0300] "GET /cormun/servlet/solicitudotadjuntos?ae97c35699ce8cbbb428804d3b8eb35b7bfbc9842dbd44782a9edd1ee9e5012b7de477fecd6749d20abeef278bec0fb1,gx-no-cache=1464963872384 HTTP/1.1" 200 30
200.111.191.210 - - [03/Jun/2016:11:24:16 -0300] "POST /cormun/servlet/solicitudotadjuntos?53d0cb75d5912b032e3b44c29563b94e,INS,2016,1995,,2,,gx-no-cache=1464963872415 HTTP/1.1" 200 3693
186.103.157.39 - - [03/Jun/2016:11:24:17 -0300] "GET /cormun/servlet/hlogin HTTP/1.1" 200 1737
186.103.157.98 - - [03/Jun/2016:11:24:26 -0300] "POST /cormun/servlet/solicitudot?gx-no-cache=1464963884328 HTTP/1.1" 200 30
186.103.157.98 - - [03/Jun/2016:11:24:29 -0300] "POST /cormun/servlet/solicitudot?gx-no-cache=1464963887775 HTTP/1.1" 200 122
186.103.157.98 - - [03/Jun/2016:11:24:29 -0300] "GET /cormun/static/Shared/jqueryui/images/ui-bg_flat_55_fafafa_40x100.png HTTP/1.1" 404 1097
186.103.157.98 - - [03/Jun/2016:11:24:29 -0300] "GET /cormun/static/Shared/jqueryui/images/ui-icons_8d78a5_256x240.png HTTP/1.1" 404 1089
200.111.191.210 - - [03/Jun/2016:11:24:46 -0300] "POST /cormun/servlet/solicitudotadjuntos?gx-no-cache=1464963902742 HTTP/1.1" 200 26
186.103.157.98 - - [03/Jun/2016:11:25:09 -0300] "POST /cormun/servlet/solicitudot?gx-no-cache=1464963927788 HTTP/1.1" 200 1185
186.103.157.98 - - [03/Jun/2016:11:25:17 -0300] "GET /cormun/servlet/prfichaempleado?,MD,,gxPopupLevel%3D0%3B HTTP/1.1" 200 8557
200.111.191.210 - - [03/Jun/2016:11:26:02 -0300] "GET /cormun/servlet/solicitudotadjuntos?ae97c35699ce8cbbb428804d3b8eb35ba9fe3deeb8a480bad5382a008391726b,gx-no-cache=1464963978924 HTTP/1.1" 200 30
200.111.191.210 - - [03/Jun/2016:11:26:02 -0300] "GET /cormun/servlet/solicitudotadjuntos?ae97c35699ce8cbbb428804d3b8eb35ba9fe3deeb8a480bad5382a008391726b,gx-no-cache=1464963978971 HTTP/1.1" 200 30
200.111.191.210 - - [03/Jun/2016:11:26:16 -0300] "POST /cormun/servlet/solicitudotadjuntos?53d0cb75d5912b032e3b44c29563b94e,INS,2016,1995,,2, HTTP/1.1" 200 116
200.111.191.210 - - [03/Jun/2016:11:26:16 -0300] "GET /cormun/servlet/hpexe_return? HTTP/1.1" 200 1030
200.111.191.210 - - [03/Jun/2016:11:26:21 -0300] "GET /cormun/servlet/trsolicitudadjuntos?2016,1995, HTTP/1.1" 200 8324
200.111.191.210 - - [03/Jun/2016:11:26:26 -0300] "GET /cormun/servlet/trsolicitudadjuntos?2016,1995, HTTP/1.1" 200 8326
200.111.191.210 - - [03/Jun/2016:11:26:29 -0300] "GET /cormun/servlet/hlogin HTTP/1.1" 200 1756
200.111.191.210 - - [03/Jun/2016:11:26:59 -0300] "POST /cormun/servlet/hlogin?53d0cb75d5912b032e3b44c29563b94e,gx-no-cache=1464964036044 HTTP/1.1" 200 90
200.111.191.210 - - [03/Jun/2016:11:26:59 -0300] "GET /cormun/servlet/hpexe_link HTTP/1.1" 200 953
200.111.191.210 - - [03/Jun/2016:11:27:00 -0300] "GET /cormun/servlet/hhome HTTP/1.1" 200 3651
200.111.191.210 - - [03/Jun/2016:11:27:00 -0300] "GET /cormun/static/Resources/Spanish/PXTools.css?10515224 HTTP/1.1" 304 -
200.111.191.210 - - [03/Jun/2016:11:27:00 -0300] "GET /cormun/static/gxcfg.js?2015112210564248 HTTP/1.1" 304 -
200.111.191.210 - - [03/Jun/2016:11:27:00 -0300] "GET /cormun/static/hhome.js?2015112210564255 HTTP/1.1" 304 -
200.111.191.210 - - [03/Jun/2016:11:27:00 -0300] "GET /cormun/servlet/hhome HTTP/1.1" 200 3647
200.111.191.210 - - [03/Jun/2016:11:27:17 -0300] "GET /cormun/servlet/trsolicitudot? HTTP/1.1" 200 7789
200.111.191.210 - - [03/Jun/2016:11:27:18 -0300] "GET /cormun/servlet/trsolicitudot? HTTP/1.1" 200 7787
200.111.191.210 - - [03/Jun/2016:11:27:47 -0300] "POST /cormun/servlet/trsolicitudot?53d0cb75d5912b032e3b44c29563b94e,,gx-no-cache=1464964083138 HTTP/1.1" 200 3963
200.111.191.210 - - [03/Jun/2016:11:27:47 -0300] "GET /cormun/static/Shared/jqueryui/images/ui-bg_flat_55_fafafa_40x100.png HTTP/1.1" 404 1097
200.111.191.210 - - [03/Jun/2016:11:27:47 -0300] "GET /cormun/static/Shared/jqueryui/images/ui-icons_8d78a5_256x240.png HTTP/1.1" 404 1089
200.111.191.210 - - [03/Jun/2016:11:27:47 -0300] "POST /cormun/servlet/trsolicitudot?53d0cb75d5912b032e3b44c29563b94e,,gx-no-cache=1464964083673 HTTP/1.1" 200 3813
200.111.191.210 - - [03/Jun/2016:11:27:57 -0300] "GET /cormun/servlet/trsolicitudot? HTTP/1.1" 200 6569
200.111.191.210 - - [03/Jun/2016:11:27:58 -0300] "GET /cormun/servlet/trsolicitudot? HTTP/1.1" 200 6569
200.111.191.210 - - [03/Jun/2016:11:28:01 -0300] "GET /cormun/servlet/trautorizarsolicitud? HTTP/1.1" 200 7719
200.111.191.210 - - [03/Jun/2016:11:28:02 -0300] "GET /cormun/static/gxcfg.js?201651622221839 HTTP/1.1" 304 -
200.111.191.210 - - [03/Jun/2016:11:28:02 -0300] "GET /cormun/servlet/trautorizarsolicitud? HTTP/1.1" 200 7719
186.103.157.98 - - [03/Jun/2016:11:28:03 -0300] "GET /cormun/servlet/prlicenciaspermisos?17503191,L,,MD,,gxPopupLevel%3D0%3B HTTP/1.1" 200 5575
186.103.157.98 - - [03/Jun/2016:11:28:03 -0300] "GET /cormun/static/gxcfg.js?201652512202696 HTTP/1.1" 200 953
186.103.157.98 - - [03/Jun/2016:11:28:03 -0300] "GET /cormun/static/prlicenciaspermisos.js?201652512202842 HTTP/1.1" 200 13349
