186.103.159.188 - - [02/Jun/2016:13:24:04 -0300] "GET /cormun/servlet/hpexe_return? HTTP/1.1" 200 1024
186.103.159.188 - - [02/Jun/2016:13:24:04 -0300] "GET /cormun/servlet/trsolicitudadjuntos?2016,1989, HTTP/1.1" 200 7620
186.103.159.188 - - [02/Jun/2016:13:24:05 -0300] "GET /cormun/servlet/trsolicitudadjuntos?2016,1989, HTTP/1.1" 200 7617
186.103.159.188 - - [02/Jun/2016:13:24:09 -0300] "GET /cormun/servlet/solicitudotadjuntos?INS,2016,1989,,1, HTTP/1.1" 200 5655
186.103.159.188 - - [02/Jun/2016:13:24:09 -0300] "GET /cormun/static/about:blank HTTP/1.1" 404 1011
186.103.159.188 - - [02/Jun/2016:13:24:10 -0300] "GET /cormun/servlet/solicitudotadjuntos?INS,2016,1989,,1, HTTP/1.1" 200 5649
186.103.159.188 - - [02/Jun/2016:13:24:10 -0300] "GET /cormun/servlet/solicitudotadjuntos?dc7ed56efb90c81f758001dacf5db78f0f3556bdb88f0de138b5d61e853f62623beb53213f32358af408089f7524e933,gx-no-cache=1464884671098 HTTP/1.1" 200 30
186.103.159.188 - - [02/Jun/2016:13:24:10 -0300] "POST /cormun/servlet/solicitudotadjuntos?87a2f0b7042eb8889c123f4d74d6fa87,INS,2016,1989,,1,,gx-no-cache=1464884671145 HTTP/1.1" 200 3513
186.103.159.188 - - [02/Jun/2016:13:24:13 -0300] "POST /cormun/servlet/solicitudotadjuntos?gx-no-cache=1464884673984 HTTP/1.1" 200 26
186.103.159.188 - - [02/Jun/2016:13:24:19 -0300] "GET /cormun/servlet/solicitudotadjuntos?dc7ed56efb90c81f758001dacf5db78fc3292bf010e2962b121881a13469a6f0,gx-no-cache=1464884680318 HTTP/1.1" 200 30
186.103.159.188 - - [02/Jun/2016:13:24:19 -0300] "GET /cormun/servlet/solicitudotadjuntos?dc7ed56efb90c81f758001dacf5db78fc3292bf010e2962b121881a13469a6f0,gx-no-cache=1464884680349 HTTP/1.1" 200 30
186.103.159.188 - - [02/Jun/2016:13:24:20 -0300] "POST /cormun/servlet/solicitudotadjuntos?87a2f0b7042eb8889c123f4d74d6fa87,INS,2016,1989,,1, HTTP/1.1" 200 116
186.103.159.188 - - [02/Jun/2016:13:24:20 -0300] "GET /cormun/servlet/hpexe_return? HTTP/1.1" 200 1024
186.103.159.188 - - [02/Jun/2016:13:24:21 -0300] "GET /cormun/servlet/trsolicitudadjuntos?2016,1989, HTTP/1.1" 200 7759
186.103.159.188 - - [02/Jun/2016:13:24:22 -0300] "GET /cormun/servlet/trsolicitudadjuntos?2016,1989, HTTP/1.1" 200 7759
186.103.159.188 - - [02/Jun/2016:13:24:26 -0300] "GET /cormun/servlet/solicitudotadjuntos?INS,2016,1989,,1, HTTP/1.1" 200 5655
186.103.159.188 - - [02/Jun/2016:13:24:26 -0300] "GET /cormun/static/about:blank HTTP/1.1" 404 1011
186.103.159.188 - - [02/Jun/2016:13:24:27 -0300] "GET /cormun/servlet/solicitudotadjuntos?INS,2016,1989,,1, HTTP/1.1" 200 5649
186.103.159.188 - - [02/Jun/2016:13:24:27 -0300] "GET /cormun/servlet/solicitudotadjuntos?dc7ed56efb90c81f758001dacf5db78f0f3556bdb88f0de138b5d61e853f62623beb53213f32358af408089f7524e933,gx-no-cache=1464884688102 HTTP/1.1" 200 30
186.103.159.188 - - [02/Jun/2016:13:24:27 -0300] "POST /cormun/servlet/solicitudotadjuntos?87a2f0b7042eb8889c123f4d74d6fa87,INS,2016,1989,,1,,gx-no-cache=1464884688149 HTTP/1.1" 200 3513
186.103.159.188 - - [02/Jun/2016:13:24:30 -0300] "POST /cormun/servlet/solicitudotadjuntos?gx-no-cache=1464884690941 HTTP/1.1" 200 26
186.103.159.188 - - [02/Jun/2016:13:24:35 -0300] "GET /cormun/servlet/solicitudotadjuntos?dc7ed56efb90c81f758001dacf5db78fc3292bf010e2962b121881a13469a6f0,gx-no-cache=1464884696620 HTTP/1.1" 200 30
186.103.159.188 - - [02/Jun/2016:13:24:35 -0300] "GET /cormun/servlet/solicitudotadjuntos?dc7ed56efb90c81f758001dacf5db78fc3292bf010e2962b121881a13469a6f0,gx-no-cache=1464884696651 HTTP/1.1" 200 30
186.103.159.188 - - [02/Jun/2016:13:24:38 -0300] "POST /cormun/servlet/solicitudotadjuntos?87a2f0b7042eb8889c123f4d74d6fa87,INS,2016,1989,,1, HTTP/1.1" 200 116
186.103.159.188 - - [02/Jun/2016:13:24:38 -0300] "GET /cormun/servlet/hpexe_return? HTTP/1.1" 200 1024
186.78.53.251 - - [02/Jun/2016:13:24:38 -0300] "GET /cormun/servlet/solicitudotadjuntos?d255391b29e32dc8803c87e154958a61bea56d165ddd749a0e0df0aa93b2ea7e4edbf345d38b9ea17771ffd876a9cf75ce828f259c183f709a28f6e7595daa46d2981ff65b54836f45ce2466028d50898b5ad874490d59c902ab68c0ab2543be7a7d789348e3120db24f26a46772583750d3f70a9c196a927860942d9d69347194152d3f0dbc374edc35829ca0cab9e0,gx-no-cache=1464884695133 HTTP/1.1" 200 26
186.103.159.188 - - [02/Jun/2016:13:24:38 -0300] "GET /cormun/servlet/trsolicitudadjuntos?2016,1989, HTTP/1.1" 200 7877
186.103.159.188 - - [02/Jun/2016:13:24:39 -0300] "GET /cormun/servlet/trsolicitudadjuntos?2016,1989, HTTP/1.1" 200 7875
186.103.159.188 - - [02/Jun/2016:13:24:42 -0300] "GET /cormun/servlet/solicitudotadjuntos?INS,2016,1989,,1, HTTP/1.1" 200 5655
186.103.159.188 - - [02/Jun/2016:13:24:42 -0300] "GET /cormun/static/about:blank HTTP/1.1" 404 1011
186.103.159.188 - - [02/Jun/2016:13:24:43 -0300] "GET /cormun/servlet/solicitudotadjuntos?INS,2016,1989,,1, HTTP/1.1" 200 5649
186.103.159.188 - - [02/Jun/2016:13:24:43 -0300] "GET /cormun/servlet/solicitudotadjuntos?dc7ed56efb90c81f758001dacf5db78f0f3556bdb88f0de138b5d61e853f62623beb53213f32358af408089f7524e933,gx-no-cache=1464884704342 HTTP/1.1" 200 30
186.103.159.188 - - [02/Jun/2016:13:24:43 -0300] "POST /cormun/servlet/solicitudotadjuntos?87a2f0b7042eb8889c123f4d74d6fa87,INS,2016,1989,,1,,gx-no-cache=1464884704404 HTTP/1.1" 200 3513
186.103.159.188 - - [02/Jun/2016:13:24:47 -0300] "POST /cormun/servlet/solicitudotadjuntos?gx-no-cache=1464884708148 HTTP/1.1" 200 26
186.78.53.251 - - [02/Jun/2016:13:24:53 -0300] "GET /cormun/servlet/solicitudotadjuntos?e431967b7d894a5015e8f029be0b93453c35afe22df2c175493c848d447edffb,gx-no-cache=1464884711009 HTTP/1.1" 200 30
186.78.53.251 - - [02/Jun/2016:13:24:54 -0300] "GET /cormun/servlet/solicitudotadjuntos?e431967b7d894a5015e8f029be0b93453c35afe22df2c175493c848d447edffb,gx-no-cache=1464884711195 HTTP/1.1" 200 30
186.103.159.188 - - [02/Jun/2016:13:24:56 -0300] "GET /cormun/servlet/solicitudotadjuntos?dc7ed56efb90c81f758001dacf5db78fc3292bf010e2962b121881a13469a6f0,gx-no-cache=1464884717539 HTTP/1.1" 200 30
186.103.159.188 - - [02/Jun/2016:13:24:56 -0300] "GET /cormun/servlet/solicitudotadjuntos?dc7ed56efb90c81f758001dacf5db78fc3292bf010e2962b121881a13469a6f0,gx-no-cache=1464884717571 HTTP/1.1" 200 30
186.103.159.188 - - [02/Jun/2016:13:25:00 -0300] "POST /cormun/servlet/solicitudotadjuntos?87a2f0b7042eb8889c123f4d74d6fa87,INS,2016,1989,,1, HTTP/1.1" 200 116
186.103.159.188 - - [02/Jun/2016:13:25:00 -0300] "GET /cormun/servlet/hpexe_return? HTTP/1.1" 200 1024
186.103.159.188 - - [02/Jun/2016:13:25:01 -0300] "GET /cormun/servlet/trsolicitudadjuntos?2016,1989, HTTP/1.1" 200 8009
186.103.159.188 - - [02/Jun/2016:13:25:02 -0300] "GET /cormun/servlet/trsolicitudadjuntos?2016,1989, HTTP/1.1" 200 8005
186.103.159.188 - - [02/Jun/2016:13:25:06 -0300] "GET /cormun/servlet/solicitudotadjuntos?INS,2016,1989,,1, HTTP/1.1" 200 5657
186.103.159.188 - - [02/Jun/2016:13:25:06 -0300] "GET /cormun/static/about:blank HTTP/1.1" 404 1011
186.103.159.188 - - [02/Jun/2016:13:25:07 -0300] "GET /cormun/servlet/solicitudotadjuntos?dc7ed56efb90c81f758001dacf5db78f0f3556bdb88f0de138b5d61e853f62623beb53213f32358af408089f7524e933,gx-no-cache=1464884727858 HTTP/1.1" 200 30
186.103.159.188 - - [02/Jun/2016:13:25:07 -0300] "GET /cormun/servlet/solicitudotadjuntos?INS,2016,1989,,1, HTTP/1.1" 200 5651
186.103.159.188 - - [02/Jun/2016:13:25:07 -0300] "POST /cormun/servlet/solicitudotadjuntos?87a2f0b7042eb8889c123f4d74d6fa87,INS,2016,1989,,1,,gx-no-cache=1464884727936 HTTP/1.1" 200 3514
186.103.159.188 - - [02/Jun/2016:13:25:11 -0300] "POST /cormun/servlet/solicitudotadjuntos?gx-no-cache=1464884731961 HTTP/1.1" 200 26
186.103.159.188 - - [02/Jun/2016:13:25:17 -0300] "GET /cormun/servlet/solicitudotadjuntos?dc7ed56efb90c81f758001dacf5db78fc3292bf010e2962b121881a13469a6f0,gx-no-cache=1464884738669 HTTP/1.1" 200 30
186.103.159.188 - - [02/Jun/2016:13:25:17 -0300] "GET /cormun/servlet/solicitudotadjuntos?dc7ed56efb90c81f758001dacf5db78fc3292bf010e2962b121881a13469a6f0,gx-no-cache=1464884738700 HTTP/1.1" 200 30
186.103.159.188 - - [02/Jun/2016:13:25:19 -0300] "POST /cormun/servlet/solicitudotadjuntos?87a2f0b7042eb8889c123f4d74d6fa87,INS,2016,1989,,1, HTTP/1.1" 200 116
186.103.159.188 - - [02/Jun/2016:13:25:19 -0300] "GET /cormun/servlet/hpexe_return? HTTP/1.1" 200 1024
186.103.159.188 - - [02/Jun/2016:13:25:20 -0300] "GET /cormun/servlet/trsolicitudadjuntos?2016,1989, HTTP/1.1" 200 8127
186.103.159.188 - - [02/Jun/2016:13:25:21 -0300] "GET /cormun/servlet/trsolicitudadjuntos?2016,1989, HTTP/1.1" 200 8126
186.103.159.188 - - [02/Jun/2016:13:25:24 -0300] "GET /cormun/servlet/solicitudotadjuntos?INS,2016,1989,,2, HTTP/1.1" 200 5654
186.103.159.188 - - [02/Jun/2016:13:25:24 -0300] "GET /cormun/static/about:blank HTTP/1.1" 404 1011
186.103.159.188 - - [02/Jun/2016:13:25:25 -0300] "GET /cormun/servlet/solicitudotadjuntos?INS,2016,1989,,2, HTTP/1.1" 200 5648
186.103.159.188 - - [02/Jun/2016:13:25:25 -0300] "GET /cormun/servlet/solicitudotadjuntos?dc7ed56efb90c81f758001dacf5db78f0f3556bdb88f0de138b5d61e853f62623beb53213f32358af408089f7524e933,gx-no-cache=1464884746266 HTTP/1.1" 200 30
186.103.159.188 - - [02/Jun/2016:13:25:25 -0300] "POST /cormun/servlet/solicitudotadjuntos?87a2f0b7042eb8889c123f4d74d6fa87,INS,2016,1989,,2,,gx-no-cache=1464884746313 HTTP/1.1" 200 3657
186.103.159.188 - - [02/Jun/2016:13:25:29 -0300] "POST /cormun/servlet/solicitudotadjuntos?gx-no-cache=1464884750634 HTTP/1.1" 200 26
186.103.159.188 - - [02/Jun/2016:13:25:35 -0300] "GET /cormun/servlet/solicitudotadjuntos?dc7ed56efb90c81f758001dacf5db78fc3292bf010e2962b121881a13469a6f0,gx-no-cache=1464884756313 HTTP/1.1" 200 30
186.103.159.188 - - [02/Jun/2016:13:25:35 -0300] "GET /cormun/servlet/solicitudotadjuntos?dc7ed56efb90c81f758001dacf5db78fc3292bf010e2962b121881a13469a6f0,gx-no-cache=1464884756344 HTTP/1.1" 200 30
186.103.159.188 - - [02/Jun/2016:13:25:36 -0300] "POST /cormun/servlet/solicitudotadjuntos?87a2f0b7042eb8889c123f4d74d6fa87,INS,2016,1989,,2, HTTP/1.1" 200 116
186.103.159.188 - - [02/Jun/2016:13:25:36 -0300] "GET /cormun/servlet/hpexe_return? HTTP/1.1" 200 1025
186.103.159.188 - - [02/Jun/2016:13:25:37 -0300] "GET /cormun/servlet/trsolicitudadjuntos?2016,1989, HTTP/1.1" 200 8357
186.103.159.188 - - [02/Jun/2016:13:25:38 -0300] "GET /cormun/servlet/trsolicitudadjuntos?2016,1989, HTTP/1.1" 200 8356
186.103.159.188 - - [02/Jun/2016:13:25:43 -0300] "GET /cormun/servlet/trsolicitudot? HTTP/1.1" 200 7782
186.103.159.188 - - [02/Jun/2016:13:25:43 -0300] "GET /cormun/servlet/trsolicitudot? HTTP/1.1" 200 7776
186.103.159.188 - - [02/Jun/2016:13:25:57 -0300] "POST /cormun/servlet/trsolicitudot?87a2f0b7042eb8889c123f4d74d6fa87,,gx-no-cache=1464884778106 HTTP/1.1" 200 3918
186.103.159.188 - - [02/Jun/2016:13:25:58 -0300] "POST /cormun/servlet/trsolicitudot?87a2f0b7042eb8889c123f4d74d6fa87,,gx-no-cache=1464884778668 HTTP/1.1" 200 3772
186.78.53.251 - - [02/Jun/2016:13:25:58 -0300] "POST /cormun/servlet/solicitudotadjuntos?9cdf203369f29109fd3c2e2e78cb6127,INS,2016,1988,,1, HTTP/1.1" 200 116
186.78.53.251 - - [02/Jun/2016:13:25:58 -0300] "GET /cormun/servlet/hpexe_return? HTTP/1.1" 200 1028
186.78.53.251 - - [02/Jun/2016:13:25:59 -0300] "GET /cormun/servlet/trsolicitudadjuntos?2016,1988, HTTP/1.1" 200 7469
186.78.53.251 - - [02/Jun/2016:13:26:00 -0300] "GET /cormun/servlet/trsolicitudadjuntos?2016,1988, HTTP/1.1" 200 7464
186.103.159.188 - - [02/Jun/2016:13:26:22 -0300] "GET /cormun/servlet/solicitudot?INS,0,0, HTTP/1.1" 200 11704
186.103.159.188 - - [02/Jun/2016:13:26:23 -0300] "GET /cormun/servlet/solicitudot?INS,0,0, HTTP/1.1" 200 11709
186.103.159.188 - - [02/Jun/2016:13:26:35 -0300] "POST /cormun/servlet/solicitudot?gx-no-cache=1464884815656 HTTP/1.1" 200 2784
186.103.159.188 - - [02/Jun/2016:13:26:35 -0300] "POST /cormun/servlet/solicitudot?87a2f0b7042eb8889c123f4d74d6fa87,INS,0,0,,gx-no-cache=1464884815937 HTTP/1.1" 200 8523
186.103.159.188 - - [02/Jun/2016:13:26:39 -0300] "GET /cormun/servlet/solicitudot?dc7ed56efb90c81f758001dacf5db78f061a6fcc9a05b7b79e208d591a2c9995e7b863eb8b6b47fdaf53a7d0af320782,gx-no-cache=1464884819884 HTTP/1.1" 200 30
186.103.159.188 - - [02/Jun/2016:13:26:39 -0300] "POST /cormun/servlet/solicitudot?gx-no-cache=1464884819946 HTTP/1.1" 200 30
186.103.159.188 - - [02/Jun/2016:13:26:45 -0300] "POST /cormun/servlet/solicitudot?gx-no-cache=1464884826748 HTTP/1.1" 200 30
186.103.159.188 - - [02/Jun/2016:13:26:48 -0300] "GET /cormun/servlet/prcontratosol?7677020,,,,,MD,,gxPopupLevel%3D0%3B HTTP/1.1" 200 5723
186.103.159.188 - - [02/Jun/2016:13:26:51 -0300] "POST /cormun/servlet/solicitudot?gx-no-cache=1464884832598 HTTP/1.1" 200 1187
186.103.159.188 - - [02/Jun/2016:13:26:51 -0300] "GET /cormun/servlet/solicitudot?dc7ed56efb90c81f758001dacf5db78f79f83faf1cbdcc2a84e1ba5e350c0f7bbd7aabcb8d64d13b9e8b239a0428f76d7498022600bcf553140f11c8e78588e249b785aa22929e544479d5f676bb9e90d259becf84e4694fe2ce1b31b1a03064356a136c967714f9a9189c2b161f9fc45c61b59cd40d8a8970652ef47b29a92a81261ace8161cea0fe098720302f8913,gx-no-cache=1464884832707 HTTP/1.1" 200 38
186.103.159.188 - - [02/Jun/2016:13:26:51 -0300] "GET /cormun/servlet/solicitudot?dc7ed56efb90c81f758001dacf5db78fd0237e3509e3f98378f2deeeffa2bfdec04f2e81548bd729fc70a6553fc7f6334e88fefc6cb5a16ca76bef15fd624781422038239f404fc60f563eacec331aec8d5880f04e5b316265120e9b14e7785102cf79d8eade2bbb95cb70f47e372a769416d6a77444c24305d19be590194bb92be1d529e7ba81373e71235b82bbdb07ea6e4f350db4db3fdf25a1b9eee24416,gx-no-cache=1464884832739 HTTP/1.1" 200 29
186.103.159.188 - - [02/Jun/2016:13:26:52 -0300] "POST /cormun/servlet/solicitudot?gx-no-cache=1464884832785 HTTP/1.1" 200 1143
186.103.159.188 - - [02/Jun/2016:13:27:12 -0300] "GET /cormun/servlet/prlicenciaspermisos?13567526,L,,MD,,gxPopupLevel%3D0%3B HTTP/1.1" 200 6765
186.103.159.188 - - [02/Jun/2016:13:27:18 -0300] "POST /cormun/servlet/solicitudot?gx-no-cache=1464884858944 HTTP/1.1" 200 1185
186.103.159.188 - - [02/Jun/2016:13:27:31 -0300] "GET /cormun/servlet/solicitudot?dc7ed56efb90c81f758001dacf5db78f79f83faf1cbdcc2a84e1ba5e350c0f7bbd7aabcb8d64d13b9e8b239a0428f76d7498022600bcf553140f11c8e78588e249b785aa22929e544479d5f676bb9e90d259becf84e4694fe2ce1b31b1a03064356a136c967714f9a9189c2b161f9fc45c61b59cd40d8a8970652ef47b29a92a077687c035365030a8105f83149352ab23d420c22f55c11945baced90cd57a46,gx-no-cache=1464884872063 HTTP/1.1" 200 41
186.103.159.188 - - [02/Jun/2016:13:27:45 -0300] "POST /cormun/servlet/solicitudot?gx-no-cache=1464884886291 HTTP/1.1" 200 1143
186.103.159.188 - - [02/Jun/2016:13:28:17 -0300] "GET /cormun/servlet/solicitudot?dc7ed56efb90c81f758001dacf5db78f1f93d03faa49e7c7e4c4b308c7a61fdfa2b5d5598a41c9b2c0ddcc6b15b6ec3a538a303fedf10871292bf69482f1c679ff2e4900ee474620fc4dbaa491cece46123d08c1dac3d4162df4974edd888b92ea6629ccc4481345e382c5f849900c1c917b2a9d0099e178eb4cf731129fc039263dbd37be43b0549497c68619358a034591de803d2177a22098cf3b94938a350273c36430c2504ef1fa8dd00e9ce78fee5d06e4fac22c70be318d445c80b5cf,gx-no-cache=1464884917924 HTTP/1.1" 200 30
186.103.159.188 - - [02/Jun/2016:13:28:45 -0300] "POST /cormun/servlet/solicitudot?87a2f0b7042eb8889c123f4d74d6fa87,INS,0,0,,gx-no-cache=1464884945349 HTTP/1.1" 200 93
186.103.159.188 - - [02/Jun/2016:13:28:45 -0300] "GET /cormun/servlet/hpexe_return? HTTP/1.1" 200 1005
186.103.159.188 - - [02/Jun/2016:13:28:45 -0300] "GET /cormun/servlet/trsolicitudot? HTTP/1.1" 200 7836
186.103.159.188 - - [02/Jun/2016:13:28:46 -0300] "GET /cormun/servlet/trsolicitudot? HTTP/1.1" 200 7832
186.78.53.251 - - [02/Jun/2016:13:29:08 -0300] "GET /cormun/servlet/solicitudotadjuntos?INS,2016,1988,,1, HTTP/1.1" 200 5632
186.78.53.251 - - [02/Jun/2016:13:29:08 -0300] "GET /cormun/static/about:blank HTTP/1.1" 404 1011
186.78.53.251 - - [02/Jun/2016:13:29:09 -0300] "GET /cormun/servlet/solicitudotadjuntos?INS,2016,1988,,1, HTTP/1.1" 200 5626
186.78.53.251 - - [02/Jun/2016:13:29:09 -0300] "GET /cormun/servlet/solicitudotadjuntos?e431967b7d894a5015e8f029be0b934576d4b94d1e8e2a18c4db23d944776e73fb2ff4161b645f2f93a4321369e32802,gx-no-cache=1464884966463 HTTP/1.1" 200 30
186.78.53.251 - - [02/Jun/2016:13:29:10 -0300] "POST /cormun/servlet/solicitudotadjuntos?9cdf203369f29109fd3c2e2e78cb6127,INS,2016,1988,,1,,gx-no-cache=1464884966604 HTTP/1.1" 200 3302
186.103.159.188 - - [02/Jun/2016:13:29:13 -0300] "GET /cormun/servlet/solicitudot?INS,0,0, HTTP/1.1" 200 11704
186.78.53.251 - - [02/Jun/2016:13:29:14 -0300] "GET /cormun/servlet/trsolicitudadjuntos?2016,1988, HTTP/1.1" 200 7469
186.103.159.188 - - [02/Jun/2016:13:29:14 -0300] "GET /cormun/servlet/solicitudot?INS,0,0, HTTP/1.1" 200 11709
186.78.53.251 - - [02/Jun/2016:13:29:15 -0300] "GET /cormun/servlet/trsolicitudadjuntos?2016,1988, HTTP/1.1" 200 7465
186.78.53.251 - - [02/Jun/2016:13:29:21 -0300] "GET /cormun/servlet/solicitudotadjuntos?INS,2016,1988,,2, HTTP/1.1" 200 5631
186.78.53.251 - - [02/Jun/2016:13:29:21 -0300] "GET /cormun/static/about:blank HTTP/1.1" 404 1011
186.78.53.251 - - [02/Jun/2016:13:29:22 -0300] "GET /cormun/servlet/solicitudotadjuntos?INS,2016,1988,,2, HTTP/1.1" 200 5625
186.78.53.251 - - [02/Jun/2016:13:29:22 -0300] "GET /cormun/servlet/solicitudotadjuntos?e431967b7d894a5015e8f029be0b934576d4b94d1e8e2a18c4db23d944776e73fb2ff4161b645f2f93a4321369e32802,gx-no-cache=1464884979406 HTTP/1.1" 200 30
186.78.53.251 - - [02/Jun/2016:13:29:22 -0300] "POST /cormun/servlet/solicitudotadjuntos?9cdf203369f29109fd3c2e2e78cb6127,INS,2016,1988,,2,,gx-no-cache=1464884979502 HTTP/1.1" 200 3833
186.103.159.188 - - [02/Jun/2016:13:29:23 -0300] "POST /cormun/servlet/solicitudot?gx-no-cache=1464884983891 HTTP/1.1" 200 2792
186.103.159.188 - - [02/Jun/2016:13:29:23 -0300] "POST /cormun/servlet/solicitudot?87a2f0b7042eb8889c123f4d74d6fa87,INS,0,0,,gx-no-cache=1464884984297 HTTP/1.1" 200 8540
186.103.159.188 - - [02/Jun/2016:13:29:27 -0300] "GET /cormun/servlet/solicitudot?dc7ed56efb90c81f758001dacf5db78f1b14ec8f87b5a8c47fd26d33b675ca8ce7b863eb8b6b47fdaf53a7d0af320782,gx-no-cache=1464884988181 HTTP/1.1" 200 30
186.103.159.188 - - [02/Jun/2016:13:29:27 -0300] "POST /cormun/servlet/solicitudot?gx-no-cache=1464884988243 HTTP/1.1" 200 30
186.78.53.251 - - [02/Jun/2016:13:29:28 -0300] "POST /cormun/servlet/solicitudotadjuntos?gx-no-cache=1464884985403 HTTP/1.1" 200 26
186.103.159.188 - - [02/Jun/2016:13:29:30 -0300] "POST /cormun/servlet/solicitudot?gx-no-cache=1464884991005 HTTP/1.1" 200 30
186.103.159.188 - - [02/Jun/2016:13:29:33 -0300] "GET /cormun/servlet/prcontratosol?9525565,,,,,MD,,gxPopupLevel%3D0%3B HTTP/1.1" 200 5724
186.78.53.251 - - [02/Jun/2016:13:29:35 -0300] "GET /cormun/servlet/solicitudotadjuntos?e431967b7d894a5015e8f029be0b93453c35afe22df2c175493c848d447edffb,gx-no-cache=1464884992807 HTTP/1.1" 200 30
186.78.53.251 - - [02/Jun/2016:13:29:35 -0300] "GET /cormun/servlet/solicitudotadjuntos?e431967b7d894a5015e8f029be0b93453c35afe22df2c175493c848d447edffb,gx-no-cache=1464884992906 HTTP/1.1" 200 30
186.78.53.251 - - [02/Jun/2016:13:29:43 -0300] "POST /cormun/servlet/solicitudotadjuntos?9cdf203369f29109fd3c2e2e78cb6127,INS,2016,1988,,2, HTTP/1.1" 200 116
186.78.53.251 - - [02/Jun/2016:13:29:43 -0300] "GET /cormun/servlet/hpexe_return? HTTP/1.1" 200 1028
186.78.53.251 - - [02/Jun/2016:13:29:45 -0300] "GET /cormun/servlet/trsolicitudadjuntos?2016,1988, HTTP/1.1" 200 7660
186.78.53.251 - - [02/Jun/2016:13:29:47 -0300] "GET /cormun/servlet/trsolicitudadjuntos?2016,1988, HTTP/1.1" 200 7657
186.78.53.251 - - [02/Jun/2016:13:29:48 -0300] "GET /cormun/servlet/solicitudotadjuntos?INS,2016,1988,,1, HTTP/1.1" 200 5632
186.78.53.251 - - [02/Jun/2016:13:29:48 -0300] "GET /cormun/static/about:blank HTTP/1.1" 404 1011
186.78.53.251 - - [02/Jun/2016:13:29:49 -0300] "GET /cormun/servlet/solicitudotadjuntos?INS,2016,1988,,1, HTTP/1.1" 200 5626
186.78.53.251 - - [02/Jun/2016:13:29:49 -0300] "GET /cormun/servlet/solicitudotadjuntos?e431967b7d894a5015e8f029be0b934576d4b94d1e8e2a18c4db23d944776e73fb2ff4161b645f2f93a4321369e32802,gx-no-cache=1464885006447 HTTP/1.1" 200 30
186.78.53.251 - - [02/Jun/2016:13:29:49 -0300] "POST /cormun/servlet/solicitudotadjuntos?9cdf203369f29109fd3c2e2e78cb6127,INS,2016,1988,,1,,gx-no-cache=1464885006561 HTTP/1.1" 200 3302
186.103.159.188 - - [02/Jun/2016:13:29:50 -0300] "POST /cormun/servlet/solicitudot?gx-no-cache=1464885011721 HTTP/1.1" 200 1187
186.103.159.188 - - [02/Jun/2016:13:29:50 -0300] "GET /cormun/servlet/solicitudot?dc7ed56efb90c81f758001dacf5db78f79f83faf1cbdcc2a84e1ba5e350c0f7bbd7aabcb8d64d13b9e8b239a0428f76d7498022600bcf553140f11c8e78588e249b785aa22929e544479d5f676bb9e90d259becf84e4694fe2ce1b31b1a03064356a136c967714f9a9189c2b161f9fc45c61b59cd40d8a8970652ef47b29a92a81261ace8161cea0fe098720302f8913,gx-no-cache=1464885011831 HTTP/1.1" 200 38
186.103.159.188 - - [02/Jun/2016:13:29:51 -0300] "GET /cormun/servlet/solicitudot?dc7ed56efb90c81f758001dacf5db78fd0237e3509e3f98378f2deeeffa2bfdec04f2e81548bd729fc70a6553fc7f6334e88fefc6cb5a16ca76bef15fd624781422038239f404fc60f563eacec331aec8d5880f04e5b316265120e9b14e7785102cf79d8eade2bbb95cb70f47e372a769416d6a77444c24305d19be590194bb92be1d529e7ba81373e71235b82bbdb07ea6e4f350db4db3fdf25a1b9eee24416,gx-no-cache=1464885011862 HTTP/1.1" 200 29
186.103.159.188 - - [02/Jun/2016:13:29:51 -0300] "POST /cormun/servlet/solicitudot?gx-no-cache=1464885011924 HTTP/1.1" 200 1143
186.78.53.251 - - [02/Jun/2016:13:29:55 -0300] "GET /cormun/servlet/solicitudotadjuntos?d255391b29e32dc8803c87e154958a61bea56d165ddd749a0e0df0aa93b2ea7e4edbf345d38b9ea17771ffd876a9cf75ce828f259c183f709a28f6e7595daa46d2981ff65b54836f45ce2466028d50898b5ad874490d59c902ab68c0ab2543be7a7d789348e3120db24f26a46772583750d3f70a9c196a927860942d9d69347194152d3f0dbc374edc35829ca0cab9e0,gx-no-cache=1464885012077 HTTP/1.1" 200 26
186.78.53.251 - - [02/Jun/2016:13:30:02 -0300] "GET /cormun/servlet/trsolicitudadjuntos?2016,1988, HTTP/1.1" 200 7661
186.78.53.251 - - [02/Jun/2016:13:30:03 -0300] "GET /cormun/servlet/trsolicitudadjuntos?2016,1988, HTTP/1.1" 200 7657
186.78.53.251 - - [02/Jun/2016:13:30:06 -0300] "GET /cormun/servlet/solicitudotadjuntos?INS,2016,1988,,2, HTTP/1.1" 200 5631
186.78.53.251 - - [02/Jun/2016:13:30:07 -0300] "GET /cormun/static/about:blank HTTP/1.1" 404 1011
186.78.53.251 - - [02/Jun/2016:13:30:07 -0300] "GET /cormun/servlet/solicitudotadjuntos?INS,2016,1988,,2, HTTP/1.1" 200 5625
186.78.53.251 - - [02/Jun/2016:13:30:07 -0300] "GET /cormun/servlet/solicitudotadjuntos?e431967b7d894a5015e8f029be0b934576d4b94d1e8e2a18c4db23d944776e73fb2ff4161b645f2f93a4321369e32802,gx-no-cache=1464885024756 HTTP/1.1" 200 30
186.78.53.251 - - [02/Jun/2016:13:30:08 -0300] "POST /cormun/servlet/solicitudotadjuntos?9cdf203369f29109fd3c2e2e78cb6127,INS,2016,1988,,2,,gx-no-cache=1464885024855 HTTP/1.1" 200 3833
186.103.159.188 - - [02/Jun/2016:13:30:12 -0300] "GET /cormun/servlet/prlicenciaspermisos?12365931,L,,MD,,gxPopupLevel%3D0%3B HTTP/1.1" 200 6108
186.78.53.251 - - [02/Jun/2016:13:30:15 -0300] "POST /cormun/servlet/solicitudotadjuntos?gx-no-cache=1464885032088 HTTP/1.1" 200 26
186.103.159.188 - - [02/Jun/2016:13:30:24 -0300] "POST /cormun/servlet/solicitudot?gx-no-cache=1464885045335 HTTP/1.1" 200 1185
186.78.53.251 - - [02/Jun/2016:13:30:25 -0300] "GET /cormun/servlet/solicitudotadjuntos?e431967b7d894a5015e8f029be0b93453c35afe22df2c175493c848d447edffb,gx-no-cache=1464885042572 HTTP/1.1" 200 30
186.78.53.251 - - [02/Jun/2016:13:30:26 -0300] "GET /cormun/servlet/solicitudotadjuntos?e431967b7d894a5015e8f029be0b93453c35afe22df2c175493c848d447edffb,gx-no-cache=1464885043317 HTTP/1.1" 200 30
186.103.159.188 - - [02/Jun/2016:13:30:34 -0300] "GET /cormun/servlet/solicitudot?dc7ed56efb90c81f758001dacf5db78f79f83faf1cbdcc2a84e1ba5e350c0f7bbd7aabcb8d64d13b9e8b239a0428f76d7498022600bcf553140f11c8e78588e249b785aa22929e544479d5f676bb9e90d259becf84e4694fe2ce1b31b1a03064356a136c967714f9a9189c2b161f9fc45c61b59cd40d8a8970652ef47b29a92a12bed4deaa3571b2eee640af90084ed323d420c22f55c11945baced90cd57a46,gx-no-cache=1464885054944 HTTP/1.1" 200 41
186.103.159.188 - - [02/Jun/2016:13:30:45 -0300] "POST /cormun/servlet/solicitudot?gx-no-cache=1464885065942 HTTP/1.1" 200 1143
186.103.159.188 - - [02/Jun/2016:13:30:45 -0300] "GET /cormun/static/menuarrow.gif HTTP/1.1" 404 1015
186.103.159.182 - - [02/Jun/2016:13:31:17 -0300] "GET /cormun/servlet/hlogin HTTP/1.1" 200 1727
186.103.159.182 - - [02/Jun/2016:13:31:17 -0300] "GET /cormun/static/messages.spa.js?85251 HTTP/1.1" 304 -
186.103.159.182 - - [02/Jun/2016:13:31:17 -0300] "GET /cormun/static/gxcfg.js?201632119342969 HTTP/1.1" 304 -
186.103.159.182 - - [02/Jun/2016:13:31:18 -0300] "GET /cormun/servlet/hlogin HTTP/1.1" 200 1734
186.103.159.182 - - [02/Jun/2016:13:31:19 -0300] "GET /favicon.ico HTTP/1.1" 200 21630
186.103.159.182 - - [02/Jun/2016:13:31:21 -0300] "POST /cormun/servlet/hlogin?81e24c5944d86c3f81b0be0c623bb7de,gx-no-cache=1464885098113 HTTP/1.1" 200 90
186.103.159.182 - - [02/Jun/2016:13:31:21 -0300] "GET /cormun/servlet/hpexe_link HTTP/1.1" 200 949
186.103.159.182 - - [02/Jun/2016:13:31:21 -0300] "GET /cormun/static/gxcfg.js?20151120044395 HTTP/1.1" 304 -
186.103.159.182 - - [02/Jun/2016:13:31:21 -0300] "GET /cormun/servlet/hhome HTTP/1.1" 200 3666
186.103.159.182 - - [02/Jun/2016:13:31:22 -0300] "GET /cormun/static/gxcfg.js?2015112210564248 HTTP/1.1" 304 -
186.103.159.182 - - [02/Jun/2016:13:31:26 -0300] "GET /cormun/servlet/hhome HTTP/1.1" 200 3662
186.78.53.251 - - [02/Jun/2016:13:31:27 -0300] "GET /cormun/servlet/hlogin HTTP/1.1" 200 1724
186.103.159.188 - - [02/Jun/2016:13:31:34 -0300] "GET /cormun/servlet/solicitudot?dc7ed56efb90c81f758001dacf5db78f72d8120f638dd8daf327f37708d4adba35162ce385d152f14f9a6ca84190d20871719dd2123aa3ffb9d143bfd4f32f2e77e9f26c36d2d75ac5ca0ea4d002b97c7ac4edabdca0e615b70f700d18263264a8ccc5b5218f7df35010b7fd70bc7c752f9451cc69d35a8c98461184f17fa344347713074a9d5de13c1c92267bd92d2d816c91b888edd309fae94f76731587ce25938454c53b55882d3fcde3be81df98f28ab780c981cff1f7a23bf7dd2607e5,gx-no-cache=1464885114692 HTTP/1.1" 200 30
186.78.53.251 - - [02/Jun/2016:13:31:44 -0300] "POST /cormun/servlet/hlogin?9cdf203369f29109fd3c2e2e78cb6127,gx-no-cache=1464885121016 HTTP/1.1" 200 90
186.78.53.251 - - [02/Jun/2016:13:31:45 -0300] "GET /cormun/servlet/hpexe_link HTTP/1.1" 200 978
186.78.53.251 - - [02/Jun/2016:13:31:47 -0300] "GET /cormun/servlet/solicitudotadjuntos?INS,2016,1988,,2, HTTP/1.1" 200 5627
186.78.53.251 - - [02/Jun/2016:13:31:48 -0300] "GET /cormun/static/about:blank HTTP/1.1" 404 1011
186.78.53.251 - - [02/Jun/2016:13:31:50 -0300] "GET /cormun/servlet/solicitudotadjuntos?INS,2016,1988,,2, HTTP/1.1" 200 5625
186.78.53.251 - - [02/Jun/2016:13:31:50 -0300] "GET /cormun/servlet/solicitudotadjuntos?e431967b7d894a5015e8f029be0b934576d4b94d1e8e2a18c4db23d944776e73fb2ff4161b645f2f93a4321369e32802,gx-no-cache=1464885126444 HTTP/1.1" 200 30
186.78.53.251 - - [02/Jun/2016:13:31:53 -0300] "POST /cormun/servlet/solicitudotadjuntos?9cdf203369f29109fd3c2e2e78cb6127,INS,2016,1988,,2,,gx-no-cache=1464885128144 HTTP/1.1" 200 3821
186.103.159.182 - - [02/Jun/2016:13:32:05 -0300] "GET /cormun/servlet/trsolicitudot? HTTP/1.1" 200 6587
186.103.159.182 - - [02/Jun/2016:13:32:06 -0300] "GET /cormun/static/gxcfg.js?201631022392470 HTTP/1.1" 304 -
186.103.159.182 - - [02/Jun/2016:13:32:09 -0300] "GET /cormun/servlet/trsolicitudot? HTTP/1.1" 200 6586
186.103.159.188 - - [02/Jun/2016:13:32:10 -0300] "POST /cormun/servlet/solicitudot?87a2f0b7042eb8889c123f4d74d6fa87,INS,0,0,,gx-no-cache=1464885150369 HTTP/1.1" 200 93
186.103.159.188 - - [02/Jun/2016:13:32:10 -0300] "GET /cormun/servlet/hpexe_return? HTTP/1.1" 200 1005
186.103.159.188 - - [02/Jun/2016:13:32:10 -0300] "GET /cormun/servlet/trsolicitudot HTTP/1.1" 200 8222
186.78.53.251 - - [02/Jun/2016:13:32:11 -0300] "POST /cormun/servlet/solicitudotadjuntos?gx-no-cache=1464885148201 HTTP/1.1" 200 26
186.103.159.188 - - [02/Jun/2016:13:32:11 -0300] "GET /cormun/servlet/trsolicitudot HTTP/1.1" 200 8218
186.78.53.251 - - [02/Jun/2016:13:32:16 -0300] "GET /cormun/servlet/solicitudotadjuntos?e431967b7d894a5015e8f029be0b93453c35afe22df2c175493c848d447edffb,gx-no-cache=1464885153421 HTTP/1.1" 200 30
186.78.53.251 - - [02/Jun/2016:13:32:17 -0300] "GET /cormun/servlet/solicitudotadjuntos?e431967b7d894a5015e8f029be0b93453c35afe22df2c175493c848d447edffb,gx-no-cache=1464885154217 HTTP/1.1" 200 30
186.103.159.182 - - [02/Jun/2016:13:32:21 -0300] "GET /cormun/servlet/solicitudot?INS,0,0, HTTP/1.1" 200 11758
186.103.159.182 - - [02/Jun/2016:13:32:21 -0300] "GET /cormun/static/gxcfg.js?201631710541238 HTTP/1.1" 304 -
186.103.159.182 - - [02/Jun/2016:13:32:25 -0300] "GET /cormun/servlet/solicitudot?INS,0,0, HTTP/1.1" 200 11763
186.103.159.182 - - [02/Jun/2016:13:32:38 -0300] "POST /cormun/servlet/solicitudot?gx-no-cache=1464885175284 HTTP/1.1" 200 2677
186.103.159.188 - - [02/Jun/2016:13:32:38 -0300] "POST /cormun/servlet/trsolicitudot?87a2f0b7042eb8889c123f4d74d6fa87,gx-no-cache=1464885178840 HTTP/1.1" 200 5212
186.103.159.188 - - [02/Jun/2016:13:32:39 -0300] "GET /cormun/static/Shared/jqueryui/images/ui-bg_highlight-soft_100_c6c2c8_1x100.png HTTP/1.1" 404 1117
186.103.159.188 - - [02/Jun/2016:13:32:39 -0300] "GET /cormun/static/Shared/jqueryui/images/ui-icons_82798d_256x240.png HTTP/1.1" 404 1089
186.103.159.188 - - [02/Jun/2016:13:32:39 -0300] "GET /cormun/static/Shared/jqueryui/images/ui-bg_flat_55_fafafa_40x100.png HTTP/1.1" 404 1097
186.103.159.188 - - [02/Jun/2016:13:32:39 -0300] "GET /cormun/static/Shared/jqueryui/images/ui-icons_8d78a5_256x240.png HTTP/1.1" 404 1089
186.103.159.182 - - [02/Jun/2016:13:32:39 -0300] "POST /cormun/servlet/solicitudot?81e24c5944d86c3f81b0be0c623bb7de,INS,0,0,,gx-no-cache=1464885175784 HTTP/1.1" 200 8463
186.103.159.188 - - [02/Jun/2016:13:32:39 -0300] "POST /cormun/servlet/trsolicitudot?87a2f0b7042eb8889c123f4d74d6fa87,gx-no-cache=1464885179886 HTTP/1.1" 200 5153
186.103.159.182 - - [02/Jun/2016:13:32:42 -0300] "GET /cormun/servlet/solicitudot?5142d86da8b7c91d3207b94c18d22facdaeaf8f01fbef53ff7c17d39cb4e8eed1b0819b2491bdf474c5f186ee2c4771a,gx-no-cache=1464885179141 HTTP/1.1" 200 30
186.103.159.188 - - [02/Jun/2016:13:32:42 -0300] "POST /cormun/servlet/trsolicitudot?87a2f0b7042eb8889c123f4d74d6fa87,gx-no-cache=1464885182647 HTTP/1.1" 200 3939
186.103.159.188 - - [02/Jun/2016:13:32:43 -0300] "POST /cormun/servlet/trsolicitudot?87a2f0b7042eb8889c123f4d74d6fa87,gx-no-cache=1464885183177 HTTP/1.1" 200 3758
186.78.53.251 - - [02/Jun/2016:13:32:45 -0300] "POST /cormun/servlet/solicitudotadjuntos?9cdf203369f29109fd3c2e2e78cb6127,INS,2016,1988,,2, HTTP/1.1" 200 6020
186.78.53.251 - - [02/Jun/2016:13:34:19 -0300] "POST /cormun/servlet/solicitudotadjuntos?9cdf203369f29109fd3c2e2e78cb6127,INS,2016,1988,,2, HTTP/1.1" 200 116
186.103.159.182 - - [02/Jun/2016:13:34:19 -0300] "POST /cormun/servlet/solicitudot?gx-no-cache=1464885275978 HTTP/1.1" 200 120
186.78.53.251 - - [02/Jun/2016:13:34:19 -0300] "GET /cormun/servlet/hlogin HTTP/1.1" 200 1724
186.103.159.182 - - [02/Jun/2016:13:34:19 -0300] "GET /cormun/static/Shared/jqueryui/images/ui-bg_highlight-soft_100_c6c2c8_1x100.png HTTP/1.1" 404 1117
186.103.159.182 - - [02/Jun/2016:13:34:19 -0300] "GET /cormun/static/Shared/jqueryui/images/ui-icons_82798d_256x240.png HTTP/1.1" 404 1089
186.103.159.182 - - [02/Jun/2016:13:34:19 -0300] "GET /cormun/static/Shared/jqueryui/images/ui-bg_flat_55_994d53_40x100.png HTTP/1.1" 404 1097
186.103.159.182 - - [02/Jun/2016:13:34:19 -0300] "GET /cormun/static/Shared/jqueryui/images/ui-icons_ebccce_256x240.png HTTP/1.1" 404 1089
186.78.53.251 - - [02/Jun/2016:13:34:23 -0300] "POST /cormun/servlet/hlogin?9cdf203369f29109fd3c2e2e78cb6127,gx-no-cache=1464885279435 HTTP/1.1" 200 90
186.103.159.182 - - [02/Jun/2016:13:34:23 -0300] "POST /cormun/servlet/solicitudot?gx-no-cache=1464885280611 HTTP/1.1" 200 30
186.78.53.251 - - [02/Jun/2016:13:34:24 -0300] "GET /cormun/servlet/hpexe_link HTTP/1.1" 200 978
186.78.53.251 - - [02/Jun/2016:13:34:25 -0300] "GET /cormun/servlet/solicitudotadjuntos?INS,2016,1988,,2, HTTP/1.1" 200 5626
186.103.159.182 - - [02/Jun/2016:13:34:25 -0300] "POST /cormun/servlet/solicitudot?gx-no-cache=1464885282661 HTTP/1.1" 200 30
186.78.53.251 - - [02/Jun/2016:13:34:26 -0300] "GET /cormun/static/about:blank HTTP/1.1" 404 1011
186.78.53.251 - - [02/Jun/2016:13:34:27 -0300] "GET /cormun/servlet/solicitudotadjuntos?INS,2016,1988,,2, HTTP/1.1" 200 5625
186.103.159.182 - - [02/Jun/2016:13:34:27 -0300] "POST /cormun/servlet/solicitudot?gx-no-cache=1464885284881 HTTP/1.1" 200 452
186.103.159.182 - - [02/Jun/2016:13:34:28 -0300] "GET /cormun/servlet/solicitudot?5142d86da8b7c91d3207b94c18d22facdc6e3e1baf8460ae8305f37ffb31fec41c2a64ccf954eaf27e8bb99cecae34e51178d89aa72303becdae35d731e58771e751ce8d071692e2014b94007b564286bbd490a074d83d619ae8bfde84d6bd045a15e6e7be2bca42d36bc6cce229f54c35c6e8f8a0aa11b3c92f045439b2e8a14b31f0920e8068505c9bbc9eda5d5542,gx-no-cache=1464885284997 HTTP/1.1" 200 38
186.78.53.251 - - [02/Jun/2016:13:34:28 -0300] "GET /cormun/servlet/solicitudotadjuntos?e431967b7d894a5015e8f029be0b934576d4b94d1e8e2a18c4db23d944776e73fb2ff4161b645f2f93a4321369e32802,gx-no-cache=1464885284257 HTTP/1.1" 200 30
186.78.53.251 - - [02/Jun/2016:13:34:32 -0300] "POST /cormun/servlet/solicitudotadjuntos?9cdf203369f29109fd3c2e2e78cb6127,INS,2016,1988,,2,,gx-no-cache=1464885286649 HTTP/1.1" 200 3821
186.103.159.182 - - [02/Jun/2016:13:34:38 -0300] "GET /cormun/servlet/solicitudot?5142d86da8b7c91d3207b94c18d22fac22b996a34e53e1d60524950f586b845981c98298f2ee004bccea3802b9b481fa9c300ece3bafb929bf2161dd60bc683ee2e6ad02ee62cf9e503826659eb1aabac12293723b9268c7e4dbe9f5675c2dbc259aa0fb380e1fd45f82f838ad5d13d6,gx-no-cache=1464885295676 HTTP/1.1" 200 29
186.103.159.182 - - [02/Jun/2016:13:34:39 -0300] "POST /cormun/servlet/solicitudot?gx-no-cache=1464885296054 HTTP/1.1" 200 404
186.78.53.251 - - [02/Jun/2016:13:34:41 -0300] "POST /cormun/servlet/solicitudotadjuntos?9cdf203369f29109fd3c2e2e78cb6127,INS,2016,1988,,2,,gx-no-cache=1464885296586 HTTP/1.1" 200 93
186.78.53.251 - - [02/Jun/2016:13:34:42 -0300] "GET /cormun/servlet/hpexe_return? HTTP/1.1" 200 1028
186.78.53.251 - - [02/Jun/2016:13:34:44 -0300] "GET /cormun/servlet/trsolicitudadjuntos?2016,1988, HTTP/1.1" 200 7869
186.78.53.251 - - [02/Jun/2016:13:34:54 -0300] "GET /cormun/servlet/trsolicitudadjuntos?2016,1988, HTTP/1.1" 200 7865
186.103.159.182 - - [02/Jun/2016:13:34:54 -0300] "GET /cormun/servlet/solicitudot?5142d86da8b7c91d3207b94c18d22fac333fedb0b7c539fef174cb604b125af5fdaaa4e11a94bed3b32835b4680fa4a8e7dd942adb2300f48361ac5ada8e2a020395b1a66a86038ec24fb92e55b3fda64d0dbda796ed6856cbd4541adf100af2d94f52a7acd62f8f658d050a9b7f9a7afc29778a62c93bfb11710daeb0c2e5bb61e653f3495c581af2e19932eaa7ba65b776fa6e5dbd595cb781be263be5c9d4,gx-no-cache=1464885311492 HTTP/1.1" 200 30
186.78.53.251 - - [02/Jun/2016:13:35:03 -0300] "GET /cormun/servlet/solicitudotadjuntos?INS,2016,1988,,1, HTTP/1.1" 200 5632
186.78.53.251 - - [02/Jun/2016:13:35:04 -0300] "GET /cormun/static/about:blank HTTP/1.1" 404 1011
186.78.53.251 - - [02/Jun/2016:13:35:05 -0300] "GET /cormun/servlet/solicitudotadjuntos?INS,2016,1988,,1, HTTP/1.1" 200 5626
186.78.53.251 - - [02/Jun/2016:13:35:07 -0300] "GET /cormun/servlet/solicitudotadjuntos?e431967b7d894a5015e8f029be0b934576d4b94d1e8e2a18c4db23d944776e73fb2ff4161b645f2f93a4321369e32802,gx-no-cache=1464885322316 HTTP/1.1" 200 30
186.78.53.251 - - [02/Jun/2016:13:35:11 -0300] "POST /cormun/servlet/solicitudotadjuntos?9cdf203369f29109fd3c2e2e78cb6127,INS,2016,1988,,1,,gx-no-cache=1464885325649 HTTP/1.1" 200 3302
186.103.159.182 - - [02/Jun/2016:13:35:14 -0300] "POST /cormun/servlet/solicitudot?81e24c5944d86c3f81b0be0c623bb7de,INS,0,0,,gx-no-cache=1464885331168 HTTP/1.1" 200 93
186.103.159.182 - - [02/Jun/2016:13:35:14 -0300] "GET /cormun/servlet/hpexe_return? HTTP/1.1" 200 1006
186.103.159.182 - - [02/Jun/2016:13:35:15 -0300] "GET /cormun/static/Resources/Spanish/PXTools.css?12112540 HTTP/1.1" 304 -
186.103.159.182 - - [02/Jun/2016:13:35:15 -0300] "GET /cormun/static/hpexe_return.js?2015111312145056 HTTP/1.1" 304 -
186.103.159.182 - - [02/Jun/2016:13:35:15 -0300] "GET /cormun/static/gxcfg.js?2015111312145050 HTTP/1.1" 304 -
186.103.159.182 - - [02/Jun/2016:13:35:16 -0300] "GET /cormun/servlet/trsolicitudot HTTP/1.1" 200 7805
186.78.53.251 - - [02/Jun/2016:13:35:16 -0300] "GET /cormun/servlet/trsolicitudadjuntos?2016,1988, HTTP/1.1" 200 7870
186.103.159.182 - - [02/Jun/2016:13:35:18 -0300] "GET /cormun//static/Resources/PXToolsGridUpdate.png HTTP/1.1" 200 2984
186.103.159.182 - - [02/Jun/2016:13:35:18 -0300] "GET /cormun//static/Resources/PXToolsActionView.png HTTP/1.1" 200 2995
186.103.159.182 - - [02/Jun/2016:13:35:18 -0300] "GET /cormun//static/Resources/PXToolsGridDelete.png HTTP/1.1" 200 357
186.103.159.182 - - [02/Jun/2016:13:35:18 -0300] "GET /cormun//static/Resources/PXToolsRemoveAllAction.png HTTP/1.1" 200 3558
186.103.159.182 - - [02/Jun/2016:13:35:18 -0300] "GET /cormun//static/Resources/PXTools/ActionInsert.png HTTP/1.1" 200 1482
186.103.159.182 - - [02/Jun/2016:13:35:19 -0300] "GET /cormun/servlet/trsolicitudot HTTP/1.1" 200 7802
186.78.53.251 - - [02/Jun/2016:13:35:19 -0300] "GET /cormun/servlet/trsolicitudadjuntos?2016,1988, HTTP/1.1" 200 7867
186.78.53.251 - - [02/Jun/2016:13:35:25 -0300] "GET /cormun/servlet/solicitudotadjuntos?INS,2016,1988,,2, HTTP/1.1" 200 5631
186.78.53.251 - - [02/Jun/2016:13:35:26 -0300] "GET /cormun/static/about:blank HTTP/1.1" 404 1011
186.78.53.251 - - [02/Jun/2016:13:35:27 -0300] "GET /cormun/servlet/solicitudotadjuntos?INS,2016,1988,,2, HTTP/1.1" 200 5625
186.78.53.251 - - [02/Jun/2016:13:35:28 -0300] "GET /cormun/servlet/solicitudotadjuntos?e431967b7d894a5015e8f029be0b934576d4b94d1e8e2a18c4db23d944776e73fb2ff4161b645f2f93a4321369e32802,gx-no-cache=1464885344213 HTTP/1.1" 200 30
186.78.53.251 - - [02/Jun/2016:13:35:30 -0300] "POST /cormun/servlet/solicitudotadjuntos?9cdf203369f29109fd3c2e2e78cb6127,INS,2016,1988,,2,,gx-no-cache=1464885346925 HTTP/1.1" 200 3833
186.78.53.251 - - [02/Jun/2016:13:36:01 -0300] "POST /cormun/servlet/solicitudotadjuntos?gx-no-cache=1464885376363 HTTP/1.1" 200 26
186.103.157.246 - - [02/Jun/2016:13:36:10 -0300] "GET /cormun/servlet/solicitudot?fa6fc131db71797632c027d27866df5cfc9d2b701878ff761221017098d567a9f23ca953d8da1a5f6f4e2fe7b00e1c512cc37e192badf45c601d60d545a38487c0ca3ad5be6eafb36cf80992ea529a4771101a2c2fe5d9029d30a3f8d083550fb648756501dfbf11decf43f5d72836766c78797dbfaa073e24f31fc2d40ca59938e66c72fa22ed63b89c3b18d10bca0c757d9b19a723f283a17c1ca3edc6b4f79f30218483b1a8012463cf975655fe55ae024eae285dcfa1341f81feac9743d3,gx-no-cache=1464885386939 HTTP/1.1" 500 10
186.103.157.246 - - [02/Jun/2016:13:36:10 -0300] "POST /cormun/servlet/solicitudot?67f004a0795b4a52bcbd539acdbce7ca,INS,0,0,,gx-no-cache=1464885387471 HTTP/1.1" 440 972
186.103.157.246 - - [02/Jun/2016:13:36:12 -0300] "GET /cormun/servlet/solicitudot?INS,0,0, HTTP/1.1" 200 11139
186.78.53.251 - - [02/Jun/2016:13:36:12 -0300] "GET /cormun/servlet/solicitudotadjuntos?e431967b7d894a5015e8f029be0b93453c35afe22df2c175493c848d447edffb,gx-no-cache=1464885390076 HTTP/1.1" 200 30
186.103.157.246 - - [02/Jun/2016:13:36:13 -0300] "GET /cormun/servlet/hlogin HTTP/1.1" 200 1731
186.78.53.251 - - [02/Jun/2016:13:36:14 -0300] "GET /cormun/servlet/solicitudotadjuntos?e431967b7d894a5015e8f029be0b93453c35afe22df2c175493c848d447edffb,gx-no-cache=1464885391385 HTTP/1.1" 200 30
186.103.157.246 - - [02/Jun/2016:13:36:25 -0300] "POST /cormun/servlet/hlogin?a2f25593aec49a8d7b00fe0c0825c1e9,gx-no-cache=1464885402556 HTTP/1.1" 200 90
186.103.157.246 - - [02/Jun/2016:13:36:25 -0300] "GET /cormun/servlet/hpexe_link HTTP/1.1" 200 950
186.103.157.246 - - [02/Jun/2016:13:36:26 -0300] "GET /cormun/servlet/solicitudot?INS,0,0, HTTP/1.1" 200 11500
186.103.157.246 - - [02/Jun/2016:13:36:42 -0300] "POST /cormun/servlet/solicitudot?gx-no-cache=1464885418925 HTTP/1.1" 200 2797
186.103.157.246 - - [02/Jun/2016:13:36:42 -0300] "POST /cormun/servlet/solicitudot?a2f25593aec49a8d7b00fe0c0825c1e9,INS,0,0,,gx-no-cache=1464885419300 HTTP/1.1" 200 8277
186.103.157.246 - - [02/Jun/2016:13:36:43 -0300] "GET /cormun/servlet/solicitudot?ba40505830718da205986979012996c7cc878efa5e7ba0f9be6f92e0c64ac93ad06eb544c1fcdf21074c53760d9fbd5f,gx-no-cache=1464885419971 HTTP/1.1" 200 30
186.103.157.246 - - [02/Jun/2016:13:36:58 -0300] "POST /cormun/servlet/solicitudot?gx-no-cache=1464885435458 HTTP/1.1" 200 30
186.78.53.251 - - [02/Jun/2016:13:37:13 -0300] "GET /cormun/servlet/trsolicitudadjuntos?2016,1988, HTTP/1.1" 200 7869
186.78.53.251 - - [02/Jun/2016:13:37:15 -0300] "GET /cormun/servlet/trsolicitudadjuntos?2016,1988, HTTP/1.1" 200 7868
186.103.159.182 - - [02/Jun/2016:13:37:21 -0300] "POST /cormun/servlet/trsolicitudot?81e24c5944d86c3f81b0be0c623bb7de,gx-no-cache=1464885457417 HTTP/1.1" 200 106
186.103.159.182 - - [02/Jun/2016:13:37:22 -0300] "GET /cormun/servlet/trsolicitudadjuntos?2016,1992, HTTP/1.1" 200 5609
186.103.159.182 - - [02/Jun/2016:13:37:22 -0300] "GET /cormun/static/gxcfg.js?2016311731090 HTTP/1.1" 200 953
186.103.159.182 - - [02/Jun/2016:13:37:22 -0300] "GET /cormun/static/Resources/Spanish/PXTools.css?171692 HTTP/1.1" 200 89042
186.103.159.182 - - [02/Jun/2016:13:37:22 -0300] "GET /cormun/static/Resources/PXToolsGridFirst.gif HTTP/1.1" 200 379
186.103.159.182 - - [02/Jun/2016:13:37:22 -0300] "GET /cormun/static/trsolicitudadjuntos.js?2016311731342 HTTP/1.1" 200 17913
186.103.159.182 - - [02/Jun/2016:13:37:22 -0300] "GET /cormun/static/Resources/PXToolsGridPrevious.gif HTTP/1.1" 200 369
186.103.159.182 - - [02/Jun/2016:13:37:22 -0300] "GET /cormun/static/Resources/PXToolsGridLast.gif HTTP/1.1" 200 370
186.103.159.182 - - [02/Jun/2016:13:37:22 -0300] "GET /cormun/static/Resources/PXToolsGridNext.gif HTTP/1.1" 200 369
186.103.159.182 - - [02/Jun/2016:13:37:24 -0300] "GET /cormun/servlet/trsolicitudadjuntos?2016,1992, HTTP/1.1" 200 5609
186.78.53.251 - - [02/Jun/2016:13:37:33 -0300] "POST /cormun/servlet/solicitudotadjuntos?9cdf203369f29109fd3c2e2e78cb6127,INS,2016,1988,,2, HTTP/1.1" 200 6023
186.78.53.251 - - [02/Jun/2016:13:37:37 -0300] "GET /cormun/servlet/solicitudotadjuntos?INS,2016,1988,,2, HTTP/1.1" 200 5626
186.78.53.251 - - [02/Jun/2016:13:37:38 -0300] "GET /cormun/static/about:blank HTTP/1.1" 404 1011
186.103.157.246 - - [02/Jun/2016:13:37:38 -0300] "POST /cormun/servlet/solicitudot?gx-no-cache=1464885440195 HTTP/1.1" 500 4102
186.78.53.251 - - [02/Jun/2016:13:37:38 -0300] "GET /cormun/servlet/solicitudotadjuntos?INS,2016,1988,,2, HTTP/1.1" 200 5625
186.78.53.251 - - [02/Jun/2016:13:37:38 -0300] "GET /cormun/servlet/solicitudotadjuntos?e431967b7d894a5015e8f029be0b934576d4b94d1e8e2a18c4db23d944776e73fb2ff4161b645f2f93a4321369e32802,gx-no-cache=1464885475912 HTTP/1.1" 200 30
186.78.53.251 - - [02/Jun/2016:13:37:39 -0300] "POST /cormun/servlet/solicitudotadjuntos?9cdf203369f29109fd3c2e2e78cb6127,INS,2016,1988,,2,,gx-no-cache=1464885476004 HTTP/1.1" 200 3820
186.78.53.251 - - [02/Jun/2016:13:37:39 -0300] "GET /cormun/servlet/hlogin HTTP/1.1" 200 1724
186.78.53.251 - - [02/Jun/2016:13:37:41 -0300] "POST /cormun/servlet/hlogin?9cdf203369f29109fd3c2e2e78cb6127,gx-no-cache=1464885478239 HTTP/1.1" 200 90
186.78.53.251 - - [02/Jun/2016:13:37:41 -0300] "GET /cormun/servlet/hpexe_link HTTP/1.1" 200 978
186.78.53.251 - - [02/Jun/2016:13:37:41 -0300] "GET /cormun/servlet/solicitudotadjuntos?INS,2016,1988,,2, HTTP/1.1" 200 5626
186.78.53.251 - - [02/Jun/2016:13:37:42 -0300] "GET /cormun/static/about:blank HTTP/1.1" 404 1011
186.78.53.251 - - [02/Jun/2016:13:37:42 -0300] "GET /cormun/servlet/solicitudotadjuntos?e431967b7d894a5015e8f029be0b934576d4b94d1e8e2a18c4db23d944776e73fb2ff4161b645f2f93a4321369e32802,gx-no-cache=1464885480020 HTTP/1.1" 200 30
186.78.53.251 - - [02/Jun/2016:13:37:42 -0300] "GET /cormun/servlet/solicitudotadjuntos?INS,2016,1988,,2, HTTP/1.1" 200 5625
186.78.53.251 - - [02/Jun/2016:13:37:43 -0300] "POST /cormun/servlet/solicitudotadjuntos?9cdf203369f29109fd3c2e2e78cb6127,INS,2016,1988,,2,,gx-no-cache=1464885480123 HTTP/1.1" 200 3820
186.78.53.251 - - [02/Jun/2016:13:37:49 -0300] "GET /cormun/servlet/trsolicitudot? HTTP/1.1" 200 7757
186.78.53.251 - - [02/Jun/2016:13:37:49 -0300] "GET /cormun/servlet/trsolicitudot? HTTP/1.1" 200 7746
186.78.53.251 - - [02/Jun/2016:13:38:01 -0300] "POST /cormun/servlet/trsolicitudot?9cdf203369f29109fd3c2e2e78cb6127,,gx-no-cache=1464885497895 HTTP/1.1" 200 3930
186.78.53.251 - - [02/Jun/2016:13:38:01 -0300] "GET /cormun/static/Shared/jqueryui/images/ui-bg_highlight-soft_100_c6c2c8_1x100.png HTTP/1.1" 404 1117
186.78.53.251 - - [02/Jun/2016:13:38:01 -0300] "GET /cormun/static/Shared/jqueryui/images/ui-icons_82798d_256x240.png HTTP/1.1" 404 1089
186.78.53.251 - - [02/Jun/2016:13:38:01 -0300] "GET /cormun/static/Shared/jqueryui/images/ui-icons_8d78a5_256x240.png HTTP/1.1" 404 1089
186.78.53.251 - - [02/Jun/2016:13:38:01 -0300] "GET /cormun/static/Shared/jqueryui/images/ui-bg_flat_55_fafafa_40x100.png HTTP/1.1" 404 1097
186.78.53.251 - - [02/Jun/2016:13:38:02 -0300] "POST /cormun/servlet/trsolicitudot?9cdf203369f29109fd3c2e2e78cb6127,,gx-no-cache=1464885498634 HTTP/1.1" 200 3776
186.103.157.246 - - [02/Jun/2016:13:39:23 -0300] "GET /cormun/servlet/hlogin HTTP/1.1" 200 1709
186.103.157.246 - - [02/Jun/2016:13:39:23 -0300] "GET /cormun/static/Resources/Spanish/PXTools.css?19284387 HTTP/1.1" 200 89042
186.103.157.246 - - [02/Jun/2016:13:39:23 -0300] "GET /cormun/static/gxcfg.js?201632119342969 HTTP/1.1" 200 953
186.103.157.246 - - [02/Jun/2016:13:39:23 -0300] "GET /cormun/static/hlogin.js?201632119342986 HTTP/1.1" 200 2136
186.103.157.246 - - [02/Jun/2016:13:39:23 -0300] "GET /cormun/static/messages.spa.js?85251 HTTP/1.1" 200 30736
186.103.157.246 - - [02/Jun/2016:13:39:23 -0300] "GET /cormun/static/gxtimezone.js?85251 HTTP/1.1" 200 5781
186.103.157.246 - - [02/Jun/2016:13:39:24 -0300] "GET /cormun/static/gxgral.js?85251 HTTP/1.1" 200 384558
186.103.157.246 - - [02/Jun/2016:13:39:24 -0300] "GET /cormun/static/Resources/ComunLogin.png HTTP/1.1" 200 17326
186.103.157.246 - - [02/Jun/2016:13:39:24 -0300] "GET /cormun/static/Resources/PXToolsLoginTop.png HTTP/1.1" 200 1337
186.103.157.246 - - [02/Jun/2016:13:39:24 -0300] "GET /cormun/static/Resources/PXToolsButtonRight21.png HTTP/1.1" 200 1283
186.103.157.246 - - [02/Jun/2016:13:39:24 -0300] "GET /cormun/static/Resources/PXToolsLoginBottom.png HTTP/1.1" 200 1389
186.103.157.246 - - [02/Jun/2016:13:39:24 -0300] "GET /cormun/static/Resources/PXToolsLoginBackground.png HTTP/1.1" 200 1164
186.103.157.246 - - [02/Jun/2016:13:39:24 -0300] "GET /cormun/static/Resources/PXToolsButtonBackground2.png HTTP/1.1" 200 1181
186.103.157.246 - - [02/Jun/2016:13:39:24 -0300] "GET /cormun/static/Resources/PXToolsButtonLeft21.png HTTP/1.1" 200 1287
186.103.157.246 - - [02/Jun/2016:13:39:25 -0300] "GET /cormun/static/Resources/indicator.gif HTTP/1.1" 200 1553
186.103.157.246 - - [02/Jun/2016:13:39:25 -0300] "GET /cormun/servlet/hlogin HTTP/1.1" 200 1709
186.103.157.246 - - [02/Jun/2016:13:39:28 -0300] "GET /favicon.ico HTTP/1.1" 200 21630
186.103.157.246 - - [02/Jun/2016:13:39:43 -0300] "POST /cormun/servlet/hlogin?1ef1cc6fc34df6c7699e5726a136b510,gx-no-cache=1464885601339 HTTP/1.1" 200 90
186.103.157.246 - - [02/Jun/2016:13:39:43 -0300] "GET /cormun/servlet/hpexe_link HTTP/1.1" 200 939
186.103.157.246 - - [02/Jun/2016:13:39:43 -0300] "GET /cormun/static/hpexe_link.js?20151120044398 HTTP/1.1" 200 625
186.103.157.246 - - [02/Jun/2016:13:39:43 -0300] "GET /cormun/static/gxcfg.js?20151120044395 HTTP/1.1" 200 953
186.103.157.246 - - [02/Jun/2016:13:39:44 -0300] "GET /cormun/static/Resources/Spanish/PXTools.css?005343 HTTP/1.1" 200 89042
186.103.157.246 - - [02/Jun/2016:13:39:44 -0300] "GET /cormun/servlet/hhome HTTP/1.1" 200 3578
186.103.157.246 - - [02/Jun/2016:13:39:44 -0300] "GET /cormun/static/scaMessage/css/jquery.pnotify.default.css?1716380 HTTP/1.1" 200 1707
186.103.157.246 - - [02/Jun/2016:13:39:44 -0300] "GET /cormun/static/SmoothNavMenu/resources/ddsmoothmenu.css?1012540 HTTP/1.1" 200 2223
186.103.157.246 - - [02/Jun/2016:13:39:44 -0300] "GET /cormun/static/SmoothNavMenu/resources/ddsmoothmenu-v.css?1012540 HTTP/1.1" 200 1188
186.103.157.246 - - [02/Jun/2016:13:39:44 -0300] "GET /cormun/static/gxcfg.js?2015112210564248 HTTP/1.1" 200 953
186.103.157.246 - - [02/Jun/2016:13:39:44 -0300] "GET /cormun/static/Shared/jqueryui/jquery-ui.min.css?1245370 HTTP/1.1" 200 30288
186.103.157.246 - - [02/Jun/2016:13:39:44 -0300] "GET /cormun/static/PXToolsJavascripts/pexe_autoreload.js HTTP/1.1" 200 1762
186.103.157.246 - - [02/Jun/2016:13:39:44 -0300] "GET /cormun/static/PXToolsJavascripts/pexe_cookies.js HTTP/1.1" 200 792
186.103.157.246 - - [02/Jun/2016:13:39:44 -0300] "GET /cormun/static/Resources/Spanish/PXTools.css?10515224 HTTP/1.1" 200 89042
186.103.157.246 - - [02/Jun/2016:13:39:44 -0300] "GET /cormun/static/PXToolsJavascripts/pexe_windows.js HTTP/1.1" 200 15207
186.103.157.246 - - [02/Jun/2016:13:39:44 -0300] "GET /cormun/static/PXToolsJavascripts/pexe_grid.js HTTP/1.1" 200 7559
186.103.157.246 - - [02/Jun/2016:13:39:44 -0300] "GET /cormun/static/PXToolsJavascripts/pexe_griddivfix.js HTTP/1.1" 200 6644
186.103.157.246 - - [02/Jun/2016:13:39:44 -0300] "GET /cormun/static/PXToolsJavascripts/pexe_menus.js HTTP/1.1" 200 1286
186.103.157.246 - - [02/Jun/2016:13:39:44 -0300] "GET /cormun/static/PXToolsJavascripts/pexe_layers.js HTTP/1.1" 200 4114
186.103.157.246 - - [02/Jun/2016:13:39:44 -0300] "GET /cormun/static/PXToolsJavascripts/pexe_menudivfix.js HTTP/1.1" 200 333
186.103.157.246 - - [02/Jun/2016:13:39:44 -0300] "GET /cormun/static/PXToolsJavascripts/pexe_link.js HTTP/1.1" 200 5671
186.103.157.246 - - [02/Jun/2016:13:39:44 -0300] "GET /cormun/static/PXToolsJavascripts/pexe_oavdivfix.js HTTP/1.1" 200 639
186.103.157.246 - - [02/Jun/2016:13:39:44 -0300] "GET /cormun/static/PXToolsJavascripts/pexe_picture.js HTTP/1.1" 200 689
186.103.157.246 - - [02/Jun/2016:13:39:44 -0300] "GET /cormun/static/PXToolsJavascripts/pexe_popup.js HTTP/1.1" 200 13458
186.103.157.246 - - [02/Jun/2016:13:39:44 -0300] "GET /cormun/static/PXToolsJavascripts/pexe_scrolldiv.js HTTP/1.1" 200 4138
186.103.157.246 - - [02/Jun/2016:13:39:44 -0300] "GET /cormun/static/PXToolsJavascripts/pexe_upload.js HTTP/1.1" 200 1423
