186.67.172.234 - - [24/May/2016:13:54:46 -0300] "POST /cormun/servlet/solicitudot?gx-no-cache=1464108903714 HTTP/1.1" 200 2769
186.67.172.234 - - [24/May/2016:13:54:47 -0300] "POST /cormun/servlet/solicitudot?540c7b96abd9c91424fc0efc83d74417,INS,0,0,,gx-no-cache=1464108904258 HTTP/1.1" 200 8571
186.67.172.234 - - [24/May/2016:13:54:47 -0300] "GET /cormun/servlet/solicitudot?bde66fc0664378cb6b6de8287bdff1ab4ea0dc299b00404be9e1b9e939c60b68d025c7da9125d6ff94833a875da6d724,gx-no-cache=1464108904867 HTTP/1.1" 200 30
186.67.172.234 - - [24/May/2016:13:54:53 -0300] "POST /cormun/servlet/solicitudot?gx-no-cache=1464108911298 HTTP/1.1" 200 30
186.67.172.234 - - [24/May/2016:13:54:56 -0300] "POST /cormun/servlet/solicitudot?gx-no-cache=1464108914165 HTTP/1.1" 200 30
186.67.172.234 - - [24/May/2016:13:54:58 -0300] "GET /cormun/servlet/prcontratosol?17136258,,,,,MD,,gxPopupLevel%3D0%3B HTTP/1.1" 200 5800
186.67.172.234 - - [24/May/2016:13:55:05 -0300] "POST /cormun/servlet/solicitudot?gx-no-cache=1464108922577 HTTP/1.1" 200 1187
186.67.172.234 - - [24/May/2016:13:55:05 -0300] "GET /cormun/servlet/solicitudot?bde66fc0664378cb6b6de8287bdff1abf381ba53d23963503c3c2fde39d788af7a6c48a604be662bf351bece8064c8d5ca2d598c678474e06381ef8f8f6a0f86338e2e1987a2e703d29c4d5abddffa2997502d6914b0bec53f0a2d671cd5d72150fcf20cb50a03c405439979db84f75bc5bfc007fb999e9724750185ed5c243ffcf855cc3d8c1002cee3e378df7bfefc,gx-no-cache=1464108922671 HTTP/1.1" 200 38
186.67.172.234 - - [24/May/2016:13:55:05 -0300] "GET /cormun/servlet/solicitudot?bde66fc0664378cb6b6de8287bdff1ab328a03ef9a69ef155f0de01ab86ce5bf1ab59ec6927faaa0efc2af5fe6934cbd33280594bb81a5827dec21e31f46f1f63987c3c7ec0bd179c6e28b0416850e7fe560076c94717f74ac2c1cd72fddf37555c9d7e8163420b25e473af3c9a86d3db46f3d022e1539e4b4f0b6d857c4f076a0762acdd548e75e3df9ff0f70f80f33cc93f44a95ce1ddcaaa5d1f6a1e9c6262155a8fe47352e9445cc4b7d082e128c7042340bccf34c6f089af825773852d24ec171f5b42f56b093f037a67584c672,gx-no-cache=1464108922700 HTTP/1.1" 200 29
186.67.172.234 - - [24/May/2016:13:55:05 -0300] "POST /cormun/servlet/solicitudot?gx-no-cache=1464108922729 HTTP/1.1" 200 1144
192.168.10.89 - - [24/May/2016:13:55:08 -0300] "POST /cormun/servlet/hlogin?8de94e6cb01d7103cbc57c291279bc06,gx-no-cache=1464108627154 HTTP/1.1" 440 972
192.168.10.89 - - [24/May/2016:13:55:10 -0300] "GET /cormun/servlet/hlogin HTTP/1.1" 200 1729
186.67.172.234 - - [24/May/2016:13:55:12 -0300] "POST /cormun/servlet/solicitudot?gx-no-cache=1464108929830 HTTP/1.1" 200 1187
186.67.172.234 - - [24/May/2016:13:55:12 -0300] "GET /cormun/servlet/solicitudot?bde66fc0664378cb6b6de8287bdff1abf381ba53d23963503c3c2fde39d788af7a6c48a604be662bf351bece8064c8d5ca2d598c678474e06381ef8f8f6a0f86338e2e1987a2e703d29c4d5abddffa2997502d6914b0bec53f0a2d671cd5d72150fcf20cb50a03c405439979db84f75bc5bfc007fb999e9724750185ed5c243ffcf855cc3d8c1002cee3e378df7bfefc,gx-no-cache=1464108929940 HTTP/1.1" 200 38
186.67.172.234 - - [24/May/2016:13:55:18 -0300] "GET /cormun/servlet/solicitudot?bde66fc0664378cb6b6de8287bdff1ab328a03ef9a69ef155f0de01ab86ce5bf1ab59ec6927faaa0efc2af5fe6934cbdaabb25a2ce0cfed312d62b5b21a93b1b3987c3c7ec0bd179c6e28b0416850e7fe560076c94717f74ac2c1cd72fddf37555c9d7e8163420b25e473af3c9a86d3db46f3d022e1539e4b4f0b6d857c4f076a0762acdd548e75e3df9ff0f70f80f33cc93f44a95ce1ddcaaa5d1f6a1e9c6262155a8fe47352e9445cc4b7d082e128c7042340bccf34c6f089af825773852d24ec171f5b42f56b093f037a67584c672,gx-no-cache=1464108935399 HTTP/1.1" 200 29
186.67.172.234 - - [24/May/2016:13:55:21 -0300] "POST /cormun/servlet/solicitudot?gx-no-cache=1464108938354 HTTP/1.1" 200 1144
192.168.10.89 - - [24/May/2016:13:55:22 -0300] "POST /cormun/servlet/hlogin?7ebea9fa12a31c721eb47fdf888a7f48,gx-no-cache=1464108640812 HTTP/1.1" 200 443
186.67.172.234 - - [24/May/2016:13:55:23 -0300] "GET /cormun/static/menuarrow.gif HTTP/1.1" 404 1015
192.168.10.89 - - [24/May/2016:13:55:30 -0300] "POST /cormun/servlet/hlogin?7ebea9fa12a31c721eb47fdf888a7f48,gx-no-cache=1464108648839 HTTP/1.1" 200 90
192.168.10.89 - - [24/May/2016:13:55:30 -0300] "GET /cormun/servlet/hpexe_link HTTP/1.1" 200 950
192.168.10.89 - - [24/May/2016:13:55:32 -0300] "GET /cormun/servlet/hhome HTTP/1.1" 200 3576
192.168.10.89 - - [24/May/2016:13:55:38 -0300] "GET /cormun/servlet/hhome HTTP/1.1" 200 3566
192.168.10.89 - - [24/May/2016:13:55:41 -0300] "GET /cormun/servlet/hlogin HTTP/1.1" 200 1730
186.67.172.234 - - [24/May/2016:13:55:42 -0300] "GET /cormun/servlet/solicitudot?bde66fc0664378cb6b6de8287bdff1ab03a15dadca6a502da03659f5bb5db456d9ea0c11355c58a1e5197bb865dad141c081e6d0b25e60643b8814a74471df3c63fd4981b802e1b2727857c097830beaa81af4f74b2e17684ff6a8ac04abdada8ca71a1260aeacb5e6ed602a3c9c18b9a6a1b9f8c4b0aeb38811834117b336ca52548d8194c2c8cd1423106d68f95d90c0c27f94cac5aca6bd0813c8143da18aca6e957e3daaf33389cc3cad28dbf320,gx-no-cache=1464108960347 HTTP/1.1" 200 30
191.112.103.218 - - [24/May/2016:13:55:47 -0300] "GET /cormun/servlet/hlogin HTTP/1.1" 200 1712
191.112.103.218 - - [24/May/2016:13:55:48 -0300] "GET /cormun/servlet/hlogin HTTP/1.1" 200 1722
192.168.10.89 - - [24/May/2016:13:55:50 -0300] "POST /cormun/servlet/hlogin?7ebea9fa12a31c721eb47fdf888a7f48,gx-no-cache=1464108668523 HTTP/1.1" 200 443
191.112.103.218 - - [24/May/2016:13:55:50 -0300] "POST /cormun/servlet/hlogin?22177192d9a9637b9337555d2f95c184,gx-no-cache=1464108965847 HTTP/1.1" 200 90
191.112.103.218 - - [24/May/2016:13:55:50 -0300] "GET /cormun/servlet/hpexe_link HTTP/1.1" 200 946
191.112.103.218 - - [24/May/2016:13:55:50 -0300] "GET /cormun/static/gxcfg.js?20151120044395 HTTP/1.1" 304 -
191.112.103.218 - - [24/May/2016:13:55:50 -0300] "GET /cormun/static/hpexe_link.js?20151120044398 HTTP/1.1" 304 -
191.112.103.218 - - [24/May/2016:13:55:50 -0300] "GET /cormun/servlet/hhome HTTP/1.1" 200 3640
191.112.103.218 - - [24/May/2016:13:55:51 -0300] "GET /cormun/static/Resources/Spanish/PXTools.css?10515224 HTTP/1.1" 304 -
191.112.103.218 - - [24/May/2016:13:55:51 -0300] "GET /cormun/static/gxcfg.js?2015112210564248 HTTP/1.1" 304 -
191.112.103.218 - - [24/May/2016:13:55:51 -0300] "GET /cormun/static/hhome.js?2015112210564255 HTTP/1.1" 304 -
191.112.103.218 - - [24/May/2016:13:55:51 -0300] "GET /cormun/static/hwchdr01.js?20162241650484 HTTP/1.1" 304 -
191.112.103.218 - - [24/May/2016:13:55:51 -0300] "GET /cormun/static/hpexe_recentlink.js?2015111312121342 HTTP/1.1" 304 -
191.112.103.218 - - [24/May/2016:13:55:51 -0300] "GET /cormun/static/hpexe_messagegenexuscomponent.js?20151120014314 HTTP/1.1" 304 -
191.112.103.218 - - [24/May/2016:13:55:51 -0300] "GET /cormun/static/cmcontrolpreferences.js?20151120014525 HTTP/1.1" 304 -
191.112.103.218 - - [24/May/2016:13:55:51 -0300] "GET /cormun/static/hpexe_scripts.js?20151120014546 HTTP/1.1" 304 -
191.112.103.218 - - [24/May/2016:13:55:51 -0300] "GET /cormun/static/hpexe_messagecontroller.js?2015112210524422 HTTP/1.1" 304 -
191.112.103.218 - - [24/May/2016:13:55:51 -0300] "GET /cormun/static/hpexe_messagepopupcomponent.js?201632119295953 HTTP/1.1" 304 -
191.112.103.218 - - [24/May/2016:13:55:51 -0300] "GET /cormun/static/hmpwkw03.js?201631622503633 HTTP/1.1" 304 -
191.112.103.218 - - [24/May/2016:13:55:51 -0300] "GET /cormun/servlet/hhome HTTP/1.1" 200 3636
186.67.172.234 - - [24/May/2016:13:55:53 -0300] "POST /cormun/servlet/solicitudot?540c7b96abd9c91424fc0efc83d74417,INS,0,0,,gx-no-cache=1464108970112 HTTP/1.1" 200 93
186.67.172.234 - - [24/May/2016:13:55:53 -0300] "GET /cormun/servlet/hpexe_return? HTTP/1.1" 200 1008
186.67.172.234 - - [24/May/2016:13:55:53 -0300] "GET /cormun/servlet/trsolicitudot HTTP/1.1" 200 8279
186.78.48.134 - - [24/May/2016:13:55:54 -0300] "POST /cormun/servlet/hlogin?cbe18650e4353d68031a01e621d6c212,gx-no-cache=1464105372104 HTTP/1.1" 200 90
186.67.172.234 - - [24/May/2016:13:55:54 -0300] "GET /cormun/servlet/trsolicitudot HTTP/1.1" 200 8275
186.78.48.134 - - [24/May/2016:13:55:54 -0300] "GET /cormun/servlet/hpexe_link HTTP/1.1" 200 949
186.78.48.134 - - [24/May/2016:13:55:54 -0300] "GET /cormun/static/hpexe_link.js?20151120044398 HTTP/1.1" 304 -
186.78.48.134 - - [24/May/2016:13:55:54 -0300] "GET /cormun/servlet/hhome HTTP/1.1" 200 3584
186.78.48.134 - - [24/May/2016:13:55:55 -0300] "GET /cormun/static/Resources/Spanish/PXTools.css?10515224 HTTP/1.1" 304 -
192.168.10.89 - - [24/May/2016:13:55:55 -0300] "POST /cormun/servlet/hlogin?7ebea9fa12a31c721eb47fdf888a7f48,gx-no-cache=1464108673425 HTTP/1.1" 200 90
186.78.48.134 - - [24/May/2016:13:55:55 -0300] "GET /cormun/static/hhome.js?2015112210564255 HTTP/1.1" 304 -
186.78.48.134 - - [24/May/2016:13:55:55 -0300] "GET /cormun/static/hpexe_messagecontroller.js?2015112210524422 HTTP/1.1" 304 -
192.168.10.89 - - [24/May/2016:13:55:55 -0300] "GET /cormun/servlet/hpexe_link HTTP/1.1" 200 950
186.78.48.134 - - [24/May/2016:13:55:55 -0300] "GET /cormun/static/hpexe_messagepopupcomponent.js?201632119295953 HTTP/1.1" 304 -
186.78.48.134 - - [24/May/2016:13:55:55 -0300] "GET /cormun/static/hpexe_messagegenexuscomponent.js?20151120014314 HTTP/1.1" 304 -
192.168.10.89 - - [24/May/2016:13:55:55 -0300] "GET /cormun/servlet/hhome HTTP/1.1" 200 3585
186.78.48.134 - - [24/May/2016:13:55:55 -0300] "GET /cormun/servlet/hhome HTTP/1.1" 200 3580
191.112.103.218 - - [24/May/2016:13:55:56 -0300] "GET /cormun/servlet/trautorizarsolicitud? HTTP/1.1" 200 6499
191.112.103.218 - - [24/May/2016:13:55:56 -0300] "GET /cormun/static/Resources/Spanish/PXTools.css?19284387 HTTP/1.1" 304 -
191.112.103.218 - - [24/May/2016:13:55:56 -0300] "GET /cormun/static/gxcfg.js?201632119361219 HTTP/1.1" 304 -
191.112.103.218 - - [24/May/2016:13:55:56 -0300] "GET /cormun/static/trautorizarsolicitud.js?20163211936186 HTTP/1.1" 304 -
186.67.172.234 - - [24/May/2016:13:55:56 -0300] "GET /cormun/servlet/solicitudot?INS,0,0, HTTP/1.1" 200 11828
191.112.103.218 - - [24/May/2016:13:55:57 -0300] "GET /cormun/servlet/trautorizarsolicitud? HTTP/1.1" 200 6498
186.67.172.234 - - [24/May/2016:13:55:57 -0300] "GET /cormun/servlet/solicitudot?INS,0,0, HTTP/1.1" 200 11833
186.78.48.134 - - [24/May/2016:13:55:58 -0300] "GET /cormun/servlet/trsolicitudot? HTTP/1.1" 200 6504
186.78.48.134 - - [24/May/2016:13:55:58 -0300] "GET /cormun/static/Resources/Spanish/PXTools.css?2139548 HTTP/1.1" 304 -
186.78.48.134 - - [24/May/2016:13:55:58 -0300] "GET /cormun/static/trsolicitudot.js?201631022393178 HTTP/1.1" 304 -
192.168.10.89 - - [24/May/2016:13:55:59 -0300] "GET /cormun/servlet/trsolicitudot? HTTP/1.1" 200 6503
186.78.48.134 - - [24/May/2016:13:55:59 -0300] "GET /cormun/servlet/trsolicitudot? HTTP/1.1" 200 6503
192.168.10.89 - - [24/May/2016:13:56:01 -0300] "GET /cormun/static/menuarrow.gif HTTP/1.1" 404 1015
192.168.10.89 - - [24/May/2016:13:56:06 -0300] "POST /cormun/servlet/trsolicitudot?7ebea9fa12a31c721eb47fdf888a7f48,,gx-no-cache=1464108684359 HTTP/1.1" 200 6218
186.67.172.234 - - [24/May/2016:13:56:06 -0300] "POST /cormun/servlet/solicitudot?gx-no-cache=1464108983620 HTTP/1.1" 200 2763
186.67.172.234 - - [24/May/2016:13:56:06 -0300] "POST /cormun/servlet/solicitudot?540c7b96abd9c91424fc0efc83d74417,INS,0,0,,gx-no-cache=1464108983854 HTTP/1.1" 200 8540
186.67.172.234 - - [24/May/2016:13:56:07 -0300] "GET /cormun/servlet/solicitudot?bde66fc0664378cb6b6de8287bdff1ab6137a5d3afe2c7e077b042953ecec586d025c7da9125d6ff94833a875da6d724,gx-no-cache=1464108984455 HTTP/1.1" 200 30
191.112.103.218 - - [24/May/2016:13:56:08 -0300] "GET /cormun/servlet/trautorizarsolicitud? HTTP/1.1" 200 6498
191.112.103.218 - - [24/May/2016:13:56:10 -0300] "GET /cormun/servlet/trautorizarsolicitud? HTTP/1.1" 200 6498
192.168.10.89 - - [24/May/2016:13:56:12 -0300] "GET /cormun/servlet/trautorizarsolicitud? HTTP/1.1" 200 6443
192.168.10.89 - - [24/May/2016:13:56:14 -0300] "GET /cormun/static/menuarrow.gif HTTP/1.1" 404 1015
191.112.103.218 - - [24/May/2016:13:56:14 -0300] "GET /cormun/servlet/trsolicitudot? HTTP/1.1" 200 6558
191.112.103.218 - - [24/May/2016:13:56:15 -0300] "GET /cormun/static/gxcfg.js?201631022392470 HTTP/1.1" 200 953
191.112.103.218 - - [24/May/2016:13:56:15 -0300] "GET /cormun/static/Resources/PXToolsGridNew.png HTTP/1.1" 200 2949
191.112.103.218 - - [24/May/2016:13:56:16 -0300] "GET /cormun/servlet/trsolicitudot? HTTP/1.1" 200 6557
192.168.10.89 - - [24/May/2016:13:56:18 -0300] "POST /cormun/servlet/trautorizarsolicitud?7ebea9fa12a31c721eb47fdf888a7f48,,gx-no-cache=1464108696188 HTTP/1.1" 200 3748
192.168.10.89 - - [24/May/2016:13:56:21 -0300] "POST /cormun/servlet/trautorizarsolicitud?7ebea9fa12a31c721eb47fdf888a7f48,,gx-no-cache=1464108699610 HTTP/1.1" 200 6181
186.67.172.234 - - [24/May/2016:13:56:22 -0300] "POST /cormun/servlet/solicitudot?gx-no-cache=1464109000285 HTTP/1.1" 200 30
191.112.103.218 - - [24/May/2016:13:56:23 -0300] "GET /cormun/servlet/trautorizarsolicitud? HTTP/1.1" 200 6498
191.112.103.218 - - [24/May/2016:13:56:24 -0300] "GET /cormun/servlet/trautorizarsolicitud? HTTP/1.1" 200 6498
186.67.172.234 - - [24/May/2016:13:56:26 -0300] "POST /cormun/servlet/solicitudot?gx-no-cache=1464109003927 HTTP/1.1" 200 30
192.168.10.89 - - [24/May/2016:13:56:28 -0300] "POST /cormun/servlet/trautorizarsolicitud?7ebea9fa12a31c721eb47fdf888a7f48,,gx-no-cache=1464108707110 HTTP/1.1" 200 3749
186.67.172.234 - - [24/May/2016:13:56:29 -0300] "POST /cormun/servlet/solicitudot?gx-no-cache=1464109006356 HTTP/1.1" 200 1187
186.67.172.234 - - [24/May/2016:13:56:29 -0300] "GET /cormun/servlet/solicitudot?bde66fc0664378cb6b6de8287bdff1abf381ba53d23963503c3c2fde39d788af7a6c48a604be662bf351bece8064c8d5ca2d598c678474e06381ef8f8f6a0f86338e2e1987a2e703d29c4d5abddffa2997502d6914b0bec53f0a2d671cd5d72150fcf20cb50a03c405439979db84f75bc5bfc007fb999e9724750185ed5c243ffcf855cc3d8c1002cee3e378df7bfefc,gx-no-cache=1464109006457 HTTP/1.1" 200 38
192.168.10.89 - - [24/May/2016:13:56:33 -0300] "POST /cormun/servlet/trautorizarsolicitud?7ebea9fa12a31c721eb47fdf888a7f48,,gx-no-cache=1464108710940 HTTP/1.1" 200 9892
192.168.10.89 - - [24/May/2016:13:56:42 -0300] "POST /cormun/servlet/trautorizarsolicitud?7ebea9fa12a31c721eb47fdf888a7f48,,gx-no-cache=1464108719945 HTTP/1.1" 200 6928
191.112.103.218 - - [24/May/2016:13:56:43 -0300] "POST /cormun/servlet/trautorizarsolicitud?22177192d9a9637b9337555d2f95c184,,gx-no-cache=1464109018830 HTTP/1.1" 200 110
191.112.103.218 - - [24/May/2016:13:56:43 -0300] "GET /cormun/AutorizarSolicitud-2412.xls HTTP/1.1" 200 4608
192.168.10.89 - - [24/May/2016:13:56:52 -0300] "POST /cormun/servlet/trautorizarsolicitud?7ebea9fa12a31c721eb47fdf888a7f48,,gx-no-cache=1464108730284 HTTP/1.1" 200 5179
192.168.10.89 - - [24/May/2016:13:57:00 -0300] "POST /cormun/servlet/trautorizarsolicitud?7ebea9fa12a31c721eb47fdf888a7f48,,gx-no-cache=1464108737741 HTTP/1.1" 200 13643
192.168.10.89 - - [24/May/2016:13:57:16 -0300] "GET /cormun/servlet/hlogin HTTP/1.1" 200 1740
186.78.48.134 - - [24/May/2016:13:57:19 -0300] "POST /cormun/servlet/trsolicitudot?cbe18650e4353d68031a01e621d6c212,,gx-no-cache=1464105456872 HTTP/1.1" 200 3763
192.168.10.89 - - [24/May/2016:13:57:23 -0300] "POST /cormun/servlet/hlogin?7ebea9fa12a31c721eb47fdf888a7f48,gx-no-cache=1464108761488 HTTP/1.1" 200 90
192.168.10.89 - - [24/May/2016:13:57:23 -0300] "GET /cormun/servlet/hpexe_link HTTP/1.1" 200 950
192.168.10.89 - - [24/May/2016:13:57:23 -0300] "GET /cormun/servlet/hhome HTTP/1.1" 200 4096
192.168.10.89 - - [24/May/2016:13:57:47 -0300] "GET /cormun/servlet/trconsultaempleado? HTTP/1.1" 200 9179
186.67.172.234 - - [24/May/2016:13:57:50 -0300] "GET /cormun/servlet/solicitudot?bde66fc0664378cb6b6de8287bdff1ab328a03ef9a69ef155f0de01ab86ce5bf1ab59ec6927faaa0efc2af5fe6934cbd547b40b8097c9ff9458535bfafaa139cab0e16a1c721dcdd5c1c71888928514d1d2b39a6bfb55de6fbc6bbc14b042923edd3c03fbb2cda7fc109e7f24d4ef6f8,gx-no-cache=1464109088221 HTTP/1.1" 200 29
186.67.172.234 - - [24/May/2016:13:57:50 -0300] "POST /cormun/servlet/solicitudot?gx-no-cache=1464109088256 HTTP/1.1" 200 1144
191.112.103.218 - - [24/May/2016:13:57:52 -0300] "GET /cormun/servlet/trsolicitudot? HTTP/1.1" 200 6558
191.112.103.218 - - [24/May/2016:13:57:53 -0300] "GET /cormun/servlet/trsolicitudot? HTTP/1.1" 200 6557
192.168.10.89 - - [24/May/2016:13:57:53 -0300] "POST /cormun/servlet/trconsultaempleado?7ebea9fa12a31c721eb47fdf888a7f48,,gx-no-cache=1464108791617 HTTP/1.1" 200 4160
186.67.172.234 - - [24/May/2016:13:57:55 -0300] "GET /cormun/static/menuarrow.gif HTTP/1.1" 404 1015
192.168.10.89 - - [24/May/2016:13:58:03 -0300] "GET /cormun/servlet/trsolicitudnombre?7178861, HTTP/1.1" 200 7587
186.103.157.42 - - [24/May/2016:13:58:09 -0300] "POST /cormun/servlet/prfichaempleado?05e11080240164d34af8b57bc6664fdb,,MD,,gxPopupLevel%3D0%3B,gx-no-cache=1464109107024 HTTP/1.1" 200 3173
191.112.103.218 - - [24/May/2016:13:58:14 -0300] "GET /cormun/servlet/hlogin HTTP/1.1" 200 1714
191.112.103.218 - - [24/May/2016:13:58:14 -0300] "GET /cormun/servlet/hlogin HTTP/1.1" 200 1712
186.103.157.42 - - [24/May/2016:13:58:16 -0300] "POST /cormun/servlet/solicitudot?gx-no-cache=1464109114529 HTTP/1.1" 200 1184
186.103.157.42 - - [24/May/2016:13:58:16 -0300] "GET /cormun/static/menuarrow.gif HTTP/1.1" 404 1015
186.103.157.42 - - [24/May/2016:13:58:18 -0300] "GET /cormun/servlet/prlicenciaspermisos?17118650,L,,MD,,gxPopupLevel%3D0%3B HTTP/1.1" 200 5438
186.103.157.42 - - [24/May/2016:13:58:18 -0300] "GET /cormun/static/gxui/gxui-all.css?110300 HTTP/1.1" 200 2179
186.103.157.42 - - [24/May/2016:13:58:18 -0300] "GET /cormun/static/Resources/Spanish/PXTools.css?19284387 HTTP/1.1" 304 -
186.103.157.42 - - [24/May/2016:13:58:18 -0300] "GET /cormun/static/gxcfg.js?201641414371498 HTTP/1.1" 200 953
186.103.157.42 - - [24/May/2016:13:58:18 -0300] "GET /cormun/static/Shared/jqueryui/jquery-ui.min.css?1345370 HTTP/1.1" 200 30288
186.103.157.42 - - [24/May/2016:13:58:18 -0300] "GET /cormun/static/prlicenciaspermisos.js?201641414371699 HTTP/1.1" 200 13349
186.103.157.42 - - [24/May/2016:13:58:18 -0300] "GET /cormun/static/hmpwkw011.js?201631021445036 HTTP/1.1" 200 1968
186.103.157.42 - - [24/May/2016:13:58:18 -0300] "GET /cormun/static/Shared/ext/resources/css/ext-all.css?205870 HTTP/1.1" 200 416045
191.112.103.218 - - [24/May/2016:13:58:18 -0300] "POST /cormun/servlet/hlogin?5510ecf629167bfd8d420211501ca537,gx-no-cache=1464105513096 HTTP/1.1" 200 90
191.112.103.218 - - [24/May/2016:13:58:19 -0300] "GET /cormun/servlet/hpexe_link HTTP/1.1" 200 945
191.112.103.218 - - [24/May/2016:13:58:19 -0300] "GET /cormun/servlet/hhome HTTP/1.1" 200 3548
186.67.172.234 - - [24/May/2016:13:58:20 -0300] "GET /cormun/servlet/solicitudot?bde66fc0664378cb6b6de8287bdff1ab692ea1a1d791cfa8ebb777a6fe752de41645c4f2b0c87e55a88313638aee92206df276622cd1f9f54b51d9ad005aae90457463709d7cf7f433ea201636809d94db24eb93bae1d50480a09c4b24ee14466defd69999d936a7a3225e89bc2dbd43bb6b20888f83800350c6555eda931ca47441d85b6841d1f35119b07fb70efb5e86be20b38564a9c563b6f350398d8555364c00bd4a56a2aba45597e061a6d4fc,gx-no-cache=1464109117379 HTTP/1.1" 200 30
192.168.10.89 - - [24/May/2016:13:58:20 -0300] "GET /cormun/servlet/trconsultaempleado? HTTP/1.1" 200 6565
191.112.103.218 - - [24/May/2016:13:58:20 -0300] "GET /cormun/servlet/hhome HTTP/1.1" 200 3544
191.112.103.218 - - [24/May/2016:13:58:23 -0300] "GET /cormun/servlet/trsolicitudot? HTTP/1.1" 200 6468
191.112.103.218 - - [24/May/2016:13:58:25 -0300] "GET /cormun/servlet/trsolicitudot? HTTP/1.1" 200 6467
191.112.103.218 - - [24/May/2016:13:58:26 -0300] "POST /cormun/servlet/trsolicitudot?22177192d9a9637b9337555d2f95c184,,gx-no-cache=1464109121070 HTTP/1.1" 200 3768
192.168.10.89 - - [24/May/2016:13:58:30 -0300] "POST /cormun/servlet/trconsultaempleado?7ebea9fa12a31c721eb47fdf888a7f48,,gx-no-cache=1464108828227 HTTP/1.1" 200 4169
191.112.103.218 - - [24/May/2016:13:58:31 -0300] "POST /cormun/servlet/trsolicitudot?5510ecf629167bfd8d420211501ca537,,gx-no-cache=1464105525508 HTTP/1.1" 200 3717
192.168.10.89 - - [24/May/2016:13:58:32 -0300] "GET /cormun/servlet/trsolicitudnombre?10254861, HTTP/1.1" 200 7974
191.112.103.218 - - [24/May/2016:13:58:34 -0300] "POST /cormun/servlet/trsolicitudot?22177192d9a9637b9337555d2f95c184,,gx-no-cache=1464109128880 HTTP/1.1" 200 3769
192.168.10.89 - - [24/May/2016:13:58:39 -0300] "GET /cormun/servlet/hlogin HTTP/1.1" 200 1744
191.112.103.218 - - [24/May/2016:13:58:41 -0300] "GET /cormun/servlet/solicitudot?INS,0,0, HTTP/1.1" 200 11687
191.112.103.218 - - [24/May/2016:13:58:43 -0300] "GET /cormun/servlet/solicitudot?INS,0,0, HTTP/1.1" 200 11692
186.67.172.234 - - [24/May/2016:13:58:45 -0300] "POST /cormun/servlet/solicitudot?540c7b96abd9c91424fc0efc83d74417,INS,0,0,,gx-no-cache=1464109142290 HTTP/1.1" 200 93
186.67.172.234 - - [24/May/2016:13:58:45 -0300] "GET /cormun/servlet/hpexe_return? HTTP/1.1" 200 1008
186.67.172.234 - - [24/May/2016:13:58:45 -0300] "GET /cormun/servlet/trsolicitudot HTTP/1.1" 200 8575
191.112.103.218 - - [24/May/2016:13:58:46 -0300] "GET /cormun/servlet/trsolicitudot? HTTP/1.1" 200 6557
186.67.172.234 - - [24/May/2016:13:58:46 -0300] "GET /cormun/servlet/trsolicitudot HTTP/1.1" 200 8571
191.112.103.218 - - [24/May/2016:13:58:47 -0300] "GET /cormun/servlet/trsolicitudot? HTTP/1.1" 200 6557
192.168.10.89 - - [24/May/2016:13:58:47 -0300] "POST /cormun/servlet/hlogin?7ebea9fa12a31c721eb47fdf888a7f48,gx-no-cache=1464108845712 HTTP/1.1" 200 90
192.168.10.89 - - [24/May/2016:13:58:47 -0300] "GET /cormun/servlet/hpexe_link HTTP/1.1" 200 950
192.168.10.89 - - [24/May/2016:13:58:47 -0300] "GET /cormun/servlet/hhome HTTP/1.1" 200 3585
191.112.103.218 - - [24/May/2016:13:58:51 -0300] "GET /cormun/servlet/solicitudot?INS,0,0, HTTP/1.1" 200 11791
192.168.10.89 - - [24/May/2016:13:58:51 -0300] "GET /cormun/servlet/trsolicitudot? HTTP/1.1" 200 8797
191.112.103.218 - - [24/May/2016:13:58:51 -0300] "GET /cormun/static/gxcfg.js?201631710541238 HTTP/1.1" 200 953
191.112.103.218 - - [24/May/2016:13:58:51 -0300] "GET /cormun/static/solicitudot.js?201631710541292 HTTP/1.1" 200 45515
191.112.103.218 - - [24/May/2016:13:58:52 -0300] "GET /cormun/static/Resources/Spanish/PXTools.css?22445990 HTTP/1.1" 200 89042
191.112.103.218 - - [24/May/2016:13:58:52 -0300] "GET /cormun/static/Resources/prompt.gif HTTP/1.1" 200 902
191.112.103.218 - - [24/May/2016:13:58:53 -0300] "GET /cormun/servlet/solicitudot?INS,0,0, HTTP/1.1" 200 11796
192.168.10.89 - - [24/May/2016:13:59:00 -0300] "POST /cormun/servlet/trsolicitudot?7ebea9fa12a31c721eb47fdf888a7f48,,gx-no-cache=1464108858255 HTTP/1.1" 200 3773
191.112.103.218 - - [24/May/2016:13:59:02 -0300] "GET /cormun/servlet/trautorizarsolicitud? HTTP/1.1" 200 6503
186.67.172.234 - - [24/May/2016:13:59:03 -0300] "GET /cormun/servlet/trautorizarsolicitud? HTTP/1.1" 200 6548
186.67.172.234 - - [24/May/2016:13:59:03 -0300] "GET /cormun/static/gxcfg.js?201632119361219 HTTP/1.1" 304 -
191.112.103.218 - - [24/May/2016:13:59:03 -0300] "GET /cormun/servlet/trautorizarsolicitud? HTTP/1.1" 200 6498
186.67.172.234 - - [24/May/2016:13:59:04 -0300] "GET /cormun/servlet/trautorizarsolicitud? HTTP/1.1" 200 6548
192.168.10.89 - - [24/May/2016:13:59:04 -0300] "GET /cormun/servlet/trautorizarsolicitud? HTTP/1.1" 200 15739
186.103.157.42 - - [24/May/2016:13:59:08 -0300] "POST /cormun/servlet/solicitudot?gx-no-cache=1464109166712 HTTP/1.1" 200 122
186.103.157.42 - - [24/May/2016:13:59:09 -0300] "POST /cormun/servlet/solicitudot?gx-no-cache=1464109166825 HTTP/1.1" 200 1184
186.103.157.42 - - [24/May/2016:13:59:09 -0300] "GET /cormun/servlet/solicitudot?48c5be5ebd6fc4a020b296fbba0aa6df6b92585126b85b7272f12e17ca3c80dd6015a209ce596f356b044bb70b988c5bd6e86790535b92917e58af1757b4dc770577c511258b15090c837d83c5cbf3776689c7e84c4325a47d3a5d19a6423de42a1acf314bdb201200819b82fa852303a30ac679c4fe2506e57dc4010cdc69a6b9aee0b90c1cc6dfff58018fac7fb936bebaf52ab6552500476d4d239583e487,gx-no-cache=1464109167014 HTTP/1.1" 200 38
191.112.103.218 - - [24/May/2016:13:59:09 -0300] "POST /cormun/servlet/trautorizarsolicitud?22177192d9a9637b9337555d2f95c184,,gx-no-cache=1464109164495 HTTP/1.1" 200 110
191.112.103.218 - - [24/May/2016:13:59:10 -0300] "GET /cormun/AutorizarSolicitud-5063.xls HTTP/1.1" 200 4608
186.67.172.234 - - [24/May/2016:13:59:13 -0300] "GET /cormun/servlet/trvisualizadoreventos? HTTP/1.1" 200 6414
186.67.172.234 - - [24/May/2016:13:59:13 -0300] "GET /cormun/static/gxcfg.js?201631021481342 HTTP/1.1" 304 -
186.67.172.234 - - [24/May/2016:13:59:14 -0300] "GET /cormun/servlet/trvisualizadoreventos? HTTP/1.1" 200 6414
192.168.10.89 - - [24/May/2016:13:59:14 -0300] "POST /cormun/servlet/trautorizarsolicitud?7ebea9fa12a31c721eb47fdf888a7f48,,gx-no-cache=1464108872260 HTTP/1.1" 200 6928
186.67.172.234 - - [24/May/2016:13:59:16 -0300] "GET /cormun/servlet/trautorizarsolicitud? HTTP/1.1" 200 6548
186.67.172.234 - - [24/May/2016:13:59:17 -0300] "GET /cormun/servlet/trautorizarsolicitud? HTTP/1.1" 200 6548
186.67.172.234 - - [24/May/2016:13:59:28 -0300] "GET /cormun/servlet/hlogin HTTP/1.1" 200 1724
191.112.103.218 - - [24/May/2016:13:59:28 -0300] "GET /cormun/servlet/hlogin HTTP/1.1" 200 1712
192.168.10.89 - - [24/May/2016:13:59:28 -0300] "POST /cormun/servlet/trautorizarsolicitud?7ebea9fa12a31c721eb47fdf888a7f48,,gx-no-cache=1464108886829 HTTP/1.1" 200 5180
191.112.103.218 - - [24/May/2016:13:59:30 -0300] "POST /cormun/servlet/hlogin?22177192d9a9637b9337555d2f95c184,gx-no-cache=1464109185964 HTTP/1.1" 200 90
191.112.103.218 - - [24/May/2016:13:59:30 -0300] "GET /cormun/servlet/hpexe_link HTTP/1.1" 200 957
191.112.103.218 - - [24/May/2016:13:59:31 -0300] "GET /cormun/servlet/trautorizarsolicitud HTTP/1.1" 200 6500
186.103.157.42 - - [24/May/2016:13:59:31 -0300] "GET /cormun/servlet/solicitudot?48c5be5ebd6fc4a020b296fbba0aa6df62244be8d54a112d9fbe435574fe3f2c654f361e634b21da48fc7d37d173d17fa2416f764009e3f5c682fe55f206a3b2a1792d1a7ad222edb7601f917dec46ec952f569e3c84c30a02ebc9ceeb6970960a3fa4fb53500ce25ad1627de0e2966e,gx-no-cache=1464109189478 HTTP/1.1" 200 29
186.103.157.42 - - [24/May/2016:13:59:31 -0300] "POST /cormun/servlet/solicitudot?gx-no-cache=1464109189608 HTTP/1.1" 200 1144
191.112.103.218 - - [24/May/2016:13:59:32 -0300] "GET /cormun/servlet/trautorizarsolicitud HTTP/1.1" 200 6498
192.168.10.89 - - [24/May/2016:13:59:36 -0300] "POST /cormun/servlet/trautorizarsolicitud?7ebea9fa12a31c721eb47fdf888a7f48,,gx-no-cache=1464108894435 HTTP/1.1" 200 3749
186.67.172.234 - - [24/May/2016:13:59:38 -0300] "POST /cormun/servlet/hlogin?540c7b96abd9c91424fc0efc83d74417,gx-no-cache=1464109195759 HTTP/1.1" 200 90
186.67.172.234 - - [24/May/2016:13:59:38 -0300] "GET /cormun/servlet/hpexe_link HTTP/1.1" 200 962
186.67.172.234 - - [24/May/2016:13:59:39 -0300] "GET /cormun/servlet/trautorizarsolicitud HTTP/1.1" 200 6550
186.67.172.234 - - [24/May/2016:13:59:39 -0300] "GET /cormun/servlet/trautorizarsolicitud HTTP/1.1" 200 6548
192.168.10.89 - - [24/May/2016:13:59:43 -0300] "POST /cormun/servlet/trautorizarsolicitud?7ebea9fa12a31c721eb47fdf888a7f48,,gx-no-cache=1464108901059 HTTP/1.1" 200 6181
186.67.172.234 - - [24/May/2016:13:59:43 -0300] "GET /cormun/servlet/trautorizarsolicitud? HTTP/1.1" 200 6548
186.67.172.234 - - [24/May/2016:13:59:44 -0300] "GET /cormun/servlet/trautorizarsolicitud? HTTP/1.1" 200 6548
186.67.172.234 - - [24/May/2016:13:59:52 -0300] "GET /cormun/servlet/trcontratoobservaciondir? HTTP/1.1" 200 6446
186.67.172.234 - - [24/May/2016:13:59:52 -0300] "GET /cormun/static/gxcfg.js?2016451351096 HTTP/1.1" 304 -
186.67.172.234 - - [24/May/2016:13:59:52 -0300] "GET /cormun/static/trcontratoobservaciondir.js?2016451351481 HTTP/1.1" 304 -
186.67.172.234 - - [24/May/2016:13:59:52 -0300] "GET /cormun/servlet/trcontratoobservaciondir? HTTP/1.1" 200 6446
186.67.172.234 - - [24/May/2016:14:00:00 -0300] "GET /cormun/servlet/trautorizarsolicitud? HTTP/1.1" 200 6549
186.67.172.234 - - [24/May/2016:14:00:01 -0300] "GET /cormun/servlet/trautorizarsolicitud? HTTP/1.1" 200 6548
186.67.172.234 - - [24/May/2016:14:00:04 -0300] "GET /cormun/servlet/trvisualizadoreventos? HTTP/1.1" 200 6414
186.67.172.234 - - [24/May/2016:14:00:05 -0300] "GET /cormun/servlet/trvisualizadoreventos? HTTP/1.1" 200 6414
186.103.157.42 - - [24/May/2016:14:00:10 -0300] "GET /cormun/servlet/solicitudot?48c5be5ebd6fc4a020b296fbba0aa6df0f2199d4205bd277d3d0349cae1294d2cfdc243e41ef9dc86c9955271b8e6f3222eca6ee0606716c59029292a0b7c09c6d5c6cc988bd98fb99ca4df68c43e65be4e90d498cef2d71414e2abbc981a7c6400e7d8e9806c6a4cc76820f27858a73f100bd17bd0813559a9aaa9d8a44717c3910416b434cbcb51da0aab1c502da88166842e8f399aed9f9141d46fb261089023b2d23b9ef55a6fd745559686aecb9377b7ce8fc0800777181a769fa2f24b4,gx-no-cache=1464109227959 HTTP/1.1" 200 30
192.168.10.89 - - [24/May/2016:14:00:30 -0300] "POST /cormun/servlet/trautorizarsolicitud?7ebea9fa12a31c721eb47fdf888a7f48,,gx-no-cache=1464108948524 HTTP/1.1" 200 6193
192.168.10.89 - - [24/May/2016:14:00:31 -0300] "GET /cormun/static/Shared/jqueryui/images/ui-icons_8d78a5_256x240.png HTTP/1.1" 404 1089
192.168.10.89 - - [24/May/2016:14:00:31 -0300] "GET /cormun/static/Shared/jqueryui/images/ui-icons_82798d_256x240.png HTTP/1.1" 404 1089
192.168.10.89 - - [24/May/2016:14:00:31 -0300] "GET /cormun/static/Shared/jqueryui/images/ui-bg_highlight-soft_100_c6c2c8_1x100.png HTTP/1.1" 404 1117
192.168.10.89 - - [24/May/2016:14:00:31 -0300] "GET /cormun/static/Shared/jqueryui/images/ui-bg_flat_55_fafafa_40x100.png HTTP/1.1" 404 1097
186.103.157.42 - - [24/May/2016:14:00:34 -0300] "POST /cormun/servlet/solicitudot?gx-no-cache=1464109252746 HTTP/1.1" 200 122
186.78.48.134 - - [24/May/2016:14:00:36 -0300] "GET /cormun/servlet/hlogin HTTP/1.1" 200 1732
186.103.157.42 - - [24/May/2016:14:00:38 -0300] "POST /cormun/servlet/solicitudot?gx-no-cache=1464109256593 HTTP/1.1" 200 122
192.168.10.89 - - [24/May/2016:14:00:39 -0300] "POST /cormun/servlet/trautorizarsolicitud?7ebea9fa12a31c721eb47fdf888a7f48,,gx-no-cache=1464108957423 HTTP/1.1" 200 6196
186.103.157.42 - - [24/May/2016:14:00:42 -0300] "POST /cormun/servlet/solicitudot?gx-no-cache=1464109260216 HTTP/1.1" 200 1184
186.103.157.42 - - [24/May/2016:14:00:42 -0300] "GET /cormun/servlet/solicitudot?48c5be5ebd6fc4a020b296fbba0aa6df6b92585126b85b7272f12e17ca3c80dd6015a209ce596f356b044bb70b988c5bd6e86790535b92917e58af1757b4dc770577c511258b15090c837d83c5cbf3776689c7e84c4325a47d3a5d19a6423de42a1acf314bdb201200819b82fa852303a30ac679c4fe2506e57dc4010cdc69a6b9aee0b90c1cc6dfff58018fac7fb936f14bafa8967eec29d17c89b8b3ad21fa,gx-no-cache=1464109260402 HTTP/1.1" 200 41
186.103.157.42 - - [24/May/2016:14:00:42 -0300] "POST /cormun/servlet/solicitudot?gx-no-cache=1464109260457 HTTP/1.1" 200 1144
186.103.157.42 - - [24/May/2016:14:00:42 -0300] "GET /cormun/servlet/solicitudot?48c5be5ebd6fc4a020b296fbba0aa6df0f2199d4205bd277d3d0349cae1294d2cfdc243e41ef9dc86c9955271b8e6f3222eca6ee0606716c59029292a0b7c09c6d5c6cc988bd98fb99ca4df68c43e65be4e90d498cef2d71414e2abbc981a7c6400e7d8e9806c6a4cc76820f27858a73f100bd17bd0813559a9aaa9d8a44717c3910416b434cbcb51da0aab1c502da88166842e8f399aed9f9141d46fb261089023b2d23b9ef55a6fd745559686aecb9377b7ce8fc0800777181a769fa2f24b4,gx-no-cache=1464109260587 HTTP/1.1" 200 30
186.103.157.42 - - [24/May/2016:14:00:43 -0300] "POST /cormun/servlet/solicitudot?05e11080240164d34af8b57bc6664fdb,INS,0,0,,gx-no-cache=1464109260676 HTTP/1.1" 200 93
186.103.157.42 - - [24/May/2016:14:00:43 -0300] "GET /cormun/servlet/hpexe_return? HTTP/1.1" 200 1007
186.103.157.42 - - [24/May/2016:14:00:43 -0300] "GET /cormun/static/gxcfg.js?2015111312145050 HTTP/1.1" 200 953
186.103.157.42 - - [24/May/2016:14:00:43 -0300] "GET /cormun/static/hpexe_return.js?2015111312145056 HTTP/1.1" 200 1633
186.103.157.42 - - [24/May/2016:14:00:43 -0300] "GET /cormun/static/Resources/Spanish/PXTools.css?12112540 HTTP/1.1" 200 89042
186.103.157.42 - - [24/May/2016:14:00:44 -0300] "GET /cormun/servlet/trsolicitudot HTTP/1.1" 200 7897
186.103.157.42 - - [24/May/2016:14:00:46 -0300] "GET /cormun//static/Resources/PXToolsActionView.png HTTP/1.1" 304 -
186.103.157.42 - - [24/May/2016:14:00:46 -0300] "GET /cormun//static/Resources/PXToolsGridUpdate.png HTTP/1.1" 304 -
186.103.157.42 - - [24/May/2016:14:00:46 -0300] "GET /cormun//static/Resources/PXTools/ActionInsert.png HTTP/1.1" 304 -
186.103.157.42 - - [24/May/2016:14:00:46 -0300] "GET /cormun//static/Resources/PXToolsGridDelete.png HTTP/1.1" 304 -
186.103.157.42 - - [24/May/2016:14:00:46 -0300] "GET /cormun//static/Resources/PXToolsRemoveAllAction.png HTTP/1.1" 304 -
186.103.157.42 - - [24/May/2016:14:00:46 -0300] "GET /cormun/servlet/trsolicitudot HTTP/1.1" 200 7893
186.103.157.42 - - [24/May/2016:14:00:49 -0300] "POST /cormun/servlet/trsolicitudot?05e11080240164d34af8b57bc6664fdb,gx-no-cache=1464109267430 HTTP/1.1" 200 106
186.103.157.42 - - [24/May/2016:14:00:50 -0300] "GET /cormun/servlet/trsolicitudadjuntos?2016,1921, HTTP/1.1" 200 5604
186.103.157.42 - - [24/May/2016:14:00:50 -0300] "GET /cormun/static/gxcfg.js?2016311731090 HTTP/1.1" 200 953
186.103.157.42 - - [24/May/2016:14:00:50 -0300] "GET /cormun/static/Resources/Spanish/PXTools.css?171692 HTTP/1.1" 200 89042
186.103.157.42 - - [24/May/2016:14:00:50 -0300] "GET /cormun/static/trsolicitudadjuntos.js?2016311731342 HTTP/1.1" 200 17913
186.103.157.42 - - [24/May/2016:14:00:51 -0300] "GET /cormun/servlet/trsolicitudadjuntos?2016,1921, HTTP/1.1" 200 5603
186.103.157.42 - - [24/May/2016:14:00:55 -0300] "GET /cormun/servlet/solicitudotadjuntos?INS,2016,1921,,1, HTTP/1.1" 200 5687
186.103.157.42 - - [24/May/2016:14:00:55 -0300] "GET /cormun/static/gxcfg.js?201631622493247 HTTP/1.1" 200 953
186.103.157.42 - - [24/May/2016:14:00:55 -0300] "GET /cormun/static/solicitudotadjuntos.js?201631622493267 HTTP/1.1" 200 11762
186.103.157.42 - - [24/May/2016:14:00:56 -0300] "GET /cormun/static/about:blank HTTP/1.1" 404 1011
186.103.157.42 - - [24/May/2016:14:00:57 -0300] "GET /cormun/servlet/solicitudotadjuntos?INS,2016,1921,,1, HTTP/1.1" 200 5681
186.103.157.42 - - [24/May/2016:14:00:57 -0300] "GET /cormun/servlet/solicitudotadjuntos?48c5be5ebd6fc4a020b296fbba0aa6df7fcd37d4f78c7e093dbc005423992e951707e251e73d551109ee78b37f6f6b9b,gx-no-cache=1464109275244 HTTP/1.1" 200 30
186.103.157.42 - - [24/May/2016:14:00:57 -0300] "POST /cormun/servlet/solicitudotadjuntos?05e11080240164d34af8b57bc6664fdb,INS,2016,1921,,1,,gx-no-cache=1464109275316 HTTP/1.1" 200 3480
186.103.157.42 - - [24/May/2016:14:00:59 -0300] "POST /cormun/servlet/solicitudotadjuntos?gx-no-cache=1464109277712 HTTP/1.1" 200 26
192.168.10.89 - - [24/May/2016:14:01:01 -0300] "POST /cormun/servlet/trautorizarsolicitud?7ebea9fa12a31c721eb47fdf888a7f48,,gx-no-cache=1464108979454 HTTP/1.1" 200 6196
192.168.10.89 - - [24/May/2016:14:01:06 -0300] "GET /cormun/servlet/trsolicitudot? HTTP/1.1" 200 6508
192.168.10.89 - - [24/May/2016:14:01:09 -0300] "POST /cormun/servlet/trsolicitudot?7ebea9fa12a31c721eb47fdf888a7f48,,gx-no-cache=1464108987734 HTTP/1.1" 200 6223
186.103.157.42 - - [24/May/2016:14:01:11 -0300] "GET /cormun/servlet/solicitudotadjuntos?48c5be5ebd6fc4a020b296fbba0aa6df325e9418e99ed00171bf96ff77654f60,gx-no-cache=1464109289554 HTTP/1.1" 200 30
186.103.157.42 - - [24/May/2016:14:01:11 -0300] "GET /cormun/servlet/solicitudotadjuntos?48c5be5ebd6fc4a020b296fbba0aa6df325e9418e99ed00171bf96ff77654f60,gx-no-cache=1464109289655 HTTP/1.1" 200 30
186.103.157.42 - - [24/May/2016:14:01:12 -0300] "POST /cormun/servlet/solicitudotadjuntos?05e11080240164d34af8b57bc6664fdb,INS,2016,1921,,1, HTTP/1.1" 200 116
186.103.157.42 - - [24/May/2016:14:01:13 -0300] "GET /cormun/servlet/hpexe_return? HTTP/1.1" 200 1025
186.103.157.42 - - [24/May/2016:14:01:13 -0300] "GET /cormun/servlet/trsolicitudadjuntos?2016,1921, HTTP/1.1" 200 7488
186.103.157.42 - - [24/May/2016:14:01:15 -0300] "GET /cormun/servlet/trsolicitudadjuntos?2016,1921, HTTP/1.1" 200 7485
192.168.10.89 - - [24/May/2016:14:01:18 -0300] "POST /cormun/servlet/trsolicitudot?7ebea9fa12a31c721eb47fdf888a7f48,,gx-no-cache=1464108996019 HTTP/1.1" 200 3776
186.103.157.42 - - [24/May/2016:14:01:18 -0300] "GET /cormun/servlet/solicitudotadjuntos?INS,2016,1921,,1, HTTP/1.1" 200 5687
186.103.157.42 - - [24/May/2016:14:01:19 -0300] "GET /cormun/static/about:blank HTTP/1.1" 404 1011
192.168.10.89 - - [24/May/2016:14:01:20 -0300] "POST /cormun/servlet/trsolicitudot?7ebea9fa12a31c721eb47fdf888a7f48,,gx-no-cache=1464108998281 HTTP/1.1" 200 3776
186.103.157.42 - - [24/May/2016:14:01:20 -0300] "GET /cormun/servlet/solicitudotadjuntos?INS,2016,1921,,1, HTTP/1.1" 200 5681
186.103.157.42 - - [24/May/2016:14:01:20 -0300] "GET /cormun/servlet/solicitudotadjuntos?48c5be5ebd6fc4a020b296fbba0aa6df7fcd37d4f78c7e093dbc005423992e951707e251e73d551109ee78b37f6f6b9b,gx-no-cache=1464109298488 HTTP/1.1" 200 30
186.103.157.42 - - [24/May/2016:14:01:21 -0300] "POST /cormun/servlet/solicitudotadjuntos?05e11080240164d34af8b57bc6664fdb,INS,2016,1921,,1,,gx-no-cache=1464109298687 HTTP/1.1" 200 3480
192.168.10.89 - - [24/May/2016:14:01:23 -0300] "GET /cormun/servlet/trautorizarsolicitud? HTTP/1.1" 200 8729
186.103.157.42 - - [24/May/2016:14:01:26 -0300] "POST /cormun/servlet/solicitudotadjuntos?gx-no-cache=1464109302027 HTTP/1.1" 200 26
186.103.157.42 - - [24/May/2016:14:01:36 -0300] "GET /cormun/servlet/solicitudotadjuntos?48c5be5ebd6fc4a020b296fbba0aa6df325e9418e99ed00171bf96ff77654f60,gx-no-cache=1464109314471 HTTP/1.1" 200 30
186.103.157.42 - - [24/May/2016:14:01:36 -0300] "GET /cormun/servlet/solicitudotadjuntos?48c5be5ebd6fc4a020b296fbba0aa6df325e9418e99ed00171bf96ff77654f60,gx-no-cache=1464109314487 HTTP/1.1" 200 30
186.103.157.42 - - [24/May/2016:14:01:37 -0300] "POST /cormun/servlet/solicitudotadjuntos?05e11080240164d34af8b57bc6664fdb,INS,2016,1921,,1, HTTP/1.1" 200 116
186.103.157.42 - - [24/May/2016:14:01:37 -0300] "GET /cormun/servlet/hpexe_return? HTTP/1.1" 200 1025
192.168.10.89 - - [24/May/2016:14:01:37 -0300] "POST /cormun/servlet/trautorizarsolicitud?7ebea9fa12a31c721eb47fdf888a7f48,,gx-no-cache=1464109015323 HTTP/1.1" 200 6193
192.168.10.89 - - [24/May/2016:14:01:37 -0300] "GET /cormun/static/Shared/jqueryui/images/ui-icons_82798d_256x240.png HTTP/1.1" 404 1089
192.168.10.89 - - [24/May/2016:14:01:37 -0300] "GET /cormun/static/Shared/jqueryui/images/ui-bg_highlight-soft_100_c6c2c8_1x100.png HTTP/1.1" 404 1117
192.168.10.89 - - [24/May/2016:14:01:37 -0300] "GET /cormun/static/Shared/jqueryui/images/ui-icons_8d78a5_256x240.png HTTP/1.1" 404 1089
192.168.10.89 - - [24/May/2016:14:01:37 -0300] "GET /cormun/static/Shared/jqueryui/images/ui-bg_flat_55_fafafa_40x100.png HTTP/1.1" 404 1097
186.103.157.42 - - [24/May/2016:14:01:37 -0300] "GET /cormun/servlet/trsolicitudadjuntos?2016,1921, HTTP/1.1" 200 7671
186.103.157.42 - - [24/May/2016:14:01:39 -0300] "GET /cormun/servlet/trsolicitudadjuntos?2016,1921, HTTP/1.1" 200 7667
186.103.157.42 - - [24/May/2016:14:01:43 -0300] "GET /cormun/servlet/solicitudotadjuntos?INS,2016,1921,,1, HTTP/1.1" 200 5687
186.103.157.42 - - [24/May/2016:14:01:44 -0300] "GET /cormun/static/about:blank HTTP/1.1" 404 1011
186.103.157.42 - - [24/May/2016:14:01:45 -0300] "GET /cormun/servlet/solicitudotadjuntos?INS,2016,1921,,1, HTTP/1.1" 200 5681
186.103.157.42 - - [24/May/2016:14:01:45 -0300] "GET /cormun/servlet/solicitudotadjuntos?48c5be5ebd6fc4a020b296fbba0aa6df7fcd37d4f78c7e093dbc005423992e951707e251e73d551109ee78b37f6f6b9b,gx-no-cache=1464109323546 HTTP/1.1" 200 30
186.103.157.42 - - [24/May/2016:14:01:46 -0300] "POST /cormun/servlet/solicitudotadjuntos?05e11080240164d34af8b57bc6664fdb,INS,2016,1921,,1,,gx-no-cache=1464109323717 HTTP/1.1" 200 3480
186.103.157.42 - - [24/May/2016:14:01:47 -0300] "POST /cormun/servlet/solicitudotadjuntos?gx-no-cache=1464109325884 HTTP/1.1" 200 26
186.103.157.42 - - [24/May/2016:14:01:54 -0300] "POST /cormun/servlet/solicitudotadjuntos?gx-no-cache=1464109331731 HTTP/1.1" 200 26
186.103.157.42 - - [24/May/2016:14:02:00 -0300] "GET /cormun/servlet/solicitudotadjuntos?48c5be5ebd6fc4a020b296fbba0aa6df325e9418e99ed00171bf96ff77654f60,gx-no-cache=1464109338721 HTTP/1.1" 200 30
186.103.157.42 - - [24/May/2016:14:02:00 -0300] "GET /cormun/servlet/solicitudotadjuntos?48c5be5ebd6fc4a020b296fbba0aa6df325e9418e99ed00171bf96ff77654f60,gx-no-cache=1464109338823 HTTP/1.1" 200 30
186.103.157.42 - - [24/May/2016:14:02:02 -0300] "POST /cormun/servlet/solicitudotadjuntos?05e11080240164d34af8b57bc6664fdb,INS,2016,1921,,1, HTTP/1.1" 200 116
186.103.157.42 - - [24/May/2016:14:02:02 -0300] "GET /cormun/servlet/hpexe_return? HTTP/1.1" 200 1025
186.103.157.42 - - [24/May/2016:14:02:03 -0300] "GET /cormun/servlet/trsolicitudadjuntos?2016,1921, HTTP/1.1" 200 7813
186.103.157.42 - - [24/May/2016:14:02:05 -0300] "GET /cormun/servlet/trsolicitudadjuntos?2016,1921, HTTP/1.1" 200 7812
192.168.10.89 - - [24/May/2016:14:02:08 -0300] "POST /cormun/servlet/trautorizarsolicitud?7ebea9fa12a31c721eb47fdf888a7f48,,gx-no-cache=1464109046176 HTTP/1.1" 200 6196
186.103.157.42 - - [24/May/2016:14:02:08 -0300] "GET /cormun/servlet/solicitudotadjuntos?INS,2016,1921,,1, HTTP/1.1" 200 5687
186.103.157.42 - - [24/May/2016:14:02:09 -0300] "GET /cormun/static/about:blank HTTP/1.1" 404 1011
186.103.157.42 - - [24/May/2016:14:02:11 -0300] "GET /cormun/servlet/solicitudotadjuntos?INS,2016,1921,,1, HTTP/1.1" 200 5681
186.103.157.42 - - [24/May/2016:14:02:11 -0300] "GET /cormun/servlet/solicitudotadjuntos?48c5be5ebd6fc4a020b296fbba0aa6df7fcd37d4f78c7e093dbc005423992e951707e251e73d551109ee78b37f6f6b9b,gx-no-cache=1464109349255 HTTP/1.1" 200 30
186.103.157.42 - - [24/May/2016:14:02:11 -0300] "POST /cormun/servlet/solicitudotadjuntos?05e11080240164d34af8b57bc6664fdb,INS,2016,1921,,1,,gx-no-cache=1464109349414 HTTP/1.1" 200 3480
186.103.157.42 - - [24/May/2016:14:02:14 -0300] "POST /cormun/servlet/solicitudotadjuntos?gx-no-cache=1464109352356 HTTP/1.1" 200 26
186.67.172.234 - - [24/May/2016:14:02:20 -0300] "GET /cormun/servlet/trautorizarsolicitud? HTTP/1.1" 200 6548
186.67.172.234 - - [24/May/2016:14:02:21 -0300] "GET /cormun/servlet/trautorizarsolicitud? HTTP/1.1" 200 6548
186.103.157.42 - - [24/May/2016:14:02:21 -0300] "GET /cormun/servlet/solicitudotadjuntos?48c5be5ebd6fc4a020b296fbba0aa6df325e9418e99ed00171bf96ff77654f60,gx-no-cache=1464109359217 HTTP/1.1" 200 30
186.103.157.42 - - [24/May/2016:14:02:21 -0300] "GET /cormun/servlet/solicitudotadjuntos?48c5be5ebd6fc4a020b296fbba0aa6df325e9418e99ed00171bf96ff77654f60,gx-no-cache=1464109359256 HTTP/1.1" 200 30
186.103.157.42 - - [24/May/2016:14:02:23 -0300] "POST /cormun/servlet/solicitudotadjuntos?05e11080240164d34af8b57bc6664fdb,INS,2016,1921,,1, HTTP/1.1" 200 116
186.103.157.42 - - [24/May/2016:14:02:23 -0300] "GET /cormun/servlet/hpexe_return? HTTP/1.1" 200 1025
186.103.157.42 - - [24/May/2016:14:02:24 -0300] "GET /cormun/servlet/trsolicitudadjuntos?2016,1921, HTTP/1.1" 200 7928
191.112.103.218 - - [24/May/2016:14:02:25 -0300] "POST /cormun/servlet/solicitudot?gx-no-cache=1464105759211 HTTP/1.1" 200 2793
186.103.157.42 - - [24/May/2016:14:02:26 -0300] "GET /cormun/servlet/trsolicitudadjuntos?2016,1921, HTTP/1.1" 200 7927
191.112.103.218 - - [24/May/2016:14:02:26 -0300] "POST /cormun/servlet/solicitudot?5510ecf629167bfd8d420211501ca537,INS,0,0,,gx-no-cache=1464105759758 HTTP/1.1" 200 8536
186.103.157.42 - - [24/May/2016:14:02:28 -0300] "GET /cormun/servlet/solicitudotadjuntos?INS,2016,1921,,1, HTTP/1.1" 200 5687
186.67.172.234 - - [24/May/2016:14:02:29 -0300] "GET /cormun/servlet/trvisualizadoreventos? HTTP/1.1" 200 6414
186.103.157.42 - - [24/May/2016:14:02:29 -0300] "GET /cormun/static/about:blank HTTP/1.1" 404 1011
186.103.157.42 - - [24/May/2016:14:02:29 -0300] "GET /cormun/servlet/solicitudotadjuntos?INS,2016,1921,,1, HTTP/1.1" 200 5681
186.67.172.234 - - [24/May/2016:14:02:30 -0300] "GET /cormun/servlet/trvisualizadoreventos? HTTP/1.1" 200 6414
186.103.157.42 - - [24/May/2016:14:02:30 -0300] "GET /cormun/servlet/solicitudotadjuntos?48c5be5ebd6fc4a020b296fbba0aa6df7fcd37d4f78c7e093dbc005423992e951707e251e73d551109ee78b37f6f6b9b,gx-no-cache=1464109368015 HTTP/1.1" 200 30
186.103.157.42 - - [24/May/2016:14:02:30 -0300] "POST /cormun/servlet/solicitudotadjuntos?05e11080240164d34af8b57bc6664fdb,INS,2016,1921,,1,,gx-no-cache=1464109368087 HTTP/1.1" 200 3480
186.103.157.42 - - [24/May/2016:14:02:33 -0300] "POST /cormun/servlet/solicitudotadjuntos?gx-no-cache=1464109371199 HTTP/1.1" 200 26
191.112.103.218 - - [24/May/2016:14:02:33 -0300] "GET /cormun/servlet/solicitudot?10bb658b9b783af5175a4df62722560661a4388dc79c27f00cab6c583bef67fcdbc5fe5c23e13c1ac20bf9354378025c,gx-no-cache=1464105767920 HTTP/1.1" 200 30
191.112.103.218 - - [24/May/2016:14:02:33 -0300] "POST /cormun/servlet/solicitudot?gx-no-cache=1464105768054 HTTP/1.1" 200 30
192.168.10.89 - - [24/May/2016:14:02:40 -0300] "GET /cormun/servlet/trsolicitudot? HTTP/1.1" 200 6508
186.103.157.42 - - [24/May/2016:14:02:42 -0300] "GET /cormun/servlet/solicitudotadjuntos?48c5be5ebd6fc4a020b296fbba0aa6df325e9418e99ed00171bf96ff77654f60,gx-no-cache=1464109379921 HTTP/1.1" 200 30
186.103.157.42 - - [24/May/2016:14:02:42 -0300] "GET /cormun/servlet/solicitudotadjuntos?48c5be5ebd6fc4a020b296fbba0aa6df325e9418e99ed00171bf96ff77654f60,gx-no-cache=1464109379936 HTTP/1.1" 200 30
186.67.172.234 - - [24/May/2016:14:02:44 -0300] "GET /cormun/servlet/trcontratouno? HTTP/1.1" 200 13007
186.67.172.234 - - [24/May/2016:14:02:44 -0300] "GET /cormun/static/gxcfg.js?20163221610935 HTTP/1.1" 304 -
192.168.10.89 - - [24/May/2016:14:02:45 -0300] "POST /cormun/servlet/trsolicitudot?7ebea9fa12a31c721eb47fdf888a7f48,,gx-no-cache=1464109082941 HTTP/1.1" 200 6213
186.103.157.42 - - [24/May/2016:14:02:46 -0300] "POST /cormun/servlet/solicitudotadjuntos?05e11080240164d34af8b57bc6664fdb,INS,2016,1921,,1, HTTP/1.1" 200 116
186.103.157.42 - - [24/May/2016:14:02:46 -0300] "GET /cormun/servlet/hpexe_return? HTTP/1.1" 200 1025
191.112.103.218 - - [24/May/2016:14:02:46 -0300] "POST /cormun/servlet/solicitudot?gx-no-cache=1464105780774 HTTP/1.1" 200 30
186.67.172.234 - - [24/May/2016:14:02:46 -0300] "GET /cormun/servlet/trcontratouno? HTTP/1.1" 200 13004
186.103.157.42 - - [24/May/2016:14:02:47 -0300] "GET /cormun/servlet/trsolicitudadjuntos?2016,1921, HTTP/1.1" 200 8052
186.103.157.42 - - [24/May/2016:14:02:49 -0300] "GET /cormun/servlet/trsolicitudadjuntos?2016,1921, HTTP/1.1" 200 8051
191.112.103.218 - - [24/May/2016:14:02:50 -0300] "POST /cormun/servlet/solicitudot?gx-no-cache=1464105784520 HTTP/1.1" 200 1187
192.168.10.89 - - [24/May/2016:14:02:50 -0300] "POST /cormun/servlet/trsolicitudot?7ebea9fa12a31c721eb47fdf888a7f48,,gx-no-cache=1464109088410 HTTP/1.1" 200 6190
191.112.103.218 - - [24/May/2016:14:02:50 -0300] "GET /cormun/servlet/solicitudot?10bb658b9b783af5175a4df62722560623ee55ea90dc2e006d00b6c1286ea4d99295537671e62b626488cf23a015aeee01d80c0b7ad14913e3b701984b2f58cbe31faecc65c53dced5ab531e8d826ac8e0598ab4f0456053f4a93a5777fd5d7bc0cf76d32386e362dcec7eab624ab2d210f30cde6092967bb5b5404a6518dd4d2ba701d62d4f2e749947db81c9c3e82d,gx-no-cache=1464105784806 HTTP/1.1" 200 38
186.103.157.42 - - [24/May/2016:14:02:51 -0300] "GET /cormun/servlet/solicitudotadjuntos?INS,2016,1921,,1, HTTP/1.1" 200 5687
186.103.157.42 - - [24/May/2016:14:02:51 -0300] "GET /cormun/static/about:blank HTTP/1.1" 404 1011
186.103.157.42 - - [24/May/2016:14:02:53 -0300] "GET /cormun/servlet/solicitudotadjuntos?INS,2016,1921,,1, HTTP/1.1" 200 5681
186.103.157.42 - - [24/May/2016:14:02:53 -0300] "GET /cormun/servlet/solicitudotadjuntos?48c5be5ebd6fc4a020b296fbba0aa6df7fcd37d4f78c7e093dbc005423992e951707e251e73d551109ee78b37f6f6b9b,gx-no-cache=1464109391183 HTTP/1.1" 200 30
186.103.157.42 - - [24/May/2016:14:02:53 -0300] "POST /cormun/servlet/solicitudotadjuntos?05e11080240164d34af8b57bc6664fdb,INS,2016,1921,,1,,gx-no-cache=1464109391227 HTTP/1.1" 200 3480
192.168.10.89 - - [24/May/2016:14:02:55 -0300] "POST /cormun/servlet/trsolicitudot?7ebea9fa12a31c721eb47fdf888a7f48,,gx-no-cache=1464109093408 HTTP/1.1" 200 6190
186.103.157.42 - - [24/May/2016:14:02:56 -0300] "POST /cormun/servlet/solicitudotadjuntos?gx-no-cache=1464109394170 HTTP/1.1" 200 26
186.103.157.42 - - [24/May/2016:14:02:57 -0300] "GET /cormun/servlet/solicitudotadjuntos?48c5be5ebd6fc4a020b296fbba0aa6df325e9418e99ed00171bf96ff77654f60,gx-no-cache=1464109395266 HTTP/1.1" 200 30
186.103.157.42 - - [24/May/2016:14:02:57 -0300] "GET /cormun/servlet/solicitudotadjuntos?48c5be5ebd6fc4a020b296fbba0aa6df325e9418e99ed00171bf96ff77654f60,gx-no-cache=1464109395282 HTTP/1.1" 200 30
192.168.10.89 - - [24/May/2016:14:02:57 -0300] "POST /cormun/servlet/trsolicitudot?7ebea9fa12a31c721eb47fdf888a7f48,,gx-no-cache=1464109095551 HTTP/1.1" 200 6190
186.103.157.42 - - [24/May/2016:14:02:57 -0300] "POST /cormun/servlet/solicitudotadjuntos?05e11080240164d34af8b57bc6664fdb,INS,2016,1921,,1,,gx-no-cache=1464109395320 HTTP/1.1" 200 93
186.103.157.42 - - [24/May/2016:14:02:57 -0300] "GET /cormun/servlet/hpexe_return? HTTP/1.1" 200 1025
186.103.157.42 - - [24/May/2016:14:02:58 -0300] "GET /cormun/servlet/trsolicitudadjuntos?2016,1921, HTTP/1.1" 200 8137
186.103.157.42 - - [24/May/2016:14:03:00 -0300] "GET /cormun/servlet/trsolicitudadjuntos?2016,1921, HTTP/1.1" 200 8136
186.67.172.234 - - [24/May/2016:14:03:02 -0300] "GET /cormun/servlet/trautorizarsolicitud? HTTP/1.1" 200 6548
186.67.172.234 - - [24/May/2016:14:03:02 -0300] "GET /cormun/servlet/trautorizarsolicitud? HTTP/1.1" 200 6548
192.168.10.89 - - [24/May/2016:14:03:03 -0300] "POST /cormun/servlet/trsolicitudot?7ebea9fa12a31c721eb47fdf888a7f48,,gx-no-cache=1464109101148 HTTP/1.1" 200 5934
192.168.10.89 - - [24/May/2016:14:03:04 -0300] "POST /cormun/servlet/trsolicitudot?7ebea9fa12a31c721eb47fdf888a7f48,,gx-no-cache=1464109102312 HTTP/1.1" 200 5874
192.168.10.89 - - [24/May/2016:14:03:04 -0300] "GET /cormun/static/Shared/jqueryui/images/ui-icons_8d78a5_256x240.png HTTP/1.1" 404 1089
192.168.10.89 - - [24/May/2016:14:03:04 -0300] "GET /cormun/static/Shared/jqueryui/images/ui-bg_flat_55_fafafa_40x100.png HTTP/1.1" 404 1097
192.168.10.89 - - [24/May/2016:14:03:04 -0300] "GET /cormun/static/Shared/jqueryui/images/ui-bg_highlight-soft_100_c6c2c8_1x100.png HTTP/1.1" 404 1117
192.168.10.89 - - [24/May/2016:14:03:04 -0300] "GET /cormun/static/Shared/jqueryui/images/ui-icons_82798d_256x240.png HTTP/1.1" 404 1089
