186.103.157.42 - - [24/May/2016:14:03:06 -0300] "GET /cormun/servlet/solicitudotadjuntos?DLT,2016,1921,CV,0, HTTP/1.1" 200 5576
192.168.10.89 - - [24/May/2016:14:03:07 -0300] "POST /cormun/servlet/trsolicitudot?7ebea9fa12a31c721eb47fdf888a7f48,,gx-no-cache=1464109105080 HTTP/1.1" 200 5595
186.103.157.42 - - [24/May/2016:14:03:07 -0300] "GET /cormun/static/about:blank HTTP/1.1" 404 1011
186.103.157.42 - - [24/May/2016:14:03:07 -0300] "GET /cormun/servlet/solicitudotadjuntos?DLT,2016,1921,CV,0, HTTP/1.1" 200 5570
192.168.10.89 - - [24/May/2016:14:03:08 -0300] "POST /cormun/servlet/trsolicitudot?7ebea9fa12a31c721eb47fdf888a7f48,,gx-no-cache=1464109106232 HTTP/1.1" 200 5535
186.103.157.42 - - [24/May/2016:14:03:09 -0300] "POST /cormun/servlet/solicitudotadjuntos?05e11080240164d34af8b57bc6664fdb,DLT,2016,1921,CV,0,,gx-no-cache=1464109407609 HTTP/1.1" 200 93
186.103.157.42 - - [24/May/2016:14:03:09 -0300] "GET /cormun/servlet/hpexe_return? HTTP/1.1" 200 1028
186.103.157.42 - - [24/May/2016:14:03:11 -0300] "GET /cormun/servlet/trsolicitudadjuntos?2016,1921, HTTP/1.1" 200 8053
192.168.10.89 - - [24/May/2016:14:03:11 -0300] "GET /cormun/servlet/trautorizarsolicitud? HTTP/1.1" 200 8097
186.103.157.42 - - [24/May/2016:14:03:12 -0300] "GET /cormun/servlet/trsolicitudadjuntos?2016,1921, HTTP/1.1" 200 8054
186.103.157.42 - - [24/May/2016:14:03:14 -0300] "GET /cormun/servlet/solicitudotadjuntos?INS,2016,1921,,1, HTTP/1.1" 200 5687
186.103.157.42 - - [24/May/2016:14:03:15 -0300] "GET /cormun/static/about:blank HTTP/1.1" 404 1011
186.103.157.42 - - [24/May/2016:14:03:16 -0300] "GET /cormun/servlet/solicitudotadjuntos?INS,2016,1921,,1, HTTP/1.1" 200 5681
186.103.157.42 - - [24/May/2016:14:03:16 -0300] "GET /cormun/servlet/solicitudotadjuntos?48c5be5ebd6fc4a020b296fbba0aa6df7fcd37d4f78c7e093dbc005423992e951707e251e73d551109ee78b37f6f6b9b,gx-no-cache=1464109414243 HTTP/1.1" 200 30
186.103.157.42 - - [24/May/2016:14:03:16 -0300] "POST /cormun/servlet/solicitudotadjuntos?05e11080240164d34af8b57bc6664fdb,INS,2016,1921,,1,,gx-no-cache=1464109414456 HTTP/1.1" 200 3480
191.112.103.218 - - [24/May/2016:14:03:16 -0300] "GET /cormun/servlet/solicitudot?10bb658b9b783af5175a4df627225606b5832da66e1ad99b997868ddf7a77616a5eebfc6b7fd5004c2fe4a917be607ed0b58f2bf2ba8a20455a2ce92b49bc760358a1f47f8ab4da9d55bc884af79d08f297f6fb821162698bbcbc70dfba121f30e9ed791a02a23be90e8da3ff3e552216d2de6c773ef06a99d15ad2a5ec82ee1399295d68276a5ada895fbf48b1160d19750333ca610a3f76652ec92c6af8b90,gx-no-cache=1464105811184 HTTP/1.1" 200 29
191.112.103.218 - - [24/May/2016:14:03:17 -0300] "POST /cormun/servlet/solicitudot?gx-no-cache=1464105811516 HTTP/1.1" 200 1144
191.112.103.218 - - [24/May/2016:14:03:17 -0300] "GET /cormun/servlet/solicitudot?10bb658b9b783af5175a4df62722560616db4b9e1c52f78f3e8f1ce2783ffa11bb6f5d8bbc8dac11f1adf44a75fb9b01455300833bafb7a8740542566812910377fd70df2a252812ee2230692f5db59215f2bd7ccc37d03627d2e7f6be60f66fe18192d5efb40132073f8beb08ec7fb349b18bee70037958cdf5350e59b33212df5b0b830c40a9ee83e853e75836b89aaa385eef2134e74113a250df55fd3982,gx-no-cache=1464105811885 HTTP/1.1" 200 30
192.168.10.89 - - [24/May/2016:14:03:18 -0300] "POST /cormun/servlet/trautorizarsolicitud?7ebea9fa12a31c721eb47fdf888a7f48,,gx-no-cache=1464109116527 HTTP/1.1" 200 5528
186.103.157.42 - - [24/May/2016:14:03:19 -0300] "POST /cormun/servlet/solicitudotadjuntos?gx-no-cache=1464109416998 HTTP/1.1" 200 26
192.168.10.89 - - [24/May/2016:14:03:23 -0300] "POST /cormun/servlet/trautorizarsolicitud?7ebea9fa12a31c721eb47fdf888a7f48,,gx-no-cache=1464109121984 HTTP/1.1" 200 115
192.168.10.89 - - [24/May/2016:14:03:23 -0300] "GET /cormun/servlet/solicitudotlog?INS,2016,1865,0,REC, HTTP/1.1" 200 5286
192.168.10.89 - - [24/May/2016:14:03:25 -0300] "GET /cormun/servlet/solicitudotlog?c50e14e8de5f8fb941b658f09d522f5eb154fb9a088fac730fbc67d4eb8ef8e1,gx-no-cache=1464109123598 HTTP/1.1" 200 26
186.103.157.42 - - [24/May/2016:14:03:25 -0300] "GET /cormun/servlet/solicitudotadjuntos?48c5be5ebd6fc4a020b296fbba0aa6df325e9418e99ed00171bf96ff77654f60,gx-no-cache=1464109423277 HTTP/1.1" 200 30
186.103.157.42 - - [24/May/2016:14:03:25 -0300] "GET /cormun/servlet/solicitudotadjuntos?48c5be5ebd6fc4a020b296fbba0aa6df325e9418e99ed00171bf96ff77654f60,gx-no-cache=1464109423352 HTTP/1.1" 200 30
186.103.157.42 - - [24/May/2016:14:03:25 -0300] "POST /cormun/servlet/solicitudotadjuntos?05e11080240164d34af8b57bc6664fdb,INS,2016,1921,,1, HTTP/1.1" 200 116
186.103.157.42 - - [24/May/2016:14:03:26 -0300] "GET /cormun/servlet/hpexe_return? HTTP/1.1" 200 1025
186.103.157.42 - - [24/May/2016:14:03:27 -0300] "GET /cormun/servlet/trsolicitudadjuntos?2016,1921, HTTP/1.1" 200 8232
186.103.157.42 - - [24/May/2016:14:03:29 -0300] "GET /cormun/servlet/trsolicitudadjuntos?2016,1921, HTTP/1.1" 200 8229
192.168.10.89 - - [24/May/2016:14:03:30 -0300] "POST /cormun/servlet/solicitudotlog?7ebea9fa12a31c721eb47fdf888a7f48,INS,2016,1865,0,REC,,gx-no-cache=1464109128551 HTTP/1.1" 200 93
192.168.10.89 - - [24/May/2016:14:03:30 -0300] "GET /cormun/servlet/hpexe_return? HTTP/1.1" 200 1029
192.168.10.89 - - [24/May/2016:14:03:30 -0300] "GET /cormun/servlet/trautorizarsolicitud? HTTP/1.1" 200 7743
192.168.10.89 - - [24/May/2016:14:03:33 -0300] "POST /cormun/servlet/trautorizarsolicitud?7ebea9fa12a31c721eb47fdf888a7f48,,gx-no-cache=1464109132137 HTTP/1.1" 200 115
192.168.10.89 - - [24/May/2016:14:03:34 -0300] "GET /cormun/servlet/solicitudotlog?INS,2016,1859,0,REC, HTTP/1.1" 200 5285
192.168.10.89 - - [24/May/2016:14:03:35 -0300] "GET /cormun/servlet/solicitudotlog?c50e14e8de5f8fb941b658f09d522f5ef38fcaa3c70099542dfd98d8295155f0,gx-no-cache=1464109133777 HTTP/1.1" 200 26
192.168.10.89 - - [24/May/2016:14:03:39 -0300] "POST /cormun/servlet/solicitudotlog?7ebea9fa12a31c721eb47fdf888a7f48,INS,2016,1859,0,REC,,gx-no-cache=1464109137953 HTTP/1.1" 200 93
192.168.10.89 - - [24/May/2016:14:03:39 -0300] "GET /cormun/servlet/hpexe_return? HTTP/1.1" 200 1028
192.168.10.89 - - [24/May/2016:14:03:40 -0300] "GET /cormun/servlet/trautorizarsolicitud HTTP/1.1" 200 6452
186.103.157.42 - - [24/May/2016:14:03:42 -0300] "GET /cormun/servlet/trsolicitudot? HTTP/1.1" 200 7899
192.168.10.89 - - [24/May/2016:14:03:43 -0300] "GET /cormun/servlet/trsolicitudot? HTTP/1.1" 200 8158
186.103.157.42 - - [24/May/2016:14:03:44 -0300] "GET /cormun/servlet/trsolicitudot? HTTP/1.1" 200 7893
186.103.157.42 - - [24/May/2016:14:03:48 -0300] "POST /cormun/servlet/trsolicitudot?05e11080240164d34af8b57bc6664fdb,,gx-no-cache=1464109445987 HTTP/1.1" 200 3938
186.103.157.42 - - [24/May/2016:14:03:49 -0300] "POST /cormun/servlet/trsolicitudot?05e11080240164d34af8b57bc6664fdb,,gx-no-cache=1464109446569 HTTP/1.1" 200 3765
186.67.172.234 - - [24/May/2016:14:03:49 -0300] "GET /cormun/servlet/hlogin HTTP/1.1" 200 1719
192.168.10.89 - - [24/May/2016:14:03:49 -0300] "POST /cormun/servlet/trsolicitudot?7ebea9fa12a31c721eb47fdf888a7f48,,gx-no-cache=1464109147585 HTTP/1.1" 200 6784
192.168.10.89 - - [24/May/2016:14:03:53 -0300] "POST /cormun/servlet/trsolicitudot?7ebea9fa12a31c721eb47fdf888a7f48,,gx-no-cache=1464109152094 HTTP/1.1" 200 105
192.168.10.89 - - [24/May/2016:14:03:54 -0300] "GET /cormun/servlet/solicitudot?UPD,2016,1865, HTTP/1.1" 200 12995
192.168.10.89 - - [24/May/2016:14:03:55 -0300] "POST /cormun/servlet/solicitudot?gx-no-cache=1464109154260 HTTP/1.1" 200 2800
192.168.10.89 - - [24/May/2016:14:03:56 -0300] "POST /cormun/servlet/solicitudot?7ebea9fa12a31c721eb47fdf888a7f48,UPD,2016,1865,,gx-no-cache=1464109154557 HTTP/1.1" 200 9263
192.168.10.89 - - [24/May/2016:14:03:56 -0300] "GET /cormun/servlet/solicitudot?c50e14e8de5f8fb941b658f09d522f5e4c0822b647dedb560cd1dc39206fa1d2e27d93273346e1c81a876009036ccaa2,gx-no-cache=1464109155215 HTTP/1.1" 200 30
192.168.10.89 - - [24/May/2016:14:03:56 -0300] "POST /cormun/servlet/solicitudot?gx-no-cache=1464109155292 HTTP/1.1" 200 30
192.168.10.89 - - [24/May/2016:14:03:56 -0300] "POST /cormun/servlet/solicitudot?gx-no-cache=1464109155353 HTTP/1.1" 200 33
192.168.10.89 - - [24/May/2016:14:03:56 -0300] "POST /cormun/servlet/solicitudot?gx-no-cache=1464109155415 HTTP/1.1" 200 1187
192.168.10.89 - - [24/May/2016:14:03:57 -0300] "GET /cormun/servlet/solicitudot?c50e14e8de5f8fb941b658f09d522f5e679344d5a8fb74ce7a73786293ed8c38bab323fe7a90ba9d573f21721c09ab415db0d6147ee91f96d7ec828d2359cda2e39ad35611bfc51b4a76b0c571f4e289c7682aebe1a6d495640df240ef47e50fe0b7c29a3d480b5e31e84415bf93c5ad8446a8c05cedb6df9be6c9ee16c1c4489ec3083f7d4142911fb8b6a9ae4ac0ff0165c31f75e0a879fac893d5979e3f45,gx-no-cache=1464109155518 HTTP/1.1" 200 41
186.103.157.42 - - [24/May/2016:14:03:58 -0300] "GET /cormun/servlet/trautorizarsolicitud? HTTP/1.1" 200 7828
186.103.157.42 - - [24/May/2016:14:03:58 -0300] "GET /cormun/static/gxcfg.js?201632119361219 HTTP/1.1" 200 953
186.103.157.42 - - [24/May/2016:14:03:58 -0300] "GET /cormun/static/trautorizarsolicitud.js?20163211936186 HTTP/1.1" 304 -
186.103.157.42 - - [24/May/2016:14:04:00 -0300] "GET /cormun/servlet/trautorizarsolicitud? HTTP/1.1" 200 7828
192.168.10.89 - - [24/May/2016:14:04:00 -0300] "POST /cormun/servlet/solicitudot?gx-no-cache=1464109159367 HTTP/1.1" 200 30
186.103.157.42 - - [24/May/2016:14:04:05 -0300] "POST /cormun/servlet/trautorizarsolicitud?05e11080240164d34af8b57bc6664fdb,,gx-no-cache=1464109463190 HTTP/1.1" 200 3897
186.103.157.42 - - [24/May/2016:14:04:06 -0300] "POST /cormun/servlet/trautorizarsolicitud?05e11080240164d34af8b57bc6664fdb,,gx-no-cache=1464109463877 HTTP/1.1" 200 3729
186.67.172.234 - - [24/May/2016:14:04:07 -0300] "POST /cormun/servlet/hlogin?5fb005501ec6530a3ec9e3e8742c9dbc,gx-no-cache=1464109464750 HTTP/1.1" 200 90
186.67.172.234 - - [24/May/2016:14:04:07 -0300] "GET /cormun/servlet/hpexe_link HTTP/1.1" 200 947
186.67.172.234 - - [24/May/2016:14:04:07 -0300] "GET /cormun/servlet/hhome HTTP/1.1" 200 3690
186.67.172.234 - - [24/May/2016:14:04:09 -0300] "GET /cormun/servlet/hhome HTTP/1.1" 200 3686
186.103.157.42 - - [24/May/2016:14:04:16 -0300] "GET /cormun/servlet/trlicencias? HTTP/1.1" 200 6463
186.103.157.42 - - [24/May/2016:14:04:16 -0300] "GET /cormun/static/gxcfg.js?2016591254526 HTTP/1.1" 200 953
186.103.157.42 - - [24/May/2016:14:04:16 -0300] "GET /cormun/static/trlicencias.js?2016591254105 HTTP/1.1" 200 34282
186.103.157.42 - - [24/May/2016:14:04:18 -0300] "GET /cormun/servlet/trlicencias? HTTP/1.1" 200 6462
192.168.10.89 - - [24/May/2016:14:04:19 -0300] "POST /cormun/servlet/solicitudot?gx-no-cache=1464109177773 HTTP/1.1" 200 1187
192.168.10.89 - - [24/May/2016:14:04:19 -0300] "GET /cormun/servlet/solicitudot?c50e14e8de5f8fb941b658f09d522f5e679344d5a8fb74ce7a73786293ed8c38bab323fe7a90ba9d573f21721c09ab415db0d6147ee91f96d7ec828d2359cda2e39ad35611bfc51b4a76b0c571f4e289c7682aebe1a6d495640df240ef47e50fe0b7c29a3d480b5e31e84415bf93c5ad8446a8c05cedb6df9be6c9ee16c1c4489ec3083f7d4142911fb8b6a9ae4ac0ff0165c31f75e0a879fac893d5979e3f45,gx-no-cache=1464109177857 HTTP/1.1" 200 41
192.168.10.89 - - [24/May/2016:14:04:19 -0300] "GET /cormun/servlet/solicitudot?c50e14e8de5f8fb941b658f09d522f5e76517151362f20f80c84b92e247c41d12bb68b9acd4a863652e9e4354d95b4595e3a03b90ed2390b8ff2589d33601bce9eaedf1131692bd5cca7c700057beeb4f897284969b013b9d12f0bededa0c21616197d33901da994e6776d24b222d9cb,gx-no-cache=1464109177884 HTTP/1.1" 200 29
192.168.10.89 - - [24/May/2016:14:04:19 -0300] "POST /cormun/servlet/solicitudot?gx-no-cache=1464109177910 HTTP/1.1" 200 1144
192.168.10.89 - - [24/May/2016:14:04:19 -0300] "GET /cormun/servlet/solicitudot?c50e14e8de5f8fb941b658f09d522f5e66417f0714de966d5c8ecce1db6170334e95be47a6232fc4bd2a4b9b542b8ffac106c2832632a7939d7b65b6efb6afb34d18988f084d1d05cf1380961575806fedbc6fbf5ce94b488601ec01a4733160f1e3f89018514efe7694270d315777285ce84166c02e62eab2a62e0d1e2235f1712492e507165712e8d7dc1470bd1c9af1cc55af3f55883d5a52cf56c11f07f87f1e14bce1cb5636bd5dc5d3b56d7b0e,gx-no-cache=1464109178048 HTTP/1.1" 200 30
192.168.10.89 - - [24/May/2016:14:04:19 -0300] "POST /cormun/servlet/solicitudot?7ebea9fa12a31c721eb47fdf888a7f48,UPD,2016,1865,,gx-no-cache=1464109178080 HTTP/1.1" 200 93
192.168.10.89 - - [24/May/2016:14:04:19 -0300] "GET /cormun/servlet/hpexe_return? HTTP/1.1" 200 1013
192.168.10.89 - - [24/May/2016:14:04:20 -0300] "GET /cormun/servlet/trsolicitudot? HTTP/1.1" 200 9319
191.112.103.218 - - [24/May/2016:14:04:25 -0300] "GET /cormun/servlet/solicitudot?10bb658b9b783af5175a4df62722560616db4b9e1c52f78f3e8f1ce2783ffa11a388b8220e885dbaf90e257d80117cf1f67ac379477c6776be07ac985f9175381261f6b05c3cdc3989bb965e0d13520e82c17554fbd4d57be00be9c4c3b493afab8fd27d02cffb0800d2542bdcf309ec8b73973c643336d14173c0a7fb60237096242e96c35d54454259331c65a1218cb914ebef59c619d36ac003deec5eb003ff294877c205a572513c3d0a32df857e,gx-no-cache=1464105879421 HTTP/1.1" 200 30
192.168.10.89 - - [24/May/2016:14:04:25 -0300] "POST /cormun/servlet/trsolicitudot?7ebea9fa12a31c721eb47fdf888a7f48,,gx-no-cache=1464109183780 HTTP/1.1" 200 6573
186.67.172.234 - - [24/May/2016:14:04:25 -0300] "GET /cormun/servlet/trautorizarsolicitud? HTTP/1.1" 200 6540
186.67.172.234 - - [24/May/2016:14:04:26 -0300] "GET /cormun/servlet/trautorizarsolicitud? HTTP/1.1" 200 6539
192.168.10.89 - - [24/May/2016:14:04:26 -0300] "POST /cormun/servlet/trsolicitudot?7ebea9fa12a31c721eb47fdf888a7f48,,gx-no-cache=1464109184682 HTTP/1.1" 200 6513
192.168.10.89 - - [24/May/2016:14:04:27 -0300] "GET /cormun/static/Shared/jqueryui/images/ui-bg_flat_55_fafafa_40x100.png HTTP/1.1" 404 1097
192.168.10.89 - - [24/May/2016:14:04:27 -0300] "GET /cormun/static/Shared/jqueryui/images/ui-icons_82798d_256x240.png HTTP/1.1" 404 1089
192.168.10.89 - - [24/May/2016:14:04:27 -0300] "GET /cormun/static/Shared/jqueryui/images/ui-bg_highlight-soft_100_c6c2c8_1x100.png HTTP/1.1" 404 1117
192.168.10.89 - - [24/May/2016:14:04:27 -0300] "GET /cormun/static/Shared/jqueryui/images/ui-icons_8d78a5_256x240.png HTTP/1.1" 404 1089
192.168.10.89 - - [24/May/2016:14:04:28 -0300] "POST /cormun/servlet/trsolicitudot?7ebea9fa12a31c721eb47fdf888a7f48,,gx-no-cache=1464109187103 HTTP/1.1" 200 105
192.168.10.89 - - [24/May/2016:14:04:29 -0300] "GET /cormun/servlet/solicitudot?UPD,2016,1859, HTTP/1.1" 200 12976
186.67.172.234 - - [24/May/2016:14:04:30 -0300] "GET /cormun/servlet/trsolicitudot? HTTP/1.1" 200 8560
186.67.172.234 - - [24/May/2016:14:04:30 -0300] "GET /cormun/servlet/trsolicitudot? HTTP/1.1" 200 8560
192.168.10.89 - - [24/May/2016:14:04:30 -0300] "POST /cormun/servlet/solicitudot?gx-no-cache=1464109189301 HTTP/1.1" 200 2781
192.168.10.89 - - [24/May/2016:14:04:31 -0300] "POST /cormun/servlet/solicitudot?7ebea9fa12a31c721eb47fdf888a7f48,UPD,2016,1859,,gx-no-cache=1464109189571 HTTP/1.1" 200 9267
192.168.10.89 - - [24/May/2016:14:04:31 -0300] "GET /cormun/servlet/solicitudot?c50e14e8de5f8fb941b658f09d522f5ea560321966d4cf83e9ebacb3b1273bc677d73a2b4dc094c78bc14d876c7668c0,gx-no-cache=1464109190243 HTTP/1.1" 200 30
192.168.10.89 - - [24/May/2016:14:04:31 -0300] "POST /cormun/servlet/solicitudot?gx-no-cache=1464109190318 HTTP/1.1" 200 30
192.168.10.89 - - [24/May/2016:14:04:31 -0300] "POST /cormun/servlet/solicitudot?gx-no-cache=1464109190344 HTTP/1.1" 200 33
192.168.10.89 - - [24/May/2016:14:04:31 -0300] "POST /cormun/servlet/solicitudot?gx-no-cache=1464109190389 HTTP/1.1" 200 1186
192.168.10.89 - - [24/May/2016:14:04:32 -0300] "GET /cormun/servlet/solicitudot?c50e14e8de5f8fb941b658f09d522f5e679344d5a8fb74ce7a73786293ed8c38bab323fe7a90ba9d573f21721c09ab415db0d6147ee91f96d7ec828d2359cda2e39ad35611bfc51b4a76b0c571f4e289c7682aebe1a6d495640df240ef47e50fe0b7c29a3d480b5e31e84415bf93c5ad8446a8c05cedb6df9be6c9ee16c1c4489ec3083f7d4142911fb8b6a9ae4ac0ff0165c31f75e0a879fac893d5979e3f45,gx-no-cache=1464109190490 HTTP/1.1" 200 41
186.103.157.42 - - [24/May/2016:14:04:34 -0300] "GET /cormun/static/menuarrow.gif HTTP/1.1" 404 1015
192.168.10.89 - - [24/May/2016:14:04:35 -0300] "POST /cormun/servlet/solicitudot?gx-no-cache=1464109193502 HTTP/1.1" 200 30
186.67.172.234 - - [24/May/2016:14:04:38 -0300] "POST /cormun/servlet/trsolicitudot?5fb005501ec6530a3ec9e3e8742c9dbc,,gx-no-cache=1464109495247 HTTP/1.1" 200 5584
186.67.172.234 - - [24/May/2016:14:04:38 -0300] "GET /cormun/static/Shared/jqueryui/images/ui-bg_highlight-soft_100_c6c2c8_1x100.png HTTP/1.1" 404 1117
186.67.172.234 - - [24/May/2016:14:04:38 -0300] "GET /cormun/static/Shared/jqueryui/images/ui-icons_82798d_256x240.png HTTP/1.1" 404 1089
186.67.172.234 - - [24/May/2016:14:04:38 -0300] "GET /cormun/static/Shared/jqueryui/images/ui-bg_flat_55_fafafa_40x100.png HTTP/1.1" 404 1097
186.67.172.234 - - [24/May/2016:14:04:38 -0300] "GET /cormun/static/Shared/jqueryui/images/ui-icons_8d78a5_256x240.png HTTP/1.1" 404 1089
186.67.172.234 - - [24/May/2016:14:04:38 -0300] "POST /cormun/servlet/trsolicitudot?5fb005501ec6530a3ec9e3e8742c9dbc,,gx-no-cache=1464109495899 HTTP/1.1" 200 5525
186.67.172.234 - - [24/May/2016:14:04:42 -0300] "POST /cormun/servlet/trsolicitudot?5fb005501ec6530a3ec9e3e8742c9dbc,,gx-no-cache=1464109499316 HTTP/1.1" 200 5244
186.67.172.234 - - [24/May/2016:14:04:42 -0300] "POST /cormun/servlet/trsolicitudot?5fb005501ec6530a3ec9e3e8742c9dbc,,gx-no-cache=1464109499884 HTTP/1.1" 200 5187
192.168.10.89 - - [24/May/2016:14:04:50 -0300] "POST /cormun/servlet/solicitudot?gx-no-cache=1464109209411 HTTP/1.1" 200 1186
192.168.10.89 - - [24/May/2016:14:04:51 -0300] "GET /cormun/servlet/solicitudot?c50e14e8de5f8fb941b658f09d522f5e679344d5a8fb74ce7a73786293ed8c38bab323fe7a90ba9d573f21721c09ab415db0d6147ee91f96d7ec828d2359cda2e39ad35611bfc51b4a76b0c571f4e289c7682aebe1a6d495640df240ef47e50fe0b7c29a3d480b5e31e84415bf93c5ad8446a8c05cedb6df9be6c9ee16c1c4489ec3083f7d4142911fb8b6a9ae4ac0ff0165c31f75e0a879fac893d5979e3f45,gx-no-cache=1464109209498 HTTP/1.1" 200 41
192.168.10.89 - - [24/May/2016:14:04:51 -0300] "GET /cormun/servlet/solicitudot?c50e14e8de5f8fb941b658f09d522f5e6c643111f62993313bb05ffc6f74a3a32bb68b9acd4a863652e9e4354d95b4599f21a07f918999735f98b32cdf9cd0e61496999dee548f9a82c5d65171dda18c68f48334e31e140ffd98a849c6625e231bacea7e215e4a2f2d61ce84d55e7d77dbe5971386743e1158919a4778b8944138b4b7b7d2eb63a177f2f530f5eacf3ac9269a6a82fe36736026630b57830960,gx-no-cache=1464109209526 HTTP/1.1" 200 29
192.168.10.89 - - [24/May/2016:14:04:51 -0300] "POST /cormun/servlet/solicitudot?gx-no-cache=1464109209552 HTTP/1.1" 200 1144
192.168.10.89 - - [24/May/2016:14:04:51 -0300] "GET /cormun/servlet/solicitudot?c50e14e8de5f8fb941b658f09d522f5e43188c71bbea22a1941da285975955accdaeb784fc1f7b83b78280f0ca84bed92a7f658a221de4053878f7deaa9cd23a19fc8d0ecc0d508f26d901f69819c1aa176525c56b72dd20e8a4110d7adaab3cd55720cca055e182895309b34a605fda97e4bb4b4b7a08425f89d6c2926a8f436686860d53ee4e088cd822c95ca6b752ce39348606ba4c22e82453a4367b8a76cf866f9b2c48fba40459126214013bfc,gx-no-cache=1464109209700 HTTP/1.1" 200 30
186.67.172.234 - - [24/May/2016:14:04:51 -0300] "POST /cormun/servlet/trsolicitudot?5fb005501ec6530a3ec9e3e8742c9dbc,,gx-no-cache=1464109508423 HTTP/1.1" 200 3895
192.168.10.89 - - [24/May/2016:14:04:51 -0300] "POST /cormun/servlet/solicitudot?7ebea9fa12a31c721eb47fdf888a7f48,UPD,2016,1859,,gx-no-cache=1464109209740 HTTP/1.1" 200 93
192.168.10.89 - - [24/May/2016:14:04:51 -0300] "GET /cormun/servlet/hpexe_return? HTTP/1.1" 200 1013
186.67.172.234 - - [24/May/2016:14:04:51 -0300] "POST /cormun/servlet/trsolicitudot?5fb005501ec6530a3ec9e3e8742c9dbc,,gx-no-cache=1464109509005 HTTP/1.1" 200 3745
192.168.10.89 - - [24/May/2016:14:04:52 -0300] "GET /cormun/servlet/trsolicitudot? HTTP/1.1" 200 9093
186.103.157.42 - - [24/May/2016:14:04:52 -0300] "POST /cormun/servlet/trlicencias?05e11080240164d34af8b57bc6664fdb,,gx-no-cache=1464109498167 HTTP/1.1" 200 3752
186.67.172.234 - - [24/May/2016:14:04:56 -0300] "GET /cormun/servlet/trautorizarsolicitud? HTTP/1.1" 200 8497
186.67.172.234 - - [24/May/2016:14:04:57 -0300] "GET /cormun/servlet/trautorizarsolicitud? HTTP/1.1" 200 8497
192.168.10.89 - - [24/May/2016:14:05:02 -0300] "POST /cormun/servlet/trsolicitudot?7ebea9fa12a31c721eb47fdf888a7f48,,gx-no-cache=1464109220985 HTTP/1.1" 200 105
191.112.103.218 - - [24/May/2016:14:05:02 -0300] "POST /cormun/servlet/solicitudot?5510ecf629167bfd8d420211501ca537,INS,0,0,,gx-no-cache=1464105916768 HTTP/1.1" 200 90
191.112.103.218 - - [24/May/2016:14:05:03 -0300] "GET /cormun/servlet/hpexe_link HTTP/1.1" 200 956
192.168.10.89 - - [24/May/2016:14:05:03 -0300] "GET /cormun/servlet/solicitudot?UPD,2016,1859, HTTP/1.1" 200 12989
191.112.103.218 - - [24/May/2016:14:05:03 -0300] "GET /cormun/servlet/trsolicitudot? HTTP/1.1" 200 6469
191.112.103.218 - - [24/May/2016:14:05:04 -0300] "GET /cormun/servlet/trsolicitudot? HTTP/1.1" 200 6467
192.168.10.89 - - [24/May/2016:14:05:04 -0300] "POST /cormun/servlet/solicitudot?gx-no-cache=1464109223204 HTTP/1.1" 200 2781
192.168.10.89 - - [24/May/2016:14:05:05 -0300] "POST /cormun/servlet/solicitudot?7ebea9fa12a31c721eb47fdf888a7f48,UPD,2016,1859,,gx-no-cache=1464109223492 HTTP/1.1" 200 9272
192.168.10.89 - - [24/May/2016:14:05:05 -0300] "GET /cormun/servlet/solicitudot?c50e14e8de5f8fb941b658f09d522f5ea560321966d4cf83e9ebacb3b1273bc677d73a2b4dc094c78bc14d876c7668c0,gx-no-cache=1464109224154 HTTP/1.1" 200 30
192.168.10.89 - - [24/May/2016:14:05:05 -0300] "POST /cormun/servlet/solicitudot?gx-no-cache=1464109224229 HTTP/1.1" 200 30
192.168.10.89 - - [24/May/2016:14:05:05 -0300] "POST /cormun/servlet/solicitudot?gx-no-cache=1464109224255 HTTP/1.1" 200 30
192.168.10.89 - - [24/May/2016:14:05:05 -0300] "POST /cormun/servlet/solicitudot?gx-no-cache=1464109224301 HTTP/1.1" 200 1186
192.168.10.89 - - [24/May/2016:14:05:05 -0300] "GET /cormun/servlet/solicitudot?c50e14e8de5f8fb941b658f09d522f5e679344d5a8fb74ce7a73786293ed8c38bab323fe7a90ba9d573f21721c09ab415db0d6147ee91f96d7ec828d2359cda2e39ad35611bfc51b4a76b0c571f4e289c7682aebe1a6d495640df240ef47e50fe0b7c29a3d480b5e31e84415bf93c5ad8446a8c05cedb6df9be6c9ee16c1c4489ec3083f7d4142911fb8b6a9ae4ac0ff0165c31f75e0a879fac893d5979e3f45,gx-no-cache=1464109224402 HTTP/1.1" 200 41
186.67.172.234 - - [24/May/2016:14:05:07 -0300] "POST /cormun/servlet/trautorizarsolicitud?5fb005501ec6530a3ec9e3e8742c9dbc,,gx-no-cache=1464109523964 HTTP/1.1" 200 5551
186.67.172.234 - - [24/May/2016:14:05:07 -0300] "POST /cormun/servlet/trautorizarsolicitud?5fb005501ec6530a3ec9e3e8742c9dbc,,gx-no-cache=1464109524527 HTTP/1.1" 200 5493
192.168.10.89 - - [24/May/2016:14:05:08 -0300] "GET /cormun/servlet/solicitudot?c50e14e8de5f8fb941b658f09d522f5e6c643111f62993313bb05ffc6f74a3a32bb68b9acd4a863652e9e4354d95b4599f21a07f918999735f98b32cdf9cd0e61496999dee548f9a82c5d65171dda18c68f48334e31e140ffd98a849c6625e231bacea7e215e4a2f2d61ce84d55e7d77dbe5971386743e1158919a4778b8944138b4b7b7d2eb63a177f2f530f5eacf3ac9269a6a82fe36736026630b57830960,gx-no-cache=1464109226911 HTTP/1.1" 200 29
192.168.10.89 - - [24/May/2016:14:05:08 -0300] "POST /cormun/servlet/solicitudot?gx-no-cache=1464109226944 HTTP/1.1" 200 1144
191.112.103.218 - - [24/May/2016:14:05:11 -0300] "GET /cormun/servlet/solicitudot?INS,0,0, HTTP/1.1" 200 11685
191.112.103.218 - - [24/May/2016:14:05:12 -0300] "GET /cormun/servlet/solicitudot?INS,0,0, HTTP/1.1" 200 11690
186.67.172.234 - - [24/May/2016:14:05:13 -0300] "POST /cormun/servlet/trautorizarsolicitud?5fb005501ec6530a3ec9e3e8742c9dbc,,gx-no-cache=1464109530676 HTTP/1.1" 200 5208
186.67.172.234 - - [24/May/2016:14:05:14 -0300] "POST /cormun/servlet/trautorizarsolicitud?5fb005501ec6530a3ec9e3e8742c9dbc,,gx-no-cache=1464109531187 HTTP/1.1" 200 5152
192.168.10.89 - - [24/May/2016:14:05:16 -0300] "GET /cormun/servlet/solicitudot?c50e14e8de5f8fb941b658f09d522f5e43188c71bbea22a1941da285975955accdaeb784fc1f7b83b78280f0ca84bed92a7f658a221de4053878f7deaa9cd23a19fc8d0ecc0d508f26d901f69819c1aa176525c56b72dd20e8a4110d7adaab3cd55720cca055e182895309b34a605fda97e4bb4b4b7a08425f89d6c2926a8f436686860d53ee4e088cd822c95ca6b752ce39348606ba4c22e82453a4367b8a76cf866f9b2c48fba40459126214013bfc,gx-no-cache=1464109235304 HTTP/1.1" 200 30
192.168.10.89 - - [24/May/2016:14:05:17 -0300] "POST /cormun/servlet/solicitudot?7ebea9fa12a31c721eb47fdf888a7f48,UPD,2016,1859,,gx-no-cache=1464109235344 HTTP/1.1" 200 93
192.168.10.89 - - [24/May/2016:14:05:17 -0300] "GET /cormun/servlet/hpexe_return? HTTP/1.1" 200 1013
186.67.172.234 - - [24/May/2016:14:05:18 -0300] "POST /cormun/servlet/trautorizarsolicitud?5fb005501ec6530a3ec9e3e8742c9dbc,,gx-no-cache=1464109535064 HTTP/1.1" 200 3864
192.168.10.89 - - [24/May/2016:14:05:18 -0300] "GET /cormun/servlet/trsolicitudot HTTP/1.1" 200 9093
186.67.172.234 - - [24/May/2016:14:05:18 -0300] "POST /cormun/servlet/trautorizarsolicitud?5fb005501ec6530a3ec9e3e8742c9dbc,,gx-no-cache=1464109535547 HTTP/1.1" 200 3718
192.168.10.89 - - [24/May/2016:14:05:22 -0300] "POST /cormun/servlet/trsolicitudot?7ebea9fa12a31c721eb47fdf888a7f48,gx-no-cache=1464109240777 HTTP/1.1" 200 6257
186.67.172.234 - - [24/May/2016:14:05:23 -0300] "GET /cormun/servlet/trsolicitudot? HTTP/1.1" 200 6600
192.168.10.89 - - [24/May/2016:14:05:23 -0300] "POST /cormun/servlet/trsolicitudot?7ebea9fa12a31c721eb47fdf888a7f48,gx-no-cache=1464109241638 HTTP/1.1" 200 6197
192.168.10.89 - - [24/May/2016:14:05:24 -0300] "GET /cormun/static/Shared/jqueryui/images/ui-bg_highlight-soft_100_c6c2c8_1x100.png HTTP/1.1" 404 1117
192.168.10.89 - - [24/May/2016:14:05:24 -0300] "GET /cormun/static/Shared/jqueryui/images/ui-icons_82798d_256x240.png HTTP/1.1" 404 1089
192.168.10.89 - - [24/May/2016:14:05:24 -0300] "GET /cormun/static/Shared/jqueryui/images/ui-icons_8d78a5_256x240.png HTTP/1.1" 404 1089
192.168.10.89 - - [24/May/2016:14:05:24 -0300] "GET /cormun/static/Shared/jqueryui/images/ui-bg_flat_55_fafafa_40x100.png HTTP/1.1" 404 1097
186.67.172.234 - - [24/May/2016:14:05:24 -0300] "GET /cormun/servlet/trsolicitudot? HTTP/1.1" 200 6600
192.168.10.89 - - [24/May/2016:14:05:27 -0300] "GET /cormun/servlet/trautorizarsolicitud? HTTP/1.1" 200 8094
186.67.172.234 - - [24/May/2016:14:05:28 -0300] "GET /cormun/servlet/solicitudot?INS,0,0, HTTP/1.1" 200 11824
186.67.172.234 - - [24/May/2016:14:05:29 -0300] "GET /cormun/servlet/solicitudot?INS,0,0, HTTP/1.1" 200 11829
191.112.103.218 - - [24/May/2016:14:05:31 -0300] "POST /cormun/servlet/solicitudot?gx-no-cache=1464105944880 HTTP/1.1" 200 2793
192.168.10.89 - - [24/May/2016:14:05:32 -0300] "POST /cormun/servlet/trautorizarsolicitud?7ebea9fa12a31c721eb47fdf888a7f48,,gx-no-cache=1464109250136 HTTP/1.1" 200 5208
191.112.103.218 - - [24/May/2016:14:05:32 -0300] "POST /cormun/servlet/solicitudot?5510ecf629167bfd8d420211501ca537,INS,0,0,,gx-no-cache=1464105945836 HTTP/1.1" 200 8535
192.168.10.89 - - [24/May/2016:14:05:32 -0300] "POST /cormun/servlet/trautorizarsolicitud?7ebea9fa12a31c721eb47fdf888a7f48,,gx-no-cache=1464109250796 HTTP/1.1" 200 5152
192.168.10.89 - - [24/May/2016:14:05:32 -0300] "GET /cormun/static/Shared/jqueryui/images/ui-bg_highlight-soft_100_c6c2c8_1x100.png HTTP/1.1" 404 1117
192.168.10.89 - - [24/May/2016:14:05:32 -0300] "GET /cormun/static/Shared/jqueryui/images/ui-icons_82798d_256x240.png HTTP/1.1" 404 1089
192.168.10.89 - - [24/May/2016:14:05:32 -0300] "GET /cormun/static/Shared/jqueryui/images/ui-bg_flat_55_fafafa_40x100.png HTTP/1.1" 404 1097
192.168.10.89 - - [24/May/2016:14:05:32 -0300] "GET /cormun/static/Shared/jqueryui/images/ui-icons_8d78a5_256x240.png HTTP/1.1" 404 1089
192.168.10.89 - - [24/May/2016:14:05:34 -0300] "POST /cormun/servlet/trautorizarsolicitud?7ebea9fa12a31c721eb47fdf888a7f48,,gx-no-cache=1464109252138 HTTP/1.1" 200 3874
192.168.10.89 - - [24/May/2016:14:05:34 -0300] "POST /cormun/servlet/trautorizarsolicitud?7ebea9fa12a31c721eb47fdf888a7f48,,gx-no-cache=1464109252832 HTTP/1.1" 200 3728
191.112.103.218 - - [24/May/2016:14:05:35 -0300] "GET /cormun/servlet/solicitudot?10bb658b9b783af5175a4df62722560661a4388dc79c27f00cab6c583bef67fcdbc5fe5c23e13c1ac20bf9354378025c,gx-no-cache=1464105950056 HTTP/1.1" 200 30
191.112.103.218 - - [24/May/2016:14:05:35 -0300] "POST /cormun/servlet/solicitudot?gx-no-cache=1464105950188 HTTP/1.1" 200 30
191.112.103.218 - - [24/May/2016:14:05:39 -0300] "POST /cormun/servlet/solicitudot?gx-no-cache=1464105953503 HTTP/1.1" 200 30
191.112.103.218 - - [24/May/2016:14:05:41 -0300] "POST /cormun/servlet/solicitudot?gx-no-cache=1464105956078 HTTP/1.1" 200 1187
191.112.103.218 - - [24/May/2016:14:05:41 -0300] "GET /cormun/servlet/solicitudot?10bb658b9b783af5175a4df62722560623ee55ea90dc2e006d00b6c1286ea4d99295537671e62b626488cf23a015aeee01d80c0b7ad14913e3b701984b2f58cbe31faecc65c53dced5ab531e8d826ac8e0598ab4f0456053f4a93a5777fd5d7bc0cf76d32386e362dcec7eab624ab2d210f30cde6092967bb5b5404a6518dd4d2ba701d62d4f2e749947db81c9c3e82d,gx-no-cache=1464105956283 HTTP/1.1" 200 38
186.67.172.234 - - [24/May/2016:14:05:44 -0300] "GET /cormun/servlet/hlogin HTTP/1.1" 200 1719
191.112.103.218 - - [24/May/2016:14:05:51 -0300] "GET /cormun/servlet/solicitudot?10bb658b9b783af5175a4df627225606b5832da66e1ad99b997868ddf7a77616a5eebfc6b7fd5004c2fe4a917be607ed0b58f2bf2ba8a20455a2ce92b49bc760358a1f47f8ab4da9d55bc884af79d08f297f6fb821162698bbcbc70dfba121f30e9ed791a02a23be90e8da3ff3e552216d2de6c773ef06a99d15ad2a5ec82ee1399295d68276a5ada895fbf48b1160d19750333ca610a3f76652ec92c6af8b90,gx-no-cache=1464105965911 HTTP/1.1" 200 29
191.112.103.218 - - [24/May/2016:14:05:51 -0300] "POST /cormun/servlet/solicitudot?gx-no-cache=1464105966011 HTTP/1.1" 200 1144
186.67.172.234 - - [24/May/2016:14:05:56 -0300] "POST /cormun/servlet/hlogin?5fb005501ec6530a3ec9e3e8742c9dbc,gx-no-cache=1464109573264 HTTP/1.1" 200 90
186.67.172.234 - - [24/May/2016:14:05:56 -0300] "GET /cormun/servlet/hpexe_link HTTP/1.1" 200 959
186.67.172.234 - - [24/May/2016:14:05:56 -0300] "GET /cormun/servlet/solicitudot?INS,0,0, HTTP/1.1" 200 11825
186.67.172.234 - - [24/May/2016:14:05:57 -0300] "GET /cormun/servlet/solicitudot?INS,0,0, HTTP/1.1" 200 11829
186.67.172.234 - - [24/May/2016:14:06:00 -0300] "GET /cormun/servlet/trsolicitudot? HTTP/1.1" 200 6601
186.67.172.234 - - [24/May/2016:14:06:01 -0300] "GET /cormun/servlet/trsolicitudot? HTTP/1.1" 200 6600
186.67.172.234 - - [24/May/2016:14:06:06 -0300] "GET /cormun/servlet/trautorizarsolicitud? HTTP/1.1" 200 6540
186.67.172.234 - - [24/May/2016:14:06:07 -0300] "GET /cormun/servlet/trautorizarsolicitud? HTTP/1.1" 200 6539
186.67.172.234 - - [24/May/2016:14:06:11 -0300] "POST /cormun/servlet/trautorizarsolicitud?5fb005501ec6530a3ec9e3e8742c9dbc,,gx-no-cache=1464109588133 HTTP/1.1" 200 110
186.67.172.234 - - [24/May/2016:14:06:11 -0300] "GET /cormun/AutorizarSolicitud-8834.xls HTTP/1.1" 200 4608
192.168.10.89 - - [24/May/2016:14:06:41 -0300] "GET /cormun/servlet/hlogin HTTP/1.1" 200 1740
191.112.103.218 - - [24/May/2016:14:07:18 -0300] "GET /cormun/servlet/solicitudot?10bb658b9b783af5175a4df62722560616db4b9e1c52f78f3e8f1ce2783ffa11a388b8220e885dbaf90e257d80117cf1f67ac379477c6776be07ac985f9175381261f6b05c3cdc3989bb965e0d13520e82c17554fbd4d57be00be9c4c3b493afab8fd27d02cffb0800d2542bdcf309ec8b73973c643336d14173c0a7fb60237096242e96c35d54454259331c65a1218ca26b5a6459e9e0479a78ac083febe51bf8099bd10538716c683a08ac570ac439,gx-no-cache=1464106053138 HTTP/1.1" 200 30
191.112.103.218 - - [24/May/2016:14:08:05 -0300] "POST /cormun/servlet/solicitudot?5510ecf629167bfd8d420211501ca537,INS,0,0,,gx-no-cache=1464106098770 HTTP/1.1" 200 93
191.112.103.218 - - [24/May/2016:14:08:05 -0300] "GET /cormun/servlet/hpexe_return? HTTP/1.1" 200 1002
191.112.103.218 - - [24/May/2016:14:08:05 -0300] "GET /cormun/servlet/trsolicitudot HTTP/1.1" 200 7780
191.112.103.218 - - [24/May/2016:14:08:06 -0300] "GET /cormun/servlet/trsolicitudot HTTP/1.1" 200 7777
191.112.103.218 - - [24/May/2016:14:08:35 -0300] "POST /cormun/servlet/trsolicitudot?5510ecf629167bfd8d420211501ca537,gx-no-cache=1464106129340 HTTP/1.1" 200 3867
191.112.103.218 - - [24/May/2016:14:08:35 -0300] "GET /cormun/static/Shared/jqueryui/images/ui-bg_highlight-soft_100_c6c2c8_1x100.png HTTP/1.1" 404 1117
191.112.103.218 - - [24/May/2016:14:08:35 -0300] "GET /cormun/static/Shared/jqueryui/images/ui-icons_82798d_256x240.png HTTP/1.1" 404 1089
191.112.103.218 - - [24/May/2016:14:08:35 -0300] "GET /cormun/static/Shared/jqueryui/images/ui-bg_flat_55_fafafa_40x100.png HTTP/1.1" 404 1097
191.112.103.218 - - [24/May/2016:14:08:35 -0300] "GET /cormun/static/Shared/jqueryui/images/ui-icons_8d78a5_256x240.png HTTP/1.1" 404 1089
191.112.103.218 - - [24/May/2016:14:08:36 -0300] "POST /cormun/servlet/trsolicitudot?5510ecf629167bfd8d420211501ca537,gx-no-cache=1464106130254 HTTP/1.1" 200 3699
192.168.10.89 - - [24/May/2016:14:09:05 -0300] "POST /cormun/servlet/hlogin?7ebea9fa12a31c721eb47fdf888a7f48,gx-no-cache=1464109463801 HTTP/1.1" 200 461
192.168.10.89 - - [24/May/2016:14:09:11 -0300] "POST /cormun/servlet/hlogin?7ebea9fa12a31c721eb47fdf888a7f48,gx-no-cache=1464109469536 HTTP/1.1" 200 90
192.168.10.89 - - [24/May/2016:14:09:11 -0300] "GET /cormun/servlet/hpexe_link HTTP/1.1" 200 950
192.168.10.89 - - [24/May/2016:14:09:12 -0300] "GET /cormun/servlet/hhome HTTP/1.1" 200 3643
191.112.103.218 - - [24/May/2016:14:09:13 -0300] "GET /cormun/servlet/trsolicitudot? HTTP/1.1" 200 6467
191.112.103.218 - - [24/May/2016:14:09:14 -0300] "GET /cormun/servlet/trsolicitudot? HTTP/1.1" 200 6467
192.168.10.89 - - [24/May/2016:14:09:16 -0300] "GET /cormun/servlet/trsolicitudot? HTTP/1.1" 200 6572
192.168.10.89 - - [24/May/2016:14:09:21 -0300] "POST /cormun/servlet/trsolicitudot?7ebea9fa12a31c721eb47fdf888a7f48,,gx-no-cache=1464109479540 HTTP/1.1" 200 3777
192.168.10.89 - - [24/May/2016:14:09:24 -0300] "POST /cormun/servlet/trsolicitudot?7ebea9fa12a31c721eb47fdf888a7f48,,gx-no-cache=1464109482470 HTTP/1.1" 200 6086
192.168.10.89 - - [24/May/2016:14:09:38 -0300] "GET /cormun/servlet/trautorizarsolicitud? HTTP/1.1" 200 8663
192.168.10.89 - - [24/May/2016:14:09:50 -0300] "POST /cormun/servlet/trautorizarsolicitud?7ebea9fa12a31c721eb47fdf888a7f48,,gx-no-cache=1464109508438 HTTP/1.1" 200 115
192.168.10.89 - - [24/May/2016:14:09:50 -0300] "GET /cormun/servlet/solicitudotlog?INS,2016,1788,0,ANU, HTTP/1.1" 200 5355
192.168.10.89 - - [24/May/2016:14:09:51 -0300] "GET /cormun/servlet/solicitudotlog?c50e14e8de5f8fb941b658f09d522f5e772e2be03cd052e8a45a17eb741557ab,gx-no-cache=1464109510341 HTTP/1.1" 200 26
191.112.103.218 - - [24/May/2016:14:09:52 -0300] "GET /cormun/servlet/trsolicitudot? HTTP/1.1" 200 6467
191.112.103.218 - - [24/May/2016:14:09:53 -0300] "GET /cormun/servlet/trsolicitudot? HTTP/1.1" 200 6467
192.168.10.89 - - [24/May/2016:14:09:55 -0300] "POST /cormun/servlet/solicitudotlog?7ebea9fa12a31c721eb47fdf888a7f48,INS,2016,1788,0,ANU,,gx-no-cache=1464109514000 HTTP/1.1" 200 93
192.168.10.89 - - [24/May/2016:14:09:55 -0300] "GET /cormun/servlet/hpexe_return? HTTP/1.1" 200 1028
192.168.10.89 - - [24/May/2016:14:09:56 -0300] "GET /cormun/servlet/trautorizarsolicitud HTTP/1.1" 200 8439
191.112.103.218 - - [24/May/2016:14:09:59 -0300] "GET /cormun/servlet/solicitudot?INS,0,0, HTTP/1.1" 200 11687
191.112.103.218 - - [24/May/2016:14:10:00 -0300] "GET /cormun/servlet/solicitudot?INS,0,0, HTTP/1.1" 200 11692
192.168.10.89 - - [24/May/2016:14:10:00 -0300] "POST /cormun/servlet/trautorizarsolicitud?7ebea9fa12a31c721eb47fdf888a7f48,gx-no-cache=1464109518995 HTTP/1.1" 200 115
192.168.10.89 - - [24/May/2016:14:10:00 -0300] "GET /cormun/servlet/solicitudotlog?INS,2016,1789,0,REC, HTTP/1.1" 200 5354
192.168.10.89 - - [24/May/2016:14:10:02 -0300] "GET /cormun/servlet/solicitudotlog?c50e14e8de5f8fb941b658f09d522f5ec450e57d13243079533fb1878b845e0f,gx-no-cache=1464109520891 HTTP/1.1" 200 26
192.168.10.89 - - [24/May/2016:14:10:05 -0300] "POST /cormun/servlet/solicitudotlog?7ebea9fa12a31c721eb47fdf888a7f48,INS,2016,1789,0,REC,,gx-no-cache=1464109523824 HTTP/1.1" 200 93
192.168.10.89 - - [24/May/2016:14:10:05 -0300] "GET /cormun/servlet/hpexe_return? HTTP/1.1" 200 1027
192.168.10.89 - - [24/May/2016:14:10:06 -0300] "GET /cormun/servlet/trautorizarsolicitud HTTP/1.1" 200 8108
192.168.10.89 - - [24/May/2016:14:10:09 -0300] "POST /cormun/servlet/trautorizarsolicitud?7ebea9fa12a31c721eb47fdf888a7f48,gx-no-cache=1464109527609 HTTP/1.1" 200 115
192.168.10.89 - - [24/May/2016:14:10:09 -0300] "GET /cormun/servlet/solicitudotlog?INS,2016,1866,0,REC, HTTP/1.1" 200 5354
192.168.10.89 - - [24/May/2016:14:10:11 -0300] "GET /cormun/servlet/solicitudotlog?c50e14e8de5f8fb941b658f09d522f5e2aeb5e87701b3b89f35e2d433adffde2,gx-no-cache=1464109529595 HTTP/1.1" 200 26
192.168.10.89 - - [24/May/2016:14:10:13 -0300] "POST /cormun/servlet/solicitudotlog?7ebea9fa12a31c721eb47fdf888a7f48,INS,2016,1866,0,REC,,gx-no-cache=1464109532230 HTTP/1.1" 200 93
192.168.10.89 - - [24/May/2016:14:10:13 -0300] "GET /cormun/servlet/hpexe_return? HTTP/1.1" 200 1027
192.168.10.89 - - [24/May/2016:14:10:15 -0300] "GET /cormun/servlet/trautorizarsolicitud HTTP/1.1" 200 7824
191.112.103.218 - - [24/May/2016:14:10:15 -0300] "POST /cormun/servlet/solicitudot?gx-no-cache=1464106228680 HTTP/1.1" 200 2770
191.112.103.218 - - [24/May/2016:14:10:17 -0300] "POST /cormun/servlet/solicitudot?5510ecf629167bfd8d420211501ca537,INS,0,0,,gx-no-cache=1464106230267 HTTP/1.1" 200 8492
192.168.10.89 - - [24/May/2016:14:10:18 -0300] "POST /cormun/servlet/trautorizarsolicitud?7ebea9fa12a31c721eb47fdf888a7f48,gx-no-cache=1464109537123 HTTP/1.1" 200 115
192.168.10.89 - - [24/May/2016:14:10:19 -0300] "GET /cormun/servlet/solicitudotlog?INS,2016,1922,0,REC, HTTP/1.1" 200 5353
192.168.10.89 - - [24/May/2016:14:10:20 -0300] "GET /cormun/servlet/solicitudotlog?c50e14e8de5f8fb941b658f09d522f5e7dffc815c2cca1a654aa1f697ffbca59,gx-no-cache=1464109539063 HTTP/1.1" 200 26
191.112.103.218 - - [24/May/2016:14:10:21 -0300] "GET /cormun/servlet/solicitudot?10bb658b9b783af5175a4df627225606d3f670d1665246d34606cf9a2989df3fdbc5fe5c23e13c1ac20bf9354378025c,gx-no-cache=1464106236005 HTTP/1.1" 200 30
191.112.103.218 - - [24/May/2016:14:10:21 -0300] "POST /cormun/servlet/solicitudot?gx-no-cache=1464106236142 HTTP/1.1" 200 30
192.168.10.89 - - [24/May/2016:14:10:26 -0300] "POST /cormun/servlet/solicitudotlog?7ebea9fa12a31c721eb47fdf888a7f48,INS,2016,1922,0,REC,,gx-no-cache=1464109544500 HTTP/1.1" 200 93
192.168.10.89 - - [24/May/2016:14:10:26 -0300] "GET /cormun/servlet/hpexe_return? HTTP/1.1" 200 1027
192.168.10.89 - - [24/May/2016:14:10:27 -0300] "GET /cormun/servlet/trautorizarsolicitud HTTP/1.1" 200 6516
192.168.10.89 - - [24/May/2016:14:10:34 -0300] "GET /cormun/servlet/trsolicitudot? HTTP/1.1" 200 6571
192.168.10.89 - - [24/May/2016:14:10:39 -0300] "POST /cormun/servlet/trsolicitudot?7ebea9fa12a31c721eb47fdf888a7f48,,gx-no-cache=1464109557295 HTTP/1.1" 200 3782
192.168.10.89 - - [24/May/2016:14:10:44 -0300] "POST /cormun/servlet/trsolicitudot?7ebea9fa12a31c721eb47fdf888a7f48,,gx-no-cache=1464109562060 HTTP/1.1" 200 5451
191.112.103.218 - - [24/May/2016:14:10:45 -0300] "POST /cormun/servlet/solicitudot?gx-no-cache=1464106259411 HTTP/1.1" 200 122
207.46.13.192 - - [24/May/2016:14:10:45 -0300] "GET /cormun/servlet/trsolicitudot HTTP/1.1" 200 5976
192.168.10.89 - - [24/May/2016:14:10:52 -0300] "POST /cormun/servlet/trsolicitudot?7ebea9fa12a31c721eb47fdf888a7f48,,gx-no-cache=1464109569688 HTTP/1.1" 200 5567
191.112.103.218 - - [24/May/2016:14:10:55 -0300] "POST /cormun/servlet/solicitudot?gx-no-cache=1464106269952 HTTP/1.1" 200 30
191.112.103.218 - - [24/May/2016:14:11:01 -0300] "POST /cormun/servlet/solicitudot?gx-no-cache=1464106275470 HTTP/1.1" 200 452
191.112.103.218 - - [24/May/2016:14:11:01 -0300] "GET /cormun/servlet/solicitudot?10bb658b9b783af5175a4df62722560623ee55ea90dc2e006d00b6c1286ea4d99295537671e62b626488cf23a015aeee01d80c0b7ad14913e3b701984b2f58cbe31faecc65c53dced5ab531e8d826ac8e0598ab4f0456053f4a93a5777fd5d7bc0cf76d32386e362dcec7eab624ab2d210f30cde6092967bb5b5404a6518dd4d2ba701d62d4f2e749947db81c9c3e82d,gx-no-cache=1464106276041 HTTP/1.1" 200 38
192.168.10.89 - - [24/May/2016:14:11:03 -0300] "POST /cormun/servlet/trsolicitudot?7ebea9fa12a31c721eb47fdf888a7f48,,gx-no-cache=1464109580916 HTTP/1.1" 200 5840
192.168.10.89 - - [24/May/2016:14:11:04 -0300] "POST /cormun/servlet/trsolicitudot?7ebea9fa12a31c721eb47fdf888a7f48,,gx-no-cache=1464109582616 HTTP/1.1" 200 5839
192.168.10.89 - - [24/May/2016:14:11:09 -0300] "POST /cormun/servlet/trsolicitudot?7ebea9fa12a31c721eb47fdf888a7f48,,gx-no-cache=1464109587475 HTTP/1.1" 200 105
192.168.10.89 - - [24/May/2016:14:11:09 -0300] "GET /cormun/servlet/solicitudot?UPD,2016,1922, HTTP/1.1" 200 13109
192.168.10.89 - - [24/May/2016:14:11:11 -0300] "POST /cormun/servlet/solicitudot?gx-no-cache=1464109590129 HTTP/1.1" 200 2793
192.168.10.89 - - [24/May/2016:14:11:12 -0300] "POST /cormun/servlet/solicitudot?7ebea9fa12a31c721eb47fdf888a7f48,UPD,2016,1922,,gx-no-cache=1464109590394 HTTP/1.1" 200 9314
192.168.10.89 - - [24/May/2016:14:11:12 -0300] "GET /cormun/servlet/solicitudot?c50e14e8de5f8fb941b658f09d522f5e121448648ab66364e91577d05d776160e27d93273346e1c81a876009036ccaa2,gx-no-cache=1464109591088 HTTP/1.1" 200 30
192.168.10.89 - - [24/May/2016:14:11:12 -0300] "POST /cormun/servlet/solicitudot?gx-no-cache=1464109591163 HTTP/1.1" 200 30
192.168.10.89 - - [24/May/2016:14:11:12 -0300] "POST /cormun/servlet/solicitudot?gx-no-cache=1464109591189 HTTP/1.1" 200 30
192.168.10.89 - - [24/May/2016:14:11:12 -0300] "POST /cormun/servlet/solicitudot?gx-no-cache=1464109591237 HTTP/1.1" 200 1187
192.168.10.89 - - [24/May/2016:14:11:12 -0300] "GET /cormun/servlet/solicitudot?c50e14e8de5f8fb941b658f09d522f5e679344d5a8fb74ce7a73786293ed8c38bab323fe7a90ba9d573f21721c09ab415db0d6147ee91f96d7ec828d2359cda2e39ad35611bfc51b4a76b0c571f4e289c7682aebe1a6d495640df240ef47e50fe0b7c29a3d480b5e31e84415bf93c5ad8446a8c05cedb6df9be6c9ee16c1c448893a5690dffdc67d0c5a666f39a8397e0165c31f75e0a879fac893d5979e3f45,gx-no-cache=1464109591343 HTTP/1.1" 200 41
192.168.10.89 - - [24/May/2016:14:11:26 -0300] "GET /cormun/servlet/solicitudot?c50e14e8de5f8fb941b658f09d522f5edb7c2649d8d6abe007258b92207fc52d2bb68b9acd4a863652e9e4354d95b459cc0da48c30e5d16a79b87759c74016a609543bc095158a690710c826f36c0a1968f48334e31e140ffd98a849c6625e23d9ee8de500074f6bd5ae539ceedc45d197e4bb4b4b7a08425f89d6c2926a8f438cac625a14cb4154613162db4aba5084d4a748630d99d7b21c060fddd710ed9c,gx-no-cache=1464109604905 HTTP/1.1" 200 29
192.168.10.89 - - [24/May/2016:14:11:26 -0300] "POST /cormun/servlet/solicitudot?gx-no-cache=1464109604937 HTTP/1.1" 200 1144
192.168.10.89 - - [24/May/2016:14:11:29 -0300] "POST /cormun/servlet/solicitudot?7ebea9fa12a31c721eb47fdf888a7f48,UPD,2016,1922,,gx-no-cache=1464109607328 HTTP/1.1" 200 93
192.168.10.89 - - [24/May/2016:14:11:29 -0300] "GET /cormun/servlet/hpexe_return? HTTP/1.1" 200 1012
192.168.10.89 - - [24/May/2016:14:11:30 -0300] "GET /cormun/servlet/trsolicitudot? HTTP/1.1" 200 8500
192.168.10.89 - - [24/May/2016:14:11:34 -0300] "POST /cormun/servlet/trsolicitudot?7ebea9fa12a31c721eb47fdf888a7f48,,gx-no-cache=1464109613150 HTTP/1.1" 200 105
192.168.10.89 - - [24/May/2016:14:11:35 -0300] "GET /cormun/servlet/solicitudot?UPD,2016,1922, HTTP/1.1" 200 13109
192.168.10.89 - - [24/May/2016:14:11:37 -0300] "POST /cormun/servlet/solicitudot?gx-no-cache=1464109615697 HTTP/1.1" 200 2793
192.168.10.89 - - [24/May/2016:14:11:38 -0300] "POST /cormun/servlet/solicitudot?7ebea9fa12a31c721eb47fdf888a7f48,UPD,2016,1922,,gx-no-cache=1464109615964 HTTP/1.1" 200 9313
191.112.103.218 - - [24/May/2016:14:11:38 -0300] "GET /cormun/servlet/solicitudot?10bb658b9b783af5175a4df627225606b5832da66e1ad99b997868ddf7a77616a5eebfc6b7fd5004c2fe4a917be607ed255448303bb4dbb9e06f019c06b4c2e6573d08e867bcc49063f5729c83e26250a703e10f00c0460f0c503100805ba942656cb0e9e2ea22eba32015d1c7f77bcc,gx-no-cache=1464106312401 HTTP/1.1" 200 29
192.168.10.89 - - [24/May/2016:14:11:38 -0300] "GET /cormun/servlet/solicitudot?c50e14e8de5f8fb941b658f09d522f5e121448648ab66364e91577d05d776160e27d93273346e1c81a876009036ccaa2,gx-no-cache=1464109616731 HTTP/1.1" 200 30
192.168.10.89 - - [24/May/2016:14:11:38 -0300] "POST /cormun/servlet/solicitudot?gx-no-cache=1464109616805 HTTP/1.1" 200 30
192.168.10.89 - - [24/May/2016:14:11:38 -0300] "POST /cormun/servlet/solicitudot?gx-no-cache=1464109616832 HTTP/1.1" 200 30
192.168.10.89 - - [24/May/2016:14:11:38 -0300] "POST /cormun/servlet/solicitudot?gx-no-cache=1464109616928 HTTP/1.1" 200 1187
192.168.10.89 - - [24/May/2016:14:11:38 -0300] "GET /cormun/servlet/solicitudot?c50e14e8de5f8fb941b658f09d522f5e679344d5a8fb74ce7a73786293ed8c38bab323fe7a90ba9d573f21721c09ab415db0d6147ee91f96d7ec828d2359cda2e39ad35611bfc51b4a76b0c571f4e289c7682aebe1a6d495640df240ef47e50fe0b7c29a3d480b5e31e84415bf93c5ad8446a8c05cedb6df9be6c9ee16c1c448893a5690dffdc67d0c5a666f39a8397e0165c31f75e0a879fac893d5979e3f45,gx-no-cache=1464109617042 HTTP/1.1" 200 41
191.112.103.218 - - [24/May/2016:14:11:39 -0300] "POST /cormun/servlet/solicitudot?gx-no-cache=1464106313933 HTTP/1.1" 200 1144
192.168.10.89 - - [24/May/2016:14:11:40 -0300] "GET /cormun/servlet/solicitudot?c50e14e8de5f8fb941b658f09d522f5edb7c2649d8d6abe007258b92207fc52d2bb68b9acd4a863652e9e4354d95b459cc0da48c30e5d16a79b87759c74016a609543bc095158a690710c826f36c0a1968f48334e31e140ffd98a849c6625e23d9ee8de500074f6bd5ae539ceedc45d197e4bb4b4b7a08425f89d6c2926a8f438cac625a14cb4154613162db4aba5084d4a748630d99d7b21c060fddd710ed9c,gx-no-cache=1464109619318 HTTP/1.1" 200 29
192.168.10.89 - - [24/May/2016:14:11:40 -0300] "POST /cormun/servlet/solicitudot?gx-no-cache=1464109619352 HTTP/1.1" 200 1144
192.168.10.89 - - [24/May/2016:14:11:45 -0300] "GET /cormun/servlet/solicitudot?c50e14e8de5f8fb941b658f09d522f5e1ceb5fcf485c347d5932c1a5f6b70f6857ae9a7c544903d0211d9311c502202fdf760d4afd98e29464dc139e0def39218544c88f5eb4482c5a9957388c70357f12271156cba4c697ab111e47028d3c28750d3f57cf5905191c1d9dadd07d666fed57410d161ed0d182f8bdbe752244a489264216bc03993fdd26506a9d5c2d73a2a7ad522152ecaa5c985b56a009e240933a973d2dbd1023cc848220dd916050,gx-no-cache=1464109623932 HTTP/1.1" 200 30
192.168.10.89 - - [24/May/2016:14:11:45 -0300] "POST /cormun/servlet/solicitudot?7ebea9fa12a31c721eb47fdf888a7f48,UPD,2016,1922,,gx-no-cache=1464109623965 HTTP/1.1" 200 93
192.168.10.89 - - [24/May/2016:14:11:45 -0300] "GET /cormun/servlet/hpexe_return? HTTP/1.1" 200 1012
192.168.10.89 - - [24/May/2016:14:11:47 -0300] "GET /cormun/servlet/trsolicitudot HTTP/1.1" 200 8497
192.168.10.89 - - [24/May/2016:14:11:51 -0300] "POST /cormun/servlet/trsolicitudot?7ebea9fa12a31c721eb47fdf888a7f48,gx-no-cache=1464109629265 HTTP/1.1" 200 5598
192.168.10.89 - - [24/May/2016:14:11:51 -0300] "POST /cormun/servlet/trsolicitudot?7ebea9fa12a31c721eb47fdf888a7f48,gx-no-cache=1464109630016 HTTP/1.1" 200 5537
192.168.10.89 - - [24/May/2016:14:11:52 -0300] "GET /cormun/static/Shared/jqueryui/images/ui-bg_highlight-soft_100_c6c2c8_1x100.png HTTP/1.1" 404 1117
192.168.10.89 - - [24/May/2016:14:11:52 -0300] "GET /cormun/static/Shared/jqueryui/images/ui-icons_82798d_256x240.png HTTP/1.1" 404 1089
192.168.10.89 - - [24/May/2016:14:11:52 -0300] "GET /cormun/static/Shared/jqueryui/images/ui-bg_flat_55_fafafa_40x100.png HTTP/1.1" 404 1097
192.168.10.89 - - [24/May/2016:14:11:52 -0300] "GET /cormun/static/Shared/jqueryui/images/ui-icons_8d78a5_256x240.png HTTP/1.1" 404 1089
192.168.10.89 - - [24/May/2016:14:11:56 -0300] "POST /cormun/servlet/trsolicitudot?7ebea9fa12a31c721eb47fdf888a7f48,gx-no-cache=1464109634740 HTTP/1.1" 200 106
192.168.10.89 - - [24/May/2016:14:11:56 -0300] "GET /cormun/servlet/solicitudot?DLT,2016,1789, HTTP/1.1" 200 8783
192.168.10.89 - - [24/May/2016:14:11:58 -0300] "GET /cormun/static/Shared/jqueryui/images/ui-icons_82798d_256x240.png HTTP/1.1" 404 1089
192.168.10.89 - - [24/May/2016:14:11:58 -0300] "GET /cormun/static/Shared/jqueryui/images/ui-bg_highlight-soft_100_c6c2c8_1x100.png HTTP/1.1" 404 1117
192.168.10.89 - - [24/May/2016:14:11:58 -0300] "GET /cormun/static/Shared/jqueryui/images/ui-bg_flat_55_fafafa_40x100.png HTTP/1.1" 404 1097
192.168.10.89 - - [24/May/2016:14:11:58 -0300] "GET /cormun/static/Shared/jqueryui/images/ui-icons_8d78a5_256x240.png HTTP/1.1" 404 1089
192.168.10.89 - - [24/May/2016:14:12:02 -0300] "POST /cormun/servlet/solicitudot?7ebea9fa12a31c721eb47fdf888a7f48,DLT,2016,1789,,gx-no-cache=1464109641174 HTTP/1.1" 200 93
192.168.10.89 - - [24/May/2016:14:12:02 -0300] "GET /cormun/servlet/hpexe_return? HTTP/1.1" 200 1033
192.168.10.89 - - [24/May/2016:14:12:03 -0300] "GET /cormun/servlet/trsolicitudot?gx-no-cache=1464109630016 HTTP/1.1" 200 8239
192.168.10.89 - - [24/May/2016:14:12:07 -0300] "POST /cormun/servlet/trsolicitudot?7ebea9fa12a31c721eb47fdf888a7f48,gx-no-cache=1464109630016,gx-no-cache=1464109645662 HTTP/1.1" 200 107
192.168.10.89 - - [24/May/2016:14:12:08 -0300] "GET /cormun/servlet/trsolicitudadjuntos?2016,1789, HTTP/1.1" 200 8264
192.168.10.89 - - [24/May/2016:14:12:14 -0300] "GET /cormun/servlet/trsolicitudot?gx-no-cache=1464109630016 HTTP/1.1" 200 8239
192.168.10.89 - - [24/May/2016:14:12:18 -0300] "POST /cormun/servlet/trsolicitudot?7ebea9fa12a31c721eb47fdf888a7f48,gx-no-cache=1464109630016,gx-no-cache=1464109656867 HTTP/1.1" 200 106
192.168.10.89 - - [24/May/2016:14:12:19 -0300] "GET /cormun/servlet/solicitudot?UPD,2016,1789, HTTP/1.1" 200 13086
192.168.10.89 - - [24/May/2016:14:12:21 -0300] "POST /cormun/servlet/solicitudot?gx-no-cache=1464109659476 HTTP/1.1" 200 2770
192.168.10.89 - - [24/May/2016:14:12:21 -0300] "POST /cormun/servlet/solicitudot?7ebea9fa12a31c721eb47fdf888a7f48,UPD,2016,1789,,gx-no-cache=1464109659745 HTTP/1.1" 200 9288
192.168.10.89 - - [24/May/2016:14:12:21 -0300] "GET /cormun/servlet/solicitudot?c50e14e8de5f8fb941b658f09d522f5e7d31a5ef3f88f7e1adfbe4ecb0cfb0bfe27d93273346e1c81a876009036ccaa2,gx-no-cache=1464109660427 HTTP/1.1" 200 30
192.168.10.89 - - [24/May/2016:14:12:22 -0300] "POST /cormun/servlet/solicitudot?gx-no-cache=1464109660503 HTTP/1.1" 200 30
192.168.10.89 - - [24/May/2016:14:12:22 -0300] "POST /cormun/servlet/solicitudot?gx-no-cache=1464109660529 HTTP/1.1" 200 33
192.168.10.89 - - [24/May/2016:14:12:22 -0300] "POST /cormun/servlet/solicitudot?gx-no-cache=1464109660575 HTTP/1.1" 200 1182
