186.103.159.182 - - [23/May/2016:16:17:09 -0300] "POST /cormun/servlet/solicitudotadjuntos?gx-no-cache=1464031049035 HTTP/1.1" 200 26
186.103.159.46 - - [23/May/2016:16:17:10 -0300] "GET /cormun/servlet/solicitudot?INS,0,0, HTTP/1.1" 200 11690
186.103.157.98 - - [23/May/2016:16:17:10 -0300] "GET /cormun/servlet/solicitudotadjuntos?DLT,2016,1833,CV,0, HTTP/1.1" 200 5547
186.103.157.98 - - [23/May/2016:16:17:10 -0300] "GET /cormun/static/about:blank HTTP/1.1" 404 1011
186.103.157.98 - - [23/May/2016:16:17:10 -0300] "GET /cormun/static/Shared/jqueryui/images/ui-bg_flat_55_fafafa_40x100.png HTTP/1.1" 404 1097
186.103.157.98 - - [23/May/2016:16:17:10 -0300] "GET /cormun/static/Shared/jqueryui/images/ui-icons_8d78a5_256x240.png HTTP/1.1" 404 1089
186.103.157.98 - - [23/May/2016:16:17:11 -0300] "GET /cormun/servlet/solicitudotadjuntos?DLT,2016,1833,CV,0, HTTP/1.1" 200 5541
186.103.157.98 - - [23/May/2016:16:17:15 -0300] "POST /cormun/servlet/solicitudotadjuntos?cbd10df55ceb5e71b981915b403ccecf,DLT,2016,1833,CV,0,,gx-no-cache=1464031053516 HTTP/1.1" 200 93
186.103.157.98 - - [23/May/2016:16:17:15 -0300] "GET /cormun/servlet/hpexe_return? HTTP/1.1" 200 1026
186.103.157.98 - - [23/May/2016:16:17:16 -0300] "GET /cormun/servlet/trsolicitudadjuntos?2016,1833, HTTP/1.1" 200 8018
186.103.157.98 - - [23/May/2016:16:17:17 -0300] "GET /cormun/servlet/trsolicitudadjuntos?2016,1833, HTTP/1.1" 200 8017
186.103.157.39 - - [23/May/2016:16:17:18 -0300] "POST /cormun/servlet/trautorizarsolicitud?daef878b891dead0a73ed30418a32890,,gx-no-cache=1464031035276 HTTP/1.1" 500 10
186.103.159.46 - - [23/May/2016:16:17:26 -0300] "POST /cormun/servlet/solicitudot?49c4f0608bce54fb596e7a7710a9b34f,INS,0,0,,gx-no-cache=1464031064192 HTTP/1.1" 200 90
186.103.159.46 - - [23/May/2016:16:17:26 -0300] "GET /cormun/servlet/hpexe_link HTTP/1.1" 200 960
186.103.159.46 - - [23/May/2016:16:17:27 -0300] "GET /cormun/servlet/trsolicitudot HTTP/1.1" 200 6525
186.103.157.39 - - [23/May/2016:16:17:27 -0300] "POST /cormun/servlet/trautorizarsolicitud?daef878b891dead0a73ed30418a32890,,gx-no-cache=1464031063981 HTTP/1.1" 200 5945
186.103.157.39 - - [23/May/2016:16:17:28 -0300] "POST /cormun/servlet/trautorizarsolicitud?daef878b891dead0a73ed30418a32890,,gx-no-cache=1464031065398 HTTP/1.1" 200 5888
186.103.159.46 - - [23/May/2016:16:17:29 -0300] "GET /cormun/servlet/trsolicitudot HTTP/1.1" 200 6523
186.103.159.46 - - [23/May/2016:16:17:34 -0300] "GET /cormun/servlet/solicitudot?INS,0,0, HTTP/1.1" 200 11685
186.103.157.39 - - [23/May/2016:16:17:35 -0300] "POST /cormun/servlet/trautorizarsolicitud?daef878b891dead0a73ed30418a32890,,gx-no-cache=1464031072973 HTTP/1.1" 200 5580
186.103.159.46 - - [23/May/2016:16:17:36 -0300] "GET /cormun/servlet/solicitudot?INS,0,0, HTTP/1.1" 200 11690
186.103.157.39 - - [23/May/2016:16:17:36 -0300] "POST /cormun/servlet/trautorizarsolicitud?daef878b891dead0a73ed30418a32890,,gx-no-cache=1464031073827 HTTP/1.1" 200 5524
186.103.157.39 - - [23/May/2016:16:18:02 -0300] "POST /cormun/servlet/trautorizarsolicitud?daef878b891dead0a73ed30418a32890,,gx-no-cache=1464031098516 HTTP/1.1" 200 115
186.103.157.39 - - [23/May/2016:16:18:02 -0300] "GET /cormun/servlet/solicitudotlog?INS,2016,1849,0,ANU, HTTP/1.1" 200 5684
186.103.157.39 - - [23/May/2016:16:18:02 -0300] "GET /cormun/static/gxcfg.js?201631622494164 HTTP/1.1" 200 953
186.103.157.39 - - [23/May/2016:16:18:02 -0300] "GET /cormun/static/solicitudotlog.js?201631622494176 HTTP/1.1" 200 8270
186.103.157.39 - - [23/May/2016:16:18:04 -0300] "GET /cormun/servlet/solicitudotlog?INS,2016,1849,0,ANU, HTTP/1.1" 200 5685
186.103.157.39 - - [23/May/2016:16:18:05 -0300] "GET /cormun/servlet/solicitudotlog?b189bfb9075c7fc49020e6d1569bf45d6b2d03fe78b4b4ced7902546b19ad109,gx-no-cache=1464031102795 HTTP/1.1" 200 26
186.103.159.182 - - [23/May/2016:16:18:17 -0300] "GET /cormun/servlet/solicitudotadjuntos?34b504c9abe9e0071b294bf019dc91f2c8f01f88a6b5d9d58292e19f9e1f859f,gx-no-cache=1464031117792 HTTP/1.1" 200 30
186.103.159.182 - - [23/May/2016:16:18:18 -0300] "GET /cormun/servlet/solicitudotadjuntos?34b504c9abe9e0071b294bf019dc91f2c8f01f88a6b5d9d58292e19f9e1f859f,gx-no-cache=1464031117931 HTTP/1.1" 200 30
186.78.48.134 - - [23/May/2016:16:18:19 -0300] "GET /cormun/servlet/solicitudot?c23172452300dd0b916f422b30f8750b2f21123da877b262244265bfdd6180f812db1efe7485fec7f6ca410169fdcdf06f63faebb50513bbcddf2a9deddac137c27bff86f96ea60f9db4a9e1aa08644063d260b255b597488c60a0c4dd3e44da94e863c5144bf7df78366e37e25fe50da91cdb55b3254a6037f7706208518e078a1c77f23f6f9aa6609e0a5c5284b4843f8bb1f3cf348e093ad4f325474ff1cf391eed0aee2c223185df325b24ac5d90,gx-no-cache=1464027514128 HTTP/1.1" 200 30
186.103.159.182 - - [23/May/2016:16:18:20 -0300] "POST /cormun/servlet/solicitudotadjuntos?c598ff6876e9cff5e3bf73a6846a3022,INS,2016,1855,,1, HTTP/1.1" 200 116
186.103.159.182 - - [23/May/2016:16:18:20 -0300] "GET /cormun/servlet/hpexe_return? HTTP/1.1" 200 1026
186.103.159.182 - - [23/May/2016:16:18:21 -0300] "GET /cormun/servlet/trsolicitudadjuntos?2016,1855, HTTP/1.1" 200 7438
186.103.159.182 - - [23/May/2016:16:18:24 -0300] "GET /cormun/servlet/trsolicitudadjuntos?2016,1855, HTTP/1.1" 200 7435
186.103.159.182 - - [23/May/2016:16:18:27 -0300] "GET /cormun/servlet/solicitudotadjuntos?INS,2016,1855,,1, HTTP/1.1" 200 5634
186.103.159.182 - - [23/May/2016:16:18:28 -0300] "GET /cormun/static/about:blank HTTP/1.1" 404 1011
186.103.159.182 - - [23/May/2016:16:18:30 -0300] "GET /cormun/servlet/solicitudotadjuntos?INS,2016,1855,,1, HTTP/1.1" 200 5628
186.103.159.182 - - [23/May/2016:16:18:30 -0300] "GET /cormun/servlet/solicitudotadjuntos?34b504c9abe9e0071b294bf019dc91f2f7e05decdb2d76c84234e42e1f15451755ad2ea298b02533fba5c5c607d6d63e,gx-no-cache=1464031130452 HTTP/1.1" 200 30
186.103.159.182 - - [23/May/2016:16:18:30 -0300] "POST /cormun/servlet/solicitudotadjuntos?c598ff6876e9cff5e3bf73a6846a3022,INS,2016,1855,,1,,gx-no-cache=1464031130550 HTTP/1.1" 200 3480
186.103.159.182 - - [23/May/2016:16:18:32 -0300] "POST /cormun/servlet/solicitudotadjuntos?gx-no-cache=1464031132759 HTTP/1.1" 200 26
186.78.48.134 - - [23/May/2016:16:18:42 -0300] "POST /cormun/servlet/solicitudot?902be5bc90db262a975abd9b889fb7fd,INS,0,0,,gx-no-cache=1464027536686 HTTP/1.1" 200 93
186.78.48.134 - - [23/May/2016:16:18:42 -0300] "GET /cormun/servlet/hpexe_return? HTTP/1.1" 200 999
186.78.48.134 - - [23/May/2016:16:18:42 -0300] "GET /cormun/static/gxcfg.js?2015111312145050 HTTP/1.1" 304 -
186.78.48.134 - - [23/May/2016:16:18:42 -0300] "GET /cormun/servlet/trsolicitudot HTTP/1.1" 200 7773
186.78.48.134 - - [23/May/2016:16:18:43 -0300] "GET /cormun/servlet/trsolicitudot HTTP/1.1" 200 7769
186.103.159.182 - - [23/May/2016:16:18:44 -0300] "GET /cormun/servlet/solicitudotadjuntos?34b504c9abe9e0071b294bf019dc91f2c8f01f88a6b5d9d58292e19f9e1f859f,gx-no-cache=1464031144559 HTTP/1.1" 200 30
186.103.159.182 - - [23/May/2016:16:18:44 -0300] "GET /cormun/servlet/solicitudotadjuntos?34b504c9abe9e0071b294bf019dc91f2c8f01f88a6b5d9d58292e19f9e1f859f,gx-no-cache=1464031144666 HTTP/1.1" 200 30
186.103.159.182 - - [23/May/2016:16:18:47 -0300] "POST /cormun/servlet/solicitudotadjuntos?c598ff6876e9cff5e3bf73a6846a3022,INS,2016,1855,,1, HTTP/1.1" 200 116
186.103.159.182 - - [23/May/2016:16:18:47 -0300] "GET /cormun/servlet/hpexe_return? HTTP/1.1" 200 1026
186.103.159.182 - - [23/May/2016:16:18:48 -0300] "GET /cormun/servlet/trsolicitudadjuntos?2016,1855, HTTP/1.1" 200 7636
186.103.159.182 - - [23/May/2016:16:18:51 -0300] "GET /cormun/servlet/trsolicitudadjuntos?2016,1855, HTTP/1.1" 200 7632
186.103.159.182 - - [23/May/2016:16:18:53 -0300] "GET /cormun/servlet/solicitudotadjuntos?INS,2016,1855,,1, HTTP/1.1" 200 5634
186.103.159.182 - - [23/May/2016:16:18:54 -0300] "GET /cormun/static/about:blank HTTP/1.1" 404 1011
186.103.157.39 - - [23/May/2016:16:18:56 -0300] "POST /cormun/servlet/solicitudotlog?daef878b891dead0a73ed30418a32890,INS,2016,1849,0,ANU,,gx-no-cache=1464031154111 HTTP/1.1" 200 93
186.103.159.182 - - [23/May/2016:16:18:56 -0300] "GET /cormun/servlet/solicitudotadjuntos?INS,2016,1855,,1, HTTP/1.1" 200 5628
186.103.157.39 - - [23/May/2016:16:18:56 -0300] "GET /cormun/servlet/hpexe_return? HTTP/1.1" 200 1031
186.103.159.182 - - [23/May/2016:16:18:57 -0300] "GET /cormun/servlet/solicitudotadjuntos?34b504c9abe9e0071b294bf019dc91f2f7e05decdb2d76c84234e42e1f15451755ad2ea298b02533fba5c5c607d6d63e,gx-no-cache=1464031157052 HTTP/1.1" 200 30
186.103.159.182 - - [23/May/2016:16:18:57 -0300] "POST /cormun/servlet/solicitudotadjuntos?c598ff6876e9cff5e3bf73a6846a3022,INS,2016,1855,,1,,gx-no-cache=1464031157185 HTTP/1.1" 200 3480
186.103.157.39 - - [23/May/2016:16:18:58 -0300] "GET /cormun/servlet/trautorizarsolicitud? HTTP/1.1" 200 6850
186.103.157.39 - - [23/May/2016:16:19:00 -0300] "GET /cormun/servlet/trautorizarsolicitud? HTTP/1.1" 200 6846
186.103.159.182 - - [23/May/2016:16:19:00 -0300] "POST /cormun/servlet/solicitudotadjuntos?gx-no-cache=1464031160564 HTTP/1.1" 200 26
186.78.48.134 - - [23/May/2016:16:19:02 -0300] "GET /cormun/servlet/solicitudot?INS,0,0, HTTP/1.1" 200 11681
186.78.48.134 - - [23/May/2016:16:19:03 -0300] "GET /cormun/servlet/solicitudot?INS,0,0, HTTP/1.1" 200 11686
191.112.119.131 - - [23/May/2016:16:19:04 -0300] "POST /cormun/servlet/solicitudot?gx-no-cache=1464031160746 HTTP/1.1" 200 30
186.78.48.134 - - [23/May/2016:16:19:08 -0300] "GET /cormun/servlet/prfichaempleado?,MD,,gxPopupLevel%3D0%3B HTTP/1.1" 200 7917
186.78.48.134 - - [23/May/2016:16:19:09 -0300] "GET /cormun/static/scaMessage/css/jquery-ui.css?104140 HTTP/1.1" 404 1045
186.103.157.39 - - [23/May/2016:16:19:11 -0300] "GET /cormun/servlet/trautorizarsolicitud? HTTP/1.1" 200 6846
186.103.157.39 - - [23/May/2016:16:19:14 -0300] "GET /cormun/servlet/trautorizarsolicitud? HTTP/1.1" 200 6846
186.103.159.182 - - [23/May/2016:16:19:16 -0300] "GET /cormun/servlet/solicitudotadjuntos?34b504c9abe9e0071b294bf019dc91f2c8f01f88a6b5d9d58292e19f9e1f859f,gx-no-cache=1464031176679 HTTP/1.1" 200 30
186.103.159.182 - - [23/May/2016:16:19:16 -0300] "GET /cormun/servlet/solicitudotadjuntos?34b504c9abe9e0071b294bf019dc91f2c8f01f88a6b5d9d58292e19f9e1f859f,gx-no-cache=1464031176772 HTTP/1.1" 200 30
186.103.157.39 - - [23/May/2016:16:19:18 -0300] "POST /cormun/servlet/trautorizarsolicitud?daef878b891dead0a73ed30418a32890,,gx-no-cache=1464031176062 HTTP/1.1" 200 4103
186.103.159.182 - - [23/May/2016:16:19:19 -0300] "POST /cormun/servlet/solicitudotadjuntos?c598ff6876e9cff5e3bf73a6846a3022,INS,2016,1855,,1, HTTP/1.1" 200 116
186.103.159.182 - - [23/May/2016:16:19:19 -0300] "GET /cormun/servlet/hpexe_return? HTTP/1.1" 200 1026
186.103.159.182 - - [23/May/2016:16:19:20 -0300] "GET /cormun/servlet/trsolicitudadjuntos?2016,1855, HTTP/1.1" 200 7773
186.78.48.134 - - [23/May/2016:16:19:21 -0300] "POST /cormun/servlet/prfichaempleado?902be5bc90db262a975abd9b889fb7fd,,MD,,gxPopupLevel%3D0%3B,gx-no-cache=1464027575442 HTTP/1.1" 200 2760
186.103.159.182 - - [23/May/2016:16:19:23 -0300] "GET /cormun/servlet/trsolicitudadjuntos?2016,1855, HTTP/1.1" 200 7770
186.103.159.182 - - [23/May/2016:16:19:26 -0300] "GET /cormun/servlet/solicitudotadjuntos?INS,2016,1855,,1, HTTP/1.1" 200 5634
186.103.159.182 - - [23/May/2016:16:19:26 -0300] "GET /cormun/static/about:blank HTTP/1.1" 404 1011
186.78.48.134 - - [23/May/2016:16:19:27 -0300] "POST /cormun/servlet/solicitudot?gx-no-cache=1464027582195 HTTP/1.1" 200 2800
186.78.48.134 - - [23/May/2016:16:19:28 -0300] "POST /cormun/servlet/solicitudot?902be5bc90db262a975abd9b889fb7fd,INS,0,0,,gx-no-cache=1464027582713 HTTP/1.1" 200 8536
186.78.48.134 - - [23/May/2016:16:19:28 -0300] "GET /cormun/servlet/solicitudot?c23172452300dd0b916f422b30f8750b10d836d0fb3deb3d767c0e9125e421369460a50845ad4519db8516261972a4cd,gx-no-cache=1464027583438 HTTP/1.1" 200 30
186.103.159.182 - - [23/May/2016:16:19:28 -0300] "GET /cormun/servlet/solicitudotadjuntos?INS,2016,1855,,1, HTTP/1.1" 200 5628
186.103.159.182 - - [23/May/2016:16:19:29 -0300] "GET /cormun/servlet/solicitudotadjuntos?34b504c9abe9e0071b294bf019dc91f2f7e05decdb2d76c84234e42e1f15451755ad2ea298b02533fba5c5c607d6d63e,gx-no-cache=1464031188891 HTTP/1.1" 200 30
186.103.157.39 - - [23/May/2016:16:19:29 -0300] "GET /cormun/servlet/hlogin HTTP/1.1" 200 1741
186.103.159.182 - - [23/May/2016:16:19:29 -0300] "POST /cormun/servlet/solicitudotadjuntos?c598ff6876e9cff5e3bf73a6846a3022,INS,2016,1855,,1,,gx-no-cache=1464031189091 HTTP/1.1" 200 3480
186.78.48.134 - - [23/May/2016:16:19:32 -0300] "POST /cormun/servlet/solicitudot?gx-no-cache=1464027587208 HTTP/1.1" 200 30
186.103.159.182 - - [23/May/2016:16:19:33 -0300] "POST /cormun/servlet/solicitudotadjuntos?gx-no-cache=1464031193127 HTTP/1.1" 200 26
186.78.48.134 - - [23/May/2016:16:19:33 -0300] "POST /cormun/servlet/solicitudot?gx-no-cache=1464027588885 HTTP/1.1" 200 30
186.78.48.134 - - [23/May/2016:16:19:37 -0300] "POST /cormun/servlet/solicitudot?gx-no-cache=1464027592116 HTTP/1.1" 200 1187
186.78.48.134 - - [23/May/2016:16:19:37 -0300] "GET /cormun/servlet/solicitudot?c23172452300dd0b916f422b30f8750b48937795a04e4ca6d127f0a53937537cbdcbc7fcdfff19f4030d5ff7169070caabd4b15284e4dbc4e578373e3249cae0ab0cbe563cc7fe113c77b15bc9c0de72290c150b50a9c5f5ebb63765a9cd1b1adc86deca015310a7a054d6e9a4053991c56596aca106d88112291691c5b6725d4d1c50898357b5c923ba4e3a86d900d0,gx-no-cache=1464027592313 HTTP/1.1" 200 38
186.103.157.39 - - [23/May/2016:16:19:43 -0300] "POST /cormun/servlet/hlogin?daef878b891dead0a73ed30418a32890,gx-no-cache=1464031200759 HTTP/1.1" 200 90
186.103.157.39 - - [23/May/2016:16:19:43 -0300] "GET /cormun/servlet/hpexe_link HTTP/1.1" 200 951
186.103.159.182 - - [23/May/2016:16:19:44 -0300] "GET /cormun/servlet/solicitudotadjuntos?34b504c9abe9e0071b294bf019dc91f2c8f01f88a6b5d9d58292e19f9e1f859f,gx-no-cache=1464031204704 HTTP/1.1" 200 30
186.103.159.182 - - [23/May/2016:16:19:44 -0300] "GET /cormun/servlet/solicitudotadjuntos?34b504c9abe9e0071b294bf019dc91f2c8f01f88a6b5d9d58292e19f9e1f859f,gx-no-cache=1464031204798 HTTP/1.1" 200 30
186.103.157.39 - - [23/May/2016:16:19:45 -0300] "GET /cormun/servlet/hhome HTTP/1.1" 200 3560
186.103.157.39 - - [23/May/2016:16:19:47 -0300] "GET /cormun/servlet/hhome HTTP/1.1" 200 3556
186.103.159.182 - - [23/May/2016:16:19:48 -0300] "POST /cormun/servlet/solicitudotadjuntos?c598ff6876e9cff5e3bf73a6846a3022,INS,2016,1855,,1, HTTP/1.1" 200 116
186.103.159.182 - - [23/May/2016:16:19:48 -0300] "GET /cormun/servlet/hpexe_return? HTTP/1.1" 200 1026
186.103.159.182 - - [23/May/2016:16:19:49 -0300] "GET /cormun/servlet/trsolicitudadjuntos?2016,1855, HTTP/1.1" 200 7889
186.103.159.182 - - [23/May/2016:16:19:52 -0300] "GET /cormun/servlet/trsolicitudadjuntos?2016,1855, HTTP/1.1" 200 7888
191.112.119.131 - - [23/May/2016:16:19:53 -0300] "POST /cormun/servlet/solicitudot?gx-no-cache=1464031209712 HTTP/1.1" 200 1185
191.112.119.131 - - [23/May/2016:16:19:53 -0300] "GET /cormun/servlet/solicitudot?6e8ed94004b015395836519e2fa4bb300ae39e3f973a98c4fe87d4346d7cc0755ef1bb949fae95abdf259777fad0e85436bb991928773437546a6124e242f4c14527547a4309ab7189f094b9ad753d9c122d61fc061c5b647965b2579e16910f449c6b40db9075fb3580a5c33b45ca6b896b68562dcde7dc49e1d59598a4b5e217aefd0dde5629dd59a2d279c59a9f05cfcb0e7a5452295c32d5608997bf538e,gx-no-cache=1464031210912 HTTP/1.1" 200 41
186.103.159.182 - - [23/May/2016:16:19:54 -0300] "GET /cormun/servlet/solicitudotadjuntos?INS,2016,1855,,1, HTTP/1.1" 200 5633
186.78.48.134 - - [23/May/2016:16:19:54 -0300] "GET /cormun/servlet/solicitudot?c23172452300dd0b916f422b30f8750b5a8bca0fc372a4c77e8161369d6d41a0cccb97f072928306045d98dd53f9ca07d0b464e3eb0091bfc45bcca5b28cf4a4f66e7a331e1d24fb54d97034e2ed344464ad175ef1fedff64a0d2e28fef8cc80903be5a76bd3e0b70d979344181a0979347a9b6fe5079314a30fc57c92679e9e4a049adfe272446692494b1c1aabdea79a1cbef86d23756f000cb25acff1a1f8,gx-no-cache=1464027609567 HTTP/1.1" 200 29
186.78.48.134 - - [23/May/2016:16:19:54 -0300] "POST /cormun/servlet/solicitudot?gx-no-cache=1464027609679 HTTP/1.1" 200 1144
186.78.48.134 - - [23/May/2016:16:19:54 -0300] "GET /cormun/static/menuarrow.gif HTTP/1.1" 404 1015
191.112.119.131 - - [23/May/2016:16:19:54 -0300] "POST /cormun/servlet/solicitudot?gx-no-cache=1464031211127 HTTP/1.1" 200 1143
186.103.159.182 - - [23/May/2016:16:19:54 -0300] "GET /cormun/static/about:blank HTTP/1.1" 404 1011
186.103.157.39 - - [23/May/2016:16:19:55 -0300] "GET /cormun/servlet/trsolicitudot? HTTP/1.1" 200 6480
186.103.159.182 - - [23/May/2016:16:19:57 -0300] "GET /cormun/servlet/solicitudotadjuntos?INS,2016,1855,,1, HTTP/1.1" 200 5627
186.103.159.182 - - [23/May/2016:16:19:57 -0300] "GET /cormun/servlet/solicitudotadjuntos?34b504c9abe9e0071b294bf019dc91f2f7e05decdb2d76c84234e42e1f15451755ad2ea298b02533fba5c5c607d6d63e,gx-no-cache=1464031217372 HTTP/1.1" 200 30
186.103.159.182 - - [23/May/2016:16:19:57 -0300] "POST /cormun/servlet/solicitudotadjuntos?c598ff6876e9cff5e3bf73a6846a3022,INS,2016,1855,,1,,gx-no-cache=1464031217514 HTTP/1.1" 200 3479
186.103.157.39 - - [23/May/2016:16:19:58 -0300] "GET /cormun/servlet/trsolicitudot? HTTP/1.1" 200 6479
186.103.159.182 - - [23/May/2016:16:20:01 -0300] "POST /cormun/servlet/solicitudotadjuntos?gx-no-cache=1464031220887 HTTP/1.1" 200 26
186.103.157.39 - - [23/May/2016:16:20:01 -0300] "GET /cormun/servlet/solicitudot?INS,0,0, HTTP/1.1" 200 11683
186.103.157.39 - - [23/May/2016:16:20:04 -0300] "GET /cormun/servlet/solicitudot?INS,0,0, HTTP/1.1" 200 11688
186.78.48.134 - - [23/May/2016:16:20:07 -0300] "GET /cormun/servlet/solicitudot?c23172452300dd0b916f422b30f8750b8109154f126768de6c2063e3efdcdbd5d3453c12ab6efc818a55865affd036b66f63faebb50513bbcddf2a9deddac137c27bff86f96ea60f9db4a9e1aa08644063d260b255b597488c60a0c4dd3e44da94e863c5144bf7df78366e37e25fe50da91cdb55b3254a6037f7706208518e078a1c77f23f6f9aa6609e0a5c5284b4843f8bb1f3cf348e093ad4f325474ff1cf391eed0aee2c223185df325b24ac5d90,gx-no-cache=1464027622815 HTTP/1.1" 200 30
186.103.159.182 - - [23/May/2016:16:20:11 -0300] "GET /cormun/servlet/solicitudotadjuntos?34b504c9abe9e0071b294bf019dc91f2c8f01f88a6b5d9d58292e19f9e1f859f,gx-no-cache=1464031230907 HTTP/1.1" 200 30
186.103.159.182 - - [23/May/2016:16:20:11 -0300] "GET /cormun/servlet/solicitudotadjuntos?34b504c9abe9e0071b294bf019dc91f2c8f01f88a6b5d9d58292e19f9e1f859f,gx-no-cache=1464031230999 HTTP/1.1" 200 30
186.103.159.182 - - [23/May/2016:16:20:14 -0300] "POST /cormun/servlet/solicitudotadjuntos?c598ff6876e9cff5e3bf73a6846a3022,INS,2016,1855,,1, HTTP/1.1" 200 116
186.103.159.182 - - [23/May/2016:16:20:14 -0300] "GET /cormun/servlet/hpexe_return? HTTP/1.1" 200 1026
186.103.159.182 - - [23/May/2016:16:20:15 -0300] "GET /cormun/servlet/trsolicitudadjuntos?2016,1855, HTTP/1.1" 200 8016
186.103.159.182 - - [23/May/2016:16:20:18 -0300] "GET /cormun/servlet/trsolicitudadjuntos?2016,1855, HTTP/1.1" 200 8014
186.78.48.134 - - [23/May/2016:16:20:18 -0300] "POST /cormun/servlet/solicitudot?902be5bc90db262a975abd9b889fb7fd,INS,0,0,,gx-no-cache=1464027633359 HTTP/1.1" 200 93
186.78.48.134 - - [23/May/2016:16:20:18 -0300] "GET /cormun/servlet/hpexe_return? HTTP/1.1" 200 999
186.78.48.134 - - [23/May/2016:16:20:19 -0300] "GET /cormun/servlet/trsolicitudot HTTP/1.1" 200 8126
186.78.48.134 - - [23/May/2016:16:20:20 -0300] "GET /cormun/servlet/trsolicitudot HTTP/1.1" 200 8122
186.103.159.182 - - [23/May/2016:16:20:20 -0300] "GET /cormun/servlet/solicitudotadjuntos?INS,2016,1855,,1, HTTP/1.1" 200 5633
186.103.159.182 - - [23/May/2016:16:20:20 -0300] "GET /cormun/static/about:blank HTTP/1.1" 404 1011
186.103.159.182 - - [23/May/2016:16:20:22 -0300] "GET /cormun/servlet/solicitudotadjuntos?INS,2016,1855,,1, HTTP/1.1" 200 5627
186.103.159.182 - - [23/May/2016:16:20:23 -0300] "GET /cormun/servlet/solicitudotadjuntos?34b504c9abe9e0071b294bf019dc91f2f7e05decdb2d76c84234e42e1f15451755ad2ea298b02533fba5c5c607d6d63e,gx-no-cache=1464031243030 HTTP/1.1" 200 30
186.103.159.182 - - [23/May/2016:16:20:23 -0300] "POST /cormun/servlet/solicitudotadjuntos?c598ff6876e9cff5e3bf73a6846a3022,INS,2016,1855,,1,,gx-no-cache=1464031243117 HTTP/1.1" 200 3479
186.78.48.134 - - [23/May/2016:16:20:27 -0300] "POST /cormun/servlet/trsolicitudot?902be5bc90db262a975abd9b889fb7fd,gx-no-cache=1464027642559 HTTP/1.1" 200 106
186.78.48.134 - - [23/May/2016:16:20:28 -0300] "GET /cormun/servlet/solicitudot?UPD,2016,1857, HTTP/1.1" 200 12986
186.78.48.134 - - [23/May/2016:16:20:29 -0300] "GET /cormun/servlet/solicitudot?UPD,2016,1857, HTTP/1.1" 200 12995
186.78.48.134 - - [23/May/2016:16:20:29 -0300] "POST /cormun/servlet/solicitudot?gx-no-cache=1464027644601 HTTP/1.1" 200 2800
186.78.48.134 - - [23/May/2016:16:20:30 -0300] "POST /cormun/servlet/solicitudot?902be5bc90db262a975abd9b889fb7fd,UPD,2016,1857,,gx-no-cache=1464027645101 HTTP/1.1" 200 9244
186.78.48.134 - - [23/May/2016:16:20:30 -0300] "GET /cormun/servlet/solicitudot?c23172452300dd0b916f422b30f8750b10d836d0fb3deb3d767c0e9125e421362d3aabd3d096c150cd2a200ccb9e0597,gx-no-cache=1464027645902 HTTP/1.1" 200 30
186.78.48.134 - - [23/May/2016:16:20:30 -0300] "POST /cormun/servlet/solicitudot?gx-no-cache=1464027645993 HTTP/1.1" 200 30
186.78.48.134 - - [23/May/2016:16:20:30 -0300] "POST /cormun/servlet/solicitudot?gx-no-cache=1464027646085 HTTP/1.1" 200 30
186.78.48.134 - - [23/May/2016:16:20:31 -0300] "POST /cormun/servlet/solicitudot?gx-no-cache=1464027646204 HTTP/1.1" 200 1187
186.78.48.134 - - [23/May/2016:16:20:31 -0300] "GET /cormun/servlet/solicitudot?c23172452300dd0b916f422b30f8750b48937795a04e4ca6d127f0a53937537cbdcbc7fcdfff19f4030d5ff7169070caabd4b15284e4dbc4e578373e3249cae0ab0cbe563cc7fe113c77b15bc9c0de72290c150b50a9c5f5ebb63765a9cd1b1adc86deca015310a7a054d6e9a4053991c56596aca106d88112291691c5b6725dae24990fb1d3c0aa182f660b29320013a521c184fbfad87db5a5b84b6f40a6cd,gx-no-cache=1464027646437 HTTP/1.1" 200 41
186.103.157.39 - - [23/May/2016:16:20:43 -0300] "POST /cormun/servlet/solicitudot?gx-no-cache=1464031238635 HTTP/1.1" 500 4102
186.103.159.182 - - [23/May/2016:16:20:44 -0300] "POST /cormun/servlet/solicitudotadjuntos?gx-no-cache=1464031246711 HTTP/1.1" 200 26
186.103.159.182 - - [23/May/2016:16:20:53 -0300] "GET /cormun/servlet/solicitudotadjuntos?34b504c9abe9e0071b294bf019dc91f2c8f01f88a6b5d9d58292e19f9e1f859f,gx-no-cache=1464031273556 HTTP/1.1" 200 30
186.103.159.182 - - [23/May/2016:16:20:53 -0300] "GET /cormun/servlet/solicitudotadjuntos?34b504c9abe9e0071b294bf019dc91f2c8f01f88a6b5d9d58292e19f9e1f859f,gx-no-cache=1464031273592 HTTP/1.1" 200 30
186.103.159.182 - - [23/May/2016:16:20:55 -0300] "POST /cormun/servlet/solicitudotadjuntos?c598ff6876e9cff5e3bf73a6846a3022,INS,2016,1855,,1, HTTP/1.1" 200 116
186.103.159.182 - - [23/May/2016:16:20:55 -0300] "GET /cormun/servlet/hpexe_return? HTTP/1.1" 200 1026
191.112.40.112 - - [23/May/2016:16:20:56 -0300] "GET /cormun/servlet/hlogin HTTP/1.1" 200 1723
191.112.40.112 - - [23/May/2016:16:20:56 -0300] "GET /cormun/static/Resources/Spanish/PXTools.css?005343 HTTP/1.1" 304 -
191.112.40.112 - - [23/May/2016:16:20:56 -0300] "GET /cormun/static/gxcfg.js?20151120045111 HTTP/1.1" 304 -
191.112.40.112 - - [23/May/2016:16:20:56 -0300] "GET /cormun/static/hlogin.js?20151120045126 HTTP/1.1" 304 -
191.112.40.112 - - [23/May/2016:16:20:56 -0300] "GET /cormun/static/Resources/PXToolsButtonLeft21.png HTTP/1.1" 304 -
191.112.40.112 - - [23/May/2016:16:20:56 -0300] "GET /cormun/static/Resources/PXToolsButtonRight21.png HTTP/1.1" 304 -
191.112.40.112 - - [23/May/2016:16:20:56 -0300] "GET /cormun/static/Resources/PXToolsButtonBackground2.png HTTP/1.1" 304 -
191.112.40.112 - - [23/May/2016:16:20:57 -0300] "GET /cormun/static/messages.spa.js?85251 HTTP/1.1" 304 -
186.103.159.182 - - [23/May/2016:16:20:57 -0300] "GET /cormun/servlet/trsolicitudadjuntos?2016,1855, HTTP/1.1" 200 8156
191.112.40.112 - - [23/May/2016:16:20:57 -0300] "GET /cormun/servlet/hlogin HTTP/1.1" 200 1734
191.112.40.112 - - [23/May/2016:16:20:59 -0300] "POST /cormun/servlet/hlogin?78db207886ecfd2c50a482751070dac7,gx-no-cache=1464027672797 HTTP/1.1" 200 90
191.112.40.112 - - [23/May/2016:16:20:59 -0300] "GET /cormun/servlet/hpexe_link HTTP/1.1" 200 955
191.112.40.112 - - [23/May/2016:16:20:59 -0300] "GET /cormun/static/gxcfg.js?20151120044395 HTTP/1.1" 304 -
191.112.40.112 - - [23/May/2016:16:20:59 -0300] "GET /cormun/static/hpexe_link.js?20151120044398 HTTP/1.1" 304 -
186.103.159.182 - - [23/May/2016:16:21:00 -0300] "GET /cormun/servlet/trsolicitudadjuntos?2016,1855, HTTP/1.1" 200 8157
191.112.40.112 - - [23/May/2016:16:21:00 -0300] "GET /cormun/servlet/hhome HTTP/1.1" 200 3554
191.112.40.112 - - [23/May/2016:16:21:00 -0300] "GET /cormun/static/Resources/Spanish/PXTools.css?10515224 HTTP/1.1" 304 -
191.112.40.112 - - [23/May/2016:16:21:00 -0300] "GET /cormun/static/gxcfg.js?2015112210564248 HTTP/1.1" 304 -
191.112.40.112 - - [23/May/2016:16:21:00 -0300] "GET /cormun/static/hhome.js?2015112210564255 HTTP/1.1" 304 -
191.112.40.112 - - [23/May/2016:16:21:00 -0300] "GET /cormun/static/hwchdr01.js?20162241650484 HTTP/1.1" 304 -
191.112.40.112 - - [23/May/2016:16:21:00 -0300] "GET /cormun/static/Resources/logo4.png HTTP/1.1" 304 -
191.112.40.112 - - [23/May/2016:16:21:00 -0300] "GET /cormun/static/Resources/PXToolsFooterBackground2.png HTTP/1.1" 304 -
191.112.40.112 - - [23/May/2016:16:21:01 -0300] "GET /cormun/static/Resources/PXToolsHeaderBackground2.png HTTP/1.1" 304 -
191.112.40.112 - - [23/May/2016:16:21:01 -0300] "GET /cormun/static/hpexe_recentlink.js?2015111312121342 HTTP/1.1" 304 -
191.112.40.112 - - [23/May/2016:16:21:01 -0300] "GET /cormun/static/hpexe_scripts.js?20151120014546 HTTP/1.1" 304 -
191.112.40.112 - - [23/May/2016:16:21:01 -0300] "GET /cormun/static/hpexe_messagecontroller.js?2015112210524422 HTTP/1.1" 304 -
191.112.40.112 - - [23/May/2016:16:21:01 -0300] "GET /cormun/static/hpexe_messagepopupcomponent.js?201632119295953 HTTP/1.1" 304 -
191.112.40.112 - - [23/May/2016:16:21:01 -0300] "GET /cormun/static/hpexe_messagegenexuscomponent.js?20151120014314 HTTP/1.1" 304 -
191.112.40.112 - - [23/May/2016:16:21:01 -0300] "GET /cormun/static/cmcontrolpreferences.js?20151120014525 HTTP/1.1" 304 -
191.112.40.112 - - [23/May/2016:16:21:01 -0300] "GET /cormun/static/hmpwkw03.js?201631622503633 HTTP/1.1" 304 -
191.112.40.112 - - [23/May/2016:16:21:02 -0300] "GET /cormun/servlet/hhome HTTP/1.1" 200 3553
191.112.119.131 - - [23/May/2016:16:21:02 -0300] "POST /cormun/servlet/solicitudot?gx-no-cache=1464031278970 HTTP/1.1" 200 30
186.103.159.182 - - [23/May/2016:16:21:02 -0300] "POST /cormun/servlet/trsolicitudadjuntos?c598ff6876e9cff5e3bf73a6846a3022,2016,1855,,gx-no-cache=1464031282130 HTTP/1.1" 200 90
186.103.159.182 - - [23/May/2016:16:21:02 -0300] "GET /cormun/servlet/hpexe_link HTTP/1.1" 200 971
186.103.159.182 - - [23/May/2016:16:21:03 -0300] "GET /cormun/servlet/trsolicitudot HTTP/1.1" 200 7672
191.112.119.131 - - [23/May/2016:16:21:03 -0300] "POST /cormun/servlet/solicitudot?gx-no-cache=1464031279403 HTTP/1.1" 200 1185
191.112.119.131 - - [23/May/2016:16:21:03 -0300] "GET /cormun/servlet/solicitudot?6e8ed94004b015395836519e2fa4bb300ae39e3f973a98c4fe87d4346d7cc0755ef1bb949fae95abdf259777fad0e85436bb991928773437546a6124e242f4c14527547a4309ab7189f094b9ad753d9c122d61fc061c5b647965b2579e16910f449c6b40db9075fb3580a5c33b45ca6b896b68562dcde7dc49e1d59598a4b5e217aefd0dde5629dd59a2d279c59a9f05cfcb0e7a5452295c32d5608997bf538e,gx-no-cache=1464031280478 HTTP/1.1" 200 41
186.103.157.98 - - [23/May/2016:16:21:04 -0300] "GET /cormun/servlet/solicitudotadjuntos?INS,2016,1833,,2, HTTP/1.1" 200 5650
191.112.119.131 - - [23/May/2016:16:21:05 -0300] "POST /cormun/servlet/solicitudot?gx-no-cache=1464031281329 HTTP/1.1" 200 1143
191.112.119.131 - - [23/May/2016:16:21:05 -0300] "GET /cormun/servlet/solicitudot?6e8ed94004b015395836519e2fa4bb30f115ac959469366e024cb0732e56e0003230f9da9ba6a6d29bcbe73e8e51afed463fc933ee755e5e64d13180bee99463c01ed52f8821e3f90bf8ddd203ccb0bba898238f8e9b65f7ece2079d47d220af98a64e6974de43fc6b16f62064701b4da7aad5f5fb16c9ab8346898e708127a53e240fa3215242ef8a44b3599f34f6df51652f1a1d4ba5e1b61838ff852e2b01f1abbb9f65150ff3706a1f797feccfc2822dfd9ba5f8de4f4abe875387a6f8e8,gx-no-cache=1464031282210 HTTP/1.1" 200 32
186.103.159.182 - - [23/May/2016:16:21:06 -0300] "GET /cormun/servlet/trsolicitudot HTTP/1.1" 200 7671
186.103.157.98 - - [23/May/2016:16:21:06 -0300] "GET /cormun/static/about:blank HTTP/1.1" 404 1011
186.103.157.98 - - [23/May/2016:16:21:06 -0300] "GET /cormun/servlet/solicitudotadjuntos?INS,2016,1833,,2, HTTP/1.1" 200 5644
186.103.157.98 - - [23/May/2016:16:21:06 -0300] "GET /cormun/servlet/solicitudotadjuntos?a2bc36191d41a9296b014c04374143f6efc8c19bd69b116191ec4307e0d0beac62b5ba05429d2a72e9157cabd461289f,gx-no-cache=1464031285067 HTTP/1.1" 200 30
191.112.40.112 - - [23/May/2016:16:21:06 -0300] "GET /cormun/servlet/trsolicitudot? HTTP/1.1" 200 6476
191.112.40.112 - - [23/May/2016:16:21:07 -0300] "GET /cormun/static/Resources/Spanish/PXTools.css?2139548 HTTP/1.1" 304 -
191.112.40.112 - - [23/May/2016:16:21:07 -0300] "GET /cormun/static/gxcfg.js?201631022392470 HTTP/1.1" 304 -
186.103.157.98 - - [23/May/2016:16:21:07 -0300] "POST /cormun/servlet/solicitudotadjuntos?cbd10df55ceb5e71b981915b403ccecf,INS,2016,1833,,2,,gx-no-cache=1464031285133 HTTP/1.1" 200 3654
191.112.40.112 - - [23/May/2016:16:21:07 -0300] "GET /cormun/static/trsolicitudot.js?201631022393178 HTTP/1.1" 304 -
191.112.40.112 - - [23/May/2016:16:21:07 -0300] "GET /cormun/static/Resources/PXTools/calendar.png HTTP/1.1" 304 -
191.112.40.112 - - [23/May/2016:16:21:08 -0300] "GET /cormun/servlet/trsolicitudot? HTTP/1.1" 200 6476
186.78.48.134 - - [23/May/2016:16:21:09 -0300] "GET /cormun/servlet/solicitudot?c23172452300dd0b916f422b30f8750b04093e7f83709a936b4715d9bbc234c3686811d357bfbcb4474538345ed8c7ba5673dad93f44660f1c4dd0dd24001ffe372e4c4a15bd8636b2210cb1f5485ee59332ba9c5334ce80f3a9e598bce15deb80c2b1aff8e52f3f2071f6a69d91d16d1002dc0359b16ce552246c2528581c3cff85a32fbd2b57c22b43e643c2c073d5f148c59cb741fc69538c7bb80d9ac1f8,gx-no-cache=1464027684276 HTTP/1.1" 200 29
191.112.119.131 - - [23/May/2016:16:21:09 -0300] "POST /cormun/servlet/solicitudot?9268c7be0efc5b528f2753c87f8fa50e,INS,0,0,,gx-no-cache=1464031282417 HTTP/1.1" 200 93
191.112.119.131 - - [23/May/2016:16:21:09 -0300] "GET /cormun/servlet/hpexe_return? HTTP/1.1" 200 1018
186.78.48.134 - - [23/May/2016:16:21:09 -0300] "POST /cormun/servlet/solicitudot?gx-no-cache=1464027684466 HTTP/1.1" 200 1144
186.78.48.134 - - [23/May/2016:16:21:09 -0300] "GET /cormun/servlet/solicitudot?c23172452300dd0b916f422b30f8750b8109154f126768de6c2063e3efdcdbd5d3453c12ab6efc818a55865affd036b66f63faebb50513bbcddf2a9deddac137c27bff86f96ea60f9db4a9e1aa08644063d260b255b597488c60a0c4dd3e44da94e863c5144bf7df78366e37e25fe50da91cdb55b3254a6037f7706208518e078a1c77f23f6f9aa6609e0a5c5284b4843f8bb1f3cf348e093ad4f325474ff1cf391eed0aee2c223185df325b24ac5d90,gx-no-cache=1464027684970 HTTP/1.1" 200 30
191.112.119.131 - - [23/May/2016:16:21:10 -0300] "GET /cormun/servlet/trsolicitudot?gx-no-cache=1464030329715 HTTP/1.1" 200 7708
186.78.48.134 - - [23/May/2016:16:21:10 -0300] "POST /cormun/servlet/solicitudot?902be5bc90db262a975abd9b889fb7fd,UPD,2016,1857,,gx-no-cache=1464027685062 HTTP/1.1" 200 93
186.78.48.134 - - [23/May/2016:16:21:10 -0300] "GET /cormun/servlet/hpexe_return? HTTP/1.1" 200 1005
186.78.48.134 - - [23/May/2016:16:21:11 -0300] "GET /cormun/servlet/trsolicitudot HTTP/1.1" 200 8126
191.112.119.131 - - [23/May/2016:16:21:11 -0300] "GET /cormun/servlet/trsolicitudot?gx-no-cache=1464030329715 HTTP/1.1" 200 7724
186.78.48.134 - - [23/May/2016:16:21:12 -0300] "GET /cormun/servlet/trsolicitudot HTTP/1.1" 200 8122
186.103.159.182 - - [23/May/2016:16:21:12 -0300] "POST /cormun/servlet/trsolicitudot?c598ff6876e9cff5e3bf73a6846a3022,gx-no-cache=1464031291524 HTTP/1.1" 200 3638
186.103.159.182 - - [23/May/2016:16:21:12 -0300] "GET /cormun/static/Shared/jqueryui/images/ui-bg_highlight-soft_100_c6c2c8_1x100.png HTTP/1.1" 404 1117
186.103.159.182 - - [23/May/2016:16:21:12 -0300] "GET /cormun/static/Shared/jqueryui/images/ui-icons_82798d_256x240.png HTTP/1.1" 404 1089
186.103.159.182 - - [23/May/2016:16:21:12 -0300] "GET /cormun/static/Shared/jqueryui/images/ui-bg_flat_55_fafafa_40x100.png HTTP/1.1" 404 1097
186.103.159.182 - - [23/May/2016:16:21:12 -0300] "GET /cormun/static/Shared/jqueryui/images/ui-icons_8d78a5_256x240.png HTTP/1.1" 404 1089
186.103.159.182 - - [23/May/2016:16:21:13 -0300] "POST /cormun/servlet/trsolicitudot?c598ff6876e9cff5e3bf73a6846a3022,gx-no-cache=1464031292859 HTTP/1.1" 200 3486
186.103.157.98 - - [23/May/2016:16:21:15 -0300] "GET /cormun/servlet/hlogin HTTP/1.1" 200 1718
186.78.48.134 - - [23/May/2016:16:21:17 -0300] "GET /cormun/servlet/solicitudot?INS,0,0, HTTP/1.1" 200 11678
186.103.157.98 - - [23/May/2016:16:21:18 -0300] "POST /cormun/servlet/hlogin?cbd10df55ceb5e71b981915b403ccecf,gx-no-cache=1464031296272 HTTP/1.1" 200 90
186.78.48.134 - - [23/May/2016:16:21:18 -0300] "GET /cormun/servlet/solicitudot?INS,0,0, HTTP/1.1" 200 11683
186.103.157.98 - - [23/May/2016:16:21:18 -0300] "GET /cormun/servlet/hpexe_link HTTP/1.1" 200 974
191.112.119.131 - - [23/May/2016:16:21:18 -0300] "GET /cormun/servlet/solicitudot?INS,0,0, HTTP/1.1" 200 11736
186.103.157.98 - - [23/May/2016:16:21:18 -0300] "GET /cormun/servlet/solicitudotadjuntos?INS,2016,1833,,2, HTTP/1.1" 200 5645
186.103.157.98 - - [23/May/2016:16:21:18 -0300] "GET /cormun/static/about:blank HTTP/1.1" 404 1011
191.112.40.112 - - [23/May/2016:16:21:19 -0300] "GET /cormun/servlet/solicitudot?INS,0,0, HTTP/1.1" 200 11695
186.103.157.98 - - [23/May/2016:16:21:19 -0300] "GET /cormun/servlet/solicitudotadjuntos?INS,2016,1833,,2, HTTP/1.1" 200 5644
191.112.40.112 - - [23/May/2016:16:21:19 -0300] "GET /cormun/static/Resources/Spanish/PXTools.css?22445990 HTTP/1.1" 304 -
191.112.40.112 - - [23/May/2016:16:21:19 -0300] "GET /cormun/static/gxcfg.js?201631710541238 HTTP/1.1" 304 -
186.103.157.98 - - [23/May/2016:16:21:19 -0300] "GET /cormun/servlet/solicitudotadjuntos?a2bc36191d41a9296b014c04374143f6efc8c19bd69b116191ec4307e0d0beac62b5ba05429d2a72e9157cabd461289f,gx-no-cache=1464031298154 HTTP/1.1" 200 30
191.112.119.131 - - [23/May/2016:16:21:19 -0300] "GET /cormun/servlet/solicitudot?INS,0,0, HTTP/1.1" 200 11720
191.112.40.112 - - [23/May/2016:16:21:19 -0300] "GET /cormun/static/solicitudot.js?201631710541292 HTTP/1.1" 304 -
186.103.157.98 - - [23/May/2016:16:21:20 -0300] "POST /cormun/servlet/solicitudotadjuntos?cbd10df55ceb5e71b981915b403ccecf,INS,2016,1833,,2,,gx-no-cache=1464031298291 HTTP/1.1" 200 3644
191.112.40.112 - - [23/May/2016:16:21:21 -0300] "GET /cormun/servlet/solicitudot?INS,0,0, HTTP/1.1" 200 11700
186.103.157.98 - - [23/May/2016:16:21:23 -0300] "GET /cormun/servlet/hlogin HTTP/1.1" 200 1718
186.78.48.134 - - [23/May/2016:16:21:24 -0300] "GET /cormun/servlet/prfichaempleado?,MD,,gxPopupLevel%3D0%3B HTTP/1.1" 200 7917
186.78.48.134 - - [23/May/2016:16:21:24 -0300] "GET /cormun/static/scaMessage/css/jquery-ui.css?104140 HTTP/1.1" 404 1045
186.103.157.98 - - [23/May/2016:16:21:26 -0300] "POST /cormun/servlet/hlogin?cbd10df55ceb5e71b981915b403ccecf,gx-no-cache=1464031304355 HTTP/1.1" 200 90
186.103.157.98 - - [23/May/2016:16:21:26 -0300] "GET /cormun/servlet/hpexe_link HTTP/1.1" 200 974
186.103.157.98 - - [23/May/2016:16:21:26 -0300] "GET /cormun/servlet/solicitudotadjuntos?INS,2016,1833,,2, HTTP/1.1" 200 5645
186.103.157.98 - - [23/May/2016:16:21:26 -0300] "GET /cormun/static/about:blank HTTP/1.1" 404 1011
186.103.157.98 - - [23/May/2016:16:21:27 -0300] "GET /cormun/servlet/solicitudotadjuntos?INS,2016,1833,,2, HTTP/1.1" 200 5644
186.103.157.98 - - [23/May/2016:16:21:27 -0300] "GET /cormun/servlet/solicitudotadjuntos?a2bc36191d41a9296b014c04374143f6efc8c19bd69b116191ec4307e0d0beac62b5ba05429d2a72e9157cabd461289f,gx-no-cache=1464031305757 HTTP/1.1" 200 30
186.103.157.98 - - [23/May/2016:16:21:27 -0300] "POST /cormun/servlet/solicitudotadjuntos?cbd10df55ceb5e71b981915b403ccecf,INS,2016,1833,,2,,gx-no-cache=1464031305820 HTTP/1.1" 200 3644
191.112.119.131 - - [23/May/2016:16:21:28 -0300] "POST /cormun/servlet/solicitudot?gx-no-cache=1464031303559 HTTP/1.1" 200 2782
191.112.119.131 - - [23/May/2016:16:21:30 -0300] "POST /cormun/servlet/solicitudot?9268c7be0efc5b528f2753c87f8fa50e,INS,0,0,,gx-no-cache=1464031305408 HTTP/1.1" 200 8535
186.103.157.98 - - [23/May/2016:16:21:31 -0300] "GET /cormun/servlet/hlogin HTTP/1.1" 200 1718
191.112.119.131 - - [23/May/2016:16:21:32 -0300] "GET /cormun/servlet/solicitudot?6e8ed94004b015395836519e2fa4bb30c1b60da52d09b9ddb9ad875b202f3f327eec71d63a94cf733d162aff02cbf4b7,gx-no-cache=1464031309513 HTTP/1.1" 200 30
191.112.119.131 - - [23/May/2016:16:21:33 -0300] "POST /cormun/servlet/solicitudot?gx-no-cache=1464031309990 HTTP/1.1" 200 30
186.103.159.182 - - [23/May/2016:16:21:33 -0300] "GET /cormun/servlet/solicitudot?INS,0,0, HTTP/1.1" 200 11742
186.103.157.98 - - [23/May/2016:16:21:33 -0300] "POST /cormun/servlet/hlogin?cbd10df55ceb5e71b981915b403ccecf,gx-no-cache=1464031311994 HTTP/1.1" 200 90
186.103.157.98 - - [23/May/2016:16:21:33 -0300] "GET /cormun/servlet/hpexe_link HTTP/1.1" 200 974
186.103.157.98 - - [23/May/2016:16:21:34 -0300] "GET /cormun/servlet/solicitudotadjuntos?INS,2016,1833,,2, HTTP/1.1" 200 5645
186.103.157.98 - - [23/May/2016:16:21:34 -0300] "GET /cormun/static/about:blank HTTP/1.1" 404 1011
186.103.157.98 - - [23/May/2016:16:21:34 -0300] "GET /cormun/servlet/solicitudotadjuntos?INS,2016,1833,,2, HTTP/1.1" 200 5644
186.103.157.98 - - [23/May/2016:16:21:34 -0300] "GET /cormun/servlet/solicitudotadjuntos?a2bc36191d41a9296b014c04374143f6efc8c19bd69b116191ec4307e0d0beac62b5ba05429d2a72e9157cabd461289f,gx-no-cache=1464031313347 HTTP/1.1" 200 30
186.103.157.98 - - [23/May/2016:16:21:35 -0300] "POST /cormun/servlet/solicitudotadjuntos?cbd10df55ceb5e71b981915b403ccecf,INS,2016,1833,,2,,gx-no-cache=1464031313397 HTTP/1.1" 200 3644
186.103.157.39 - - [23/May/2016:16:21:35 -0300] "GET /cormun/servlet/hlogin HTTP/1.1" 200 1724
186.103.159.182 - - [23/May/2016:16:21:36 -0300] "GET /cormun/servlet/solicitudot?INS,0,0, HTTP/1.1" 200 11747
186.103.157.98 - - [23/May/2016:16:21:38 -0300] "POST /cormun/servlet/solicitudotadjuntos?cbd10df55ceb5e71b981915b403ccecf,INS,2016,1833,,2,,gx-no-cache=1464031315436 HTTP/1.1" 200 93
186.103.157.98 - - [23/May/2016:16:21:38 -0300] "GET /cormun/servlet/hpexe_return? HTTP/1.1" 200 1024
186.103.157.98 - - [23/May/2016:16:21:39 -0300] "GET /cormun/servlet/trsolicitudadjuntos?2016,1833, HTTP/1.1" 200 8018
186.103.157.98 - - [23/May/2016:16:21:40 -0300] "GET /cormun/servlet/trsolicitudadjuntos?2016,1833, HTTP/1.1" 200 8017
191.112.119.131 - - [23/May/2016:16:21:42 -0300] "POST /cormun/servlet/solicitudot?gx-no-cache=1464031318754 HTTP/1.1" 200 30
186.103.159.182 - - [23/May/2016:16:21:44 -0300] "POST /cormun/servlet/solicitudot?gx-no-cache=1464031324448 HTTP/1.1" 200 2677
186.103.159.182 - - [23/May/2016:16:21:45 -0300] "POST /cormun/servlet/solicitudot?c598ff6876e9cff5e3bf73a6846a3022,INS,0,0,,gx-no-cache=1464031324776 HTTP/1.1" 200 8446
186.103.159.182 - - [23/May/2016:16:21:46 -0300] "GET /cormun/servlet/solicitudot?34b504c9abe9e0071b294bf019dc91f2a3443008b13fa39882d840a8e421e8cfceeddce38aeb0d19f671c52373a336fb,gx-no-cache=1464031326656 HTTP/1.1" 200 30
191.112.119.131 - - [23/May/2016:16:21:49 -0300] "GET /cormun/servlet/prcontratosol?16885004,,,,,MD,,gxPopupLevel%3D0%3B HTTP/1.1" 200 5419
186.103.157.39 - - [23/May/2016:16:21:49 -0300] "POST /cormun/servlet/hlogin?daef878b891dead0a73ed30418a32890,gx-no-cache=1464031327140 HTTP/1.1" 200 90
186.103.157.39 - - [23/May/2016:16:21:49 -0300] "GET /cormun/servlet/hpexe_link HTTP/1.1" 200 964
186.103.157.39 - - [23/May/2016:16:21:50 -0300] "GET /cormun/servlet/solicitudot?INS,0,0, HTTP/1.1" 200 11685
186.103.157.39 - - [23/May/2016:16:21:53 -0300] "GET /cormun/servlet/solicitudot?INS,0,0, HTTP/1.1" 200 11688
191.112.119.131 - - [23/May/2016:16:21:53 -0300] "POST /cormun/servlet/solicitudot?gx-no-cache=1464031329268 HTTP/1.1" 200 1187
191.112.119.131 - - [23/May/2016:16:21:55 -0300] "GET /cormun/servlet/solicitudot?6e8ed94004b015395836519e2fa4bb300ae39e3f973a98c4fe87d4346d7cc0755ef1bb949fae95abdf259777fad0e85436bb991928773437546a6124e242f4c14527547a4309ab7189f094b9ad753d9c122d61fc061c5b647965b2579e16910f449c6b40db9075fb3580a5c33b45ca6b896b68562dcde7dc49e1d59598a4b5e2f09f9a590db08703d9a91a4a43de7ac1,gx-no-cache=1464031331012 HTTP/1.1" 200 38
191.112.119.131 - - [23/May/2016:16:21:58 -0300] "GET /cormun/servlet/solicitudot?6e8ed94004b015395836519e2fa4bb30ee0fe90a447f6781af73dce5df5fee77e17810404538cc3f2846b3a61af4a650f57f40c48618b54606d2a00daeb8c5075cf9c4a318d7a56458e6002faee1e08a6d874bfea7c5389fc6a1b80b6c5ae71491fabb71669c90464680066e69ef7448db1d0c3aee0383562f2626d26f4366cfd65a93c4f49579614dfec6a27f66494231478809850b1932962baa08c252fffd274c6e6257490fd6f937a6d382e616df752ea91402026fbd6f58f53776fdc7264d01bfc166bece2d074a8571613af76c,gx-no-cache=1464031332948 HTTP/1.1" 200 29
186.78.48.134 - - [23/May/2016:16:21:59 -0300] "POST /cormun/servlet/prfichaempleado?902be5bc90db262a975abd9b889fb7fd,,MD,,gxPopupLevel%3D0%3B,gx-no-cache=1464027733696 HTTP/1.1" 200 2807
191.112.119.131 - - [23/May/2016:16:22:00 -0300] "POST /cormun/servlet/solicitudot?gx-no-cache=1464031335147 HTTP/1.1" 200 1143
186.78.48.134 - - [23/May/2016:16:22:05 -0300] "POST /cormun/servlet/solicitudot?gx-no-cache=1464027740069 HTTP/1.1" 200 2781
186.78.48.134 - - [23/May/2016:16:22:05 -0300] "POST /cormun/servlet/solicitudot?902be5bc90db262a975abd9b889fb7fd,INS,0,0,,gx-no-cache=1464027740511 HTTP/1.1" 200 8523
186.78.48.134 - - [23/May/2016:16:22:06 -0300] "GET /cormun/servlet/solicitudot?c23172452300dd0b916f422b30f8750b94cf5c1d9917408350abb14f3c6fe6c5d311197dc83172057d39a4a13797993a,gx-no-cache=1464027741257 HTTP/1.1" 200 30
186.78.48.134 - - [23/May/2016:16:22:12 -0300] "POST /cormun/servlet/solicitudot?gx-no-cache=1464027747772 HTTP/1.1" 200 30
186.78.48.134 - - [23/May/2016:16:22:12 -0300] "POST /cormun/servlet/solicitudot?gx-no-cache=1464027747995 HTTP/1.1" 200 33
186.78.48.134 - - [23/May/2016:16:22:13 -0300] "POST /cormun/servlet/solicitudot?gx-no-cache=1464027748207 HTTP/1.1" 200 1186
186.78.48.134 - - [23/May/2016:16:22:13 -0300] "GET /cormun/servlet/solicitudot?c23172452300dd0b916f422b30f8750b48937795a04e4ca6d127f0a53937537cbdcbc7fcdfff19f4030d5ff7169070caabd4b15284e4dbc4e578373e3249cae0ab0cbe563cc7fe113c77b15bc9c0de72290c150b50a9c5f5ebb63765a9cd1b1adc86deca015310a7a054d6e9a4053991c56596aca106d88112291691c5b6725d4d1c50898357b5c923ba4e3a86d900d0,gx-no-cache=1464027748395 HTTP/1.1" 200 38
191.112.40.112 - - [23/May/2016:16:22:15 -0300] "POST /cormun/servlet/solicitudot?gx-no-cache=1464027749143 HTTP/1.1" 200 2793
191.112.40.112 - - [23/May/2016:16:22:16 -0300] "POST /cormun/servlet/solicitudot?78db207886ecfd2c50a482751070dac7,INS,0,0,,gx-no-cache=1464027749772 HTTP/1.1" 200 8547
191.112.119.131 - - [23/May/2016:16:22:17 -0300] "GET /cormun/servlet/trsolicitudot?gx-no-cache=1464030329715 HTTP/1.1" 200 7708
191.112.119.131 - - [23/May/2016:16:22:20 -0300] "GET /cormun/servlet/trsolicitudot?gx-no-cache=1464030329715 HTTP/1.1" 200 7724
186.103.157.39 - - [23/May/2016:16:22:20 -0300] "POST /cormun/servlet/solicitudot?gx-no-cache=1464031357990 HTTP/1.1" 200 2783
186.103.157.39 - - [23/May/2016:16:22:21 -0300] "POST /cormun/servlet/solicitudot?daef878b891dead0a73ed30418a32890,INS,0,0,,gx-no-cache=1464031358465 HTTP/1.1" 200 8543
186.103.157.39 - - [23/May/2016:16:22:28 -0300] "GET /cormun/servlet/solicitudot?b189bfb9075c7fc49020e6d1569bf45d5b1dba85edbff4d34677b55182bb19e512651c62f094d1309583eef29dda343b,gx-no-cache=1464031366345 HTTP/1.1" 200 30
186.103.157.39 - - [23/May/2016:16:22:28 -0300] "POST /cormun/servlet/solicitudot?gx-no-cache=1464031366433 HTTP/1.1" 200 30
191.112.119.131 - - [23/May/2016:16:22:28 -0300] "POST /cormun/servlet/solicitudot?9268c7be0efc5b528f2753c87f8fa50e,INS,0,0,,gx-no-cache=1464031354485 HTTP/1.1" 200 93
186.78.48.134 - - [23/May/2016:16:22:30 -0300] "GET /cormun/servlet/solicitudot?c23172452300dd0b916f422b30f8750b5a8bca0fc372a4c77e8161369d6d41a0cccb97f072928306045d98dd53f9ca07d0b464e3eb0091bfc45bcca5b28cf4a4f66e7a331e1d24fb54d97034e2ed344464ad175ef1fedff64a0d2e28fef8cc80903be5a76bd3e0b70d979344181a0979347a9b6fe5079314a30fc57c92679e9e4a049adfe272446692494b1c1aabdea79a1cbef86d23756f000cb25acff1a1f8,gx-no-cache=1464027765519 HTTP/1.1" 200 29
186.78.48.134 - - [23/May/2016:16:22:30 -0300] "POST /cormun/servlet/solicitudot?gx-no-cache=1464027765625 HTTP/1.1" 200 1144
191.112.119.131 - - [23/May/2016:16:22:36 -0300] "GET /cormun/servlet/solicitudot?INS,0,0, HTTP/1.1" 200 11739
191.112.119.131 - - [23/May/2016:16:22:37 -0300] "GET /cormun/servlet/solicitudot?INS,0,0, HTTP/1.1" 200 11723
186.103.157.39 - - [23/May/2016:16:22:43 -0300] "POST /cormun/servlet/solicitudot?gx-no-cache=1464031381268 HTTP/1.1" 200 30
186.103.157.39 - - [23/May/2016:16:22:49 -0300] "POST /cormun/servlet/solicitudot?gx-no-cache=1464031386733 HTTP/1.1" 200 1187
186.103.157.39 - - [23/May/2016:16:22:49 -0300] "GET /cormun/servlet/solicitudot?b189bfb9075c7fc49020e6d1569bf45d1ec87e3b7ca6dacc7b24106f1addff2d2ad2d48175537b4f40dad791e0c8e60fe8e45a29081e0f31e996bd42dde9ba330dd559f1a4c92c69ea6533e79e3a2a420030042cb35cf96c240cabad16778c64f854cba6542e2225b885d69c16d92f920b9a34a20de8161db03b8bcd1bfd06a1838281c35d1e8a8e21093e47b872b193,gx-no-cache=1464031386851 HTTP/1.1" 200 38
186.78.48.134 - - [23/May/2016:16:22:52 -0300] "GET /cormun/static/menuarrow.gif HTTP/1.1" 404 1015
191.112.119.131 - - [23/May/2016:16:22:57 -0300] "POST /cormun/servlet/solicitudot?gx-no-cache=1464031393046 HTTP/1.1" 200 2782
191.112.119.131 - - [23/May/2016:16:23:00 -0300] "POST /cormun/servlet/solicitudot?9268c7be0efc5b528f2753c87f8fa50e,INS,0,0,,gx-no-cache=1464031394983 HTTP/1.1" 200 8536
191.112.119.131 - - [23/May/2016:16:23:01 -0300] "GET /cormun/servlet/solicitudot?6e8ed94004b015395836519e2fa4bb30c1b60da52d09b9ddb9ad875b202f3f327eec71d63a94cf733d162aff02cbf4b7,gx-no-cache=1464031398657 HTTP/1.1" 200 30
191.112.119.131 - - [23/May/2016:16:23:01 -0300] "POST /cormun/servlet/solicitudot?gx-no-cache=1464031398839 HTTP/1.1" 200 30
191.112.119.131 - - [23/May/2016:16:23:07 -0300] "POST /cormun/servlet/solicitudot?gx-no-cache=1464031403904 HTTP/1.1" 200 30
186.78.48.134 - - [23/May/2016:16:23:08 -0300] "GET /cormun/servlet/solicitudot?c23172452300dd0b916f422b30f8750b1bedacf42f58a2b5fac11fe10877d512df618f5853923b3e9a40385c2db93200b8750628dd9b0573151bad9c4107d7935dda06b1187a75be1a71aed97ad74a6931fd2b32e89117c39505119d78a95163f0eaa9be828fed068519bf91a498aad4c46c8630186c7e809f89eef285a5f892cc1b0f3601ec09b03b5cb1073fff735f75e6e8054d9dd54959573a7f8244e8ac3ebc355d1ba11db22f83bb609fb2c8e6,gx-no-cache=1464027803662 HTTP/1.1" 200 30
186.103.157.39 - - [23/May/2016:16:23:08 -0300] "GET /cormun/servlet/solicitudot?b189bfb9075c7fc49020e6d1569bf45d2a051efe5b9f2e9c51b2590770d115982e7eeeac03b01ceafda242505479d0b43eec7f84a2a61f801ed270c5d2d1b9e3d846dba6ab6a7dd1f6e1997ea5312cd8b730f4c197d4fc4ae6444265b783a4b0a38d6eb0dce9e2b98c8e933715c80f0087d970f41c2e7ede1698db0013f58f83a58273eae433d7ff37e736df9b2ee6ed74a1f50f8829b4514a51e85567f49acbadd81e33744448b4f255a584d9c16c7086914c59fdb642bae92052a0ded01fa481ba23a7cdbd65cc1cde1573ec720dd5,gx-no-cache=1464031406410 HTTP/1.1" 200 29
186.103.157.39 - - [23/May/2016:16:23:09 -0300] "POST /cormun/servlet/solicitudot?gx-no-cache=1464031406455 HTTP/1.1" 200 1144
186.103.157.39 - - [23/May/2016:16:23:09 -0300] "GET /cormun/static/menuarrow.gif HTTP/1.1" 404 1015
186.103.157.98 - - [23/May/2016:16:23:13 -0300] "GET /cormun/servlet/solicitudotadjuntos?INS,2016,1833,,1, HTTP/1.1" 200 5654
186.103.157.98 - - [23/May/2016:16:23:13 -0300] "GET /cormun/static/about:blank HTTP/1.1" 404 1011
186.103.157.98 - - [23/May/2016:16:23:13 -0300] "GET /cormun/servlet/solicitudotadjuntos?INS,2016,1833,,1, HTTP/1.1" 200 5648
186.103.157.98 - - [23/May/2016:16:23:14 -0300] "GET /cormun/servlet/solicitudotadjuntos?a2bc36191d41a9296b014c04374143f6efc8c19bd69b116191ec4307e0d0beac62b5ba05429d2a72e9157cabd461289f,gx-no-cache=1464031412753 HTTP/1.1" 200 30
186.103.157.98 - - [23/May/2016:16:23:14 -0300] "POST /cormun/servlet/solicitudotadjuntos?cbd10df55ceb5e71b981915b403ccecf,INS,2016,1833,,1,,gx-no-cache=1464031412857 HTTP/1.1" 200 3510
186.103.159.182 - - [23/May/2016:16:23:14 -0300] "POST /cormun/servlet/solicitudot?gx-no-cache=1464031414744 HTTP/1.1" 200 120
186.103.159.182 - - [23/May/2016:16:23:15 -0300] "GET /cormun/static/Shared/jqueryui/images/ui-bg_flat_55_994d53_40x100.png HTTP/1.1" 404 1097
186.103.159.182 - - [23/May/2016:16:23:15 -0300] "GET /cormun/static/Shared/jqueryui/images/ui-icons_ebccce_256x240.png HTTP/1.1" 404 1089
186.103.157.98 - - [23/May/2016:16:23:18 -0300] "POST /cormun/servlet/solicitudotadjuntos?gx-no-cache=1464031417045 HTTP/1.1" 200 26
186.103.159.182 - - [23/May/2016:16:23:18 -0300] "POST /cormun/servlet/solicitudot?gx-no-cache=1464031418498 HTTP/1.1" 200 30
186.103.159.182 - - [23/May/2016:16:23:20 -0300] "POST /cormun/servlet/solicitudot?gx-no-cache=1464031419911 HTTP/1.1" 200 30
186.103.159.182 - - [23/May/2016:16:23:20 -0300] "POST /cormun/servlet/solicitudot?gx-no-cache=1464031420876 HTTP/1.1" 200 452
186.103.159.182 - - [23/May/2016:16:23:21 -0300] "GET /cormun/servlet/solicitudot?34b504c9abe9e0071b294bf019dc91f288d0af718cfbd1a91fe61067b2e1fdcbd45fc52a7b769301c7d3c86204730ccd13635bd89618d52e87c4d13e322d0038e82e8c5ab479a3511fec77ed8a001d56e41ad815e6f0d764c59c8841ac36762ce4dd72cb8ef0a5da4b42cb3daf67f4f279baa7385970bf77b5e971de9812c67a4e2c9d8b34ab4852085cb42e7ed8c713,gx-no-cache=1464031420995 HTTP/1.1" 200 38
186.103.157.98 - - [23/May/2016:16:23:35 -0300] "GET /cormun/servlet/solicitudotadjuntos?a2bc36191d41a9296b014c04374143f61a77eabc2b7205c7b573b5ed284a53b1,gx-no-cache=1464031433615 HTTP/1.1" 200 30
186.103.157.98 - - [23/May/2016:16:23:35 -0300] "GET /cormun/servlet/solicitudotadjuntos?a2bc36191d41a9296b014c04374143f61a77eabc2b7205c7b573b5ed284a53b1,gx-no-cache=1464031433690 HTTP/1.1" 200 30
