186.103.157.98 - - [23/May/2016:17:03:13 -0300] "GET /cormun/servlet/trsolicitudot HTTP/1.1" 200 7810
186.103.157.98 - - [23/May/2016:17:03:14 -0300] "GET /cormun/servlet/trsolicitudot HTTP/1.1" 200 7806
186.103.157.98 - - [23/May/2016:17:03:23 -0300] "GET /cormun/servlet/trsolicitudot? HTTP/1.1" 200 7806
186.103.157.98 - - [23/May/2016:17:03:24 -0300] "GET /cormun/servlet/trsolicitudot? HTTP/1.1" 200 7806
186.103.159.188 - - [23/May/2016:17:03:26 -0300] "GET /cormun/servlet/hlogin HTTP/1.1" 200 1726
186.78.48.134 - - [23/May/2016:17:03:28 -0300] "POST /cormun/servlet/solicitudot?gx-no-cache=1464030223739 HTTP/1.1" 200 2677
186.78.48.134 - - [23/May/2016:17:03:29 -0300] "POST /cormun/servlet/solicitudot?902be5bc90db262a975abd9b889fb7fd,INS,0,0,,gx-no-cache=1464030224209 HTTP/1.1" 200 8385
186.78.48.134 - - [23/May/2016:17:03:29 -0300] "GET /cormun/servlet/solicitudot?c23172452300dd0b916f422b30f8750b5951b44c9c87196dab22e3b9dc4351b5,gx-no-cache=1464030224944 HTTP/1.1" 200 111
186.78.48.134 - - [23/May/2016:17:03:29 -0300] "GET /cormun/static/Shared/jqueryui/images/ui-bg_highlight-soft_100_c6c2c8_1x100.png HTTP/1.1" 404 1117
186.78.48.134 - - [23/May/2016:17:03:29 -0300] "GET /cormun/static/Shared/jqueryui/images/ui-icons_82798d_256x240.png HTTP/1.1" 404 1089
186.78.48.134 - - [23/May/2016:17:03:29 -0300] "GET /cormun/static/Shared/jqueryui/images/ui-bg_flat_55_994d53_40x100.png HTTP/1.1" 404 1097
186.78.48.134 - - [23/May/2016:17:03:29 -0300] "POST /cormun/servlet/solicitudot?gx-no-cache=1464030225070 HTTP/1.1" 200 120
186.78.48.134 - - [23/May/2016:17:03:29 -0300] "GET /cormun/static/Shared/jqueryui/images/ui-icons_ebccce_256x240.png HTTP/1.1" 404 1089
186.78.48.134 - - [23/May/2016:17:03:30 -0300] "POST /cormun/servlet/solicitudot?gx-no-cache=1464030225209 HTTP/1.1" 200 33
186.78.48.134 - - [23/May/2016:17:03:30 -0300] "POST /cormun/servlet/solicitudot?gx-no-cache=1464030225316 HTTP/1.1" 200 452
186.78.48.134 - - [23/May/2016:17:03:30 -0300] "GET /cormun/servlet/solicitudot?c23172452300dd0b916f422b30f8750b48937795a04e4ca6d127f0a53937537cbdcbc7fcdfff19f4030d5ff7169070caabd4b15284e4dbc4e578373e3249cae0ab0cbe563cc7fe113c77b15bc9c0de72290c150b50a9c5f5ebb63765a9cd1b1adc86deca015310a7a054d6e9a4053991c56596aca106d88112291691c5b6725d4d1c50898357b5c923ba4e3a86d900d0,gx-no-cache=1464030225456 HTTP/1.1" 200 38
186.78.48.134 - - [23/May/2016:17:03:30 -0300] "GET /cormun/servlet/solicitudot?c23172452300dd0b916f422b30f8750b5a8bca0fc372a4c77e8161369d6d41a0cccb97f072928306045d98dd53f9ca077ad29e33a98d98fd9f312f65fba3a8884ecf7b5dd904f7d809bf3e4197cf24bcff85a32fbd2b57c22b43e643c2c073d5f148c59cb741fc69538c7bb80d9ac1f8,gx-no-cache=1464030225538 HTTP/1.1" 200 29
186.78.48.134 - - [23/May/2016:17:03:30 -0300] "POST /cormun/servlet/solicitudot?gx-no-cache=1464030225616 HTTP/1.1" 200 404
186.78.48.134 - - [23/May/2016:17:03:30 -0300] "GET /cormun/servlet/solicitudot?c23172452300dd0b916f422b30f8750b45f1b437290466dfa0868b06fa5585becccb97f072928306045d98dd53f9ca0701febfb938ccbb3ae03a01abf3d58f3f4d0f8cfaa0581839414898335120de4e14cdb7fa9c6a57d82d7d2d0f1e27ce563ff406a6c358509fa87307bcd072770ed33cedfcaa4dce0f0545db772df71fa818b3de2ff0983c64aa90639c53db2f7b,gx-no-cache=1464030225744 HTTP/1.1" 200 30
186.78.48.134 - - [23/May/2016:17:03:31 -0300] "POST /cormun/servlet/solicitudot?902be5bc90db262a975abd9b889fb7fd,INS,0,0,,gx-no-cache=1464030225905 HTTP/1.1" 200 8740
186.103.159.182 - - [23/May/2016:17:03:35 -0300] "POST /cormun/servlet/trsolicitudot?c598ff6876e9cff5e3bf73a6846a3022,gx-no-cache=1464031292859,gx-no-cache=1464033835656 HTTP/1.1" 200 107
186.103.159.182 - - [23/May/2016:17:03:36 -0300] "GET /cormun/servlet/trsolicitudadjuntos?2016,1875, HTTP/1.1" 200 5566
186.78.48.134 - - [23/May/2016:17:03:36 -0300] "GET /cormun/servlet/trsolicitudot? HTTP/1.1" 200 6475
186.78.48.134 - - [23/May/2016:17:03:37 -0300] "GET /cormun/servlet/trsolicitudot? HTTP/1.1" 200 6474
186.103.159.182 - - [23/May/2016:17:03:38 -0300] "GET /cormun/servlet/trsolicitudadjuntos?2016,1875, HTTP/1.1" 200 5546
186.103.159.182 - - [23/May/2016:17:03:45 -0300] "GET /cormun/servlet/solicitudotadjuntos?INS,2016,1875,,1, HTTP/1.1" 200 5634
186.103.159.182 - - [23/May/2016:17:03:45 -0300] "GET /cormun/static/about:blank HTTP/1.1" 404 1011
186.103.159.182 - - [23/May/2016:17:03:48 -0300] "GET /cormun/servlet/solicitudotadjuntos?INS,2016,1875,,1, HTTP/1.1" 200 5628
186.103.159.182 - - [23/May/2016:17:03:48 -0300] "GET /cormun/servlet/solicitudotadjuntos?34b504c9abe9e0071b294bf019dc91f2fa8989567145e8a97de8aad9927c482b55ad2ea298b02533fba5c5c607d6d63e,gx-no-cache=1464033848435 HTTP/1.1" 200 30
186.103.159.182 - - [23/May/2016:17:03:48 -0300] "POST /cormun/servlet/solicitudotadjuntos?c598ff6876e9cff5e3bf73a6846a3022,INS,2016,1875,,1,,gx-no-cache=1464033848535 HTTP/1.1" 200 3479
186.103.159.182 - - [23/May/2016:17:03:53 -0300] "POST /cormun/servlet/solicitudotadjuntos?gx-no-cache=1464033853319 HTTP/1.1" 200 26
186.78.48.134 - - [23/May/2016:17:04:09 -0300] "POST /cormun/servlet/trautorizarsolicitud?902be5bc90db262a975abd9b889fb7fd,,gx-no-cache=1464030262798 HTTP/1.1" 200 115
186.78.48.134 - - [23/May/2016:17:04:10 -0300] "GET /cormun/servlet/solicitudotlog?INS,2016,1856,0,REC, HTTP/1.1" 200 5275
186.78.48.134 - - [23/May/2016:17:04:11 -0300] "GET /cormun/servlet/solicitudotlog?INS,2016,1856,0,REC, HTTP/1.1" 200 5267
186.78.48.134 - - [23/May/2016:17:04:11 -0300] "GET /cormun/servlet/solicitudotlog?c23172452300dd0b916f422b30f8750b656aacff3f5240f239f8c86ce6a00df7,gx-no-cache=1464030266702 HTTP/1.1" 200 26
186.103.159.182 - - [23/May/2016:17:04:23 -0300] "GET /cormun/servlet/solicitudotadjuntos?34b504c9abe9e0071b294bf019dc91f2c8f01f88a6b5d9d58292e19f9e1f859f,gx-no-cache=1464033883834 HTTP/1.1" 200 30
186.103.159.182 - - [23/May/2016:17:04:23 -0300] "GET /cormun/servlet/solicitudotadjuntos?34b504c9abe9e0071b294bf019dc91f2c8f01f88a6b5d9d58292e19f9e1f859f,gx-no-cache=1464033883969 HTTP/1.1" 200 30
186.103.159.182 - - [23/May/2016:17:04:25 -0300] "POST /cormun/servlet/solicitudotadjuntos?c598ff6876e9cff5e3bf73a6846a3022,INS,2016,1875,,1, HTTP/1.1" 200 116
186.103.159.182 - - [23/May/2016:17:04:25 -0300] "GET /cormun/servlet/hpexe_return? HTTP/1.1" 200 1028
186.78.48.134 - - [23/May/2016:17:04:26 -0300] "POST /cormun/servlet/solicitudotlog?902be5bc90db262a975abd9b889fb7fd,INS,2016,1856,0,REC,,gx-no-cache=1464030281324 HTTP/1.1" 200 93
186.103.159.182 - - [23/May/2016:17:04:26 -0300] "GET /cormun/servlet/trsolicitudadjuntos?2016,1875, HTTP/1.1" 200 7425
186.78.48.134 - - [23/May/2016:17:04:26 -0300] "GET /cormun/servlet/hpexe_return? HTTP/1.1" 200 1013
186.78.48.134 - - [23/May/2016:17:04:27 -0300] "GET /cormun/servlet/trsolicitudot HTTP/1.1" 200 7773
186.103.159.182 - - [23/May/2016:17:04:28 -0300] "GET /cormun/servlet/trsolicitudadjuntos?2016,1875, HTTP/1.1" 200 7421
186.78.48.134 - - [23/May/2016:17:04:29 -0300] "GET /cormun/servlet/trsolicitudot HTTP/1.1" 200 7769
186.103.159.182 - - [23/May/2016:17:04:32 -0300] "GET /cormun/servlet/solicitudotadjuntos?INS,2016,1875,,1, HTTP/1.1" 200 5634
186.103.159.182 - - [23/May/2016:17:04:32 -0300] "GET /cormun/static/about:blank HTTP/1.1" 404 1011
186.103.159.182 - - [23/May/2016:17:04:34 -0300] "GET /cormun/servlet/solicitudotadjuntos?INS,2016,1875,,1, HTTP/1.1" 200 5628
186.103.159.182 - - [23/May/2016:17:04:34 -0300] "GET /cormun/servlet/solicitudotadjuntos?34b504c9abe9e0071b294bf019dc91f2fa8989567145e8a97de8aad9927c482b55ad2ea298b02533fba5c5c607d6d63e,gx-no-cache=1464033895058 HTTP/1.1" 200 30
186.103.159.182 - - [23/May/2016:17:04:35 -0300] "POST /cormun/servlet/solicitudotadjuntos?c598ff6876e9cff5e3bf73a6846a3022,INS,2016,1875,,1,,gx-no-cache=1464033895133 HTTP/1.1" 200 3479
186.78.48.134 - - [23/May/2016:17:04:35 -0300] "POST /cormun/servlet/trsolicitudot?902be5bc90db262a975abd9b889fb7fd,gx-no-cache=1464030290628 HTTP/1.1" 200 105
186.78.48.134 - - [23/May/2016:17:04:36 -0300] "GET /cormun/servlet/solicitudot?DLT,2016,1856, HTTP/1.1" 200 8683
186.78.48.134 - - [23/May/2016:17:04:37 -0300] "GET /cormun/servlet/solicitudot?DLT,2016,1856, HTTP/1.1" 200 8693
186.103.159.182 - - [23/May/2016:17:04:37 -0300] "POST /cormun/servlet/solicitudotadjuntos?gx-no-cache=1464033897764 HTTP/1.1" 200 26
186.78.48.134 - - [23/May/2016:17:04:41 -0300] "POST /cormun/servlet/solicitudot?902be5bc90db262a975abd9b889fb7fd,DLT,2016,1856,,gx-no-cache=1464030295486 HTTP/1.1" 200 9569
186.78.48.134 - - [23/May/2016:17:04:45 -0300] "GET /cormun/servlet/trsolicitudot HTTP/1.1" 200 7773
186.103.159.182 - - [23/May/2016:17:04:45 -0300] "GET /cormun/servlet/solicitudotadjuntos?34b504c9abe9e0071b294bf019dc91f2c8f01f88a6b5d9d58292e19f9e1f859f,gx-no-cache=1464033905786 HTTP/1.1" 200 30
186.103.159.182 - - [23/May/2016:17:04:46 -0300] "GET /cormun/servlet/solicitudotadjuntos?34b504c9abe9e0071b294bf019dc91f2c8f01f88a6b5d9d58292e19f9e1f859f,gx-no-cache=1464033905822 HTTP/1.1" 200 30
186.78.48.134 - - [23/May/2016:17:04:46 -0300] "GET /cormun/servlet/trsolicitudot HTTP/1.1" 200 7769
186.103.159.182 - - [23/May/2016:17:04:47 -0300] "POST /cormun/servlet/solicitudotadjuntos?c598ff6876e9cff5e3bf73a6846a3022,INS,2016,1875,,1, HTTP/1.1" 200 116
186.103.159.182 - - [23/May/2016:17:04:47 -0300] "GET /cormun/servlet/hpexe_return? HTTP/1.1" 200 1028
186.78.48.134 - - [23/May/2016:17:04:48 -0300] "GET /cormun/servlet/solicitudotlog?INS,2016,1856,0,REC, HTTP/1.1" 200 5275
186.103.159.182 - - [23/May/2016:17:04:48 -0300] "GET /cormun/servlet/trsolicitudadjuntos?2016,1875, HTTP/1.1" 200 7620
186.78.48.134 - - [23/May/2016:17:04:49 -0300] "GET /cormun/servlet/solicitudotlog?INS,2016,1856,0,REC, HTTP/1.1" 200 5267
186.78.48.134 - - [23/May/2016:17:04:49 -0300] "GET /cormun/servlet/solicitudotlog?c23172452300dd0b916f422b30f8750b656aacff3f5240f239f8c86ce6a00df7,gx-no-cache=1464030304737 HTTP/1.1" 200 26
186.103.159.182 - - [23/May/2016:17:04:51 -0300] "GET /cormun/servlet/trsolicitudadjuntos?2016,1875, HTTP/1.1" 200 7613
186.78.48.134 - - [23/May/2016:17:04:51 -0300] "GET /cormun/servlet/trautorizarsolicitud? HTTP/1.1" 200 9577
186.78.48.134 - - [23/May/2016:17:04:52 -0300] "GET /cormun/servlet/trautorizarsolicitud? HTTP/1.1" 200 9577
186.103.159.182 - - [23/May/2016:17:04:53 -0300] "GET /cormun/servlet/solicitudotadjuntos?INS,2016,1875,,1, HTTP/1.1" 200 5634
186.78.48.134 - - [23/May/2016:17:04:53 -0300] "POST /cormun/servlet/acontrolpreferencessavestate?None,CA-L%2FE,true HTTP/1.1" 200 35
186.103.159.182 - - [23/May/2016:17:04:53 -0300] "GET /cormun/static/about:blank HTTP/1.1" 404 1011
186.103.159.182 - - [23/May/2016:17:04:55 -0300] "GET /cormun/servlet/solicitudotadjuntos?INS,2016,1875,,1, HTTP/1.1" 200 5628
186.103.159.182 - - [23/May/2016:17:04:56 -0300] "GET /cormun/servlet/solicitudotadjuntos?34b504c9abe9e0071b294bf019dc91f2fa8989567145e8a97de8aad9927c482b55ad2ea298b02533fba5c5c607d6d63e,gx-no-cache=1464033916338 HTTP/1.1" 200 30
186.103.159.182 - - [23/May/2016:17:04:56 -0300] "POST /cormun/servlet/solicitudotadjuntos?c598ff6876e9cff5e3bf73a6846a3022,INS,2016,1875,,1,,gx-no-cache=1464033916441 HTTP/1.1" 200 3478
186.103.159.182 - - [23/May/2016:17:04:59 -0300] "POST /cormun/servlet/solicitudotadjuntos?gx-no-cache=1464033919635 HTTP/1.1" 200 26
186.103.159.182 - - [23/May/2016:17:05:07 -0300] "GET /cormun/servlet/solicitudotadjuntos?34b504c9abe9e0071b294bf019dc91f2c8f01f88a6b5d9d58292e19f9e1f859f,gx-no-cache=1464033927301 HTTP/1.1" 200 30
186.103.159.182 - - [23/May/2016:17:05:07 -0300] "GET /cormun/servlet/solicitudotadjuntos?34b504c9abe9e0071b294bf019dc91f2c8f01f88a6b5d9d58292e19f9e1f859f,gx-no-cache=1464033927330 HTTP/1.1" 200 30
186.103.159.182 - - [23/May/2016:17:05:08 -0300] "POST /cormun/servlet/solicitudotadjuntos?c598ff6876e9cff5e3bf73a6846a3022,INS,2016,1875,,1, HTTP/1.1" 200 116
186.103.159.182 - - [23/May/2016:17:05:08 -0300] "GET /cormun/servlet/hpexe_return? HTTP/1.1" 200 1028
186.103.159.182 - - [23/May/2016:17:05:09 -0300] "GET /cormun/servlet/trsolicitudadjuntos?2016,1875, HTTP/1.1" 200 7750
186.103.159.182 - - [23/May/2016:17:05:12 -0300] "GET /cormun/servlet/trsolicitudadjuntos?2016,1875, HTTP/1.1" 200 7745
186.103.159.182 - - [23/May/2016:17:05:14 -0300] "GET /cormun/servlet/solicitudotadjuntos?INS,2016,1875,,1, HTTP/1.1" 200 5634
186.103.159.182 - - [23/May/2016:17:05:14 -0300] "GET /cormun/static/about:blank HTTP/1.1" 404 1011
186.103.159.182 - - [23/May/2016:17:05:16 -0300] "GET /cormun/servlet/solicitudotadjuntos?INS,2016,1875,,1, HTTP/1.1" 200 5628
186.103.159.182 - - [23/May/2016:17:05:17 -0300] "GET /cormun/servlet/solicitudotadjuntos?34b504c9abe9e0071b294bf019dc91f2fa8989567145e8a97de8aad9927c482b55ad2ea298b02533fba5c5c607d6d63e,gx-no-cache=1464033937530 HTTP/1.1" 200 30
186.103.159.182 - - [23/May/2016:17:05:17 -0300] "POST /cormun/servlet/solicitudotadjuntos?c598ff6876e9cff5e3bf73a6846a3022,INS,2016,1875,,1,,gx-no-cache=1464033937607 HTTP/1.1" 200 3478
186.103.159.182 - - [23/May/2016:17:05:20 -0300] "POST /cormun/servlet/solicitudotadjuntos?gx-no-cache=1464033940763 HTTP/1.1" 200 26
186.103.159.182 - - [23/May/2016:17:05:26 -0300] "GET /cormun/servlet/solicitudotadjuntos?34b504c9abe9e0071b294bf019dc91f2c8f01f88a6b5d9d58292e19f9e1f859f,gx-no-cache=1464033946224 HTTP/1.1" 200 30
186.103.159.182 - - [23/May/2016:17:05:26 -0300] "GET /cormun/servlet/solicitudotadjuntos?34b504c9abe9e0071b294bf019dc91f2c8f01f88a6b5d9d58292e19f9e1f859f,gx-no-cache=1464033946259 HTTP/1.1" 200 30
186.103.159.182 - - [23/May/2016:17:05:27 -0300] "POST /cormun/servlet/solicitudotadjuntos?c598ff6876e9cff5e3bf73a6846a3022,INS,2016,1875,,1, HTTP/1.1" 200 116
186.103.159.182 - - [23/May/2016:17:05:27 -0300] "GET /cormun/servlet/hpexe_return? HTTP/1.1" 200 1028
186.103.159.182 - - [23/May/2016:17:05:28 -0300] "GET /cormun/servlet/trsolicitudadjuntos?2016,1875, HTTP/1.1" 200 7861
186.103.159.182 - - [23/May/2016:17:05:31 -0300] "GET /cormun/servlet/trsolicitudadjuntos?2016,1875, HTTP/1.1" 200 7859
186.103.157.98 - - [23/May/2016:17:05:37 -0300] "GET /cormun/servlet/trsolicitudot? HTTP/1.1" 200 7806
186.103.157.98 - - [23/May/2016:17:05:38 -0300] "GET /cormun/servlet/trsolicitudot? HTTP/1.1" 200 7806
186.103.157.98 - - [23/May/2016:17:05:42 -0300] "GET /cormun/servlet/solicitudot?INS,0,0, HTTP/1.1" 200 11758
186.103.157.98 - - [23/May/2016:17:05:43 -0300] "GET /cormun/servlet/solicitudot?INS,0,0, HTTP/1.1" 200 11762
186.103.159.182 - - [23/May/2016:17:05:44 -0300] "GET /cormun/servlet/solicitudotadjuntos?INS,2016,1875,,1, HTTP/1.1" 200 5634
186.103.159.182 - - [23/May/2016:17:05:45 -0300] "GET /cormun/static/about:blank HTTP/1.1" 404 1011
186.103.159.182 - - [23/May/2016:17:05:47 -0300] "GET /cormun/servlet/solicitudotadjuntos?INS,2016,1875,,1, HTTP/1.1" 200 5628
186.103.159.182 - - [23/May/2016:17:05:47 -0300] "GET /cormun/servlet/solicitudotadjuntos?34b504c9abe9e0071b294bf019dc91f2fa8989567145e8a97de8aad9927c482b55ad2ea298b02533fba5c5c607d6d63e,gx-no-cache=1464033967797 HTTP/1.1" 200 30
186.103.159.182 - - [23/May/2016:17:05:48 -0300] "POST /cormun/servlet/solicitudotadjuntos?c598ff6876e9cff5e3bf73a6846a3022,INS,2016,1875,,1,,gx-no-cache=1464033967887 HTTP/1.1" 200 3480
186.78.48.134 - - [23/May/2016:17:05:49 -0300] "POST /cormun/servlet/trautorizarsolicitud?902be5bc90db262a975abd9b889fb7fd,,gx-no-cache=1464030363378 HTTP/1.1" 200 6813
186.78.48.134 - - [23/May/2016:17:05:50 -0300] "POST /cormun/servlet/trautorizarsolicitud?902be5bc90db262a975abd9b889fb7fd,,gx-no-cache=1464030364516 HTTP/1.1" 200 6755
186.78.48.134 - - [23/May/2016:17:05:52 -0300] "POST /cormun/servlet/trautorizarsolicitud?902be5bc90db262a975abd9b889fb7fd,,gx-no-cache=1464030367189 HTTP/1.1" 200 6506
186.78.48.134 - - [23/May/2016:17:05:53 -0300] "POST /cormun/servlet/trautorizarsolicitud?902be5bc90db262a975abd9b889fb7fd,,gx-no-cache=1464030368232 HTTP/1.1" 200 6450
186.103.159.182 - - [23/May/2016:17:05:58 -0300] "POST /cormun/servlet/solicitudotadjuntos?gx-no-cache=1464033978589 HTTP/1.1" 200 26
186.103.157.98 - - [23/May/2016:17:05:59 -0300] "POST /cormun/servlet/solicitudot?gx-no-cache=1464033978199 HTTP/1.1" 200 2762
186.78.48.134 - - [23/May/2016:17:05:59 -0300] "POST /cormun/servlet/trautorizarsolicitud?902be5bc90db262a975abd9b889fb7fd,,gx-no-cache=1464030374228 HTTP/1.1" 200 6184
186.103.157.98 - - [23/May/2016:17:06:00 -0300] "POST /cormun/servlet/solicitudot?06b416060abd1e905d45df74b627bcab,INS,0,0,,gx-no-cache=1464033978464 HTTP/1.1" 200 8552
186.78.48.134 - - [23/May/2016:17:06:01 -0300] "POST /cormun/servlet/trautorizarsolicitud?902be5bc90db262a975abd9b889fb7fd,,gx-no-cache=1464030375348 HTTP/1.1" 200 6128
186.78.48.134 - - [23/May/2016:17:06:03 -0300] "POST /cormun/servlet/trautorizarsolicitud?902be5bc90db262a975abd9b889fb7fd,,gx-no-cache=1464030377739 HTTP/1.1" 200 5854
186.103.157.98 - - [23/May/2016:17:06:03 -0300] "GET /cormun/servlet/solicitudot?fb6dd768afbd6301d2c64b886afa635ac9d67183dfe6d696a22958555d19a1fd1d36b21e6fd7d2dc5560c0dfccacde07,gx-no-cache=1464033981929 HTTP/1.1" 200 30
186.103.157.98 - - [23/May/2016:17:06:03 -0300] "POST /cormun/servlet/solicitudot?gx-no-cache=1464033982001 HTTP/1.1" 200 30
186.103.159.182 - - [23/May/2016:17:06:06 -0300] "GET /cormun/servlet/solicitudotadjuntos?34b504c9abe9e0071b294bf019dc91f2c8f01f88a6b5d9d58292e19f9e1f859f,gx-no-cache=1464033986314 HTTP/1.1" 200 30
186.103.159.182 - - [23/May/2016:17:06:06 -0300] "GET /cormun/servlet/solicitudotadjuntos?34b504c9abe9e0071b294bf019dc91f2c8f01f88a6b5d9d58292e19f9e1f859f,gx-no-cache=1464033986454 HTTP/1.1" 200 30
186.78.48.134 - - [23/May/2016:17:06:06 -0300] "POST /cormun/servlet/trautorizarsolicitud?902be5bc90db262a975abd9b889fb7fd,,gx-no-cache=1464030381353 HTTP/1.1" 200 5797
186.103.159.182 - - [23/May/2016:17:06:09 -0300] "POST /cormun/servlet/solicitudotadjuntos?c598ff6876e9cff5e3bf73a6846a3022,INS,2016,1875,,1, HTTP/1.1" 200 116
186.103.159.182 - - [23/May/2016:17:06:09 -0300] "GET /cormun/servlet/hpexe_return? HTTP/1.1" 200 1028
186.103.159.182 - - [23/May/2016:17:06:10 -0300] "GET /cormun/servlet/trsolicitudadjuntos?2016,1875, HTTP/1.1" 200 7981
186.78.48.134 - - [23/May/2016:17:06:13 -0300] "POST /cormun/servlet/trautorizarsolicitud?902be5bc90db262a975abd9b889fb7fd,,gx-no-cache=1464030387825 HTTP/1.1" 200 5524
186.103.159.182 - - [23/May/2016:17:06:13 -0300] "GET /cormun/servlet/trsolicitudadjuntos?2016,1875, HTTP/1.1" 200 7978
186.78.48.134 - - [23/May/2016:17:06:14 -0300] "POST /cormun/servlet/trautorizarsolicitud?902be5bc90db262a975abd9b889fb7fd,,gx-no-cache=1464030388857 HTTP/1.1" 200 5468
186.103.159.182 - - [23/May/2016:17:06:16 -0300] "GET /cormun/servlet/solicitudotadjuntos?INS,2016,1875,,1, HTTP/1.1" 200 5634
186.103.159.182 - - [23/May/2016:17:06:16 -0300] "GET /cormun/static/about:blank HTTP/1.1" 404 1011
186.78.48.134 - - [23/May/2016:17:06:18 -0300] "POST /cormun/servlet/trautorizarsolicitud?902be5bc90db262a975abd9b889fb7fd,,gx-no-cache=1464030392762 HTTP/1.1" 200 5174
186.103.159.182 - - [23/May/2016:17:06:18 -0300] "GET /cormun/servlet/solicitudotadjuntos?INS,2016,1875,,1, HTTP/1.1" 200 5628
186.103.159.182 - - [23/May/2016:17:06:18 -0300] "GET /cormun/servlet/solicitudotadjuntos?34b504c9abe9e0071b294bf019dc91f2fa8989567145e8a97de8aad9927c482b55ad2ea298b02533fba5c5c607d6d63e,gx-no-cache=1464033998970 HTTP/1.1" 200 30
186.78.48.134 - - [23/May/2016:17:06:19 -0300] "POST /cormun/servlet/trautorizarsolicitud?902be5bc90db262a975abd9b889fb7fd,,gx-no-cache=1464030393594 HTTP/1.1" 200 5117
186.103.159.182 - - [23/May/2016:17:06:19 -0300] "POST /cormun/servlet/solicitudotadjuntos?c598ff6876e9cff5e3bf73a6846a3022,INS,2016,1875,,1,,gx-no-cache=1464033999081 HTTP/1.1" 200 3480
186.103.157.98 - - [23/May/2016:17:06:19 -0300] "POST /cormun/servlet/solicitudot?gx-no-cache=1464033998272 HTTP/1.1" 200 30
186.103.159.182 - - [23/May/2016:17:06:21 -0300] "POST /cormun/servlet/solicitudotadjuntos?gx-no-cache=1464034002024 HTTP/1.1" 200 26
186.78.48.134 - - [23/May/2016:17:06:24 -0300] "POST /cormun/servlet/trautorizarsolicitud?902be5bc90db262a975abd9b889fb7fd,,gx-no-cache=1464030398873 HTTP/1.1" 200 3841
186.78.48.134 - - [23/May/2016:17:06:25 -0300] "POST /cormun/servlet/trautorizarsolicitud?902be5bc90db262a975abd9b889fb7fd,,gx-no-cache=1464030399657 HTTP/1.1" 200 3679
186.103.157.98 - - [23/May/2016:17:06:29 -0300] "POST /cormun/servlet/solicitudot?gx-no-cache=1464034008493 HTTP/1.1" 200 30
186.78.48.134 - - [23/May/2016:17:06:35 -0300] "GET /cormun/servlet/hlogin HTTP/1.1" 200 1731
186.103.159.182 - - [23/May/2016:17:06:44 -0300] "GET /cormun/servlet/solicitudotadjuntos?34b504c9abe9e0071b294bf019dc91f2c8f01f88a6b5d9d58292e19f9e1f859f,gx-no-cache=1464034024725 HTTP/1.1" 200 30
186.103.159.182 - - [23/May/2016:17:06:44 -0300] "GET /cormun/servlet/solicitudotadjuntos?34b504c9abe9e0071b294bf019dc91f2c8f01f88a6b5d9d58292e19f9e1f859f,gx-no-cache=1464034024819 HTTP/1.1" 200 30
186.103.159.182 - - [23/May/2016:17:06:46 -0300] "POST /cormun/servlet/solicitudotadjuntos?c598ff6876e9cff5e3bf73a6846a3022,INS,2016,1875,,1, HTTP/1.1" 200 116
186.103.159.182 - - [23/May/2016:17:06:46 -0300] "GET /cormun/servlet/hpexe_return? HTTP/1.1" 200 1028
186.103.157.98 - - [23/May/2016:17:06:48 -0300] "POST /cormun/servlet/solicitudot?gx-no-cache=1464034026794 HTTP/1.1" 200 1187
186.103.157.98 - - [23/May/2016:17:06:48 -0300] "GET /cormun/servlet/solicitudot?fb6dd768afbd6301d2c64b886afa635a70d4eb09b3e7230eb019d974f0a5337293bf957a5375c287e942870efecae3fbd82ec855927786a4fff55edc810503f3f2f3f09b7d90ba2783ba931e776f35ccec6f37cb54b775ce45ebb8f5ce81d953db0ef8a10afaa7323d2c8d48cfaa465ff94f192b02cb5312bcaa8493e4733bf81352fe45949842de0065e69441796f86,gx-no-cache=1464034026956 HTTP/1.1" 200 38
186.103.157.98 - - [23/May/2016:17:06:48 -0300] "GET /cormun/servlet/solicitudot?fb6dd768afbd6301d2c64b886afa635afd6cb73b79cd70a28aa2fe0ef2f4b87ed09f172d548401c3fc58e5f05e75d8235b1d42fe1d75b9f3375f8735fe2960de868a6839389acdbd2e8d0f5629e4f2b7399bdc319e1a76c35c43bf8a875960c58ebca17a44ce0be79ca017809a90f418ffb6c49c9438884853a956ac0a1f51e5c59627c21f2ad752be8d98a2b235a5be4a873a94bc543ec3f6061355f93db954,gx-no-cache=1464034027036 HTTP/1.1" 200 29
186.103.157.98 - - [23/May/2016:17:06:48 -0300] "POST /cormun/servlet/solicitudot?gx-no-cache=1464034027105 HTTP/1.1" 200 1144
186.103.157.98 - - [23/May/2016:17:06:48 -0300] "GET /cormun/servlet/solicitudot?fb6dd768afbd6301d2c64b886afa635af74c567bee833f91879ea8991576f10cd36c5ec39b1b2cb2ae4a11934b4ab0a5783d41015a9e2485c6e00f30f3185234a1b1f9bfb88063ebbacad0ebb736390336ceda8f065e0a857354b6f69e9b8d05ec8c726db4927da405c32d1d742d2a49b2b60381285fbf596dfeca9e5eb9f94408e797bd9b4c097df96e6c8f8f6c277fae7bc6eadae94ee255033ff6a6c3ad89,gx-no-cache=1464034027265 HTTP/1.1" 200 30
186.103.159.182 - - [23/May/2016:17:06:48 -0300] "GET /cormun/servlet/trsolicitudadjuntos?2016,1875, HTTP/1.1" 200 8096
186.103.157.98 - - [23/May/2016:17:06:49 -0300] "POST /cormun/servlet/solicitudot?06b416060abd1e905d45df74b627bcab,INS,0,0,,gx-no-cache=1464034027315 HTTP/1.1" 200 93
186.103.157.98 - - [23/May/2016:17:06:49 -0300] "GET /cormun/servlet/hpexe_return? HTTP/1.1" 200 1001
186.103.157.98 - - [23/May/2016:17:06:49 -0300] "GET /cormun/servlet/trsolicitudot HTTP/1.1" 200 8147
186.103.157.98 - - [23/May/2016:17:06:50 -0300] "GET /cormun/servlet/trsolicitudot HTTP/1.1" 200 8144
186.103.159.182 - - [23/May/2016:17:06:51 -0300] "GET /cormun/servlet/trsolicitudadjuntos?2016,1875, HTTP/1.1" 200 8096
186.103.159.182 - - [23/May/2016:17:06:55 -0300] "POST /cormun/servlet/trsolicitudadjuntos?c598ff6876e9cff5e3bf73a6846a3022,2016,1875,,gx-no-cache=1464034034860 HTTP/1.1" 200 90
186.103.159.182 - - [23/May/2016:17:06:55 -0300] "GET /cormun/servlet/hpexe_link HTTP/1.1" 200 992
186.103.159.182 - - [23/May/2016:17:06:56 -0300] "GET /cormun/servlet/trsolicitudot?gx-no-cache=1464031292859 HTTP/1.1" 200 7666
186.103.159.182 - - [23/May/2016:17:06:58 -0300] "GET /cormun/servlet/trsolicitudot?gx-no-cache=1464031292859 HTTP/1.1" 200 7685
186.103.157.98 - - [23/May/2016:17:07:02 -0300] "POST /cormun/servlet/trsolicitudot?06b416060abd1e905d45df74b627bcab,gx-no-cache=1464034040648 HTTP/1.1" 200 105
186.103.157.98 - - [23/May/2016:17:07:02 -0300] "GET /cormun/servlet/solicitudot?DLT,2016,1874, HTTP/1.1" 200 8655
186.103.157.98 - - [23/May/2016:17:07:03 -0300] "GET /cormun/servlet/solicitudot?DLT,2016,1874, HTTP/1.1" 200 8664
186.78.48.134 - - [23/May/2016:17:07:06 -0300] "GET /cormun/servlet/hlogin HTTP/1.1" 200 1727
186.103.157.98 - - [23/May/2016:17:07:06 -0300] "POST /cormun/servlet/solicitudot?06b416060abd1e905d45df74b627bcab,DLT,2016,1874,,gx-no-cache=1464034044855 HTTP/1.1" 200 93
186.103.157.98 - - [23/May/2016:17:07:06 -0300] "GET /cormun/servlet/hpexe_return? HTTP/1.1" 200 1007
186.103.157.98 - - [23/May/2016:17:07:07 -0300] "GET /cormun/servlet/trsolicitudot HTTP/1.1" 200 7816
186.103.157.98 - - [23/May/2016:17:07:07 -0300] "GET /cormun/servlet/trsolicitudot HTTP/1.1" 200 7812
186.103.157.98 - - [23/May/2016:17:07:11 -0300] "GET /cormun/servlet/trsolicitudot? HTTP/1.1" 200 7812
186.103.157.98 - - [23/May/2016:17:07:12 -0300] "GET /cormun/servlet/trsolicitudot? HTTP/1.1" 200 7812
186.103.157.98 - - [23/May/2016:17:07:14 -0300] "GET /cormun/servlet/solicitudot?INS,0,0, HTTP/1.1" 200 11759
186.103.157.98 - - [23/May/2016:17:07:15 -0300] "GET /cormun/servlet/solicitudot?INS,0,0, HTTP/1.1" 200 11764
186.103.159.182 - - [23/May/2016:17:07:20 -0300] "GET /cormun/servlet/solicitudot?INS,0,0, HTTP/1.1" 200 11765
186.103.159.182 - - [23/May/2016:17:07:23 -0300] "GET /cormun/servlet/solicitudot?INS,0,0, HTTP/1.1" 200 11751
186.103.157.98 - - [23/May/2016:17:07:29 -0300] "POST /cormun/servlet/solicitudot?gx-no-cache=1464034067962 HTTP/1.1" 200 2778
186.103.157.98 - - [23/May/2016:17:07:30 -0300] "POST /cormun/servlet/solicitudot?06b416060abd1e905d45df74b627bcab,INS,0,0,,gx-no-cache=1464034068194 HTTP/1.1" 200 8560
186.103.159.182 - - [23/May/2016:17:07:31 -0300] "POST /cormun/servlet/solicitudot?c598ff6876e9cff5e3bf73a6846a3022,INS,0,0,,gx-no-cache=1464034071351 HTTP/1.1" 200 90
186.103.159.182 - - [23/May/2016:17:07:31 -0300] "GET /cormun/servlet/hpexe_link HTTP/1.1" 200 983
186.103.159.182 - - [23/May/2016:17:07:32 -0300] "GET /cormun/servlet/trsolicitudot?gx-no-cache=1464031292859 HTTP/1.1" 200 7666
186.103.157.98 - - [23/May/2016:17:07:33 -0300] "GET /cormun/servlet/solicitudot?fb6dd768afbd6301d2c64b886afa635a15b37c0c2f7016c4833b22843045ffa41d36b21e6fd7d2dc5560c0dfccacde07,gx-no-cache=1464034071826 HTTP/1.1" 200 30
186.103.157.98 - - [23/May/2016:17:07:33 -0300] "POST /cormun/servlet/solicitudot?gx-no-cache=1464034071883 HTTP/1.1" 200 30
186.103.159.182 - - [23/May/2016:17:07:34 -0300] "GET /cormun/servlet/trsolicitudot?gx-no-cache=1464031292859 HTTP/1.1" 200 7685
186.103.157.98 - - [23/May/2016:17:07:36 -0300] "POST /cormun/servlet/solicitudot?gx-no-cache=1464034075221 HTTP/1.1" 200 30
186.103.159.182 - - [23/May/2016:17:07:39 -0300] "POST /cormun/servlet/trsolicitudot?c598ff6876e9cff5e3bf73a6846a3022,gx-no-cache=1464031292859,gx-no-cache=1464034079524 HTTP/1.1" 200 3632
186.103.157.98 - - [23/May/2016:17:07:40 -0300] "POST /cormun/servlet/solicitudot?gx-no-cache=1464034078819 HTTP/1.1" 200 1187
186.103.157.98 - - [23/May/2016:17:07:40 -0300] "GET /cormun/servlet/solicitudot?fb6dd768afbd6301d2c64b886afa635a70d4eb09b3e7230eb019d974f0a5337293bf957a5375c287e942870efecae3fbd82ec855927786a4fff55edc810503f3f2f3f09b7d90ba2783ba931e776f35ccec6f37cb54b775ce45ebb8f5ce81d953db0ef8a10afaa7323d2c8d48cfaa465ff94f192b02cb5312bcaa8493e4733bf81352fe45949842de0065e69441796f86,gx-no-cache=1464034078942 HTTP/1.1" 200 38
186.103.157.98 - - [23/May/2016:17:07:40 -0300] "GET /cormun/servlet/solicitudot?fb6dd768afbd6301d2c64b886afa635afd6cb73b79cd70a28aa2fe0ef2f4b87ed09f172d548401c3fc58e5f05e75d8235b1d42fe1d75b9f3375f8735fe2960de868a6839389acdbd2e8d0f5629e4f2b7399bdc319e1a76c35c43bf8a875960c58ebca17a44ce0be79ca017809a90f418ffb6c49c9438884853a956ac0a1f51e5c59627c21f2ad752be8d98a2b235a5be4a873a94bc543ec3f6061355f93db954,gx-no-cache=1464034078990 HTTP/1.1" 200 29
186.103.159.182 - - [23/May/2016:17:07:40 -0300] "POST /cormun/servlet/trsolicitudot?c598ff6876e9cff5e3bf73a6846a3022,gx-no-cache=1464031292859,gx-no-cache=1464034080198 HTTP/1.1" 200 3486
186.103.157.98 - - [23/May/2016:17:07:40 -0300] "POST /cormun/servlet/solicitudot?gx-no-cache=1464034079026 HTTP/1.1" 200 1144
186.103.157.98 - - [23/May/2016:17:07:40 -0300] "GET /cormun/servlet/solicitudot?fb6dd768afbd6301d2c64b886afa635a40d9903e68bdf1eafc3380761c1093dad36c5ec39b1b2cb2ae4a11934b4ab0a5783d41015a9e2485c6e00f30f3185234a1b1f9bfb88063ebbacad0ebb736390336ceda8f065e0a857354b6f69e9b8d05ec8c726db4927da405c32d1d742d2a49b2b60381285fbf596dfeca9e5eb9f94408e797bd9b4c097df96e6c8f8f6c277fae7bc6eadae94ee255033ff6a6c3ad89,gx-no-cache=1464034079149 HTTP/1.1" 200 30
186.103.157.98 - - [23/May/2016:17:07:41 -0300] "POST /cormun/servlet/solicitudot?06b416060abd1e905d45df74b627bcab,INS,0,0,,gx-no-cache=1464034079239 HTTP/1.1" 200 93
186.103.157.98 - - [23/May/2016:17:07:41 -0300] "GET /cormun/servlet/hpexe_return? HTTP/1.1" 200 1001
186.103.157.98 - - [23/May/2016:17:07:41 -0300] "GET /cormun/servlet/trsolicitudot HTTP/1.1" 200 8145
186.103.157.98 - - [23/May/2016:17:07:42 -0300] "GET /cormun/servlet/trsolicitudot HTTP/1.1" 200 8141
186.103.159.182 - - [23/May/2016:17:07:42 -0300] "GET /cormun/servlet/solicitudot?INS,0,0, HTTP/1.1" 200 11764
186.103.159.182 - - [23/May/2016:17:07:45 -0300] "GET /cormun/servlet/solicitudot?INS,0,0, HTTP/1.1" 200 11750
186.103.157.98 - - [23/May/2016:17:07:50 -0300] "GET /cormun/servlet/treventos?2016,1877, HTTP/1.1" 200 5365
186.103.159.182 - - [23/May/2016:17:07:51 -0300] "POST /cormun/servlet/solicitudot?gx-no-cache=1464034091449 HTTP/1.1" 200 2677
186.103.157.98 - - [23/May/2016:17:07:51 -0300] "GET /cormun/servlet/treventos?2016,1877, HTTP/1.1" 200 5364
186.103.159.182 - - [23/May/2016:17:07:52 -0300] "POST /cormun/servlet/solicitudot?c598ff6876e9cff5e3bf73a6846a3022,INS,0,0,,gx-no-cache=1464034091767 HTTP/1.1" 200 8468
186.103.159.182 - - [23/May/2016:17:07:52 -0300] "GET /cormun/servlet/solicitudot?34b504c9abe9e0071b294bf019dc91f26599d48b322a8449fdc1a77d7f7666f5d1cb1ad7862d6225131fd92f40c1285d,gx-no-cache=1464034092804 HTTP/1.1" 200 111
186.103.159.182 - - [23/May/2016:17:07:54 -0300] "GET /cormun/servlet/solicitudot?34b504c9abe9e0071b294bf019dc91f26599d48b322a8449fdc1a77d7f7666f5d1cb1ad7862d6225131fd92f40c1285d,gx-no-cache=1464034094124 HTTP/1.1" 200 111
186.103.157.98 - - [23/May/2016:17:07:55 -0300] "GET /cormun/servlet/trsolicitudot HTTP/1.1" 200 8145
186.103.157.98 - - [23/May/2016:17:07:55 -0300] "GET /cormun/servlet/trsolicitudot HTTP/1.1" 200 8141
186.103.159.182 - - [23/May/2016:17:07:58 -0300] "GET /cormun/servlet/solicitudot?34b504c9abe9e0071b294bf019dc91f239b87974c24691e43e991693d47a36a3ceeddce38aeb0d19f671c52373a336fb,gx-no-cache=1464034098117 HTTP/1.1" 200 30
186.103.157.98 - - [23/May/2016:17:08:04 -0300] "GET /cormun/servlet/treventos?2016,1876, HTTP/1.1" 200 5365
186.103.157.98 - - [23/May/2016:17:08:05 -0300] "GET /cormun/servlet/treventos?2016,1876, HTTP/1.1" 200 5365
186.103.157.98 - - [23/May/2016:17:08:14 -0300] "GET /cormun/servlet/trautorizarsolicitud? HTTP/1.1" 200 6470
186.103.157.98 - - [23/May/2016:17:08:15 -0300] "GET /cormun/servlet/trautorizarsolicitud? HTTP/1.1" 200 6461
186.103.157.98 - - [23/May/2016:17:08:21 -0300] "GET /cormun/servlet/trautorizarsolicitud? HTTP/1.1" 200 6461
186.103.157.98 - - [23/May/2016:17:08:21 -0300] "GET /cormun/servlet/trautorizarsolicitud? HTTP/1.1" 200 6461
186.103.157.98 - - [23/May/2016:17:08:24 -0300] "POST /cormun/servlet/trautorizarsolicitud?06b416060abd1e905d45df74b627bcab,,gx-no-cache=1464034123001 HTTP/1.1" 200 3731
186.103.157.98 - - [23/May/2016:17:08:43 -0300] "GET /cormun/servlet/trautorizarsolicitud? HTTP/1.1" 200 6461
186.103.157.98 - - [23/May/2016:17:08:44 -0300] "GET /cormun/servlet/trautorizarsolicitud? HTTP/1.1" 200 6461
186.103.157.98 - - [23/May/2016:17:08:48 -0300] "GET /cormun/servlet/trsolicitudot? HTTP/1.1" 200 8141
186.103.157.98 - - [23/May/2016:17:08:48 -0300] "GET /cormun/servlet/trsolicitudot? HTTP/1.1" 200 8141
186.103.157.98 - - [23/May/2016:17:09:01 -0300] "POST /cormun/servlet/trsolicitudot?06b416060abd1e905d45df74b627bcab,,gx-no-cache=1464034159788 HTTP/1.1" 200 5212
186.103.157.98 - - [23/May/2016:17:09:02 -0300] "POST /cormun/servlet/trsolicitudot?06b416060abd1e905d45df74b627bcab,,gx-no-cache=1464034160341 HTTP/1.1" 200 5151
186.103.157.98 - - [23/May/2016:17:09:07 -0300] "POST /cormun/servlet/trsolicitudot?06b416060abd1e905d45df74b627bcab,,gx-no-cache=1464034165212 HTTP/1.1" 200 3890
186.103.157.98 - - [23/May/2016:17:09:07 -0300] "POST /cormun/servlet/trsolicitudot?06b416060abd1e905d45df74b627bcab,,gx-no-cache=1464034165701 HTTP/1.1" 200 3750
186.103.157.98 - - [23/May/2016:17:09:14 -0300] "GET /cormun/servlet/trautorizarsolicitud? HTTP/1.1" 200 8077
186.103.157.98 - - [23/May/2016:17:09:15 -0300] "GET /cormun/servlet/trautorizarsolicitud? HTTP/1.1" 200 8077
186.103.157.98 - - [23/May/2016:17:09:44 -0300] "POST /cormun/servlet/trautorizarsolicitud?06b416060abd1e905d45df74b627bcab,,gx-no-cache=1464034202944 HTTP/1.1" 200 5178
186.103.157.98 - - [23/May/2016:17:09:45 -0300] "POST /cormun/servlet/trautorizarsolicitud?06b416060abd1e905d45df74b627bcab,,gx-no-cache=1464034203501 HTTP/1.1" 200 5121
186.103.157.98 - - [23/May/2016:17:09:47 -0300] "POST /cormun/servlet/trautorizarsolicitud?06b416060abd1e905d45df74b627bcab,,gx-no-cache=1464034205982 HTTP/1.1" 200 3860
186.103.157.98 - - [23/May/2016:17:09:48 -0300] "POST /cormun/servlet/trautorizarsolicitud?06b416060abd1e905d45df74b627bcab,,gx-no-cache=1464034206462 HTTP/1.1" 200 3724
186.103.159.182 - - [23/May/2016:17:10:08 -0300] "POST /cormun/servlet/solicitudot?gx-no-cache=1464034228759 HTTP/1.1" 200 30
186.103.159.182 - - [23/May/2016:17:10:23 -0300] "POST /cormun/servlet/solicitudot?gx-no-cache=1464034243716 HTTP/1.1" 200 122
186.103.159.182 - - [23/May/2016:17:10:52 -0300] "POST /cormun/servlet/solicitudot?gx-no-cache=1464034272067 HTTP/1.1" 200 1184
186.103.159.182 - - [23/May/2016:17:10:59 -0300] "GET /cormun/servlet/solicitudot?34b504c9abe9e0071b294bf019dc91f288d0af718cfbd1a91fe61067b2e1fdcbd45fc52a7b769301c7d3c86204730ccd13635bd89618d52e87c4d13e322d0038e82e8c5ab479a3511fec77ed8a001d56e41ad815e6f0d764c59c8841ac36762ce4dd72cb8ef0a5da4b42cb3daf67f4f279baa7385970bf77b5e971de9812c67a9852b4637566de4f0e5d20689d1350a5f634fb385411804e703ed950ba5b1059,gx-no-cache=1464034279569 HTTP/1.1" 200 38
186.103.159.182 - - [23/May/2016:17:11:46 -0300] "GET /cormun/servlet/solicitudot?34b504c9abe9e0071b294bf019dc91f2febfd9ae9360cc41ec94edf0000ed65567ff8a5d3729cc4552d21ac0117e403fd62229db827b4377fe895cd67c5602ea5f648a96a0a9f0aba95b98f5b4d350355bc8c8d5117afd9a79958d8747ab13798cc50dc923e01acef49eb99658dff335,gx-no-cache=1464034326367 HTTP/1.1" 200 29
186.103.159.182 - - [23/May/2016:17:11:46 -0300] "POST /cormun/servlet/solicitudot?gx-no-cache=1464034326487 HTTP/1.1" 200 1141
186.103.159.182 - - [23/May/2016:17:12:25 -0300] "GET /cormun/servlet/solicitudot?34b504c9abe9e0071b294bf019dc91f26e59212e09cd3164d12dddd7e4ffad5056d8bc9cde46e2305d10ac0bb459c0f2b24a26d2e9367de7f5d0c47d3b5e1041734cfacb5801314f674051b1b6f69729b003ef48a87706b0020f654498636c4e55914fd3bb94c813922b666d5250b1453c10565fd15a3b8b404c228839457497fdad5f2bf9c9c0081ee3db5b7c988867110a03ce61b79ff53b5919dbbc5366f869bdf84bc5a240bf979cc38b76a44c1ceb9702a31b9514e32ce85c093dd0ba37,gx-no-cache=1464034365463 HTTP/1.1" 200 30
186.103.159.182 - - [23/May/2016:17:14:13 -0300] "POST /cormun/servlet/solicitudot?c598ff6876e9cff5e3bf73a6846a3022,INS,0,0,,gx-no-cache=1464034472988 HTTP/1.1" 200 9600
186.103.159.182 - - [23/May/2016:17:14:45 -0300] "GET /cormun/servlet/solicitudot?34b504c9abe9e0071b294bf019dc91f288d0af718cfbd1a91fe61067b2e1fdcbd45fc52a7b769301c7d3c86204730ccd13635bd89618d52e87c4d13e322d0038e82e8c5ab479a3511fec77ed8a001d56e41ad815e6f0d764c59c8841ac36762ce4dd72cb8ef0a5da4b42cb3daf67f4f279baa7385970bf77b5e971de9812c67a9852b4637566de4f0e5d20689d1350a5237737cbafafba83a8f0351ded288f1b,gx-no-cache=1464034505778 HTTP/1.1" 200 41
186.103.159.182 - - [23/May/2016:17:14:45 -0300] "GET /cormun/servlet/solicitudot?34b504c9abe9e0071b294bf019dc91f26e59212e09cd3164d12dddd7e4ffad5056d8bc9cde46e2305d10ac0bb459c0f2b24a26d2e9367de7f5d0c47d3b5e1041734cfacb5801314f674051b1b6f69729b003ef48a87706b0020f654498636c4e55914fd3bb94c813922b666d5250b1453c10565fd15a3b8b404c228839457497fdad5f2bf9c9c0081ee3db5b7c988867110a03ce61b79ff53b5919dbbc5366f869bdf84bc5a240bf979cc38b76a44c1ceb9702a31b9514e32ce85c093dd0ba37,gx-no-cache=1464034505878 HTTP/1.1" 200 30
186.103.159.182 - - [23/May/2016:17:14:46 -0300] "POST /cormun/servlet/solicitudot?c598ff6876e9cff5e3bf73a6846a3022,INS,0,0,,gx-no-cache=1464034505938 HTTP/1.1" 200 9649
186.103.159.182 - - [23/May/2016:17:14:56 -0300] "GET /cormun/servlet/solicitudot?34b504c9abe9e0071b294bf019dc91f288d0af718cfbd1a91fe61067b2e1fdcbd45fc52a7b769301c7d3c86204730ccd13635bd89618d52e87c4d13e322d0038e82e8c5ab479a3511fec77ed8a001d56e41ad815e6f0d764c59c8841ac36762ce4dd72cb8ef0a5da4b42cb3daf67f4f279baa7385970bf77b5e971de9812c67a9852b4637566de4f0e5d20689d1350a54e42425f23d43a3efac650e72ed77cc4,gx-no-cache=1464034516236 HTTP/1.1" 200 41
186.103.159.182 - - [23/May/2016:17:14:56 -0300] "GET /cormun/servlet/solicitudot?34b504c9abe9e0071b294bf019dc91f26e59212e09cd3164d12dddd7e4ffad5056d8bc9cde46e2305d10ac0bb459c0f2d5298272278083819bbeb41dbb02782b734cfacb5801314f674051b1b6f69729b003ef48a87706b0020f654498636c4e55914fd3bb94c813922b666d5250b1453c10565fd15a3b8b404c228839457497fdad5f2bf9c9c0081ee3db5b7c988867110a03ce61b79ff53b5919dbbc5366f869bdf84bc5a240bf979cc38b76a44c1ceb9702a31b9514e32ce85c093dd0ba37,gx-no-cache=1464034516318 HTTP/1.1" 200 30
186.103.159.182 - - [23/May/2016:17:14:56 -0300] "POST /cormun/servlet/solicitudot?c598ff6876e9cff5e3bf73a6846a3022,INS,0,0,,gx-no-cache=1464034516367 HTTP/1.1" 200 9710
186.103.159.182 - - [23/May/2016:17:15:08 -0300] "POST /cormun/servlet/solicitudot?gx-no-cache=1464034528245 HTTP/1.1" 200 122
186.103.159.182 - - [23/May/2016:17:15:08 -0300] "POST /cormun/servlet/solicitudot?gx-no-cache=1464034528429 HTTP/1.1" 200 1184
186.103.159.44 - - [23/May/2016:17:17:37 -0300] "GET /cormun/servlet/hlogin HTTP/1.1" 200 1717
186.103.159.44 - - [23/May/2016:17:17:37 -0300] "GET /cormun/static/Resources/Spanish/PXTools.css?005343 HTTP/1.1" 304 -
186.103.159.44 - - [23/May/2016:17:17:37 -0300] "GET /cormun/static/gxtimezone.js?85251 HTTP/1.1" 304 -
186.103.159.44 - - [23/May/2016:17:17:37 -0300] "GET /cormun/static/gxgral.js?85251 HTTP/1.1" 304 -
186.103.159.44 - - [23/May/2016:17:17:37 -0300] "GET /cormun/static/gxcfg.js?20151120045111 HTTP/1.1" 304 -
186.103.159.44 - - [23/May/2016:17:17:37 -0300] "GET /cormun/static/messages.spa.js?85251 HTTP/1.1" 304 -
186.103.159.44 - - [23/May/2016:17:17:37 -0300] "GET /cormun/static/hlogin.js?20151120045126 HTTP/1.1" 304 -
186.103.159.44 - - [23/May/2016:17:17:37 -0300] "GET /cormun/static/Resources/ComunLogin.png HTTP/1.1" 304 -
186.103.159.44 - - [23/May/2016:17:17:37 -0300] "GET /cormun/static/Resources/indicator.gif HTTP/1.1" 304 -
186.103.159.44 - - [23/May/2016:17:17:53 -0300] "POST /cormun/servlet/hlogin?67e05c80146c0aeaa5b24f5794c7b083,gx-no-cache=1464034690894 HTTP/1.1" 200 90
186.103.159.44 - - [23/May/2016:17:17:53 -0300] "GET /cormun/servlet/hpexe_link HTTP/1.1" 200 949
186.103.159.44 - - [23/May/2016:17:17:53 -0300] "GET /cormun/servlet/hhome HTTP/1.1" 200 3572
186.103.159.44 - - [23/May/2016:17:17:57 -0300] "GET /cormun/servlet/trsolicitudot? HTTP/1.1" 200 6490
186.103.159.44 - - [23/May/2016:17:18:02 -0300] "GET /cormun/servlet/solicitudot?INS,0,0, HTTP/1.1" 200 11705
186.103.159.44 - - [23/May/2016:17:18:15 -0300] "POST /cormun/servlet/solicitudot?gx-no-cache=1464034712510 HTTP/1.1" 200 2782
186.103.159.44 - - [23/May/2016:17:18:15 -0300] "POST /cormun/servlet/solicitudot?67e05c80146c0aeaa5b24f5794c7b083,INS,0,0,,gx-no-cache=1464034712911 HTTP/1.1" 200 8530
186.103.159.44 - - [23/May/2016:17:18:19 -0300] "GET /cormun/servlet/solicitudot?bc2bfed77feb4f479c94947d01e5eb201fd4fcb0accfe2763a69c4ed6cb17f34f41d3a4240e1332c66d62bdead9f01bf,gx-no-cache=1464034717449 HTTP/1.1" 200 30
186.103.159.44 - - [23/May/2016:17:18:20 -0300] "POST /cormun/servlet/solicitudot?gx-no-cache=1464034717524 HTTP/1.1" 200 30
186.103.159.44 - - [23/May/2016:17:18:22 -0300] "POST /cormun/servlet/solicitudot?gx-no-cache=1464034720040 HTTP/1.1" 200 30
186.103.159.44 - - [23/May/2016:17:19:06 -0300] "POST /cormun/servlet/solicitudot?gx-no-cache=1464034764086 HTTP/1.1" 200 1187
186.103.159.44 - - [23/May/2016:17:19:06 -0300] "GET /cormun/servlet/solicitudot?bc2bfed77feb4f479c94947d01e5eb2013642e0f93144f866e280c6c36d371c0d4da4f9c83f1ebd998acd49394ad25c79a69f0607e7a1152f0f9d71ea05e2c4e5d01121dbbe5a9b13c173763855c8f4dde09a92d1588907aab54c6ddeb885adf8c9cfcfab36123be40c3657de0940e410b8d3611edc111ebd66bf5fef3c7002ce8c5b8c093687a2a1e9a3006403e078e,gx-no-cache=1464034764406 HTTP/1.1" 200 38
186.103.159.44 - - [23/May/2016:17:19:21 -0300] "GET /cormun/servlet/solicitudot?bc2bfed77feb4f479c94947d01e5eb205b9f7f107595de71fcf75187f1eb185a414db9bfe5e82937d31929dc1cfe2aff983bcc81fba8160e05026a399e6fdefbb21085e932d6a73cd735ef56b24092085e1b9906cb3666e6151804f44822f638210ed5e7dc421f6675f2bef72bcd09626a955ac231255e3c48ac93012ac52681e2e003f6cb2e2299b3f2b09f6ff4e8121fdd025c24a2f1dc3e0f6d1dd0d154dd,gx-no-cache=1464034779374 HTTP/1.1" 200 29
186.103.159.44 - - [23/May/2016:17:19:22 -0300] "POST /cormun/servlet/solicitudot?gx-no-cache=1464034779525 HTTP/1.1" 200 1144
186.103.159.44 - - [23/May/2016:17:19:22 -0300] "GET /cormun/static/menuarrow.gif HTTP/1.1" 404 1015
186.103.159.44 - - [23/May/2016:17:19:36 -0300] "GET /cormun/servlet/solicitudot?bc2bfed77feb4f479c94947d01e5eb20365af783dc02462e6300572cc991ea5b457c5f3ef79d2a0d3ebb39cfbf69c99a66036ed45af720973b7f968e26831934f7e94dccc8eadc80c960d740bcb9e88bf716083f89d3d5d58f9e50cb0df5afbfe72dfddd98d8c4f150a09a50bd88b9042a89b63c669e3ee6e75b4d02496d3eaca01f292ffa68c35f7601508975ba53afc8509a52683efaf5d7322d92fb1345034646a40dfef343e81ec455c65c5a953d,gx-no-cache=1464034794200 HTTP/1.1" 200 30
186.103.159.44 - - [23/May/2016:17:20:03 -0300] "POST /cormun/servlet/solicitudot?67e05c80146c0aeaa5b24f5794c7b083,INS,0,0,,gx-no-cache=1464034820532 HTTP/1.1" 200 93
186.103.159.44 - - [23/May/2016:17:20:03 -0300] "GET /cormun/servlet/hpexe_return? HTTP/1.1" 200 1007
186.103.159.44 - - [23/May/2016:17:20:03 -0300] "GET /cormun/static/Resources/Spanish/PXTools.css?12112540 HTTP/1.1" 304 -
186.103.159.44 - - [23/May/2016:17:20:03 -0300] "GET /cormun/static/gxcfg.js?2015111312145050 HTTP/1.1" 304 -
186.103.159.44 - - [23/May/2016:17:20:04 -0300] "GET /cormun/static/hpexe_return.js?2015111312145056 HTTP/1.1" 304 -
186.103.159.44 - - [23/May/2016:17:20:04 -0300] "GET /cormun/servlet/trsolicitudot HTTP/1.1" 200 7793
186.103.159.44 - - [23/May/2016:17:20:10 -0300] "GET /cormun/servlet/solicitudot?INS,0,0, HTTP/1.1" 200 11705
186.103.159.182 - - [23/May/2016:17:20:20 -0300] "POST /cormun/servlet/solicitudot?gx-no-cache=1464034840575 HTTP/1.1" 200 122
186.103.159.182 - - [23/May/2016:17:20:27 -0300] "POST /cormun/servlet/solicitudot?gx-no-cache=1464034847181 HTTP/1.1" 200 1318
186.103.159.182 - - [23/May/2016:17:20:31 -0300] "POST /cormun/servlet/solicitudot?gx-no-cache=1464034851333 HTTP/1.1" 200 1184
186.103.159.182 - - [23/May/2016:17:20:49 -0300] "GET /cormun/servlet/solicitudot?34b504c9abe9e0071b294bf019dc91f288d0af718cfbd1a91fe61067b2e1fdcbd45fc52a7b769301c7d3c86204730ccd13635bd89618d52e87c4d13e322d0038e82e8c5ab479a3511fec77ed8a001d56e41ad815e6f0d764c59c8841ac36762ce4dd72cb8ef0a5da4b42cb3daf67f4f279baa7385970bf77b5e971de9812c67a9852b4637566de4f0e5d20689d1350a5237737cbafafba83a8f0351ded288f1b,gx-no-cache=1464034869215 HTTP/1.1" 200 41
186.103.159.182 - - [23/May/2016:17:20:49 -0300] "POST /cormun/servlet/solicitudot?gx-no-cache=1464034869280 HTTP/1.1" 200 1141
186.103.159.182 - - [23/May/2016:17:20:49 -0300] "GET /cormun/servlet/solicitudot?34b504c9abe9e0071b294bf019dc91f26e59212e09cd3164d12dddd7e4ffad5056d8bc9cde46e2305d10ac0bb459c0f2b24a26d2e9367de7f5d0c47d3b5e1041734cfacb5801314f674051b1b6f69729b003ef48a87706b0020f654498636c4e55914fd3bb94c813922b666d5250b1453c10565fd15a3b8b404c228839457497fdad5f2bf9c9c0081ee3db5b7c988867110a03ce61b79ff53b5919dbbc5366f869bdf84bc5a240bf979cc38b76a44c1ceb9702a31b9514e32ce85c093dd0ba37,gx-no-cache=1464034869432 HTTP/1.1" 200 30
186.103.159.182 - - [23/May/2016:17:20:50 -0300] "POST /cormun/servlet/solicitudot?c598ff6876e9cff5e3bf73a6846a3022,INS,0,0,,gx-no-cache=1464034869491 HTTP/1.1" 200 9755
186.103.159.44 - - [23/May/2016:17:20:54 -0300] "POST /cormun/servlet/solicitudot?gx-no-cache=1464034872271 HTTP/1.1" 200 2792
186.103.159.44 - - [23/May/2016:17:20:55 -0300] "POST /cormun/servlet/solicitudot?67e05c80146c0aeaa5b24f5794c7b083,INS,0,0,,gx-no-cache=1464034872639 HTTP/1.1" 200 8534
186.103.159.44 - - [23/May/2016:17:21:00 -0300] "GET /cormun/servlet/solicitudot?bc2bfed77feb4f479c94947d01e5eb20f89ac18c293c8b4c0f74379ab26ba5a6f41d3a4240e1332c66d62bdead9f01bf,gx-no-cache=1464034877997 HTTP/1.1" 200 30
186.103.159.44 - - [23/May/2016:17:21:00 -0300] "POST /cormun/servlet/solicitudot?gx-no-cache=1464034878085 HTTP/1.1" 200 30
186.103.159.44 - - [23/May/2016:17:21:02 -0300] "POST /cormun/servlet/solicitudot?gx-no-cache=1464034879710 HTTP/1.1" 200 30
186.103.159.44 - - [23/May/2016:17:21:25 -0300] "POST /cormun/servlet/solicitudot?gx-no-cache=1464034902879 HTTP/1.1" 200 1187
186.103.159.44 - - [23/May/2016:17:21:25 -0300] "GET /cormun/servlet/solicitudot?bc2bfed77feb4f479c94947d01e5eb2013642e0f93144f866e280c6c36d371c0d4da4f9c83f1ebd998acd49394ad25c79a69f0607e7a1152f0f9d71ea05e2c4e5d01121dbbe5a9b13c173763855c8f4dde09a92d1588907aab54c6ddeb885adf8c9cfcfab36123be40c3657de0940e410b8d3611edc111ebd66bf5fef3c7002ce8c5b8c093687a2a1e9a3006403e078e,gx-no-cache=1464034903167 HTTP/1.1" 200 38
186.103.159.44 - - [23/May/2016:17:22:01 -0300] "GET /cormun/servlet/solicitudot?bc2bfed77feb4f479c94947d01e5eb205b9f7f107595de71fcf75187f1eb185a414db9bfe5e82937d31929dc1cfe2aff983bcc81fba8160e05026a399e6fdefbb21085e932d6a73cd735ef56b24092085e1b9906cb3666e6151804f44822f638210ed5e7dc421f6675f2bef72bcd09626a955ac231255e3c48ac93012ac52681e2e003f6cb2e2299b3f2b09f6ff4e8121fdd025c24a2f1dc3e0f6d1dd0d154dd,gx-no-cache=1464034938800 HTTP/1.1" 200 29
186.103.159.44 - - [23/May/2016:17:22:01 -0300] "POST /cormun/servlet/solicitudot?gx-no-cache=1464034938871 HTTP/1.1" 200 1143
186.103.159.44 - - [23/May/2016:17:22:01 -0300] "GET /cormun/static/menuarrow.gif HTTP/1.1" 404 1015
186.103.159.44 - - [23/May/2016:17:22:13 -0300] "GET /cormun/servlet/solicitudot?bc2bfed77feb4f479c94947d01e5eb20bd035454befe98fa276850bc6725cafd90e672c942e6cf6f3494482e4341dcfd66036ed45af720973b7f968e26831934f7e94dccc8eadc80c960d740bcb9e88bf716083f89d3d5d58f9e50cb0df5afbfe72dfddd98d8c4f150a09a50bd88b9042a89b63c669e3ee6e75b4d02496d3eaca01f292ffa68c35f7601508975ba53afc8509a52683efaf5d7322d92fb134503552952e8f10caaf9a333f0ff6e349126,gx-no-cache=1464034951421 HTTP/1.1" 200 30
186.103.159.44 - - [23/May/2016:17:22:30 -0300] "POST /cormun/servlet/solicitudot?67e05c80146c0aeaa5b24f5794c7b083,INS,0,0,,gx-no-cache=1464034967742 HTTP/1.1" 200 93
186.103.159.44 - - [23/May/2016:17:22:30 -0300] "GET /cormun/servlet/hpexe_return? HTTP/1.1" 200 1007
186.103.159.44 - - [23/May/2016:17:22:31 -0300] "GET /cormun/servlet/trsolicitudot HTTP/1.1" 200 8147
186.103.159.44 - - [23/May/2016:17:22:48 -0300] "GET /cormun/servlet/solicitudot?INS,0,0, HTTP/1.1" 200 11705
186.103.159.44 - - [23/May/2016:17:23:00 -0300] "POST /cormun/servlet/solicitudot?gx-no-cache=1464034998097 HTTP/1.1" 200 2792
186.103.159.44 - - [23/May/2016:17:23:01 -0300] "POST /cormun/servlet/solicitudot?67e05c80146c0aeaa5b24f5794c7b083,INS,0,0,,gx-no-cache=1464034998433 HTTP/1.1" 200 8534
186.103.159.44 - - [23/May/2016:17:23:05 -0300] "GET /cormun/servlet/solicitudot?bc2bfed77feb4f479c94947d01e5eb20f89ac18c293c8b4c0f74379ab26ba5a6f41d3a4240e1332c66d62bdead9f01bf,gx-no-cache=1464035003454 HTTP/1.1" 200 30
186.103.159.44 - - [23/May/2016:17:23:06 -0300] "POST /cormun/servlet/solicitudot?gx-no-cache=1464035003522 HTTP/1.1" 200 30
186.103.159.44 - - [23/May/2016:17:23:09 -0300] "POST /cormun/servlet/solicitudot?gx-no-cache=1464035006725 HTTP/1.1" 200 30
186.103.159.44 - - [23/May/2016:17:23:47 -0300] "POST /cormun/servlet/solicitudot?gx-no-cache=1464035045246 HTTP/1.1" 200 1187
186.103.159.44 - - [23/May/2016:17:23:48 -0300] "GET /cormun/servlet/solicitudot?bc2bfed77feb4f479c94947d01e5eb2013642e0f93144f866e280c6c36d371c0d4da4f9c83f1ebd998acd49394ad25c79a69f0607e7a1152f0f9d71ea05e2c4e5d01121dbbe5a9b13c173763855c8f4dde09a92d1588907aab54c6ddeb885adf8c9cfcfab36123be40c3657de0940e410b8d3611edc111ebd66bf5fef3c7002ce8c5b8c093687a2a1e9a3006403e078e,gx-no-cache=1464035045539 HTTP/1.1" 200 38
186.103.159.44 - - [23/May/2016:17:24:25 -0300] "GET /cormun/servlet/solicitudot?bc2bfed77feb4f479c94947d01e5eb205b9f7f107595de71fcf75187f1eb185a414db9bfe5e82937d31929dc1cfe2aff983bcc81fba8160e05026a399e6fdefbb21085e932d6a73cd735ef56b24092085e1b9906cb3666e6151804f44822f638210ed5e7dc421f6675f2bef72bcd09626a955ac231255e3c48ac93012ac52681e2e003f6cb2e2299b3f2b09f6ff4e8121fdd025c24a2f1dc3e0f6d1dd0d154dd,gx-no-cache=1464035082593 HTTP/1.1" 200 29
186.103.159.44 - - [23/May/2016:17:24:25 -0300] "POST /cormun/servlet/solicitudot?gx-no-cache=1464035082751 HTTP/1.1" 200 1143
186.103.159.44 - - [23/May/2016:17:24:25 -0300] "GET /cormun/static/menuarrow.gif HTTP/1.1" 404 1015
186.103.159.182 - - [23/May/2016:17:24:37 -0300] "POST /cormun/servlet/solicitudot?c598ff6876e9cff5e3bf73a6846a3022,INS,0,0,,gx-no-cache=1464035096811 HTTP/1.1" 200 93
186.103.159.182 - - [23/May/2016:17:24:37 -0300] "GET /cormun/servlet/hpexe_return? HTTP/1.1" 200 1031
