186.103.159.46 - - [23/May/2016:15:38:09 -0300] "GET /cormun/servlet/solicitudot?20ea5d6d81e48518c9a02bea1cae6c50c349a2c4eb5b7a8259c96b79a1e9e83019e643db1766cfd7c33695c33c4c3305671f93ca065a38a89c71342b8ce2cd3d43d7c298cab09a12c0f4c287532efbb78bdbe62404ed530d5286e63b0a2fb59813273813a060fed351cab9c45645dc0d5fb2e11c8fc0fedc69e3a4830c2870c01d4bc5f0a878445cfa9529bb707d6cd4ceeca8685a2ec646e663c093c02d4e9893fad355de459c55678d89c71858824ca1fee766a123f407046668704e4eb910,gx-no-cache=1464028707728 HTTP/1.1" 200 30
186.103.159.46 - - [23/May/2016:15:38:10 -0300] "POST /cormun/servlet/solicitudot?49c4f0608bce54fb596e7a7710a9b34f,INS,0,0,,gx-no-cache=1464028707829 HTTP/1.1" 200 10028
186.103.159.46 - - [23/May/2016:15:39:13 -0300] "GET /cormun/servlet/solicitudot?20ea5d6d81e48518c9a02bea1cae6c50e8a2484af26fe05c80b000079a73b3ea6e3677dd934fd435699f25c76bb5858c1c200757aeeb227ab35c12278a46ff5ca8170f422d2fb0a082692d5353779d4a7c28045deb248fc45fcdb6775498356b8be60ffb1ec4dc83e0e247cf2353b2afad797fc969b79b7cf2d016e48fdcfb0f71d03d698a5cc72b570a29c5ff44bab35933ed82d3b686d8841e115555d2a7c1,gx-no-cache=1464028771692 HTTP/1.1" 200 41
186.103.159.46 - - [23/May/2016:15:39:21 -0300] "GET /cormun/servlet/solicitudot?20ea5d6d81e48518c9a02bea1cae6c50c349a2c4eb5b7a8259c96b79a1e9e830fced4219c7c7dfd338483fd9349af7dd671f93ca065a38a89c71342b8ce2cd3d43d7c298cab09a12c0f4c287532efbb78bdbe62404ed530d5286e63b0a2fb59813273813a060fed351cab9c45645dc0d5fb2e11c8fc0fedc69e3a4830c2870c01d4bc5f0a878445cfa9529bb707d6cd4ceeca8685a2ec646e663c093c02d4e9893fad355de459c55678d89c71858824ca1fee766a123f407046668704e4eb910,gx-no-cache=1464028779723 HTTP/1.1" 200 30
186.103.159.46 - - [23/May/2016:15:39:21 -0300] "POST /cormun/servlet/solicitudot?49c4f0608bce54fb596e7a7710a9b34f,INS,0,0,,gx-no-cache=1464028779788 HTTP/1.1" 200 10062
186.103.159.46 - - [23/May/2016:15:40:26 -0300] "GET /cormun/servlet/trsolicitudot? HTTP/1.1" 200 6503
186.103.159.46 - - [23/May/2016:15:40:29 -0300] "GET /cormun/servlet/trsolicitudot? HTTP/1.1" 200 6502
186.103.159.46 - - [23/May/2016:15:40:55 -0300] "GET /cormun/servlet/trlicencias? HTTP/1.1" 200 6364
186.103.159.46 - - [23/May/2016:15:40:56 -0300] "GET /cormun/static/gxui/gxui-all.css?110300 HTTP/1.1" 200 2179
186.103.159.46 - - [23/May/2016:15:40:56 -0300] "GET /cormun/static/Resources/Spanish/PXTools.css?19284387 HTTP/1.1" 200 89042
186.103.159.46 - - [23/May/2016:15:40:56 -0300] "GET /cormun/static/gxcfg.js?2016591254526 HTTP/1.1" 200 953
186.103.159.46 - - [23/May/2016:15:40:56 -0300] "GET /cormun/static/trlicencias.js?2016591254105 HTTP/1.1" 200 34282
186.103.159.46 - - [23/May/2016:15:40:56 -0300] "GET /cormun/static/Shared/ext/resources/css/ext-all.css?205870 HTTP/1.1" 200 416045
186.103.159.46 - - [23/May/2016:15:40:58 -0300] "GET /cormun/servlet/trlicencias? HTTP/1.1" 200 6363
186.103.159.46 - - [23/May/2016:15:41:00 -0300] "POST /cormun/servlet/acontrolpreferencessavestate?None,CA-JAR,true HTTP/1.1" 200 35
186.103.157.39 - - [23/May/2016:15:41:44 -0300] "POST /cormun/servlet/solicitudot?gx-no-cache=1464028921372 HTTP/1.1" 200 1187
186.103.157.39 - - [23/May/2016:15:41:44 -0300] "GET /cormun/servlet/solicitudot?b189bfb9075c7fc49020e6d1569bf45d1ec87e3b7ca6dacc7b24106f1addff2d2ad2d48175537b4f40dad791e0c8e60fe8e45a29081e0f31e996bd42dde9ba330dd559f1a4c92c69ea6533e79e3a2a420030042cb35cf96c240cabad16778c64f854cba6542e2225b885d69c16d92f920b9a34a20de8161db03b8bcd1bfd06a1838281c35d1e8a8e21093e47b872b193,gx-no-cache=1464028921916 HTTP/1.1" 200 38
186.103.157.39 - - [23/May/2016:15:41:44 -0300] "GET /cormun/servlet/solicitudot?b189bfb9075c7fc49020e6d1569bf45d2a051efe5b9f2e9c51b2590770d115982e7eeeac03b01ceafda242505479d0b43eec7f84a2a61f801ed270c5d2d1b9e3d846dba6ab6a7dd1f6e1997ea5312cd8b730f4c197d4fc4ae6444265b783a4b0a38d6eb0dce9e2b98c8e933715c80f0087d970f41c2e7ede1698db0013f58f83a58273eae433d7ff37e736df9b2ee6ed74a1f50f8829b4514a51e85567f49acbadd81e33744448b4f255a584d9c16c7086914c59fdb642bae92052a0ded01fa481ba23a7cdbd65cc1cde1573ec720dd5,gx-no-cache=1464028921973 HTTP/1.1" 200 29
186.103.157.39 - - [23/May/2016:15:41:44 -0300] "POST /cormun/servlet/solicitudot?gx-no-cache=1464028922024 HTTP/1.1" 200 1144
186.103.157.39 - - [23/May/2016:15:41:46 -0300] "GET /cormun/static/menuarrow.gif HTTP/1.1" 404 1015
186.103.159.46 - - [23/May/2016:15:41:53 -0300] "GET /cormun/static/menuarrow.gif HTTP/1.1" 404 1015
186.103.159.46 - - [23/May/2016:15:42:45 -0300] "POST /cormun/servlet/trlicencias?49c4f0608bce54fb596e7a7710a9b34f,,gx-no-cache=1464028979117 HTTP/1.1" 200 3728
186.103.157.39 - - [23/May/2016:15:42:47 -0300] "GET /cormun/servlet/solicitudot?b189bfb9075c7fc49020e6d1569bf45dca4406f70575ee00c22453ec99e4d2c81d518ca5471c03a19383dda0041aadeea6880aeef6f9771ee9fefec141c4532789591046a2051d6da77099c7799152abca7a5dc753cd30eaaebf4bbd61115d75387facde38ff0b3e9f57f0e66582de9b6873547fd60e78e550908c1f0c00fbb761560d945f2ac0a46a18d3d322e7cc1778d474157a127b3a62f2efa347d08f0d12651c62f094d1309583eef29dda343b,gx-no-cache=1464028983756 HTTP/1.1" 200 30
186.103.159.46 - - [23/May/2016:15:43:08 -0300] "POST /cormun/servlet/trlicencias?49c4f0608bce54fb596e7a7710a9b34f,,gx-no-cache=1464029006187 HTTP/1.1" 200 3727
186.103.159.46 - - [23/May/2016:15:43:20 -0300] "GET /cormun/Manuales/ManualSolicitud.pdf HTTP/1.1" 200 850295
186.103.157.39 - - [23/May/2016:15:44:04 -0300] "POST /cormun/servlet/solicitudot?daef878b891dead0a73ed30418a32890,INS,0,0,,gx-no-cache=1464029061808 HTTP/1.1" 200 93
186.103.157.39 - - [23/May/2016:15:44:04 -0300] "GET /cormun/servlet/hpexe_return? HTTP/1.1" 200 1008
186.103.157.39 - - [23/May/2016:15:44:05 -0300] "GET /cormun/static/gxcfg.js?2015111312145050 HTTP/1.1" 304 -
186.103.157.39 - - [23/May/2016:15:44:05 -0300] "GET /cormun/servlet/trsolicitudot HTTP/1.1" 200 6483
186.103.157.39 - - [23/May/2016:15:44:09 -0300] "GET /cormun/servlet/trsolicitudot HTTP/1.1" 200 6479
186.103.157.246 - - [23/May/2016:15:44:27 -0300] "GET /cormun/servlet/hhome HTTP/1.1" 200 3576
186.103.157.246 - - [23/May/2016:15:44:31 -0300] "GET /cormun/servlet/hpexe_link HTTP/1.1" 200 933
186.103.157.246 - - [23/May/2016:15:44:32 -0300] "GET /cormun/servlet/hhome HTTP/1.1" 200 3577
186.103.157.246 - - [23/May/2016:15:44:36 -0300] "GET /cormun/servlet/hpexe_link HTTP/1.1" 200 933
186.103.157.246 - - [23/May/2016:15:44:37 -0300] "GET /cormun/servlet/hhome HTTP/1.1" 200 3577
186.103.157.246 - - [23/May/2016:15:44:56 -0300] "GET /cormun/servlet/hpexe_link HTTP/1.1" 200 933
186.103.157.246 - - [23/May/2016:15:44:58 -0300] "GET /cormun/servlet/hhome HTTP/1.1" 200 3577
186.103.157.246 - - [23/May/2016:15:45:01 -0300] "GET /cormun/servlet/hpexe_link HTTP/1.1" 200 933
186.103.157.246 - - [23/May/2016:15:45:02 -0300] "GET /cormun/servlet/hhome HTTP/1.1" 200 3577
186.103.159.46 - - [23/May/2016:15:46:31 -0300] "GET /cormun/servlet/hhome HTTP/1.1" 200 3542
186.103.159.46 - - [23/May/2016:15:46:35 -0300] "GET /cormun/servlet/hhome HTTP/1.1" 200 3549
186.103.159.46 - - [23/May/2016:15:46:54 -0300] "GET /cormun/servlet/trcontratoobservacion? HTTP/1.1" 200 6393
186.103.159.46 - - [23/May/2016:15:46:54 -0300] "GET /cormun/static/gxcfg.js?20164513505065 HTTP/1.1" 200 953
186.103.159.46 - - [23/May/2016:15:46:54 -0300] "GET /cormun/static/trcontratoobservacion.js?20164513505425 HTTP/1.1" 200 25085
186.103.159.46 - - [23/May/2016:15:46:58 -0300] "GET /cormun/servlet/trcontratoobservacion? HTTP/1.1" 200 6393
186.103.159.46 - - [23/May/2016:15:48:47 -0300] "GET /cormun/servlet/trvisualizadoreventos? HTTP/1.1" 200 6278
186.103.159.46 - - [23/May/2016:15:48:50 -0300] "GET /cormun/servlet/trvisualizadoreventos? HTTP/1.1" 200 6277
186.103.159.46 - - [23/May/2016:15:50:08 -0300] "GET /cormun/static/menuarrow.gif HTTP/1.1" 404 1015
186.103.159.46 - - [23/May/2016:15:51:00 -0300] "POST /cormun/servlet/trvisualizadoreventos?49c4f0608bce54fb596e7a7710a9b34f,,gx-no-cache=1464029478354 HTTP/1.1" 200 3571
186.103.159.46 - - [23/May/2016:15:51:13 -0300] "POST /cormun/servlet/trvisualizadoreventos?49c4f0608bce54fb596e7a7710a9b34f,,gx-no-cache=1464029491217 HTTP/1.1" 200 3907
186.103.159.46 - - [23/May/2016:15:51:20 -0300] "POST /cormun/servlet/trvisualizadoreventos?49c4f0608bce54fb596e7a7710a9b34f,,gx-no-cache=1464029498483 HTTP/1.1" 200 3909
186.103.157.39 - - [23/May/2016:15:51:22 -0300] "GET /cormun/servlet/solicitudot?INS,0,0, HTTP/1.1" 200 11682
186.103.157.39 - - [23/May/2016:15:51:25 -0300] "GET /cormun/servlet/solicitudot?INS,0,0, HTTP/1.1" 200 11687
186.103.159.46 - - [23/May/2016:15:51:36 -0300] "POST /cormun/servlet/trvisualizadoreventos?49c4f0608bce54fb596e7a7710a9b34f,,gx-no-cache=1464029514233 HTTP/1.1" 200 3899
186.103.157.39 - - [23/May/2016:15:51:38 -0300] "POST /cormun/servlet/solicitudot?gx-no-cache=1464029515909 HTTP/1.1" 200 2799
186.103.157.39 - - [23/May/2016:15:51:39 -0300] "POST /cormun/servlet/solicitudot?daef878b891dead0a73ed30418a32890,INS,0,0,,gx-no-cache=1464029516336 HTTP/1.1" 200 8551
186.103.157.39 - - [23/May/2016:15:51:43 -0300] "GET /cormun/servlet/solicitudot?b189bfb9075c7fc49020e6d1569bf45d5431f40c2881d3b268fa1263cfa1703b12651c62f094d1309583eef29dda343b,gx-no-cache=1464029521443 HTTP/1.1" 200 30
186.103.157.39 - - [23/May/2016:15:51:44 -0300] "POST /cormun/servlet/solicitudot?gx-no-cache=1464029521603 HTTP/1.1" 200 30
186.103.159.46 - - [23/May/2016:15:51:50 -0300] "GET /cormun/Manuales/ManualContratos.pdf HTTP/1.1" 200 629147
186.103.157.39 - - [23/May/2016:15:51:53 -0300] "POST /cormun/servlet/solicitudot?gx-no-cache=1464029531164 HTTP/1.1" 200 30
186.103.157.39 - - [23/May/2016:15:52:04 -0300] "POST /cormun/servlet/solicitudot?gx-no-cache=1464029541033 HTTP/1.1" 200 1187
186.103.157.39 - - [23/May/2016:15:52:04 -0300] "GET /cormun/servlet/solicitudot?b189bfb9075c7fc49020e6d1569bf45d1ec87e3b7ca6dacc7b24106f1addff2d2ad2d48175537b4f40dad791e0c8e60fe8e45a29081e0f31e996bd42dde9ba330dd559f1a4c92c69ea6533e79e3a2a420030042cb35cf96c240cabad16778c64f854cba6542e2225b885d69c16d92f920b9a34a20de8161db03b8bcd1bfd06a1838281c35d1e8a8e21093e47b872b193,gx-no-cache=1464029541899 HTTP/1.1" 200 38
186.103.157.39 - - [23/May/2016:15:52:04 -0300] "GET /cormun/servlet/solicitudot?b189bfb9075c7fc49020e6d1569bf45d2a051efe5b9f2e9c51b2590770d115982e7eeeac03b01ceafda242505479d0b43eec7f84a2a61f801ed270c5d2d1b9e3d846dba6ab6a7dd1f6e1997ea5312cd8b730f4c197d4fc4ae6444265b783a4b0a38d6eb0dce9e2b98c8e933715c80f0087d970f41c2e7ede1698db0013f58f83a58273eae433d7ff37e736df9b2ee6ed74a1f50f8829b4514a51e85567f49acbadd81e33744448b4f255a584d9c16c7086914c59fdb642bae92052a0ded01fa481ba23a7cdbd65cc1cde1573ec720dd5,gx-no-cache=1464029542040 HTTP/1.1" 200 29
186.103.157.39 - - [23/May/2016:15:52:04 -0300] "POST /cormun/servlet/solicitudot?gx-no-cache=1464029542114 HTTP/1.1" 200 1144
186.103.157.39 - - [23/May/2016:15:52:04 -0300] "GET /cormun/servlet/solicitudot?b189bfb9075c7fc49020e6d1569bf45dca4406f70575ee00c22453ec99e4d2c8ce747ba60525733aaeb37a0f885bd84816076b28e0d4057dc116b1ca3daa803ee7d19851d3f058681e93d5dcd1fe284b3447dc275467e61c0f9250e1a6221a12368b43639dca5efad3a5f3215a47ab44d1200195000bbf6f9dbb5dc2d5f0d4a3eeb5e30ade89a58087f3547114e541b56255c1e5269cdd49a155a86dc27ed7c1,gx-no-cache=1464029542312 HTTP/1.1" 200 30
186.103.157.39 - - [23/May/2016:15:52:05 -0300] "POST /cormun/servlet/solicitudot?daef878b891dead0a73ed30418a32890,INS,0,0,,gx-no-cache=1464029542509 HTTP/1.1" 200 93
186.103.157.39 - - [23/May/2016:15:52:05 -0300] "GET /cormun/servlet/hpexe_return? HTTP/1.1" 200 1008
186.103.157.39 - - [23/May/2016:15:52:06 -0300] "GET /cormun/servlet/trsolicitudot HTTP/1.1" 200 7777
186.103.157.39 - - [23/May/2016:15:52:08 -0300] "GET /cormun/servlet/trsolicitudot HTTP/1.1" 200 7773
186.103.157.39 - - [23/May/2016:15:52:40 -0300] "POST /cormun/servlet/trsolicitudot?daef878b891dead0a73ed30418a32890,gx-no-cache=1464029578311 HTTP/1.1" 200 105
186.103.157.39 - - [23/May/2016:15:52:41 -0300] "GET /cormun/servlet/solicitudot?UPD,2016,1846, HTTP/1.1" 200 12923
186.103.157.39 - - [23/May/2016:15:52:44 -0300] "GET /cormun/servlet/solicitudot?UPD,2016,1846, HTTP/1.1" 200 12932
186.103.157.39 - - [23/May/2016:15:52:45 -0300] "POST /cormun/servlet/solicitudot?gx-no-cache=1464029582604 HTTP/1.1" 200 2799
186.103.157.39 - - [23/May/2016:15:52:45 -0300] "POST /cormun/servlet/solicitudot?daef878b891dead0a73ed30418a32890,UPD,2016,1846,,gx-no-cache=1464029582949 HTTP/1.1" 200 9227
186.103.157.39 - - [23/May/2016:15:52:46 -0300] "GET /cormun/servlet/solicitudot?b189bfb9075c7fc49020e6d1569bf45d5431f40c2881d3b268fa1263cfa1703bb388d50d2e5827d2bb2fcb32e0e5df74,gx-no-cache=1464029583750 HTTP/1.1" 200 30
186.103.157.39 - - [23/May/2016:15:52:46 -0300] "POST /cormun/servlet/solicitudot?gx-no-cache=1464029583865 HTTP/1.1" 200 30
186.103.157.39 - - [23/May/2016:15:52:46 -0300] "POST /cormun/servlet/solicitudot?gx-no-cache=1464029583916 HTTP/1.1" 200 30
186.103.157.39 - - [23/May/2016:15:52:46 -0300] "POST /cormun/servlet/solicitudot?gx-no-cache=1464029583997 HTTP/1.1" 200 1187
186.103.157.39 - - [23/May/2016:15:52:46 -0300] "GET /cormun/servlet/solicitudot?b189bfb9075c7fc49020e6d1569bf45d1ec87e3b7ca6dacc7b24106f1addff2d2ad2d48175537b4f40dad791e0c8e60fe8e45a29081e0f31e996bd42dde9ba330dd559f1a4c92c69ea6533e79e3a2a420030042cb35cf96c240cabad16778c64f854cba6542e2225b885d69c16d92f920b9a34a20de8161db03b8bcd1bfd06a1838281c35d1e8a8e21093e47b872b193,gx-no-cache=1464029584138 HTTP/1.1" 200 38
186.103.157.39 - - [23/May/2016:15:53:16 -0300] "GET /cormun/servlet/solicitudot?b189bfb9075c7fc49020e6d1569bf45d60a32dcabdb1647ac3f7e23c550cf8f06aebe8f6e0de9d81ebce3da4293577c63b2a5d345c98d6e9b88c50ddd6c44bf37b4a8aaa2bb3cc7ac5eb8f1d8a1141da58579370d5d613b483eced40044d654683fcb5bcf513659fbda1857651a898f933cff72759945a8782d91daae3a6f9d3b730f4c197d4fc4ae6444265b783a4b02e190b4a4559a939d8d60ac24ae7d8e421873a79faa0f81018ddfd9712e41f5505c1e049e3cb44eb4c218b39606f27023192ca3574580c71a24a7a5a274f6eb8,gx-no-cache=1464029613421 HTTP/1.1" 200 29
186.103.157.39 - - [23/May/2016:15:53:16 -0300] "POST /cormun/servlet/solicitudot?gx-no-cache=1464029613839 HTTP/1.1" 200 1144
186.103.157.39 - - [23/May/2016:15:53:16 -0300] "GET /cormun/servlet/solicitudot?b189bfb9075c7fc49020e6d1569bf45dca4406f70575ee00c22453ec99e4d2c8ce747ba60525733aaeb37a0f885bd84816076b28e0d4057dc116b1ca3daa803ee7d19851d3f058681e93d5dcd1fe284b3447dc275467e61c0f9250e1a6221a12368b43639dca5efad3a5f3215a47ab44d1200195000bbf6f9dbb5dc2d5f0d4a3eeb5e30ade89a58087f3547114e541b56255c1e5269cdd49a155a86dc27ed7c1,gx-no-cache=1464029614079 HTTP/1.1" 200 30
186.103.157.39 - - [23/May/2016:15:53:18 -0300] "POST /cormun/servlet/solicitudot?daef878b891dead0a73ed30418a32890,UPD,2016,1846,,gx-no-cache=1464029614760 HTTP/1.1" 200 93
186.103.157.39 - - [23/May/2016:15:53:18 -0300] "GET /cormun/servlet/hpexe_return? HTTP/1.1" 200 1015
186.103.157.39 - - [23/May/2016:15:53:19 -0300] "GET /cormun/servlet/trsolicitudot HTTP/1.1" 200 7779
186.103.157.39 - - [23/May/2016:15:53:21 -0300] "GET /cormun/servlet/trsolicitudot HTTP/1.1" 200 7775
115.231.222.40 - - [23/May/2016:15:54:22 -0300] "GET /cgi-bin/common/attr?id=260714&r=0.4511880576494243 HTTP/1.1" 404 999
186.103.157.39 - - [23/May/2016:15:54:54 -0300] "POST /cormun/servlet/trsolicitudot?daef878b891dead0a73ed30418a32890,gx-no-cache=1464029711180 HTTP/1.1" 200 105
186.103.157.39 - - [23/May/2016:15:54:54 -0300] "GET /cormun/servlet/solicitudot?UPD,2016,1846, HTTP/1.1" 200 12927
186.103.157.39 - - [23/May/2016:15:54:57 -0300] "GET /cormun/servlet/solicitudot?UPD,2016,1846, HTTP/1.1" 200 12936
186.103.157.39 - - [23/May/2016:15:54:58 -0300] "POST /cormun/servlet/solicitudot?gx-no-cache=1464029715692 HTTP/1.1" 200 2799
186.103.157.39 - - [23/May/2016:15:54:59 -0300] "POST /cormun/servlet/solicitudot?daef878b891dead0a73ed30418a32890,UPD,2016,1846,,gx-no-cache=1464029716031 HTTP/1.1" 200 9230
186.103.157.39 - - [23/May/2016:15:54:59 -0300] "GET /cormun/servlet/solicitudot?b189bfb9075c7fc49020e6d1569bf45d5431f40c2881d3b268fa1263cfa1703bb388d50d2e5827d2bb2fcb32e0e5df74,gx-no-cache=1464029716791 HTTP/1.1" 200 30
186.103.157.39 - - [23/May/2016:15:54:59 -0300] "POST /cormun/servlet/solicitudot?gx-no-cache=1464029716874 HTTP/1.1" 200 30
186.103.157.39 - - [23/May/2016:15:54:59 -0300] "POST /cormun/servlet/solicitudot?gx-no-cache=1464029716908 HTTP/1.1" 200 30
186.103.157.39 - - [23/May/2016:15:54:59 -0300] "POST /cormun/servlet/solicitudot?gx-no-cache=1464029716982 HTTP/1.1" 200 1187
186.103.157.39 - - [23/May/2016:15:54:59 -0300] "GET /cormun/servlet/solicitudot?b189bfb9075c7fc49020e6d1569bf45d1ec87e3b7ca6dacc7b24106f1addff2d2ad2d48175537b4f40dad791e0c8e60fe8e45a29081e0f31e996bd42dde9ba330dd559f1a4c92c69ea6533e79e3a2a420030042cb35cf96c240cabad16778c64f854cba6542e2225b885d69c16d92f920b9a34a20de8161db03b8bcd1bfd06a1838281c35d1e8a8e21093e47b872b193,gx-no-cache=1464029717099 HTTP/1.1" 200 38
186.103.157.39 - - [23/May/2016:15:55:03 -0300] "GET /cormun/servlet/solicitudot?b189bfb9075c7fc49020e6d1569bf45d60a32dcabdb1647ac3f7e23c550cf8f06aebe8f6e0de9d81ebce3da4293577c63b2a5d345c98d6e9b88c50ddd6c44bf37b4a8aaa2bb3cc7ac5eb8f1d8a1141da58579370d5d613b483eced40044d654683fcb5bcf513659fbda1857651a898f933cff72759945a8782d91daae3a6f9d3b730f4c197d4fc4ae6444265b783a4b02e190b4a4559a939d8d60ac24ae7d8e421873a79faa0f81018ddfd9712e41f5505c1e049e3cb44eb4c218b39606f27023192ca3574580c71a24a7a5a274f6eb8,gx-no-cache=1464029720614 HTTP/1.1" 200 29
186.103.157.39 - - [23/May/2016:15:55:03 -0300] "POST /cormun/servlet/solicitudot?gx-no-cache=1464029720677 HTTP/1.1" 200 1144
186.103.157.39 - - [23/May/2016:15:55:03 -0300] "GET /cormun/static/menuarrow.gif HTTP/1.1" 404 1015
186.103.157.39 - - [23/May/2016:15:56:11 -0300] "GET /cormun/servlet/solicitudot?b189bfb9075c7fc49020e6d1569bf45dca4406f70575ee00c22453ec99e4d2c8939d817f6f1ed1470125b3a0d5309d183f578498ca71dc0d31f5fb62e520b359c7ed37a63ae640778045b9573ad93d0bf125d5476d051e80ed538a212f92d802e6d6adcebd3f4945ca7e6fd29da0671250f276617271d1d6483c5b638d8f2c367f168868a6f5b4684a6cd50a04ad20d997631558214e1ee0a3145a210a96ca38fa8032dc3f101d6ab9aa77b6d540589a,gx-no-cache=1464029789014 HTTP/1.1" 200 30
186.103.157.39 - - [23/May/2016:15:56:11 -0300] "POST /cormun/servlet/solicitudot?daef878b891dead0a73ed30418a32890,UPD,2016,1846,,gx-no-cache=1464029789132 HTTP/1.1" 200 93
186.103.157.39 - - [23/May/2016:15:56:12 -0300] "GET /cormun/servlet/hpexe_return? HTTP/1.1" 200 1015
186.103.157.39 - - [23/May/2016:15:56:13 -0300] "GET /cormun/servlet/trsolicitudot HTTP/1.1" 200 7798
186.103.157.39 - - [23/May/2016:15:56:15 -0300] "GET /cormun/servlet/trsolicitudot HTTP/1.1" 200 7794
186.103.157.39 - - [23/May/2016:15:56:23 -0300] "POST /cormun/servlet/trsolicitudot?daef878b891dead0a73ed30418a32890,gx-no-cache=1464029800951 HTTP/1.1" 200 3862
186.103.157.39 - - [23/May/2016:15:56:23 -0300] "GET /cormun/static/Shared/jqueryui/images/ui-bg_highlight-soft_100_c6c2c8_1x100.png HTTP/1.1" 404 1117
186.103.157.39 - - [23/May/2016:15:56:24 -0300] "GET /cormun/static/Shared/jqueryui/images/ui-icons_82798d_256x240.png HTTP/1.1" 404 1089
186.103.157.39 - - [23/May/2016:15:56:24 -0300] "GET /cormun/static/Shared/jqueryui/images/ui-bg_flat_55_fafafa_40x100.png HTTP/1.1" 404 1097
186.103.157.39 - - [23/May/2016:15:56:24 -0300] "GET /cormun/static/Shared/jqueryui/images/ui-icons_8d78a5_256x240.png HTTP/1.1" 404 1089
186.103.157.39 - - [23/May/2016:15:56:24 -0300] "POST /cormun/servlet/trsolicitudot?daef878b891dead0a73ed30418a32890,gx-no-cache=1464029801948 HTTP/1.1" 200 3699
186.103.157.39 - - [23/May/2016:15:56:53 -0300] "GET /cormun/servlet/trsolicitudot? HTTP/1.1" 200 6479
186.103.157.39 - - [23/May/2016:15:56:56 -0300] "GET /cormun/servlet/trsolicitudot? HTTP/1.1" 200 6479
186.103.157.39 - - [23/May/2016:15:57:02 -0300] "GET /cormun/servlet/solicitudot?INS,0,0, HTTP/1.1" 200 11683
186.103.157.39 - - [23/May/2016:15:57:04 -0300] "GET /cormun/servlet/solicitudot?INS,0,0, HTTP/1.1" 200 11688
186.103.157.39 - - [23/May/2016:15:57:18 -0300] "POST /cormun/servlet/solicitudot?gx-no-cache=1464029856149 HTTP/1.1" 200 2799
186.103.157.39 - - [23/May/2016:15:57:19 -0300] "POST /cormun/servlet/solicitudot?daef878b891dead0a73ed30418a32890,INS,0,0,,gx-no-cache=1464029856483 HTTP/1.1" 200 8551
186.103.157.39 - - [23/May/2016:15:57:24 -0300] "GET /cormun/servlet/solicitudot?b189bfb9075c7fc49020e6d1569bf45d5431f40c2881d3b268fa1263cfa1703b12651c62f094d1309583eef29dda343b,gx-no-cache=1464029862111 HTTP/1.1" 200 30
186.103.157.39 - - [23/May/2016:15:57:24 -0300] "POST /cormun/servlet/solicitudot?gx-no-cache=1464029862183 HTTP/1.1" 200 30
186.103.157.39 - - [23/May/2016:15:57:27 -0300] "POST /cormun/servlet/solicitudot?gx-no-cache=1464029864829 HTTP/1.1" 200 30
186.103.157.39 - - [23/May/2016:15:57:29 -0300] "POST /cormun/servlet/solicitudot?gx-no-cache=1464029867004 HTTP/1.1" 200 1187
186.103.157.39 - - [23/May/2016:15:57:29 -0300] "GET /cormun/servlet/solicitudot?b189bfb9075c7fc49020e6d1569bf45d1ec87e3b7ca6dacc7b24106f1addff2d2ad2d48175537b4f40dad791e0c8e60fe8e45a29081e0f31e996bd42dde9ba330dd559f1a4c92c69ea6533e79e3a2a420030042cb35cf96c240cabad16778c64f854cba6542e2225b885d69c16d92f920b9a34a20de8161db03b8bcd1bfd06a1838281c35d1e8a8e21093e47b872b193,gx-no-cache=1464029867206 HTTP/1.1" 200 38
186.103.157.39 - - [23/May/2016:15:57:33 -0300] "GET /cormun/servlet/solicitudot?b189bfb9075c7fc49020e6d1569bf45d2a051efe5b9f2e9c51b2590770d115982e7eeeac03b01ceafda242505479d0b43eec7f84a2a61f801ed270c5d2d1b9e3d846dba6ab6a7dd1f6e1997ea5312cd8b730f4c197d4fc4ae6444265b783a4b0a38d6eb0dce9e2b98c8e933715c80f0087d970f41c2e7ede1698db0013f58f83a58273eae433d7ff37e736df9b2ee6ed74a1f50f8829b4514a51e85567f49acbadd81e33744448b4f255a584d9c16c7086914c59fdb642bae92052a0ded01fa481ba23a7cdbd65cc1cde1573ec720dd5,gx-no-cache=1464029871453 HTTP/1.1" 200 29
186.103.157.39 - - [23/May/2016:15:57:34 -0300] "POST /cormun/servlet/solicitudot?gx-no-cache=1464029871496 HTTP/1.1" 200 1144
186.103.157.39 - - [23/May/2016:15:57:34 -0300] "GET /cormun/static/menuarrow.gif HTTP/1.1" 404 1015
186.103.159.46 - - [23/May/2016:15:57:54 -0300] "GET /cormun/servlet/hhome HTTP/1.1" 200 3542
186.103.157.39 - - [23/May/2016:15:57:54 -0300] "GET /cormun/servlet/solicitudot?b189bfb9075c7fc49020e6d1569bf45dca4406f70575ee00c22453ec99e4d2c8939d817f6f1ed1470125b3a0d5309d183f578498ca71dc0d31f5fb62e520b359c7ed37a63ae640778045b9573ad93d0bf125d5476d051e80ed538a212f92d802e6d6adcebd3f4945ca7e6fd29da0671250f276617271d1d6483c5b638d8f2c367f168868a6f5b4684a6cd50a04ad20d997631558214e1ee0a3145a210a96ca38fa8032dc3f101d6ab9aa77b6d540589a,gx-no-cache=1464029891884 HTTP/1.1" 200 30
186.103.159.46 - - [23/May/2016:15:57:57 -0300] "GET /cormun/servlet/hhome HTTP/1.1" 200 3549
186.103.159.46 - - [23/May/2016:15:58:07 -0300] "GET /cormun/servlet/trvisualizadoreventos? HTTP/1.1" 200 6609
186.103.159.46 - - [23/May/2016:15:58:10 -0300] "GET /cormun/servlet/trvisualizadoreventos? HTTP/1.1" 200 6609
186.103.157.39 - - [23/May/2016:15:58:12 -0300] "POST /cormun/servlet/solicitudot?daef878b891dead0a73ed30418a32890,INS,0,0,,gx-no-cache=1464029909966 HTTP/1.1" 200 93
186.103.157.39 - - [23/May/2016:15:58:12 -0300] "GET /cormun/servlet/hpexe_return? HTTP/1.1" 200 1008
186.103.157.39 - - [23/May/2016:15:58:13 -0300] "GET /cormun/servlet/trsolicitudot HTTP/1.1" 200 7796
186.103.159.46 - - [23/May/2016:15:58:14 -0300] "GET /cormun/static/menuarrow.gif HTTP/1.1" 404 1015
186.103.157.39 - - [23/May/2016:15:58:16 -0300] "GET /cormun/servlet/trsolicitudot HTTP/1.1" 200 7792
186.103.157.39 - - [23/May/2016:15:58:26 -0300] "POST /cormun/servlet/trsolicitudot?daef878b891dead0a73ed30418a32890,gx-no-cache=1464029923289 HTTP/1.1" 200 3863
186.103.157.39 - - [23/May/2016:15:58:26 -0300] "POST /cormun/servlet/trsolicitudot?daef878b891dead0a73ed30418a32890,gx-no-cache=1464029924144 HTTP/1.1" 200 3698
186.103.159.46 - - [23/May/2016:15:58:50 -0300] "POST /cormun/servlet/trvisualizadoreventos?49c4f0608bce54fb596e7a7710a9b34f,,gx-no-cache=1464029948397 HTTP/1.1" 200 3895
186.103.157.39 - - [23/May/2016:15:58:51 -0300] "GET /cormun/servlet/solicitudot?INS,0,0, HTTP/1.1" 200 11684
186.103.157.39 - - [23/May/2016:15:58:54 -0300] "GET /cormun/servlet/solicitudot?INS,0,0, HTTP/1.1" 200 11688
186.103.157.39 - - [23/May/2016:15:59:13 -0300] "POST /cormun/servlet/solicitudot?gx-no-cache=1464029970532 HTTP/1.1" 200 2796
186.103.157.39 - - [23/May/2016:15:59:13 -0300] "POST /cormun/servlet/solicitudot?daef878b891dead0a73ed30418a32890,INS,0,0,,gx-no-cache=1464029970856 HTTP/1.1" 200 8559
186.103.157.39 - - [23/May/2016:15:59:28 -0300] "GET /cormun/servlet/solicitudot?b189bfb9075c7fc49020e6d1569bf45d7df30f82f79ab8288a8815eaea87dae212651c62f094d1309583eef29dda343b,gx-no-cache=1464029985954 HTTP/1.1" 200 30
186.103.157.39 - - [23/May/2016:15:59:28 -0300] "POST /cormun/servlet/solicitudot?gx-no-cache=1464029986042 HTTP/1.1" 200 30
186.103.159.46 - - [23/May/2016:15:59:29 -0300] "POST /cormun/servlet/trvisualizadoreventos?49c4f0608bce54fb596e7a7710a9b34f,,gx-no-cache=1464029987233 HTTP/1.1" 200 3895
186.103.157.39 - - [23/May/2016:15:59:34 -0300] "POST /cormun/servlet/solicitudot?gx-no-cache=1464029991958 HTTP/1.1" 200 30
186.103.159.46 - - [23/May/2016:15:59:36 -0300] "POST /cormun/servlet/trvisualizadoreventos?49c4f0608bce54fb596e7a7710a9b34f,,gx-no-cache=1464029994937 HTTP/1.1" 200 3895
186.103.157.39 - - [23/May/2016:15:59:37 -0300] "POST /cormun/servlet/solicitudot?gx-no-cache=1464029994777 HTTP/1.1" 200 1187
186.103.157.39 - - [23/May/2016:15:59:37 -0300] "GET /cormun/servlet/solicitudot?b189bfb9075c7fc49020e6d1569bf45d1ec87e3b7ca6dacc7b24106f1addff2d2ad2d48175537b4f40dad791e0c8e60fe8e45a29081e0f31e996bd42dde9ba330dd559f1a4c92c69ea6533e79e3a2a420030042cb35cf96c240cabad16778c64f854cba6542e2225b885d69c16d92f920b9a34a20de8161db03b8bcd1bfd06a1838281c35d1e8a8e21093e47b872b193,gx-no-cache=1464029994968 HTTP/1.1" 200 38
186.103.157.39 - - [23/May/2016:15:59:47 -0300] "GET /cormun/servlet/solicitudot?b189bfb9075c7fc49020e6d1569bf45d2a051efe5b9f2e9c51b2590770d115982e7eeeac03b01ceafda242505479d0b43eec7f84a2a61f801ed270c5d2d1b9e3d846dba6ab6a7dd1f6e1997ea5312cd8b730f4c197d4fc4ae6444265b783a4b0a38d6eb0dce9e2b98c8e933715c80f0087d970f41c2e7ede1698db0013f58f83a58273eae433d7ff37e736df9b2ee6ed74a1f50f8829b4514a51e85567f49acbadd81e33744448b4f255a584d9c16c7086914c59fdb642bae92052a0ded01fa481ba23a7cdbd65cc1cde1573ec720dd5,gx-no-cache=1464030005296 HTTP/1.1" 200 29
186.103.157.39 - - [23/May/2016:15:59:47 -0300] "POST /cormun/servlet/solicitudot?gx-no-cache=1464030005352 HTTP/1.1" 200 1143
186.103.157.39 - - [23/May/2016:15:59:47 -0300] "GET /cormun/servlet/solicitudot?b189bfb9075c7fc49020e6d1569bf45dfcafef74ad8eef2613b6567c94f2b50d739758ce0d5cc2ea57a0109f97f131a216076b28e0d4057dc116b1ca3daa803ee7d19851d3f058681e93d5dcd1fe284b3447dc275467e61c0f9250e1a6221a12368b43639dca5efad3a5f3215a47ab44d1200195000bbf6f9dbb5dc2d5f0d4a3eeb5e30ade89a58087f3547114e541b56255c1e5269cdd49a155a86dc27ed7c1,gx-no-cache=1464030005489 HTTP/1.1" 200 30
186.103.157.39 - - [23/May/2016:15:59:59 -0300] "GET /cormun/static/menuarrow.gif HTTP/1.1" 404 1015
186.103.159.46 - - [23/May/2016:16:00:01 -0300] "POST /cormun/servlet/acontrolpreferencessavestate?None,CA-JAR,true HTTP/1.1" 200 35
186.103.159.46 - - [23/May/2016:16:00:03 -0300] "POST /cormun/servlet/acontrolpreferencessavestate?None,CA-JAR,true HTTP/1.1" 200 35
186.103.159.46 - - [23/May/2016:16:00:05 -0300] "POST /cormun/servlet/trvisualizadoreventos?49c4f0608bce54fb596e7a7710a9b34f,,gx-no-cache=1464030023500 HTTP/1.1" 200 90
186.103.159.46 - - [23/May/2016:16:00:05 -0300] "GET /cormun/servlet/hpexe_link HTTP/1.1" 200 959
186.103.159.46 - - [23/May/2016:16:00:06 -0300] "GET /cormun/servlet/hhome HTTP/1.1" 200 3554
186.103.159.46 - - [23/May/2016:16:00:08 -0300] "GET /cormun/servlet/hhome HTTP/1.1" 200 3549
186.103.159.46 - - [23/May/2016:16:00:14 -0300] "GET /cormun/servlet/trsolicitudot? HTTP/1.1" 200 6508
186.103.159.46 - - [23/May/2016:16:00:17 -0300] "GET /cormun/servlet/trsolicitudot? HTTP/1.1" 200 6507
186.103.159.46 - - [23/May/2016:16:00:21 -0300] "GET /cormun/servlet/solicitudot?INS,0,0, HTTP/1.1" 200 11686
186.103.159.46 - - [23/May/2016:16:00:24 -0300] "GET /cormun/servlet/solicitudot?INS,0,0, HTTP/1.1" 200 11690
186.103.157.39 - - [23/May/2016:16:00:31 -0300] "GET /cormun/servlet/solicitudot?b189bfb9075c7fc49020e6d1569bf45dfcafef74ad8eef2613b6567c94f2b50d6d22c60463504b0ee2c4995e412d05413f578498ca71dc0d31f5fb62e520b359c7ed37a63ae640778045b9573ad93d0bf125d5476d051e80ed538a212f92d802e6d6adcebd3f4945ca7e6fd29da0671250f276617271d1d6483c5b638d8f2c367f168868a6f5b4684a6cd50a04ad20d92a9bf8222294878cac69c5a877ce05d9804c93e1ef514ff7fd5bf5c46a02a043,gx-no-cache=1464030048671 HTTP/1.1" 200 30
186.103.157.39 - - [23/May/2016:16:00:31 -0300] "POST /cormun/servlet/solicitudot?daef878b891dead0a73ed30418a32890,INS,0,0,,gx-no-cache=1464030048834 HTTP/1.1" 200 93
186.103.157.39 - - [23/May/2016:16:00:31 -0300] "GET /cormun/servlet/hpexe_return? HTTP/1.1" 200 1029
186.103.157.39 - - [23/May/2016:16:00:32 -0300] "GET /cormun/servlet/trsolicitudot?gx-no-cache=1464029924144 HTTP/1.1" 200 7801
186.103.157.39 - - [23/May/2016:16:00:35 -0300] "GET /cormun/servlet/trsolicitudot?gx-no-cache=1464029924144 HTTP/1.1" 200 7819
186.103.157.39 - - [23/May/2016:16:00:42 -0300] "POST /cormun/servlet/trsolicitudot?daef878b891dead0a73ed30418a32890,gx-no-cache=1464029924144,gx-no-cache=1464030059929 HTTP/1.1" 200 3864
186.103.157.39 - - [23/May/2016:16:00:43 -0300] "POST /cormun/servlet/trsolicitudot?daef878b891dead0a73ed30418a32890,gx-no-cache=1464029924144,gx-no-cache=1464030060685 HTTP/1.1" 200 3698
186.103.159.46 - - [23/May/2016:16:00:45 -0300] "POST /cormun/servlet/solicitudot?gx-no-cache=1464030063757 HTTP/1.1" 200 2793
186.103.159.46 - - [23/May/2016:16:00:46 -0300] "POST /cormun/servlet/solicitudot?49c4f0608bce54fb596e7a7710a9b34f,INS,0,0,,gx-no-cache=1464030064698 HTTP/1.1" 200 8534
186.103.157.39 - - [23/May/2016:16:00:54 -0300] "GET /cormun/servlet/trsolicitudot? HTTP/1.1" 200 6499
186.103.157.39 - - [23/May/2016:16:00:56 -0300] "GET /cormun/servlet/trsolicitudot? HTTP/1.1" 200 6479
186.103.157.39 - - [23/May/2016:16:01:08 -0300] "GET /cormun/servlet/solicitudot?INS,0,0, HTTP/1.1" 200 11682
186.103.157.39 - - [23/May/2016:16:01:12 -0300] "GET /cormun/servlet/solicitudot?INS,0,0, HTTP/1.1" 200 11687
186.103.157.39 - - [23/May/2016:16:01:23 -0300] "POST /cormun/servlet/solicitudot?gx-no-cache=1464030100787 HTTP/1.1" 200 2783
186.103.157.39 - - [23/May/2016:16:01:24 -0300] "POST /cormun/servlet/solicitudot?daef878b891dead0a73ed30418a32890,INS,0,0,,gx-no-cache=1464030101157 HTTP/1.1" 200 8542
186.103.157.39 - - [23/May/2016:16:01:30 -0300] "GET /cormun/servlet/solicitudot?b189bfb9075c7fc49020e6d1569bf45d5b1dba85edbff4d34677b55182bb19e512651c62f094d1309583eef29dda343b,gx-no-cache=1464030107634 HTTP/1.1" 200 30
186.103.157.39 - - [23/May/2016:16:01:30 -0300] "POST /cormun/servlet/solicitudot?gx-no-cache=1464030107702 HTTP/1.1" 200 30
186.103.157.39 - - [23/May/2016:16:01:34 -0300] "POST /cormun/servlet/solicitudot?gx-no-cache=1464030111467 HTTP/1.1" 200 30
186.103.157.39 - - [23/May/2016:16:01:37 -0300] "POST /cormun/servlet/solicitudot?gx-no-cache=1464030115144 HTTP/1.1" 200 1187
186.103.157.39 - - [23/May/2016:16:01:37 -0300] "GET /cormun/servlet/solicitudot?b189bfb9075c7fc49020e6d1569bf45d1ec87e3b7ca6dacc7b24106f1addff2d2ad2d48175537b4f40dad791e0c8e60fe8e45a29081e0f31e996bd42dde9ba330dd559f1a4c92c69ea6533e79e3a2a420030042cb35cf96c240cabad16778c64f854cba6542e2225b885d69c16d92f920b9a34a20de8161db03b8bcd1bfd06a1838281c35d1e8a8e21093e47b872b193,gx-no-cache=1464030115248 HTTP/1.1" 200 38
186.103.157.39 - - [23/May/2016:16:01:43 -0300] "GET /cormun/servlet/solicitudot?b189bfb9075c7fc49020e6d1569bf45d2a051efe5b9f2e9c51b2590770d115982e7eeeac03b01ceafda242505479d0b43eec7f84a2a61f801ed270c5d2d1b9e3d846dba6ab6a7dd1f6e1997ea5312cd8b730f4c197d4fc4ae6444265b783a4b0a38d6eb0dce9e2b98c8e933715c80f0087d970f41c2e7ede1698db0013f58f83a58273eae433d7ff37e736df9b2ee6ed74a1f50f8829b4514a51e85567f49acbadd81e33744448b4f255a584d9c16c7086914c59fdb642bae92052a0ded01fa481ba23a7cdbd65cc1cde1573ec720dd5,gx-no-cache=1464030121001 HTTP/1.1" 200 29
186.103.157.39 - - [23/May/2016:16:01:43 -0300] "POST /cormun/servlet/solicitudot?gx-no-cache=1464030121117 HTTP/1.1" 200 1144
186.103.157.39 - - [23/May/2016:16:01:43 -0300] "GET /cormun/static/menuarrow.gif HTTP/1.1" 404 1015
186.103.159.46 - - [23/May/2016:16:01:44 -0300] "GET /cormun/servlet/trvisualizadoreventos? HTTP/1.1" 200 6624
186.103.159.46 - - [23/May/2016:16:01:47 -0300] "GET /cormun/servlet/trvisualizadoreventos? HTTP/1.1" 200 6618
186.103.159.46 - - [23/May/2016:16:01:59 -0300] "GET /cormun/servlet/trcontratoobservacion? HTTP/1.1" 200 6393
186.103.159.46 - - [23/May/2016:16:02:02 -0300] "GET /cormun/servlet/trcontratoobservacion? HTTP/1.1" 200 6393
186.103.157.39 - - [23/May/2016:16:02:05 -0300] "GET /cormun/servlet/solicitudot?b189bfb9075c7fc49020e6d1569bf45d8f0fdb9b5fda734c29bb9116d8376ed14ab4f2034984b305e1676dbf7c1abdf83f578498ca71dc0d31f5fb62e520b359c7ed37a63ae640778045b9573ad93d0bf125d5476d051e80ed538a212f92d802e6d6adcebd3f4945ca7e6fd29da0671250f276617271d1d6483c5b638d8f2c367f168868a6f5b4684a6cd50a04ad20d92a9bf8222294878cac69c5a877ce05d9804c93e1ef514ff7fd5bf5c46a02a043,gx-no-cache=1464030142426 HTTP/1.1" 200 30
186.103.159.46 - - [23/May/2016:16:02:29 -0300] "GET /cormun/servlet/trcontratoobservacion? HTTP/1.1" 200 6393
186.103.159.46 - - [23/May/2016:16:02:31 -0300] "GET /cormun/servlet/trcontratoobservacion? HTTP/1.1" 200 6393
186.103.157.39 - - [23/May/2016:16:02:41 -0300] "POST /cormun/servlet/solicitudot?daef878b891dead0a73ed30418a32890,INS,0,0,,gx-no-cache=1464030178528 HTTP/1.1" 200 93
186.103.157.39 - - [23/May/2016:16:02:41 -0300] "GET /cormun/servlet/hpexe_return? HTTP/1.1" 200 1008
186.103.157.39 - - [23/May/2016:16:02:42 -0300] "GET /cormun/servlet/trsolicitudot HTTP/1.1" 200 7790
186.103.157.39 - - [23/May/2016:16:02:45 -0300] "GET /cormun/servlet/trsolicitudot HTTP/1.1" 200 7786
186.103.157.39 - - [23/May/2016:16:02:56 -0300] "POST /cormun/servlet/trsolicitudot?daef878b891dead0a73ed30418a32890,gx-no-cache=1464030193429 HTTP/1.1" 200 3854
186.103.157.39 - - [23/May/2016:16:02:57 -0300] "POST /cormun/servlet/trsolicitudot?daef878b891dead0a73ed30418a32890,gx-no-cache=1464030194170 HTTP/1.1" 200 3699
186.103.159.46 - - [23/May/2016:16:03:03 -0300] "POST /cormun/servlet/trcontratoobservacion?49c4f0608bce54fb596e7a7710a9b34f,,gx-no-cache=1464030201904 HTTP/1.1" 200 3372
186.103.157.39 - - [23/May/2016:16:03:06 -0300] "GET /cormun/servlet/solicitudot?INS,0,0, HTTP/1.1" 200 11683
186.103.157.39 - - [23/May/2016:16:03:08 -0300] "GET /cormun/servlet/solicitudot?INS,0,0, HTTP/1.1" 200 11688
186.103.159.46 - - [23/May/2016:16:03:11 -0300] "GET /cormun/servlet/trvisualizadoreventos? HTTP/1.1" 200 6619
186.103.159.46 - - [23/May/2016:16:03:13 -0300] "GET /cormun/servlet/trvisualizadoreventos? HTTP/1.1" 200 6618
186.103.159.46 - - [23/May/2016:16:03:39 -0300] "GET /cormun/servlet/trsolicitudot? HTTP/1.1" 200 6507
186.103.159.46 - - [23/May/2016:16:03:42 -0300] "GET /cormun/servlet/trsolicitudot? HTTP/1.1" 200 6507
186.103.159.46 - - [23/May/2016:16:03:47 -0300] "GET /cormun/servlet/trcontratoobservacion? HTTP/1.1" 200 5720
186.103.159.46 - - [23/May/2016:16:03:50 -0300] "GET /cormun/servlet/trcontratoobservacion? HTTP/1.1" 200 5720
186.103.159.46 - - [23/May/2016:16:04:38 -0300] "POST /cormun/servlet/trcontratoobservacion?49c4f0608bce54fb596e7a7710a9b34f,,gx-no-cache=1464030297071 HTTP/1.1" 200 3395
186.103.159.46 - - [23/May/2016:16:04:44 -0300] "GET /cormun/servlet/trsolicitudot? HTTP/1.1" 200 6507
186.103.159.46 - - [23/May/2016:16:04:47 -0300] "GET /cormun/servlet/trsolicitudot? HTTP/1.1" 200 6507
191.112.119.131 - - [23/May/2016:16:04:57 -0300] "GET /cormun/servlet/trsolicitudot? HTTP/1.1" 200 5990
191.112.119.131 - - [23/May/2016:16:04:58 -0300] "GET /cormun/servlet/trsolicitudot? HTTP/1.1" 200 5990
191.112.119.131 - - [23/May/2016:16:04:58 -0300] "GET /cormun/servlet/hlogin HTTP/1.1" 200 1723
191.112.119.131 - - [23/May/2016:16:05:06 -0300] "POST /cormun/servlet/hlogin?9268c7be0efc5b528f2753c87f8fa50e,gx-no-cache=1464030323504 HTTP/1.1" 200 90
191.112.119.131 - - [23/May/2016:16:05:07 -0300] "GET /cormun/servlet/hpexe_link HTTP/1.1" 200 945
191.112.119.131 - - [23/May/2016:16:05:07 -0300] "GET /cormun/servlet/trsolicitudot HTTP/1.1" 200 6326
191.112.119.131 - - [23/May/2016:16:05:08 -0300] "GET /cormun/servlet/trsolicitudot HTTP/1.1" 200 6324
191.112.119.131 - - [23/May/2016:16:05:14 -0300] "POST /cormun/servlet/trsolicitudot?9268c7be0efc5b528f2753c87f8fa50e,gx-no-cache=1464030329715 HTTP/1.1" 200 4987
186.103.159.46 - - [23/May/2016:16:05:14 -0300] "GET /cormun/servlet/trsolicitudot? HTTP/1.1" 200 6507
186.103.159.46 - - [23/May/2016:16:05:17 -0300] "GET /cormun/servlet/trsolicitudot? HTTP/1.1" 200 6507
191.112.119.131 - - [23/May/2016:16:05:26 -0300] "POST /cormun/servlet/trsolicitudot?9268c7be0efc5b528f2753c87f8fa50e,gx-no-cache=1464030341227 HTTP/1.1" 200 105
191.112.119.131 - - [23/May/2016:16:05:26 -0300] "GET /cormun/servlet/solicitudot?UPD,2016,1824, HTTP/1.1" 200 13024
186.103.159.46 - - [23/May/2016:16:05:26 -0300] "GET /cormun/servlet/trsolicitudot? HTTP/1.1" 200 6507
191.112.119.131 - - [23/May/2016:16:05:27 -0300] "GET /cormun/static/Resources/Spanish/PXTools.css?22445990 HTTP/1.1" 304 -
191.112.119.131 - - [23/May/2016:16:05:27 -0300] "GET /cormun/static/gxcfg.js?201631710541238 HTTP/1.1" 304 -
191.112.119.131 - - [23/May/2016:16:05:27 -0300] "GET /cormun/static/solicitudot.js?201631710541292 HTTP/1.1" 304 -
191.112.119.131 - - [23/May/2016:16:05:28 -0300] "GET /cormun/servlet/solicitudot?UPD,2016,1824, HTTP/1.1" 200 13033
186.103.159.46 - - [23/May/2016:16:05:29 -0300] "GET /cormun/servlet/trsolicitudot? HTTP/1.1" 200 6507
191.112.119.131 - - [23/May/2016:16:05:30 -0300] "POST /cormun/servlet/solicitudot?gx-no-cache=1464030345683 HTTP/1.1" 200 2795
191.112.119.131 - - [23/May/2016:16:05:32 -0300] "POST /cormun/servlet/solicitudot?9268c7be0efc5b528f2753c87f8fa50e,UPD,2016,1824,,gx-no-cache=1464030347690 HTTP/1.1" 200 9255
191.112.119.131 - - [23/May/2016:16:05:33 -0300] "GET /cormun/servlet/solicitudot?6e8ed94004b015395836519e2fa4bb30109a6881fc0d354375c8f912954d26cb6dd2de74c515f7baa08a5e48264740ef,gx-no-cache=1464030350007 HTTP/1.1" 200 30
191.112.119.131 - - [23/May/2016:16:05:33 -0300] "POST /cormun/servlet/solicitudot?gx-no-cache=1464030350170 HTTP/1.1" 200 30
191.112.119.131 - - [23/May/2016:16:05:33 -0300] "POST /cormun/servlet/solicitudot?gx-no-cache=1464030350426 HTTP/1.1" 200 33
191.112.119.131 - - [23/May/2016:16:05:34 -0300] "POST /cormun/servlet/solicitudot?gx-no-cache=1464030350780 HTTP/1.1" 200 1187
191.112.119.131 - - [23/May/2016:16:05:34 -0300] "GET /cormun/servlet/solicitudot?6e8ed94004b015395836519e2fa4bb300ae39e3f973a98c4fe87d4346d7cc0755ef1bb949fae95abdf259777fad0e85436bb991928773437546a6124e242f4c14527547a4309ab7189f094b9ad753d9c122d61fc061c5b647965b2579e16910f449c6b40db9075fb3580a5c33b45ca6b896b68562dcde7dc49e1d59598a4b5e2550015931090507ddce015be0232cc6413579bb29beedbd0de7ab09bde2f19a8,gx-no-cache=1464030351793 HTTP/1.1" 200 41
191.112.119.131 - - [23/May/2016:16:05:37 -0300] "POST /cormun/servlet/solicitudot?gx-no-cache=1464030353901 HTTP/1.1" 200 30
191.112.119.131 - - [23/May/2016:16:05:41 -0300] "POST /cormun/servlet/solicitudot?gx-no-cache=1464030358533 HTTP/1.1" 200 30
191.112.119.131 - - [23/May/2016:16:05:48 -0300] "POST /cormun/servlet/solicitudot?gx-no-cache=1464030364505 HTTP/1.1" 200 1187
191.112.119.131 - - [23/May/2016:16:05:48 -0300] "GET /cormun/servlet/solicitudot?6e8ed94004b015395836519e2fa4bb300ae39e3f973a98c4fe87d4346d7cc0755ef1bb949fae95abdf259777fad0e85436bb991928773437546a6124e242f4c14527547a4309ab7189f094b9ad753d9c122d61fc061c5b647965b2579e16910f449c6b40db9075fb3580a5c33b45ca6b896b68562dcde7dc49e1d59598a4b5e2550015931090507ddce015be0232cc6413579bb29beedbd0de7ab09bde2f19a8,gx-no-cache=1464030365515 HTTP/1.1" 200 41
191.112.119.131 - - [23/May/2016:16:05:48 -0300] "GET /cormun/servlet/solicitudot?6e8ed94004b015395836519e2fa4bb30e550c21a5db75973af0a4684dc3c344f6c4edab1e10414a744e205bd9225274132d8e2c0e96f94ae83bc7210767f1f9e21155a822ee3330e7a7c794096ecf590d8d66d26d12276e19f28d13686526cfe5599004d958e11ce978a53cb93f94334176b058b14fc45b0fea1aa52aece67180270a2a6dc8d612ebfd1a8184b2152171c7827c706667005e43b292ce74e13d7b5c6435584eed8606cedd772eaf841b82f1babfad6ec9d9a2d09c41b13b353988d86fd6be090ea956a4c03ed63384f46,gx-no-cache=1464030365693 HTTP/1.1" 200 29
191.112.119.131 - - [23/May/2016:16:05:49 -0300] "POST /cormun/servlet/solicitudot?gx-no-cache=1464030365888 HTTP/1.1" 200 1144
191.112.119.131 - - [23/May/2016:16:05:49 -0300] "GET /cormun/servlet/solicitudot?6e8ed94004b015395836519e2fa4bb30efaf0026e1ff6ec9340b747251cb03ce90acc56fa87033fa778534348b7526e9cd986cd213ad108d9deddb3f997020e92ad111b8c8f8e70b6aad7132fda30821f01eb2de8cfb658b4ef2a49cd9affd50802ace5dc89947216f2c5489dc3314b8304161a287397216bd5673fddd454aa922e1e9dbcdbf064e353d2dc89abcba70ade1a51e50ce307e58e3f74daed51a4fd0e86f780292d4684aab640fc1f3512e,gx-no-cache=1464030366770 HTTP/1.1" 200 30
191.112.119.131 - - [23/May/2016:16:05:52 -0300] "POST /cormun/servlet/solicitudot?9268c7be0efc5b528f2753c87f8fa50e,UPD,2016,1824,,gx-no-cache=1464030366961 HTTP/1.1" 200 93
191.112.119.131 - - [23/May/2016:16:05:52 -0300] "GET /cormun/servlet/hpexe_return? HTTP/1.1" 200 1024
191.112.119.131 - - [23/May/2016:16:05:52 -0300] "GET /cormun/static/Resources/Spanish/PXTools.css?12112540 HTTP/1.1" 304 -
191.112.119.131 - - [23/May/2016:16:05:52 -0300] "GET /cormun/static/gxcfg.js?2015111312145050 HTTP/1.1" 304 -
191.112.119.131 - - [23/May/2016:16:05:53 -0300] "GET /cormun/static/hpexe_return.js?2015111312145056 HTTP/1.1" 304 -
191.112.119.131 - - [23/May/2016:16:05:53 -0300] "GET /cormun/servlet/trsolicitudot?gx-no-cache=1464030329715 HTTP/1.1" 200 7705
191.112.119.131 - - [23/May/2016:16:05:54 -0300] "GET /cormun/servlet/trsolicitudot?gx-no-cache=1464030329715 HTTP/1.1" 200 7722
191.112.119.131 - - [23/May/2016:16:05:58 -0300] "POST /cormun/servlet/trsolicitudot?9268c7be0efc5b528f2753c87f8fa50e,gx-no-cache=1464030329715,gx-no-cache=1464030373714 HTTP/1.1" 200 3621
191.112.119.131 - - [23/May/2016:16:06:00 -0300] "POST /cormun/servlet/trsolicitudot?9268c7be0efc5b528f2753c87f8fa50e,gx-no-cache=1464030329715,gx-no-cache=1464030375639 HTTP/1.1" 200 3454
186.103.159.46 - - [23/May/2016:16:06:06 -0300] "GET /cormun/servlet/trsolicitudot? HTTP/1.1" 200 6507
186.103.157.39 - - [23/May/2016:16:06:07 -0300] "POST /cormun/servlet/solicitudot?gx-no-cache=1464030384734 HTTP/1.1" 200 2761
186.103.159.46 - - [23/May/2016:16:06:08 -0300] "GET /cormun/servlet/trsolicitudot? HTTP/1.1" 200 6507
186.103.157.39 - - [23/May/2016:16:06:09 -0300] "POST /cormun/servlet/solicitudot?daef878b891dead0a73ed30418a32890,INS,0,0,,gx-no-cache=1464030385586 HTTP/1.1" 200 8497
186.103.159.46 - - [23/May/2016:16:06:15 -0300] "GET /cormun/servlet/trsolicitudot? HTTP/1.1" 200 6507
186.103.159.46 - - [23/May/2016:16:06:17 -0300] "GET /cormun/servlet/trsolicitudot? HTTP/1.1" 200 6507
186.103.157.39 - - [23/May/2016:16:06:27 -0300] "GET /cormun/servlet/solicitudot?b189bfb9075c7fc49020e6d1569bf45d365ed8998b2518a05434e92cf12ea6e612651c62f094d1309583eef29dda343b,gx-no-cache=1464030404538 HTTP/1.1" 200 30
186.103.157.39 - - [23/May/2016:16:06:27 -0300] "POST /cormun/servlet/solicitudot?gx-no-cache=1464030404678 HTTP/1.1" 200 30
186.103.157.39 - - [23/May/2016:16:06:27 -0300] "POST /cormun/servlet/solicitudot?gx-no-cache=1464030404811 HTTP/1.1" 200 33
186.103.157.39 - - [23/May/2016:16:06:27 -0300] "POST /cormun/servlet/solicitudot?gx-no-cache=1464030404919 HTTP/1.1" 200 1186
186.103.157.39 - - [23/May/2016:16:06:27 -0300] "GET /cormun/servlet/solicitudot?b189bfb9075c7fc49020e6d1569bf45d1ec87e3b7ca6dacc7b24106f1addff2d2ad2d48175537b4f40dad791e0c8e60fe8e45a29081e0f31e996bd42dde9ba330dd559f1a4c92c69ea6533e79e3a2a420030042cb35cf96c240cabad16778c64f854cba6542e2225b885d69c16d92f920b9a34a20de8161db03b8bcd1bfd06a1838281c35d1e8a8e21093e47b872b193,gx-no-cache=1464030405063 HTTP/1.1" 200 38
186.103.157.39 - - [23/May/2016:16:06:27 -0300] "GET /cormun/servlet/solicitudot?b189bfb9075c7fc49020e6d1569bf45d2a051efe5b9f2e9c51b2590770d115982e7eeeac03b01ceafda242505479d0b49274ce74e572a2c2d6f9af990124e8044e070bb0ee83caf006ddd8e15a480d9418ae30899fc4be9c9ca6972163f7a50a329104790d71e302dbb8cc24feeaa4a7,gx-no-cache=1464030405159 HTTP/1.1" 200 29
186.103.157.39 - - [23/May/2016:16:06:27 -0300] "POST /cormun/servlet/solicitudot?gx-no-cache=1464030405242 HTTP/1.1" 200 1143
186.103.157.39 - - [23/May/2016:16:06:27 -0300] "GET /cormun/static/menuarrow.gif HTTP/1.1" 404 1015
186.103.157.39 - - [23/May/2016:16:06:29 -0300] "POST /cormun/servlet/solicitudot?gx-no-cache=1464030407200 HTTP/1.1" 200 30
186.103.157.39 - - [23/May/2016:16:06:29 -0300] "POST /cormun/servlet/solicitudot?gx-no-cache=1464030407255 HTTP/1.1" 200 33
186.103.157.39 - - [23/May/2016:16:06:29 -0300] "POST /cormun/servlet/solicitudot?gx-no-cache=1464030407330 HTTP/1.1" 200 1186
186.103.157.39 - - [23/May/2016:16:06:29 -0300] "GET /cormun/servlet/solicitudot?b189bfb9075c7fc49020e6d1569bf45d1ec87e3b7ca6dacc7b24106f1addff2d2ad2d48175537b4f40dad791e0c8e60fe8e45a29081e0f31e996bd42dde9ba330dd559f1a4c92c69ea6533e79e3a2a420030042cb35cf96c240cabad16778c64f854cba6542e2225b885d69c16d92f920b9a34a20de8161db03b8bcd1bfd06a1838281c35d1e8a8e21093e47b872b193,gx-no-cache=1464030407462 HTTP/1.1" 200 38
186.103.157.39 - - [23/May/2016:16:06:30 -0300] "POST /cormun/servlet/solicitudot?gx-no-cache=1464030407517 HTTP/1.1" 200 1143
186.103.157.39 - - [23/May/2016:16:07:01 -0300] "POST /cormun/servlet/solicitudot?gx-no-cache=1464030438524 HTTP/1.1" 200 30
186.103.157.39 - - [23/May/2016:16:07:04 -0300] "POST /cormun/servlet/solicitudot?gx-no-cache=1464030441424 HTTP/1.1" 200 1186
186.103.157.39 - - [23/May/2016:16:07:04 -0300] "GET /cormun/servlet/solicitudot?b189bfb9075c7fc49020e6d1569bf45d1ec87e3b7ca6dacc7b24106f1addff2d2ad2d48175537b4f40dad791e0c8e60fe8e45a29081e0f31e996bd42dde9ba330dd559f1a4c92c69ea6533e79e3a2a420030042cb35cf96c240cabad16778c64f854cba6542e2225b885d69c16d92f920b9a34a20de8161db03b8bcd1bfd06a179b52e8743eceb9f1324af8dfdf46db0cbe6eb7869ef866d502c646ed242ec07,gx-no-cache=1464030441594 HTTP/1.1" 200 41
186.103.157.39 - - [23/May/2016:16:07:04 -0300] "POST /cormun/servlet/solicitudot?gx-no-cache=1464030441666 HTTP/1.1" 200 1143
186.103.157.39 - - [23/May/2016:16:07:04 -0300] "GET /cormun/servlet/solicitudot?b189bfb9075c7fc49020e6d1569bf45de796df2f82ec04f253e964425d6b27dac5c0b9746affd0f4a9432c223664f9a53f578498ca71dc0d31f5fb62e520b359c7ed37a63ae640778045b9573ad93d0bf125d5476d051e80ed538a212f92d802e6d6adcebd3f4945ca7e6fd29da0671250f276617271d1d6483c5b638d8f2c367f168868a6f5b4684a6cd50a04ad20d92a9bf8222294878cac69c5a877ce05d9804c93e1ef514ff7fd5bf5c46a02a043,gx-no-cache=1464030441823 HTTP/1.1" 200 30
186.103.159.46 - - [23/May/2016:16:07:08 -0300] "GET /cormun/static/menuarrow.gif HTTP/1.1" 404 1015
186.103.157.39 - - [23/May/2016:16:07:32 -0300] "POST /cormun/servlet/solicitudot?daef878b891dead0a73ed30418a32890,INS,0,0,,gx-no-cache=1464030469757 HTTP/1.1" 200 93
186.103.157.39 - - [23/May/2016:16:07:33 -0300] "GET /cormun/servlet/hpexe_return? HTTP/1.1" 200 1030
186.103.157.39 - - [23/May/2016:16:07:34 -0300] "GET /cormun/servlet/trsolicitudot?gx-no-cache=1464030194170 HTTP/1.1" 200 7750
186.103.157.39 - - [23/May/2016:16:07:36 -0300] "GET /cormun/servlet/trsolicitudot?gx-no-cache=1464030194170 HTTP/1.1" 200 7766
191.112.119.131 - - [23/May/2016:16:07:38 -0300] "GET /cormun/servlet/solicitudot?INS,0,0, HTTP/1.1" 200 11740
191.112.119.131 - - [23/May/2016:16:07:40 -0300] "GET /cormun/servlet/solicitudot?INS,0,0, HTTP/1.1" 200 11724
186.103.157.39 - - [23/May/2016:16:07:47 -0300] "POST /cormun/servlet/trsolicitudot?daef878b891dead0a73ed30418a32890,gx-no-cache=1464030194170,gx-no-cache=1464030483793 HTTP/1.1" 200 3846
186.103.157.39 - - [23/May/2016:16:07:49 -0300] "POST /cormun/servlet/trsolicitudot?daef878b891dead0a73ed30418a32890,gx-no-cache=1464030194170,gx-no-cache=1464030486329 HTTP/1.1" 200 3699
191.112.119.131 - - [23/May/2016:16:07:52 -0300] "POST /cormun/servlet/solicitudot?gx-no-cache=1464030487871 HTTP/1.1" 200 2804
191.112.119.131 - - [23/May/2016:16:07:55 -0300] "POST /cormun/servlet/solicitudot?9268c7be0efc5b528f2753c87f8fa50e,INS,0,0,,gx-no-cache=1464030490159 HTTP/1.1" 200 8529
186.103.157.39 - - [23/May/2016:16:07:55 -0300] "GET /cormun/servlet/trsolicitudot? HTTP/1.1" 200 6500
191.112.119.131 - - [23/May/2016:16:08:01 -0300] "GET /cormun/servlet/solicitudot?6e8ed94004b015395836519e2fa4bb30de6f05d59386d3e6653527e00232eabc7eec71d63a94cf733d162aff02cbf4b7,gx-no-cache=1464030498545 HTTP/1.1" 200 30
191.112.119.131 - - [23/May/2016:16:08:01 -0300] "POST /cormun/servlet/solicitudot?gx-no-cache=1464030498726 HTTP/1.1" 200 30
191.112.119.131 - - [23/May/2016:16:08:10 -0300] "POST /cormun/servlet/solicitudot?gx-no-cache=1464030507056 HTTP/1.1" 200 122
186.103.157.39 - - [23/May/2016:16:08:17 -0300] "GET /cormun/servlet/trsolicitudot? HTTP/1.1" 200 6479
186.103.157.39 - - [23/May/2016:16:08:21 -0300] "GET /cormun/servlet/trsolicitudot? HTTP/1.1" 200 6479
186.103.157.39 - - [23/May/2016:16:08:23 -0300] "GET /cormun/servlet/trsolicitudot? HTTP/1.1" 200 6479
186.103.157.39 - - [23/May/2016:16:08:26 -0300] "GET /cormun/servlet/solicitudot?INS,0,0, HTTP/1.1" 200 11684
186.103.159.182 - - [23/May/2016:16:08:28 -0300] "GET /cormun/servlet/trsolicitudot? HTTP/1.1" 200 5994
186.103.157.39 - - [23/May/2016:16:08:29 -0300] "GET /cormun/servlet/solicitudot?INS,0,0, HTTP/1.1" 200 11688
191.112.119.131 - - [23/May/2016:16:08:34 -0300] "POST /cormun/servlet/solicitudot?gx-no-cache=1464030530883 HTTP/1.1" 200 30
186.103.159.182 - - [23/May/2016:16:08:35 -0300] "GET /cormun/servlet/trsolicitudot? HTTP/1.1" 200 6004
186.103.159.182 - - [23/May/2016:16:08:36 -0300] "GET /cormun/servlet/hlogin HTTP/1.1" 200 1738
186.103.159.182 - - [23/May/2016:16:08:39 -0300] "POST /cormun/servlet/hlogin?c598ff6876e9cff5e3bf73a6846a3022,gx-no-cache=1464030538826 HTTP/1.1" 200 90
