186.78.48.134 - - [23/May/2016:16:51:31 -0300] "POST /cormun/servlet/trsolicitudot?902be5bc90db262a975abd9b889fb7fd,,gx-no-cache=1464029505679 HTTP/1.1" 200 5269
186.103.159.182 - - [23/May/2016:16:51:31 -0300] "POST /cormun/servlet/solicitudot?gx-no-cache=1464033111714 HTTP/1.1" 200 30
190.161.236.237 - - [23/May/2016:16:51:35 -0300] "POST /cormun/servlet/trautorizarsolicitud?aa6d615f42276ac41c59769ff5205fd2,,gx-no-cache=1464033113633 HTTP/1.1" 200 3755
186.78.48.134 - - [23/May/2016:16:51:38 -0300] "POST /cormun/servlet/trsolicitudot?902be5bc90db262a975abd9b889fb7fd,,gx-no-cache=1464029513021 HTTP/1.1" 200 106
186.78.48.134 - - [23/May/2016:16:51:39 -0300] "GET /cormun/servlet/trsolicitudadjuntos?2016,1865, HTTP/1.1" 200 7672
186.78.48.134 - - [23/May/2016:16:51:40 -0300] "GET /cormun/servlet/trsolicitudadjuntos?2016,1865, HTTP/1.1" 200 7668
186.78.48.134 - - [23/May/2016:16:51:43 -0300] "GET /cormun/servlet/solicitudotadjuntos?INS,2016,1865,,2, HTTP/1.1" 200 5589
186.78.48.134 - - [23/May/2016:16:51:44 -0300] "GET /cormun/static/about:blank HTTP/1.1" 404 1011
186.78.48.134 - - [23/May/2016:16:51:44 -0300] "GET /cormun/servlet/solicitudotadjuntos?INS,2016,1865,,2, HTTP/1.1" 200 5583
186.78.48.134 - - [23/May/2016:16:51:44 -0300] "GET /cormun/servlet/solicitudotadjuntos?c23172452300dd0b916f422b30f8750bc1af4efb8feebcb6fbb30f512afae3fe7d6015cd86b572040437c23d85f1964d,gx-no-cache=1464029519766 HTTP/1.1" 200 30
190.161.236.237 - - [23/May/2016:16:51:44 -0300] "GET /cormun/servlet/hlogin HTTP/1.1" 200 1739
186.78.48.134 - - [23/May/2016:16:51:45 -0300] "POST /cormun/servlet/solicitudotadjuntos?902be5bc90db262a975abd9b889fb7fd,INS,2016,1865,,2,,gx-no-cache=1464029519854 HTTP/1.1" 200 3648
186.78.48.134 - - [23/May/2016:16:51:53 -0300] "POST /cormun/servlet/solicitudotadjuntos?902be5bc90db262a975abd9b889fb7fd,INS,2016,1865,,2,,gx-no-cache=1464029527850 HTTP/1.1" 200 93
186.78.48.134 - - [23/May/2016:16:51:53 -0300] "GET /cormun/servlet/hpexe_return? HTTP/1.1" 200 1019
186.78.48.134 - - [23/May/2016:16:51:54 -0300] "GET /cormun/servlet/trsolicitudadjuntos?2016,1865, HTTP/1.1" 200 7674
186.78.48.134 - - [23/May/2016:16:51:55 -0300] "GET /cormun/servlet/trsolicitudadjuntos?2016,1865, HTTP/1.1" 200 7669
186.78.48.134 - - [23/May/2016:16:51:57 -0300] "GET /cormun/servlet/solicitudotadjuntos?INS,2016,1865,,1, HTTP/1.1" 200 5589
186.78.48.134 - - [23/May/2016:16:51:57 -0300] "GET /cormun/static/about:blank HTTP/1.1" 404 1011
186.78.48.134 - - [23/May/2016:16:51:57 -0300] "GET /cormun/servlet/solicitudotadjuntos?INS,2016,1865,,1, HTTP/1.1" 200 5583
186.78.48.134 - - [23/May/2016:16:51:57 -0300] "GET /cormun/servlet/solicitudotadjuntos?c23172452300dd0b916f422b30f8750bc1af4efb8feebcb6fbb30f512afae3fe7d6015cd86b572040437c23d85f1964d,gx-no-cache=1464029533069 HTTP/1.1" 200 30
186.78.48.134 - - [23/May/2016:16:51:58 -0300] "POST /cormun/servlet/solicitudotadjuntos?902be5bc90db262a975abd9b889fb7fd,INS,2016,1865,,1,,gx-no-cache=1464029533144 HTTP/1.1" 200 3433
186.103.159.182 - - [23/May/2016:16:51:59 -0300] "POST /cormun/servlet/solicitudot?gx-no-cache=1464033139608 HTTP/1.1" 200 1187
186.103.159.182 - - [23/May/2016:16:51:59 -0300] "GET /cormun/servlet/solicitudot?34b504c9abe9e0071b294bf019dc91f288d0af718cfbd1a91fe61067b2e1fdcbd45fc52a7b769301c7d3c86204730ccd13635bd89618d52e87c4d13e322d0038e82e8c5ab479a3511fec77ed8a001d56e41ad815e6f0d764c59c8841ac36762ce4dd72cb8ef0a5da4b42cb3daf67f4f279baa7385970bf77b5e971de9812c67a4e2c9d8b34ab4852085cb42e7ed8c713,gx-no-cache=1464033139820 HTTP/1.1" 200 38
186.78.48.134 - - [23/May/2016:16:52:02 -0300] "POST /cormun/servlet/solicitudotadjuntos?gx-no-cache=1464029537344 HTTP/1.1" 200 26
190.161.236.237 - - [23/May/2016:16:52:07 -0300] "POST /cormun/servlet/hlogin?aa6d615f42276ac41c59769ff5205fd2,gx-no-cache=1464033146267 HTTP/1.1" 200 90
190.161.236.237 - - [23/May/2016:16:52:08 -0300] "GET /cormun/servlet/hpexe_link HTTP/1.1" 200 952
190.161.236.237 - - [23/May/2016:16:52:08 -0300] "GET /cormun/servlet/hhome HTTP/1.1" 200 3582
190.161.236.237 - - [23/May/2016:16:52:09 -0300] "GET /cormun/servlet/hhome HTTP/1.1" 200 3582
186.103.159.182 - - [23/May/2016:16:52:15 -0300] "GET /cormun/servlet/solicitudot?34b504c9abe9e0071b294bf019dc91f2febfd9ae9360cc41ec94edf0000ed65567ff8a5d3729cc4552d21ac0117e403f75d02fc6c0b4243ca6df1dbad6a6ed8a6cefe3ade0217e9666680d9d47d93b914b58204903e7d0f1c8727610cd69c9d3d538d58a2e5daec855584d78759538002db98467dcc117309eb2c8f181103deb9ef7d7bebf7c27c22586843a0a84e755e10a7dde891ab2ad1cafa66c815fd56c,gx-no-cache=1464033155021 HTTP/1.1" 200 29
190.161.236.237 - - [23/May/2016:16:52:15 -0300] "GET /cormun/servlet/trvisualizadoreventos? HTTP/1.1" 200 6639
186.103.159.182 - - [23/May/2016:16:52:15 -0300] "POST /cormun/servlet/solicitudot?gx-no-cache=1464033155084 HTTP/1.1" 200 1144
190.161.236.237 - - [23/May/2016:16:52:16 -0300] "GET /cormun/servlet/trvisualizadoreventos? HTTP/1.1" 200 6639
186.103.159.182 - - [23/May/2016:16:52:35 -0300] "GET /cormun/servlet/solicitudot?34b504c9abe9e0071b294bf019dc91f2d678158fcb95f44dfaccbaa40bee08f5bf41e3a5257a9a424687cd8f32328095ea8397a66890ab96c8efbf3210523794070f95a11f836591a6f99bedf3e6494c8c8c9ab079a9e9f4ea18d954e27c207ffff6bdc81f9d63b5c56d19b7383c823ca01b6b7647a1c385601f612f4ab359e291d4ef30aa65d6e82687d7fcafaa9d60c51edbb0434e1bad4a184e79886da76909bcd02b51fd369efcef4737798c9c35,gx-no-cache=1464033175352 HTTP/1.1" 200 30
190.161.236.237 - - [23/May/2016:16:52:35 -0300] "POST /cormun/servlet/trvisualizadoreventos?aa6d615f42276ac41c59769ff5205fd2,,gx-no-cache=1464033174099 HTTP/1.1" 200 3554
190.161.236.237 - - [23/May/2016:16:52:40 -0300] "POST /cormun/servlet/trvisualizadoreventos?aa6d615f42276ac41c59769ff5205fd2,,gx-no-cache=1464033178552 HTTP/1.1" 200 4096
190.161.236.237 - - [23/May/2016:16:53:01 -0300] "POST /cormun/servlet/trvisualizadoreventos?aa6d615f42276ac41c59769ff5205fd2,,gx-no-cache=1464033200045 HTTP/1.1" 200 3554
186.103.159.182 - - [23/May/2016:16:53:02 -0300] "POST /cormun/servlet/solicitudot?c598ff6876e9cff5e3bf73a6846a3022,INS,0,0,,gx-no-cache=1464033201486 HTTP/1.1" 200 93
186.103.159.182 - - [23/May/2016:16:53:02 -0300] "GET /cormun/servlet/hpexe_return? HTTP/1.1" 200 1031
186.103.159.182 - - [23/May/2016:16:53:02 -0300] "GET /cormun/servlet/trsolicitudot?gx-no-cache=1464031292859 HTTP/1.1" 200 8027
186.103.159.182 - - [23/May/2016:16:53:05 -0300] "GET /cormun/servlet/trsolicitudot?gx-no-cache=1464031292859 HTTP/1.1" 200 8045
186.103.159.182 - - [23/May/2016:16:53:09 -0300] "POST /cormun/servlet/trsolicitudot?c598ff6876e9cff5e3bf73a6846a3022,gx-no-cache=1464031292859,gx-no-cache=1464033209129 HTTP/1.1" 200 5023
186.103.159.182 - - [23/May/2016:16:53:10 -0300] "POST /cormun/servlet/trsolicitudot?c598ff6876e9cff5e3bf73a6846a3022,gx-no-cache=1464031292859,gx-no-cache=1464033209830 HTTP/1.1" 200 4964
186.103.159.182 - - [23/May/2016:16:53:12 -0300] "POST /cormun/servlet/trsolicitudot?c598ff6876e9cff5e3bf73a6846a3022,gx-no-cache=1464031292859,gx-no-cache=1464033212296 HTTP/1.1" 200 3634
186.103.159.182 - - [23/May/2016:16:53:13 -0300] "POST /cormun/servlet/trsolicitudot?c598ff6876e9cff5e3bf73a6846a3022,gx-no-cache=1464031292859,gx-no-cache=1464033212969 HTTP/1.1" 200 3488
190.161.236.237 - - [23/May/2016:16:53:15 -0300] "GET /cormun/servlet/trsolicitudot? HTTP/1.1" 200 7815
190.161.236.237 - - [23/May/2016:16:53:16 -0300] "GET /cormun/servlet/trsolicitudot? HTTP/1.1" 200 7814
190.161.236.237 - - [23/May/2016:16:53:24 -0300] "POST /cormun/servlet/trsolicitudot?aa6d615f42276ac41c59769ff5205fd2,,gx-no-cache=1464033222649 HTTP/1.1" 200 3868
190.161.236.237 - - [23/May/2016:16:53:24 -0300] "GET /cormun/static/Shared/jqueryui/images/ui-bg_highlight-soft_100_c6c2c8_1x100.png HTTP/1.1" 404 1117
190.161.236.237 - - [23/May/2016:16:53:24 -0300] "GET /cormun/static/Shared/jqueryui/images/ui-icons_82798d_256x240.png HTTP/1.1" 404 1089
190.161.236.237 - - [23/May/2016:16:53:24 -0300] "GET /cormun/static/Shared/jqueryui/images/ui-icons_8d78a5_256x240.png HTTP/1.1" 404 1089
190.161.236.237 - - [23/May/2016:16:53:24 -0300] "GET /cormun/static/Shared/jqueryui/images/ui-bg_flat_55_fafafa_40x100.png HTTP/1.1" 404 1097
190.161.236.237 - - [23/May/2016:16:53:24 -0300] "POST /cormun/servlet/trsolicitudot?aa6d615f42276ac41c59769ff5205fd2,,gx-no-cache=1464033223205 HTTP/1.1" 200 3711
190.161.236.237 - - [23/May/2016:16:53:39 -0300] "GET /cormun/servlet/hhome HTTP/1.1" 200 3581
190.161.236.237 - - [23/May/2016:16:53:40 -0300] "GET /cormun/servlet/hhome HTTP/1.1" 200 3582
190.161.236.237 - - [23/May/2016:16:53:43 -0300] "GET /cormun/servlet/hlogin HTTP/1.1" 200 1729
190.161.236.237 - - [23/May/2016:16:54:02 -0300] "POST /cormun/servlet/hlogin?aa6d615f42276ac41c59769ff5205fd2,gx-no-cache=1464033260811 HTTP/1.1" 200 90
190.161.236.237 - - [23/May/2016:16:54:02 -0300] "GET /cormun/servlet/hpexe_link HTTP/1.1" 200 952
190.161.236.237 - - [23/May/2016:16:54:02 -0300] "GET /cormun/servlet/hhome HTTP/1.1" 200 3606
190.161.236.237 - - [23/May/2016:16:54:03 -0300] "GET /cormun/servlet/hhome HTTP/1.1" 200 3602
186.78.48.134 - - [23/May/2016:16:54:03 -0300] "GET /cormun/servlet/solicitudotadjuntos?c23172452300dd0b916f422b30f8750be114be5a747009c0d05d34ef0d95e623,gx-no-cache=1464029657991 HTTP/1.1" 200 30
186.78.48.134 - - [23/May/2016:16:54:04 -0300] "GET /cormun/servlet/solicitudotadjuntos?c23172452300dd0b916f422b30f8750be114be5a747009c0d05d34ef0d95e623,gx-no-cache=1464029659386 HTTP/1.1" 200 30
186.78.48.134 - - [23/May/2016:16:54:09 -0300] "POST /cormun/servlet/solicitudotadjuntos?902be5bc90db262a975abd9b889fb7fd,INS,2016,1865,,1, HTTP/1.1" 200 116
186.78.48.134 - - [23/May/2016:16:54:09 -0300] "GET /cormun/servlet/hpexe_return? HTTP/1.1" 200 1019
186.78.48.134 - - [23/May/2016:16:54:11 -0300] "GET /cormun/servlet/trsolicitudadjuntos?2016,1865, HTTP/1.1" 200 7816
186.78.48.134 - - [23/May/2016:16:54:12 -0300] "GET /cormun/servlet/trsolicitudadjuntos?2016,1865, HTTP/1.1" 200 7809
186.78.48.134 - - [23/May/2016:16:54:17 -0300] "GET /cormun/servlet/solicitudotadjuntos?INS,2016,1865,,1, HTTP/1.1" 200 5589
186.78.48.134 - - [23/May/2016:16:54:17 -0300] "GET /cormun/static/about:blank HTTP/1.1" 404 1011
186.78.48.134 - - [23/May/2016:16:54:18 -0300] "GET /cormun/servlet/solicitudotadjuntos?INS,2016,1865,,1, HTTP/1.1" 200 5583
186.78.48.134 - - [23/May/2016:16:54:18 -0300] "GET /cormun/servlet/solicitudotadjuntos?c23172452300dd0b916f422b30f8750bc1af4efb8feebcb6fbb30f512afae3fe7d6015cd86b572040437c23d85f1964d,gx-no-cache=1464029673513 HTTP/1.1" 200 30
186.78.48.134 - - [23/May/2016:16:54:19 -0300] "POST /cormun/servlet/solicitudotadjuntos?902be5bc90db262a975abd9b889fb7fd,INS,2016,1865,,1,,gx-no-cache=1464029673840 HTTP/1.1" 200 3433
190.161.236.237 - - [23/May/2016:16:54:19 -0300] "GET /cormun/servlet/trautorizarsolicitud? HTTP/1.1" 200 6481
190.161.236.237 - - [23/May/2016:16:54:20 -0300] "GET /cormun/servlet/trautorizarsolicitud? HTTP/1.1" 200 6480
186.78.48.134 - - [23/May/2016:16:54:21 -0300] "POST /cormun/servlet/solicitudotadjuntos?gx-no-cache=1464029676576 HTTP/1.1" 200 26
186.78.48.134 - - [23/May/2016:16:54:26 -0300] "POST /cormun/servlet/solicitudotadjuntos?gx-no-cache=1464029682030 HTTP/1.1" 200 26
186.78.48.134 - - [23/May/2016:16:54:31 -0300] "GET /cormun/servlet/solicitudotadjuntos?c23172452300dd0b916f422b30f8750be114be5a747009c0d05d34ef0d95e623,gx-no-cache=1464029686183 HTTP/1.1" 200 30
186.78.48.134 - - [23/May/2016:16:54:31 -0300] "GET /cormun/servlet/solicitudotadjuntos?c23172452300dd0b916f422b30f8750be114be5a747009c0d05d34ef0d95e623,gx-no-cache=1464029686419 HTTP/1.1" 200 30
190.161.236.237 - - [23/May/2016:16:54:40 -0300] "POST /cormun/servlet/trautorizarsolicitud?aa6d615f42276ac41c59769ff5205fd2,,gx-no-cache=1464033298609 HTTP/1.1" 200 3756
190.161.236.237 - - [23/May/2016:16:54:46 -0300] "POST /cormun/servlet/trautorizarsolicitud?aa6d615f42276ac41c59769ff5205fd2,,gx-no-cache=1464033305048 HTTP/1.1" 200 3755
185.25.151.159 - - [23/May/2016:16:54:50 -0300] "GET /testproxy.php HTTP/1.1" 404 987
190.161.236.237 - - [23/May/2016:16:54:54 -0300] "POST /cormun/servlet/trautorizarsolicitud?aa6d615f42276ac41c59769ff5205fd2,,gx-no-cache=1464033313192 HTTP/1.1" 200 3755
186.78.48.134 - - [23/May/2016:16:54:55 -0300] "POST /cormun/servlet/solicitudotadjuntos?902be5bc90db262a975abd9b889fb7fd,INS,2016,1865,,1, HTTP/1.1" 200 116
186.78.48.134 - - [23/May/2016:16:54:55 -0300] "GET /cormun/servlet/hpexe_return? HTTP/1.1" 200 1019
186.78.48.134 - - [23/May/2016:16:54:56 -0300] "GET /cormun/servlet/trsolicitudadjuntos?2016,1865, HTTP/1.1" 200 7947
186.78.48.134 - - [23/May/2016:16:54:57 -0300] "GET /cormun/servlet/trsolicitudadjuntos?2016,1865, HTTP/1.1" 200 7942
186.78.48.134 - - [23/May/2016:16:55:11 -0300] "GET /cormun/servlet/solicitudotadjuntos?INS,2016,1865,,1, HTTP/1.1" 200 5588
186.78.48.134 - - [23/May/2016:16:55:11 -0300] "GET /cormun/static/about:blank HTTP/1.1" 404 1011
186.78.48.134 - - [23/May/2016:16:55:12 -0300] "GET /cormun/servlet/solicitudotadjuntos?INS,2016,1865,,1, HTTP/1.1" 200 5582
186.78.48.134 - - [23/May/2016:16:55:12 -0300] "GET /cormun/servlet/solicitudotadjuntos?c23172452300dd0b916f422b30f8750bc1af4efb8feebcb6fbb30f512afae3fe7d6015cd86b572040437c23d85f1964d,gx-no-cache=1464029727515 HTTP/1.1" 200 30
190.161.236.237 - - [23/May/2016:16:55:12 -0300] "POST /cormun/servlet/trautorizarsolicitud?aa6d615f42276ac41c59769ff5205fd2,,gx-no-cache=1464033331191 HTTP/1.1" 200 3764
186.78.48.134 - - [23/May/2016:16:55:13 -0300] "POST /cormun/servlet/solicitudotadjuntos?902be5bc90db262a975abd9b889fb7fd,INS,2016,1865,,1,,gx-no-cache=1464029727648 HTTP/1.1" 200 3433
186.78.48.134 - - [23/May/2016:16:55:16 -0300] "POST /cormun/servlet/solicitudotadjuntos?gx-no-cache=1464029731871 HTTP/1.1" 200 26
190.161.236.237 - - [23/May/2016:16:55:21 -0300] "GET /cormun/servlet/trvisualizadoreventos? HTTP/1.1" 200 6333
190.161.236.237 - - [23/May/2016:16:55:23 -0300] "GET /cormun/servlet/trvisualizadoreventos? HTTP/1.1" 200 6333
186.78.48.134 - - [23/May/2016:16:55:29 -0300] "GET /cormun/servlet/solicitudotadjuntos?c23172452300dd0b916f422b30f8750be114be5a747009c0d05d34ef0d95e623,gx-no-cache=1464029744671 HTTP/1.1" 200 30
186.78.48.134 - - [23/May/2016:16:55:29 -0300] "GET /cormun/servlet/solicitudotadjuntos?c23172452300dd0b916f422b30f8750be114be5a747009c0d05d34ef0d95e623,gx-no-cache=1464029744743 HTTP/1.1" 200 30
190.161.236.237 - - [23/May/2016:16:55:30 -0300] "POST /cormun/servlet/trvisualizadoreventos?aa6d615f42276ac41c59769ff5205fd2,,gx-no-cache=1464033349143 HTTP/1.1" 200 3602
190.161.236.237 - - [23/May/2016:16:55:34 -0300] "POST /cormun/servlet/trvisualizadoreventos?aa6d615f42276ac41c59769ff5205fd2,,gx-no-cache=1464033352222 HTTP/1.1" 200 4206
186.78.48.134 - - [23/May/2016:16:55:45 -0300] "POST /cormun/servlet/solicitudotadjuntos?902be5bc90db262a975abd9b889fb7fd,INS,2016,1865,,1, HTTP/1.1" 200 116
186.78.48.134 - - [23/May/2016:16:55:45 -0300] "GET /cormun/servlet/hpexe_return? HTTP/1.1" 200 1019
186.78.48.134 - - [23/May/2016:16:55:46 -0300] "GET /cormun/servlet/trsolicitudadjuntos?2016,1865, HTTP/1.1" 200 8047
186.78.48.134 - - [23/May/2016:16:55:47 -0300] "GET /cormun/servlet/trsolicitudadjuntos?2016,1865, HTTP/1.1" 200 8042
186.78.48.134 - - [23/May/2016:16:55:53 -0300] "GET /cormun/servlet/trsolicitudot? HTTP/1.1" 200 7751
186.78.48.134 - - [23/May/2016:16:55:54 -0300] "GET /cormun/servlet/trsolicitudot? HTTP/1.1" 200 7745
186.78.48.134 - - [23/May/2016:16:55:56 -0300] "POST /cormun/servlet/trsolicitudot?902be5bc90db262a975abd9b889fb7fd,,gx-no-cache=1464029771171 HTTP/1.1" 200 3872
186.78.48.134 - - [23/May/2016:16:55:57 -0300] "POST /cormun/servlet/trsolicitudot?902be5bc90db262a975abd9b889fb7fd,,gx-no-cache=1464029771865 HTTP/1.1" 200 3713
186.78.48.134 - - [23/May/2016:16:56:02 -0300] "GET /cormun/servlet/solicitudot?INS,0,0, HTTP/1.1" 200 11681
186.78.48.134 - - [23/May/2016:16:56:03 -0300] "GET /cormun/servlet/solicitudot?INS,0,0, HTTP/1.1" 200 11686
190.161.236.237 - - [23/May/2016:16:56:09 -0300] "POST /cormun/servlet/trvisualizadoreventos?aa6d615f42276ac41c59769ff5205fd2,,gx-no-cache=1464033387868 HTTP/1.1" 200 3931
186.78.48.134 - - [23/May/2016:16:56:12 -0300] "GET /cormun/servlet/prfichaempleado?,MD,,gxPopupLevel%3D0%3B HTTP/1.1" 200 7917
186.78.48.134 - - [23/May/2016:16:56:12 -0300] "GET /cormun/static/scaMessage/css/jquery-ui.css?104140 HTTP/1.1" 404 1045
190.161.236.237 - - [23/May/2016:16:56:17 -0300] "POST /cormun/servlet/trvisualizadoreventos?aa6d615f42276ac41c59769ff5205fd2,,gx-no-cache=1464033395788 HTTP/1.1" 200 3613
190.161.236.237 - - [23/May/2016:16:56:20 -0300] "POST /cormun/servlet/trvisualizadoreventos?aa6d615f42276ac41c59769ff5205fd2,,gx-no-cache=1464033398630 HTTP/1.1" 200 3931
186.78.48.134 - - [23/May/2016:16:56:27 -0300] "POST /cormun/servlet/prfichaempleado?902be5bc90db262a975abd9b889fb7fd,,MD,,gxPopupLevel%3D0%3B,gx-no-cache=1464029802029 HTTP/1.1" 200 2761
190.161.236.237 - - [23/May/2016:16:56:28 -0300] "GET /cormun/servlet/trautorizarsolicitud? HTTP/1.1" 200 6496
190.161.236.237 - - [23/May/2016:16:56:29 -0300] "GET /cormun/servlet/trautorizarsolicitud? HTTP/1.1" 200 6495
186.78.48.134 - - [23/May/2016:16:56:31 -0300] "POST /cormun/servlet/solicitudot?gx-no-cache=1464029805971 HTTP/1.1" 200 2800
186.78.48.134 - - [23/May/2016:16:56:31 -0300] "POST /cormun/servlet/solicitudot?902be5bc90db262a975abd9b889fb7fd,INS,0,0,,gx-no-cache=1464029806440 HTTP/1.1" 200 8537
186.78.48.134 - - [23/May/2016:16:56:32 -0300] "GET /cormun/servlet/solicitudot?c23172452300dd0b916f422b30f8750b68d641e96c15d96dd7673472a22988c99460a50845ad4519db8516261972a4cd,gx-no-cache=1464029807187 HTTP/1.1" 200 30
186.78.48.134 - - [23/May/2016:16:56:36 -0300] "POST /cormun/servlet/solicitudot?gx-no-cache=1464029811214 HTTP/1.1" 200 30
186.78.48.134 - - [23/May/2016:16:56:41 -0300] "POST /cormun/servlet/solicitudot?gx-no-cache=1464029817069 HTTP/1.1" 200 30
186.78.48.134 - - [23/May/2016:16:56:46 -0300] "POST /cormun/servlet/solicitudot?gx-no-cache=1464029821318 HTTP/1.1" 200 30
190.161.236.237 - - [23/May/2016:16:56:47 -0300] "POST /cormun/servlet/trautorizarsolicitud?aa6d615f42276ac41c59769ff5205fd2,,gx-no-cache=1464033425734 HTTP/1.1" 200 3755
186.78.48.134 - - [23/May/2016:16:56:49 -0300] "POST /cormun/servlet/solicitudot?gx-no-cache=1464029824179 HTTP/1.1" 200 1186
186.78.48.134 - - [23/May/2016:16:56:49 -0300] "GET /cormun/servlet/solicitudot?c23172452300dd0b916f422b30f8750b48937795a04e4ca6d127f0a53937537cbdcbc7fcdfff19f4030d5ff7169070caabd4b15284e4dbc4e578373e3249cae0ab0cbe563cc7fe113c77b15bc9c0de72290c150b50a9c5f5ebb63765a9cd1b1adc86deca015310a7a054d6e9a4053991c56596aca106d88112291691c5b6725d4d1c50898357b5c923ba4e3a86d900d0,gx-no-cache=1464029824343 HTTP/1.1" 200 38
190.161.236.237 - - [23/May/2016:16:56:52 -0300] "POST /cormun/servlet/trautorizarsolicitud?aa6d615f42276ac41c59769ff5205fd2,,gx-no-cache=1464033430901 HTTP/1.1" 200 5180
186.78.48.134 - - [23/May/2016:16:56:56 -0300] "GET /cormun/servlet/solicitudot?c23172452300dd0b916f422b30f8750b5a8bca0fc372a4c77e8161369d6d41a0cccb97f072928306045d98dd53f9ca07d0b464e3eb0091bfc45bcca5b28cf4a4f66e7a331e1d24fb54d97034e2ed344464ad175ef1fedff64a0d2e28fef8cc80903be5a76bd3e0b70d979344181a0979347a9b6fe5079314a30fc57c92679e9e4a049adfe272446692494b1c1aabdea79a1cbef86d23756f000cb25acff1a1f8,gx-no-cache=1464029831342 HTTP/1.1" 200 29
186.78.48.134 - - [23/May/2016:16:56:56 -0300] "POST /cormun/servlet/solicitudot?gx-no-cache=1464029831454 HTTP/1.1" 200 1143
186.78.48.134 - - [23/May/2016:16:56:56 -0300] "GET /cormun/static/menuarrow.gif HTTP/1.1" 404 1015
186.78.48.134 - - [23/May/2016:16:57:07 -0300] "GET /cormun/servlet/solicitudot?c23172452300dd0b916f422b30f8750b42bf32684485a9e7666f4638a72748112a69d835e40dc5f93eb154054540841e6f63faebb50513bbcddf2a9deddac137c27bff86f96ea60f9db4a9e1aa08644063d260b255b597488c60a0c4dd3e44da94e863c5144bf7df78366e37e25fe50da91cdb55b3254a6037f7706208518e078a1c77f23f6f9aa6609e0a5c5284b484a105a742fd24700f111b3acac3099c9933217728d9ea1c21b1fce31145eca766,gx-no-cache=1464029842912 HTTP/1.1" 200 30
186.103.157.98 - - [23/May/2016:16:57:08 -0300] "GET /cormun/servlet/hlogin HTTP/1.1" 200 1713
186.103.157.98 - - [23/May/2016:16:57:10 -0300] "POST /cormun/servlet/hlogin?06b416060abd1e905d45df74b627bcab,gx-no-cache=1464033448449 HTTP/1.1" 200 90
186.103.157.98 - - [23/May/2016:16:57:10 -0300] "GET /cormun/servlet/hpexe_link HTTP/1.1" 200 943
186.103.157.98 - - [23/May/2016:16:57:10 -0300] "GET /cormun/servlet/hhome HTTP/1.1" 200 3615
186.103.157.98 - - [23/May/2016:16:57:11 -0300] "GET /cormun/servlet/hhome HTTP/1.1" 200 3611
186.103.157.98 - - [23/May/2016:16:57:14 -0300] "GET /cormun/servlet/trsolicitudot? HTTP/1.1" 200 6536
190.161.236.237 - - [23/May/2016:16:57:15 -0300] "GET /cormun/servlet/veautorizarsolicitud?2016,1868,, HTTP/1.1" 200 7826
190.161.236.237 - - [23/May/2016:16:57:15 -0300] "GET /cormun/static/gxcfg.js?201631021474341 HTTP/1.1" 200 953
190.161.236.237 - - [23/May/2016:16:57:15 -0300] "GET /cormun/pexe_scrolldiv.js HTTP/1.1" 404 1009
190.161.236.237 - - [23/May/2016:16:57:15 -0300] "GET /cormun/static/veautorizarsolicitud.js?201631021474418 HTTP/1.1" 200 6140
190.161.236.237 - - [23/May/2016:16:57:15 -0300] "GET /cormun/static/hwcviewtabs.js?20151120014372 HTTP/1.1" 200 1074
190.161.236.237 - - [23/May/2016:16:57:15 -0300] "GET /cormun/static/hpexe_tabsview.js?20151120014350 HTTP/1.1" 200 1661
190.161.236.237 - - [23/May/2016:16:57:15 -0300] "GET /cormun/static/Resources/PXToolsTabLastUnselected.png HTTP/1.1" 200 1291
190.161.236.237 - - [23/May/2016:16:57:15 -0300] "GET /cormun/static/Resources/PXToolsTabNext.gif HTTP/1.1" 200 168
190.161.236.237 - - [23/May/2016:16:57:15 -0300] "GET /cormun/static/Resources/PXToolsTabFirstSelected.png HTTP/1.1" 200 1259
190.161.236.237 - - [23/May/2016:16:57:15 -0300] "GET /cormun/static/Resources/PXToolsTabPrevious.gif HTTP/1.1" 200 172
190.161.236.237 - - [23/May/2016:16:57:15 -0300] "GET /cormun/static/tbautorizarsolicitud01.js?201631022495836 HTTP/1.1" 200 28339
186.103.157.98 - - [23/May/2016:16:57:16 -0300] "GET /cormun/servlet/trsolicitudot? HTTP/1.1" 200 6536
190.161.236.237 - - [23/May/2016:16:57:16 -0300] "GET /cormun/static/calendar-system.css HTTP/1.1" 200 5572
190.161.236.237 - - [23/May/2016:16:57:16 -0300] "GET /cormun/static/Resources/PXToolsTabBackSelected.png HTTP/1.1" 200 1157
190.161.236.237 - - [23/May/2016:16:57:16 -0300] "GET /cormun/static/Resources/PXToolsTabBackUnselected.png HTTP/1.1" 200 1175
190.161.236.237 - - [23/May/2016:16:57:16 -0300] "GET /cormun/static/Resources/PXToolsTabUnselectedUnselected.png HTTP/1.1" 200 1459
190.161.236.237 - - [23/May/2016:16:57:16 -0300] "GET /cormun/static/Resources/PXToolsTabSelectedUnselected.png HTTP/1.1" 200 1428
190.161.236.237 - - [23/May/2016:16:57:16 -0300] "GET /cormun/servlet/veautorizarsolicitud?2016,1868,, HTTP/1.1" 200 7826
186.103.157.98 - - [23/May/2016:16:57:19 -0300] "GET /cormun/servlet/solicitudot?INS,0,0, HTTP/1.1" 200 11758
186.103.157.98 - - [23/May/2016:16:57:20 -0300] "GET /cormun/servlet/solicitudot?INS,0,0, HTTP/1.1" 200 11763
186.78.48.134 - - [23/May/2016:16:57:20 -0300] "POST /cormun/servlet/solicitudot?902be5bc90db262a975abd9b889fb7fd,INS,0,0,,gx-no-cache=1464029854752 HTTP/1.1" 200 93
186.78.48.134 - - [23/May/2016:16:57:20 -0300] "GET /cormun/servlet/hpexe_return? HTTP/1.1" 200 999
186.78.48.134 - - [23/May/2016:16:57:20 -0300] "GET /cormun/servlet/trsolicitudot? HTTP/1.1" 200 7777
186.78.48.134 - - [23/May/2016:16:57:21 -0300] "GET /cormun/servlet/trsolicitudot? HTTP/1.1" 200 7773
186.78.48.134 - - [23/May/2016:16:57:24 -0300] "POST /cormun/servlet/trsolicitudot?902be5bc90db262a975abd9b889fb7fd,,gx-no-cache=1464029858858 HTTP/1.1" 200 3860
190.161.236.237 - - [23/May/2016:16:57:24 -0300] "GET /cormun/servlet/veautorizarsolicitud?2016,1868,,SolicitudOTAdjuntos HTTP/1.1" 200 6832
190.161.236.237 - - [23/May/2016:16:57:24 -0300] "GET /cormun/static/tbautorizarsolicitud02.js?201631022373955 HTTP/1.1" 200 14738
190.161.236.237 - - [23/May/2016:16:57:24 -0300] "GET /cormun/pexe_scrolldiv.js HTTP/1.1" 404 1009
186.78.48.134 - - [23/May/2016:16:57:25 -0300] "POST /cormun/servlet/trsolicitudot?902be5bc90db262a975abd9b889fb7fd,,gx-no-cache=1464029859588 HTTP/1.1" 200 3704
190.161.236.237 - - [23/May/2016:16:57:25 -0300] "GET /cormun/static/Resources/PXToolsTabUnselectedSelected.png HTTP/1.1" 200 1444
190.161.236.237 - - [23/May/2016:16:57:25 -0300] "GET /cormun/static/gxui/gxui-all.css HTTP/1.1" 200 2179
190.161.236.237 - - [23/May/2016:16:57:25 -0300] "GET /cormun/static/Resources/PXToolsTabFirstUnselected.png HTTP/1.1" 200 1264
190.161.236.237 - - [23/May/2016:16:57:26 -0300] "GET /cormun/servlet/veautorizarsolicitud?2016,1868,,SolicitudOTAdjuntos HTTP/1.1" 200 6832
190.161.236.237 - - [23/May/2016:16:57:26 -0300] "POST /cormun/servlet/acontrolpreferencessavestate?None,GFAUNDEZ,true HTTP/1.1" 200 35
190.161.236.237 - - [23/May/2016:16:57:27 -0300] "GET /cormun/static/Shared/ext/resources/css/ext-all.css HTTP/1.1" 200 416045
190.161.236.237 - - [23/May/2016:16:57:36 -0300] "GET /cormun/servlet/veautorizarsolicitud?2016,1868,, HTTP/1.1" 200 7826
190.161.236.237 - - [23/May/2016:16:57:37 -0300] "GET /cormun/servlet/veautorizarsolicitud?2016,1868,, HTTP/1.1" 200 7826
190.161.236.237 - - [23/May/2016:16:57:39 -0300] "GET /cormun/servlet/trautorizarsolicitud? HTTP/1.1" 200 7768
190.161.236.237 - - [23/May/2016:16:57:40 -0300] "GET /cormun/servlet/trautorizarsolicitud? HTTP/1.1" 200 7767
186.78.48.134 - - [23/May/2016:16:57:42 -0300] "GET /cormun/servlet/hlogin HTTP/1.1" 200 1727
190.161.236.237 - - [23/May/2016:16:57:43 -0300] "POST /cormun/servlet/trautorizarsolicitud?aa6d615f42276ac41c59769ff5205fd2,,gx-no-cache=1464033481926 HTTP/1.1" 200 3883
190.161.236.237 - - [23/May/2016:16:57:43 -0300] "GET /cormun/static/Shared/jqueryui/images/ui-bg_flat_55_fafafa_40x100.png HTTP/1.1" 404 1097
190.161.236.237 - - [23/May/2016:16:57:43 -0300] "GET /cormun/static/Shared/jqueryui/images/ui-icons_82798d_256x240.png HTTP/1.1" 404 1089
190.161.236.237 - - [23/May/2016:16:57:43 -0300] "GET /cormun/static/Shared/jqueryui/images/ui-bg_highlight-soft_100_c6c2c8_1x100.png HTTP/1.1" 404 1117
190.161.236.237 - - [23/May/2016:16:57:43 -0300] "GET /cormun/static/Shared/jqueryui/images/ui-icons_8d78a5_256x240.png HTTP/1.1" 404 1089
190.161.236.237 - - [23/May/2016:16:57:44 -0300] "POST /cormun/servlet/trautorizarsolicitud?aa6d615f42276ac41c59769ff5205fd2,,gx-no-cache=1464033482562 HTTP/1.1" 200 3734
186.78.48.134 - - [23/May/2016:16:57:57 -0300] "POST /cormun/servlet/hlogin?902be5bc90db262a975abd9b889fb7fd,gx-no-cache=1464029892731 HTTP/1.1" 200 442
186.78.48.134 - - [23/May/2016:16:58:05 -0300] "POST /cormun/servlet/hlogin?902be5bc90db262a975abd9b889fb7fd,gx-no-cache=1464029899970 HTTP/1.1" 200 90
186.78.48.134 - - [23/May/2016:16:58:05 -0300] "GET /cormun/servlet/hpexe_link HTTP/1.1" 200 943
186.78.48.134 - - [23/May/2016:16:58:05 -0300] "GET /cormun/servlet/hhome HTTP/1.1" 200 3580
186.78.48.134 - - [23/May/2016:16:58:06 -0300] "GET /cormun/servlet/hhome HTTP/1.1" 200 3575
186.78.48.134 - - [23/May/2016:16:58:18 -0300] "GET /cormun/servlet/trsolicitudot? HTTP/1.1" 200 6497
186.78.48.134 - - [23/May/2016:16:58:19 -0300] "GET /cormun/servlet/trsolicitudot? HTTP/1.1" 200 6496
186.78.48.134 - - [23/May/2016:16:58:22 -0300] "GET /cormun/servlet/trautorizarsolicitud? HTTP/1.1" 200 9605
186.78.48.134 - - [23/May/2016:16:58:22 -0300] "GET /cormun/static/gxcfg.js?201632119361219 HTTP/1.1" 304 -
186.78.48.134 - - [23/May/2016:16:58:23 -0300] "GET /cormun/servlet/trautorizarsolicitud? HTTP/1.1" 200 9605
186.78.48.134 - - [23/May/2016:16:58:37 -0300] "POST /cormun/servlet/trautorizarsolicitud?902be5bc90db262a975abd9b889fb7fd,,gx-no-cache=1464029932607 HTTP/1.1" 200 115
186.78.48.134 - - [23/May/2016:16:58:38 -0300] "GET /cormun/servlet/solicitudotlog?INS,2016,1856,0,REC, HTTP/1.1" 200 5281
186.78.48.134 - - [23/May/2016:16:58:38 -0300] "GET /cormun/static/gxcfg.js?201631622494164 HTTP/1.1" 200 953
186.78.48.134 - - [23/May/2016:16:58:38 -0300] "GET /cormun/static/solicitudotlog.js?201631622494176 HTTP/1.1" 200 8270
186.78.48.134 - - [23/May/2016:16:58:39 -0300] "GET /cormun/servlet/solicitudotlog?INS,2016,1856,0,REC, HTTP/1.1" 200 5281
186.78.48.134 - - [23/May/2016:16:58:39 -0300] "GET /cormun/servlet/solicitudotlog?c23172452300dd0b916f422b30f8750b656aacff3f5240f239f8c86ce6a00df7,gx-no-cache=1464029934969 HTTP/1.1" 200 26
186.78.48.134 - - [23/May/2016:16:58:46 -0300] "GET /cormun/servlet/hlogin HTTP/1.1" 200 1746
186.103.157.98 - - [23/May/2016:16:58:52 -0300] "POST /cormun/servlet/solicitudot?gx-no-cache=1464033550295 HTTP/1.1" 200 2762
186.103.157.98 - - [23/May/2016:16:58:52 -0300] "POST /cormun/servlet/solicitudot?06b416060abd1e905d45df74b627bcab,INS,0,0,,gx-no-cache=1464033550764 HTTP/1.1" 200 8552
186.103.157.98 - - [23/May/2016:16:58:54 -0300] "POST /cormun/servlet/solicitudot?06b416060abd1e905d45df74b627bcab,INS,0,0,,gx-no-cache=1464033552901 HTTP/1.1" 200 93
186.103.157.98 - - [23/May/2016:16:58:54 -0300] "GET /cormun/servlet/hpexe_return? HTTP/1.1" 200 1001
186.103.157.98 - - [23/May/2016:16:58:55 -0300] "GET /cormun/servlet/trsolicitudot HTTP/1.1" 200 7810
186.103.157.98 - - [23/May/2016:16:58:55 -0300] "GET /cormun/servlet/trsolicitudot HTTP/1.1" 200 7806
186.103.159.182 - - [23/May/2016:16:58:56 -0300] "GET /cormun/servlet/solicitudot?INS,0,0, HTTP/1.1" 200 11764
186.103.159.182 - - [23/May/2016:16:58:59 -0300] "GET /cormun/servlet/solicitudot?INS,0,0, HTTP/1.1" 200 11750
186.78.48.134 - - [23/May/2016:16:59:05 -0300] "POST /cormun/servlet/hlogin?902be5bc90db262a975abd9b889fb7fd,gx-no-cache=1464029960219 HTTP/1.1" 200 90
186.103.159.182 - - [23/May/2016:16:59:05 -0300] "POST /cormun/servlet/solicitudot?gx-no-cache=1464033565173 HTTP/1.1" 200 2677
186.78.48.134 - - [23/May/2016:16:59:05 -0300] "GET /cormun/servlet/hpexe_link HTTP/1.1" 200 943
186.78.48.134 - - [23/May/2016:16:59:05 -0300] "GET /cormun/servlet/hhome HTTP/1.1" 200 3560
186.103.159.182 - - [23/May/2016:16:59:05 -0300] "POST /cormun/servlet/solicitudot?c598ff6876e9cff5e3bf73a6846a3022,INS,0,0,,gx-no-cache=1464033565516 HTTP/1.1" 200 8468
186.78.48.134 - - [23/May/2016:16:59:06 -0300] "GET /cormun/servlet/hhome HTTP/1.1" 200 3557
186.103.159.182 - - [23/May/2016:16:59:06 -0300] "GET /cormun/servlet/solicitudot?34b504c9abe9e0071b294bf019dc91f2e025ee6d01a6578c71e9c80f1c50e890d1cb1ad7862d6225131fd92f40c1285d,gx-no-cache=1464033566547 HTTP/1.1" 200 111
186.103.157.98 - - [23/May/2016:16:59:10 -0300] "GET /cormun/servlet/treventos?2016,1872, HTTP/1.1" 200 5365
186.103.157.98 - - [23/May/2016:16:59:10 -0300] "GET /cormun/static/gxcfg.js?2016311731661 HTTP/1.1" 200 953
186.103.157.98 - - [23/May/2016:16:59:11 -0300] "GET /cormun/static/treventos.js?2016311731865 HTTP/1.1" 200 15094
186.103.157.98 - - [23/May/2016:16:59:11 -0300] "GET /cormun/servlet/treventos?2016,1872, HTTP/1.1" 200 5365
186.78.48.134 - - [23/May/2016:16:59:12 -0300] "GET /cormun/servlet/trsolicitudot? HTTP/1.1" 200 6475
186.78.48.134 - - [23/May/2016:16:59:13 -0300] "GET /cormun/servlet/trsolicitudot? HTTP/1.1" 200 6474
186.103.157.98 - - [23/May/2016:16:59:16 -0300] "GET /cormun/servlet/trsolicitudot HTTP/1.1" 200 7810
186.103.157.98 - - [23/May/2016:16:59:16 -0300] "GET /cormun/servlet/trsolicitudot HTTP/1.1" 200 7806
186.78.48.134 - - [23/May/2016:16:59:17 -0300] "GET /cormun/servlet/solicitudot?INS,0,0, HTTP/1.1" 200 11682
186.103.159.182 - - [23/May/2016:16:59:17 -0300] "POST /cormun/servlet/solicitudot?gx-no-cache=1464033577390 HTTP/1.1" 200 2681
186.78.48.134 - - [23/May/2016:16:59:18 -0300] "GET /cormun/servlet/solicitudot?INS,0,0, HTTP/1.1" 200 11686
186.103.159.182 - - [23/May/2016:16:59:18 -0300] "POST /cormun/servlet/solicitudot?c598ff6876e9cff5e3bf73a6846a3022,INS,0,0,,gx-no-cache=1464033577690 HTTP/1.1" 200 8529
186.103.159.182 - - [23/May/2016:16:59:18 -0300] "GET /cormun/servlet/solicitudot?34b504c9abe9e0071b294bf019dc91f2d88f53b87ae56856697c7d1de8eb7172ceeddce38aeb0d19f671c52373a336fb,gx-no-cache=1464033578916 HTTP/1.1" 200 30
186.78.48.134 - - [23/May/2016:16:59:22 -0300] "GET /cormun/servlet/prfichaempleado?,MD,,gxPopupLevel%3D0%3B HTTP/1.1" 200 7917
186.78.48.134 - - [23/May/2016:16:59:22 -0300] "GET /cormun/static/scaMessage/css/jquery-ui.css?104140 HTTP/1.1" 404 1045
186.103.157.98 - - [23/May/2016:16:59:35 -0300] "GET /cormun/servlet/trsolicitudot? HTTP/1.1" 200 7806
186.78.48.134 - - [23/May/2016:16:59:35 -0300] "POST /cormun/servlet/prfichaempleado?902be5bc90db262a975abd9b889fb7fd,,MD,,gxPopupLevel%3D0%3B,gx-no-cache=1464029990272 HTTP/1.1" 200 2759
186.103.157.98 - - [23/May/2016:16:59:35 -0300] "GET /cormun/servlet/trsolicitudot? HTTP/1.1" 200 7806
186.78.48.134 - - [23/May/2016:17:00:19 -0300] "POST /cormun/servlet/solicitudot?gx-no-cache=1464030034032 HTTP/1.1" 200 2790
186.78.48.134 - - [23/May/2016:17:00:20 -0300] "POST /cormun/servlet/solicitudot?902be5bc90db262a975abd9b889fb7fd,INS,0,0,,gx-no-cache=1464030034592 HTTP/1.1" 200 8533
186.78.48.134 - - [23/May/2016:17:00:20 -0300] "GET /cormun/servlet/solicitudot?c23172452300dd0b916f422b30f8750b1bfa7c20452968435bc17fd8002743f59460a50845ad4519db8516261972a4cd,gx-no-cache=1464030035346 HTTP/1.1" 200 30
186.78.48.134 - - [23/May/2016:17:00:24 -0300] "POST /cormun/servlet/solicitudot?gx-no-cache=1464030039308 HTTP/1.1" 200 30
186.78.48.134 - - [23/May/2016:17:00:28 -0300] "POST /cormun/servlet/solicitudot?gx-no-cache=1464030043388 HTTP/1.1" 200 30
186.78.48.134 - - [23/May/2016:17:00:31 -0300] "POST /cormun/servlet/solicitudot?gx-no-cache=1464030046587 HTTP/1.1" 200 1187
186.78.48.134 - - [23/May/2016:17:00:31 -0300] "GET /cormun/servlet/solicitudot?c23172452300dd0b916f422b30f8750b48937795a04e4ca6d127f0a53937537cbdcbc7fcdfff19f4030d5ff7169070caabd4b15284e4dbc4e578373e3249cae0ab0cbe563cc7fe113c77b15bc9c0de72290c150b50a9c5f5ebb63765a9cd1b1adc86deca015310a7a054d6e9a4053991c56596aca106d88112291691c5b6725d4d1c50898357b5c923ba4e3a86d900d0,gx-no-cache=1464030046761 HTTP/1.1" 200 38
186.78.48.134 - - [23/May/2016:17:00:39 -0300] "GET /cormun/servlet/solicitudot?c23172452300dd0b916f422b30f8750b5a8bca0fc372a4c77e8161369d6d41a0cccb97f072928306045d98dd53f9ca07d0b464e3eb0091bfc45bcca5b28cf4a4f66e7a331e1d24fb54d97034e2ed344464ad175ef1fedff64a0d2e28fef8cc80903be5a76bd3e0b70d979344181a0979347a9b6fe5079314a30fc57c92679e9e4a049adfe272446692494b1c1aabdea79a1cbef86d23756f000cb25acff1a1f8,gx-no-cache=1464030054380 HTTP/1.1" 200 29
186.78.48.134 - - [23/May/2016:17:00:39 -0300] "POST /cormun/servlet/solicitudot?gx-no-cache=1464030054462 HTTP/1.1" 200 1144
186.78.48.134 - - [23/May/2016:17:00:39 -0300] "GET /cormun/static/menuarrow.gif HTTP/1.1" 404 1015
186.78.48.134 - - [23/May/2016:17:00:48 -0300] "GET /cormun/servlet/solicitudot?c23172452300dd0b916f422b30f8750b2f21123da877b262244265bfdd6180f805428c56250e9097d3b0168f935fa9036f63faebb50513bbcddf2a9deddac137c27bff86f96ea60f9db4a9e1aa08644063d260b255b597488c60a0c4dd3e44da94e863c5144bf7df78366e37e25fe50da91cdb55b3254a6037f7706208518e078a1c77f23f6f9aa6609e0a5c5284b4843f8bb1f3cf348e093ad4f325474ff1cf391eed0aee2c223185df325b24ac5d90,gx-no-cache=1464030064007 HTTP/1.1" 200 30
186.103.157.98 - - [23/May/2016:17:00:49 -0300] "GET /cormun/servlet/solicitudot?INS,0,0, HTTP/1.1" 200 11757
186.103.157.98 - - [23/May/2016:17:00:50 -0300] "GET /cormun/servlet/solicitudot?INS,0,0, HTTP/1.1" 200 11762
186.103.159.182 - - [23/May/2016:17:01:06 -0300] "POST /cormun/servlet/solicitudot?gx-no-cache=1464033686921 HTTP/1.1" 200 30
186.103.157.98 - - [23/May/2016:17:01:07 -0300] "POST /cormun/servlet/solicitudot?gx-no-cache=1464033683476 HTTP/1.1" 200 2778
186.103.157.98 - - [23/May/2016:17:01:07 -0300] "POST /cormun/servlet/solicitudot?06b416060abd1e905d45df74b627bcab,INS,0,0,,gx-no-cache=1464033685926 HTTP/1.1" 200 8559
186.78.48.134 - - [23/May/2016:17:01:08 -0300] "POST /cormun/servlet/solicitudot?902be5bc90db262a975abd9b889fb7fd,INS,0,0,,gx-no-cache=1464030083302 HTTP/1.1" 200 93
186.78.48.134 - - [23/May/2016:17:01:08 -0300] "GET /cormun/servlet/hpexe_return? HTTP/1.1" 200 999
186.78.48.134 - - [23/May/2016:17:01:09 -0300] "GET /cormun/servlet/trsolicitudot HTTP/1.1" 200 7778
186.78.48.134 - - [23/May/2016:17:01:10 -0300] "GET /cormun/servlet/trsolicitudot HTTP/1.1" 200 7775
186.103.159.182 - - [23/May/2016:17:01:10 -0300] "POST /cormun/servlet/solicitudot?gx-no-cache=1464033690583 HTTP/1.1" 200 30
186.103.159.182 - - [23/May/2016:17:01:11 -0300] "POST /cormun/servlet/solicitudot?gx-no-cache=1464033691789 HTTP/1.1" 200 452
186.103.159.182 - - [23/May/2016:17:01:11 -0300] "GET /cormun/servlet/solicitudot?34b504c9abe9e0071b294bf019dc91f288d0af718cfbd1a91fe61067b2e1fdcbd45fc52a7b769301c7d3c86204730ccd13635bd89618d52e87c4d13e322d0038e82e8c5ab479a3511fec77ed8a001d56e41ad815e6f0d764c59c8841ac36762ce4dd72cb8ef0a5da4b42cb3daf67f4f279baa7385970bf77b5e971de9812c67a4e2c9d8b34ab4852085cb42e7ed8c713,gx-no-cache=1464033691888 HTTP/1.1" 200 38
186.78.48.134 - - [23/May/2016:17:01:19 -0300] "POST /cormun/servlet/trsolicitudot?902be5bc90db262a975abd9b889fb7fd,gx-no-cache=1464030094359 HTTP/1.1" 200 3863
186.78.48.134 - - [23/May/2016:17:01:20 -0300] "POST /cormun/servlet/trsolicitudot?902be5bc90db262a975abd9b889fb7fd,gx-no-cache=1464030095040 HTTP/1.1" 200 3702
186.103.157.98 - - [23/May/2016:17:01:25 -0300] "GET /cormun/servlet/solicitudot?fb6dd768afbd6301d2c64b886afa635a15b37c0c2f7016c4833b22843045ffa41d36b21e6fd7d2dc5560c0dfccacde07,gx-no-cache=1464033703581 HTTP/1.1" 200 30
186.103.157.98 - - [23/May/2016:17:01:25 -0300] "POST /cormun/servlet/solicitudot?gx-no-cache=1464033703640 HTTP/1.1" 200 30
186.103.157.98 - - [23/May/2016:17:01:33 -0300] "POST /cormun/servlet/solicitudot?gx-no-cache=1464033711510 HTTP/1.1" 200 30
186.78.48.134 - - [23/May/2016:17:01:34 -0300] "GET /cormun/servlet/hlogin HTTP/1.1" 200 1727
186.78.48.134 - - [23/May/2016:17:01:45 -0300] "POST /cormun/servlet/hlogin?902be5bc90db262a975abd9b889fb7fd,gx-no-cache=1464030120082 HTTP/1.1" 200 90
186.78.48.134 - - [23/May/2016:17:01:45 -0300] "GET /cormun/servlet/hpexe_link HTTP/1.1" 200 943
186.78.48.134 - - [23/May/2016:17:01:45 -0300] "GET /cormun/servlet/hhome HTTP/1.1" 200 3580
186.103.159.188 - - [23/May/2016:17:01:46 -0300] "GET /cormun/servlet/hlogin HTTP/1.1" 200 1725
186.78.48.134 - - [23/May/2016:17:01:46 -0300] "GET /cormun/servlet/hhome HTTP/1.1" 200 3575
186.103.159.188 - - [23/May/2016:17:01:46 -0300] "GET /cormun/static/gxtimezone.js?85251 HTTP/1.1" 200 5781
186.103.159.188 - - [23/May/2016:17:01:46 -0300] "GET /cormun/static/gxcfg.js?20151120045111 HTTP/1.1" 200 953
186.103.159.188 - - [23/May/2016:17:01:46 -0300] "GET /cormun/static/hlogin.js?20151120045126 HTTP/1.1" 200 2136
186.103.159.188 - - [23/May/2016:17:01:46 -0300] "GET /cormun/static/messages.spa.js?85251 HTTP/1.1" 200 30736
186.103.159.188 - - [23/May/2016:17:01:46 -0300] "GET /cormun/static/Resources/Spanish/PXTools.css?005343 HTTP/1.1" 200 89042
186.103.159.188 - - [23/May/2016:17:01:46 -0300] "GET /cormun/static/Resources/ComunLogin.png HTTP/1.1" 200 17326
186.103.159.188 - - [23/May/2016:17:01:46 -0300] "GET /cormun/static/gxgral.js?85251 HTTP/1.1" 200 384558
186.103.159.188 - - [23/May/2016:17:01:46 -0300] "GET /cormun/static/Resources/indicator.gif HTTP/1.1" 200 1553
186.103.159.188 - - [23/May/2016:17:01:46 -0300] "GET /cormun/static/Resources/PXToolsButtonLeft21.png HTTP/1.1" 200 1287
186.103.159.188 - - [23/May/2016:17:01:46 -0300] "GET /cormun/static/Resources/PXToolsLoginTop.png HTTP/1.1" 200 1337
186.103.159.188 - - [23/May/2016:17:01:46 -0300] "GET /cormun/static/Resources/PXToolsButtonBackground2.png HTTP/1.1" 200 1181
186.103.159.188 - - [23/May/2016:17:01:46 -0300] "GET /cormun/static/Resources/PXToolsLoginBackground.png HTTP/1.1" 200 1164
186.103.159.188 - - [23/May/2016:17:01:46 -0300] "GET /cormun/static/Resources/PXToolsButtonRight21.png HTTP/1.1" 200 1283
186.103.159.188 - - [23/May/2016:17:01:46 -0300] "GET /cormun/servlet/hlogin HTTP/1.1" 200 1729
186.103.159.188 - - [23/May/2016:17:01:46 -0300] "GET /cormun/static/Resources/PXToolsLoginTop.png HTTP/1.1" 200 1337
186.103.159.188 - - [23/May/2016:17:01:46 -0300] "GET /cormun/static/Resources/indicator.gif HTTP/1.1" 200 1553
186.103.159.188 - - [23/May/2016:17:01:46 -0300] "GET /cormun/static/Resources/PXToolsLoginBackground.png HTTP/1.1" 200 1164
186.103.159.188 - - [23/May/2016:17:01:46 -0300] "GET /cormun/static/Resources/PXToolsButtonRight21.png HTTP/1.1" 200 1283
186.103.159.188 - - [23/May/2016:17:01:46 -0300] "GET /cormun/static/Resources/PXToolsButtonBackground2.png HTTP/1.1" 200 1181
186.103.159.188 - - [23/May/2016:17:01:46 -0300] "GET /cormun/static/Resources/PXToolsButtonLeft21.png HTTP/1.1" 200 1287
186.103.159.188 - - [23/May/2016:17:01:46 -0300] "GET /cormun/static/Resources/PXToolsLoginBottom.png HTTP/1.1" 200 1389
186.78.48.134 - - [23/May/2016:17:01:49 -0300] "GET /cormun/servlet/trsolicitudot? HTTP/1.1" 200 6497
186.78.48.134 - - [23/May/2016:17:01:50 -0300] "GET /cormun/servlet/trsolicitudot? HTTP/1.1" 200 6496
186.78.48.134 - - [23/May/2016:17:01:55 -0300] "GET /cormun/servlet/trautorizarsolicitud? HTTP/1.1" 200 9829
186.78.48.134 - - [23/May/2016:17:01:56 -0300] "GET /cormun/servlet/trautorizarsolicitud? HTTP/1.1" 200 9828
186.103.157.98 - - [23/May/2016:17:01:59 -0300] "POST /cormun/servlet/solicitudot?gx-no-cache=1464033738167 HTTP/1.1" 200 1187
186.103.157.98 - - [23/May/2016:17:01:59 -0300] "GET /cormun/servlet/solicitudot?fb6dd768afbd6301d2c64b886afa635a70d4eb09b3e7230eb019d974f0a5337293bf957a5375c287e942870efecae3fbd82ec855927786a4fff55edc810503f3f2f3f09b7d90ba2783ba931e776f35ccec6f37cb54b775ce45ebb8f5ce81d953db0ef8a10afaa7323d2c8d48cfaa465ff94f192b02cb5312bcaa8493e4733bf81352fe45949842de0065e69441796f86,gx-no-cache=1464033738310 HTTP/1.1" 200 38
186.103.157.98 - - [23/May/2016:17:01:59 -0300] "GET /cormun/servlet/solicitudot?fb6dd768afbd6301d2c64b886afa635afd6cb73b79cd70a28aa2fe0ef2f4b87ed09f172d548401c3fc58e5f05e75d8235b1d42fe1d75b9f3375f8735fe2960de868a6839389acdbd2e8d0f5629e4f2b7399bdc319e1a76c35c43bf8a875960c58ebca17a44ce0be79ca017809a90f418ffb6c49c9438884853a956ac0a1f51e5c59627c21f2ad752be8d98a2b235a5be4a873a94bc543ec3f6061355f93db954,gx-no-cache=1464033738344 HTTP/1.1" 200 29
186.103.157.98 - - [23/May/2016:17:01:59 -0300] "POST /cormun/servlet/solicitudot?gx-no-cache=1464033738372 HTTP/1.1" 200 1144
186.103.157.98 - - [23/May/2016:17:01:59 -0300] "GET /cormun/servlet/solicitudot?fb6dd768afbd6301d2c64b886afa635a40d9903e68bdf1eafc3380761c1093dad36c5ec39b1b2cb2ae4a11934b4ab0a5783d41015a9e2485c6e00f30f3185234a1b1f9bfb88063ebbacad0ebb736390336ceda8f065e0a857354b6f69e9b8d05ec8c726db4927da405c32d1d742d2a49b2b60381285fbf596dfeca9e5eb9f94408e797bd9b4c097df96e6c8f8f6c277fae7bc6eadae94ee255033ff6a6c3ad89,gx-no-cache=1464033738482 HTTP/1.1" 200 30
186.103.157.98 - - [23/May/2016:17:02:00 -0300] "POST /cormun/servlet/solicitudot?06b416060abd1e905d45df74b627bcab,INS,0,0,,gx-no-cache=1464033738525 HTTP/1.1" 200 93
186.103.157.98 - - [23/May/2016:17:02:00 -0300] "GET /cormun/servlet/hpexe_return? HTTP/1.1" 200 1001
186.103.157.98 - - [23/May/2016:17:02:00 -0300] "GET /cormun/servlet/trsolicitudot HTTP/1.1" 200 8142
186.103.157.98 - - [23/May/2016:17:02:01 -0300] "GET /cormun/servlet/trsolicitudot HTTP/1.1" 200 8138
186.103.157.98 - - [23/May/2016:17:02:14 -0300] "POST /cormun/servlet/trsolicitudot?06b416060abd1e905d45df74b627bcab,gx-no-cache=1464033752511 HTTP/1.1" 200 105
186.103.157.98 - - [23/May/2016:17:02:14 -0300] "GET /cormun/servlet/solicitudot?DLT,2016,1872, HTTP/1.1" 200 8621
186.103.157.98 - - [23/May/2016:17:02:15 -0300] "GET /cormun/static/Shared/jqueryui/images/ui-bg_highlight-soft_100_c6c2c8_1x100.png HTTP/1.1" 404 1117
186.103.157.98 - - [23/May/2016:17:02:15 -0300] "GET /cormun/static/Shared/jqueryui/images/ui-icons_82798d_256x240.png HTTP/1.1" 404 1089
186.103.157.98 - - [23/May/2016:17:02:15 -0300] "GET /cormun/static/Shared/jqueryui/images/ui-bg_flat_55_fafafa_40x100.png HTTP/1.1" 404 1097
186.103.157.98 - - [23/May/2016:17:02:15 -0300] "GET /cormun/static/Shared/jqueryui/images/ui-icons_8d78a5_256x240.png HTTP/1.1" 404 1089
186.103.157.98 - - [23/May/2016:17:02:15 -0300] "GET /cormun/servlet/solicitudot?DLT,2016,1872, HTTP/1.1" 200 8630
186.78.48.134 - - [23/May/2016:17:02:25 -0300] "GET /cormun/servlet/hlogin HTTP/1.1" 200 1711
186.103.159.182 - - [23/May/2016:17:02:36 -0300] "GET /cormun/servlet/solicitudot?34b504c9abe9e0071b294bf019dc91f2febfd9ae9360cc41ec94edf0000ed65567ff8a5d3729cc4552d21ac0117e403fd62229db827b4377fe895cd67c5602ea5f648a96a0a9f0aba95b98f5b4d350355bc8c8d5117afd9a79958d8747ab13798cc50dc923e01acef49eb99658dff335,gx-no-cache=1464033776499 HTTP/1.1" 200 29
186.103.159.182 - - [23/May/2016:17:02:37 -0300] "POST /cormun/servlet/solicitudot?gx-no-cache=1464033777649 HTTP/1.1" 200 1144
186.78.48.134 - - [23/May/2016:17:02:38 -0300] "POST /cormun/servlet/hlogin?902be5bc90db262a975abd9b889fb7fd,gx-no-cache=1464030173075 HTTP/1.1" 200 90
186.78.48.134 - - [23/May/2016:17:02:38 -0300] "GET /cormun/servlet/hpexe_link HTTP/1.1" 200 943
186.78.48.134 - - [23/May/2016:17:02:38 -0300] "GET /cormun/servlet/hhome HTTP/1.1" 200 3560
186.78.48.134 - - [23/May/2016:17:02:39 -0300] "GET /cormun/servlet/hhome HTTP/1.1" 200 3557
186.103.159.188 - - [23/May/2016:17:02:44 -0300] "GET /cormun/servlet/hlogin HTTP/1.1" 200 1720
186.103.159.188 - - [23/May/2016:17:02:44 -0300] "GET /cormun/static/gxtimezone.js?85251 HTTP/1.1" 200 5781
186.103.159.188 - - [23/May/2016:17:02:44 -0300] "GET /cormun/static/gxcfg.js?20151120045111 HTTP/1.1" 200 953
186.103.159.188 - - [23/May/2016:17:02:44 -0300] "GET /cormun/static/hlogin.js?20151120045126 HTTP/1.1" 200 2136
186.103.159.188 - - [23/May/2016:17:02:44 -0300] "GET /cormun/static/messages.spa.js?85251 HTTP/1.1" 200 30736
186.103.159.188 - - [23/May/2016:17:02:44 -0300] "GET /cormun/static/Resources/Spanish/PXTools.css?005343 HTTP/1.1" 200 89042
186.103.159.188 - - [23/May/2016:17:02:44 -0300] "GET /cormun/static/Resources/ComunLogin.png HTTP/1.1" 200 17326
186.103.159.188 - - [23/May/2016:17:02:44 -0300] "GET /cormun/static/gxgral.js?85251 HTTP/1.1" 200 384558
186.103.159.188 - - [23/May/2016:17:02:44 -0300] "GET /cormun/static/Resources/indicator.gif HTTP/1.1" 200 1553
186.103.159.188 - - [23/May/2016:17:02:44 -0300] "GET /cormun/static/Resources/PXToolsLoginBackground.png HTTP/1.1" 200 1164
186.103.159.188 - - [23/May/2016:17:02:44 -0300] "GET /cormun/static/Resources/PXToolsLoginTop.png HTTP/1.1" 200 1337
186.103.159.188 - - [23/May/2016:17:02:44 -0300] "GET /cormun/static/Resources/PXToolsButtonRight21.png HTTP/1.1" 200 1283
186.103.159.188 - - [23/May/2016:17:02:44 -0300] "GET /cormun/static/Resources/PXToolsButtonLeft21.png HTTP/1.1" 200 1287
186.103.159.188 - - [23/May/2016:17:02:44 -0300] "GET /cormun/static/Resources/PXToolsButtonBackground2.png HTTP/1.1" 200 1181
186.103.159.188 - - [23/May/2016:17:02:44 -0300] "GET /cormun/servlet/hlogin HTTP/1.1" 200 1726
186.103.159.188 - - [23/May/2016:17:02:44 -0300] "GET /cormun/static/Resources/indicator.gif HTTP/1.1" 200 1553
186.103.159.188 - - [23/May/2016:17:02:44 -0300] "GET /cormun/static/Resources/PXToolsLoginTop.png HTTP/1.1" 200 1337
186.103.159.188 - - [23/May/2016:17:02:44 -0300] "GET /cormun/static/Resources/PXToolsLoginBackground.png HTTP/1.1" 200 1164
186.103.159.188 - - [23/May/2016:17:02:44 -0300] "GET /cormun/static/Resources/PXToolsButtonLeft21.png HTTP/1.1" 200 1287
186.103.159.188 - - [23/May/2016:17:02:44 -0300] "GET /cormun/static/Resources/PXToolsButtonRight21.png HTTP/1.1" 200 1283
186.103.159.188 - - [23/May/2016:17:02:44 -0300] "GET /cormun/static/Resources/PXToolsButtonBackground2.png HTTP/1.1" 200 1181
186.103.159.188 - - [23/May/2016:17:02:44 -0300] "GET /cormun/static/Resources/PXToolsLoginBottom.png HTTP/1.1" 200 1389
186.103.159.188 - - [23/May/2016:17:02:53 -0300] "POST /cormun/servlet/hlogin?e761d2301567ee4a9788fb3d10749d58,gx-no-cache=1464033791155 HTTP/1.1" 200 441
186.103.159.188 - - [23/May/2016:17:02:55 -0300] "POST /cormun/servlet/hlogin?e761d2301567ee4a9788fb3d10749d58,gx-no-cache=1464033792481 HTTP/1.1" 200 441
186.103.159.182 - - [23/May/2016:17:02:55 -0300] "GET /cormun/servlet/solicitudot?34b504c9abe9e0071b294bf019dc91f21766b96f513d33dd9629d1e8e36db64e6b1f208a9fb10f139ed36f5db6141f24046794fab613bca6c8455d2e4ce91a92bfb99159c9df9a514d62c3dd8a5b6913af41ecfa65d36cfeb2fdcf2e02abca6741fba90e9d4f56f4d65e26f6a39950bafed68e0a62029f3932a8af26a58cb8e5922df86f20710956f0c8bf4567e400f066538fe057c07584e58706e9d2d914504f455d061f98df7c39cf41547580a2e4,gx-no-cache=1464033795138 HTTP/1.1" 200 30
186.78.48.134 - - [23/May/2016:17:03:01 -0300] "GET /cormun/servlet/trsolicitudot? HTTP/1.1" 200 6475
186.103.159.188 - - [23/May/2016:17:03:01 -0300] "POST /cormun/servlet/hlogin?e761d2301567ee4a9788fb3d10749d58,gx-no-cache=1464033798612 HTTP/1.1" 200 441
186.78.48.134 - - [23/May/2016:17:03:02 -0300] "GET /cormun/servlet/trsolicitudot? HTTP/1.1" 200 6474
186.78.48.134 - - [23/May/2016:17:03:05 -0300] "GET /cormun/servlet/solicitudot?INS,0,0, HTTP/1.1" 200 11681
186.78.48.134 - - [23/May/2016:17:03:06 -0300] "GET /cormun/servlet/solicitudot?INS,0,0, HTTP/1.1" 200 11686
186.103.159.182 - - [23/May/2016:17:03:07 -0300] "POST /cormun/servlet/solicitudot?c598ff6876e9cff5e3bf73a6846a3022,INS,0,0,,gx-no-cache=1464033806818 HTTP/1.1" 200 93
186.103.159.182 - - [23/May/2016:17:03:07 -0300] "GET /cormun/servlet/hpexe_return? HTTP/1.1" 200 1031
186.103.159.182 - - [23/May/2016:17:03:08 -0300] "GET /cormun/servlet/trsolicitudot?gx-no-cache=1464031292859 HTTP/1.1" 200 7668
186.103.159.182 - - [23/May/2016:17:03:10 -0300] "GET /cormun/servlet/trsolicitudot?gx-no-cache=1464031292859 HTTP/1.1" 200 7685
186.103.157.98 - - [23/May/2016:17:03:13 -0300] "POST /cormun/servlet/solicitudot?06b416060abd1e905d45df74b627bcab,DLT,2016,1872,,gx-no-cache=1464033811099 HTTP/1.1" 200 93
186.103.157.98 - - [23/May/2016:17:03:13 -0300] "GET /cormun/servlet/hpexe_return? HTTP/1.1" 200 1007
