186.103.159.182 - - [23/May/2016:16:08:39 -0300] "GET /cormun/servlet/hpexe_link HTTP/1.1" 200 959
186.103.159.182 - - [23/May/2016:16:08:40 -0300] "GET /cormun/servlet/trsolicitudot HTTP/1.1" 200 6347
186.103.159.46 - - [23/May/2016:16:08:40 -0300] "POST /cormun/servlet/trsolicitudot?49c4f0608bce54fb596e7a7710a9b34f,,gx-no-cache=1464030538260 HTTP/1.1" 200 3761
186.103.159.46 - - [23/May/2016:16:08:42 -0300] "GET /cormun/servlet/solicitudot?INS,0,0, HTTP/1.1" 200 11686
186.103.159.182 - - [23/May/2016:16:08:43 -0300] "GET /cormun/servlet/trsolicitudot HTTP/1.1" 200 6346
186.103.159.46 - - [23/May/2016:16:08:46 -0300] "GET /cormun/servlet/solicitudot?INS,0,0, HTTP/1.1" 200 11691
186.103.157.39 - - [23/May/2016:16:08:52 -0300] "POST /cormun/servlet/solicitudot?gx-no-cache=1464030550001 HTTP/1.1" 200 2786
186.103.157.39 - - [23/May/2016:16:08:53 -0300] "POST /cormun/servlet/solicitudot?daef878b891dead0a73ed30418a32890,INS,0,0,,gx-no-cache=1464030550606 HTTP/1.1" 200 8550
191.112.119.131 - - [23/May/2016:16:08:54 -0300] "POST /cormun/servlet/solicitudot?9268c7be0efc5b528f2753c87f8fa50e,INS,0,0,,gx-no-cache=1464030548864 HTTP/1.1" 200 93
191.112.119.131 - - [23/May/2016:16:08:54 -0300] "GET /cormun/servlet/hpexe_return? HTTP/1.1" 200 1018
191.112.119.131 - - [23/May/2016:16:08:55 -0300] "GET /cormun/servlet/trsolicitudot?gx-no-cache=1464030329715 HTTP/1.1" 200 6332
191.112.119.131 - - [23/May/2016:16:08:56 -0300] "GET /cormun/servlet/trsolicitudot?gx-no-cache=1464030329715 HTTP/1.1" 200 6347
186.103.157.39 - - [23/May/2016:16:08:58 -0300] "GET /cormun/servlet/solicitudot?b189bfb9075c7fc49020e6d1569bf45d17f659278843dc328db0036d1ebbd98f12651c62f094d1309583eef29dda343b,gx-no-cache=1464030556349 HTTP/1.1" 200 30
191.112.119.131 - - [23/May/2016:16:08:58 -0300] "GET /cormun/servlet/solicitudot?INS,0,0, HTTP/1.1" 200 11740
186.103.157.39 - - [23/May/2016:16:08:58 -0300] "POST /cormun/servlet/solicitudot?gx-no-cache=1464030556468 HTTP/1.1" 200 30
191.112.119.131 - - [23/May/2016:16:09:00 -0300] "GET /cormun/servlet/solicitudot?INS,0,0, HTTP/1.1" 200 11724
186.103.157.39 - - [23/May/2016:16:09:01 -0300] "POST /cormun/servlet/solicitudot?gx-no-cache=1464030559238 HTTP/1.1" 200 30
186.103.157.39 - - [23/May/2016:16:09:04 -0300] "POST /cormun/servlet/solicitudot?gx-no-cache=1464030562093 HTTP/1.1" 200 1187
186.103.157.39 - - [23/May/2016:16:09:04 -0300] "GET /cormun/servlet/solicitudot?b189bfb9075c7fc49020e6d1569bf45d1ec87e3b7ca6dacc7b24106f1addff2d2ad2d48175537b4f40dad791e0c8e60fe8e45a29081e0f31e996bd42dde9ba330dd559f1a4c92c69ea6533e79e3a2a420030042cb35cf96c240cabad16778c64f854cba6542e2225b885d69c16d92f920b9a34a20de8161db03b8bcd1bfd06a1838281c35d1e8a8e21093e47b872b193,gx-no-cache=1464030562347 HTTP/1.1" 200 38
191.112.119.131 - - [23/May/2016:16:09:06 -0300] "POST /cormun/servlet/solicitudot?gx-no-cache=1464030561413 HTTP/1.1" 200 2782
191.112.119.131 - - [23/May/2016:16:09:08 -0300] "POST /cormun/servlet/solicitudot?9268c7be0efc5b528f2753c87f8fa50e,INS,0,0,,gx-no-cache=1464030563267 HTTP/1.1" 200 8535
186.103.159.46 - - [23/May/2016:16:09:11 -0300] "POST /cormun/servlet/solicitudot?gx-no-cache=1464030569968 HTTP/1.1" 200 2793
191.112.119.131 - - [23/May/2016:16:09:11 -0300] "GET /cormun/servlet/solicitudot?6e8ed94004b015395836519e2fa4bb30c1b60da52d09b9ddb9ad875b202f3f327eec71d63a94cf733d162aff02cbf4b7,gx-no-cache=1464030568792 HTTP/1.1" 200 30
191.112.119.131 - - [23/May/2016:16:09:12 -0300] "POST /cormun/servlet/solicitudot?gx-no-cache=1464030569011 HTTP/1.1" 200 30
186.103.159.46 - - [23/May/2016:16:09:12 -0300] "POST /cormun/servlet/solicitudot?49c4f0608bce54fb596e7a7710a9b34f,INS,0,0,,gx-no-cache=1464030570340 HTTP/1.1" 200 8534
186.103.157.39 - - [23/May/2016:16:09:13 -0300] "GET /cormun/servlet/solicitudot?b189bfb9075c7fc49020e6d1569bf45d2a051efe5b9f2e9c51b2590770d115982e7eeeac03b01ceafda242505479d0b43eec7f84a2a61f801ed270c5d2d1b9e3d846dba6ab6a7dd1f6e1997ea5312cd8b730f4c197d4fc4ae6444265b783a4b0a38d6eb0dce9e2b98c8e933715c80f0087d970f41c2e7ede1698db0013f58f83a58273eae433d7ff37e736df9b2ee6ed74a1f50f8829b4514a51e85567f49acbadd81e33744448b4f255a584d9c16c7086914c59fdb642bae92052a0ded01fa481ba23a7cdbd65cc1cde1573ec720dd5,gx-no-cache=1464030571417 HTTP/1.1" 200 29
186.103.157.39 - - [23/May/2016:16:09:14 -0300] "POST /cormun/servlet/solicitudot?gx-no-cache=1464030571511 HTTP/1.1" 200 1144
186.103.157.39 - - [23/May/2016:16:09:14 -0300] "GET /cormun/static/menuarrow.gif HTTP/1.1" 404 1015
186.103.159.46 - - [23/May/2016:16:09:17 -0300] "GET /cormun/servlet/solicitudot?20ea5d6d81e48518c9a02bea1cae6c5009215dca346a9fac60a1d61e93e4c1727d7cc93816914cf52823d5fd17060e29,gx-no-cache=1464030576237 HTTP/1.1" 200 30
186.103.159.46 - - [23/May/2016:16:09:17 -0300] "POST /cormun/servlet/solicitudot?gx-no-cache=1464030576337 HTTP/1.1" 200 30
191.112.119.131 - - [23/May/2016:16:09:18 -0300] "POST /cormun/servlet/solicitudot?gx-no-cache=1464030575497 HTTP/1.1" 200 30
186.103.159.182 - - [23/May/2016:16:09:31 -0300] "GET /cormun/servlet/solicitudot?INS,0,0, HTTP/1.1" 200 11746
186.103.159.182 - - [23/May/2016:16:09:34 -0300] "GET /cormun/servlet/solicitudot?INS,0,0, HTTP/1.1" 200 11751
186.103.157.39 - - [23/May/2016:16:09:37 -0300] "GET /cormun/servlet/solicitudot?b189bfb9075c7fc49020e6d1569bf45de72f5bf763573f6f1b54f9f4250235ed4ab4f2034984b305e1676dbf7c1abdf83f578498ca71dc0d31f5fb62e520b359c7ed37a63ae640778045b9573ad93d0bf125d5476d051e80ed538a212f92d802e6d6adcebd3f4945ca7e6fd29da0671250f276617271d1d6483c5b638d8f2c367f168868a6f5b4684a6cd50a04ad20d92a9bf8222294878cac69c5a877ce05d9804c93e1ef514ff7fd5bf5c46a02a043,gx-no-cache=1464030594749 HTTP/1.1" 200 30
191.112.119.131 - - [23/May/2016:16:09:38 -0300] "POST /cormun/servlet/solicitudot?gx-no-cache=1464030595585 HTTP/1.1" 200 30
186.103.157.39 - - [23/May/2016:16:09:53 -0300] "POST /cormun/servlet/solicitudot?daef878b891dead0a73ed30418a32890,INS,0,0,,gx-no-cache=1464030610609 HTTP/1.1" 200 93
186.103.157.39 - - [23/May/2016:16:09:53 -0300] "GET /cormun/servlet/hpexe_return? HTTP/1.1" 200 1008
186.103.159.46 - - [23/May/2016:16:09:54 -0300] "POST /cormun/servlet/solicitudot?gx-no-cache=1464030612322 HTTP/1.1" 200 30
186.103.157.39 - - [23/May/2016:16:09:54 -0300] "GET /cormun/servlet/trsolicitudot HTTP/1.1" 200 7796
186.103.157.39 - - [23/May/2016:16:09:56 -0300] "GET /cormun/servlet/trsolicitudot HTTP/1.1" 200 7792
186.103.157.39 - - [23/May/2016:16:10:01 -0300] "POST /cormun/servlet/trsolicitudot?daef878b891dead0a73ed30418a32890,gx-no-cache=1464030618837 HTTP/1.1" 200 3857
186.103.157.39 - - [23/May/2016:16:10:02 -0300] "POST /cormun/servlet/trsolicitudot?daef878b891dead0a73ed30418a32890,gx-no-cache=1464030619481 HTTP/1.1" 200 3699
186.103.157.39 - - [23/May/2016:16:10:06 -0300] "GET /cormun/servlet/solicitudot?INS,0,0, HTTP/1.1" 200 11683
186.103.157.39 - - [23/May/2016:16:10:09 -0300] "GET /cormun/servlet/solicitudot?INS,0,0, HTTP/1.1" 200 11688
191.112.119.131 - - [23/May/2016:16:10:19 -0300] "POST /cormun/servlet/solicitudot?gx-no-cache=1464030635185 HTTP/1.1" 200 1187
191.112.119.131 - - [23/May/2016:16:10:19 -0300] "GET /cormun/servlet/solicitudot?6e8ed94004b015395836519e2fa4bb300ae39e3f973a98c4fe87d4346d7cc0755ef1bb949fae95abdf259777fad0e85436bb991928773437546a6124e242f4c14527547a4309ab7189f094b9ad753d9c122d61fc061c5b647965b2579e16910f449c6b40db9075fb3580a5c33b45ca6b896b68562dcde7dc49e1d59598a4b5e2f09f9a590db08703d9a91a4a43de7ac1,gx-no-cache=1464030636205 HTTP/1.1" 200 38
186.103.157.39 - - [23/May/2016:16:10:23 -0300] "POST /cormun/servlet/solicitudot?gx-no-cache=1464030640568 HTTP/1.1" 200 2785
186.103.157.39 - - [23/May/2016:16:10:23 -0300] "POST /cormun/servlet/solicitudot?daef878b891dead0a73ed30418a32890,INS,0,0,,gx-no-cache=1464030640877 HTTP/1.1" 200 8541
186.103.157.39 - - [23/May/2016:16:10:27 -0300] "GET /cormun/servlet/solicitudot?b189bfb9075c7fc49020e6d1569bf45d14a4c8f14a9ee256d49ba387c742e6b412651c62f094d1309583eef29dda343b,gx-no-cache=1464030645331 HTTP/1.1" 200 30
186.103.157.39 - - [23/May/2016:16:10:27 -0300] "POST /cormun/servlet/solicitudot?gx-no-cache=1464030645432 HTTP/1.1" 200 30
191.112.119.131 - - [23/May/2016:16:10:29 -0300] "GET /cormun/servlet/solicitudot?6e8ed94004b015395836519e2fa4bb30ee0fe90a447f6781af73dce5df5fee77e17810404538cc3f2846b3a61af4a650f57f40c48618b54606d2a00daeb8c5075cf9c4a318d7a56458e6002faee1e08a6d874bfea7c5389fc6a1b80b6c5ae71491fabb71669c90464680066e69ef7448db1d0c3aee0383562f2626d26f4366cfd65a93c4f49579614dfec6a27f66494231478809850b1932962baa08c252fffd274c6e6257490fd6f937a6d382e616df752ea91402026fbd6f58f53776fdc7264d01bfc166bece2d074a8571613af76c,gx-no-cache=1464030646554 HTTP/1.1" 200 29
191.112.119.131 - - [23/May/2016:16:10:30 -0300] "POST /cormun/servlet/solicitudot?gx-no-cache=1464030646752 HTTP/1.1" 200 1143
191.112.119.131 - - [23/May/2016:16:10:30 -0300] "GET /cormun/static/menuarrow.gif HTTP/1.1" 404 1015
186.103.157.39 - - [23/May/2016:16:10:36 -0300] "POST /cormun/servlet/solicitudot?gx-no-cache=1464030653760 HTTP/1.1" 200 30
186.103.157.39 - - [23/May/2016:16:10:39 -0300] "POST /cormun/servlet/solicitudot?gx-no-cache=1464030656711 HTTP/1.1" 200 1186
186.103.157.39 - - [23/May/2016:16:10:39 -0300] "GET /cormun/servlet/solicitudot?b189bfb9075c7fc49020e6d1569bf45d1ec87e3b7ca6dacc7b24106f1addff2d2ad2d48175537b4f40dad791e0c8e60fe8e45a29081e0f31e996bd42dde9ba330dd559f1a4c92c69ea6533e79e3a2a420030042cb35cf96c240cabad16778c64f854cba6542e2225b885d69c16d92f920b9a34a20de8161db03b8bcd1bfd06a1838281c35d1e8a8e21093e47b872b193,gx-no-cache=1464030656824 HTTP/1.1" 200 38
186.103.159.46 - - [23/May/2016:16:10:41 -0300] "POST /cormun/servlet/solicitudot?gx-no-cache=1464030659981 HTTP/1.1" 200 1187
186.103.159.46 - - [23/May/2016:16:10:41 -0300] "GET /cormun/servlet/solicitudot?20ea5d6d81e48518c9a02bea1cae6c50e8a2484af26fe05c80b000079a73b3ea6e3677dd934fd435699f25c76bb5858c1c200757aeeb227ab35c12278a46ff5ca8170f422d2fb0a082692d5353779d4a7c28045deb248fc45fcdb6775498356b8be60ffb1ec4dc83e0e247cf2353b2afad797fc969b79b7cf2d016e48fdcfb0f1edb29b37e742529d352fbba7d450ee6,gx-no-cache=1464030660177 HTTP/1.1" 200 38
186.103.159.46 - - [23/May/2016:16:10:41 -0300] "GET /cormun/servlet/solicitudot?20ea5d6d81e48518c9a02bea1cae6c50ba04bd93110a31da1675ffb4c9cbda035c4842fb629a6351ffddb19f30fd95f426184910b4d20c16eff6c3fc26e9defe52798cf6ea3ab2683008923f2ad23368f55df427b3ab99d91da82db1b520a023bdcf1c8b29b4f7616ab08f61a4562e6d2cc4b95cc57437c79d892d19beda6949e5483e020533fc18ea421d9875dda5617337218135cccf67551ffe49c93df6d1,gx-no-cache=1464030660249 HTTP/1.1" 200 29
186.103.159.46 - - [23/May/2016:16:10:41 -0300] "POST /cormun/servlet/solicitudot?gx-no-cache=1464030660301 HTTP/1.1" 200 1144
186.103.159.46 - - [23/May/2016:16:10:41 -0300] "GET /cormun/static/menuarrow.gif HTTP/1.1" 404 1015
191.112.119.131 - - [23/May/2016:16:10:44 -0300] "GET /cormun/servlet/solicitudot?6e8ed94004b015395836519e2fa4bb30f115ac959469366e024cb0732e56e0001e51660014a2b29a7f529a8412b3bf5ecd986cd213ad108d9deddb3f997020e92ad111b8c8f8e70b6aad7132fda30821f01eb2de8cfb658b4ef2a49cd9affd50802ace5dc89947216f2c5489dc3314b8304161a287397216bd5673fddd454aa922e1e9dbcdbf064e353d2dc89abcba70592f56868029efa5ac1f32b2194614a6fce8a3a99ac5eaa9e94b8a8ceb77fece,gx-no-cache=1464030661028 HTTP/1.1" 200 30
186.103.157.39 - - [23/May/2016:16:10:44 -0300] "GET /cormun/servlet/solicitudot?b189bfb9075c7fc49020e6d1569bf45d2a051efe5b9f2e9c51b2590770d115982e7eeeac03b01ceafda242505479d0b43eec7f84a2a61f801ed270c5d2d1b9e3d846dba6ab6a7dd1f6e1997ea5312cd8b730f4c197d4fc4ae6444265b783a4b0a38d6eb0dce9e2b98c8e933715c80f0087d970f41c2e7ede1698db0013f58f83a58273eae433d7ff37e736df9b2ee6ed74a1f50f8829b4514a51e85567f49acbadd81e33744448b4f255a584d9c16c7086914c59fdb642bae92052a0ded01fa481ba23a7cdbd65cc1cde1573ec720dd5,gx-no-cache=1464030662221 HTTP/1.1" 200 29
186.103.157.39 - - [23/May/2016:16:10:44 -0300] "POST /cormun/servlet/solicitudot?gx-no-cache=1464030662267 HTTP/1.1" 200 1143
186.103.157.39 - - [23/May/2016:16:10:44 -0300] "GET /cormun/static/menuarrow.gif HTTP/1.1" 404 1015
186.103.157.39 - - [23/May/2016:16:11:09 -0300] "GET /cormun/servlet/solicitudot?b189bfb9075c7fc49020e6d1569bf45d94e5c7c68f6ea83d034fec694ab29490c5c0b9746affd0f4a9432c223664f9a53f578498ca71dc0d31f5fb62e520b359c7ed37a63ae640778045b9573ad93d0bf125d5476d051e80ed538a212f92d802e6d6adcebd3f4945ca7e6fd29da0671250f276617271d1d6483c5b638d8f2c367f168868a6f5b4684a6cd50a04ad20d997631558214e1ee0a3145a210a96ca38fa8032dc3f101d6ab9aa77b6d540589a,gx-no-cache=1464030686540 HTTP/1.1" 200 30
186.103.159.46 - - [23/May/2016:16:11:11 -0300] "POST /cormun/servlet/solicitudot?gx-no-cache=1464030689776 HTTP/1.1" 200 1187
186.103.159.46 - - [23/May/2016:16:11:11 -0300] "GET /cormun/servlet/solicitudot?20ea5d6d81e48518c9a02bea1cae6c50e8a2484af26fe05c80b000079a73b3ea6e3677dd934fd435699f25c76bb5858c1c200757aeeb227ab35c12278a46ff5ca8170f422d2fb0a082692d5353779d4a7c28045deb248fc45fcdb6775498356b8be60ffb1ec4dc83e0e247cf2353b2afad797fc969b79b7cf2d016e48fdcfb0f1edb29b37e742529d352fbba7d450ee6,gx-no-cache=1464030690057 HTTP/1.1" 200 38
186.103.159.46 - - [23/May/2016:16:11:11 -0300] "POST /cormun/servlet/solicitudot?gx-no-cache=1464030690173 HTTP/1.1" 200 1144
186.103.157.39 - - [23/May/2016:16:11:21 -0300] "POST /cormun/servlet/solicitudot?daef878b891dead0a73ed30418a32890,INS,0,0,,gx-no-cache=1464030698514 HTTP/1.1" 200 93
186.103.157.39 - - [23/May/2016:16:11:21 -0300] "GET /cormun/servlet/hpexe_return? HTTP/1.1" 200 1030
191.112.119.131 - - [23/May/2016:16:11:22 -0300] "POST /cormun/servlet/solicitudot?gx-no-cache=1464030699231 HTTP/1.1" 200 30
186.103.157.39 - - [23/May/2016:16:11:22 -0300] "GET /cormun/servlet/trsolicitudot?gx-no-cache=1464030619481 HTTP/1.1" 200 7788
186.103.157.39 - - [23/May/2016:16:11:25 -0300] "GET /cormun/servlet/trsolicitudot?gx-no-cache=1464030619481 HTTP/1.1" 200 7804
191.112.119.131 - - [23/May/2016:16:11:25 -0300] "GET /cormun/servlet/prcontratosol?16885004,,,,,MD,,gxPopupLevel%3D0%3B HTTP/1.1" 200 5419
191.112.119.131 - - [23/May/2016:16:11:25 -0300] "GET /cormun/static/Resources/Spanish/PXTools.css?1423257 HTTP/1.1" 304 -
191.112.119.131 - - [23/May/2016:16:11:26 -0300] "GET /cormun/static/gxcfg.js?2016141247819 HTTP/1.1" 304 -
191.112.119.131 - - [23/May/2016:16:11:26 -0300] "GET /cormun/static/prcontratosol.js?2016141247993 HTTP/1.1" 304 -
191.112.119.131 - - [23/May/2016:16:11:26 -0300] "GET /cormun/static/menusearch.js?20163211930269 HTTP/1.1" 304 -
191.112.119.131 - - [23/May/2016:16:11:26 -0300] "GET /cormun/static/hmpwkw011.js?201631021445036 HTTP/1.1" 304 -
186.103.159.46 - - [23/May/2016:16:11:27 -0300] "GET /cormun/servlet/solicitudot?20ea5d6d81e48518c9a02bea1cae6c5009f8dc88e317d6bc8403f07a172d6625882fe9bb48ba2eef420e32caa1cc68d025d7793ab4e8aab6122ec6bf1f1a38bf2c318c705994a2236d63c24318ab822edc862c03e61ae6d421145a236767938324f2370d4d63d625bb67d71bf455ecbcbce6304f15dc91eee4705327c98110a8c8fdcf7e81e34a74ec24488546cfb0f4bb5133f22d8ec2fa7564f78fd65f948f8faa631c1ea749caedc0a4aea0966613,gx-no-cache=1464030706131 HTTP/1.1" 200 30
191.112.119.131 - - [23/May/2016:16:11:30 -0300] "POST /cormun/servlet/solicitudot?gx-no-cache=1464030706737 HTTP/1.1" 200 1187
191.112.119.131 - - [23/May/2016:16:11:30 -0300] "GET /cormun/servlet/solicitudot?6e8ed94004b015395836519e2fa4bb300ae39e3f973a98c4fe87d4346d7cc0755ef1bb949fae95abdf259777fad0e85436bb991928773437546a6124e242f4c14527547a4309ab7189f094b9ad753d9c122d61fc061c5b647965b2579e16910f449c6b40db9075fb3580a5c33b45ca6b896b68562dcde7dc49e1d59598a4b5e28d3dad36faea61225176d9f2aca2577a13579bb29beedbd0de7ab09bde2f19a8,gx-no-cache=1464030707755 HTTP/1.1" 200 41
191.112.119.131 - - [23/May/2016:16:11:31 -0300] "POST /cormun/servlet/solicitudot?gx-no-cache=1464030707945 HTTP/1.1" 200 1143
191.112.119.131 - - [23/May/2016:16:11:32 -0300] "GET /cormun/servlet/prsolicitudot?16885004,,,,,MD,,gxPopupLevel%3D0%3B HTTP/1.1" 200 5597
191.112.119.131 - - [23/May/2016:16:11:32 -0300] "GET /cormun/static/gxcfg.js?201631022393559 HTTP/1.1" 304 -
191.112.119.131 - - [23/May/2016:16:11:32 -0300] "GET /cormun/static/prsolicitudot.js?201631022393730 HTTP/1.1" 304 -
186.103.157.39 - - [23/May/2016:16:11:35 -0300] "POST /cormun/servlet/trsolicitudot?daef878b891dead0a73ed30418a32890,gx-no-cache=1464030619481,gx-no-cache=1464030712825 HTTP/1.1" 200 3852
186.103.157.39 - - [23/May/2016:16:11:36 -0300] "POST /cormun/servlet/trsolicitudot?daef878b891dead0a73ed30418a32890,gx-no-cache=1464030619481,gx-no-cache=1464030713642 HTTP/1.1" 200 3699
186.103.157.39 - - [23/May/2016:16:11:42 -0300] "GET /cormun/servlet/solicitudot?INS,0,0, HTTP/1.1" 200 11705
186.103.157.39 - - [23/May/2016:16:11:44 -0300] "GET /cormun/servlet/solicitudot?INS,0,0, HTTP/1.1" 200 11688
186.103.157.39 - - [23/May/2016:16:12:01 -0300] "POST /cormun/servlet/solicitudot?gx-no-cache=1464030739035 HTTP/1.1" 200 2785
186.103.157.39 - - [23/May/2016:16:12:02 -0300] "POST /cormun/servlet/solicitudot?daef878b891dead0a73ed30418a32890,INS,0,0,,gx-no-cache=1464030739424 HTTP/1.1" 200 8561
186.103.157.39 - - [23/May/2016:16:12:06 -0300] "GET /cormun/servlet/solicitudot?b189bfb9075c7fc49020e6d1569bf45d14a4c8f14a9ee256d49ba387c742e6b412651c62f094d1309583eef29dda343b,gx-no-cache=1464030743628 HTTP/1.1" 200 30
186.103.157.39 - - [23/May/2016:16:12:06 -0300] "POST /cormun/servlet/solicitudot?gx-no-cache=1464030743727 HTTP/1.1" 200 30
186.103.157.39 - - [23/May/2016:16:12:09 -0300] "POST /cormun/servlet/solicitudot?gx-no-cache=1464030746939 HTTP/1.1" 200 30
186.103.157.39 - - [23/May/2016:16:12:13 -0300] "POST /cormun/servlet/solicitudot?gx-no-cache=1464030750822 HTTP/1.1" 200 1186
186.103.157.39 - - [23/May/2016:16:12:13 -0300] "GET /cormun/servlet/solicitudot?b189bfb9075c7fc49020e6d1569bf45d1ec87e3b7ca6dacc7b24106f1addff2d2ad2d48175537b4f40dad791e0c8e60fe8e45a29081e0f31e996bd42dde9ba330dd559f1a4c92c69ea6533e79e3a2a420030042cb35cf96c240cabad16778c64f854cba6542e2225b885d69c16d92f920b9a34a20de8161db03b8bcd1bfd06a1838281c35d1e8a8e21093e47b872b193,gx-no-cache=1464030751077 HTTP/1.1" 200 38
186.78.48.134 - - [23/May/2016:16:12:16 -0300] "GET /cormun/servlet/hlogin HTTP/1.1" 200 1711
186.78.48.134 - - [23/May/2016:16:12:17 -0300] "GET /cormun/static/Resources/Spanish/PXTools.css?005343 HTTP/1.1" 304 -
186.78.48.134 - - [23/May/2016:16:12:17 -0300] "GET /cormun/static/gxtimezone.js?85251 HTTP/1.1" 304 -
186.78.48.134 - - [23/May/2016:16:12:17 -0300] "GET /cormun/static/gxcfg.js?20151120045111 HTTP/1.1" 304 -
186.78.48.134 - - [23/May/2016:16:12:17 -0300] "GET /cormun/static/messages.spa.js?85251 HTTP/1.1" 304 -
186.78.48.134 - - [23/May/2016:16:12:17 -0300] "GET /cormun/static/hlogin.js?20151120045126 HTTP/1.1" 304 -
186.78.48.134 - - [23/May/2016:16:12:17 -0300] "GET /cormun/servlet/hlogin HTTP/1.1" 200 1721
186.78.48.134 - - [23/May/2016:16:12:17 -0300] "GET /favicon.ico HTTP/1.1" 200 21630
186.103.157.39 - - [23/May/2016:16:12:18 -0300] "GET /cormun/servlet/solicitudot?b189bfb9075c7fc49020e6d1569bf45d2a051efe5b9f2e9c51b2590770d115982e7eeeac03b01ceafda242505479d0b43eec7f84a2a61f801ed270c5d2d1b9e3d846dba6ab6a7dd1f6e1997ea5312cd8b730f4c197d4fc4ae6444265b783a4b0a38d6eb0dce9e2b98c8e933715c80f0087d970f41c2e7ede1698db0013f58f83a58273eae433d7ff37e736df9b2ee6ed74a1f50f8829b4514a51e85567f49acbadd81e33744448b4f255a584d9c16c7086914c59fdb642bae92052a0ded01fa481ba23a7cdbd65cc1cde1573ec720dd5,gx-no-cache=1464030755924 HTTP/1.1" 200 29
186.103.157.39 - - [23/May/2016:16:12:18 -0300] "POST /cormun/servlet/solicitudot?gx-no-cache=1464030756018 HTTP/1.1" 200 1143
186.103.157.39 - - [23/May/2016:16:12:18 -0300] "GET /cormun/static/menuarrow.gif HTTP/1.1" 404 1015
186.103.159.182 - - [23/May/2016:16:12:26 -0300] "POST /cormun/servlet/solicitudot?gx-no-cache=1464030765775 HTTP/1.1" 200 2677
186.103.159.182 - - [23/May/2016:16:12:26 -0300] "POST /cormun/servlet/solicitudot?c598ff6876e9cff5e3bf73a6846a3022,INS,0,0,,gx-no-cache=1464030766188 HTTP/1.1" 200 8447
186.103.159.182 - - [23/May/2016:16:12:27 -0300] "GET /cormun/servlet/solicitudot?34b504c9abe9e0071b294bf019dc91f2f89d1c6ea2dc89acdf6a5c6d7da05532ceeddce38aeb0d19f671c52373a336fb,gx-no-cache=1464030767000 HTTP/1.1" 200 30
186.78.48.134 - - [23/May/2016:16:12:29 -0300] "POST /cormun/servlet/hlogin?902be5bc90db262a975abd9b889fb7fd,gx-no-cache=1464027164711 HTTP/1.1" 200 90
186.78.48.134 - - [23/May/2016:16:12:29 -0300] "GET /cormun/servlet/hpexe_link HTTP/1.1" 200 943
186.78.48.134 - - [23/May/2016:16:12:29 -0300] "GET /cormun/static/gxcfg.js?20151120044395 HTTP/1.1" 304 -
186.78.48.134 - - [23/May/2016:16:12:30 -0300] "GET /cormun/servlet/hhome HTTP/1.1" 200 3560
186.78.48.134 - - [23/May/2016:16:12:30 -0300] "GET /cormun/static/gxcfg.js?2015112210564248 HTTP/1.1" 304 -
186.78.48.134 - - [23/May/2016:16:12:30 -0300] "GET /cormun/static/hpexe_recentlink.js?2015111312121342 HTTP/1.1" 304 -
186.78.48.134 - - [23/May/2016:16:12:30 -0300] "GET /cormun/static/hwchdr01.js?20162241650484 HTTP/1.1" 304 -
186.78.48.134 - - [23/May/2016:16:12:30 -0300] "GET /cormun/static/hpexe_scripts.js?20151120014546 HTTP/1.1" 304 -
186.78.48.134 - - [23/May/2016:16:12:30 -0300] "GET /cormun/static/cmcontrolpreferences.js?20151120014525 HTTP/1.1" 304 -
186.78.48.134 - - [23/May/2016:16:12:30 -0300] "GET /cormun/static/hmpwkw03.js?201631622503633 HTTP/1.1" 304 -
186.78.48.134 - - [23/May/2016:16:12:30 -0300] "GET /cormun/servlet/hhome HTTP/1.1" 200 3557
186.78.48.134 - - [23/May/2016:16:12:37 -0300] "GET /cormun/servlet/trsolicitudot? HTTP/1.1" 200 6475
186.78.48.134 - - [23/May/2016:16:12:37 -0300] "GET /cormun/static/gxcfg.js?201631022392470 HTTP/1.1" 304 -
186.78.48.134 - - [23/May/2016:16:12:37 -0300] "GET /cormun/static/calendar-es.js?85251 HTTP/1.1" 304 -
186.78.48.134 - - [23/May/2016:16:12:37 -0300] "GET /cormun/static/calendar-setup.js?85251 HTTP/1.1" 304 -
186.78.48.134 - - [23/May/2016:16:12:37 -0300] "GET /cormun/static/gxdec.js?85251 HTTP/1.1" 304 -
186.78.48.134 - - [23/May/2016:16:12:37 -0300] "GET /cormun/static/calendar.js?85251 HTTP/1.1" 304 -
186.78.48.134 - - [23/May/2016:16:12:38 -0300] "GET /cormun/servlet/trsolicitudot? HTTP/1.1" 200 6474
186.103.157.39 - - [23/May/2016:16:12:49 -0300] "GET /cormun/servlet/solicitudot?b189bfb9075c7fc49020e6d1569bf45d94e5c7c68f6ea83d034fec694ab29490c5c0b9746affd0f4a9432c223664f9a53f578498ca71dc0d31f5fb62e520b359c7ed37a63ae640778045b9573ad93d0bf125d5476d051e80ed538a212f92d802e6d6adcebd3f4945ca7e6fd29da0671250f276617271d1d6483c5b638d8f2c367f168868a6f5b4684a6cd50a04ad20d997631558214e1ee0a3145a210a96ca38fa8032dc3f101d6ab9aa77b6d540589a,gx-no-cache=1464030787083 HTTP/1.1" 200 30
186.78.48.134 - - [23/May/2016:16:12:55 -0300] "GET /cormun/servlet/solicitudot?INS,0,0, HTTP/1.1" 200 11681
186.78.48.134 - - [23/May/2016:16:12:55 -0300] "GET /cormun/static/gxcfg.js?201631710541238 HTTP/1.1" 304 -
186.78.48.134 - - [23/May/2016:16:12:55 -0300] "GET /cormun/static/Resources/prompt.gif HTTP/1.1" 200 902
186.78.48.134 - - [23/May/2016:16:12:56 -0300] "GET /cormun/servlet/solicitudot?INS,0,0, HTTP/1.1" 200 11686
186.78.48.134 - - [23/May/2016:16:12:58 -0300] "GET /cormun/static/Resources/resize.gif HTTP/1.1" 200 77
186.78.48.134 - - [23/May/2016:16:13:02 -0300] "GET /cormun/servlet/prfichaempleado?,MD,,gxPopupLevel%3D0%3B HTTP/1.1" 200 7917
186.78.48.134 - - [23/May/2016:16:13:02 -0300] "GET /cormun/static/gxui/gxui-all.css?1917420 HTTP/1.1" 200 2179
186.78.48.134 - - [23/May/2016:16:13:02 -0300] "GET /cormun/static/scaMessage/css/jquery-ui.css?104140 HTTP/1.1" 404 1045
186.78.48.134 - - [23/May/2016:16:13:02 -0300] "GET /cormun/static/scaMessage/css/jquery.pnotify.default.css?1816380 HTTP/1.1" 200 1707
186.78.48.134 - - [23/May/2016:16:13:02 -0300] "GET /cormun/static/gxcfg.js?201511151625694 HTTP/1.1" 200 953
186.78.48.134 - - [23/May/2016:16:13:02 -0300] "GET /cormun/static/Resources/PXToolsMenuSearch.png HTTP/1.1" 200 2914
186.78.48.134 - - [23/May/2016:16:13:02 -0300] "GET /cormun/static/Resources/PXToolsMenuSearchCancel.png HTTP/1.1" 200 2972
186.78.48.134 - - [23/May/2016:16:13:02 -0300] "GET /cormun/static/Resources/Spanish/PXTools.css?16184758 HTTP/1.1" 200 89042
186.103.159.46 - - [23/May/2016:16:13:21 -0300] "POST /cormun/servlet/solicitudot?49c4f0608bce54fb596e7a7710a9b34f,INS,0,0,,gx-no-cache=1464030819596 HTTP/1.1" 200 93
186.103.159.46 - - [23/May/2016:16:13:21 -0300] "GET /cormun/servlet/hpexe_return? HTTP/1.1" 200 1006
186.103.159.46 - - [23/May/2016:16:13:21 -0300] "GET /cormun/static/gxcfg.js?2015111312145050 HTTP/1.1" 200 953
186.103.159.46 - - [23/May/2016:16:13:21 -0300] "GET /cormun/static/hpexe_return.js?2015111312145056 HTTP/1.1" 200 1633
186.103.159.46 - - [23/May/2016:16:13:21 -0300] "GET /cormun/static/Resources/Spanish/PXTools.css?12112540 HTTP/1.1" 200 89042
186.103.159.46 - - [23/May/2016:16:13:22 -0300] "GET /cormun/servlet/trsolicitudot? HTTP/1.1" 200 6527
186.78.48.134 - - [23/May/2016:16:13:23 -0300] "POST /cormun/servlet/prfichaempleado?902be5bc90db262a975abd9b889fb7fd,,MD,,gxPopupLevel%3D0%3B,gx-no-cache=1464027218029 HTTP/1.1" 200 2759
186.103.159.46 - - [23/May/2016:16:13:25 -0300] "GET /cormun/servlet/trsolicitudot? HTTP/1.1" 200 6523
186.103.157.39 - - [23/May/2016:16:13:30 -0300] "GET /cormun/servlet/solicitudot?b189bfb9075c7fc49020e6d1569bf45d94e5c7c68f6ea83d034fec694ab29490c5c0b9746affd0f4a9432c223664f9a53f578498ca71dc0d31f5fb62e520b359c7ed37a63ae640778045b9573ad93d0bf125d5476d051e80ed538a212f92d802e6d6adcebd3f4945ca7e6fd29da0671250f276617271d1d6483c5b638d8f2c367f168868a6f5b4684a6cd50a04ad20d997631558214e1ee0a3145a210a96ca38fa8032dc3f101d6ab9aa77b6d540589a,gx-no-cache=1464030828140 HTTP/1.1" 200 30
186.103.157.39 - - [23/May/2016:16:13:31 -0300] "POST /cormun/servlet/solicitudot?daef878b891dead0a73ed30418a32890,INS,0,0,,gx-no-cache=1464030828230 HTTP/1.1" 200 93
191.112.119.131 - - [23/May/2016:16:13:31 -0300] "POST /cormun/servlet/solicitudot?gx-no-cache=1464030827126 HTTP/1.1" 200 1185
186.103.157.39 - - [23/May/2016:16:13:31 -0300] "GET /cormun/servlet/hpexe_return? HTTP/1.1" 200 1030
186.78.48.134 - - [23/May/2016:16:13:32 -0300] "POST /cormun/servlet/solicitudot?gx-no-cache=1464027227025 HTTP/1.1" 200 2790
186.103.157.39 - - [23/May/2016:16:13:32 -0300] "GET /cormun/servlet/trsolicitudot?gx-no-cache=1464030619481 HTTP/1.1" 200 7788
186.78.48.134 - - [23/May/2016:16:13:33 -0300] "POST /cormun/servlet/solicitudot?902be5bc90db262a975abd9b889fb7fd,INS,0,0,,gx-no-cache=1464027227600 HTTP/1.1" 200 8533
186.78.48.134 - - [23/May/2016:16:13:33 -0300] "GET /cormun/servlet/solicitudot?c23172452300dd0b916f422b30f8750b1bfa7c20452968435bc17fd8002743f59460a50845ad4519db8516261972a4cd,gx-no-cache=1464027228357 HTTP/1.1" 200 30
186.103.157.39 - - [23/May/2016:16:13:34 -0300] "GET /cormun/servlet/trsolicitudot?gx-no-cache=1464030619481 HTTP/1.1" 200 7804
186.103.159.46 - - [23/May/2016:16:13:36 -0300] "GET /cormun/servlet/solicitudot?INS,0,0, HTTP/1.1" 200 11685
186.78.48.134 - - [23/May/2016:16:13:36 -0300] "POST /cormun/servlet/solicitudot?gx-no-cache=1464027231328 HTTP/1.1" 200 30
186.103.157.39 - - [23/May/2016:16:13:37 -0300] "POST /cormun/servlet/trsolicitudot?daef878b891dead0a73ed30418a32890,gx-no-cache=1464030619481,gx-no-cache=1464030834413 HTTP/1.1" 200 3854
186.103.157.39 - - [23/May/2016:16:13:38 -0300] "POST /cormun/servlet/trsolicitudot?daef878b891dead0a73ed30418a32890,gx-no-cache=1464030619481,gx-no-cache=1464030835203 HTTP/1.1" 200 3699
186.103.159.46 - - [23/May/2016:16:13:38 -0300] "GET /cormun/servlet/solicitudot?INS,0,0, HTTP/1.1" 200 11690
186.78.48.134 - - [23/May/2016:16:13:39 -0300] "POST /cormun/servlet/solicitudot?gx-no-cache=1464027235119 HTTP/1.1" 200 30
186.103.159.46 - - [23/May/2016:16:13:44 -0300] "GET /cormun/servlet/trsolicitudot? HTTP/1.1" 200 6527
191.112.119.131 - - [23/May/2016:16:13:44 -0300] "GET /cormun/servlet/solicitudot?6e8ed94004b015395836519e2fa4bb300ae39e3f973a98c4fe87d4346d7cc0755ef1bb949fae95abdf259777fad0e85436bb991928773437546a6124e242f4c14527547a4309ab7189f094b9ad753d9c122d61fc061c5b647965b2579e16910f449c6b40db9075fb3580a5c33b45ca6b896b68562dcde7dc49e1d59598a4b5e217aefd0dde5629dd59a2d279c59a9f050f0123e1435e403bd9de0384f4f57702,gx-no-cache=1464030841335 HTTP/1.1" 200 38
186.78.48.134 - - [23/May/2016:16:13:44 -0300] "POST /cormun/servlet/solicitudot?gx-no-cache=1464027239863 HTTP/1.1" 200 1187
186.78.48.134 - - [23/May/2016:16:13:44 -0300] "GET /cormun/servlet/solicitudot?c23172452300dd0b916f422b30f8750b48937795a04e4ca6d127f0a53937537cbdcbc7fcdfff19f4030d5ff7169070caabd4b15284e4dbc4e578373e3249cae0ab0cbe563cc7fe113c77b15bc9c0de72290c150b50a9c5f5ebb63765a9cd1b1adc86deca015310a7a054d6e9a4053991c56596aca106d88112291691c5b6725d4d1c50898357b5c923ba4e3a86d900d0,gx-no-cache=1464027240081 HTTP/1.1" 200 38
191.112.119.131 - - [23/May/2016:16:13:45 -0300] "POST /cormun/servlet/solicitudot?gx-no-cache=1464030841539 HTTP/1.1" 200 1143
186.103.159.46 - - [23/May/2016:16:13:46 -0300] "GET /cormun/servlet/trsolicitudot? HTTP/1.1" 200 6523
186.103.157.39 - - [23/May/2016:16:13:47 -0300] "GET /cormun/servlet/hlogin HTTP/1.1" 200 1757
186.103.159.46 - - [23/May/2016:16:13:49 -0300] "GET /cormun/servlet/solicitudot?INS,0,0, HTTP/1.1" 200 11685
186.78.48.134 - - [23/May/2016:16:13:50 -0300] "GET /cormun/servlet/solicitudot?c23172452300dd0b916f422b30f8750b5a8bca0fc372a4c77e8161369d6d41a0cccb97f072928306045d98dd53f9ca07d0b464e3eb0091bfc45bcca5b28cf4a4f66e7a331e1d24fb54d97034e2ed344464ad175ef1fedff64a0d2e28fef8cc80903be5a76bd3e0b70d979344181a0979347a9b6fe5079314a30fc57c92679e9e4a049adfe272446692494b1c1aabdea79a1cbef86d23756f000cb25acff1a1f8,gx-no-cache=1464027245664 HTTP/1.1" 200 29
186.78.48.134 - - [23/May/2016:16:13:50 -0300] "POST /cormun/servlet/solicitudot?gx-no-cache=1464027245743 HTTP/1.1" 200 1144
186.78.48.134 - - [23/May/2016:16:13:50 -0300] "GET /cormun/static/menuarrow.gif HTTP/1.1" 404 1015
186.103.159.46 - - [23/May/2016:16:13:51 -0300] "GET /cormun/servlet/solicitudot?INS,0,0, HTTP/1.1" 200 11690
191.112.119.131 - - [23/May/2016:16:13:57 -0300] "GET /cormun/servlet/solicitudot?6e8ed94004b015395836519e2fa4bb30f115ac959469366e024cb0732e56e000e52c3d7eb1ad182846fc11b1fd39e4a9c6b8f475cf9b033c5f8f45bc897b848d2906480bd9bba27b73560ffd7ea65151d152fced72a684feeaf78a62f74154ab49acda71c6d034ed98a3146908a44801dd2be602d38fb4de922fa3ebdf37adeeddd67028b4872a464edd9b9c1e344e6ed898352ba6b696afb96be2388f1cd1575c5facdb13318f166672d1c4270584095f872832ffe4b341fd28d6b9e13cdcf0,gx-no-cache=1464030854226 HTTP/1.1" 200 30
186.103.159.46 - - [23/May/2016:16:14:00 -0300] "GET /cormun/servlet/trvisualizadoreventos? HTTP/1.1" 200 6624
186.103.159.46 - - [23/May/2016:16:14:02 -0300] "GET /cormun/servlet/trvisualizadoreventos? HTTP/1.1" 200 6618
186.103.159.46 - - [23/May/2016:16:14:07 -0300] "POST /cormun/servlet/trvisualizadoreventos?49c4f0608bce54fb596e7a7710a9b34f,,gx-no-cache=1464030865776 HTTP/1.1" 200 3909
186.103.157.39 - - [23/May/2016:16:14:08 -0300] "POST /cormun/servlet/hlogin?daef878b891dead0a73ed30418a32890,gx-no-cache=1464030865843 HTTP/1.1" 200 476
186.103.157.39 - - [23/May/2016:16:14:16 -0300] "POST /cormun/servlet/hlogin?daef878b891dead0a73ed30418a32890,gx-no-cache=1464030873777 HTTP/1.1" 200 90
186.103.157.39 - - [23/May/2016:16:14:16 -0300] "GET /cormun/servlet/hpexe_link HTTP/1.1" 200 951
186.103.157.39 - - [23/May/2016:16:14:17 -0300] "GET /cormun/servlet/hhome HTTP/1.1" 200 3990
186.103.157.39 - - [23/May/2016:16:14:19 -0300] "GET /cormun/servlet/hhome HTTP/1.1" 200 3986
186.103.159.46 - - [23/May/2016:16:14:19 -0300] "GET /cormun/servlet/trvisualizadoreventos? HTTP/1.1" 200 6618
186.103.159.46 - - [23/May/2016:16:14:21 -0300] "GET /cormun/servlet/trvisualizadoreventos? HTTP/1.1" 200 6618
186.103.157.39 - - [23/May/2016:16:14:26 -0300] "GET /cormun/servlet/trautorizarsolicitud? HTTP/1.1" 200 10188
186.103.157.39 - - [23/May/2016:16:14:26 -0300] "GET /cormun/static/gxcfg.js?201632119361219 HTTP/1.1" 304 -
191.112.119.131 - - [23/May/2016:16:14:28 -0300] "POST /cormun/servlet/solicitudot?gx-no-cache=1464030884777 HTTP/1.1" 200 30
191.112.119.131 - - [23/May/2016:16:14:29 -0300] "POST /cormun/servlet/solicitudot?gx-no-cache=1464030885178 HTTP/1.1" 200 1185
191.112.119.131 - - [23/May/2016:16:14:29 -0300] "GET /cormun/servlet/solicitudot?6e8ed94004b015395836519e2fa4bb300ae39e3f973a98c4fe87d4346d7cc0755ef1bb949fae95abdf259777fad0e85436bb991928773437546a6124e242f4c14527547a4309ab7189f094b9ad753d9c122d61fc061c5b647965b2579e16910f449c6b40db9075fb3580a5c33b45ca6b896b68562dcde7dc49e1d59598a4b5e217aefd0dde5629dd59a2d279c59a9f059de955acdda40084e3550d2a3be80806,gx-no-cache=1464030886258 HTTP/1.1" 200 41
186.103.157.98 - - [23/May/2016:16:14:29 -0300] "GET /cormun/servlet/hlogin HTTP/1.1" 200 1718
186.103.157.39 - - [23/May/2016:16:14:29 -0300] "GET /cormun/servlet/trautorizarsolicitud? HTTP/1.1" 200 10187
191.112.119.131 - - [23/May/2016:16:14:30 -0300] "POST /cormun/servlet/solicitudot?gx-no-cache=1464030886501 HTTP/1.1" 200 1143
191.112.119.131 - - [23/May/2016:16:14:30 -0300] "GET /cormun/servlet/solicitudot?6e8ed94004b015395836519e2fa4bb30f115ac959469366e024cb0732e56e000e52c3d7eb1ad182846fc11b1fd39e4a9c6b8f475cf9b033c5f8f45bc897b848d2906480bd9bba27b73560ffd7ea65151d152fced72a684feeaf78a62f74154ab49acda71c6d034ed98a3146908a44801dd2be602d38fb4de922fa3ebdf37adeeddd67028b4872a464edd9b9c1e344e6ed898352ba6b696afb96be2388f1cd1575c5facdb13318f166672d1c4270584095f872832ffe4b341fd28d6b9e13cdcf0,gx-no-cache=1464030887413 HTTP/1.1" 200 30
186.103.159.46 - - [23/May/2016:16:14:31 -0300] "GET /cormun/static/menuarrow.gif HTTP/1.1" 404 1015
186.103.157.98 - - [23/May/2016:16:14:31 -0300] "POST /cormun/servlet/hlogin?cbd10df55ceb5e71b981915b403ccecf,gx-no-cache=1464030889773 HTTP/1.1" 200 90
186.103.157.98 - - [23/May/2016:16:14:31 -0300] "GET /cormun/servlet/hpexe_link HTTP/1.1" 200 948
186.103.157.98 - - [23/May/2016:16:14:31 -0300] "GET /cormun/servlet/hhome HTTP/1.1" 200 3621
186.103.157.98 - - [23/May/2016:16:14:32 -0300] "GET /cormun/servlet/hhome HTTP/1.1" 200 3617
191.112.119.131 - - [23/May/2016:16:14:33 -0300] "POST /cormun/servlet/solicitudot?9268c7be0efc5b528f2753c87f8fa50e,INS,0,0,,gx-no-cache=1464030887642 HTTP/1.1" 200 9516
191.112.119.131 - - [23/May/2016:16:14:33 -0300] "GET /cormun/static/Shared/jqueryui/images/ui-bg_flat_55_994d53_40x100.png HTTP/1.1" 404 1097
191.112.119.131 - - [23/May/2016:16:14:33 -0300] "GET /cormun/static/Shared/jqueryui/images/ui-icons_ebccce_256x240.png HTTP/1.1" 404 1089
186.103.157.98 - - [23/May/2016:16:14:36 -0300] "GET /cormun/servlet/trsolicitudot? HTTP/1.1" 200 7835
186.103.159.182 - - [23/May/2016:16:14:37 -0300] "POST /cormun/servlet/solicitudot?gx-no-cache=1464030896828 HTTP/1.1" 200 30
186.103.157.98 - - [23/May/2016:16:14:37 -0300] "GET /cormun/servlet/trsolicitudot? HTTP/1.1" 200 7833
186.103.157.98 - - [23/May/2016:16:14:40 -0300] "POST /cormun/servlet/trsolicitudot?cbd10df55ceb5e71b981915b403ccecf,,gx-no-cache=1464030899012 HTTP/1.1" 200 106
186.103.157.98 - - [23/May/2016:16:14:41 -0300] "GET /cormun/servlet/trsolicitudadjuntos?2016,1833, HTTP/1.1" 200 8134
186.103.157.98 - - [23/May/2016:16:14:42 -0300] "GET /cormun/servlet/trsolicitudadjuntos?2016,1833, HTTP/1.1" 200 8135
186.103.159.182 - - [23/May/2016:16:14:44 -0300] "POST /cormun/servlet/solicitudot?gx-no-cache=1464030904301 HTTP/1.1" 200 30
186.103.159.182 - - [23/May/2016:16:14:46 -0300] "POST /cormun/servlet/solicitudot?gx-no-cache=1464030905867 HTTP/1.1" 200 452
186.103.159.182 - - [23/May/2016:16:14:46 -0300] "GET /cormun/servlet/solicitudot?34b504c9abe9e0071b294bf019dc91f288d0af718cfbd1a91fe61067b2e1fdcbd45fc52a7b769301c7d3c86204730ccd13635bd89618d52e87c4d13e322d0038e82e8c5ab479a3511fec77ed8a001d56e41ad815e6f0d764c59c8841ac36762ce4dd72cb8ef0a5da4b42cb3daf67f4f279baa7385970bf77b5e971de9812c67a4e2c9d8b34ab4852085cb42e7ed8c713,gx-no-cache=1464030906072 HTTP/1.1" 200 38
186.103.157.98 - - [23/May/2016:16:14:47 -0300] "GET /cormun/servlet/solicitudotadjuntos?INS,2016,1833,,1, HTTP/1.1" 200 5653
186.103.157.98 - - [23/May/2016:16:14:47 -0300] "GET /cormun/static/about:blank HTTP/1.1" 404 1011
186.103.157.98 - - [23/May/2016:16:14:48 -0300] "GET /cormun/servlet/solicitudotadjuntos?INS,2016,1833,,1, HTTP/1.1" 200 5647
186.103.157.98 - - [23/May/2016:16:14:48 -0300] "GET /cormun/servlet/solicitudotadjuntos?a2bc36191d41a9296b014c04374143f6efc8c19bd69b116191ec4307e0d0beac62b5ba05429d2a72e9157cabd461289f,gx-no-cache=1464030907055 HTTP/1.1" 200 30
186.103.157.98 - - [23/May/2016:16:14:48 -0300] "POST /cormun/servlet/solicitudotadjuntos?cbd10df55ceb5e71b981915b403ccecf,INS,2016,1833,,1,,gx-no-cache=1464030907090 HTTP/1.1" 200 3510
186.103.157.98 - - [23/May/2016:16:14:54 -0300] "POST /cormun/servlet/solicitudotadjuntos?gx-no-cache=1464030912529 HTTP/1.1" 200 26
186.103.157.98 - - [23/May/2016:16:14:56 -0300] "GET /cormun/servlet/solicitudotadjuntos?a2bc36191d41a9296b014c04374143f61a77eabc2b7205c7b573b5ed284a53b1,gx-no-cache=1464030915367 HTTP/1.1" 200 30
186.103.157.98 - - [23/May/2016:16:14:56 -0300] "GET /cormun/servlet/solicitudotadjuntos?a2bc36191d41a9296b014c04374143f61a77eabc2b7205c7b573b5ed284a53b1,gx-no-cache=1464030915409 HTTP/1.1" 200 30
186.103.157.98 - - [23/May/2016:16:14:57 -0300] "POST /cormun/servlet/solicitudotadjuntos?cbd10df55ceb5e71b981915b403ccecf,INS,2016,1833,,1,,gx-no-cache=1464030915445 HTTP/1.1" 200 3320
186.103.157.98 - - [23/May/2016:16:14:57 -0300] "GET /cormun/static/Shared/jqueryui/images/ui-bg_highlight-soft_100_c6c2c8_1x100.png HTTP/1.1" 404 1117
186.103.157.98 - - [23/May/2016:16:14:57 -0300] "GET /cormun/static/Shared/jqueryui/images/ui-icons_82798d_256x240.png HTTP/1.1" 404 1089
186.103.157.98 - - [23/May/2016:16:14:57 -0300] "GET /cormun/static/Shared/jqueryui/images/ui-bg_flat_55_994d53_40x100.png HTTP/1.1" 404 1097
186.103.157.98 - - [23/May/2016:16:14:57 -0300] "GET /cormun/static/Shared/jqueryui/images/ui-icons_ebccce_256x240.png HTTP/1.1" 404 1089
186.103.157.39 - - [23/May/2016:16:15:06 -0300] "POST /cormun/servlet/trautorizarsolicitud?daef878b891dead0a73ed30418a32890,,gx-no-cache=1464030923813 HTTP/1.1" 200 7442
186.103.157.39 - - [23/May/2016:16:15:08 -0300] "POST /cormun/servlet/trautorizarsolicitud?daef878b891dead0a73ed30418a32890,,gx-no-cache=1464030925069 HTTP/1.1" 200 7384
186.103.157.98 - - [23/May/2016:16:15:11 -0300] "GET /cormun/servlet/solicitudotadjuntos?a2bc36191d41a9296b014c04374143f61a77eabc2b7205c7b573b5ed284a53b1,gx-no-cache=1464030929962 HTTP/1.1" 200 30
186.103.157.98 - - [23/May/2016:16:15:11 -0300] "GET /cormun/servlet/solicitudotadjuntos?a2bc36191d41a9296b014c04374143f61a77eabc2b7205c7b573b5ed284a53b1,gx-no-cache=1464030929994 HTTP/1.1" 200 30
186.103.159.46 - - [23/May/2016:16:15:12 -0300] "POST /cormun/servlet/trvisualizadoreventos?49c4f0608bce54fb596e7a7710a9b34f,,gx-no-cache=1464030928874 HTTP/1.1" 200 3578
186.103.159.46 - - [23/May/2016:16:15:15 -0300] "POST /cormun/servlet/trvisualizadoreventos?49c4f0608bce54fb596e7a7710a9b34f,,gx-no-cache=1464030933146 HTTP/1.1" 200 3578
186.103.157.98 - - [23/May/2016:16:15:16 -0300] "POST /cormun/servlet/solicitudotadjuntos?cbd10df55ceb5e71b981915b403ccecf,INS,2016,1833,,1, HTTP/1.1" 200 5511
186.103.157.98 - - [23/May/2016:16:15:16 -0300] "GET /home/sistema/apache-tomcat-7.0.65/webapps/cormun/PrivateTempStorage/upload_00003143.pdf HTTP/1.1" 404 1135
186.103.157.98 - - [23/May/2016:16:15:16 -0300] "GET /cormun/PrivateTempStorage/upload_00003143.pdf HTTP/1.1" 200 1365607
186.103.157.39 - - [23/May/2016:16:15:17 -0300] "POST /cormun/servlet/trautorizarsolicitud?daef878b891dead0a73ed30418a32890,,gx-no-cache=1464030934651 HTTP/1.1" 200 7116
186.103.157.39 - - [23/May/2016:16:15:18 -0300] "POST /cormun/servlet/trautorizarsolicitud?daef878b891dead0a73ed30418a32890,,gx-no-cache=1464030935663 HTTP/1.1" 200 7059
186.103.157.98 - - [23/May/2016:16:15:21 -0300] "GET /cormun/servlet/solicitudotadjuntos?a2bc36191d41a9296b014c04374143f65bf3457960479a56e8761543ae8092d0726120dba04daada6e7cdc3ef095bf36,gx-no-cache=1464030939458 HTTP/1.1" 200 30
186.103.159.46 - - [23/May/2016:16:15:26 -0300] "POST /cormun/servlet/trvisualizadoreventos?49c4f0608bce54fb596e7a7710a9b34f,,gx-no-cache=1464030944354 HTTP/1.1" 200 3581
186.103.157.98 - - [23/May/2016:16:15:26 -0300] "POST /cormun/servlet/solicitudotadjuntos?cbd10df55ceb5e71b981915b403ccecf,INS,2016,1833,,1, HTTP/1.1" 200 5511
186.103.157.98 - - [23/May/2016:16:15:26 -0300] "GET /home/sistema/apache-tomcat-7.0.65/webapps/cormun/PrivateTempStorage/upload_00003155.pdf HTTP/1.1" 404 1135
186.103.157.98 - - [23/May/2016:16:15:27 -0300] "GET /cormun/PrivateTempStorage/upload_00003155.pdf HTTP/1.1" 200 1365607
186.103.157.98 - - [23/May/2016:16:15:35 -0300] "GET /cormun/servlet/solicitudotadjuntos?a2bc36191d41a9296b014c04374143f60c09e0d1d7aeac5c56b8c229f1b1725f726120dba04daada6e7cdc3ef095bf36,gx-no-cache=1464030954040 HTTP/1.1" 200 30
186.103.159.46 - - [23/May/2016:16:15:36 -0300] "POST /cormun/servlet/trvisualizadoreventos?49c4f0608bce54fb596e7a7710a9b34f,,gx-no-cache=1464030954740 HTTP/1.1" 200 3578
186.103.157.98 - - [23/May/2016:16:15:41 -0300] "POST /cormun/servlet/solicitudotadjuntos?cbd10df55ceb5e71b981915b403ccecf,INS,2016,1833,,1, HTTP/1.1" 200 5511
186.103.157.98 - - [23/May/2016:16:15:41 -0300] "GET /home/sistema/apache-tomcat-7.0.65/webapps/cormun/PrivateTempStorage/upload_00003167.pdf HTTP/1.1" 404 1135
186.103.157.98 - - [23/May/2016:16:15:41 -0300] "GET /cormun/PrivateTempStorage/upload_00003167.pdf HTTP/1.1" 200 1365607
186.103.157.98 - - [23/May/2016:16:15:42 -0300] "GET /cormun/PrivateTempStorage/upload_00003167.pdf HTTP/1.1" 206 143847
186.103.159.46 - - [23/May/2016:16:15:44 -0300] "POST /cormun/servlet/trvisualizadoreventos?49c4f0608bce54fb596e7a7710a9b34f,,gx-no-cache=1464030962194 HTTP/1.1" 200 3580
186.103.159.182 - - [23/May/2016:16:15:45 -0300] "GET /cormun/servlet/solicitudot?34b504c9abe9e0071b294bf019dc91f2febfd9ae9360cc41ec94edf0000ed65567ff8a5d3729cc4552d21ac0117e403fd62229db827b4377fe895cd67c5602ea5f648a96a0a9f0aba95b98f5b4d350355bc8c8d5117afd9a79958d8747ab13798cc50dc923e01acef49eb99658dff335,gx-no-cache=1464030964785 HTTP/1.1" 200 29
186.103.159.46 - - [23/May/2016:16:15:45 -0300] "POST /cormun/servlet/trvisualizadoreventos?49c4f0608bce54fb596e7a7710a9b34f,,gx-no-cache=1464030964148 HTTP/1.1" 200 3580
186.103.159.182 - - [23/May/2016:16:15:46 -0300] "POST /cormun/servlet/solicitudot?gx-no-cache=1464030966442 HTTP/1.1" 200 1144
186.103.157.98 - - [23/May/2016:16:15:51 -0300] "POST /cormun/servlet/solicitudotadjuntos?cbd10df55ceb5e71b981915b403ccecf,INS,2016,1833,,1, HTTP/1.1" 200 116
186.103.157.98 - - [23/May/2016:16:15:51 -0300] "GET /cormun/servlet/hpexe_return? HTTP/1.1" 200 1024
186.103.157.98 - - [23/May/2016:16:15:52 -0300] "GET /cormun/servlet/trsolicitudadjuntos?2016,1833, HTTP/1.1" 200 8135
186.103.159.46 - - [23/May/2016:16:15:52 -0300] "POST /cormun/servlet/trvisualizadoreventos?49c4f0608bce54fb596e7a7710a9b34f,,gx-no-cache=1464030971045 HTTP/1.1" 200 3578
186.103.157.98 - - [23/May/2016:16:15:54 -0300] "GET /cormun/servlet/trsolicitudadjuntos?2016,1833, HTTP/1.1" 200 8134
186.103.159.46 - - [23/May/2016:16:15:54 -0300] "POST /cormun/servlet/trvisualizadoreventos?49c4f0608bce54fb596e7a7710a9b34f,,gx-no-cache=1464030972694 HTTP/1.1" 200 3578
186.103.159.46 - - [23/May/2016:16:15:59 -0300] "POST /cormun/servlet/trvisualizadoreventos?49c4f0608bce54fb596e7a7710a9b34f,,gx-no-cache=1464030977573 HTTP/1.1" 200 3579
186.103.159.182 - - [23/May/2016:16:16:04 -0300] "GET /cormun/servlet/solicitudot?34b504c9abe9e0071b294bf019dc91f2d4cd1b49075d52c27b29aa90972561cd64f0b6e65834db5f7bf92bf86a0e4df1046794fab613bca6c8455d2e4ce91a92bfb99159c9df9a514d62c3dd8a5b6913af41ecfa65d36cfeb2fdcf2e02abca6741fba90e9d4f56f4d65e26f6a39950bafed68e0a62029f3932a8af26a58cb8e5922df86f20710956f0c8bf4567e400f066538fe057c07584e58706e9d2d91450954f6b1779fd844dd9fe70cc8b40aa53,gx-no-cache=1464030984448 HTTP/1.1" 200 30
186.103.159.46 - - [23/May/2016:16:16:08 -0300] "POST /cormun/servlet/trvisualizadoreventos?49c4f0608bce54fb596e7a7710a9b34f,,gx-no-cache=1464030986376 HTTP/1.1" 200 3577
186.103.157.39 - - [23/May/2016:16:16:09 -0300] "POST /cormun/servlet/trautorizarsolicitud?daef878b891dead0a73ed30418a32890,,gx-no-cache=1464030985992 HTTP/1.1" 200 6818
186.103.159.46 - - [23/May/2016:16:16:09 -0300] "POST /cormun/servlet/trvisualizadoreventos?49c4f0608bce54fb596e7a7710a9b34f,,gx-no-cache=1464030987992 HTTP/1.1" 200 3577
186.103.157.39 - - [23/May/2016:16:16:10 -0300] "POST /cormun/servlet/trautorizarsolicitud?daef878b891dead0a73ed30418a32890,,gx-no-cache=1464030987116 HTTP/1.1" 200 6761
186.103.159.182 - - [23/May/2016:16:16:13 -0300] "POST /cormun/servlet/solicitudot?c598ff6876e9cff5e3bf73a6846a3022,INS,0,0,,gx-no-cache=1464030993396 HTTP/1.1" 200 93
186.103.159.182 - - [23/May/2016:16:16:14 -0300] "GET /cormun/servlet/hpexe_return? HTTP/1.1" 200 1011
186.103.159.182 - - [23/May/2016:16:16:14 -0300] "GET /cormun/static/gxcfg.js?2015111312145050 HTTP/1.1" 304 -
186.103.159.182 - - [23/May/2016:16:16:14 -0300] "GET /cormun/servlet/trsolicitudot HTTP/1.1" 200 7674
186.103.159.182 - - [23/May/2016:16:16:17 -0300] "GET /cormun/servlet/trsolicitudot HTTP/1.1" 200 7671
186.103.157.39 - - [23/May/2016:16:16:21 -0300] "POST /cormun/servlet/trautorizarsolicitud?daef878b891dead0a73ed30418a32890,,gx-no-cache=1464030997909 HTTP/1.1" 200 6516
186.103.159.46 - - [23/May/2016:16:16:22 -0300] "GET /cormun/servlet/trcontratoobservacion? HTTP/1.1" 200 5726
186.103.157.39 - - [23/May/2016:16:16:22 -0300] "POST /cormun/servlet/trautorizarsolicitud?daef878b891dead0a73ed30418a32890,,gx-no-cache=1464030999705 HTTP/1.1" 200 6460
186.103.159.46 - - [23/May/2016:16:16:25 -0300] "GET /cormun/servlet/trcontratoobservacion? HTTP/1.1" 200 5726
186.103.159.182 - - [23/May/2016:16:16:30 -0300] "POST /cormun/servlet/trsolicitudot?c598ff6876e9cff5e3bf73a6846a3022,gx-no-cache=1464031009607 HTTP/1.1" 200 106
186.103.159.182 - - [23/May/2016:16:16:30 -0300] "GET /cormun/servlet/trsolicitudadjuntos?2016,1855, HTTP/1.1" 200 5546
186.103.159.182 - - [23/May/2016:16:16:30 -0300] "GET /cormun/static/gxcfg.js?2016311731090 HTTP/1.1" 304 -
186.103.159.46 - - [23/May/2016:16:16:31 -0300] "POST /cormun/servlet/trcontratoobservacion?49c4f0608bce54fb596e7a7710a9b34f,,gx-no-cache=1464031009893 HTTP/1.1" 200 3389
186.103.159.182 - - [23/May/2016:16:16:33 -0300] "GET /cormun/servlet/trsolicitudadjuntos?2016,1855, HTTP/1.1" 200 5546
186.103.157.39 - - [23/May/2016:16:16:36 -0300] "POST /cormun/servlet/trautorizarsolicitud?daef878b891dead0a73ed30418a32890,,gx-no-cache=1464031013206 HTTP/1.1" 200 6199
186.103.159.182 - - [23/May/2016:16:16:37 -0300] "GET /cormun/servlet/solicitudotadjuntos?INS,2016,1855,,2, HTTP/1.1" 200 5633
186.103.159.182 - - [23/May/2016:16:16:37 -0300] "GET /cormun/static/gxcfg.js?201631622493247 HTTP/1.1" 304 -
186.103.157.39 - - [23/May/2016:16:16:37 -0300] "POST /cormun/servlet/trautorizarsolicitud?daef878b891dead0a73ed30418a32890,,gx-no-cache=1464031014397 HTTP/1.1" 200 6143
186.103.159.182 - - [23/May/2016:16:16:37 -0300] "GET /cormun/static/about:blank HTTP/1.1" 404 1011
186.103.159.182 - - [23/May/2016:16:16:39 -0300] "GET /cormun/servlet/solicitudotadjuntos?INS,2016,1855,,2, HTTP/1.1" 200 5627
186.103.159.182 - - [23/May/2016:16:16:40 -0300] "GET /cormun/servlet/solicitudotadjuntos?34b504c9abe9e0071b294bf019dc91f2f7e05decdb2d76c84234e42e1f15451755ad2ea298b02533fba5c5c607d6d63e,gx-no-cache=1464031019897 HTTP/1.1" 200 30
186.103.159.182 - - [23/May/2016:16:16:40 -0300] "POST /cormun/servlet/solicitudotadjuntos?c598ff6876e9cff5e3bf73a6846a3022,INS,2016,1855,,2,,gx-no-cache=1464031020014 HTTP/1.1" 200 3695
186.103.159.46 - - [23/May/2016:16:16:42 -0300] "GET /cormun/servlet/trvisualizadoreventos? HTTP/1.1" 200 6305
186.103.159.46 - - [23/May/2016:16:16:45 -0300] "GET /cormun/servlet/trvisualizadoreventos? HTTP/1.1" 200 6304
186.103.159.46 - - [23/May/2016:16:16:47 -0300] "GET /cormun/servlet/trcontratoobservacion? HTTP/1.1" 200 5726
186.103.159.46 - - [23/May/2016:16:16:49 -0300] "GET /cormun/servlet/trcontratoobservacion? HTTP/1.1" 200 5726
186.103.159.46 - - [23/May/2016:16:16:50 -0300] "GET /cormun/servlet/trvisualizadoreventos? HTTP/1.1" 200 6304
186.103.159.46 - - [23/May/2016:16:16:53 -0300] "GET /cormun/servlet/trvisualizadoreventos? HTTP/1.1" 200 6304
186.103.159.182 - - [23/May/2016:16:16:55 -0300] "POST /cormun/servlet/solicitudotadjuntos?c598ff6876e9cff5e3bf73a6846a3022,INS,2016,1855,,2,,gx-no-cache=1464031035338 HTTP/1.1" 200 90
186.103.159.182 - - [23/May/2016:16:16:55 -0300] "GET /cormun/servlet/hpexe_link HTTP/1.1" 200 982
186.103.159.182 - - [23/May/2016:16:16:56 -0300] "GET /cormun/servlet/trsolicitudadjuntos?2016,1855, HTTP/1.1" 200 5547
186.103.159.46 - - [23/May/2016:16:16:58 -0300] "POST /cormun/servlet/trvisualizadoreventos?49c4f0608bce54fb596e7a7710a9b34f,,gx-no-cache=1464031036450 HTTP/1.1" 200 3577
186.103.159.182 - - [23/May/2016:16:16:58 -0300] "GET /cormun/servlet/trsolicitudadjuntos?2016,1855, HTTP/1.1" 200 5546
186.103.159.182 - - [23/May/2016:16:17:02 -0300] "GET /cormun/servlet/solicitudotadjuntos?INS,2016,1855,,1, HTTP/1.1" 200 5634
186.103.159.182 - - [23/May/2016:16:17:03 -0300] "GET /cormun/static/about:blank HTTP/1.1" 404 1011
186.103.159.182 - - [23/May/2016:16:17:04 -0300] "GET /cormun/servlet/solicitudotadjuntos?INS,2016,1855,,1, HTTP/1.1" 200 5628
186.103.159.182 - - [23/May/2016:16:17:05 -0300] "GET /cormun/servlet/solicitudotadjuntos?34b504c9abe9e0071b294bf019dc91f2f7e05decdb2d76c84234e42e1f15451755ad2ea298b02533fba5c5c607d6d63e,gx-no-cache=1464031045208 HTTP/1.1" 200 30
186.103.159.182 - - [23/May/2016:16:17:05 -0300] "POST /cormun/servlet/solicitudotadjuntos?c598ff6876e9cff5e3bf73a6846a3022,INS,2016,1855,,1,,gx-no-cache=1464031045330 HTTP/1.1" 200 3480
186.103.159.46 - - [23/May/2016:16:17:06 -0300] "POST /cormun/servlet/trvisualizadoreventos?49c4f0608bce54fb596e7a7710a9b34f,,gx-no-cache=1464031045125 HTTP/1.1" 200 90
186.103.159.46 - - [23/May/2016:16:17:06 -0300] "GET /cormun/servlet/hpexe_link HTTP/1.1" 200 971
186.103.159.46 - - [23/May/2016:16:17:07 -0300] "GET /cormun/servlet/solicitudot?INS,0,0, HTTP/1.1" 200 11686
