200.86.98.101 - - [23/May/2016:19:16:28 -0300] "GET /cormun/servlet/solicitudot?44d72b2ad596d7871db9ffafd023993e5196c0d5026ca19bb164ae63d3a2c616803bd104b27bcded4a9d6d9094a0bdb0ee810660eea7cbfdfda587e07632a4295526483437270c4a140da785d816341fd4b6544b8a7cae0cdb7dc19f5b4348b94ead473bd99ee925a247a277878a3fbf41a974db06e48371df739bdcc035d08e8d135968728864ac93c1a37ba0503f68c3db035417bbb0d5665921854cf3017e,gx-no-cache=1464041806389 HTTP/1.1" 200 29
200.86.98.101 - - [23/May/2016:19:16:28 -0300] "POST /cormun/servlet/solicitudot?gx-no-cache=1464041806456 HTTP/1.1" 200 1143
200.86.98.101 - - [23/May/2016:19:16:40 -0300] "GET /cormun/servlet/solicitudot?44d72b2ad596d7871db9ffafd023993e3d8cb6e44a3f02e913833459c8e1ef9d7471925a532cd44b5dc82bd301e0f0909a97477afa151ae5b036353e142735e9ec4c48ed92764e7b42af620c349c8713114d48efd8b9f16c59937aa2a7a77b085f9c66f0d69f5cb400c31fdfed0b5dab51a25cd33acdf451403b96657bd0ec1579c22de9b5107d736896378b98043bf899614e378fbea11520aa1e016e359f73698688cb45ae9c4f0f13a020d6d990b5,gx-no-cache=1464041818712 HTTP/1.1" 200 30
186.78.40.48 - - [23/May/2016:19:17:43 -0300] "GET /cormun/servlet/hlogin HTTP/1.1" 200 1715
186.78.40.48 - - [23/May/2016:19:17:44 -0300] "GET /cormun/static/Resources/Spanish/PXTools.css?005343 HTTP/1.1" 304 -
186.78.40.48 - - [23/May/2016:19:17:44 -0300] "GET /cormun/static/gxtimezone.js?85251 HTTP/1.1" 304 -
186.78.40.48 - - [23/May/2016:19:17:44 -0300] "GET /cormun/static/gxgral.js?85251 HTTP/1.1" 304 -
186.78.40.48 - - [23/May/2016:19:17:44 -0300] "GET /cormun/static/gxcfg.js?20151120045111 HTTP/1.1" 304 -
186.78.40.48 - - [23/May/2016:19:17:44 -0300] "GET /cormun/static/Resources/ComunLogin.png HTTP/1.1" 304 -
186.78.40.48 - - [23/May/2016:19:17:44 -0300] "GET /cormun/static/messages.spa.js?85251 HTTP/1.1" 304 -
186.78.40.48 - - [23/May/2016:19:17:44 -0300] "GET /cormun/static/hlogin.js?20151120045126 HTTP/1.1" 304 -
186.78.40.48 - - [23/May/2016:19:17:44 -0300] "GET /cormun/static/Resources/PXToolsLoginBottom.png HTTP/1.1" 304 -
186.78.40.48 - - [23/May/2016:19:17:44 -0300] "GET /cormun/static/Resources/PXToolsButtonBackground2.png HTTP/1.1" 304 -
186.78.40.48 - - [23/May/2016:19:17:44 -0300] "GET /cormun/static/Resources/PXToolsButtonRight21.png HTTP/1.1" 304 -
186.78.40.48 - - [23/May/2016:19:17:44 -0300] "GET /cormun/static/Resources/PXToolsButtonLeft21.png HTTP/1.1" 304 -
186.78.40.48 - - [23/May/2016:19:17:44 -0300] "GET /cormun/static/Resources/PXToolsLoginBackground.png HTTP/1.1" 304 -
186.78.40.48 - - [23/May/2016:19:17:44 -0300] "GET /cormun/static/Resources/PXToolsLoginTop.png HTTP/1.1" 304 -
186.78.40.48 - - [23/May/2016:19:17:44 -0300] "GET /cormun/static/Resources/indicator.gif HTTP/1.1" 304 -
186.78.40.48 - - [23/May/2016:19:17:58 -0300] "POST /cormun/servlet/hlogin?db0b555d2d0210b15361f47a98842836,gx-no-cache=1464038287998 HTTP/1.1" 200 90
186.78.40.48 - - [23/May/2016:19:17:58 -0300] "GET /cormun/servlet/hpexe_link HTTP/1.1" 200 950
186.78.40.48 - - [23/May/2016:19:17:58 -0300] "GET /cormun/servlet/hhome HTTP/1.1" 200 3629
200.86.98.101 - - [23/May/2016:19:18:02 -0300] "POST /cormun/servlet/solicitudot?5b678fc427a503f092952a7ebd0e6302,INS,0,0,,gx-no-cache=1464041900213 HTTP/1.1" 200 93
200.86.98.101 - - [23/May/2016:19:18:02 -0300] "GET /cormun/servlet/hpexe_return? HTTP/1.1" 200 1003
200.86.98.101 - - [23/May/2016:19:18:03 -0300] "GET /cormun/servlet/trsolicitudot HTTP/1.1" 200 9067
200.86.98.101 - - [23/May/2016:19:18:04 -0300] "GET /cormun/servlet/trsolicitudot HTTP/1.1" 200 9063
186.78.40.48 - - [23/May/2016:19:18:04 -0300] "GET /cormun/servlet/trcontratouno? HTTP/1.1" 200 12900
200.86.98.101 - - [23/May/2016:19:18:16 -0300] "GET /cormun/servlet/trsolicitudot? HTTP/1.1" 200 9063
200.86.98.101 - - [23/May/2016:19:18:16 -0300] "GET /cormun/servlet/trsolicitudot? HTTP/1.1" 200 9063
200.86.98.101 - - [23/May/2016:19:18:19 -0300] "GET /cormun/servlet/solicitudot?INS,0,0, HTTP/1.1" 200 11860
200.86.98.101 - - [23/May/2016:19:18:20 -0300] "GET /cormun/servlet/solicitudot?INS,0,0, HTTP/1.1" 200 11865
186.78.40.48 - - [23/May/2016:19:18:21 -0300] "POST /cormun/servlet/trcontratouno?db0b555d2d0210b15361f47a98842836,,gx-no-cache=1464038309070 HTTP/1.1" 200 6501
200.86.98.101 - - [23/May/2016:19:18:30 -0300] "POST /cormun/servlet/solicitudot?gx-no-cache=1464041927995 HTTP/1.1" 200 2795
200.86.98.101 - - [23/May/2016:19:18:31 -0300] "POST /cormun/servlet/solicitudot?5b678fc427a503f092952a7ebd0e6302,INS,0,0,,gx-no-cache=1464041928989 HTTP/1.1" 200 8578
200.86.98.101 - - [23/May/2016:19:18:35 -0300] "GET /cormun/servlet/solicitudot?44d72b2ad596d7871db9ffafd023993e9d3ed8f99ab23758b4de02ee31b5cf033a9d3eb7566278434d1cb3f60f81a993,gx-no-cache=1464041933213 HTTP/1.1" 200 30
200.86.98.101 - - [23/May/2016:19:18:35 -0300] "POST /cormun/servlet/solicitudot?gx-no-cache=1464041933306 HTTP/1.1" 200 30
200.86.98.101 - - [23/May/2016:19:18:36 -0300] "POST /cormun/servlet/solicitudot?gx-no-cache=1464041935126 HTTP/1.1" 200 30
200.86.98.101 - - [23/May/2016:19:18:46 -0300] "POST /cormun/servlet/solicitudot?gx-no-cache=1464041944766 HTTP/1.1" 200 1187
200.86.98.101 - - [23/May/2016:19:18:46 -0300] "GET /cormun/servlet/solicitudot?44d72b2ad596d7871db9ffafd023993edbfff188e7a21bb350b29ec720e21da78cd386a08fdacd41f28fdbc73bf1e60c1f97adbdb75e4d5405f7b8bc66049cd2f5fb15d3418414c6993ac591e3f4ae798dbc181184704d0a6ebbc073c93f3f31650fb3aceda782c43306cab28d0fc495365e8f7ea6c7e27270814adc69465042a5ba0460364cb017b349e73c0077228f,gx-no-cache=1464041944915 HTTP/1.1" 200 38
186.78.40.48 - - [23/May/2016:19:18:47 -0300] "GET /cormun/servlet/trsolicitudot? HTTP/1.1" 200 6543
200.86.98.101 - - [23/May/2016:19:18:54 -0300] "GET /cormun/servlet/solicitudot?44d72b2ad596d7871db9ffafd023993e5196c0d5026ca19bb164ae63d3a2c616803bd104b27bcded4a9d6d9094a0bdb0ee810660eea7cbfdfda587e07632a4295526483437270c4a140da785d816341fd4b6544b8a7cae0cdb7dc19f5b4348b94ead473bd99ee925a247a277878a3fbf41a974db06e48371df739bdcc035d08e8d135968728864ac93c1a37ba0503f68c3db035417bbb0d5665921854cf3017e,gx-no-cache=1464041953073 HTTP/1.1" 200 29
200.86.98.101 - - [23/May/2016:19:18:55 -0300] "POST /cormun/servlet/solicitudot?gx-no-cache=1464041953159 HTTP/1.1" 200 1144
186.78.40.48 - - [23/May/2016:19:18:57 -0300] "GET /cormun/servlet/solicitudot?INS,0,0, HTTP/1.1" 200 11765
186.78.40.48 - - [23/May/2016:19:18:57 -0300] "GET /cormun/static/Resources/Spanish/PXTools.css?22445990 HTTP/1.1" 304 -
186.78.40.48 - - [23/May/2016:19:18:57 -0300] "GET /cormun/static/gxcfg.js?201631710541238 HTTP/1.1" 304 -
186.78.40.48 - - [23/May/2016:19:18:57 -0300] "GET /cormun/static/solicitudot.js?201631710541292 HTTP/1.1" 304 -
186.78.40.48 - - [23/May/2016:19:19:08 -0300] "POST /cormun/servlet/solicitudot?gx-no-cache=1464038357739 HTTP/1.1" 200 2773
186.78.40.48 - - [23/May/2016:19:19:09 -0300] "POST /cormun/servlet/solicitudot?db0b555d2d0210b15361f47a98842836,INS,0,0,,gx-no-cache=1464038358220 HTTP/1.1" 200 8572
200.86.98.101 - - [23/May/2016:19:19:09 -0300] "GET /cormun/servlet/solicitudot?44d72b2ad596d7871db9ffafd023993eea93d8ca1023a888eba6571de30d26c137108acc6263eed09987a9cf3bcc0ac49a97477afa151ae5b036353e142735e9ec4c48ed92764e7b42af620c349c8713114d48efd8b9f16c59937aa2a7a77b085f9c66f0d69f5cb400c31fdfed0b5dab51a25cd33acdf451403b96657bd0ec1579c22de9b5107d736896378b98043bf899614e378fbea11520aa1e016e359f73b87ab37cbb34b878ba0ecb0ade774dcf,gx-no-cache=1464041967939 HTTP/1.1" 200 30
186.78.40.48 - - [23/May/2016:19:19:14 -0300] "GET /cormun/servlet/solicitudot?c560ff7c0ed8dbdf50625112eb8183f313e902345a6252732ded9614a4e3663b5c1c74746aa8a53e885bd3db9126a696,gx-no-cache=1464038364055 HTTP/1.1" 200 30
186.78.40.48 - - [23/May/2016:19:19:14 -0300] "POST /cormun/servlet/solicitudot?gx-no-cache=1464038364144 HTTP/1.1" 200 30
200.86.98.101 - - [23/May/2016:19:19:19 -0300] "POST /cormun/servlet/solicitudot?5b678fc427a503f092952a7ebd0e6302,INS,0,0,,gx-no-cache=1464041977231 HTTP/1.1" 200 93
200.86.98.101 - - [23/May/2016:19:19:19 -0300] "GET /cormun/servlet/hpexe_return? HTTP/1.1" 200 1003
200.86.98.101 - - [23/May/2016:19:19:20 -0300] "GET /cormun/servlet/trsolicitudot HTTP/1.1" 200 9341
200.86.98.101 - - [23/May/2016:19:19:21 -0300] "GET /cormun/servlet/trsolicitudot HTTP/1.1" 200 9336
200.86.98.101 - - [23/May/2016:19:19:23 -0300] "GET /cormun/servlet/solicitudot?INS,0,0, HTTP/1.1" 200 11860
200.86.98.101 - - [23/May/2016:19:19:24 -0300] "GET /cormun/servlet/solicitudot?INS,0,0, HTTP/1.1" 200 11865
186.78.40.48 - - [23/May/2016:19:19:25 -0300] "POST /cormun/servlet/solicitudot?gx-no-cache=1464038374683 HTTP/1.1" 200 30
186.103.159.44 - - [23/May/2016:19:19:25 -0300] "GET /cormun/servlet/hlogin HTTP/1.1" 200 1719
186.103.159.44 - - [23/May/2016:19:19:25 -0300] "GET /cormun/static/Resources/Spanish/PXTools.css?005343 HTTP/1.1" 304 -
186.103.159.44 - - [23/May/2016:19:19:25 -0300] "GET /cormun/static/gxtimezone.js?85251 HTTP/1.1" 304 -
186.103.159.44 - - [23/May/2016:19:19:25 -0300] "GET /cormun/static/gxgral.js?85251 HTTP/1.1" 304 -
186.103.159.44 - - [23/May/2016:19:19:25 -0300] "GET /cormun/static/gxcfg.js?20151120045111 HTTP/1.1" 304 -
186.103.159.44 - - [23/May/2016:19:19:25 -0300] "GET /cormun/static/Resources/ComunLogin.png HTTP/1.1" 304 -
186.103.159.44 - - [23/May/2016:19:19:25 -0300] "GET /cormun/static/messages.spa.js?85251 HTTP/1.1" 304 -
186.103.159.44 - - [23/May/2016:19:19:25 -0300] "GET /cormun/static/hlogin.js?20151120045126 HTTP/1.1" 304 -
186.103.159.44 - - [23/May/2016:19:19:25 -0300] "GET /cormun/static/Resources/indicator.gif HTTP/1.1" 304 -
186.103.159.44 - - [23/May/2016:19:19:25 -0300] "GET /cormun/servlet/hlogin HTTP/1.1" 200 1729
186.103.159.44 - - [23/May/2016:19:19:25 -0300] "GET /cormun/static/Resources/PXToolsLoginBackground.png HTTP/1.1" 304 -
186.103.159.44 - - [23/May/2016:19:19:26 -0300] "GET /cormun/static/Resources/PXToolsLoginTop.png HTTP/1.1" 304 -
186.103.159.44 - - [23/May/2016:19:19:26 -0300] "GET /cormun/static/Resources/PXToolsButtonLeft21.png HTTP/1.1" 304 -
186.103.159.44 - - [23/May/2016:19:19:26 -0300] "GET /cormun/static/Resources/PXToolsButtonRight21.png HTTP/1.1" 304 -
186.103.159.44 - - [23/May/2016:19:19:26 -0300] "GET /cormun/static/Resources/PXToolsButtonBackground2.png HTTP/1.1" 304 -
186.103.159.44 - - [23/May/2016:19:19:26 -0300] "GET /cormun/static/Resources/PXToolsLoginBottom.png HTTP/1.1" 304 -
186.78.40.48 - - [23/May/2016:19:19:28 -0300] "GET /cormun/servlet/prcontratosol?17136119,,,,,MD,,gxPopupLevel%3D0%3B HTTP/1.1" 200 5418
186.78.40.48 - - [23/May/2016:19:19:29 -0300] "GET /cormun/static/gxcfg.js?2016141247819 HTTP/1.1" 304 -
200.86.98.101 - - [23/May/2016:19:19:34 -0300] "POST /cormun/servlet/solicitudot?gx-no-cache=1464041991979 HTTP/1.1" 200 2795
200.86.98.101 - - [23/May/2016:19:19:34 -0300] "POST /cormun/servlet/solicitudot?5b678fc427a503f092952a7ebd0e6302,INS,0,0,,gx-no-cache=1464041992287 HTTP/1.1" 200 8578
200.86.98.101 - - [23/May/2016:19:19:37 -0300] "GET /cormun/servlet/solicitudot?44d72b2ad596d7871db9ffafd023993e9d3ed8f99ab23758b4de02ee31b5cf033a9d3eb7566278434d1cb3f60f81a993,gx-no-cache=1464041995348 HTTP/1.1" 200 30
200.86.98.101 - - [23/May/2016:19:19:37 -0300] "POST /cormun/servlet/solicitudot?gx-no-cache=1464041995440 HTTP/1.1" 200 30
186.103.159.44 - - [23/May/2016:19:19:38 -0300] "POST /cormun/servlet/hlogin?0dbee291b32c0f13b566338a3a52fc9e,gx-no-cache=1464041996320 HTTP/1.1" 200 90
186.103.159.44 - - [23/May/2016:19:19:38 -0300] "GET /cormun/servlet/hpexe_link HTTP/1.1" 200 950
186.103.159.44 - - [23/May/2016:19:19:38 -0300] "GET /cormun/static/gxcfg.js?20151120044395 HTTP/1.1" 304 -
186.103.159.44 - - [23/May/2016:19:19:38 -0300] "GET /cormun/static/hpexe_link.js?20151120044398 HTTP/1.1" 304 -
186.103.159.44 - - [23/May/2016:19:19:38 -0300] "GET /cormun/servlet/hhome HTTP/1.1" 200 3585
186.103.159.44 - - [23/May/2016:19:19:38 -0300] "GET /cormun/static/Resources/Spanish/PXTools.css?10515224 HTTP/1.1" 304 -
200.86.98.101 - - [23/May/2016:19:19:38 -0300] "POST /cormun/servlet/solicitudot?gx-no-cache=1464041997134 HTTP/1.1" 200 30
186.103.159.44 - - [23/May/2016:19:19:39 -0300] "GET /cormun/static/gxcfg.js?2015112210564248 HTTP/1.1" 304 -
186.103.159.44 - - [23/May/2016:19:19:39 -0300] "GET /cormun/static/hhome.js?2015112210564255 HTTP/1.1" 304 -
186.103.159.44 - - [23/May/2016:19:19:39 -0300] "GET /cormun/static/hwchdr01.js?20162241650484 HTTP/1.1" 304 -
186.103.159.44 - - [23/May/2016:19:19:39 -0300] "GET /cormun/static/hpexe_recentlink.js?2015111312121342 HTTP/1.1" 304 -
186.103.159.44 - - [23/May/2016:19:19:39 -0300] "GET /cormun/static/hpexe_scripts.js?20151120014546 HTTP/1.1" 304 -
186.103.159.44 - - [23/May/2016:19:19:39 -0300] "GET /cormun/static/hpexe_messagecontroller.js?2015112210524422 HTTP/1.1" 304 -
186.103.159.44 - - [23/May/2016:19:19:40 -0300] "GET /cormun/static/hpexe_messagepopupcomponent.js?201632119295953 HTTP/1.1" 304 -
186.103.159.44 - - [23/May/2016:19:19:40 -0300] "GET /cormun/static/hpexe_messagegenexuscomponent.js?20151120014314 HTTP/1.1" 304 -
186.103.159.44 - - [23/May/2016:19:19:40 -0300] "GET /cormun/static/cmcontrolpreferences.js?20151120014525 HTTP/1.1" 304 -
186.103.159.44 - - [23/May/2016:19:19:40 -0300] "GET /cormun/static/hmpwkw03.js?201631622503633 HTTP/1.1" 304 -
200.86.98.101 - - [23/May/2016:19:19:49 -0300] "POST /cormun/servlet/solicitudot?gx-no-cache=1464042007610 HTTP/1.1" 200 1187
200.86.98.101 - - [23/May/2016:19:19:49 -0300] "GET /cormun/servlet/solicitudot?44d72b2ad596d7871db9ffafd023993edbfff188e7a21bb350b29ec720e21da78cd386a08fdacd41f28fdbc73bf1e60c1f97adbdb75e4d5405f7b8bc66049cd2f5fb15d3418414c6993ac591e3f4ae798dbc181184704d0a6ebbc073c93f3f31650fb3aceda782c43306cab28d0fc495365e8f7ea6c7e27270814adc69465042a5ba0460364cb017b349e73c0077228f,gx-no-cache=1464042007763 HTTP/1.1" 200 38
186.103.159.44 - - [23/May/2016:19:19:54 -0300] "GET /cormun/servlet/trautorizarsolicitud? HTTP/1.1" 200 9645
186.103.159.44 - - [23/May/2016:19:19:54 -0300] "GET /cormun/static/Resources/Spanish/PXTools.css?19284387 HTTP/1.1" 304 -
186.103.159.44 - - [23/May/2016:19:19:54 -0300] "GET /cormun/static/gxcfg.js?201632119361219 HTTP/1.1" 304 -
186.103.159.44 - - [23/May/2016:19:19:54 -0300] "GET /cormun/static/calendar.js?85251 HTTP/1.1" 304 -
186.103.159.44 - - [23/May/2016:19:19:54 -0300] "GET /cormun/static/calendar-setup.js?85251 HTTP/1.1" 304 -
186.103.159.44 - - [23/May/2016:19:19:54 -0300] "GET /cormun/static/calendar-es.js?85251 HTTP/1.1" 304 -
186.103.159.44 - - [23/May/2016:19:19:54 -0300] "GET /cormun/static/gxdec.js?85251 HTTP/1.1" 304 -
186.103.159.44 - - [23/May/2016:19:19:54 -0300] "GET /cormun/static/trautorizarsolicitud.js?20163211936186 HTTP/1.1" 304 -
186.78.40.48 - - [23/May/2016:19:20:14 -0300] "POST /cormun/servlet/acontrolpreferencessavestate?None,MGALVEZ,true HTTP/1.1" 200 35
186.103.159.44 - - [23/May/2016:19:20:37 -0300] "POST /cormun/servlet/trautorizarsolicitud?0dbee291b32c0f13b566338a3a52fc9e,,gx-no-cache=1464042054539 HTTP/1.1" 200 6837
186.103.159.44 - - [23/May/2016:19:20:38 -0300] "POST /cormun/servlet/trautorizarsolicitud?0dbee291b32c0f13b566338a3a52fc9e,,gx-no-cache=1464042055846 HTTP/1.1" 200 6781
186.103.159.44 - - [23/May/2016:19:20:39 -0300] "GET /cormun/static/Shared/jqueryui/images/ui-icons_8d78a5_256x240.png HTTP/1.1" 404 1089
186.103.159.44 - - [23/May/2016:19:20:39 -0300] "GET /cormun/static/Shared/jqueryui/images/ui-bg_flat_55_fafafa_40x100.png HTTP/1.1" 404 1097
186.103.159.44 - - [23/May/2016:19:20:39 -0300] "GET /cormun/static/Shared/jqueryui/images/ui-bg_highlight-soft_100_c6c2c8_1x100.png HTTP/1.1" 404 1117
186.103.159.44 - - [23/May/2016:19:20:39 -0300] "GET /cormun/static/Shared/jqueryui/images/ui-icons_82798d_256x240.png HTTP/1.1" 404 1089
200.86.98.101 - - [23/May/2016:19:20:40 -0300] "GET /cormun/servlet/solicitudot?44d72b2ad596d7871db9ffafd023993e5196c0d5026ca19bb164ae63d3a2c616803bd104b27bcded4a9d6d9094a0bdb0ee810660eea7cbfdfda587e07632a4295526483437270c4a140da785d816341fd4b6544b8a7cae0cdb7dc19f5b4348b94ead473bd99ee925a247a277878a3fbf41a974db06e48371df739bdcc035d08e8d135968728864ac93c1a37ba0503f68c3db035417bbb0d5665921854cf3017e,gx-no-cache=1464042058724 HTTP/1.1" 200 29
200.86.98.101 - - [23/May/2016:19:20:40 -0300] "POST /cormun/servlet/solicitudot?gx-no-cache=1464042058834 HTTP/1.1" 200 1144
186.103.159.44 - - [23/May/2016:19:20:48 -0300] "POST /cormun/servlet/trautorizarsolicitud?0dbee291b32c0f13b566338a3a52fc9e,,gx-no-cache=1464042065985 HTTP/1.1" 200 6617
186.103.159.44 - - [23/May/2016:19:20:49 -0300] "POST /cormun/servlet/trautorizarsolicitud?0dbee291b32c0f13b566338a3a52fc9e,,gx-no-cache=1464042067406 HTTP/1.1" 200 6559
200.86.98.101 - - [23/May/2016:19:20:53 -0300] "GET /cormun/servlet/solicitudot?44d72b2ad596d7871db9ffafd023993eea93d8ca1023a888eba6571de30d26c118be9fb31616e89f0b9a52be61bd6ed59a97477afa151ae5b036353e142735e9ec4c48ed92764e7b42af620c349c8713114d48efd8b9f16c59937aa2a7a77b085f9c66f0d69f5cb400c31fdfed0b5dab51a25cd33acdf451403b96657bd0ec1579c22de9b5107d736896378b98043bf899614e378fbea11520aa1e016e359f73b87ab37cbb34b878ba0ecb0ade774dcf,gx-no-cache=1464042071922 HTTP/1.1" 200 30
186.103.159.44 - - [23/May/2016:19:20:53 -0300] "POST /cormun/servlet/trautorizarsolicitud?0dbee291b32c0f13b566338a3a52fc9e,,gx-no-cache=1464042071118 HTTP/1.1" 200 6384
186.103.159.44 - - [23/May/2016:19:20:55 -0300] "POST /cormun/servlet/trautorizarsolicitud?0dbee291b32c0f13b566338a3a52fc9e,,gx-no-cache=1464042072719 HTTP/1.1" 200 6326
186.103.159.44 - - [23/May/2016:19:20:59 -0300] "POST /cormun/servlet/trautorizarsolicitud?0dbee291b32c0f13b566338a3a52fc9e,,gx-no-cache=1464042077255 HTTP/1.1" 200 6081
186.103.159.44 - - [23/May/2016:19:21:01 -0300] "POST /cormun/servlet/trautorizarsolicitud?0dbee291b32c0f13b566338a3a52fc9e,,gx-no-cache=1464042078915 HTTP/1.1" 200 6024
200.86.98.101 - - [23/May/2016:19:21:13 -0300] "POST /cormun/servlet/solicitudot?5b678fc427a503f092952a7ebd0e6302,INS,0,0,,gx-no-cache=1464042090937 HTTP/1.1" 200 93
200.86.98.101 - - [23/May/2016:19:21:13 -0300] "GET /cormun/servlet/hpexe_return? HTTP/1.1" 200 1003
200.86.98.101 - - [23/May/2016:19:21:14 -0300] "GET /cormun/servlet/trsolicitudot HTTP/1.1" 200 9547
200.86.98.101 - - [23/May/2016:19:21:15 -0300] "GET /cormun/servlet/trsolicitudot HTTP/1.1" 200 9543
200.86.98.101 - - [23/May/2016:19:21:21 -0300] "GET /cormun/servlet/solicitudot?INS,0,0, HTTP/1.1" 200 11857
200.86.98.101 - - [23/May/2016:19:21:22 -0300] "GET /cormun/servlet/solicitudot?INS,0,0, HTTP/1.1" 200 11862
200.86.98.101 - - [23/May/2016:19:21:32 -0300] "POST /cormun/servlet/solicitudot?gx-no-cache=1464042110912 HTTP/1.1" 200 2778
200.86.98.101 - - [23/May/2016:19:21:33 -0300] "POST /cormun/servlet/solicitudot?5b678fc427a503f092952a7ebd0e6302,INS,0,0,,gx-no-cache=1464042111237 HTTP/1.1" 200 8548
186.103.159.44 - - [23/May/2016:19:21:35 -0300] "POST /cormun/servlet/trautorizarsolicitud?0dbee291b32c0f13b566338a3a52fc9e,,gx-no-cache=1464042113124 HTTP/1.1" 200 5833
186.103.159.44 - - [23/May/2016:19:21:37 -0300] "POST /cormun/servlet/trautorizarsolicitud?0dbee291b32c0f13b566338a3a52fc9e,,gx-no-cache=1464042114853 HTTP/1.1" 200 5778
200.86.98.101 - - [23/May/2016:19:21:38 -0300] "GET /cormun/servlet/solicitudot?44d72b2ad596d7871db9ffafd023993e99bfe82f5a759b0f8b735178ffdcb24b3a9d3eb7566278434d1cb3f60f81a993,gx-no-cache=1464042116458 HTTP/1.1" 200 30
200.86.98.101 - - [23/May/2016:19:21:38 -0300] "POST /cormun/servlet/solicitudot?gx-no-cache=1464042116584 HTTP/1.1" 200 30
200.86.98.101 - - [23/May/2016:19:21:42 -0300] "POST /cormun/servlet/solicitudot?gx-no-cache=1464042120290 HTTP/1.1" 200 30
200.86.98.101 - - [23/May/2016:19:21:52 -0300] "POST /cormun/servlet/solicitudot?gx-no-cache=1464042130698 HTTP/1.1" 200 1184
200.86.98.101 - - [23/May/2016:19:21:52 -0300] "GET /cormun/servlet/solicitudot?44d72b2ad596d7871db9ffafd023993edbfff188e7a21bb350b29ec720e21da78cd386a08fdacd41f28fdbc73bf1e60c1f97adbdb75e4d5405f7b8bc66049cd2f5fb15d3418414c6993ac591e3f4ae798dbc181184704d0a6ebbc073c93f3f31650fb3aceda782c43306cab28d0fc495365e8f7ea6c7e27270814adc69465042a5ba0460364cb017b349e73c0077228f,gx-no-cache=1464042130826 HTTP/1.1" 200 38
186.103.159.44 - - [23/May/2016:19:22:01 -0300] "POST /cormun/servlet/trautorizarsolicitud?0dbee291b32c0f13b566338a3a52fc9e,,gx-no-cache=1464042138665 HTTP/1.1" 200 5566
186.103.159.44 - - [23/May/2016:19:22:02 -0300] "POST /cormun/servlet/trautorizarsolicitud?0dbee291b32c0f13b566338a3a52fc9e,,gx-no-cache=1464042140476 HTTP/1.1" 200 5509
200.86.98.101 - - [23/May/2016:19:22:03 -0300] "GET /cormun/servlet/solicitudot?44d72b2ad596d7871db9ffafd023993e5196c0d5026ca19bb164ae63d3a2c616803bd104b27bcded4a9d6d9094a0bdb0065fdfa24c8c76e055e1c90e97eb25c6c32753e486c8f9aacb8d5f4cceb96a1ca534d84c12cc79156f9c6d3590a838df86ab113b59f4a4dc706f64c298a270c5,gx-no-cache=1464042141352 HTTP/1.1" 200 29
200.86.98.101 - - [23/May/2016:19:22:03 -0300] "POST /cormun/servlet/solicitudot?gx-no-cache=1464042141422 HTTP/1.1" 200 1141
186.103.159.44 - - [23/May/2016:19:22:19 -0300] "POST /cormun/servlet/trautorizarsolicitud?0dbee291b32c0f13b566338a3a52fc9e,,gx-no-cache=1464042156834 HTTP/1.1" 200 5197
186.103.159.44 - - [23/May/2016:19:22:20 -0300] "POST /cormun/servlet/trautorizarsolicitud?0dbee291b32c0f13b566338a3a52fc9e,,gx-no-cache=1464042158461 HTTP/1.1" 200 5141
186.103.159.44 - - [23/May/2016:19:22:29 -0300] "POST /cormun/servlet/trautorizarsolicitud?0dbee291b32c0f13b566338a3a52fc9e,,gx-no-cache=1464042166609 HTTP/1.1" 200 3867
186.103.159.44 - - [23/May/2016:19:22:30 -0300] "POST /cormun/servlet/trautorizarsolicitud?0dbee291b32c0f13b566338a3a52fc9e,,gx-no-cache=1464042168084 HTTP/1.1" 200 3713
186.103.159.44 - - [23/May/2016:19:22:42 -0300] "POST /cormun/servlet/trautorizarsolicitud?0dbee291b32c0f13b566338a3a52fc9e,,gx-no-cache=1464042179805 HTTP/1.1" 200 110
186.103.159.44 - - [23/May/2016:19:22:42 -0300] "GET /cormun/AutorizarSolicitud-4640.xls HTTP/1.1" 200 4608
186.78.40.48 - - [23/May/2016:19:23:41 -0300] "POST /cormun/servlet/solicitudot?gx-no-cache=1464038631244 HTTP/1.1" 200 1187
186.78.40.48 - - [23/May/2016:19:23:42 -0300] "GET /cormun/servlet/solicitudot?c560ff7c0ed8dbdf50625112eb8183f381cb8565b270af48ccc05937dd42898820cb54c2b6ad0f885c13daed35a52a85740a9065fe38f3ed9d1b19fdba68c9cc22435b9b2ee17915d4c314c603b4c6c1fb31b9a5b5621541eae22a95567ce883a67fb5ca4e9e7eccf2e6b76706746ce2ff854a700e9b1b28eb8ad5b20faa218bb8b53fec598179f6c8a8423bab3c9b8d,gx-no-cache=1464038631665 HTTP/1.1" 200 38
186.78.40.48 - - [23/May/2016:19:23:42 -0300] "GET /cormun/servlet/solicitudot?c560ff7c0ed8dbdf50625112eb8183f30376df75c9dd556fdb58ed1e91d1e461e8409805ac53b87e1275e5f56c9c2f2e651299712004e4ae93018902d3cd67f1c8ef8dbb8bc7d5e28b511afd034f11040f06e2cb8cc2c9a44b0a1c23194a8b5beffe96b19ff71f4a6dbd98a76770dd8b819b94e81b3d1ff6d929e8796d1697a29282d41570f40815b3bef311865bd521ac16197ca64b76a00a6add6b172745ff,gx-no-cache=1464038631755 HTTP/1.1" 200 29
186.78.40.48 - - [23/May/2016:19:23:42 -0300] "POST /cormun/servlet/solicitudot?gx-no-cache=1464038631930 HTTP/1.1" 200 1143
186.78.40.48 - - [23/May/2016:19:23:51 -0300] "GET /cormun/servlet/prsolicitudot?17136119,,,,,MD,,gxPopupLevel%3D0%3B HTTP/1.1" 200 5836
186.78.40.48 - - [23/May/2016:19:23:51 -0300] "GET /cormun/static/gxcfg.js?201631022393559 HTTP/1.1" 200 953
186.78.40.48 - - [23/May/2016:19:23:51 -0300] "GET /cormun/static/prsolicitudot.js?201631022393730 HTTP/1.1" 304 -
200.86.98.101 - - [23/May/2016:19:24:14 -0300] "GET /cormun/servlet/solicitudot?44d72b2ad596d7871db9ffafd023993e2047d0a7615f3dfd3dc4f00405df2546b93de754b3c2f85d5dbb7b127b23eb0e9a97477afa151ae5b036353e142735e9ec4c48ed92764e7b42af620c349c8713114d48efd8b9f16c59937aa2a7a77b085f9c66f0d69f5cb400c31fdfed0b5dab51a25cd33acdf451403b96657bd0ec1579c22de9b5107d736896378b98043bf899614e378fbea11520aa1e016e359f73b87ab37cbb34b878ba0ecb0ade774dcf,gx-no-cache=1464042272285 HTTP/1.1" 200 30
200.86.98.101 - - [23/May/2016:19:24:33 -0300] "POST /cormun/servlet/solicitudot?5b678fc427a503f092952a7ebd0e6302,INS,0,0,,gx-no-cache=1464042291662 HTTP/1.1" 200 93
200.86.98.101 - - [23/May/2016:19:24:34 -0300] "GET /cormun/servlet/hpexe_return? HTTP/1.1" 200 1003
200.86.98.101 - - [23/May/2016:19:24:34 -0300] "GET /cormun/servlet/trsolicitudot HTTP/1.1" 200 9912
200.86.98.101 - - [23/May/2016:19:24:35 -0300] "GET /cormun/servlet/trsolicitudot HTTP/1.1" 200 9907
200.86.98.101 - - [23/May/2016:19:24:38 -0300] "GET /cormun/servlet/solicitudot?INS,0,0, HTTP/1.1" 200 11860
200.86.98.101 - - [23/May/2016:19:24:39 -0300] "GET /cormun/servlet/solicitudot?INS,0,0, HTTP/1.1" 200 11865
200.86.98.101 - - [23/May/2016:19:24:48 -0300] "POST /cormun/servlet/solicitudot?gx-no-cache=1464042306201 HTTP/1.1" 200 2780
200.86.98.101 - - [23/May/2016:19:24:49 -0300] "POST /cormun/servlet/solicitudot?5b678fc427a503f092952a7ebd0e6302,INS,0,0,,gx-no-cache=1464042306492 HTTP/1.1" 200 8571
200.86.98.101 - - [23/May/2016:19:24:52 -0300] "GET /cormun/servlet/solicitudot?44d72b2ad596d7871db9ffafd023993eae29f1388f4517c80d29607c80d46b093a9d3eb7566278434d1cb3f60f81a993,gx-no-cache=1464042310147 HTTP/1.1" 200 30
200.86.98.101 - - [23/May/2016:19:24:52 -0300] "POST /cormun/servlet/solicitudot?gx-no-cache=1464042310265 HTTP/1.1" 200 30
200.86.98.101 - - [23/May/2016:19:24:53 -0300] "POST /cormun/servlet/solicitudot?gx-no-cache=1464042311794 HTTP/1.1" 200 30
200.86.98.101 - - [23/May/2016:19:25:02 -0300] "POST /cormun/servlet/solicitudot?gx-no-cache=1464042320622 HTTP/1.1" 200 1187
200.86.98.101 - - [23/May/2016:19:25:02 -0300] "GET /cormun/servlet/solicitudot?44d72b2ad596d7871db9ffafd023993edbfff188e7a21bb350b29ec720e21da78cd386a08fdacd41f28fdbc73bf1e60c1f97adbdb75e4d5405f7b8bc66049cd2f5fb15d3418414c6993ac591e3f4ae798dbc181184704d0a6ebbc073c93f3f31650fb3aceda782c43306cab28d0fc495365e8f7ea6c7e27270814adc69465042a5ba0460364cb017b349e73c0077228f,gx-no-cache=1464042320775 HTTP/1.1" 200 38
200.86.98.101 - - [23/May/2016:19:25:09 -0300] "GET /cormun/servlet/solicitudot?44d72b2ad596d7871db9ffafd023993e5196c0d5026ca19bb164ae63d3a2c616803bd104b27bcded4a9d6d9094a0bdb0ee810660eea7cbfdfda587e07632a4295526483437270c4a140da785d816341fd4b6544b8a7cae0cdb7dc19f5b4348b94ead473bd99ee925a247a277878a3fbf41a974db06e48371df739bdcc035d08e8d135968728864ac93c1a37ba0503f68c3db035417bbb0d5665921854cf3017e,gx-no-cache=1464042327781 HTTP/1.1" 200 29
200.86.98.101 - - [23/May/2016:19:25:09 -0300] "POST /cormun/servlet/solicitudot?gx-no-cache=1464042327853 HTTP/1.1" 200 1143
200.86.98.101 - - [23/May/2016:19:25:20 -0300] "GET /cormun/servlet/solicitudot?44d72b2ad596d7871db9ffafd023993ea9949582dfb331a3a575b6757099d3a37ca1f68978f06ee3c0cdea1b437c1e8f9a97477afa151ae5b036353e142735e9ec4c48ed92764e7b42af620c349c8713114d48efd8b9f16c59937aa2a7a77b085f9c66f0d69f5cb400c31fdfed0b5dab51a25cd33acdf451403b96657bd0ec1579c22de9b5107d736896378b98043bf899614e378fbea11520aa1e016e359f73698688cb45ae9c4f0f13a020d6d990b5,gx-no-cache=1464042338376 HTTP/1.1" 200 30
200.86.98.101 - - [23/May/2016:19:25:36 -0300] "POST /cormun/servlet/solicitudot?5b678fc427a503f092952a7ebd0e6302,INS,0,0,,gx-no-cache=1464042353945 HTTP/1.1" 200 93
200.86.98.101 - - [23/May/2016:19:25:36 -0300] "GET /cormun/servlet/hpexe_return? HTTP/1.1" 200 1003
200.86.98.101 - - [23/May/2016:19:25:37 -0300] "GET /cormun/servlet/trsolicitudot HTTP/1.1" 200 10277
200.86.98.101 - - [23/May/2016:19:25:38 -0300] "GET /cormun/servlet/trsolicitudot HTTP/1.1" 200 10272
186.78.40.48 - - [23/May/2016:19:28:17 -0300] "GET /cormun/servlet/solicitudot?c560ff7c0ed8dbdf50625112eb8183f3699f12a6d9bb123c76989de013f0310033d46c9afc52b2338191c9da2e632a2f06ef50542708a723921932ca5b4d6b716a514b8addc200b566916b3371abd2facf3a3016575899fce0d458580de3f247752ab20c1fa6b82062dc9f926b3f12991d245811a65cbcf496968c2b34ef5d418132d43e88795bdf89bed9db3e6a69ec23a57f8f8707143a899bf916d79242328f2d4284f0d6a559901953f9c050c485,gx-no-cache=1464038906726 HTTP/1.1" 200 30
186.78.40.48 - - [23/May/2016:19:28:33 -0300] "GET /cormun/servlet/solicitudot?c560ff7c0ed8dbdf50625112eb8183f3699f12a6d9bb123c76989de013f0310033d46c9afc52b2338191c9da2e632a2f06ef50542708a723921932ca5b4d6b716a514b8addc200b566916b3371abd2facf3a3016575899fce0d458580de3f247752ab20c1fa6b82062dc9f926b3f12991d245811a65cbcf496968c2b34ef5d418132d43e88795bdf89bed9db3e6a69ec23a57f8f8707143a899bf916d79242328f2d4284f0d6a559901953f9c050c485,gx-no-cache=1464038923238 HTTP/1.1" 200 30
186.78.40.48 - - [23/May/2016:19:29:20 -0300] "POST /cormun/servlet/solicitudot?db0b555d2d0210b15361f47a98842836,INS,0,0,,gx-no-cache=1464038969143 HTTP/1.1" 200 9536
186.78.40.48 - - [23/May/2016:19:29:20 -0300] "GET /cormun/static/Shared/jqueryui/images/ui-icons_ebccce_256x240.png HTTP/1.1" 404 1089
186.78.40.48 - - [23/May/2016:19:29:20 -0300] "GET /cormun/static/Shared/jqueryui/images/ui-icons_82798d_256x240.png HTTP/1.1" 404 1089
186.78.40.48 - - [23/May/2016:19:29:21 -0300] "GET /cormun/static/Shared/jqueryui/images/ui-bg_highlight-soft_100_c6c2c8_1x100.png HTTP/1.1" 404 1117
186.78.40.48 - - [23/May/2016:19:29:21 -0300] "GET /cormun/static/Shared/jqueryui/images/ui-bg_flat_55_994d53_40x100.png HTTP/1.1" 404 1097
186.78.40.48 - - [23/May/2016:19:30:05 -0300] "POST /cormun/servlet/solicitudot?gx-no-cache=1464039014837 HTTP/1.1" 200 122
186.78.40.48 - - [23/May/2016:19:30:05 -0300] "GET /cormun/static/Shared/jqueryui/images/ui-bg_flat_55_fafafa_40x100.png HTTP/1.1" 404 1097
186.78.40.48 - - [23/May/2016:19:30:05 -0300] "GET /cormun/static/Shared/jqueryui/images/ui-icons_8d78a5_256x240.png HTTP/1.1" 404 1089
186.78.40.48 - - [23/May/2016:19:30:15 -0300] "POST /cormun/servlet/solicitudot?gx-no-cache=1464039024659 HTTP/1.1" 200 30
186.78.40.48 - - [23/May/2016:19:30:21 -0300] "POST /cormun/servlet/solicitudot?gx-no-cache=1464039031082 HTTP/1.1" 200 1187
186.78.40.48 - - [23/May/2016:19:30:21 -0300] "GET /cormun/servlet/solicitudot?c560ff7c0ed8dbdf50625112eb8183f381cb8565b270af48ccc05937dd42898820cb54c2b6ad0f885c13daed35a52a85740a9065fe38f3ed9d1b19fdba68c9cc22435b9b2ee17915d4c314c603b4c6c1fb31b9a5b5621541eae22a95567ce883a67fb5ca4e9e7eccf2e6b76706746ce2ff854a700e9b1b28eb8ad5b20faa218b97f470cee8433a00c350b562c33ec3d07c80c3d85714bab0ed2fffbeb25c3ce8,gx-no-cache=1464039031350 HTTP/1.1" 200 41
186.78.40.48 - - [23/May/2016:19:30:21 -0300] "POST /cormun/servlet/solicitudot?gx-no-cache=1464039031468 HTTP/1.1" 200 1143
186.78.40.48 - - [23/May/2016:19:30:22 -0300] "GET /cormun/servlet/solicitudot?c560ff7c0ed8dbdf50625112eb8183f3699f12a6d9bb123c76989de013f0310033d46c9afc52b2338191c9da2e632a2f06ef50542708a723921932ca5b4d6b716a514b8addc200b566916b3371abd2facf3a3016575899fce0d458580de3f247752ab20c1fa6b82062dc9f926b3f12991d245811a65cbcf496968c2b34ef5d418132d43e88795bdf89bed9db3e6a69ec23a57f8f8707143a899bf916d79242327fc6b15bd2af6595a11ae74caa560676,gx-no-cache=1464039031696 HTTP/1.1" 200 32
200.86.98.101 - - [23/May/2016:19:30:22 -0300] "GET /cormun/servlet/solicitudot?INS,0,0, HTTP/1.1" 200 11860
186.78.40.48 - - [23/May/2016:19:30:22 -0300] "POST /cormun/servlet/solicitudot?db0b555d2d0210b15361f47a98842836,INS,0,0,,gx-no-cache=1464039031771 HTTP/1.1" 200 93
186.78.40.48 - - [23/May/2016:19:30:22 -0300] "GET /cormun/servlet/hpexe_return? HTTP/1.1" 200 1006
186.78.40.48 - - [23/May/2016:19:30:23 -0300] "GET /cormun/static/gxcfg.js?2015111312145050 HTTP/1.1" 304 -
186.78.40.48 - - [23/May/2016:19:30:23 -0300] "GET /cormun/static/Resources/Spanish/PXTools.css?12112540 HTTP/1.1" 304 -
186.78.40.48 - - [23/May/2016:19:30:23 -0300] "GET /cormun/static/hpexe_return.js?2015111312145056 HTTP/1.1" 304 -
200.86.98.101 - - [23/May/2016:19:30:23 -0300] "GET /cormun/servlet/solicitudot?INS,0,0, HTTP/1.1" 200 11865
186.78.40.48 - - [23/May/2016:19:30:23 -0300] "GET /cormun/servlet/trsolicitudot HTTP/1.1" 200 7851
186.78.40.48 - - [23/May/2016:19:30:29 -0300] "POST /cormun/servlet/trsolicitudot?db0b555d2d0210b15361f47a98842836,gx-no-cache=1464039038473 HTTP/1.1" 200 3895
186.78.40.48 - - [23/May/2016:19:30:30 -0300] "POST /cormun/servlet/trsolicitudot?db0b555d2d0210b15361f47a98842836,gx-no-cache=1464039039276 HTTP/1.1" 200 3747
186.78.40.48 - - [23/May/2016:19:30:30 -0300] "GET /cormun/static/Shared/jqueryui/images/ui-icons_8d78a5_256x240.png HTTP/1.1" 404 1089
186.78.40.48 - - [23/May/2016:19:30:30 -0300] "GET /cormun/static/Shared/jqueryui/images/ui-bg_flat_55_fafafa_40x100.png HTTP/1.1" 404 1097
186.78.40.48 - - [23/May/2016:19:30:30 -0300] "GET /cormun/static/Shared/jqueryui/images/ui-icons_82798d_256x240.png HTTP/1.1" 404 1089
186.78.40.48 - - [23/May/2016:19:30:30 -0300] "GET /cormun/static/Shared/jqueryui/images/ui-bg_highlight-soft_100_c6c2c8_1x100.png HTTP/1.1" 404 1117
200.86.98.101 - - [23/May/2016:19:30:31 -0300] "POST /cormun/servlet/solicitudot?gx-no-cache=1464042649905 HTTP/1.1" 200 2780
200.86.98.101 - - [23/May/2016:19:30:32 -0300] "POST /cormun/servlet/solicitudot?5b678fc427a503f092952a7ebd0e6302,INS,0,0,,gx-no-cache=1464042650196 HTTP/1.1" 200 8571
200.86.98.101 - - [23/May/2016:19:30:38 -0300] "GET /cormun/servlet/solicitudot?44d72b2ad596d7871db9ffafd023993eae29f1388f4517c80d29607c80d46b093a9d3eb7566278434d1cb3f60f81a993,gx-no-cache=1464042656414 HTTP/1.1" 200 30
200.86.98.101 - - [23/May/2016:19:30:38 -0300] "POST /cormun/servlet/solicitudot?gx-no-cache=1464042656496 HTTP/1.1" 200 30
186.78.40.48 - - [23/May/2016:19:30:38 -0300] "GET /cormun/servlet/trautorizarsolicitud? HTTP/1.1" 200 7787
186.78.40.48 - - [23/May/2016:19:30:38 -0300] "GET /cormun/static/gxcfg.js?201632119361219 HTTP/1.1" 304 -
186.78.40.48 - - [23/May/2016:19:30:38 -0300] "GET /cormun/static/trautorizarsolicitud.js?20163211936186 HTTP/1.1" 304 -
200.86.98.101 - - [23/May/2016:19:30:41 -0300] "POST /cormun/servlet/solicitudot?gx-no-cache=1464042659374 HTTP/1.1" 200 30
186.78.40.48 - - [23/May/2016:19:30:42 -0300] "POST /cormun/servlet/trautorizarsolicitud?db0b555d2d0210b15361f47a98842836,,gx-no-cache=1464039051218 HTTP/1.1" 200 3865
186.78.40.48 - - [23/May/2016:19:30:42 -0300] "POST /cormun/servlet/trautorizarsolicitud?db0b555d2d0210b15361f47a98842836,,gx-no-cache=1464039052051 HTTP/1.1" 200 3722
186.78.40.48 - - [23/May/2016:19:30:43 -0300] "GET /cormun/static/Shared/jqueryui/images/ui-bg_flat_55_fafafa_40x100.png HTTP/1.1" 404 1097
186.78.40.48 - - [23/May/2016:19:30:43 -0300] "GET /cormun/static/Shared/jqueryui/images/ui-icons_82798d_256x240.png HTTP/1.1" 404 1089
186.78.40.48 - - [23/May/2016:19:30:43 -0300] "GET /cormun/static/Shared/jqueryui/images/ui-icons_8d78a5_256x240.png HTTP/1.1" 404 1089
186.78.40.48 - - [23/May/2016:19:30:43 -0300] "GET /cormun/static/Shared/jqueryui/images/ui-bg_highlight-soft_100_c6c2c8_1x100.png HTTP/1.1" 404 1117
200.86.98.101 - - [23/May/2016:19:30:53 -0300] "POST /cormun/servlet/solicitudot?gx-no-cache=1464042671748 HTTP/1.1" 200 1187
200.86.98.101 - - [23/May/2016:19:30:53 -0300] "GET /cormun/servlet/solicitudot?44d72b2ad596d7871db9ffafd023993edbfff188e7a21bb350b29ec720e21da78cd386a08fdacd41f28fdbc73bf1e60c1f97adbdb75e4d5405f7b8bc66049cd2f5fb15d3418414c6993ac591e3f4ae798dbc181184704d0a6ebbc073c93f3f31650fb3aceda782c43306cab28d0fc495365e8f7ea6c7e27270814adc69465042a5ba0460364cb017b349e73c0077228f,gx-no-cache=1464042671868 HTTP/1.1" 200 38
200.86.98.101 - - [23/May/2016:19:30:58 -0300] "GET /cormun/servlet/solicitudot?44d72b2ad596d7871db9ffafd023993e5196c0d5026ca19bb164ae63d3a2c616803bd104b27bcded4a9d6d9094a0bdb0ee810660eea7cbfdfda587e07632a4295526483437270c4a140da785d816341fd4b6544b8a7cae0cdb7dc19f5b4348b94ead473bd99ee925a247a277878a3fbf41a974db06e48371df739bdcc035d08e8d135968728864ac93c1a37ba0503f68c3db035417bbb0d5665921854cf3017e,gx-no-cache=1464042676441 HTTP/1.1" 200 29
200.86.98.101 - - [23/May/2016:19:30:58 -0300] "POST /cormun/servlet/solicitudot?gx-no-cache=1464042676530 HTTP/1.1" 200 1143
200.86.98.101 - - [23/May/2016:19:31:13 -0300] "GET /cormun/servlet/solicitudot?44d72b2ad596d7871db9ffafd023993ea9949582dfb331a3a575b6757099d3a30138b88a4ceb1b10078c70e29fe262ff9a97477afa151ae5b036353e142735e9ec4c48ed92764e7b42af620c349c8713114d48efd8b9f16c59937aa2a7a77b085f9c66f0d69f5cb400c31fdfed0b5dab51a25cd33acdf451403b96657bd0ec1579c22de9b5107d736896378b98043bf899614e378fbea11520aa1e016e359f73698688cb45ae9c4f0f13a020d6d990b5,gx-no-cache=1464042691467 HTTP/1.1" 200 30
200.86.98.101 - - [23/May/2016:19:31:22 -0300] "POST /cormun/servlet/solicitudot?5b678fc427a503f092952a7ebd0e6302,INS,0,0,,gx-no-cache=1464042700159 HTTP/1.1" 200 93
200.86.98.101 - - [23/May/2016:19:31:22 -0300] "GET /cormun/servlet/hpexe_return? HTTP/1.1" 200 1003
200.86.98.101 - - [23/May/2016:19:31:23 -0300] "GET /cormun/servlet/trsolicitudot HTTP/1.1" 200 10527
200.86.98.101 - - [23/May/2016:19:31:24 -0300] "GET /cormun/servlet/trsolicitudot HTTP/1.1" 200 10521
200.86.98.101 - - [23/May/2016:19:31:55 -0300] "GET /cormun/servlet/solicitudot?INS,0,0, HTTP/1.1" 200 11860
200.86.98.101 - - [23/May/2016:19:31:56 -0300] "GET /cormun/servlet/solicitudot?INS,0,0, HTTP/1.1" 200 11865
200.86.98.101 - - [23/May/2016:19:32:04 -0300] "POST /cormun/servlet/solicitudot?gx-no-cache=1464042742163 HTTP/1.1" 200 2780
200.86.98.101 - - [23/May/2016:19:32:04 -0300] "POST /cormun/servlet/solicitudot?5b678fc427a503f092952a7ebd0e6302,INS,0,0,,gx-no-cache=1464042742487 HTTP/1.1" 200 8571
200.86.98.101 - - [23/May/2016:19:32:08 -0300] "GET /cormun/servlet/solicitudot?44d72b2ad596d7871db9ffafd023993eae29f1388f4517c80d29607c80d46b093a9d3eb7566278434d1cb3f60f81a993,gx-no-cache=1464042746310 HTTP/1.1" 200 30
200.86.98.101 - - [23/May/2016:19:32:08 -0300] "POST /cormun/servlet/solicitudot?gx-no-cache=1464042746398 HTTP/1.1" 200 30
200.86.98.101 - - [23/May/2016:19:32:11 -0300] "POST /cormun/servlet/solicitudot?gx-no-cache=1464042749942 HTTP/1.1" 200 30
200.86.98.101 - - [23/May/2016:19:32:23 -0300] "POST /cormun/servlet/solicitudot?gx-no-cache=1464042761459 HTTP/1.1" 200 1187
200.86.98.101 - - [23/May/2016:19:32:23 -0300] "GET /cormun/servlet/solicitudot?44d72b2ad596d7871db9ffafd023993edbfff188e7a21bb350b29ec720e21da78cd386a08fdacd41f28fdbc73bf1e60c1f97adbdb75e4d5405f7b8bc66049cd2f5fb15d3418414c6993ac591e3f4ae798dbc181184704d0a6ebbc073c93f3f31650fb3aceda782c43306cab28d0fc495365e8f7ea6c7e27270814adc69465042a5ba0460364cb017b349e73c0077228f,gx-no-cache=1464042761622 HTTP/1.1" 200 38
200.86.98.101 - - [23/May/2016:19:32:29 -0300] "GET /cormun/servlet/solicitudot?44d72b2ad596d7871db9ffafd023993e5196c0d5026ca19bb164ae63d3a2c616803bd104b27bcded4a9d6d9094a0bdb0ee810660eea7cbfdfda587e07632a4295526483437270c4a140da785d816341fd4b6544b8a7cae0cdb7dc19f5b4348b94ead473bd99ee925a247a277878a3fbf41a974db06e48371df739bdcc035d08e8d135968728864ac93c1a37ba0503f68c3db035417bbb0d5665921854cf3017e,gx-no-cache=1464042767473 HTTP/1.1" 200 29
200.86.98.101 - - [23/May/2016:19:32:29 -0300] "POST /cormun/servlet/solicitudot?gx-no-cache=1464042767543 HTTP/1.1" 200 1143
200.86.98.101 - - [23/May/2016:19:32:41 -0300] "GET /cormun/servlet/solicitudot?44d72b2ad596d7871db9ffafd023993ea9949582dfb331a3a575b6757099d3a3beb64eff7df43cd1d1c329c68da2c30f9a97477afa151ae5b036353e142735e9ec4c48ed92764e7b42af620c349c8713114d48efd8b9f16c59937aa2a7a77b085f9c66f0d69f5cb400c31fdfed0b5dab51a25cd33acdf451403b96657bd0ec1579c22de9b5107d736896378b98043bf899614e378fbea11520aa1e016e359f73698688cb45ae9c4f0f13a020d6d990b5,gx-no-cache=1464042779456 HTTP/1.1" 200 30
200.86.98.101 - - [23/May/2016:19:32:58 -0300] "POST /cormun/servlet/solicitudot?5b678fc427a503f092952a7ebd0e6302,INS,0,0,,gx-no-cache=1464042796068 HTTP/1.1" 200 93
200.86.98.101 - - [23/May/2016:19:32:58 -0300] "GET /cormun/servlet/hpexe_return? HTTP/1.1" 200 1003
200.86.98.101 - - [23/May/2016:19:32:59 -0300] "GET /cormun/servlet/trsolicitudot HTTP/1.1" 200 10797
200.86.98.101 - - [23/May/2016:19:33:00 -0300] "GET /cormun/servlet/trsolicitudot HTTP/1.1" 200 10793
200.86.98.101 - - [23/May/2016:19:33:12 -0300] "GET /cormun/servlet/solicitudot?INS,0,0, HTTP/1.1" 200 11860
200.86.98.101 - - [23/May/2016:19:33:13 -0300] "GET /cormun/servlet/solicitudot?INS,0,0, HTTP/1.1" 200 11865
200.86.98.101 - - [23/May/2016:19:33:23 -0300] "POST /cormun/servlet/solicitudot?gx-no-cache=1464042821123 HTTP/1.1" 200 2781
200.86.98.101 - - [23/May/2016:19:33:23 -0300] "POST /cormun/servlet/solicitudot?5b678fc427a503f092952a7ebd0e6302,INS,0,0,,gx-no-cache=1464042821416 HTTP/1.1" 200 8573
200.86.98.101 - - [23/May/2016:19:33:26 -0300] "GET /cormun/servlet/solicitudot?44d72b2ad596d7871db9ffafd023993e2ab4ae4314734dcc4a53c0219a4fb2443a9d3eb7566278434d1cb3f60f81a993,gx-no-cache=1464042824342 HTTP/1.1" 200 30
200.86.98.101 - - [23/May/2016:19:33:26 -0300] "POST /cormun/servlet/solicitudot?gx-no-cache=1464042824432 HTTP/1.1" 200 30
200.86.98.101 - - [23/May/2016:19:33:28 -0300] "POST /cormun/servlet/solicitudot?gx-no-cache=1464042826234 HTTP/1.1" 200 30
200.86.98.101 - - [23/May/2016:19:33:40 -0300] "POST /cormun/servlet/solicitudot?gx-no-cache=1464042838590 HTTP/1.1" 200 1187
200.86.98.101 - - [23/May/2016:19:33:40 -0300] "GET /cormun/servlet/solicitudot?44d72b2ad596d7871db9ffafd023993edbfff188e7a21bb350b29ec720e21da78cd386a08fdacd41f28fdbc73bf1e60c1f97adbdb75e4d5405f7b8bc66049cd2f5fb15d3418414c6993ac591e3f4ae798dbc181184704d0a6ebbc073c93f3f31650fb3aceda782c43306cab28d0fc495365e8f7ea6c7e27270814adc69465042a5ba0460364cb017b349e73c0077228f,gx-no-cache=1464042838724 HTTP/1.1" 200 38
200.86.98.101 - - [23/May/2016:19:33:47 -0300] "GET /cormun/servlet/solicitudot?44d72b2ad596d7871db9ffafd023993e5196c0d5026ca19bb164ae63d3a2c616803bd104b27bcded4a9d6d9094a0bdb0ee810660eea7cbfdfda587e07632a4295526483437270c4a140da785d816341fd4b6544b8a7cae0cdb7dc19f5b4348b94ead473bd99ee925a247a277878a3fbf41a974db06e48371df739bdcc035d08e8d135968728864ac93c1a37ba0503f68c3db035417bbb0d5665921854cf3017e,gx-no-cache=1464042845690 HTTP/1.1" 200 29
200.86.98.101 - - [23/May/2016:19:33:47 -0300] "POST /cormun/servlet/solicitudot?gx-no-cache=1464042845751 HTTP/1.1" 200 1144
186.78.40.48 - - [23/May/2016:19:33:50 -0300] "GET /cormun/servlet/trsolicitudot? HTTP/1.1" 200 6560
186.78.40.48 - - [23/May/2016:19:33:53 -0300] "GET /cormun/servlet/solicitudot?INS,0,0, HTTP/1.1" 200 11782
186.78.40.48 - - [23/May/2016:19:34:05 -0300] "POST /cormun/servlet/solicitudot?gx-no-cache=1464039254358 HTTP/1.1" 200 2784
186.78.40.48 - - [23/May/2016:19:34:05 -0300] "POST /cormun/servlet/solicitudot?db0b555d2d0210b15361f47a98842836,INS,0,0,,gx-no-cache=1464039254832 HTTP/1.1" 200 8587
200.86.98.101 - - [23/May/2016:19:34:09 -0300] "GET /cormun/servlet/solicitudot?44d72b2ad596d7871db9ffafd023993eddb28eacd79377612015b39045b1c87f83f8891db2c85f1203bb913bc6fd4c4f9a97477afa151ae5b036353e142735e9ec4c48ed92764e7b42af620c349c8713114d48efd8b9f16c59937aa2a7a77b085f9c66f0d69f5cb400c31fdfed0b5dab51a25cd33acdf451403b96657bd0ec1579c22de9b5107d736896378b98043bf899614e378fbea11520aa1e016e359f73b87ab37cbb34b878ba0ecb0ade774dcf,gx-no-cache=1464042867592 HTTP/1.1" 200 30
200.86.98.101 - - [23/May/2016:19:34:24 -0300] "POST /cormun/servlet/solicitudot?5b678fc427a503f092952a7ebd0e6302,INS,0,0,,gx-no-cache=1464042881822 HTTP/1.1" 200 93
200.86.98.101 - - [23/May/2016:19:34:24 -0300] "GET /cormun/servlet/hpexe_return? HTTP/1.1" 200 1003
200.86.98.101 - - [23/May/2016:19:34:24 -0300] "GET /cormun/servlet/trsolicitudot HTTP/1.1" 200 11087
200.86.98.101 - - [23/May/2016:19:34:25 -0300] "GET /cormun/servlet/trsolicitudot HTTP/1.1" 200 11082
200.86.98.101 - - [23/May/2016:19:34:28 -0300] "GET /cormun/servlet/solicitudot?INS,0,0, HTTP/1.1" 200 11860
200.86.98.101 - - [23/May/2016:19:34:29 -0300] "GET /cormun/servlet/solicitudot?INS,0,0, HTTP/1.1" 200 11865
200.86.98.101 - - [23/May/2016:19:34:36 -0300] "POST /cormun/servlet/solicitudot?gx-no-cache=1464042894166 HTTP/1.1" 200 2781
200.86.98.101 - - [23/May/2016:19:34:36 -0300] "POST /cormun/servlet/solicitudot?5b678fc427a503f092952a7ebd0e6302,INS,0,0,,gx-no-cache=1464042894436 HTTP/1.1" 200 8573
200.86.98.101 - - [23/May/2016:19:34:38 -0300] "GET /cormun/servlet/solicitudot?44d72b2ad596d7871db9ffafd023993e2ab4ae4314734dcc4a53c0219a4fb2443a9d3eb7566278434d1cb3f60f81a993,gx-no-cache=1464042897074 HTTP/1.1" 200 30
200.86.98.101 - - [23/May/2016:19:34:39 -0300] "POST /cormun/servlet/solicitudot?gx-no-cache=1464042897167 HTTP/1.1" 200 30
186.78.40.48 - - [23/May/2016:19:34:39 -0300] "GET /cormun/servlet/solicitudot?c560ff7c0ed8dbdf50625112eb8183f363467aa819c88b36e53f4d07efbd169c5c1c74746aa8a53e885bd3db9126a696,gx-no-cache=1464039288694 HTTP/1.1" 200 30
186.78.40.48 - - [23/May/2016:19:34:39 -0300] "POST /cormun/servlet/solicitudot?gx-no-cache=1464039288840 HTTP/1.1" 200 30
200.86.98.101 - - [23/May/2016:19:34:40 -0300] "POST /cormun/servlet/solicitudot?gx-no-cache=1464042898787 HTTP/1.1" 200 30
200.86.98.101 - - [23/May/2016:19:34:50 -0300] "POST /cormun/servlet/solicitudot?gx-no-cache=1464042908258 HTTP/1.1" 200 1187
200.86.98.101 - - [23/May/2016:19:34:50 -0300] "GET /cormun/servlet/solicitudot?44d72b2ad596d7871db9ffafd023993edbfff188e7a21bb350b29ec720e21da78cd386a08fdacd41f28fdbc73bf1e60c1f97adbdb75e4d5405f7b8bc66049cd2f5fb15d3418414c6993ac591e3f4ae798dbc181184704d0a6ebbc073c93f3f31650fb3aceda782c43306cab28d0fc495365e8f7ea6c7e27270814adc69465042a5ba0460364cb017b349e73c0077228f,gx-no-cache=1464042908390 HTTP/1.1" 200 38
200.86.98.101 - - [23/May/2016:19:34:57 -0300] "GET /cormun/servlet/solicitudot?44d72b2ad596d7871db9ffafd023993e5196c0d5026ca19bb164ae63d3a2c616803bd104b27bcded4a9d6d9094a0bdb0ee810660eea7cbfdfda587e07632a4295526483437270c4a140da785d816341fd4b6544b8a7cae0cdb7dc19f5b4348b94ead473bd99ee925a247a277878a3fbf41a974db06e48371df739bdcc035d08e8d135968728864ac93c1a37ba0503f68c3db035417bbb0d5665921854cf3017e,gx-no-cache=1464042915641 HTTP/1.1" 200 29
200.86.98.101 - - [23/May/2016:19:34:57 -0300] "POST /cormun/servlet/solicitudot?gx-no-cache=1464042915703 HTTP/1.1" 200 1144
200.86.98.101 - - [23/May/2016:19:35:10 -0300] "GET /cormun/servlet/solicitudot?44d72b2ad596d7871db9ffafd023993eddb28eacd79377612015b39045b1c87f404f4004f234d3c99addb64f9f95b1119a97477afa151ae5b036353e142735e9ec4c48ed92764e7b42af620c349c8713114d48efd8b9f16c59937aa2a7a77b085f9c66f0d69f5cb400c31fdfed0b5dab51a25cd33acdf451403b96657bd0ec1579c22de9b5107d736896378b98043bf899614e378fbea11520aa1e016e359f73b87ab37cbb34b878ba0ecb0ade774dcf,gx-no-cache=1464042928892 HTTP/1.1" 200 30
200.86.98.101 - - [23/May/2016:19:35:38 -0300] "POST /cormun/servlet/solicitudot?5b678fc427a503f092952a7ebd0e6302,INS,0,0,,gx-no-cache=1464042956539 HTTP/1.1" 200 93
200.86.98.101 - - [23/May/2016:19:35:38 -0300] "GET /cormun/servlet/hpexe_return? HTTP/1.1" 200 1003
200.86.98.101 - - [23/May/2016:19:35:39 -0300] "GET /cormun/servlet/trsolicitudot HTTP/1.1" 200 11286
200.86.98.101 - - [23/May/2016:19:35:40 -0300] "GET /cormun/servlet/trsolicitudot HTTP/1.1" 200 11281
200.86.98.101 - - [23/May/2016:19:35:42 -0300] "GET /cormun/servlet/solicitudot?INS,0,0, HTTP/1.1" 200 11860
200.86.98.101 - - [23/May/2016:19:35:43 -0300] "GET /cormun/servlet/solicitudot?INS,0,0, HTTP/1.1" 200 11865
200.86.98.101 - - [23/May/2016:19:35:52 -0300] "POST /cormun/servlet/solicitudot?gx-no-cache=1464042970155 HTTP/1.1" 200 2790
200.86.98.101 - - [23/May/2016:19:35:52 -0300] "POST /cormun/servlet/solicitudot?5b678fc427a503f092952a7ebd0e6302,INS,0,0,,gx-no-cache=1464042970446 HTTP/1.1" 200 8577
200.86.98.101 - - [23/May/2016:19:35:55 -0300] "GET /cormun/servlet/solicitudot?44d72b2ad596d7871db9ffafd023993ed409dbfe5a808effece50dd3975dbb233a9d3eb7566278434d1cb3f60f81a993,gx-no-cache=1464042973618 HTTP/1.1" 200 30
200.86.98.101 - - [23/May/2016:19:35:55 -0300] "POST /cormun/servlet/solicitudot?gx-no-cache=1464042973703 HTTP/1.1" 200 30
200.86.98.101 - - [23/May/2016:19:35:57 -0300] "POST /cormun/servlet/solicitudot?gx-no-cache=1464042975330 HTTP/1.1" 200 30
200.86.98.101 - - [23/May/2016:19:36:25 -0300] "POST /cormun/servlet/solicitudot?gx-no-cache=1464043003276 HTTP/1.1" 200 1187
200.86.98.101 - - [23/May/2016:19:36:25 -0300] "GET /cormun/servlet/solicitudot?44d72b2ad596d7871db9ffafd023993edbfff188e7a21bb350b29ec720e21da78cd386a08fdacd41f28fdbc73bf1e60c1f97adbdb75e4d5405f7b8bc66049cd2f5fb15d3418414c6993ac591e3f4ae798dbc181184704d0a6ebbc073c93f3f31650fb3aceda782c43306cab28d0fc495365e8f7ea6c7e27270814adc69465042a5ba0460364cb017b349e73c0077228f,gx-no-cache=1464043003489 HTTP/1.1" 200 38
200.86.98.101 - - [23/May/2016:19:36:32 -0300] "GET /cormun/servlet/solicitudot?44d72b2ad596d7871db9ffafd023993e5196c0d5026ca19bb164ae63d3a2c616803bd104b27bcded4a9d6d9094a0bdb0ee810660eea7cbfdfda587e07632a4295526483437270c4a140da785d816341fd4b6544b8a7cae0cdb7dc19f5b4348b94ead473bd99ee925a247a277878a3fbf41a974db06e48371df739bdcc035d08e8d135968728864ac93c1a37ba0503f68c3db035417bbb0d5665921854cf3017e,gx-no-cache=1464043010308 HTTP/1.1" 200 29
200.86.98.101 - - [23/May/2016:19:36:32 -0300] "POST /cormun/servlet/solicitudot?gx-no-cache=1464043010394 HTTP/1.1" 200 1144
200.86.98.101 - - [23/May/2016:19:36:43 -0300] "GET /cormun/servlet/solicitudot?44d72b2ad596d7871db9ffafd023993ebaac29b2600ea8a8da87d1c0ecf299a4a9935d061bbeee08a13fc854d3af1f43cb9e6f2726649d9878fb81a5e0f32de12814949cd1ef1e99ea5bf72c6b02e0aa57f0c2215b61ad18c294bb8775adb3ceb129a981c5afc889240c1ae5d13c5fb8331c719f7b6249b6eb2d28606a02750f6667993bf2c8523d20d17a8c720176b3af056e92ddbdbe7419306de0e6bae7c1470370733bbcdf7696579cf73503e4a0,gx-no-cache=1464043021844 HTTP/1.1" 200 30
200.86.98.101 - - [23/May/2016:19:36:58 -0300] "POST /cormun/servlet/solicitudot?5b678fc427a503f092952a7ebd0e6302,INS,0,0,,gx-no-cache=1464043036504 HTTP/1.1" 200 93
200.86.98.101 - - [23/May/2016:19:36:58 -0300] "GET /cormun/servlet/hpexe_return? HTTP/1.1" 200 1003
200.86.98.101 - - [23/May/2016:19:36:59 -0300] "GET /cormun/servlet/trsolicitudot HTTP/1.1" 200 11572
200.86.98.101 - - [23/May/2016:19:37:00 -0300] "GET /cormun/servlet/trsolicitudot HTTP/1.1" 200 11568
200.86.98.101 - - [23/May/2016:19:37:10 -0300] "POST /cormun/servlet/trsolicitudot?5b678fc427a503f092952a7ebd0e6302,gx-no-cache=1464043048221 HTTP/1.1" 200 8705
200.86.98.101 - - [23/May/2016:19:37:11 -0300] "POST /cormun/servlet/trsolicitudot?5b678fc427a503f092952a7ebd0e6302,gx-no-cache=1464043049271 HTTP/1.1" 200 8645
200.86.98.101 - - [23/May/2016:19:37:18 -0300] "POST /cormun/servlet/trsolicitudot?5b678fc427a503f092952a7ebd0e6302,gx-no-cache=1464043056311 HTTP/1.1" 200 8419
