191.112.119.131 - - [23/May/2016:15:03:16 -0300] "GET /cormun/static/Shared/jqueryui/images/ui-icons_8d78a5_256x240.png HTTP/1.1" 404 1089
191.112.119.131 - - [23/May/2016:15:03:17 -0300] "POST /cormun/servlet/trsolicitudot?0137d1320908d24ad3f1fd39bb2e2fd0,,gx-no-cache=1464026609453 HTTP/1.1" 200 8260
191.112.119.131 - - [23/May/2016:15:03:25 -0300] "POST /cormun/servlet/trsolicitudot?0137d1320908d24ad3f1fd39bb2e2fd0,,gx-no-cache=1464026617244 HTTP/1.1" 200 7992
191.112.119.131 - - [23/May/2016:15:03:29 -0300] "POST /cormun/servlet/trsolicitudot?0137d1320908d24ad3f1fd39bb2e2fd0,,gx-no-cache=1464026622188 HTTP/1.1" 200 7923
186.103.159.204 - - [23/May/2016:15:03:29 -0300] "POST /cormun/servlet/solicitudot?59eb085f0a8873f21e829e60090a8322,INS,0,0,,gx-no-cache=1464023021581 HTTP/1.1" 200 93
186.103.159.204 - - [23/May/2016:15:03:29 -0300] "GET /cormun/servlet/hpexe_return? HTTP/1.1" 200 1003
186.103.159.204 - - [23/May/2016:15:03:30 -0300] "GET /cormun/servlet/trsolicitudot HTTP/1.1" 200 9489
186.103.159.204 - - [23/May/2016:15:03:31 -0300] "GET /cormun/servlet/trsolicitudot HTTP/1.1" 200 9484
191.112.119.131 - - [23/May/2016:15:03:38 -0300] "POST /cormun/servlet/trsolicitudot?0137d1320908d24ad3f1fd39bb2e2fd0,,gx-no-cache=1464026631611 HTTP/1.1" 200 7727
191.112.119.131 - - [23/May/2016:15:03:43 -0300] "POST /cormun/servlet/trsolicitudot?0137d1320908d24ad3f1fd39bb2e2fd0,,gx-no-cache=1464026636081 HTTP/1.1" 200 7667
186.103.159.204 - - [23/May/2016:15:03:46 -0300] "POST /cormun/servlet/trsolicitudot?59eb085f0a8873f21e829e60090a8322,gx-no-cache=1464023037633 HTTP/1.1" 200 6697
186.103.159.204 - - [23/May/2016:15:03:46 -0300] "GET /cormun/static/Shared/jqueryui/images/ui-bg_highlight-soft_100_c6c2c8_1x100.png HTTP/1.1" 404 1117
186.103.159.204 - - [23/May/2016:15:03:46 -0300] "GET /cormun/static/Shared/jqueryui/images/ui-icons_82798d_256x240.png HTTP/1.1" 404 1089
186.103.159.204 - - [23/May/2016:15:03:46 -0300] "GET /cormun/static/Shared/jqueryui/images/ui-bg_flat_55_fafafa_40x100.png HTTP/1.1" 404 1097
186.103.159.204 - - [23/May/2016:15:03:46 -0300] "GET /cormun/static/Shared/jqueryui/images/ui-icons_8d78a5_256x240.png HTTP/1.1" 404 1089
186.103.159.204 - - [23/May/2016:15:03:46 -0300] "POST /cormun/servlet/trsolicitudot?59eb085f0a8873f21e829e60090a8322,gx-no-cache=1464023038527 HTTP/1.1" 200 6637
186.103.159.204 - - [23/May/2016:15:03:48 -0300] "POST /cormun/servlet/trsolicitudot?59eb085f0a8873f21e829e60090a8322,gx-no-cache=1464023039785 HTTP/1.1" 200 6412
186.103.159.204 - - [23/May/2016:15:03:48 -0300] "POST /cormun/servlet/trsolicitudot?59eb085f0a8873f21e829e60090a8322,gx-no-cache=1464023040658 HTTP/1.1" 200 6351
186.103.159.44 - - [23/May/2016:15:03:49 -0300] "GET /cormun/servlet/trsolicitudot? HTTP/1.1" 200 6495
186.103.159.204 - - [23/May/2016:15:03:50 -0300] "POST /cormun/servlet/trsolicitudot?59eb085f0a8873f21e829e60090a8322,gx-no-cache=1464023042600 HTTP/1.1" 200 6111
186.103.159.204 - - [23/May/2016:15:03:51 -0300] "POST /cormun/servlet/trsolicitudot?59eb085f0a8873f21e829e60090a8322,gx-no-cache=1464023043305 HTTP/1.1" 200 6052
200.86.98.101 - - [23/May/2016:15:03:51 -0300] "GET /cormun/servlet/solicitudot?c4cba2dbae91b47556f8a44d207213084651207c2c75af872bd78246dc2aed28e1c4c52b9c2db163e08b44408cf4b02ffa5c5b69074ec5f3f99d37e057f280b6725c0c3a436d3a356a98623bb1085ca949f5d568e9e83ddffcf01cac327104cbbf916462144a7cd7efec8a33e1e54a88ed09158781e627b68974090aab8d220dd044fdd1b2c74abf1f7a3b4055f8856d6cb745d76ff019fcc1343f47a4bbf8acbd02b699c0feff8a1fcff32a5ae02ce8,gx-no-cache=1464026649892 HTTP/1.1" 200 30
186.103.159.204 - - [23/May/2016:15:03:53 -0300] "POST /cormun/servlet/trsolicitudot?59eb085f0a8873f21e829e60090a8322,gx-no-cache=1464023044766 HTTP/1.1" 200 5863
186.103.159.204 - - [23/May/2016:15:03:53 -0300] "POST /cormun/servlet/trsolicitudot?59eb085f0a8873f21e829e60090a8322,gx-no-cache=1464023045449 HTTP/1.1" 200 5803
186.103.159.44 - - [23/May/2016:15:03:53 -0300] "GET /cormun/static/menuarrow.gif HTTP/1.1" 404 1015
186.103.159.204 - - [23/May/2016:15:03:54 -0300] "POST /cormun/servlet/trsolicitudot?59eb085f0a8873f21e829e60090a8322,gx-no-cache=1464023046593 HTTP/1.1" 200 5610
186.103.159.204 - - [23/May/2016:15:03:55 -0300] "POST /cormun/servlet/trsolicitudot?59eb085f0a8873f21e829e60090a8322,gx-no-cache=1464023047290 HTTP/1.1" 200 5550
191.112.119.131 - - [23/May/2016:15:03:56 -0300] "POST /cormun/servlet/trsolicitudot?0137d1320908d24ad3f1fd39bb2e2fd0,,gx-no-cache=1464026649818 HTTP/1.1" 200 7408
186.103.159.204 - - [23/May/2016:15:03:57 -0300] "POST /cormun/servlet/trsolicitudot?59eb085f0a8873f21e829e60090a8322,gx-no-cache=1464023048737 HTTP/1.1" 200 5249
186.103.159.204 - - [23/May/2016:15:03:57 -0300] "POST /cormun/servlet/trsolicitudot?59eb085f0a8873f21e829e60090a8322,gx-no-cache=1464023049456 HTTP/1.1" 200 5191
186.103.159.204 - - [23/May/2016:15:03:59 -0300] "POST /cormun/servlet/trsolicitudot?59eb085f0a8873f21e829e60090a8322,gx-no-cache=1464023051275 HTTP/1.1" 200 3913
186.103.159.204 - - [23/May/2016:15:03:59 -0300] "POST /cormun/servlet/trsolicitudot?59eb085f0a8873f21e829e60090a8322,gx-no-cache=1464023051799 HTTP/1.1" 200 3756
191.112.119.131 - - [23/May/2016:15:04:01 -0300] "POST /cormun/servlet/trsolicitudot?0137d1320908d24ad3f1fd39bb2e2fd0,,gx-no-cache=1464026654074 HTTP/1.1" 200 7349
186.103.159.204 - - [23/May/2016:15:04:03 -0300] "POST /cormun/servlet/trsolicitudot?59eb085f0a8873f21e829e60090a8322,gx-no-cache=1464023054889 HTTP/1.1" 200 6892
186.103.159.44 - - [23/May/2016:15:04:04 -0300] "POST /cormun/servlet/trsolicitudot?8adcdc4c64feebce133a044ece620b4f,,gx-no-cache=1464026661637 HTTP/1.1" 200 3733
186.103.159.204 - - [23/May/2016:15:04:07 -0300] "GET /cormun/servlet/trautorizarsolicitud? HTTP/1.1" 200 9420
186.103.159.204 - - [23/May/2016:15:04:07 -0300] "GET /cormun/static/gxcfg.js?201632119361219 HTTP/1.1" 304 -
191.112.119.131 - - [23/May/2016:15:04:07 -0300] "POST /cormun/servlet/trsolicitudot?0137d1320908d24ad3f1fd39bb2e2fd0,,gx-no-cache=1464026660539 HTTP/1.1" 200 7137
186.103.159.204 - - [23/May/2016:15:04:08 -0300] "GET /cormun/servlet/trautorizarsolicitud? HTTP/1.1" 200 9420
191.112.119.131 - - [23/May/2016:15:04:11 -0300] "POST /cormun/servlet/trsolicitudot?0137d1320908d24ad3f1fd39bb2e2fd0,,gx-no-cache=1464026664606 HTTP/1.1" 200 7078
200.86.98.101 - - [23/May/2016:15:04:13 -0300] "GET /cormun/servlet/solicitudot?c4cba2dbae91b47556f8a44d207213084651207c2c75af872bd78246dc2aed28e1c4c52b9c2db163e08b44408cf4b02ffa5c5b69074ec5f3f99d37e057f280b6725c0c3a436d3a356a98623bb1085ca949f5d568e9e83ddffcf01cac327104cbbf916462144a7cd7efec8a33e1e54a88ed09158781e627b68974090aab8d220dd044fdd1b2c74abf1f7a3b4055f8856d6cb745d76ff019fcc1343f47a4bbf8acbd02b699c0feff8a1fcff32a5ae02ce8,gx-no-cache=1464026671381 HTTP/1.1" 200 30
186.103.159.204 - - [23/May/2016:15:04:15 -0300] "POST /cormun/servlet/trautorizarsolicitud?59eb085f0a8873f21e829e60090a8322,,gx-no-cache=1464023066672 HTTP/1.1" 200 6656
186.103.159.204 - - [23/May/2016:15:04:15 -0300] "GET /cormun/static/Shared/jqueryui/images/ui-bg_highlight-soft_100_c6c2c8_1x100.png HTTP/1.1" 404 1117
186.103.159.44 - - [23/May/2016:15:04:15 -0300] "POST /cormun/servlet/trsolicitudot?8adcdc4c64feebce133a044ece620b4f,,gx-no-cache=1464026672586 HTTP/1.1" 200 3733
186.103.159.204 - - [23/May/2016:15:04:15 -0300] "GET /cormun/static/Shared/jqueryui/images/ui-icons_82798d_256x240.png HTTP/1.1" 404 1089
186.103.159.204 - - [23/May/2016:15:04:15 -0300] "GET /cormun/static/Shared/jqueryui/images/ui-icons_8d78a5_256x240.png HTTP/1.1" 404 1089
186.103.159.204 - - [23/May/2016:15:04:15 -0300] "GET /cormun/static/Shared/jqueryui/images/ui-bg_flat_55_fafafa_40x100.png HTTP/1.1" 404 1097
186.103.159.204 - - [23/May/2016:15:04:15 -0300] "POST /cormun/servlet/trautorizarsolicitud?59eb085f0a8873f21e829e60090a8322,,gx-no-cache=1464023067487 HTTP/1.1" 200 6599
191.112.119.131 - - [23/May/2016:15:04:16 -0300] "POST /cormun/servlet/trsolicitudot?0137d1320908d24ad3f1fd39bb2e2fd0,,gx-no-cache=1464026670075 HTTP/1.1" 200 7351
186.103.159.204 - - [23/May/2016:15:04:17 -0300] "POST /cormun/servlet/trautorizarsolicitud?59eb085f0a8873f21e829e60090a8322,,gx-no-cache=1464023069247 HTTP/1.1" 200 6372
186.103.159.204 - - [23/May/2016:15:04:18 -0300] "POST /cormun/servlet/trautorizarsolicitud?59eb085f0a8873f21e829e60090a8322,,gx-no-cache=1464023069990 HTTP/1.1" 200 6315
186.103.159.44 - - [23/May/2016:15:04:19 -0300] "POST /cormun/servlet/trsolicitudot?8adcdc4c64feebce133a044ece620b4f,,gx-no-cache=1464026676330 HTTP/1.1" 200 3733
186.103.159.204 - - [23/May/2016:15:04:21 -0300] "POST /cormun/servlet/trautorizarsolicitud?59eb085f0a8873f21e829e60090a8322,,gx-no-cache=1464023073086 HTTP/1.1" 200 6073
191.112.119.131 - - [23/May/2016:15:04:21 -0300] "POST /cormun/servlet/trsolicitudot?0137d1320908d24ad3f1fd39bb2e2fd0,,gx-no-cache=1464026675369 HTTP/1.1" 200 7352
186.103.159.204 - - [23/May/2016:15:04:22 -0300] "POST /cormun/servlet/trautorizarsolicitud?59eb085f0a8873f21e829e60090a8322,,gx-no-cache=1464023073768 HTTP/1.1" 200 6017
186.103.159.204 - - [23/May/2016:15:04:23 -0300] "POST /cormun/servlet/trautorizarsolicitud?59eb085f0a8873f21e829e60090a8322,,gx-no-cache=1464023075451 HTTP/1.1" 200 5825
186.103.159.204 - - [23/May/2016:15:04:24 -0300] "POST /cormun/servlet/trautorizarsolicitud?59eb085f0a8873f21e829e60090a8322,,gx-no-cache=1464023076150 HTTP/1.1" 200 5769
186.103.159.204 - - [23/May/2016:15:04:26 -0300] "POST /cormun/servlet/trautorizarsolicitud?59eb085f0a8873f21e829e60090a8322,,gx-no-cache=1464023077739 HTTP/1.1" 200 5574
186.103.159.204 - - [23/May/2016:15:04:26 -0300] "POST /cormun/servlet/trautorizarsolicitud?59eb085f0a8873f21e829e60090a8322,,gx-no-cache=1464023078704 HTTP/1.1" 200 5516
186.103.159.44 - - [23/May/2016:15:04:27 -0300] "GET /cormun/servlet/trcontratoobservacion? HTTP/1.1" 200 5732
186.103.159.44 - - [23/May/2016:15:04:27 -0300] "GET /cormun/static/gxui/gxui-all.css?110300 HTTP/1.1" 304 -
186.103.159.44 - - [23/May/2016:15:04:27 -0300] "GET /cormun/static/Resources/Spanish/PXTools.css?19284387 HTTP/1.1" 304 -
186.103.159.44 - - [23/May/2016:15:04:27 -0300] "GET /cormun/static/gxcfg.js?20164513505065 HTTP/1.1" 200 953
186.103.159.44 - - [23/May/2016:15:04:27 -0300] "GET /cormun/static/trcontratoobservacion.js?20164513505425 HTTP/1.1" 200 25085
186.103.159.204 - - [23/May/2016:15:04:28 -0300] "POST /cormun/servlet/trautorizarsolicitud?59eb085f0a8873f21e829e60090a8322,,gx-no-cache=1464023080337 HTTP/1.1" 200 5210
186.103.159.204 - - [23/May/2016:15:04:29 -0300] "POST /cormun/servlet/trautorizarsolicitud?59eb085f0a8873f21e829e60090a8322,,gx-no-cache=1464023080906 HTTP/1.1" 200 5155
186.103.159.204 - - [23/May/2016:15:04:31 -0300] "POST /cormun/servlet/trautorizarsolicitud?59eb085f0a8873f21e829e60090a8322,,gx-no-cache=1464023082971 HTTP/1.1" 200 3878
186.103.159.204 - - [23/May/2016:15:04:31 -0300] "POST /cormun/servlet/trautorizarsolicitud?59eb085f0a8873f21e829e60090a8322,,gx-no-cache=1464023083491 HTTP/1.1" 200 3723
200.86.98.101 - - [23/May/2016:15:04:32 -0300] "POST /cormun/servlet/solicitudot?021bff9d19537d12df3a9d34ea780f81,INS,0,0,,gx-no-cache=1464026689672 HTTP/1.1" 200 93
200.86.98.101 - - [23/May/2016:15:04:32 -0300] "GET /cormun/servlet/hpexe_return? HTTP/1.1" 200 1005
200.86.98.101 - - [23/May/2016:15:04:32 -0300] "GET /cormun/servlet/trsolicitudot HTTP/1.1" 200 7941
200.86.98.101 - - [23/May/2016:15:04:33 -0300] "GET /cormun//static/Resources/PXToolsGridDelete.png HTTP/1.1" 304 -
200.86.98.101 - - [23/May/2016:15:04:33 -0300] "GET /cormun//static/Resources/PXToolsActionView.png HTTP/1.1" 304 -
200.86.98.101 - - [23/May/2016:15:04:33 -0300] "GET /cormun//static/Resources/PXToolsGridUpdate.png HTTP/1.1" 304 -
200.86.98.101 - - [23/May/2016:15:04:33 -0300] "GET /cormun//static/Resources/PXToolsRemoveAllAction.png HTTP/1.1" 304 -
200.86.98.101 - - [23/May/2016:15:04:33 -0300] "GET /cormun/servlet/trsolicitudot HTTP/1.1" 200 7938
186.103.159.44 - - [23/May/2016:15:04:36 -0300] "GET /cormun/servlet/trsolicitudot? HTTP/1.1" 200 6500
191.112.119.131 - - [23/May/2016:15:04:37 -0300] "POST /cormun/servlet/trsolicitudot?0137d1320908d24ad3f1fd39bb2e2fd0,,gx-no-cache=1464026691425 HTTP/1.1" 200 7352
191.112.119.131 - - [23/May/2016:15:04:45 -0300] "POST /cormun/servlet/trsolicitudot?0137d1320908d24ad3f1fd39bb2e2fd0,,gx-no-cache=1464026698618 HTTP/1.1" 200 6851
200.86.98.101 - - [23/May/2016:15:04:48 -0300] "POST /cormun/servlet/trsolicitudot?021bff9d19537d12df3a9d34ea780f81,gx-no-cache=1464026706079 HTTP/1.1" 200 3931
200.86.98.101 - - [23/May/2016:15:04:48 -0300] "GET /cormun/static/Shared/jqueryui/images/ui-bg_highlight-soft_100_c6c2c8_1x100.png HTTP/1.1" 404 1117
200.86.98.101 - - [23/May/2016:15:04:48 -0300] "GET /cormun/static/Shared/jqueryui/images/ui-bg_flat_55_fafafa_40x100.png HTTP/1.1" 404 1097
200.86.98.101 - - [23/May/2016:15:04:48 -0300] "GET /cormun/static/Shared/jqueryui/images/ui-icons_8d78a5_256x240.png HTTP/1.1" 404 1089
200.86.98.101 - - [23/May/2016:15:04:48 -0300] "GET /cormun/static/Shared/jqueryui/images/ui-icons_82798d_256x240.png HTTP/1.1" 404 1089
191.112.119.131 - - [23/May/2016:15:04:48 -0300] "POST /cormun/servlet/trsolicitudot?0137d1320908d24ad3f1fd39bb2e2fd0,,gx-no-cache=1464026702336 HTTP/1.1" 200 6791
200.86.98.101 - - [23/May/2016:15:04:49 -0300] "POST /cormun/servlet/trsolicitudot?021bff9d19537d12df3a9d34ea780f81,gx-no-cache=1464026706853 HTTP/1.1" 200 3757
186.103.159.44 - - [23/May/2016:15:04:49 -0300] "GET /cormun/servlet/hlogin HTTP/1.1" 200 1719
186.103.159.44 - - [23/May/2016:15:04:49 -0300] "GET /cormun/static/Resources/Spanish/PXTools.css?005343 HTTP/1.1" 304 -
186.103.159.44 - - [23/May/2016:15:04:49 -0300] "GET /cormun/static/gxtimezone.js?85251 HTTP/1.1" 304 -
186.103.159.44 - - [23/May/2016:15:04:49 -0300] "GET /cormun/static/gxcfg.js?20151120045111 HTTP/1.1" 304 -
186.103.159.44 - - [23/May/2016:15:04:49 -0300] "GET /cormun/static/gxgral.js?85251 HTTP/1.1" 304 -
186.103.159.44 - - [23/May/2016:15:04:49 -0300] "GET /cormun/static/Resources/ComunLogin.png HTTP/1.1" 304 -
186.103.159.44 - - [23/May/2016:15:04:49 -0300] "GET /cormun/static/messages.spa.js?85251 HTTP/1.1" 304 -
186.103.159.44 - - [23/May/2016:15:04:49 -0300] "GET /cormun/static/hlogin.js?20151120045126 HTTP/1.1" 304 -
186.103.159.44 - - [23/May/2016:15:04:49 -0300] "GET /cormun/static/Resources/indicator.gif HTTP/1.1" 304 -
191.112.119.131 - - [23/May/2016:15:04:54 -0300] "POST /cormun/servlet/trsolicitudot?0137d1320908d24ad3f1fd39bb2e2fd0,,gx-no-cache=1464026708592 HTTP/1.1" 200 6544
200.86.98.101 - - [23/May/2016:15:04:55 -0300] "GET /cormun/servlet/trautorizarsolicitud? HTTP/1.1" 200 7872
200.86.98.101 - - [23/May/2016:15:04:56 -0300] "GET /cormun/servlet/trautorizarsolicitud? HTTP/1.1" 200 7872
191.112.119.131 - - [23/May/2016:15:04:58 -0300] "POST /cormun/servlet/trsolicitudot?0137d1320908d24ad3f1fd39bb2e2fd0,,gx-no-cache=1464026712080 HTTP/1.1" 200 6487
200.86.98.101 - - [23/May/2016:15:05:02 -0300] "POST /cormun/servlet/trautorizarsolicitud?021bff9d19537d12df3a9d34ea780f81,,gx-no-cache=1464026720206 HTTP/1.1" 200 3901
200.86.98.101 - - [23/May/2016:15:05:03 -0300] "POST /cormun/servlet/trautorizarsolicitud?021bff9d19537d12df3a9d34ea780f81,,gx-no-cache=1464026720734 HTTP/1.1" 200 3730
186.103.159.44 - - [23/May/2016:15:05:04 -0300] "POST /cormun/servlet/hlogin?8adcdc4c64feebce133a044ece620b4f,gx-no-cache=1464026721933 HTTP/1.1" 200 90
186.103.159.44 - - [23/May/2016:15:05:04 -0300] "GET /cormun/servlet/hpexe_link HTTP/1.1" 200 959
186.103.159.44 - - [23/May/2016:15:05:05 -0300] "GET /cormun/servlet/trsolicitudot HTTP/1.1" 200 6501
191.112.119.131 - - [23/May/2016:15:05:21 -0300] "POST /cormun/servlet/trsolicitudot?0137d1320908d24ad3f1fd39bb2e2fd0,,gx-no-cache=1464026735167 HTTP/1.1" 200 6252
191.112.119.131 - - [23/May/2016:15:05:24 -0300] "POST /cormun/servlet/trsolicitudot?0137d1320908d24ad3f1fd39bb2e2fd0,,gx-no-cache=1464026738592 HTTP/1.1" 200 6193
191.112.119.131 - - [23/May/2016:15:05:30 -0300] "POST /cormun/servlet/trsolicitudot?0137d1320908d24ad3f1fd39bb2e2fd0,,gx-no-cache=1464026744641 HTTP/1.1" 200 5939
191.112.119.131 - - [23/May/2016:15:05:33 -0300] "POST /cormun/servlet/trsolicitudot?0137d1320908d24ad3f1fd39bb2e2fd0,,gx-no-cache=1464026747674 HTTP/1.1" 200 5880
191.112.119.131 - - [23/May/2016:15:05:38 -0300] "POST /cormun/servlet/trsolicitudot?0137d1320908d24ad3f1fd39bb2e2fd0,,gx-no-cache=1464026752896 HTTP/1.1" 200 5630
191.112.119.131 - - [23/May/2016:15:05:41 -0300] "POST /cormun/servlet/trsolicitudot?0137d1320908d24ad3f1fd39bb2e2fd0,,gx-no-cache=1464026755683 HTTP/1.1" 200 5571
191.112.119.131 - - [23/May/2016:15:05:46 -0300] "POST /cormun/servlet/trsolicitudot?0137d1320908d24ad3f1fd39bb2e2fd0,,gx-no-cache=1464026760655 HTTP/1.1" 200 5245
191.112.119.131 - - [23/May/2016:15:05:48 -0300] "POST /cormun/servlet/trsolicitudot?0137d1320908d24ad3f1fd39bb2e2fd0,,gx-no-cache=1464026763226 HTTP/1.1" 200 5188
191.112.119.131 - - [23/May/2016:15:05:53 -0300] "POST /cormun/servlet/trsolicitudot?0137d1320908d24ad3f1fd39bb2e2fd0,,gx-no-cache=1464026768617 HTTP/1.1" 200 5452
186.103.159.204 - - [23/May/2016:15:05:56 -0300] "GET /cormun/servlet/hlogin HTTP/1.1" 200 1734
186.103.159.182 - - [23/May/2016:15:10:34 -0300] "GET /cormun/servlet/hlogin HTTP/1.1" 200 1731
186.103.159.182 - - [23/May/2016:15:10:38 -0300] "POST /cormun/servlet/hlogin?f81e2d787b7d672b576a7c4f2e05807f,gx-no-cache=1464027058058 HTTP/1.1" 200 90
186.103.159.182 - - [23/May/2016:15:10:38 -0300] "GET /cormun/servlet/hpexe_link HTTP/1.1" 200 953
186.103.159.182 - - [23/May/2016:15:10:39 -0300] "GET /cormun/servlet/hhome HTTP/1.1" 200 3605
186.103.159.182 - - [23/May/2016:15:10:56 -0300] "GET /cormun/servlet/hhome HTTP/1.1" 200 3602
186.103.159.46 - - [23/May/2016:15:12:04 -0300] "GET /cormun/servlet/hhome HTTP/1.1" 200 3263
186.103.159.46 - - [23/May/2016:15:12:05 -0300] "GET /cormun/static/SmoothNavMenu/resources/ddsmoothmenu.css?1012540 HTTP/1.1" 200 2223
186.103.159.46 - - [23/May/2016:15:12:05 -0300] "GET /cormun/static/SmoothNavMenu/resources/ddsmoothmenu-v.css?1012540 HTTP/1.1" 200 1188
186.103.159.46 - - [23/May/2016:15:12:05 -0300] "GET /cormun/static/Shared/jqueryui/jquery-ui.min.css?1245370 HTTP/1.1" 200 30288
186.103.159.46 - - [23/May/2016:15:12:05 -0300] "GET /cormun/static/Resources/Spanish/PXTools.css?10515224 HTTP/1.1" 200 89042
186.103.159.46 - - [23/May/2016:15:12:05 -0300] "GET /cormun/static/scaMessage/css/jquery.pnotify.default.css?1716380 HTTP/1.1" 200 1707
186.103.159.46 - - [23/May/2016:15:12:05 -0300] "GET /cormun/static/gxtimezone.js?85251 HTTP/1.1" 200 5781
186.103.159.46 - - [23/May/2016:15:12:05 -0300] "GET /cormun/static/gxcfg.js?2015112210564248 HTTP/1.1" 200 953
186.103.159.46 - - [23/May/2016:15:12:05 -0300] "GET /cormun/static/PXToolsJavascripts/pexe_autoreload.js HTTP/1.1" 200 1762
186.103.159.46 - - [23/May/2016:15:12:05 -0300] "GET /cormun/static/PXToolsJavascripts/pexe_cookies.js HTTP/1.1" 200 792
186.103.159.46 - - [23/May/2016:15:12:05 -0300] "GET /cormun/static/PXToolsJavascripts/pexe_windows.js HTTP/1.1" 200 15207
186.103.159.46 - - [23/May/2016:15:12:05 -0300] "GET /cormun/static/PXToolsJavascripts/pexe_grid.js HTTP/1.1" 200 7559
186.103.159.46 - - [23/May/2016:15:12:05 -0300] "GET /cormun/static/PXToolsJavascripts/pexe_griddivfix.js HTTP/1.1" 200 6644
186.103.159.46 - - [23/May/2016:15:12:05 -0300] "GET /cormun/static/PXToolsJavascripts/pexe_link.js HTTP/1.1" 200 5671
186.103.159.46 - - [23/May/2016:15:12:05 -0300] "GET /cormun/static/PXToolsJavascripts/pexe_menudivfix.js HTTP/1.1" 200 333
186.103.159.46 - - [23/May/2016:15:12:05 -0300] "GET /cormun/static/PXToolsJavascripts/pexe_menus.js HTTP/1.1" 200 1286
186.103.159.46 - - [23/May/2016:15:12:05 -0300] "GET /cormun/static/PXToolsJavascripts/pexe_layers.js HTTP/1.1" 200 4114
186.103.159.46 - - [23/May/2016:15:12:05 -0300] "GET /cormun/static/PXToolsJavascripts/pexe_oav.js HTTP/1.1" 200 645
186.103.159.46 - - [23/May/2016:15:12:05 -0300] "GET /cormun/static/PXToolsJavascripts/pexe_oavdivfix.js HTTP/1.1" 200 639
186.103.159.46 - - [23/May/2016:15:12:05 -0300] "GET /cormun/static/PXToolsJavascripts/pexe_picture.js HTTP/1.1" 200 689
186.103.159.46 - - [23/May/2016:15:12:05 -0300] "GET /cormun/static/gxgral.js?85251 HTTP/1.1" 200 384558
186.103.159.46 - - [23/May/2016:15:12:05 -0300] "GET /cormun/static/PXToolsJavascripts/pexe_popup.js HTTP/1.1" 200 13458
186.103.159.46 - - [23/May/2016:15:12:05 -0300] "GET /cormun/static/PXToolsJavascripts/pexe_scrolldiv.js HTTP/1.1" 200 4138
186.103.159.46 - - [23/May/2016:15:12:05 -0300] "GET /cormun/static/PXToolsJavascripts/pexe_tabdivfix.js HTTP/1.1" 200 876
186.103.159.46 - - [23/May/2016:15:12:05 -0300] "GET /cormun/static/PXToolsJavascripts/pexe_tabs.js HTTP/1.1" 200 3748
186.103.159.46 - - [23/May/2016:15:12:05 -0300] "GET /cormun/static/PXToolsJavascripts/pexe_upload.js HTTP/1.1" 200 1423
186.103.159.46 - - [23/May/2016:15:12:06 -0300] "GET /cormun/static/PXToolsJavascripts/PXToolsJavascriptsRender.js HTTP/1.1" 200 367
186.103.159.46 - - [23/May/2016:15:12:06 -0300] "GET /cormun/static/RunJS/RunJS.js HTTP/1.1" 200 288
186.103.159.46 - - [23/May/2016:15:12:06 -0300] "GET /cormun/static/Shared/ext/locale/ext-lang-en.js HTTP/1.1" 200 10940
186.103.159.46 - - [23/May/2016:15:12:06 -0300] "GET /cormun/static/hhome.js?2015112210564255 HTTP/1.1" 200 777
186.103.159.46 - - [23/May/2016:15:12:06 -0300] "GET /cormun/static/messages.spa.js?85251 HTTP/1.1" 200 30736
186.103.159.46 - - [23/May/2016:15:12:06 -0300] "GET /cormun/static/hwchdr01.js?20162241650484 HTTP/1.1" 200 1183
186.103.159.46 - - [23/May/2016:15:12:06 -0300] "GET /cormun/static/gxui/gxui-all.js HTTP/1.1" 200 107772
186.103.159.46 - - [23/May/2016:15:12:06 -0300] "GET /cormun/static/hpexe_recentlink.js?2015111312121342 HTTP/1.1" 200 2144
186.103.159.46 - - [23/May/2016:15:12:06 -0300] "GET /cormun/static/hpexe_scripts.js?20151120014546 HTTP/1.1" 200 1544
186.103.159.46 - - [23/May/2016:15:12:06 -0300] "GET /cormun/static/Shared/ext/ext-all.js HTTP/1.1" 200 1289687
186.103.159.46 - - [23/May/2016:15:12:07 -0300] "GET /cormun/static/hpexe_messagecontroller.js?2015112210524422 HTTP/1.1" 200 870
186.103.159.46 - - [23/May/2016:15:12:07 -0300] "GET /cormun/static/hpexe_messagepopupcomponent.js?201632119295953 HTTP/1.1" 200 605
186.103.159.46 - - [23/May/2016:15:12:07 -0300] "GET /cormun/static/hpexe_messagegenexuscomponent.js?20151120014314 HTTP/1.1" 200 587
186.103.159.46 - - [23/May/2016:15:12:07 -0300] "GET /cormun/static/cmcontrolpreferences.js?20151120014525 HTTP/1.1" 200 1375
186.103.159.46 - - [23/May/2016:15:12:07 -0300] "GET /cormun/static/Shared/jquery/jquery-1.4.2.min.js HTTP/1.1" 200 72174
186.103.159.46 - - [23/May/2016:15:12:07 -0300] "GET /cormun/static/SmoothNavMenu/resources/ddsmoothmenu.js HTTP/1.1" 200 12712
186.103.159.46 - - [23/May/2016:15:12:07 -0300] "GET /cormun/static/SmoothNavMenu/resources/SmoothNavMenuRender.js HTTP/1.1" 200 5951
186.103.159.46 - - [23/May/2016:15:12:07 -0300] "GET /cormun/static/Shared/jqueryui/jquery-ui.min.js HTTP/1.1" 200 240427
186.103.159.46 - - [23/May/2016:15:12:07 -0300] "GET /cormun/static/Resources/PXToolsHeaderActionsLeft.png HTTP/1.1" 200 1118
186.103.159.46 - - [23/May/2016:15:12:07 -0300] "GET /cormun/static/Shared/jquery/jquery-1.10.2.min.js HTTP/1.1" 200 273199
186.103.159.46 - - [23/May/2016:15:12:07 -0300] "GET /cormun/static/Resources/logo4.png HTTP/1.1" 200 6582
186.103.159.46 - - [23/May/2016:15:12:07 -0300] "GET /cormun/static/Resources/PXToolsHeaderLogin.png HTTP/1.1" 200 4279
186.103.159.46 - - [23/May/2016:15:12:07 -0300] "GET /cormun/static/Resources/PXToolsHeaderActionsBackground.png HTTP/1.1" 200 484
186.103.159.46 - - [23/May/2016:15:12:07 -0300] "GET /cormun/static/Resources/PXToolsFooterBackground2.png HTTP/1.1" 200 1172
186.103.159.46 - - [23/May/2016:15:12:07 -0300] "GET /cormun/static/Resources/PXToolsHeaderSecurity.png HTTP/1.1" 200 4166
186.103.159.46 - - [23/May/2016:15:12:07 -0300] "GET /cormun/static/Resources/PXToolsHeaderActionsRight.png HTTP/1.1" 200 1201
186.103.159.46 - - [23/May/2016:15:12:08 -0300] "GET /cormun/static/Resources/PXToolsHeaderPreferences.png HTTP/1.1" 200 4189
186.103.159.46 - - [23/May/2016:15:12:08 -0300] "GET /cormun/static/Resources/PXToolsHeaderBackground2.png HTTP/1.1" 200 1174
186.103.159.46 - - [23/May/2016:15:12:08 -0300] "GET /cormun/static/Resources/PXToolsDataTitle.png HTTP/1.1" 200 1173
186.103.159.46 - - [23/May/2016:15:12:08 -0300] "GET /cormun/static/Resources/PXToolsHeaderHome.png HTTP/1.1" 200 4147
186.103.159.46 - - [23/May/2016:15:12:08 -0300] "GET /cormun/static/scaMessage/js/jquery.pnotify.min.js HTTP/1.1" 200 13038
186.103.159.46 - - [23/May/2016:15:12:08 -0300] "GET /cormun/static/scaMessage/scaMessageRender.js HTTP/1.1" 200 11977
186.103.159.46 - - [23/May/2016:15:12:08 -0300] "GET /cormun/static/hmpwkw03.js?201631622503633 HTTP/1.1" 200 3898
186.103.159.46 - - [23/May/2016:15:12:10 -0300] "GET /cormun/static/Resources/indicator.gif HTTP/1.1" 200 1553
186.103.159.46 - - [23/May/2016:15:12:10 -0300] "GET /cormun/servlet/hhome HTTP/1.1" 200 3274
186.103.159.46 - - [23/May/2016:15:12:10 -0300] "GET /cormun/servlet/hlogin HTTP/1.1" 200 1730
186.103.159.46 - - [23/May/2016:15:12:10 -0300] "GET /cormun/static/gxcfg.js?20151120045111 HTTP/1.1" 200 953
186.103.159.46 - - [23/May/2016:15:12:10 -0300] "GET /cormun/static/Resources/Spanish/PXTools.css?005343 HTTP/1.1" 200 89042
186.103.159.46 - - [23/May/2016:15:12:10 -0300] "GET /cormun/static/hlogin.js?20151120045126 HTTP/1.1" 200 2136
186.103.159.46 - - [23/May/2016:15:12:10 -0300] "GET /cormun/static/Resources/ComunLogin.png HTTP/1.1" 200 17326
186.103.159.46 - - [23/May/2016:15:12:10 -0300] "GET /cormun/static/Resources/PXToolsLoginTop.png HTTP/1.1" 200 1337
186.103.159.46 - - [23/May/2016:15:12:10 -0300] "GET /cormun/static/Resources/PXToolsButtonLeft21.png HTTP/1.1" 200 1287
186.103.159.46 - - [23/May/2016:15:12:10 -0300] "GET /cormun/static/Resources/PXToolsButtonRight21.png HTTP/1.1" 200 1283
186.103.159.46 - - [23/May/2016:15:12:10 -0300] "GET /cormun/static/Resources/PXToolsLoginBackground.png HTTP/1.1" 200 1164
186.103.159.46 - - [23/May/2016:15:12:10 -0300] "GET /cormun/static/Resources/PXToolsLoginBottom.png HTTP/1.1" 200 1389
186.103.159.46 - - [23/May/2016:15:12:10 -0300] "GET /cormun/static/Resources/PXToolsButtonBackground2.png HTTP/1.1" 200 1181
186.103.159.46 - - [23/May/2016:15:12:11 -0300] "GET /favicon.ico HTTP/1.1" 200 21630
186.103.157.246 - - [23/May/2016:15:12:35 -0300] "POST /cormun/servlet/solicitudot?gx-no-cache=1464027172790 HTTP/1.1" 200 1187
186.103.157.246 - - [23/May/2016:15:12:35 -0300] "GET /cormun/servlet/solicitudot?2d978bd0330c8f0c3529cb36041c2d7dbaee25e1c17c371c03219d2672a120081233361754683dac39e50cfa1676397ad73f891ffa350892f3bea8d52f97539440cc5c8f2bc20bed3f9356807149ac45fd08b88f761914c7b8b37a83a40c1f18b33458bbe37b8a8b858d5c2ef45be1afdb53db74c6669307a88967e9631bd90ca2000deb920fd04eb811bbb6cd5a85da,gx-no-cache=1464027173286 HTTP/1.1" 200 38
186.103.159.46 - - [23/May/2016:15:12:36 -0300] "POST /cormun/servlet/hlogin?49c4f0608bce54fb596e7a7710a9b34f,gx-no-cache=1464027175105 HTTP/1.1" 200 90
186.103.159.46 - - [23/May/2016:15:12:36 -0300] "GET /cormun/servlet/hpexe_link HTTP/1.1" 200 949
186.103.159.46 - - [23/May/2016:15:12:36 -0300] "GET /cormun/static/gxcfg.js?20151120044395 HTTP/1.1" 200 953
186.103.159.46 - - [23/May/2016:15:12:36 -0300] "GET /cormun/static/hpexe_link.js?20151120044398 HTTP/1.1" 200 625
186.103.159.46 - - [23/May/2016:15:12:37 -0300] "GET /cormun/servlet/hhome HTTP/1.1" 200 3549
186.103.159.46 - - [23/May/2016:15:12:39 -0300] "GET /cormun/static/SmoothNavMenu/resources/images/down.gif HTTP/1.1" 200 854
186.103.159.46 - - [23/May/2016:15:12:39 -0300] "GET /cormun/servlet/hhome HTTP/1.1" 200 3545
186.103.157.246 - - [23/May/2016:15:12:42 -0300] "GET /cormun/servlet/solicitudot?2d978bd0330c8f0c3529cb36041c2d7db62bddf94c412bdc433e6be7faa77be2946cbd3f5916e82e3cf2ad56ddd6adf336c54dc572785642c6e4b0ae1f177ec9686d2818ffcb649df5fd0859302b89f9f331ef7a28bdd86bb9a0eec8c0318cb04be3c02d3ebbd022e314fd0b29bfa749459f24b161ad369b94b1bbd8454e06a61a6d562d623a9fba0421e1c3bdd8348c092653b3d5982567bc68fe4baf542b7b,gx-no-cache=1464027180268 HTTP/1.1" 200 29
186.103.157.246 - - [23/May/2016:15:12:43 -0300] "POST /cormun/servlet/solicitudot?gx-no-cache=1464027180518 HTTP/1.1" 200 1144
186.103.157.246 - - [23/May/2016:15:12:43 -0300] "GET /cormun/static/menuarrow.gif HTTP/1.1" 404 1015
186.103.159.46 - - [23/May/2016:15:12:51 -0300] "GET /cormun/servlet/trsolicitudot? HTTP/1.1" 200 6467
186.103.159.46 - - [23/May/2016:15:12:51 -0300] "GET /cormun/static/gxui/gxui-all.css?120300 HTTP/1.1" 200 2179
186.103.159.46 - - [23/May/2016:15:12:51 -0300] "GET /cormun/static/calendar-system.css?85620 HTTP/1.1" 200 5572
186.103.159.46 - - [23/May/2016:15:12:51 -0300] "GET /cormun/static/gxcfg.js?201631022392470 HTTP/1.1" 200 953
186.103.159.46 - - [23/May/2016:15:12:51 -0300] "GET /cormun/static/calendar-setup.js?85251 HTTP/1.1" 200 2588
186.103.159.46 - - [23/May/2016:15:12:51 -0300] "GET /cormun/static/Resources/Spanish/PXTools.css?2139548 HTTP/1.1" 200 89042
186.103.159.46 - - [23/May/2016:15:12:51 -0300] "GET /cormun/static/calendar.js?85251 HTTP/1.1" 200 26246
186.103.159.46 - - [23/May/2016:15:12:51 -0300] "GET /cormun/static/calendar-es.js?85251 HTTP/1.1" 200 1901
186.103.159.46 - - [23/May/2016:15:12:51 -0300] "GET /cormun/static/Shared/ext/resources/css/ext-all.css?215870 HTTP/1.1" 200 416045
186.103.159.46 - - [23/May/2016:15:12:51 -0300] "GET /cormun/static/gxdec.js?85251 HTTP/1.1" 200 19579
186.103.159.46 - - [23/May/2016:15:12:51 -0300] "GET /cormun/static/trsolicitudot.js?201631022393178 HTTP/1.1" 200 44568
186.103.159.46 - - [23/May/2016:15:12:51 -0300] "GET /cormun/static/Resources/PXTools/calendar.png HTTP/1.1" 200 1306
186.103.159.46 - - [23/May/2016:15:12:51 -0300] "GET /cormun/static/Resources/PXToolsDataSearch.png HTTP/1.1" 200 419
186.103.159.46 - - [23/May/2016:15:12:51 -0300] "GET /cormun/static/Resources/PXToolsGridFirstDisabled.gif HTTP/1.1" 200 100
186.103.159.46 - - [23/May/2016:15:12:51 -0300] "GET /cormun/static/Resources/PXToolsGridPreviousDisabled.gif HTTP/1.1" 200 90
186.103.159.46 - - [23/May/2016:15:12:52 -0300] "GET /cormun/static/Resources/PXToolsGridNextDisabled.gif HTTP/1.1" 200 90
186.103.159.46 - - [23/May/2016:15:12:52 -0300] "GET /cormun/static/Resources/PXToolsGridLastDisabled.gif HTTP/1.1" 200 98
186.103.159.46 - - [23/May/2016:15:12:52 -0300] "GET /cormun/static/Resources/PXToolsGridPage.gif HTTP/1.1" 200 725
186.103.159.46 - - [23/May/2016:15:12:52 -0300] "GET /cormun/static/Resources/PXToolsActionExcel.png HTTP/1.1" 200 3187
186.103.159.46 - - [23/May/2016:15:12:52 -0300] "GET /cormun/static/Resources/PXToolsGridNew.png HTTP/1.1" 200 2949
186.103.159.46 - - [23/May/2016:15:12:54 -0300] "GET /cormun/static/Resources/asc.gif HTTP/1.1" 200 67
186.103.159.46 - - [23/May/2016:15:12:54 -0300] "GET /cormun/static/Resources/desc.gif HTTP/1.1" 200 65
186.103.159.46 - - [23/May/2016:15:12:54 -0300] "GET /cormun/servlet/trsolicitudot? HTTP/1.1" 200 6466
186.103.159.46 - - [23/May/2016:15:12:54 -0300] "GET /cormun/static/Shared/ext/resources/themes/images/default/panel/bg-headersPanel.png HTTP/1.1" 200 255
186.103.159.46 - - [23/May/2016:15:12:54 -0300] "GET /cormun/static/Shared/ext/resources/themes/images/default/tools/tool-sprites.gif HTTP/1.1" 200 5434
186.103.157.246 - - [23/May/2016:15:13:07 -0300] "GET /cormun/servlet/solicitudot?2d978bd0330c8f0c3529cb36041c2d7d771d7ca33a9a719130456daefd18cc24b8856044841745cce84d66a9a080d927a5428125ae1000a4c3141cfafa89fc043cd5487caf09d6fc00387c40fe3460285fd64f32528a871a2c6f51023dd226d23fe83cb17147f1c764fd68a30ac6c9997871438a47d39e6a86c8c5b569487db7639e0031f49b25ab8e8351e6b1cf66e9350552061ffc5eb43037f9d4d656710c73e75515798ce2cb1079a133c818e080,gx-no-cache=1464027205504 HTTP/1.1" 200 30
186.103.157.246 - - [23/May/2016:15:13:27 -0300] "GET /cormun/servlet/solicitudot?2d978bd0330c8f0c3529cb36041c2d7d771d7ca33a9a719130456daefd18cc24b8856044841745cce84d66a9a080d927a5428125ae1000a4c3141cfafa89fc043cd5487caf09d6fc00387c40fe3460285fd64f32528a871a2c6f51023dd226d23fe83cb17147f1c764fd68a30ac6c9997871438a47d39e6a86c8c5b569487db7639e0031f49b25ab8e8351e6b1cf66e9350552061ffc5eb43037f9d4d656710c73e75515798ce2cb1079a133c818e080,gx-no-cache=1464027225505 HTTP/1.1" 200 30
186.103.157.246 - - [23/May/2016:15:13:48 -0300] "GET /cormun/servlet/solicitudot?2d978bd0330c8f0c3529cb36041c2d7d771d7ca33a9a719130456daefd18cc24b8856044841745cce84d66a9a080d927a5428125ae1000a4c3141cfafa89fc043cd5487caf09d6fc00387c40fe3460285fd64f32528a871a2c6f51023dd226d23fe83cb17147f1c764fd68a30ac6c9997871438a47d39e6a86c8c5b569487db7639e0031f49b25ab8e8351e6b1cf66e9350552061ffc5eb43037f9d4d656710c73e75515798ce2cb1079a133c818e080,gx-no-cache=1464027246321 HTTP/1.1" 200 30
186.103.159.46 - - [23/May/2016:15:13:55 -0300] "GET /cormun/static/menuarrow.gif HTTP/1.1" 404 1015
186.103.157.246 - - [23/May/2016:15:13:57 -0300] "POST /cormun/servlet/solicitudot?7ffec18f99c80c8953c1fa335ec007b6,INS,0,0,,gx-no-cache=1464027254690 HTTP/1.1" 200 93
186.103.157.246 - - [23/May/2016:15:13:57 -0300] "GET /cormun/servlet/hpexe_return? HTTP/1.1" 200 995
186.103.157.246 - - [23/May/2016:15:13:58 -0300] "GET /cormun/static/gxcfg.js?2015111312145050 HTTP/1.1" 200 953
186.103.157.246 - - [23/May/2016:15:13:58 -0300] "GET /cormun/static/hpexe_return.js?2015111312145056 HTTP/1.1" 200 1633
186.103.157.246 - - [23/May/2016:15:13:58 -0300] "GET /cormun/static/Resources/Spanish/PXTools.css?12112540 HTTP/1.1" 200 89042
186.103.157.246 - - [23/May/2016:15:13:59 -0300] "GET /cormun/servlet/trsolicitudot HTTP/1.1" 200 7777
186.103.157.246 - - [23/May/2016:15:14:00 -0300] "GET /cormun//static/Resources/PXToolsGridUpdate.png HTTP/1.1" 200 2984
186.103.157.246 - - [23/May/2016:15:14:00 -0300] "GET /cormun//static/Resources/PXToolsGridDelete.png HTTP/1.1" 200 357
186.103.157.246 - - [23/May/2016:15:14:00 -0300] "GET /cormun//static/Resources/PXToolsRemoveAllAction.png HTTP/1.1" 200 3558
186.103.157.246 - - [23/May/2016:15:14:00 -0300] "GET /cormun//static/Resources/PXTools/ActionInsert.png HTTP/1.1" 200 1482
186.103.157.246 - - [23/May/2016:15:14:01 -0300] "GET /cormun//static/Resources/PXToolsActionView.png HTTP/1.1" 200 2995
186.103.157.246 - - [23/May/2016:15:14:06 -0300] "GET /cormun/servlet/solicitudot?INS,0,0, HTTP/1.1" 200 11678
186.103.159.46 - - [23/May/2016:15:14:07 -0300] "GET /cormun/servlet/trsolicitudot? HTTP/1.1" 200 6466
186.103.159.46 - - [23/May/2016:15:14:09 -0300] "GET /cormun/servlet/trsolicitudot? HTTP/1.1" 200 6466
186.103.159.46 - - [23/May/2016:15:14:19 -0300] "GET /cormun/servlet/trvisualizadoreventos? HTTP/1.1" 200 6280
186.103.159.46 - - [23/May/2016:15:14:20 -0300] "GET /cormun/static/gxcfg.js?201631021481342 HTTP/1.1" 200 953
186.103.159.46 - - [23/May/2016:15:14:20 -0300] "GET /cormun/static/trvisualizadoreventos.js?201631021481717 HTTP/1.1" 200 19288
186.103.159.46 - - [23/May/2016:15:14:20 -0300] "GET /cormun/static/Resources/PXToolsActionPrint.png HTTP/1.1" 200 3317
186.103.159.46 - - [23/May/2016:15:14:22 -0300] "GET /cormun/servlet/trvisualizadoreventos? HTTP/1.1" 200 6280
186.103.157.246 - - [23/May/2016:15:14:23 -0300] "POST /cormun/servlet/solicitudot?gx-no-cache=1464027280558 HTTP/1.1" 200 2783
186.103.157.246 - - [23/May/2016:15:14:25 -0300] "POST /cormun/servlet/solicitudot?7ffec18f99c80c8953c1fa335ec007b6,INS,0,0,,gx-no-cache=1464027282157 HTTP/1.1" 200 8521
186.103.157.246 - - [23/May/2016:15:14:32 -0300] "GET /cormun/servlet/solicitudot?2d978bd0330c8f0c3529cb36041c2d7d66c97dbb54e48ed5c953a1571c482ea8d57ff51be1c2300a43d328a9dd43621b,gx-no-cache=1464027289781 HTTP/1.1" 200 30
186.103.157.246 - - [23/May/2016:15:14:32 -0300] "POST /cormun/servlet/solicitudot?gx-no-cache=1464027290261 HTTP/1.1" 200 30
186.103.157.246 - - [23/May/2016:15:14:43 -0300] "POST /cormun/servlet/solicitudot?gx-no-cache=1464027301221 HTTP/1.1" 200 30
186.103.157.246 - - [23/May/2016:15:15:00 -0300] "POST /cormun/servlet/solicitudot?gx-no-cache=1464027318430 HTTP/1.1" 200 1187
186.103.157.246 - - [23/May/2016:15:15:01 -0300] "GET /cormun/servlet/solicitudot?2d978bd0330c8f0c3529cb36041c2d7dbaee25e1c17c371c03219d2672a120081233361754683dac39e50cfa1676397ad73f891ffa350892f3bea8d52f97539440cc5c8f2bc20bed3f9356807149ac45fd08b88f761914c7b8b37a83a40c1f18b33458bbe37b8a8b858d5c2ef45be1afdb53db74c6669307a88967e9631bd90ca2000deb920fd04eb811bbb6cd5a85da,gx-no-cache=1464027318685 HTTP/1.1" 200 38
186.103.157.98 - - [23/May/2016:15:15:01 -0300] "GET /cormun/servlet/solicitudot?INS,0,0, HTTP/1.1" 200 11207
186.103.157.98 - - [23/May/2016:15:15:02 -0300] "GET /cormun/servlet/hlogin HTTP/1.1" 200 1730
186.103.157.98 - - [23/May/2016:15:15:02 -0300] "GET /cormun/servlet/solicitudot?INS,0,0, HTTP/1.1" 200 11212
186.103.157.98 - - [23/May/2016:15:15:04 -0300] "POST /cormun/servlet/hlogin?1d76d929d434d8c5375dbd867e0f8128,gx-no-cache=1464027322436 HTTP/1.1" 200 90
186.103.157.98 - - [23/May/2016:15:15:04 -0300] "GET /cormun/servlet/hpexe_link HTTP/1.1" 200 952
186.103.157.98 - - [23/May/2016:15:15:04 -0300] "GET /cormun/servlet/solicitudot?INS,0,0, HTTP/1.1" 200 11585
186.103.157.98 - - [23/May/2016:15:15:05 -0300] "GET /cormun/servlet/solicitudot?INS,0,0, HTTP/1.1" 200 11589
186.103.157.246 - - [23/May/2016:15:15:05 -0300] "GET /cormun/servlet/solicitudot?2d978bd0330c8f0c3529cb36041c2d7db62bddf94c412bdc433e6be7faa77be2946cbd3f5916e82e3cf2ad56ddd6adf336c54dc572785642c6e4b0ae1f177ec9686d2818ffcb649df5fd0859302b89f9f331ef7a28bdd86bb9a0eec8c0318cb04be3c02d3ebbd022e314fd0b29bfa749459f24b161ad369b94b1bbd8454e06a61a6d562d623a9fba0421e1c3bdd8348c092653b3d5982567bc68fe4baf542b7b,gx-no-cache=1464027323301 HTTP/1.1" 200 29
186.103.157.246 - - [23/May/2016:15:15:06 -0300] "POST /cormun/servlet/solicitudot?gx-no-cache=1464027323469 HTTP/1.1" 200 1144
186.103.157.246 - - [23/May/2016:15:15:06 -0300] "GET /cormun/static/menuarrow.gif HTTP/1.1" 404 1015
186.103.157.98 - - [23/May/2016:15:15:08 -0300] "GET /cormun/servlet/hlogin HTTP/1.1" 200 1730
186.103.157.98 - - [23/May/2016:15:15:10 -0300] "POST /cormun/servlet/hlogin?1d76d929d434d8c5375dbd867e0f8128,gx-no-cache=1464027328996 HTTP/1.1" 200 90
186.103.157.98 - - [23/May/2016:15:15:10 -0300] "GET /cormun/servlet/hpexe_link HTTP/1.1" 200 952
186.103.157.98 - - [23/May/2016:15:15:11 -0300] "GET /cormun/servlet/solicitudot?INS,0,0, HTTP/1.1" 200 11585
186.103.157.98 - - [23/May/2016:15:15:12 -0300] "GET /cormun/servlet/solicitudot?INS,0,0, HTTP/1.1" 200 11589
186.103.157.98 - - [23/May/2016:15:15:17 -0300] "GET /cormun/servlet/trsolicitudot? HTTP/1.1" 200 7821
186.103.157.98 - - [23/May/2016:15:15:18 -0300] "GET /cormun/servlet/trsolicitudot? HTTP/1.1" 200 7820
186.103.157.246 - - [23/May/2016:15:15:20 -0300] "GET /cormun/servlet/solicitudot?2d978bd0330c8f0c3529cb36041c2d7d2225069605180760b4873c9adbb51be7aaf72ddbac49731da638e481c5f24b13a5428125ae1000a4c3141cfafa89fc043cd5487caf09d6fc00387c40fe3460285fd64f32528a871a2c6f51023dd226d23fe83cb17147f1c764fd68a30ac6c9997871438a47d39e6a86c8c5b569487db7639e0031f49b25ab8e8351e6b1cf66e9350552061ffc5eb43037f9d4d656710c73e75515798ce2cb1079a133c818e080,gx-no-cache=1464027337865 HTTP/1.1" 200 30
186.103.157.98 - - [23/May/2016:15:15:36 -0300] "POST /cormun/servlet/trsolicitudot?1d76d929d434d8c5375dbd867e0f8128,,gx-no-cache=1464027355059 HTTP/1.1" 200 106
186.103.157.98 - - [23/May/2016:15:15:37 -0300] "GET /cormun/servlet/trsolicitudadjuntos?2016,1833, HTTP/1.1" 200 5556
186.103.157.98 - - [23/May/2016:15:15:37 -0300] "GET /cormun/static/gxcfg.js?2016311731090 HTTP/1.1" 200 953
186.103.157.98 - - [23/May/2016:15:15:37 -0300] "GET /cormun/static/Resources/PXToolsGridFirst.gif HTTP/1.1" 200 379
186.103.157.98 - - [23/May/2016:15:15:37 -0300] "GET /cormun/static/trsolicitudadjuntos.js?2016311731342 HTTP/1.1" 200 17913
186.103.157.98 - - [23/May/2016:15:15:37 -0300] "GET /cormun/static/Resources/PXToolsGridPrevious.gif HTTP/1.1" 200 369
186.103.157.98 - - [23/May/2016:15:15:37 -0300] "GET /cormun/static/Resources/Spanish/PXTools.css?171692 HTTP/1.1" 200 89042
186.103.157.98 - - [23/May/2016:15:15:37 -0300] "GET /cormun/static/Resources/PXToolsGridNext.gif HTTP/1.1" 200 369
186.103.157.98 - - [23/May/2016:15:15:37 -0300] "GET /cormun/static/Resources/PXToolsGridLast.gif HTTP/1.1" 200 370
186.103.157.98 - - [23/May/2016:15:15:37 -0300] "GET /cormun/servlet/trsolicitudadjuntos?2016,1833, HTTP/1.1" 200 5556
186.103.157.246 - - [23/May/2016:15:15:41 -0300] "POST /cormun/servlet/solicitudot?7ffec18f99c80c8953c1fa335ec007b6,INS,0,0,,gx-no-cache=1464027358751 HTTP/1.1" 200 93
186.103.157.246 - - [23/May/2016:15:15:41 -0300] "GET /cormun/servlet/hpexe_return? HTTP/1.1" 200 995
186.103.157.246 - - [23/May/2016:15:15:42 -0300] "GET /cormun/servlet/trsolicitudot HTTP/1.1" 200 8110
186.103.157.98 - - [23/May/2016:15:15:45 -0300] "GET /cormun/servlet/solicitudotadjuntos?INS,2016,1833,,2, HTTP/1.1" 200 5643
186.103.157.98 - - [23/May/2016:15:15:45 -0300] "GET /cormun/static/solicitudotadjuntos.js?201631622493267 HTTP/1.1" 200 11762
186.103.157.98 - - [23/May/2016:15:15:45 -0300] "GET /cormun/static/gxcfg.js?201631622493247 HTTP/1.1" 200 953
186.103.157.98 - - [23/May/2016:15:15:46 -0300] "GET /cormun/static/about:blank HTTP/1.1" 404 1011
186.103.157.98 - - [23/May/2016:15:15:46 -0300] "GET /cormun/servlet/solicitudotadjuntos?INS,2016,1833,,2, HTTP/1.1" 200 5637
186.103.157.98 - - [23/May/2016:15:15:46 -0300] "GET /cormun/servlet/solicitudotadjuntos?bbf79de3402cba76f6448290dac0596112618b378a61ca3cad4006008aefeb190e966bbb1daa85a3ac5ebf3bf1ba7d1c,gx-no-cache=1464027365077 HTTP/1.1" 200 30
186.103.157.98 - - [23/May/2016:15:15:47 -0300] "POST /cormun/servlet/solicitudotadjuntos?1d76d929d434d8c5375dbd867e0f8128,INS,2016,1833,,2,,gx-no-cache=1464027365115 HTTP/1.1" 200 3648
186.103.157.98 - - [23/May/2016:15:15:51 -0300] "GET /cormun/servlet/trsolicitudadjuntos?2016,1833, HTTP/1.1" 200 5556
186.103.157.98 - - [23/May/2016:15:15:52 -0300] "GET /cormun/servlet/trsolicitudadjuntos?2016,1833, HTTP/1.1" 200 5556
186.103.157.98 - - [23/May/2016:15:15:55 -0300] "GET /cormun/servlet/solicitudotadjuntos?INS,2016,1833,,1, HTTP/1.1" 200 5645
186.103.157.98 - - [23/May/2016:15:15:55 -0300] "GET /cormun/static/about:blank HTTP/1.1" 404 1011
186.103.157.98 - - [23/May/2016:15:15:56 -0300] "GET /cormun/servlet/solicitudotadjuntos?INS,2016,1833,,1, HTTP/1.1" 200 5639
186.103.157.98 - - [23/May/2016:15:15:56 -0300] "GET /cormun/servlet/solicitudotadjuntos?bbf79de3402cba76f6448290dac0596112618b378a61ca3cad4006008aefeb190e966bbb1daa85a3ac5ebf3bf1ba7d1c,gx-no-cache=1464027374873 HTTP/1.1" 200 30
186.103.157.98 - - [23/May/2016:15:15:56 -0300] "POST /cormun/servlet/solicitudotadjuntos?1d76d929d434d8c5375dbd867e0f8128,INS,2016,1833,,1,,gx-no-cache=1464027374920 HTTP/1.1" 200 3503
186.103.157.98 - - [23/May/2016:15:16:00 -0300] "POST /cormun/servlet/solicitudotadjuntos?gx-no-cache=1464027379336 HTTP/1.1" 200 26
186.103.159.182 - - [23/May/2016:15:16:14 -0300] "GET /cormun/servlet/trsolicitudot? HTTP/1.1" 200 6521
186.103.159.182 - - [23/May/2016:15:16:14 -0300] "GET /cormun/static/gxcfg.js?201631022392470 HTTP/1.1" 304 -
186.103.159.182 - - [23/May/2016:15:16:15 -0300] "GET /cormun/static/Resources/PXTools/calendar.png HTTP/1.1" 200 1306
186.103.159.182 - - [23/May/2016:15:16:15 -0300] "GET /cormun/static/Resources/PXToolsDataSearch.png HTTP/1.1" 200 419
186.103.159.182 - - [23/May/2016:15:16:15 -0300] "GET /cormun/static/Resources/PXToolsGridFirstDisabled.gif HTTP/1.1" 200 100
186.103.159.182 - - [23/May/2016:15:16:15 -0300] "GET /cormun/static/Resources/PXToolsGridPreviousDisabled.gif HTTP/1.1" 200 90
186.103.157.246 - - [23/May/2016:15:16:15 -0300] "POST /cormun/servlet/trsolicitudot?7ffec18f99c80c8953c1fa335ec007b6,gx-no-cache=1464027392254 HTTP/1.1" 200 5200
186.103.159.182 - - [23/May/2016:15:16:15 -0300] "GET /cormun/static/Resources/PXToolsGridPage.gif HTTP/1.1" 200 725
186.103.159.182 - - [23/May/2016:15:16:15 -0300] "GET /cormun/static/Resources/PXToolsActionExcel.png HTTP/1.1" 200 3187
186.103.159.182 - - [23/May/2016:15:16:15 -0300] "GET /cormun/static/Resources/PXToolsGridNew.png HTTP/1.1" 200 2949
186.103.157.246 - - [23/May/2016:15:16:15 -0300] "GET /cormun/static/Shared/jqueryui/images/ui-bg_highlight-soft_100_c6c2c8_1x100.png HTTP/1.1" 404 1117
186.103.157.246 - - [23/May/2016:15:16:15 -0300] "GET /cormun/static/Shared/jqueryui/images/ui-icons_82798d_256x240.png HTTP/1.1" 404 1089
186.103.157.246 - - [23/May/2016:15:16:15 -0300] "GET /cormun/static/Shared/jqueryui/images/ui-bg_flat_55_fafafa_40x100.png HTTP/1.1" 404 1097
186.103.157.246 - - [23/May/2016:15:16:15 -0300] "GET /cormun/static/Shared/jqueryui/images/ui-icons_8d78a5_256x240.png HTTP/1.1" 404 1089
186.103.157.246 - - [23/May/2016:15:16:16 -0300] "POST /cormun/servlet/trsolicitudot?7ffec18f99c80c8953c1fa335ec007b6,gx-no-cache=1464027393272 HTTP/1.1" 200 5142
186.103.159.182 - - [23/May/2016:15:16:17 -0300] "GET /cormun/servlet/trsolicitudot? HTTP/1.1" 200 6522
186.103.157.246 - - [23/May/2016:15:16:20 -0300] "POST /cormun/servlet/trsolicitudot?7ffec18f99c80c8953c1fa335ec007b6,gx-no-cache=1464027397551 HTTP/1.1" 200 3858
186.103.157.246 - - [23/May/2016:15:16:23 -0300] "POST /cormun/servlet/trsolicitudot?7ffec18f99c80c8953c1fa335ec007b6,gx-no-cache=1464027398921 HTTP/1.1" 200 3694
186.103.159.182 - - [23/May/2016:15:16:29 -0300] "GET /cormun/servlet/solicitudot?INS,0,0, HTTP/1.1" 200 11744
186.103.159.182 - - [23/May/2016:15:16:29 -0300] "GET /cormun/static/gxcfg.js?201631710541238 HTTP/1.1" 200 953
186.103.159.182 - - [23/May/2016:15:16:30 -0300] "GET /cormun/static/Resources/prompt.gif HTTP/1.1" 200 902
186.103.159.182 - - [23/May/2016:15:16:32 -0300] "GET /cormun/servlet/solicitudot?INS,0,0, HTTP/1.1" 200 11749
186.103.159.182 - - [23/May/2016:15:17:51 -0300] "POST /cormun/servlet/solicitudot?gx-no-cache=1464027490791 HTTP/1.1" 200 2677
186.103.159.182 - - [23/May/2016:15:17:52 -0300] "POST /cormun/servlet/solicitudot?f81e2d787b7d672b576a7c4f2e05807f,INS,0,0,,gx-no-cache=1464027491159 HTTP/1.1" 200 8445
186.103.159.182 - - [23/May/2016:15:17:55 -0300] "GET /cormun/servlet/solicitudot?b4cec7a5249185052c37f6799d38bace42f16cd67e1743fd43bf77198587c9ea5585503b3eee99947d09c58d08b8220f,gx-no-cache=1464027495088 HTTP/1.1" 200 30
186.103.159.46 - - [23/May/2016:15:18:37 -0300] "GET /cormun/servlet/trsolicitudot? HTTP/1.1" 200 6467
186.103.159.46 - - [23/May/2016:15:18:39 -0300] "GET /cormun/servlet/trsolicitudot? HTTP/1.1" 200 6466
186.103.159.46 - - [23/May/2016:15:19:18 -0300] "POST /cormun/servlet/trsolicitudot?49c4f0608bce54fb596e7a7710a9b34f,,gx-no-cache=1464027576108 HTTP/1.1" 200 3752
186.103.159.46 - - [23/May/2016:15:19:24 -0300] "GET /cormun/servlet/solicitudot?INS,0,0, HTTP/1.1" 200 11680
186.103.159.46 - - [23/May/2016:15:19:24 -0300] "GET /cormun/static/calendar-system.css?75620 HTTP/1.1" 200 5572
186.103.159.46 - - [23/May/2016:15:19:24 -0300] "GET /cormun/static/Resources/Spanish/PXTools.css?22445990 HTTP/1.1" 200 89042
186.103.159.46 - - [23/May/2016:15:19:24 -0300] "GET /cormun/static/gxcfg.js?201631710541238 HTTP/1.1" 200 953
186.103.159.46 - - [23/May/2016:15:19:24 -0300] "GET /cormun/static/solicitudot.js?201631710541292 HTTP/1.1" 200 45515
186.103.159.46 - - [23/May/2016:15:19:24 -0300] "GET /cormun/static/Resources/prompt.gif HTTP/1.1" 200 902
186.103.159.46 - - [23/May/2016:15:19:27 -0300] "GET /cormun/servlet/solicitudot?INS,0,0, HTTP/1.1" 200 11684
186.103.157.98 - - [23/May/2016:15:19:37 -0300] "GET /cormun/servlet/solicitudotadjuntos?bbf79de3402cba76f6448290dac05961b90a5e10a382e2a0957231550f2d664e,gx-no-cache=1464027595616 HTTP/1.1" 200 30
186.103.157.98 - - [23/May/2016:15:19:37 -0300] "GET /cormun/servlet/solicitudotadjuntos?bbf79de3402cba76f6448290dac05961b90a5e10a382e2a0957231550f2d664e,gx-no-cache=1464027595668 HTTP/1.1" 200 30
186.103.157.98 - - [23/May/2016:15:19:38 -0300] "POST /cormun/servlet/solicitudotadjuntos?1d76d929d434d8c5375dbd867e0f8128,INS,2016,1833,,1, HTTP/1.1" 200 116
186.103.157.98 - - [23/May/2016:15:19:38 -0300] "GET /cormun/servlet/hpexe_return? HTTP/1.1" 200 1018
186.103.157.98 - - [23/May/2016:15:19:39 -0300] "GET /cormun/servlet/trsolicitudadjuntos?2016,1833, HTTP/1.1" 200 7441
186.103.157.98 - - [23/May/2016:15:19:39 -0300] "GET /cormun/servlet/trsolicitudadjuntos?2016,1833, HTTP/1.1" 200 7436
186.103.157.98 - - [23/May/2016:15:19:45 -0300] "GET /cormun/servlet/solicitudotadjuntos?INS,2016,1833,,1, HTTP/1.1" 200 5644
186.103.157.98 - - [23/May/2016:15:19:45 -0300] "GET /cormun/static/about:blank HTTP/1.1" 404 1011
186.103.157.98 - - [23/May/2016:15:19:45 -0300] "GET /cormun/servlet/solicitudotadjuntos?INS,2016,1833,,1, HTTP/1.1" 200 5638
186.103.157.98 - - [23/May/2016:15:19:46 -0300] "GET /cormun/servlet/solicitudotadjuntos?bbf79de3402cba76f6448290dac0596112618b378a61ca3cad4006008aefeb190e966bbb1daa85a3ac5ebf3bf1ba7d1c,gx-no-cache=1464027604660 HTTP/1.1" 200 30
186.103.157.98 - - [23/May/2016:15:19:46 -0300] "POST /cormun/servlet/solicitudotadjuntos?1d76d929d434d8c5375dbd867e0f8128,INS,2016,1833,,1,,gx-no-cache=1464027604693 HTTP/1.1" 200 3503
186.103.157.98 - - [23/May/2016:15:19:51 -0300] "POST /cormun/servlet/solicitudotadjuntos?gx-no-cache=1464027610056 HTTP/1.1" 200 26
186.103.159.46 - - [23/May/2016:15:19:52 -0300] "POST /cormun/servlet/solicitudot?gx-no-cache=1464027610449 HTTP/1.1" 200 2677
186.103.159.46 - - [23/May/2016:15:19:53 -0300] "POST /cormun/servlet/solicitudot?49c4f0608bce54fb596e7a7710a9b34f,INS,0,0,,gx-no-cache=1464027610819 HTTP/1.1" 200 8398
186.103.159.46 - - [23/May/2016:15:19:57 -0300] "GET /cormun/servlet/solicitudot?20ea5d6d81e48518c9a02bea1cae6c507fb50959c9f64bece8af22f5e5a5afa57d7cc93816914cf52823d5fd17060e29,gx-no-cache=1464027615955 HTTP/1.1" 200 30
186.103.157.98 - - [23/May/2016:15:20:03 -0300] "GET /cormun/servlet/solicitudotadjuntos?bbf79de3402cba76f6448290dac05961b90a5e10a382e2a0957231550f2d664e,gx-no-cache=1464027621628 HTTP/1.1" 200 30
