190.161.236.237 - - [23/May/2016:16:41:56 -0300] "GET /cormun/static/Shared/ext/resources/themes/images/default/tools/tool-sprites.gif HTTP/1.1" 200 5434
190.161.236.237 - - [23/May/2016:16:41:56 -0300] "GET /cormun/servlet/trautorizarsolicitud? HTTP/1.1" 200 6460
186.78.48.134 - - [23/May/2016:16:41:58 -0300] "POST /cormun/servlet/trsolicitudot?902be5bc90db262a975abd9b889fb7fd,,gx-no-cache=1464028933754 HTTP/1.1" 200 106
186.78.48.134 - - [23/May/2016:16:41:59 -0300] "GET /cormun/servlet/trsolicitudadjuntos?2016,1865, HTTP/1.1" 200 5499
186.78.48.134 - - [23/May/2016:16:42:03 -0300] "GET /cormun/servlet/trsolicitudadjuntos?2016,1865, HTTP/1.1" 200 5500
186.78.48.134 - - [23/May/2016:16:42:05 -0300] "GET /cormun/servlet/solicitudotadjuntos?INS,2016,1865,,1, HTTP/1.1" 200 5589
186.78.48.134 - - [23/May/2016:16:42:06 -0300] "GET /cormun/static/about:blank HTTP/1.1" 404 1011
186.103.159.182 - - [23/May/2016:16:42:06 -0300] "GET /cormun/servlet/solicitudot?INS,0,0, HTTP/1.1" 200 11764
186.78.48.134 - - [23/May/2016:16:42:06 -0300] "GET /cormun/servlet/solicitudotadjuntos?c23172452300dd0b916f422b30f8750bc1af4efb8feebcb6fbb30f512afae3fe7d6015cd86b572040437c23d85f1964d,gx-no-cache=1464028941870 HTTP/1.1" 200 30
186.78.48.134 - - [23/May/2016:16:42:07 -0300] "GET /cormun/servlet/solicitudotadjuntos?INS,2016,1865,,1, HTTP/1.1" 200 5583
186.78.48.134 - - [23/May/2016:16:42:08 -0300] "POST /cormun/servlet/solicitudotadjuntos?902be5bc90db262a975abd9b889fb7fd,INS,2016,1865,,1,,gx-no-cache=1464028942353 HTTP/1.1" 200 3433
186.103.159.182 - - [23/May/2016:16:42:09 -0300] "GET /cormun/servlet/solicitudot?INS,0,0, HTTP/1.1" 200 11750
186.78.48.134 - - [23/May/2016:16:42:23 -0300] "POST /cormun/servlet/solicitudotadjuntos?gx-no-cache=1464028958250 HTTP/1.1" 200 26
186.78.48.134 - - [23/May/2016:16:42:23 -0300] "GET /cormun/servlet/solicitudotadjuntos?c23172452300dd0b916f422b30f8750be114be5a747009c0d05d34ef0d95e623,gx-no-cache=1464028958714 HTTP/1.1" 200 30
186.78.48.134 - - [23/May/2016:16:42:24 -0300] "GET /cormun/servlet/solicitudotadjuntos?c23172452300dd0b916f422b30f8750be114be5a747009c0d05d34ef0d95e623,gx-no-cache=1464028959190 HTTP/1.1" 200 30
186.78.48.134 - - [23/May/2016:16:42:24 -0300] "POST /cormun/servlet/solicitudotadjuntos?902be5bc90db262a975abd9b889fb7fd,INS,2016,1865,,1,,gx-no-cache=1464028959695 HTTP/1.1" 200 93
186.78.48.134 - - [23/May/2016:16:42:25 -0300] "GET /cormun/servlet/hpexe_return? HTTP/1.1" 200 1019
186.78.48.134 - - [23/May/2016:16:42:26 -0300] "GET /cormun/servlet/trsolicitudadjuntos?2016,1865, HTTP/1.1" 200 7283
186.78.48.134 - - [23/May/2016:16:42:27 -0300] "GET /cormun/servlet/trsolicitudadjuntos?2016,1865, HTTP/1.1" 200 7279
186.78.48.134 - - [23/May/2016:16:42:30 -0300] "GET /cormun/servlet/solicitudotadjuntos?INS,2016,1865,,1, HTTP/1.1" 200 5589
186.78.48.134 - - [23/May/2016:16:42:30 -0300] "GET /cormun/static/about:blank HTTP/1.1" 404 1011
186.78.48.134 - - [23/May/2016:16:42:31 -0300] "GET /cormun/servlet/solicitudotadjuntos?INS,2016,1865,,1, HTTP/1.1" 200 5583
186.78.48.134 - - [23/May/2016:16:42:31 -0300] "GET /cormun/servlet/solicitudotadjuntos?c23172452300dd0b916f422b30f8750bc1af4efb8feebcb6fbb30f512afae3fe7d6015cd86b572040437c23d85f1964d,gx-no-cache=1464028966801 HTTP/1.1" 200 30
186.78.48.134 - - [23/May/2016:16:42:32 -0300] "POST /cormun/servlet/solicitudotadjuntos?902be5bc90db262a975abd9b889fb7fd,INS,2016,1865,,1,,gx-no-cache=1464028967116 HTTP/1.1" 200 3433
186.78.48.134 - - [23/May/2016:16:42:35 -0300] "POST /cormun/servlet/solicitudotadjuntos?gx-no-cache=1464028970684 HTTP/1.1" 200 26
186.103.159.189 - - [23/May/2016:16:42:38 -0300] "GET /cormun/servlet/trautorizarsolicitud? HTTP/1.1" 200 6478
186.103.159.189 - - [23/May/2016:16:42:38 -0300] "GET /cormun/static/gxcfg.js?201632119361219 HTTP/1.1" 304 -
186.103.159.189 - - [23/May/2016:16:42:38 -0300] "GET /cormun/static/Resources/Spanish/PXTools.css?19284387 HTTP/1.1" 304 -
186.103.159.189 - - [23/May/2016:16:42:38 -0300] "GET /cormun/static/trautorizarsolicitud.js?20163211936186 HTTP/1.1" 304 -
186.103.159.189 - - [23/May/2016:16:42:39 -0300] "GET /cormun/servlet/trautorizarsolicitud? HTTP/1.1" 200 6477
186.103.159.182 - - [23/May/2016:16:42:39 -0300] "POST /cormun/servlet/solicitudot?gx-no-cache=1464032579648 HTTP/1.1" 200 2790
186.103.159.182 - - [23/May/2016:16:42:40 -0300] "POST /cormun/servlet/solicitudot?c598ff6876e9cff5e3bf73a6846a3022,INS,0,0,,gx-no-cache=1464032580177 HTTP/1.1" 200 8598
186.103.159.182 - - [23/May/2016:16:42:41 -0300] "GET /cormun/servlet/solicitudot?34b504c9abe9e0071b294bf019dc91f2cce414333964ba144adc7d8339a74855ceeddce38aeb0d19f671c52373a336fb,gx-no-cache=1464032581218 HTTP/1.1" 200 30
186.78.48.134 - - [23/May/2016:16:42:41 -0300] "GET /cormun/servlet/solicitudotadjuntos?c23172452300dd0b916f422b30f8750be114be5a747009c0d05d34ef0d95e623,gx-no-cache=1464028976587 HTTP/1.1" 200 30
186.78.48.134 - - [23/May/2016:16:42:41 -0300] "GET /cormun/servlet/solicitudotadjuntos?c23172452300dd0b916f422b30f8750be114be5a747009c0d05d34ef0d95e623,gx-no-cache=1464028977010 HTTP/1.1" 200 30
186.78.48.134 - - [23/May/2016:16:42:42 -0300] "POST /cormun/servlet/solicitudotadjuntos?902be5bc90db262a975abd9b889fb7fd,INS,2016,1865,,1,,gx-no-cache=1464028977519 HTTP/1.1" 200 93
186.103.159.189 - - [23/May/2016:16:42:43 -0300] "GET /cormun/static/menuarrow.gif HTTP/1.1" 404 1015
186.78.48.134 - - [23/May/2016:16:42:43 -0300] "GET /cormun/servlet/hpexe_return? HTTP/1.1" 200 1019
186.78.48.134 - - [23/May/2016:16:42:44 -0300] "GET /cormun/servlet/trsolicitudadjuntos?2016,1865, HTTP/1.1" 200 7410
190.161.236.237 - - [23/May/2016:16:42:44 -0300] "GET /cormun/static/menuarrow.gif HTTP/1.1" 404 1015
186.78.48.134 - - [23/May/2016:16:42:45 -0300] "GET /cormun/servlet/trsolicitudadjuntos?2016,1865, HTTP/1.1" 200 7407
190.161.236.237 - - [23/May/2016:16:42:48 -0300] "POST /cormun/servlet/trautorizarsolicitud?aa6d615f42276ac41c59769ff5205fd2,,gx-no-cache=1464032586980 HTTP/1.1" 200 3744
186.103.159.182 - - [23/May/2016:16:42:49 -0300] "POST /cormun/servlet/solicitudot?gx-no-cache=1464032589129 HTTP/1.1" 200 30
186.78.48.134 - - [23/May/2016:16:42:49 -0300] "GET /cormun/servlet/solicitudotadjuntos?INS,2016,1865,,1, HTTP/1.1" 200 5588
186.103.159.189 - - [23/May/2016:16:42:49 -0300] "POST /cormun/servlet/trautorizarsolicitud?1f7eeaf2ce7d45a2c5d4b677cd4a8cab,,gx-no-cache=1464032552849 HTTP/1.1" 200 109
186.103.159.189 - - [23/May/2016:16:42:49 -0300] "GET /cormun/AutorizarSolicitud-324.xls HTTP/1.1" 200 5120
186.78.48.134 - - [23/May/2016:16:42:50 -0300] "GET /cormun/static/about:blank HTTP/1.1" 404 1011
186.78.48.134 - - [23/May/2016:16:42:50 -0300] "GET /cormun/servlet/solicitudotadjuntos?INS,2016,1865,,1, HTTP/1.1" 200 5582
186.78.48.134 - - [23/May/2016:16:42:50 -0300] "GET /cormun/servlet/solicitudotadjuntos?c23172452300dd0b916f422b30f8750bc1af4efb8feebcb6fbb30f512afae3fe7d6015cd86b572040437c23d85f1964d,gx-no-cache=1464028986000 HTTP/1.1" 200 30
186.103.159.182 - - [23/May/2016:16:42:51 -0300] "POST /cormun/servlet/solicitudot?gx-no-cache=1464032591259 HTTP/1.1" 200 30
186.78.48.134 - - [23/May/2016:16:42:51 -0300] "POST /cormun/servlet/solicitudotadjuntos?902be5bc90db262a975abd9b889fb7fd,INS,2016,1865,,1,,gx-no-cache=1464028986328 HTTP/1.1" 200 3432
190.161.236.237 - - [23/May/2016:16:42:57 -0300] "POST /cormun/servlet/trautorizarsolicitud?aa6d615f42276ac41c59769ff5205fd2,,gx-no-cache=1464032595302 HTTP/1.1" 200 3743
186.103.159.182 - - [23/May/2016:16:42:59 -0300] "GET /cormun/static/Resources/resize.gif HTTP/1.1" 200 77
186.103.159.182 - - [23/May/2016:16:43:00 -0300] "GET /cormun/servlet/prcontratosol?18040152,,,,,MD,,gxPopupLevel%3D0%3B HTTP/1.1" 200 5708
186.103.159.182 - - [23/May/2016:16:43:00 -0300] "GET /cormun/static/scaMessage/css/jquery.pnotify.default.css?1816380 HTTP/1.1" 200 1707
186.103.159.182 - - [23/May/2016:16:43:00 -0300] "GET /cormun/static/Shared/jqueryui/jquery-ui.min.css?1345370 HTTP/1.1" 200 30288
186.103.159.182 - - [23/May/2016:16:43:00 -0300] "GET /cormun/static/gxcfg.js?2016141247819 HTTP/1.1" 200 953
186.103.159.182 - - [23/May/2016:16:43:00 -0300] "GET /cormun/static/Resources/PXToolsMenuSearch.png HTTP/1.1" 200 2914
186.103.159.182 - - [23/May/2016:16:43:00 -0300] "GET /cormun/static/prcontratosol.js?2016141247993 HTTP/1.1" 200 14084
186.103.159.182 - - [23/May/2016:16:43:00 -0300] "GET /cormun/static/Resources/Spanish/PXTools.css?1423257 HTTP/1.1" 200 89042
186.103.159.182 - - [23/May/2016:16:43:00 -0300] "GET /cormun/static/hmpwkw011.js?201631021445036 HTTP/1.1" 200 1968
186.103.159.182 - - [23/May/2016:16:43:00 -0300] "GET /cormun/static/Resources/PXToolsMenuSearchCancel.png HTTP/1.1" 200 2972
186.103.159.182 - - [23/May/2016:16:43:00 -0300] "GET /cormun/static/menusearch.js?20163211930269 HTTP/1.1" 200 1424
190.161.236.237 - - [23/May/2016:16:43:08 -0300] "POST /cormun/servlet/trautorizarsolicitud?aa6d615f42276ac41c59769ff5205fd2,,gx-no-cache=1464032606414 HTTP/1.1" 200 3743
186.103.159.182 - - [23/May/2016:16:43:16 -0300] "POST /cormun/servlet/solicitudot?gx-no-cache=1464032616155 HTTP/1.1" 200 1187
186.103.159.182 - - [23/May/2016:16:43:16 -0300] "GET /cormun/servlet/solicitudot?34b504c9abe9e0071b294bf019dc91f288d0af718cfbd1a91fe61067b2e1fdcbd45fc52a7b769301c7d3c86204730ccd13635bd89618d52e87c4d13e322d0038e82e8c5ab479a3511fec77ed8a001d56e41ad815e6f0d764c59c8841ac36762ce4dd72cb8ef0a5da4b42cb3daf67f4f279baa7385970bf77b5e971de9812c67a4e2c9d8b34ab4852085cb42e7ed8c713,gx-no-cache=1464032616384 HTTP/1.1" 200 38
186.103.159.182 - - [23/May/2016:16:43:16 -0300] "GET /cormun/servlet/solicitudot?34b504c9abe9e0071b294bf019dc91f2febfd9ae9360cc41ec94edf0000ed65567ff8a5d3729cc4552d21ac0117e403f75d02fc6c0b4243ca6df1dbad6a6ed8a6cefe3ade0217e9666680d9d47d93b914b58204903e7d0f1c8727610cd69c9d3d538d58a2e5daec855584d78759538002db98467dcc117309eb2c8f181103deb9ef7d7bebf7c27c22586843a0a84e755e10a7dde891ab2ad1cafa66c815fd56c,gx-no-cache=1464032616433 HTTP/1.1" 200 29
186.103.159.182 - - [23/May/2016:16:43:16 -0300] "POST /cormun/servlet/solicitudot?gx-no-cache=1464032616476 HTTP/1.1" 200 1144
186.78.48.134 - - [23/May/2016:16:43:17 -0300] "POST /cormun/servlet/solicitudotadjuntos?gx-no-cache=1464029012187 HTTP/1.1" 200 26
186.78.48.134 - - [23/May/2016:16:43:18 -0300] "GET /cormun/servlet/solicitudotadjuntos?c23172452300dd0b916f422b30f8750be114be5a747009c0d05d34ef0d95e623,gx-no-cache=1464029013527 HTTP/1.1" 200 30
186.78.48.134 - - [23/May/2016:16:43:18 -0300] "GET /cormun/servlet/solicitudotadjuntos?c23172452300dd0b916f422b30f8750be114be5a747009c0d05d34ef0d95e623,gx-no-cache=1464029014073 HTTP/1.1" 200 30
186.78.48.134 - - [23/May/2016:16:43:20 -0300] "POST /cormun/servlet/solicitudotadjuntos?902be5bc90db262a975abd9b889fb7fd,INS,2016,1865,,1,,gx-no-cache=1464029014557 HTTP/1.1" 200 93
186.78.48.134 - - [23/May/2016:16:43:20 -0300] "GET /cormun/servlet/hpexe_return? HTTP/1.1" 200 1019
186.78.48.134 - - [23/May/2016:16:43:21 -0300] "GET /cormun/servlet/trsolicitudadjuntos?2016,1865, HTTP/1.1" 200 7557
186.78.48.134 - - [23/May/2016:16:43:22 -0300] "GET /cormun/servlet/trsolicitudadjuntos?2016,1865, HTTP/1.1" 200 7554
186.78.48.134 - - [23/May/2016:16:43:26 -0300] "GET /cormun/servlet/solicitudotadjuntos?INS,2016,1865,,1, HTTP/1.1" 200 5588
186.78.48.134 - - [23/May/2016:16:43:26 -0300] "GET /cormun/static/about:blank HTTP/1.1" 404 1011
186.78.48.134 - - [23/May/2016:16:43:27 -0300] "GET /cormun/servlet/solicitudotadjuntos?INS,2016,1865,,1, HTTP/1.1" 200 5582
186.103.159.182 - - [23/May/2016:16:43:27 -0300] "GET /cormun/servlet/solicitudot?34b504c9abe9e0071b294bf019dc91f2d3b27ef30daf19b5da61834e3c9de2362ea74e581e6967aa2e7128e4bd1877c20b0f75ec82262f53cbba13a8d26c8924070f95a11f836591a6f99bedf3e6494c8c8c9ab079a9e9f4ea18d954e27c207ffff6bdc81f9d63b5c56d19b7383c823ca01b6b7647a1c385601f612f4ab359e291d4ef30aa65d6e82687d7fcafaa9d60c51edbb0434e1bad4a184e79886da76923955b6eea8f4443dd9509c77fafcb34,gx-no-cache=1464032627471 HTTP/1.1" 200 30
186.78.48.134 - - [23/May/2016:16:43:27 -0300] "GET /cormun/servlet/solicitudotadjuntos?c23172452300dd0b916f422b30f8750bc1af4efb8feebcb6fbb30f512afae3fe7d6015cd86b572040437c23d85f1964d,gx-no-cache=1464029022645 HTTP/1.1" 200 30
186.78.48.134 - - [23/May/2016:16:43:28 -0300] "POST /cormun/servlet/solicitudotadjuntos?902be5bc90db262a975abd9b889fb7fd,INS,2016,1865,,1,,gx-no-cache=1464029023221 HTTP/1.1" 200 3432
186.78.48.134 - - [23/May/2016:16:43:31 -0300] "POST /cormun/servlet/solicitudotadjuntos?gx-no-cache=1464029026898 HTTP/1.1" 200 26
191.112.119.131 - - [23/May/2016:16:43:35 -0300] "GET /cormun/servlet/hlogin HTTP/1.1" 200 1716
191.112.119.131 - - [23/May/2016:16:43:36 -0300] "GET /cormun/static/gxcfg.js?20151120045111 HTTP/1.1" 304 -
191.112.119.131 - - [23/May/2016:16:43:36 -0300] "GET /cormun/static/messages.spa.js?85251 HTTP/1.1" 304 -
191.112.119.131 - - [23/May/2016:16:43:36 -0300] "GET /cormun/static/hlogin.js?20151120045126 HTTP/1.1" 304 -
191.112.119.131 - - [23/May/2016:16:43:36 -0300] "GET /cormun/servlet/hlogin HTTP/1.1" 200 1727
191.112.119.131 - - [23/May/2016:16:43:38 -0300] "POST /cormun/servlet/hlogin?715823f3d20e85414f97cb22a61d7123,gx-no-cache=1464032636245 HTTP/1.1" 200 90
191.112.119.131 - - [23/May/2016:16:43:38 -0300] "GET /cormun/servlet/hpexe_link HTTP/1.1" 200 951
191.112.119.131 - - [23/May/2016:16:43:38 -0300] "GET /cormun/static/gxcfg.js?20151120044395 HTTP/1.1" 304 -
191.112.119.131 - - [23/May/2016:16:43:39 -0300] "GET /cormun/servlet/hhome HTTP/1.1" 200 3970
191.112.119.131 - - [23/May/2016:16:43:39 -0300] "GET /cormun/static/gxcfg.js?2015112210564248 HTTP/1.1" 304 -
191.112.119.131 - - [23/May/2016:16:43:39 -0300] "GET /cormun/static/hwchdr01.js?20162241650484 HTTP/1.1" 304 -
191.112.119.131 - - [23/May/2016:16:43:39 -0300] "GET /cormun/static/hpexe_recentlink.js?2015111312121342 HTTP/1.1" 304 -
191.112.119.131 - - [23/May/2016:16:43:39 -0300] "GET /cormun/static/hpexe_scripts.js?20151120014546 HTTP/1.1" 304 -
191.112.119.131 - - [23/May/2016:16:43:39 -0300] "GET /cormun/static/hpexe_messagecontroller.js?2015112210524422 HTTP/1.1" 304 -
191.112.119.131 - - [23/May/2016:16:43:39 -0300] "GET /cormun/static/hpexe_messagepopupcomponent.js?201632119295953 HTTP/1.1" 304 -
191.112.119.131 - - [23/May/2016:16:43:39 -0300] "GET /cormun/static/hpexe_messagegenexuscomponent.js?20151120014314 HTTP/1.1" 304 -
191.112.119.131 - - [23/May/2016:16:43:40 -0300] "GET /cormun/static/cmcontrolpreferences.js?20151120014525 HTTP/1.1" 304 -
191.112.119.131 - - [23/May/2016:16:43:40 -0300] "GET /cormun/static/hmpwkw03.js?201631622503633 HTTP/1.1" 304 -
191.112.119.131 - - [23/May/2016:16:43:41 -0300] "GET /cormun/servlet/hhome HTTP/1.1" 200 3967
186.103.159.182 - - [23/May/2016:16:43:44 -0300] "GET /cormun/servlet/prcontratosol?18040152,,,,,MD,,gxPopupLevel%3D0%3B HTTP/1.1" 200 5708
191.112.119.131 - - [23/May/2016:16:43:50 -0300] "GET /cormun/servlet/trautorizarsolicitud? HTTP/1.1" 200 8800
191.112.119.131 - - [23/May/2016:16:43:50 -0300] "GET /cormun/static/gxcfg.js?201632119361219 HTTP/1.1" 304 -
191.112.119.131 - - [23/May/2016:16:43:50 -0300] "GET /cormun/static/trautorizarsolicitud.js?20163211936186 HTTP/1.1" 304 -
191.112.119.131 - - [23/May/2016:16:43:51 -0300] "GET /cormun/servlet/trautorizarsolicitud? HTTP/1.1" 200 8798
190.161.236.237 - - [23/May/2016:16:43:53 -0300] "POST /cormun/servlet/trautorizarsolicitud?aa6d615f42276ac41c59769ff5205fd2,,gx-no-cache=1464032652024 HTTP/1.1" 200 3756
190.161.236.237 - - [23/May/2016:16:43:57 -0300] "POST /cormun/servlet/trautorizarsolicitud?aa6d615f42276ac41c59769ff5205fd2,,gx-no-cache=1464032655965 HTTP/1.1" 200 109
190.161.236.237 - - [23/May/2016:16:43:57 -0300] "GET /cormun/AutorizarSolicitud-3993.xls HTTP/1.1" 200 4608
191.112.119.131 - - [23/May/2016:16:44:01 -0300] "GET /cormun/static/menuarrow.gif HTTP/1.1" 404 1015
190.161.236.237 - - [23/May/2016:16:44:09 -0300] "POST /cormun/servlet/trautorizarsolicitud?aa6d615f42276ac41c59769ff5205fd2,,gx-no-cache=1464032667354 HTTP/1.1" 200 3758
191.112.119.131 - - [23/May/2016:16:44:10 -0300] "POST /cormun/servlet/trautorizarsolicitud?715823f3d20e85414f97cb22a61d7123,,gx-no-cache=1464032665193 HTTP/1.1" 200 9869
186.78.48.134 - - [23/May/2016:16:44:13 -0300] "POST /cormun/servlet/solicitudotadjuntos?gx-no-cache=1464029068505 HTTP/1.1" 200 26
190.161.236.237 - - [23/May/2016:16:44:13 -0300] "GET /cormun/servlet/trvisualizadoreventos? HTTP/1.1" 200 6330
190.161.236.237 - - [23/May/2016:16:44:14 -0300] "GET /cormun/static/gxui/gxui-all.css?120300 HTTP/1.1" 200 2179
190.161.236.237 - - [23/May/2016:16:44:14 -0300] "GET /cormun/static/calendar-system.css?85620 HTTP/1.1" 200 5572
190.161.236.237 - - [23/May/2016:16:44:14 -0300] "GET /cormun/static/gxcfg.js?201631021481342 HTTP/1.1" 200 953
186.78.48.134 - - [23/May/2016:16:44:14 -0300] "GET /cormun/servlet/solicitudotadjuntos?c23172452300dd0b916f422b30f8750be114be5a747009c0d05d34ef0d95e623,gx-no-cache=1464029069406 HTTP/1.1" 200 30
186.78.48.134 - - [23/May/2016:16:44:14 -0300] "GET /cormun/servlet/solicitudotadjuntos?c23172452300dd0b916f422b30f8750be114be5a747009c0d05d34ef0d95e623,gx-no-cache=1464029069518 HTTP/1.1" 200 30
190.161.236.237 - - [23/May/2016:16:44:14 -0300] "GET /cormun/static/Resources/Spanish/PXTools.css?2139548 HTTP/1.1" 200 89042
190.161.236.237 - - [23/May/2016:16:44:14 -0300] "GET /cormun/static/trvisualizadoreventos.js?201631021481717 HTTP/1.1" 200 19288
190.161.236.237 - - [23/May/2016:16:44:15 -0300] "GET /cormun/static/Resources/PXToolsActionPrint.png HTTP/1.1" 200 3317
190.161.236.237 - - [23/May/2016:16:44:15 -0300] "GET /cormun/static/Shared/ext/resources/css/ext-all.css?215870 HTTP/1.1" 200 416045
190.161.236.237 - - [23/May/2016:16:44:16 -0300] "GET /cormun/servlet/trvisualizadoreventos? HTTP/1.1" 200 6330
186.103.159.182 - - [23/May/2016:16:44:19 -0300] "GET /cormun/servlet/solicitudot?34b504c9abe9e0071b294bf019dc91f2d3b27ef30daf19b5da61834e3c9de2362ea74e581e6967aa2e7128e4bd1877c2ea8397a66890ab96c8efbf3210523794070f95a11f836591a6f99bedf3e6494c8c8c9ab079a9e9f4ea18d954e27c207ffff6bdc81f9d63b5c56d19b7383c823ca01b6b7647a1c385601f612f4ab359e291d4ef30aa65d6e82687d7fcafaa9d60c51edbb0434e1bad4a184e79886da76923955b6eea8f4443dd9509c77fafcb34,gx-no-cache=1464032679176 HTTP/1.1" 200 30
186.103.159.182 - - [23/May/2016:16:44:20 -0300] "POST /cormun/servlet/solicitudot?c598ff6876e9cff5e3bf73a6846a3022,INS,0,0,,gx-no-cache=1464032679381 HTTP/1.1" 200 9571
190.161.236.237 - - [23/May/2016:16:44:24 -0300] "POST /cormun/servlet/trvisualizadoreventos?aa6d615f42276ac41c59769ff5205fd2,,gx-no-cache=1464032682979 HTTP/1.1" 200 3601
190.161.236.237 - - [23/May/2016:16:44:28 -0300] "POST /cormun/servlet/trvisualizadoreventos?aa6d615f42276ac41c59769ff5205fd2,,gx-no-cache=1464032687026 HTTP/1.1" 200 3601
190.161.236.237 - - [23/May/2016:16:44:31 -0300] "GET /cormun/static/menuarrow.gif HTTP/1.1" 404 1015
186.103.159.182 - - [23/May/2016:16:44:33 -0300] "GET /cormun/servlet/solicitudot?34b504c9abe9e0071b294bf019dc91f2d3b27ef30daf19b5da61834e3c9de2362ea74e581e6967aa2e7128e4bd1877c2ea8397a66890ab96c8efbf3210523794070f95a11f836591a6f99bedf3e6494c8c8c9ab079a9e9f4ea18d954e27c207ffff6bdc81f9d63b5c56d19b7383c823ca01b6b7647a1c385601f612f4ab359e291d4ef30aa65d6e82687d7fcafaa9d60c51edbb0434e1bad4a184e79886da769317d594b87441ffa6668e54adc937f25,gx-no-cache=1464032693469 HTTP/1.1" 200 30
186.103.159.182 - - [23/May/2016:16:44:34 -0300] "POST /cormun/servlet/solicitudot?c598ff6876e9cff5e3bf73a6846a3022,INS,0,0,,gx-no-cache=1464032693528 HTTP/1.1" 200 9619
186.78.48.134 - - [23/May/2016:16:44:35 -0300] "POST /cormun/servlet/solicitudotadjuntos?902be5bc90db262a975abd9b889fb7fd,INS,2016,1865,,1, HTTP/1.1" 200 116
186.78.48.134 - - [23/May/2016:16:44:35 -0300] "GET /cormun/servlet/hpexe_return? HTTP/1.1" 200 1019
190.161.236.237 - - [23/May/2016:16:44:35 -0300] "POST /cormun/servlet/trvisualizadoreventos?aa6d615f42276ac41c59769ff5205fd2,,gx-no-cache=1464032693921 HTTP/1.1" 200 4156
186.78.48.134 - - [23/May/2016:16:44:36 -0300] "GET /cormun/servlet/trsolicitudadjuntos?2016,1865, HTTP/1.1" 200 7721
186.78.48.134 - - [23/May/2016:16:44:37 -0300] "GET /cormun/servlet/trsolicitudadjuntos?2016,1865, HTTP/1.1" 200 7720
190.161.236.237 - - [23/May/2016:16:44:41 -0300] "POST /cormun/servlet/trvisualizadoreventos?aa6d615f42276ac41c59769ff5205fd2,,gx-no-cache=1464032699423 HTTP/1.1" 200 4186
190.161.236.237 - - [23/May/2016:16:44:48 -0300] "POST /cormun/servlet/trvisualizadoreventos?aa6d615f42276ac41c59769ff5205fd2,,gx-no-cache=1464032706416 HTTP/1.1" 200 111
190.161.236.237 - - [23/May/2016:16:44:48 -0300] "GET /cormun/VisualizadorEventos-9340.xls HTTP/1.1" 200 5120
186.78.48.134 - - [23/May/2016:16:44:55 -0300] "GET /cormun/servlet/solicitudotadjuntos?DLT,2016,1865,CERTIF5,0, HTTP/1.1" 200 5492
186.78.48.134 - - [23/May/2016:16:44:55 -0300] "GET /cormun/static/about:blank HTTP/1.1" 404 1011
186.78.48.134 - - [23/May/2016:16:44:55 -0300] "GET /cormun/servlet/solicitudotadjuntos?DLT,2016,1865,CERTIF5,0, HTTP/1.1" 200 5486
186.78.48.134 - - [23/May/2016:16:44:58 -0300] "POST /cormun/servlet/solicitudotadjuntos?902be5bc90db262a975abd9b889fb7fd,DLT,2016,1865,CERTIF5,0,,gx-no-cache=1464029113732 HTTP/1.1" 200 93
186.78.48.134 - - [23/May/2016:16:44:58 -0300] "GET /cormun/servlet/hpexe_return? HTTP/1.1" 200 1025
186.78.48.134 - - [23/May/2016:16:44:59 -0300] "GET /cormun/servlet/trsolicitudadjuntos?2016,1865, HTTP/1.1" 200 7630
186.78.48.134 - - [23/May/2016:16:45:00 -0300] "GET /cormun/servlet/trsolicitudadjuntos?2016,1865, HTTP/1.1" 200 7626
191.112.119.131 - - [23/May/2016:16:45:01 -0300] "POST /cormun/servlet/trautorizarsolicitud?715823f3d20e85414f97cb22a61d7123,,gx-no-cache=1464032714388 HTTP/1.1" 200 9566
191.112.119.131 - - [23/May/2016:16:45:02 -0300] "GET /cormun/static/Shared/jqueryui/images/ui-bg_highlight-soft_100_c6c2c8_1x100.png HTTP/1.1" 404 1117
191.112.119.131 - - [23/May/2016:16:45:02 -0300] "GET /cormun/static/Shared/jqueryui/images/ui-icons_82798d_256x240.png HTTP/1.1" 404 1089
191.112.119.131 - - [23/May/2016:16:45:02 -0300] "GET /cormun/static/Shared/jqueryui/images/ui-bg_flat_55_fafafa_40x100.png HTTP/1.1" 404 1097
191.112.119.131 - - [23/May/2016:16:45:02 -0300] "GET /cormun/static/Shared/jqueryui/images/ui-icons_8d78a5_256x240.png HTTP/1.1" 404 1089
186.78.48.134 - - [23/May/2016:16:45:03 -0300] "GET /cormun/servlet/solicitudotadjuntos?DLT,2016,1865,CV,0, HTTP/1.1" 200 5486
186.78.48.134 - - [23/May/2016:16:45:03 -0300] "GET /cormun/static/about:blank HTTP/1.1" 404 1011
186.78.48.134 - - [23/May/2016:16:45:03 -0300] "GET /cormun/servlet/solicitudotadjuntos?DLT,2016,1865,CV,0, HTTP/1.1" 200 5480
186.78.48.134 - - [23/May/2016:16:45:05 -0300] "POST /cormun/servlet/solicitudotadjuntos?902be5bc90db262a975abd9b889fb7fd,DLT,2016,1865,CV,0,,gx-no-cache=1464029119981 HTTP/1.1" 200 93
186.78.48.134 - - [23/May/2016:16:45:05 -0300] "GET /cormun/servlet/hpexe_return? HTTP/1.1" 200 1021
186.78.48.134 - - [23/May/2016:16:45:05 -0300] "GET /cormun/servlet/trsolicitudadjuntos?2016,1865, HTTP/1.1" 200 7517
186.78.48.134 - - [23/May/2016:16:45:06 -0300] "GET /cormun/servlet/trsolicitudadjuntos?2016,1865, HTTP/1.1" 200 7529
191.112.119.131 - - [23/May/2016:16:45:08 -0300] "POST /cormun/servlet/trautorizarsolicitud?715823f3d20e85414f97cb22a61d7123,,gx-no-cache=1464032720395 HTTP/1.1" 200 9511
186.78.48.134 - - [23/May/2016:16:45:10 -0300] "GET /cormun/servlet/solicitudotadjuntos?INS,2016,1865,,1, HTTP/1.1" 200 5589
186.78.48.134 - - [23/May/2016:16:45:11 -0300] "GET /cormun/static/about:blank HTTP/1.1" 404 1011
186.78.48.134 - - [23/May/2016:16:45:11 -0300] "GET /cormun/servlet/solicitudotadjuntos?INS,2016,1865,,1, HTTP/1.1" 200 5583
186.78.48.134 - - [23/May/2016:16:45:11 -0300] "GET /cormun/servlet/solicitudotadjuntos?c23172452300dd0b916f422b30f8750bc1af4efb8feebcb6fbb30f512afae3fe7d6015cd86b572040437c23d85f1964d,gx-no-cache=1464029126974 HTTP/1.1" 200 30
186.78.48.134 - - [23/May/2016:16:45:12 -0300] "POST /cormun/servlet/solicitudotadjuntos?902be5bc90db262a975abd9b889fb7fd,INS,2016,1865,,1,,gx-no-cache=1464029127069 HTTP/1.1" 200 3433
186.78.48.134 - - [23/May/2016:16:45:13 -0300] "POST /cormun/servlet/solicitudotadjuntos?gx-no-cache=1464029129087 HTTP/1.1" 200 26
191.112.119.131 - - [23/May/2016:16:45:20 -0300] "POST /cormun/servlet/trautorizarsolicitud?715823f3d20e85414f97cb22a61d7123,,gx-no-cache=1464032729044 HTTP/1.1" 200 9349
186.78.48.134 - - [23/May/2016:16:45:22 -0300] "POST /cormun/servlet/solicitudotadjuntos?gx-no-cache=1464029137577 HTTP/1.1" 200 26
186.78.48.134 - - [23/May/2016:16:45:23 -0300] "GET /cormun/servlet/solicitudotadjuntos?c23172452300dd0b916f422b30f8750be114be5a747009c0d05d34ef0d95e623,gx-no-cache=1464029138931 HTTP/1.1" 200 30
186.78.48.134 - - [23/May/2016:16:45:23 -0300] "GET /cormun/servlet/solicitudotadjuntos?c23172452300dd0b916f422b30f8750be114be5a747009c0d05d34ef0d95e623,gx-no-cache=1464029139000 HTTP/1.1" 200 30
191.112.119.131 - - [23/May/2016:16:45:26 -0300] "POST /cormun/servlet/trautorizarsolicitud?715823f3d20e85414f97cb22a61d7123,,gx-no-cache=1464032738914 HTTP/1.1" 200 9290
191.112.119.131 - - [23/May/2016:16:45:36 -0300] "POST /cormun/servlet/trautorizarsolicitud?715823f3d20e85414f97cb22a61d7123,,gx-no-cache=1464032748914 HTTP/1.1" 200 8932
186.103.159.182 - - [23/May/2016:16:45:37 -0300] "GET /cormun/servlet/prcontratosol?18040152,,,,,MD,,gxPopupLevel%3D0%3B HTTP/1.1" 200 5708
191.112.119.131 - - [23/May/2016:16:45:41 -0300] "POST /cormun/servlet/trautorizarsolicitud?715823f3d20e85414f97cb22a61d7123,,gx-no-cache=1464032754514 HTTP/1.1" 200 8867
186.78.48.134 - - [23/May/2016:16:45:42 -0300] "POST /cormun/servlet/solicitudotadjuntos?902be5bc90db262a975abd9b889fb7fd,INS,2016,1865,,1, HTTP/1.1" 200 116
186.78.48.134 - - [23/May/2016:16:45:42 -0300] "GET /cormun/servlet/hpexe_return? HTTP/1.1" 200 1019
186.78.48.134 - - [23/May/2016:16:45:43 -0300] "GET /cormun/servlet/trsolicitudadjuntos?2016,1865, HTTP/1.1" 200 7675
186.78.48.134 - - [23/May/2016:16:45:44 -0300] "GET /cormun/servlet/trsolicitudadjuntos?2016,1865, HTTP/1.1" 200 7668
186.78.48.134 - - [23/May/2016:16:45:47 -0300] "GET /cormun/servlet/solicitudotadjuntos?INS,2016,1865,,1, HTTP/1.1" 200 5588
186.78.48.134 - - [23/May/2016:16:45:48 -0300] "GET /cormun/static/about:blank HTTP/1.1" 404 1011
186.78.48.134 - - [23/May/2016:16:45:48 -0300] "GET /cormun/servlet/solicitudotadjuntos?INS,2016,1865,,1, HTTP/1.1" 200 5582
186.78.48.134 - - [23/May/2016:16:45:48 -0300] "GET /cormun/servlet/solicitudotadjuntos?c23172452300dd0b916f422b30f8750bc1af4efb8feebcb6fbb30f512afae3fe7d6015cd86b572040437c23d85f1964d,gx-no-cache=1464029163902 HTTP/1.1" 200 30
191.112.119.131 - - [23/May/2016:16:45:48 -0300] "POST /cormun/servlet/trautorizarsolicitud?715823f3d20e85414f97cb22a61d7123,,gx-no-cache=1464032762204 HTTP/1.1" 200 8695
186.78.48.134 - - [23/May/2016:16:45:49 -0300] "POST /cormun/servlet/solicitudotadjuntos?902be5bc90db262a975abd9b889fb7fd,INS,2016,1865,,1,,gx-no-cache=1464029164060 HTTP/1.1" 200 3433
186.78.48.134 - - [23/May/2016:16:45:50 -0300] "POST /cormun/servlet/solicitudotadjuntos?gx-no-cache=1464029165616 HTTP/1.1" 200 26
190.161.236.237 - - [23/May/2016:16:45:52 -0300] "POST /cormun/servlet/trvisualizadoreventos?aa6d615f42276ac41c59769ff5205fd2,,gx-no-cache=1464032770838 HTTP/1.1" 200 3952
186.103.159.182 - - [23/May/2016:16:45:53 -0300] "GET /cormun/servlet/solicitudot?34b504c9abe9e0071b294bf019dc91f2d3b27ef30daf19b5da61834e3c9de2362ea74e581e6967aa2e7128e4bd1877c20b0f75ec82262f53cbba13a8d26c8924070f95a11f836591a6f99bedf3e6494c8c8c9ab079a9e9f4ea18d954e27c207ffff6bdc81f9d63b5c56d19b7383c823ca01b6b7647a1c385601f612f4ab359e291d4ef30aa65d6e82687d7fcafaa9d60c51edbb0434e1bad4a184e79886da76923955b6eea8f4443dd9509c77fafcb34,gx-no-cache=1464032773321 HTTP/1.1" 200 30
191.112.119.131 - - [23/May/2016:16:45:54 -0300] "POST /cormun/servlet/trautorizarsolicitud?715823f3d20e85414f97cb22a61d7123,,gx-no-cache=1464032767486 HTTP/1.1" 200 8639
186.103.159.182 - - [23/May/2016:16:45:54 -0300] "POST /cormun/servlet/solicitudot?c598ff6876e9cff5e3bf73a6846a3022,INS,0,0,,gx-no-cache=1464032773394 HTTP/1.1" 200 9677
190.161.236.237 - - [23/May/2016:16:45:57 -0300] "POST /cormun/servlet/trvisualizadoreventos?aa6d615f42276ac41c59769ff5205fd2,,gx-no-cache=1464032775977 HTTP/1.1" 200 3952
191.112.119.131 - - [23/May/2016:16:46:00 -0300] "POST /cormun/servlet/trautorizarsolicitud?715823f3d20e85414f97cb22a61d7123,,gx-no-cache=1464032774053 HTTP/1.1" 200 8380
186.78.48.134 - - [23/May/2016:16:46:05 -0300] "GET /cormun/servlet/solicitudotadjuntos?c23172452300dd0b916f422b30f8750be114be5a747009c0d05d34ef0d95e623,gx-no-cache=1464029180140 HTTP/1.1" 200 30
186.78.48.134 - - [23/May/2016:16:46:05 -0300] "GET /cormun/servlet/solicitudotadjuntos?c23172452300dd0b916f422b30f8750be114be5a747009c0d05d34ef0d95e623,gx-no-cache=1464029180224 HTTP/1.1" 200 30
190.161.236.237 - - [23/May/2016:16:46:06 -0300] "GET /cormun/servlet/hlogin HTTP/1.1" 200 1739
191.112.119.131 - - [23/May/2016:16:46:12 -0300] "POST /cormun/servlet/trautorizarsolicitud?715823f3d20e85414f97cb22a61d7123,,gx-no-cache=1464032779068 HTTP/1.1" 200 8323
186.103.159.182 - - [23/May/2016:16:46:13 -0300] "GET /cormun/servlet/solicitudot?34b504c9abe9e0071b294bf019dc91f2d3b27ef30daf19b5da61834e3c9de2362ea74e581e6967aa2e7128e4bd1877c21f94588fdbbb7305aac00f284176bbcb070f95a11f836591a6f99bedf3e6494c8c8c9ab079a9e9f4ea18d954e27c207ffff6bdc81f9d63b5c56d19b7383c823ca01b6b7647a1c385601f612f4ab359e291d4ef30aa65d6e82687d7fcafaa9d60c51edbb0434e1bad4a184e79886da76923955b6eea8f4443dd9509c77fafcb34,gx-no-cache=1464032793322 HTTP/1.1" 200 30
186.103.159.182 - - [23/May/2016:16:46:14 -0300] "POST /cormun/servlet/solicitudot?c598ff6876e9cff5e3bf73a6846a3022,INS,0,0,,gx-no-cache=1464032793395 HTTP/1.1" 200 9716
191.112.119.131 - - [23/May/2016:16:46:19 -0300] "POST /cormun/servlet/trautorizarsolicitud?715823f3d20e85414f97cb22a61d7123,,gx-no-cache=1464032792626 HTTP/1.1" 200 8106
191.112.119.131 - - [23/May/2016:16:46:23 -0300] "POST /cormun/servlet/trautorizarsolicitud?715823f3d20e85414f97cb22a61d7123,,gx-no-cache=1464032797637 HTTP/1.1" 200 8049
186.78.48.134 - - [23/May/2016:16:46:24 -0300] "POST /cormun/servlet/solicitudotadjuntos?902be5bc90db262a975abd9b889fb7fd,INS,2016,1865,,1, HTTP/1.1" 200 5444
186.78.48.134 - - [23/May/2016:16:46:24 -0300] "GET /cormun/static/Shared/jqueryui/images/ui-bg_flat_55_994d53_40x100.png HTTP/1.1" 404 1097
186.78.48.134 - - [23/May/2016:16:46:24 -0300] "GET /cormun/static/Shared/jqueryui/images/ui-icons_ebccce_256x240.png HTTP/1.1" 404 1089
186.103.159.182 - - [23/May/2016:16:46:25 -0300] "GET /cormun/servlet/prcontratosol?18040152,,,,,MD,,gxPopupLevel%3D0%3B HTTP/1.1" 200 5708
186.78.48.134 - - [23/May/2016:16:46:26 -0300] "GET /cormun/PrivateTempStorage/upload_00003403.jpg HTTP/1.1" 200 882569
190.161.236.237 - - [23/May/2016:16:46:26 -0300] "POST /cormun/servlet/hlogin?aa6d615f42276ac41c59769ff5205fd2,gx-no-cache=1464032805309 HTTP/1.1" 200 90
190.161.236.237 - - [23/May/2016:16:46:26 -0300] "GET /cormun/servlet/hpexe_link HTTP/1.1" 200 952
190.161.236.237 - - [23/May/2016:16:46:27 -0300] "GET /cormun/servlet/hhome HTTP/1.1" 200 3582
190.161.236.237 - - [23/May/2016:16:46:28 -0300] "GET /cormun/servlet/hhome HTTP/1.1" 200 3582
191.112.119.131 - - [23/May/2016:16:46:31 -0300] "POST /cormun/servlet/trautorizarsolicitud?715823f3d20e85414f97cb22a61d7123,,gx-no-cache=1464032805275 HTTP/1.1" 200 7804
186.103.159.182 - - [23/May/2016:16:46:31 -0300] "POST /cormun/servlet/solicitudot?gx-no-cache=1464032811759 HTTP/1.1" 200 1187
186.103.159.182 - - [23/May/2016:16:46:32 -0300] "GET /cormun/servlet/solicitudot?34b504c9abe9e0071b294bf019dc91f288d0af718cfbd1a91fe61067b2e1fdcbd45fc52a7b769301c7d3c86204730ccd13635bd89618d52e87c4d13e322d0038e82e8c5ab479a3511fec77ed8a001d56e41ad815e6f0d764c59c8841ac36762ce4dd72cb8ef0a5da4b42cb3daf67f4f279baa7385970bf77b5e971de9812c67a4e2c9d8b34ab4852085cb42e7ed8c713,gx-no-cache=1464032811964 HTTP/1.1" 200 38
186.103.159.182 - - [23/May/2016:16:46:33 -0300] "POST /cormun/servlet/solicitudot?gx-no-cache=1464032812062 HTTP/1.1" 200 1144
191.112.119.131 - - [23/May/2016:16:46:36 -0300] "POST /cormun/servlet/trautorizarsolicitud?715823f3d20e85414f97cb22a61d7123,,gx-no-cache=1464032810195 HTTP/1.1" 200 7748
190.161.236.237 - - [23/May/2016:16:46:36 -0300] "GET /cormun/servlet/trsolicitudot? HTTP/1.1" 200 6500
190.161.236.237 - - [23/May/2016:16:46:36 -0300] "GET /cormun/static/gxcfg.js?201631022392470 HTTP/1.1" 200 953
190.161.236.237 - - [23/May/2016:16:46:36 -0300] "GET /cormun/static/trsolicitudot.js?201631022393178 HTTP/1.1" 200 44568
190.161.236.237 - - [23/May/2016:16:46:36 -0300] "GET /cormun/static/Resources/PXToolsGridNew.png HTTP/1.1" 200 2949
190.161.236.237 - - [23/May/2016:16:46:37 -0300] "GET /cormun/servlet/trsolicitudot? HTTP/1.1" 200 6499
190.161.236.237 - - [23/May/2016:16:46:57 -0300] "POST /cormun/servlet/trsolicitudot?aa6d615f42276ac41c59769ff5205fd2,,gx-no-cache=1464032835388 HTTP/1.1" 200 3733
190.161.236.237 - - [23/May/2016:16:46:59 -0300] "POST /cormun/servlet/trsolicitudot?aa6d615f42276ac41c59769ff5205fd2,,gx-no-cache=1464032837370 HTTP/1.1" 200 3733
190.161.236.237 - - [23/May/2016:16:47:03 -0300] "GET /cormun/servlet/solicitudot?INS,0,0, HTTP/1.1" 200 11727
190.161.236.237 - - [23/May/2016:16:47:03 -0300] "GET /cormun/static/gxcfg.js?201631710541238 HTTP/1.1" 200 953
190.161.236.237 - - [23/May/2016:16:47:03 -0300] "GET /cormun/static/Resources/Spanish/PXTools.css?22445990 HTTP/1.1" 200 89042
190.161.236.237 - - [23/May/2016:16:47:03 -0300] "GET /cormun/static/Resources/prompt.gif HTTP/1.1" 200 902
190.161.236.237 - - [23/May/2016:16:47:04 -0300] "GET /cormun/static/solicitudot.js?201631710541292 HTTP/1.1" 200 45515
190.161.236.237 - - [23/May/2016:16:47:05 -0300] "GET /cormun/servlet/solicitudot?INS,0,0, HTTP/1.1" 200 11732
191.112.119.131 - - [23/May/2016:16:47:13 -0300] "POST /cormun/servlet/trautorizarsolicitud?715823f3d20e85414f97cb22a61d7123,,gx-no-cache=1464032847516 HTTP/1.1" 200 7547
190.161.236.237 - - [23/May/2016:16:47:15 -0300] "POST /cormun/servlet/solicitudot?gx-no-cache=1464032853459 HTTP/1.1" 200 2793
190.161.236.237 - - [23/May/2016:16:47:15 -0300] "POST /cormun/servlet/solicitudot?aa6d615f42276ac41c59769ff5205fd2,INS,0,0,,gx-no-cache=1464032853818 HTTP/1.1" 200 8544
191.112.119.131 - - [23/May/2016:16:47:18 -0300] "POST /cormun/servlet/trautorizarsolicitud?715823f3d20e85414f97cb22a61d7123,,gx-no-cache=1464032852280 HTTP/1.1" 200 7491
190.161.236.237 - - [23/May/2016:16:47:34 -0300] "GET /cormun/servlet/solicitudot?e3a822270e30a38a4fdc81c05778304afcb277caae797c936e4e576993b906b256f30a8f265879b090cf625524b39188,gx-no-cache=1464032872994 HTTP/1.1" 200 30
190.161.236.237 - - [23/May/2016:16:47:34 -0300] "POST /cormun/servlet/solicitudot?gx-no-cache=1464032873387 HTTP/1.1" 200 30
191.112.119.131 - - [23/May/2016:16:47:37 -0300] "POST /cormun/servlet/trautorizarsolicitud?715823f3d20e85414f97cb22a61d7123,,gx-no-cache=1464032871644 HTTP/1.1" 200 7188
191.112.119.131 - - [23/May/2016:16:47:41 -0300] "POST /cormun/servlet/trautorizarsolicitud?715823f3d20e85414f97cb22a61d7123,,gx-no-cache=1464032875818 HTTP/1.1" 200 7132
191.112.119.131 - - [23/May/2016:16:47:48 -0300] "POST /cormun/servlet/trautorizarsolicitud?715823f3d20e85414f97cb22a61d7123,,gx-no-cache=1464032882854 HTTP/1.1" 200 6896
190.161.236.237 - - [23/May/2016:16:47:50 -0300] "POST /cormun/servlet/solicitudot?gx-no-cache=1464032889124 HTTP/1.1" 200 30
191.112.119.131 - - [23/May/2016:16:47:52 -0300] "POST /cormun/servlet/trautorizarsolicitud?715823f3d20e85414f97cb22a61d7123,,gx-no-cache=1464032887037 HTTP/1.1" 200 6840
190.161.236.237 - - [23/May/2016:16:47:53 -0300] "POST /cormun/servlet/solicitudot?gx-no-cache=1464032891845 HTTP/1.1" 200 1187
190.161.236.237 - - [23/May/2016:16:47:53 -0300] "GET /cormun/servlet/solicitudot?e3a822270e30a38a4fdc81c05778304ae9489e3fe1fa31f91e36cf0416e2fe9ee85ac6f8fd6b42b40653cf2ff4aa94c15e1c7b7aed3b98d779171e26a413e3641ffa57b7c4e46511769a40d8c8445c25ac4d9df167386f743c0a8d8e1198c50249086cdfcb069b6a275012e5e0db39987f9f638f8a35f4664a1fbc54ec85010f474433f98711811c554c81becac76cea,gx-no-cache=1464032892029 HTTP/1.1" 200 38
191.112.119.131 - - [23/May/2016:16:47:58 -0300] "POST /cormun/servlet/trautorizarsolicitud?715823f3d20e85414f97cb22a61d7123,,gx-no-cache=1464032893196 HTTP/1.1" 200 6609
191.112.119.131 - - [23/May/2016:16:48:01 -0300] "POST /cormun/servlet/trautorizarsolicitud?715823f3d20e85414f97cb22a61d7123,,gx-no-cache=1464032896913 HTTP/1.1" 200 6554
191.112.119.131 - - [23/May/2016:16:48:06 -0300] "POST /cormun/servlet/trautorizarsolicitud?715823f3d20e85414f97cb22a61d7123,,gx-no-cache=1464032901318 HTTP/1.1" 200 6272
191.112.119.131 - - [23/May/2016:16:48:09 -0300] "POST /cormun/servlet/trautorizarsolicitud?715823f3d20e85414f97cb22a61d7123,,gx-no-cache=1464032904807 HTTP/1.1" 200 6218
190.161.236.237 - - [23/May/2016:16:48:20 -0300] "GET /cormun/servlet/solicitudot?e3a822270e30a38a4fdc81c05778304aa19817c292fd1851d1a771606bd8c8ead5cb5d6c19fb216b37db572778ebbb7731957901ad56cf9dd6333904314832f7a73acd7a402134b1640a452e53f379ddc97aa2affce8ae7ec3c8b284925eb33832ebb65831d46a84bb03c31a5bc0323d408b6add5c272bae60793826ec11f932203009fd53ccec9fd10e0a6221f95fc3ecfd35c29a46eb1ee362566dd2859eb5,gx-no-cache=1464032919602 HTTP/1.1" 200 29
190.161.236.237 - - [23/May/2016:16:48:25 -0300] "POST /cormun/servlet/solicitudot?gx-no-cache=1464032924502 HTTP/1.1" 200 1144
190.161.236.237 - - [23/May/2016:16:48:26 -0300] "GET /cormun/static/menuarrow.gif HTTP/1.1" 404 1015
191.112.119.131 - - [23/May/2016:16:48:30 -0300] "POST /cormun/servlet/trautorizarsolicitud?715823f3d20e85414f97cb22a61d7123,,gx-no-cache=1464032925213 HTTP/1.1" 200 5906
191.112.119.131 - - [23/May/2016:16:48:33 -0300] "POST /cormun/servlet/trautorizarsolicitud?715823f3d20e85414f97cb22a61d7123,,gx-no-cache=1464032928486 HTTP/1.1" 200 5850
191.112.119.131 - - [23/May/2016:16:48:36 -0300] "POST /cormun/servlet/trautorizarsolicitud?715823f3d20e85414f97cb22a61d7123,,gx-no-cache=1464032932363 HTTP/1.1" 200 5566
191.112.119.131 - - [23/May/2016:16:48:40 -0300] "POST /cormun/servlet/trautorizarsolicitud?715823f3d20e85414f97cb22a61d7123,,gx-no-cache=1464032935334 HTTP/1.1" 200 5510
186.103.159.182 - - [23/May/2016:16:48:43 -0300] "POST /cormun/servlet/solicitudot?gx-no-cache=1464032943343 HTTP/1.1" 200 30
191.112.119.131 - - [23/May/2016:16:48:44 -0300] "POST /cormun/servlet/trautorizarsolicitud?715823f3d20e85414f97cb22a61d7123,,gx-no-cache=1464032939455 HTTP/1.1" 200 4261
191.112.119.131 - - [23/May/2016:16:48:46 -0300] "POST /cormun/servlet/trautorizarsolicitud?715823f3d20e85414f97cb22a61d7123,,gx-no-cache=1464032942430 HTTP/1.1" 200 4105
186.103.159.182 - - [23/May/2016:16:48:48 -0300] "POST /cormun/servlet/solicitudot?gx-no-cache=1464032948628 HTTP/1.1" 200 1187
186.103.159.182 - - [23/May/2016:16:48:48 -0300] "GET /cormun/servlet/solicitudot?34b504c9abe9e0071b294bf019dc91f288d0af718cfbd1a91fe61067b2e1fdcbd45fc52a7b769301c7d3c86204730ccd13635bd89618d52e87c4d13e322d0038e82e8c5ab479a3511fec77ed8a001d56e41ad815e6f0d764c59c8841ac36762ce4dd72cb8ef0a5da4b42cb3daf67f4f279baa7385970bf77b5e971de9812c67abd7138b01a9bc637c1d5320c7bf3efb6ed3042d33517591e26dfd60bab5b5aaa,gx-no-cache=1464032948817 HTTP/1.1" 200 41
186.103.159.182 - - [23/May/2016:16:48:49 -0300] "POST /cormun/servlet/solicitudot?gx-no-cache=1464032948933 HTTP/1.1" 200 1144
190.161.236.237 - - [23/May/2016:16:49:16 -0300] "GET /cormun/servlet/solicitudot?e3a822270e30a38a4fdc81c05778304aa6d9326502b1b7fb30ed696c4b3799f00bd2236e20536666ffd26343a805924fe2ad68026c3038023d191a92513a8981dcb10662662c2844fb59be50098d5b914b0eb2494cd352ecadfbdb46bab8874adc2e1c03409cbfedc5f8569324f26c92485d644a932a400ff2a80f2df7a7a082478acc57cdb0dcc31e9d764e22e1ee4ab3f1367a949daf74c7091d997ed3c41b,gx-no-cache=1464032975598 HTTP/1.1" 200 30
186.78.48.134 - - [23/May/2016:16:49:18 -0300] "POST /cormun/servlet/solicitudotadjuntos?gx-no-cache=1464029373420 HTTP/1.1" 200 26
186.78.48.134 - - [23/May/2016:16:49:34 -0300] "GET /cormun/servlet/trsolicitudot? HTTP/1.1" 200 7755
186.78.48.134 - - [23/May/2016:16:49:35 -0300] "GET /cormun/servlet/trsolicitudot? HTTP/1.1" 200 7745
186.78.48.134 - - [23/May/2016:16:49:38 -0300] "POST /cormun/servlet/trsolicitudot?902be5bc90db262a975abd9b889fb7fd,,gx-no-cache=1464029392902 HTTP/1.1" 200 106
186.78.48.134 - - [23/May/2016:16:49:39 -0300] "GET /cormun/servlet/trsolicitudadjuntos?2016,1865, HTTP/1.1" 200 7671
186.78.48.134 - - [23/May/2016:16:49:41 -0300] "GET /cormun/servlet/trsolicitudadjuntos?2016,1865, HTTP/1.1" 200 7669
190.161.236.237 - - [23/May/2016:16:49:43 -0300] "GET /cormun/servlet/solicitudot?e3a822270e30a38a4fdc81c05778304aa6d9326502b1b7fb30ed696c4b3799f00bd2236e20536666ffd26343a805924fe2ad68026c3038023d191a92513a8981dcb10662662c2844fb59be50098d5b914b0eb2494cd352ecadfbdb46bab8874adc2e1c03409cbfedc5f8569324f26c92485d644a932a400ff2a80f2df7a7a082478acc57cdb0dcc31e9d764e22e1ee4ab47c4c957fd35ab592548defb11203fa0d6782c9c9bf0f237123a005dacc65f0,gx-no-cache=1464033001724 HTTP/1.1" 200 30
190.161.236.237 - - [23/May/2016:16:49:43 -0300] "POST /cormun/servlet/solicitudot?aa6d615f42276ac41c59769ff5205fd2,INS,0,0,,gx-no-cache=1464033001850 HTTP/1.1" 200 93
190.161.236.237 - - [23/May/2016:16:49:43 -0300] "GET /cormun/servlet/hpexe_return? HTTP/1.1" 200 1009
190.161.236.237 - - [23/May/2016:16:49:43 -0300] "GET /cormun/static/gxcfg.js?2015111312145050 HTTP/1.1" 200 953
190.161.236.237 - - [23/May/2016:16:49:43 -0300] "GET /cormun/static/hpexe_return.js?2015111312145056 HTTP/1.1" 200 1633
186.78.48.134 - - [23/May/2016:16:49:43 -0300] "GET /cormun/servlet/solicitudotadjuntos?INS,2016,1865,,1, HTTP/1.1" 200 5588
190.161.236.237 - - [23/May/2016:16:49:44 -0300] "GET /cormun/static/Resources/Spanish/PXTools.css?12112540 HTTP/1.1" 200 89042
186.78.48.134 - - [23/May/2016:16:49:44 -0300] "GET /cormun/static/about:blank HTTP/1.1" 404 1011
186.78.48.134 - - [23/May/2016:16:49:44 -0300] "GET /cormun/servlet/solicitudotadjuntos?INS,2016,1865,,1, HTTP/1.1" 200 5582
190.161.236.237 - - [23/May/2016:16:49:44 -0300] "GET /cormun/servlet/trsolicitudot? HTTP/1.1" 200 7817
186.78.48.134 - - [23/May/2016:16:49:44 -0300] "GET /cormun/servlet/solicitudotadjuntos?c23172452300dd0b916f422b30f8750bc1af4efb8feebcb6fbb30f512afae3fe7d6015cd86b572040437c23d85f1964d,gx-no-cache=1464029399863 HTTP/1.1" 200 30
186.78.48.134 - - [23/May/2016:16:49:45 -0300] "POST /cormun/servlet/solicitudotadjuntos?902be5bc90db262a975abd9b889fb7fd,INS,2016,1865,,1,,gx-no-cache=1464029399978 HTTP/1.1" 200 3432
190.161.236.237 - - [23/May/2016:16:49:45 -0300] "GET /cormun//static/Resources/PXToolsActionView.png HTTP/1.1" 200 2995
190.161.236.237 - - [23/May/2016:16:49:45 -0300] "GET /cormun//static/Resources/PXToolsGridUpdate.png HTTP/1.1" 200 2984
190.161.236.237 - - [23/May/2016:16:49:45 -0300] "GET /cormun/servlet/trsolicitudot? HTTP/1.1" 200 7813
190.161.236.237 - - [23/May/2016:16:49:46 -0300] "GET /cormun//static/Resources/PXToolsGridDelete.png HTTP/1.1" 200 357
190.161.236.237 - - [23/May/2016:16:49:46 -0300] "GET /cormun//static/Resources/PXToolsRemoveAllAction.png HTTP/1.1" 200 3558
190.161.236.237 - - [23/May/2016:16:49:46 -0300] "GET /cormun//static/Resources/PXTools/ActionInsert.png HTTP/1.1" 200 1482
186.78.48.134 - - [23/May/2016:16:49:46 -0300] "POST /cormun/servlet/solicitudotadjuntos?gx-no-cache=1464029401720 HTTP/1.1" 200 26
186.103.159.182 - - [23/May/2016:16:49:49 -0300] "POST /cormun/servlet/solicitudot?gx-no-cache=1464033009655 HTTP/1.1" 200 30
186.103.159.182 - - [23/May/2016:16:49:49 -0300] "POST /cormun/servlet/solicitudot?gx-no-cache=1464033009823 HTTP/1.1" 200 1187
186.103.159.182 - - [23/May/2016:16:49:50 -0300] "GET /cormun/servlet/solicitudot?34b504c9abe9e0071b294bf019dc91f288d0af718cfbd1a91fe61067b2e1fdcbd45fc52a7b769301c7d3c86204730ccd13635bd89618d52e87c4d13e322d0038e82e8c5ab479a3511fec77ed8a001d56e41ad815e6f0d764c59c8841ac36762ce4dd72cb8ef0a5da4b42cb3daf67f4f279baa7385970bf77b5e971de9812c67abd7138b01a9bc637c1d5320c7bf3efb6ed3042d33517591e26dfd60bab5b5aaa,gx-no-cache=1464033010005 HTTP/1.1" 200 41
190.161.236.237 - - [23/May/2016:16:49:52 -0300] "GET /cormun/servlet/hlogin HTTP/1.1" 200 1735
186.78.48.134 - - [23/May/2016:16:49:53 -0300] "GET /cormun/servlet/solicitudotadjuntos?c23172452300dd0b916f422b30f8750be114be5a747009c0d05d34ef0d95e623,gx-no-cache=1464029408915 HTTP/1.1" 200 30
186.78.48.134 - - [23/May/2016:16:49:54 -0300] "GET /cormun/servlet/solicitudotadjuntos?c23172452300dd0b916f422b30f8750be114be5a747009c0d05d34ef0d95e623,gx-no-cache=1464029409164 HTTP/1.1" 200 30
186.103.159.182 - - [23/May/2016:16:50:05 -0300] "POST /cormun/servlet/solicitudot?gx-no-cache=1464033025458 HTTP/1.1" 200 1144
190.161.236.237 - - [23/May/2016:16:50:12 -0300] "POST /cormun/servlet/hlogin?aa6d615f42276ac41c59769ff5205fd2,gx-no-cache=1464033030957 HTTP/1.1" 200 90
190.161.236.237 - - [23/May/2016:16:50:12 -0300] "GET /cormun/servlet/hpexe_link HTTP/1.1" 200 952
190.161.236.237 - - [23/May/2016:16:50:12 -0300] "GET /cormun/servlet/hhome HTTP/1.1" 200 3606
186.78.48.134 - - [23/May/2016:16:50:13 -0300] "POST /cormun/servlet/solicitudotadjuntos?902be5bc90db262a975abd9b889fb7fd,INS,2016,1865,,1, HTTP/1.1" 200 5444
190.161.236.237 - - [23/May/2016:16:50:14 -0300] "GET /cormun/servlet/hhome HTTP/1.1" 200 3602
186.78.48.134 - - [23/May/2016:16:50:16 -0300] "GET /cormun/PrivateTempStorage/upload_00003415.jpg HTTP/1.1" 200 882569
190.161.236.237 - - [23/May/2016:16:50:18 -0300] "GET /cormun/servlet/trautorizarsolicitud? HTTP/1.1" 200 6483
190.161.236.237 - - [23/May/2016:16:50:19 -0300] "GET /cormun/servlet/trautorizarsolicitud? HTTP/1.1" 200 6483
186.78.48.134 - - [23/May/2016:16:50:25 -0300] "GET /cormun/servlet/trsolicitudot? HTTP/1.1" 200 7755
186.78.48.134 - - [23/May/2016:16:50:26 -0300] "GET /cormun/servlet/trsolicitudot? HTTP/1.1" 200 7745
186.78.48.134 - - [23/May/2016:16:50:29 -0300] "POST /cormun/servlet/trsolicitudot?902be5bc90db262a975abd9b889fb7fd,,gx-no-cache=1464029444135 HTTP/1.1" 200 106
186.78.48.134 - - [23/May/2016:16:50:30 -0300] "GET /cormun/servlet/trsolicitudadjuntos?2016,1865, HTTP/1.1" 200 7670
186.103.159.182 - - [23/May/2016:16:50:31 -0300] "GET /cormun/servlet/solicitudot?34b504c9abe9e0071b294bf019dc91f2d3b27ef30daf19b5da61834e3c9de2362ea74e581e6967aa2e7128e4bd1877c2ea8397a66890ab96c8efbf3210523794070f95a11f836591a6f99bedf3e6494c8c8c9ab079a9e9f4ea18d954e27c207ffff6bdc81f9d63b5c56d19b7383c823ca01b6b7647a1c385601f612f4ab359e291d4ef30aa65d6e82687d7fcafaa9d60c51edbb0434e1bad4a184e79886da76909bcd02b51fd369efcef4737798c9c35,gx-no-cache=1464033050706 HTTP/1.1" 200 30
186.78.48.134 - - [23/May/2016:16:50:31 -0300] "GET /cormun/servlet/trsolicitudadjuntos?2016,1865, HTTP/1.1" 200 7668
186.103.159.182 - - [23/May/2016:16:50:31 -0300] "POST /cormun/servlet/solicitudot?c598ff6876e9cff5e3bf73a6846a3022,INS,0,0,,gx-no-cache=1464033051119 HTTP/1.1" 200 93
186.103.159.182 - - [23/May/2016:16:50:31 -0300] "GET /cormun/servlet/hpexe_return? HTTP/1.1" 200 1031
186.103.159.182 - - [23/May/2016:16:50:32 -0300] "GET /cormun/servlet/trsolicitudot?gx-no-cache=1464031292859 HTTP/1.1" 200 7698
186.103.159.182 - - [23/May/2016:16:50:34 -0300] "GET /cormun/servlet/trsolicitudot?gx-no-cache=1464031292859 HTTP/1.1" 200 7714
190.161.236.237 - - [23/May/2016:16:50:35 -0300] "POST /cormun/servlet/trautorizarsolicitud?aa6d615f42276ac41c59769ff5205fd2,,gx-no-cache=1464033053572 HTTP/1.1" 200 5456
186.103.159.182 - - [23/May/2016:16:50:38 -0300] "GET /cormun/servlet/solicitudot?INS,0,0, HTTP/1.1" 200 11764
186.103.159.182 - - [23/May/2016:16:50:41 -0300] "GET /cormun/servlet/solicitudot?INS,0,0, HTTP/1.1" 200 11750
186.103.159.182 - - [23/May/2016:16:50:50 -0300] "POST /cormun/servlet/solicitudot?gx-no-cache=1464033070805 HTTP/1.1" 200 2789
186.103.159.182 - - [23/May/2016:16:50:51 -0300] "POST /cormun/servlet/solicitudot?c598ff6876e9cff5e3bf73a6846a3022,INS,0,0,,gx-no-cache=1464033071164 HTTP/1.1" 200 8602
186.103.159.182 - - [23/May/2016:16:50:53 -0300] "GET /cormun/servlet/solicitudot?34b504c9abe9e0071b294bf019dc91f2bfb7f641467d383a4435ba2eba168a6cceeddce38aeb0d19f671c52373a336fb,gx-no-cache=1464033073529 HTTP/1.1" 200 30
186.103.159.182 - - [23/May/2016:16:50:53 -0300] "POST /cormun/servlet/solicitudot?gx-no-cache=1464033073632 HTTP/1.1" 200 30
186.103.159.182 - - [23/May/2016:16:51:04 -0300] "POST /cormun/servlet/solicitudot?gx-no-cache=1464033084913 HTTP/1.1" 200 30
190.161.236.237 - - [23/May/2016:16:51:11 -0300] "POST /cormun/servlet/trautorizarsolicitud?aa6d615f42276ac41c59769ff5205fd2,,gx-no-cache=1464033089953 HTTP/1.1" 200 5468
190.161.236.237 - - [23/May/2016:16:51:11 -0300] "GET /cormun/static/Shared/jqueryui/images/ui-bg_highlight-soft_100_c6c2c8_1x100.png HTTP/1.1" 404 1117
190.161.236.237 - - [23/May/2016:16:51:11 -0300] "GET /cormun/static/Shared/jqueryui/images/ui-icons_82798d_256x240.png HTTP/1.1" 404 1089
190.161.236.237 - - [23/May/2016:16:51:11 -0300] "GET /cormun/static/Shared/jqueryui/images/ui-icons_8d78a5_256x240.png HTTP/1.1" 404 1089
190.161.236.237 - - [23/May/2016:16:51:11 -0300] "GET /cormun/static/Shared/jqueryui/images/ui-bg_flat_55_fafafa_40x100.png HTTP/1.1" 404 1097
190.161.236.237 - - [23/May/2016:16:51:18 -0300] "POST /cormun/servlet/trautorizarsolicitud?aa6d615f42276ac41c59769ff5205fd2,,gx-no-cache=1464033096186 HTTP/1.1" 200 5468
190.161.236.237 - - [23/May/2016:16:51:20 -0300] "POST /cormun/servlet/trautorizarsolicitud?aa6d615f42276ac41c59769ff5205fd2,,gx-no-cache=1464033098819 HTTP/1.1" 200 5470
186.103.159.182 - - [23/May/2016:16:51:23 -0300] "POST /cormun/servlet/solicitudot?gx-no-cache=1464033103310 HTTP/1.1" 200 30
186.78.48.134 - - [23/May/2016:16:51:26 -0300] "GET /cormun/servlet/trsolicitudot? HTTP/1.1" 200 7751
186.103.159.182 - - [23/May/2016:16:51:27 -0300] "POST /cormun/servlet/solicitudot?gx-no-cache=1464033107114 HTTP/1.1" 200 30
186.78.48.134 - - [23/May/2016:16:51:27 -0300] "GET /cormun/servlet/trsolicitudot? HTTP/1.1" 200 7745
