186.103.159.182 - - [23/May/2016:16:23:36 -0300] "GET /cormun/servlet/solicitudot?34b504c9abe9e0071b294bf019dc91f2febfd9ae9360cc41ec94edf0000ed65567ff8a5d3729cc4552d21ac0117e403fd62229db827b4377fe895cd67c5602ea5f648a96a0a9f0aba95b98f5b4d350355bc8c8d5117afd9a79958d8747ab13798cc50dc923e01acef49eb99658dff335,gx-no-cache=1464031436441 HTTP/1.1" 200 29
186.103.159.182 - - [23/May/2016:16:23:37 -0300] "POST /cormun/servlet/solicitudot?gx-no-cache=1464031437321 HTTP/1.1" 200 1144
186.103.157.98 - - [23/May/2016:16:23:39 -0300] "POST /cormun/servlet/solicitudotadjuntos?cbd10df55ceb5e71b981915b403ccecf,INS,2016,1833,,1, HTTP/1.1" 200 116
186.103.157.98 - - [23/May/2016:16:23:39 -0300] "GET /cormun/servlet/hpexe_return? HTTP/1.1" 200 1024
186.103.157.98 - - [23/May/2016:16:23:40 -0300] "GET /cormun/servlet/trsolicitudadjuntos?2016,1833, HTTP/1.1" 200 8152
186.78.48.134 - - [23/May/2016:16:23:41 -0300] "POST /cormun/servlet/solicitudot?902be5bc90db262a975abd9b889fb7fd,INS,0,0,,gx-no-cache=1464027835562 HTTP/1.1" 200 93
186.78.48.134 - - [23/May/2016:16:23:41 -0300] "GET /cormun/servlet/hpexe_return? HTTP/1.1" 200 999
186.78.48.134 - - [23/May/2016:16:23:42 -0300] "GET /cormun/servlet/trsolicitudot HTTP/1.1" 200 8445
186.103.157.98 - - [23/May/2016:16:23:42 -0300] "GET /cormun/servlet/trsolicitudadjuntos?2016,1833, HTTP/1.1" 200 8149
186.78.48.134 - - [23/May/2016:16:23:43 -0300] "GET /cormun/servlet/trsolicitudot HTTP/1.1" 200 8439
186.78.48.134 - - [23/May/2016:16:23:46 -0300] "POST /cormun/servlet/trsolicitudot?902be5bc90db262a975abd9b889fb7fd,gx-no-cache=1464027840957 HTTP/1.1" 200 106
186.78.48.134 - - [23/May/2016:16:23:46 -0300] "GET /cormun/servlet/solicitudot?UPD,2016,1857, HTTP/1.1" 200 12986
186.78.48.134 - - [23/May/2016:16:23:47 -0300] "GET /cormun/servlet/solicitudot?UPD,2016,1857, HTTP/1.1" 200 12995
186.78.48.134 - - [23/May/2016:16:23:48 -0300] "POST /cormun/servlet/solicitudot?gx-no-cache=1464027843068 HTTP/1.1" 200 2800
186.78.48.134 - - [23/May/2016:16:23:49 -0300] "POST /cormun/servlet/solicitudot?902be5bc90db262a975abd9b889fb7fd,UPD,2016,1857,,gx-no-cache=1464027843615 HTTP/1.1" 200 9244
186.78.48.134 - - [23/May/2016:16:23:49 -0300] "GET /cormun/servlet/solicitudot?c23172452300dd0b916f422b30f8750b10d836d0fb3deb3d767c0e9125e421362d3aabd3d096c150cd2a200ccb9e0597,gx-no-cache=1464027844405 HTTP/1.1" 200 30
186.78.48.134 - - [23/May/2016:16:23:49 -0300] "POST /cormun/servlet/solicitudot?gx-no-cache=1464027844494 HTTP/1.1" 200 30
186.78.48.134 - - [23/May/2016:16:23:49 -0300] "POST /cormun/servlet/solicitudot?gx-no-cache=1464027844595 HTTP/1.1" 200 30
186.78.48.134 - - [23/May/2016:16:23:49 -0300] "POST /cormun/servlet/solicitudot?gx-no-cache=1464027844703 HTTP/1.1" 200 1187
186.78.48.134 - - [23/May/2016:16:23:49 -0300] "GET /cormun/servlet/solicitudot?c23172452300dd0b916f422b30f8750b48937795a04e4ca6d127f0a53937537cbdcbc7fcdfff19f4030d5ff7169070caabd4b15284e4dbc4e578373e3249cae0ab0cbe563cc7fe113c77b15bc9c0de72290c150b50a9c5f5ebb63765a9cd1b1adc86deca015310a7a054d6e9a4053991c56596aca106d88112291691c5b6725dae24990fb1d3c0aa182f660b29320013a521c184fbfad87db5a5b84b6f40a6cd,gx-no-cache=1464027844934 HTTP/1.1" 200 41
186.103.159.182 - - [23/May/2016:16:23:53 -0300] "GET /cormun/servlet/solicitudot?34b504c9abe9e0071b294bf019dc91f2dcc0eec80dbfd8b6040e975b3c9528e780b867713e249e63f86fee15321be45d046794fab613bca6c8455d2e4ce91a92bfb99159c9df9a514d62c3dd8a5b6913af41ecfa65d36cfeb2fdcf2e02abca6741fba90e9d4f56f4d65e26f6a39950bafed68e0a62029f3932a8af26a58cb8e5922df86f20710956f0c8bf4567e400f066538fe057c07584e58706e9d2d91450954f6b1779fd844dd9fe70cc8b40aa53,gx-no-cache=1464031453084 HTTP/1.1" 200 30
186.103.157.98 - - [23/May/2016:16:23:54 -0300] "POST /cormun/servlet/trsolicitudadjuntos?cbd10df55ceb5e71b981915b403ccecf,2016,1833,,gx-no-cache=1464031452696 HTTP/1.1" 200 90
186.103.157.98 - - [23/May/2016:16:23:54 -0300] "GET /cormun/servlet/hpexe_link HTTP/1.1" 200 965
186.103.157.98 - - [23/May/2016:16:23:54 -0300] "GET /cormun/servlet/trsolicitudot HTTP/1.1" 200 7834
186.103.157.98 - - [23/May/2016:16:23:55 -0300] "GET /cormun/servlet/trsolicitudot HTTP/1.1" 200 7833
186.78.48.134 - - [23/May/2016:16:23:57 -0300] "GET /cormun/servlet/solicitudot?c23172452300dd0b916f422b30f8750b04093e7f83709a936b4715d9bbc234c3686811d357bfbcb4474538345ed8c7ba5673dad93f44660f1c4dd0dd24001ffe372e4c4a15bd8636b2210cb1f5485ee59332ba9c5334ce80f3a9e598bce15deb80c2b1aff8e52f3f2071f6a69d91d16d1002dc0359b16ce552246c2528581c3cff85a32fbd2b57c22b43e643c2c073d5f148c59cb741fc69538c7bb80d9ac1f8,gx-no-cache=1464027852516 HTTP/1.1" 200 29
186.78.48.134 - - [23/May/2016:16:23:57 -0300] "POST /cormun/servlet/solicitudot?gx-no-cache=1464027852595 HTTP/1.1" 200 1144
186.78.48.134 - - [23/May/2016:16:23:57 -0300] "GET /cormun/servlet/solicitudot?c23172452300dd0b916f422b30f8750b8109154f126768de6c2063e3efdcdbd5d3453c12ab6efc818a55865affd036b66f63faebb50513bbcddf2a9deddac137c27bff86f96ea60f9db4a9e1aa08644063d260b255b597488c60a0c4dd3e44da94e863c5144bf7df78366e37e25fe50da91cdb55b3254a6037f7706208518e078a1c77f23f6f9aa6609e0a5c5284b4843f8bb1f3cf348e093ad4f325474ff1cf391eed0aee2c223185df325b24ac5d90,gx-no-cache=1464027852819 HTTP/1.1" 200 30
186.78.48.134 - - [23/May/2016:16:23:58 -0300] "POST /cormun/servlet/solicitudot?902be5bc90db262a975abd9b889fb7fd,UPD,2016,1857,,gx-no-cache=1464027852954 HTTP/1.1" 200 93
186.78.48.134 - - [23/May/2016:16:23:58 -0300] "GET /cormun/servlet/hpexe_return? HTTP/1.1" 200 1005
186.78.48.134 - - [23/May/2016:16:23:58 -0300] "GET /cormun/servlet/trsolicitudot HTTP/1.1" 200 8452
186.78.48.134 - - [23/May/2016:16:23:59 -0300] "GET /cormun/servlet/trsolicitudot HTTP/1.1" 200 8447
186.78.48.134 - - [23/May/2016:16:24:02 -0300] "GET /cormun/servlet/solicitudot?INS,0,0, HTTP/1.1" 200 11681
186.78.48.134 - - [23/May/2016:16:24:03 -0300] "GET /cormun/servlet/solicitudot?INS,0,0, HTTP/1.1" 200 11686
186.103.157.98 - - [23/May/2016:16:24:04 -0300] "POST /cormun/servlet/trsolicitudot?cbd10df55ceb5e71b981915b403ccecf,gx-no-cache=1464031462504 HTTP/1.1" 200 3895
186.103.157.98 - - [23/May/2016:16:24:04 -0300] "GET /cormun/static/Shared/jqueryui/images/ui-bg_highlight-soft_100_c6c2c8_1x100.png HTTP/1.1" 404 1117
186.103.157.98 - - [23/May/2016:16:24:04 -0300] "GET /cormun/static/Shared/jqueryui/images/ui-icons_82798d_256x240.png HTTP/1.1" 404 1089
186.103.157.98 - - [23/May/2016:16:24:04 -0300] "GET /cormun/static/Shared/jqueryui/images/ui-bg_flat_55_fafafa_40x100.png HTTP/1.1" 404 1097
186.103.157.98 - - [23/May/2016:16:24:04 -0300] "GET /cormun/static/Shared/jqueryui/images/ui-icons_8d78a5_256x240.png HTTP/1.1" 404 1089
186.103.159.182 - - [23/May/2016:16:24:04 -0300] "POST /cormun/servlet/solicitudot?c598ff6876e9cff5e3bf73a6846a3022,INS,0,0,,gx-no-cache=1464031464470 HTTP/1.1" 200 93
186.103.157.98 - - [23/May/2016:16:24:04 -0300] "POST /cormun/servlet/trsolicitudot?cbd10df55ceb5e71b981915b403ccecf,gx-no-cache=1464031463031 HTTP/1.1" 200 3749
186.103.159.182 - - [23/May/2016:16:24:05 -0300] "GET /cormun/servlet/hpexe_return? HTTP/1.1" 200 1031
186.103.159.182 - - [23/May/2016:16:24:05 -0300] "GET /cormun/servlet/trsolicitudot?gx-no-cache=1464031292859 HTTP/1.1" 200 7672
186.103.159.182 - - [23/May/2016:16:24:08 -0300] "GET /cormun/servlet/trsolicitudot?gx-no-cache=1464031292859 HTTP/1.1" 200 7689
186.78.48.134 - - [23/May/2016:16:24:19 -0300] "GET /cormun/servlet/prfichaempleado?,MD,,gxPopupLevel%3D0%3B HTTP/1.1" 200 7917
186.78.48.134 - - [23/May/2016:16:24:20 -0300] "GET /cormun/static/scaMessage/css/jquery-ui.css?104140 HTTP/1.1" 404 1045
186.103.157.39 - - [23/May/2016:16:24:21 -0300] "GET /cormun/servlet/solicitudot?b189bfb9075c7fc49020e6d1569bf45d8f0fdb9b5fda734c29bb9116d8376ed14ab4f2034984b305e1676dbf7c1abdf83f578498ca71dc0d31f5fb62e520b359c7ed37a63ae640778045b9573ad93d0bf125d5476d051e80ed538a212f92d802e6d6adcebd3f4945ca7e6fd29da0671250f276617271d1d6483c5b638d8f2c367f168868a6f5b4684a6cd50a04ad20d92a9bf8222294878cac69c5a877ce05d9804c93e1ef514ff7fd5bf5c46a02a043,gx-no-cache=1464031479402 HTTP/1.1" 200 30
186.103.159.182 - - [23/May/2016:16:24:26 -0300] "POST /cormun/servlet/trsolicitudot?c598ff6876e9cff5e3bf73a6846a3022,gx-no-cache=1464031292859,gx-no-cache=1464031486026 HTTP/1.1" 200 106
186.103.159.182 - - [23/May/2016:16:24:26 -0300] "GET /cormun/servlet/trsolicitudadjuntos?2016,1860, HTTP/1.1" 200 5566
186.103.159.182 - - [23/May/2016:16:24:29 -0300] "GET /cormun/servlet/trsolicitudadjuntos?2016,1860, HTTP/1.1" 200 5545
186.103.159.182 - - [23/May/2016:16:24:31 -0300] "GET /cormun/servlet/solicitudotadjuntos?INS,2016,1860,,1, HTTP/1.1" 200 5633
186.103.159.182 - - [23/May/2016:16:24:32 -0300] "GET /cormun/static/about:blank HTTP/1.1" 404 1011
186.78.48.134 - - [23/May/2016:16:24:32 -0300] "POST /cormun/servlet/prfichaempleado?902be5bc90db262a975abd9b889fb7fd,,MD,,gxPopupLevel%3D0%3B,gx-no-cache=1464027886967 HTTP/1.1" 200 2765
186.103.159.182 - - [23/May/2016:16:24:34 -0300] "GET /cormun/servlet/solicitudotadjuntos?INS,2016,1860,,1, HTTP/1.1" 200 5627
186.103.159.182 - - [23/May/2016:16:24:34 -0300] "GET /cormun/servlet/solicitudotadjuntos?34b504c9abe9e0071b294bf019dc91f2a61e773e373e95e122cb610165146c4355ad2ea298b02533fba5c5c607d6d63e,gx-no-cache=1464031494541 HTTP/1.1" 200 30
186.103.159.182 - - [23/May/2016:16:24:35 -0300] "POST /cormun/servlet/solicitudotadjuntos?c598ff6876e9cff5e3bf73a6846a3022,INS,2016,1860,,1,,gx-no-cache=1464031494613 HTTP/1.1" 200 3478
186.103.159.182 - - [23/May/2016:16:24:37 -0300] "POST /cormun/servlet/solicitudotadjuntos?gx-no-cache=1464031497116 HTTP/1.1" 200 26
186.78.48.134 - - [23/May/2016:16:24:37 -0300] "POST /cormun/servlet/solicitudot?gx-no-cache=1464027892148 HTTP/1.1" 200 2796
186.78.48.134 - - [23/May/2016:16:24:38 -0300] "POST /cormun/servlet/solicitudot?902be5bc90db262a975abd9b889fb7fd,INS,0,0,,gx-no-cache=1464027892621 HTTP/1.1" 200 8532
186.78.48.134 - - [23/May/2016:16:24:38 -0300] "GET /cormun/servlet/solicitudot?c23172452300dd0b916f422b30f8750b79218e86ebcc2f475e285a595ee8b1b49460a50845ad4519db8516261972a4cd,gx-no-cache=1464027893406 HTTP/1.1" 200 30
186.78.48.134 - - [23/May/2016:16:24:42 -0300] "POST /cormun/servlet/solicitudot?gx-no-cache=1464027897724 HTTP/1.1" 200 30
186.78.48.134 - - [23/May/2016:16:24:42 -0300] "POST /cormun/servlet/solicitudot?gx-no-cache=1464027897812 HTTP/1.1" 200 33
186.78.48.134 - - [23/May/2016:16:24:42 -0300] "POST /cormun/servlet/solicitudot?gx-no-cache=1464027897917 HTTP/1.1" 200 1187
186.78.48.134 - - [23/May/2016:16:24:43 -0300] "GET /cormun/servlet/solicitudot?c23172452300dd0b916f422b30f8750b48937795a04e4ca6d127f0a53937537cbdcbc7fcdfff19f4030d5ff7169070caabd4b15284e4dbc4e578373e3249cae0ab0cbe563cc7fe113c77b15bc9c0de72290c150b50a9c5f5ebb63765a9cd1b1adc86deca015310a7a054d6e9a4053991c56596aca106d88112291691c5b6725d4d1c50898357b5c923ba4e3a86d900d0,gx-no-cache=1464027898162 HTTP/1.1" 200 38
186.103.159.182 - - [23/May/2016:16:24:53 -0300] "GET /cormun/servlet/solicitudotadjuntos?34b504c9abe9e0071b294bf019dc91f2c8f01f88a6b5d9d58292e19f9e1f859f,gx-no-cache=1464031513780 HTTP/1.1" 200 30
186.103.159.182 - - [23/May/2016:16:24:53 -0300] "GET /cormun/servlet/solicitudotadjuntos?34b504c9abe9e0071b294bf019dc91f2c8f01f88a6b5d9d58292e19f9e1f859f,gx-no-cache=1464031513854 HTTP/1.1" 200 30
191.112.119.131 - - [23/May/2016:16:24:55 -0300] "POST /cormun/servlet/solicitudot?gx-no-cache=1464031511540 HTTP/1.1" 200 1187
191.112.119.131 - - [23/May/2016:16:24:55 -0300] "GET /cormun/servlet/solicitudot?6e8ed94004b015395836519e2fa4bb300ae39e3f973a98c4fe87d4346d7cc0755ef1bb949fae95abdf259777fad0e85436bb991928773437546a6124e242f4c14527547a4309ab7189f094b9ad753d9c122d61fc061c5b647965b2579e16910f449c6b40db9075fb3580a5c33b45ca6b896b68562dcde7dc49e1d59598a4b5e2f09f9a590db08703d9a91a4a43de7ac1,gx-no-cache=1464031512238 HTTP/1.1" 200 38
186.78.48.134 - - [23/May/2016:16:24:58 -0300] "POST /cormun/servlet/solicitudot?gx-no-cache=1464027913188 HTTP/1.1" 200 122
186.78.48.134 - - [23/May/2016:16:24:58 -0300] "GET /cormun/static/Shared/jqueryui/images/ui-bg_highlight-soft_100_c6c2c8_1x100.png HTTP/1.1" 404 1117
186.78.48.134 - - [23/May/2016:16:24:58 -0300] "GET /cormun/static/Shared/jqueryui/images/ui-icons_82798d_256x240.png HTTP/1.1" 404 1089
186.78.48.134 - - [23/May/2016:16:24:58 -0300] "GET /cormun/static/Shared/jqueryui/images/ui-bg_flat_55_fafafa_40x100.png HTTP/1.1" 404 1097
186.78.48.134 - - [23/May/2016:16:24:58 -0300] "GET /cormun/static/Shared/jqueryui/images/ui-icons_8d78a5_256x240.png HTTP/1.1" 404 1089
186.78.48.134 - - [23/May/2016:16:25:01 -0300] "POST /cormun/servlet/solicitudot?gx-no-cache=1464027916571 HTTP/1.1" 200 1187
186.78.48.134 - - [23/May/2016:16:25:01 -0300] "GET /cormun/servlet/solicitudot?c23172452300dd0b916f422b30f8750b48937795a04e4ca6d127f0a53937537cbdcbc7fcdfff19f4030d5ff7169070caabd4b15284e4dbc4e578373e3249cae0ab0cbe563cc7fe113c77b15bc9c0de72290c150b50a9c5f5ebb63765a9cd1b1adc86deca015310a7a054d6e9a4053991c56596aca106d88112291691c5b6725d4d1c50898357b5c923ba4e3a86d900d0,gx-no-cache=1464027916963 HTTP/1.1" 200 38
186.78.48.134 - - [23/May/2016:16:25:02 -0300] "GET /cormun/servlet/solicitudot?c23172452300dd0b916f422b30f8750b5a8bca0fc372a4c77e8161369d6d41a0cccb97f072928306045d98dd53f9ca07d0b464e3eb0091bfc45bcca5b28cf4a4f66e7a331e1d24fb54d97034e2ed344464ad175ef1fedff64a0d2e28fef8cc80903be5a76bd3e0b70d979344181a0979347a9b6fe5079314a30fc57c92679e9e4a049adfe272446692494b1c1aabdea79a1cbef86d23756f000cb25acff1a1f8,gx-no-cache=1464027917137 HTTP/1.1" 200 29
191.112.40.112 - - [23/May/2016:16:25:02 -0300] "GET /cormun/servlet/solicitudot?b8550a6138bae6f2d9ea43600c646ba631405765830b8c597a1f921a0e5cc43b625ac7d9b08429ac61be90a3a15c9c2f,gx-no-cache=1464027915900 HTTP/1.1" 200 30
186.78.48.134 - - [23/May/2016:16:25:02 -0300] "POST /cormun/servlet/solicitudot?gx-no-cache=1464027917456 HTTP/1.1" 200 1144
191.112.40.112 - - [23/May/2016:16:25:02 -0300] "POST /cormun/servlet/solicitudot?gx-no-cache=1464027916096 HTTP/1.1" 200 30
186.78.48.134 - - [23/May/2016:16:25:02 -0300] "GET /cormun/servlet/solicitudot?c23172452300dd0b916f422b30f8750b91e203c303e46232f33034ba489833e436896a485e5017d290a1dfaec47c9de491fa6f56bc4c10fe8cc8f38fff898773511fcbf1e1a47c3a3b5bd13bf557db5b268cacadb7d9b8b06989eb48d353fe8e0364db6e2d69a6a6bddc6083da992400c81e28656271a0982b5e71e31ad6fef5fc28449b5bc568d8de65c332713649e991c28734ccbe15eb866f6396c2f50e28,gx-no-cache=1464027917792 HTTP/1.1" 200 30
191.112.40.112 - - [23/May/2016:16:25:02 -0300] "POST /cormun/servlet/solicitudot?gx-no-cache=1464027916197 HTTP/1.1" 200 33
191.112.40.112 - - [23/May/2016:16:25:02 -0300] "POST /cormun/servlet/solicitudot?gx-no-cache=1464027916374 HTTP/1.1" 200 1187
191.112.119.131 - - [23/May/2016:16:25:02 -0300] "GET /cormun/servlet/solicitudot?6e8ed94004b015395836519e2fa4bb30ee0fe90a447f6781af73dce5df5fee77e17810404538cc3f2846b3a61af4a650f57f40c48618b54606d2a00daeb8c5075cf9c4a318d7a56458e6002faee1e08a6d874bfea7c5389fc6a1b80b6c5ae71491fabb71669c90464680066e69ef7448db1d0c3aee0383562f2626d26f4366cfd65a93c4f49579614dfec6a27f66494231478809850b1932962baa08c252fffd274c6e6257490fd6f937a6d382e616df752ea91402026fbd6f58f53776fdc7264d01bfc166bece2d074a8571613af76c,gx-no-cache=1464031519828 HTTP/1.1" 200 29
191.112.40.112 - - [23/May/2016:16:25:03 -0300] "GET /cormun/servlet/solicitudot?b8550a6138bae6f2d9ea43600c646ba62a12f1906497314350aea4f69e4d99b8d5fc0f714be04f5ac760854038a657ffb408f20bbc9a14fe73fce21bb501e995265aafe5f7423f76910e1f80ab7568691628f02de079964d1a6801cc502a2b262134c56c46900aa88bebe4c9330d92981e09f3ce9a64801b6f745cca9bb68039bc10a4c6bee78e66d7d329542d1bdc39,gx-no-cache=1464027916628 HTTP/1.1" 200 38
191.112.40.112 - - [23/May/2016:16:25:03 -0300] "GET /cormun/servlet/solicitudot?b8550a6138bae6f2d9ea43600c646ba684197f72b7b03c0a4fd84c60b83972e3031ae9230a673c01049ea987870ec3cf8e0fdb909c673d2597ab84ede5cebac399796902f974ff2eb23a2ca52250ec0409cde01299d342c40564f8ac52fdf75406bcec5bcaab45a6bd64d6ff6c6fa1e22fd1415fbcd346e0960d71d371ee84517f675d822bb8c515dc03e1777d724a1e83bb0f6138b2bca3dba6838e2271ce30,gx-no-cache=1464027916768 HTTP/1.1" 200 29
191.112.40.112 - - [23/May/2016:16:25:03 -0300] "POST /cormun/servlet/solicitudot?gx-no-cache=1464027916917 HTTP/1.1" 200 1144
191.112.119.131 - - [23/May/2016:16:25:03 -0300] "POST /cormun/servlet/solicitudot?gx-no-cache=1464031520068 HTTP/1.1" 200 1143
191.112.119.131 - - [23/May/2016:16:25:03 -0300] "GET /cormun/static/menuarrow.gif HTTP/1.1" 404 1015
191.112.119.131 - - [23/May/2016:16:25:10 -0300] "GET /cormun/servlet/solicitudot?6e8ed94004b015395836519e2fa4bb30f115ac959469366e024cb0732e56e00025a3e512138ff16936a42f360d9af21cf94e2bd5b4b28f046622cc5f0f403f34f645ac053724b3476499a34fe726aefca5f143d0e7aefb690b9f513b13e6ee139eb7a6c00489cd38c5391974960a5454b216c796bff87e88e073386fe1bc31df235f6476566b674ae1a2013b7ae5af5ee89183a9f4b1fa4176dc59b7c554c58aca997df0955c6813b77d395b38b6417d,gx-no-cache=1464031527709 HTTP/1.1" 200 30
186.78.48.134 - - [23/May/2016:16:25:13 -0300] "POST /cormun/servlet/solicitudot?902be5bc90db262a975abd9b889fb7fd,INS,0,0,,gx-no-cache=1464027928237 HTTP/1.1" 200 93
186.78.48.134 - - [23/May/2016:16:25:13 -0300] "GET /cormun/servlet/hpexe_return? HTTP/1.1" 200 999
186.78.48.134 - - [23/May/2016:16:25:14 -0300] "GET /cormun/servlet/trsolicitudot HTTP/1.1" 200 8742
186.78.48.134 - - [23/May/2016:16:25:15 -0300] "GET /cormun/servlet/trsolicitudot HTTP/1.1" 200 8738
191.112.119.131 - - [23/May/2016:16:25:20 -0300] "POST /cormun/servlet/solicitudot?9268c7be0efc5b528f2753c87f8fa50e,INS,0,0,,gx-no-cache=1464031534880 HTTP/1.1" 200 93
191.112.119.131 - - [23/May/2016:16:25:20 -0300] "GET /cormun/servlet/hpexe_return? HTTP/1.1" 200 1018
191.112.119.131 - - [23/May/2016:16:25:21 -0300] "GET /cormun/servlet/trsolicitudot?gx-no-cache=1464030329715 HTTP/1.1" 200 7988
186.78.48.134 - - [23/May/2016:16:25:22 -0300] "GET /cormun/servlet/solicitudot?INS,0,0, HTTP/1.1" 200 11680
191.112.119.131 - - [23/May/2016:16:25:22 -0300] "GET /cormun/servlet/trsolicitudot?gx-no-cache=1464030329715 HTTP/1.1" 200 8004
186.78.48.134 - - [23/May/2016:16:25:23 -0300] "GET /cormun/servlet/solicitudot?INS,0,0, HTTP/1.1" 200 11685
186.103.159.182 - - [23/May/2016:16:25:31 -0300] "POST /cormun/servlet/solicitudotadjuntos?c598ff6876e9cff5e3bf73a6846a3022,INS,2016,1860,,1, HTTP/1.1" 200 5981
186.78.48.134 - - [23/May/2016:16:25:32 -0300] "GET /cormun/servlet/prfichaempleado?,MD,,gxPopupLevel%3D0%3B HTTP/1.1" 200 7917
186.78.48.134 - - [23/May/2016:16:25:32 -0300] "GET /cormun/static/scaMessage/css/jquery-ui.css?104140 HTTP/1.1" 404 1045
191.112.119.131 - - [23/May/2016:16:25:34 -0300] "GET /cormun/servlet/solicitudot?INS,0,0, HTTP/1.1" 200 11738
191.112.119.131 - - [23/May/2016:16:25:35 -0300] "GET /cormun/servlet/solicitudot?INS,0,0, HTTP/1.1" 200 11722
191.112.119.131 - - [23/May/2016:16:25:43 -0300] "POST /cormun/servlet/solicitudot?gx-no-cache=1464031558285 HTTP/1.1" 200 2804
191.112.119.131 - - [23/May/2016:16:25:45 -0300] "POST /cormun/servlet/solicitudot?9268c7be0efc5b528f2753c87f8fa50e,INS,0,0,,gx-no-cache=1464031560237 HTTP/1.1" 200 8529
186.78.48.134 - - [23/May/2016:16:25:48 -0300] "POST /cormun/servlet/prfichaempleado?902be5bc90db262a975abd9b889fb7fd,,MD,,gxPopupLevel%3D0%3B,gx-no-cache=1464027963151 HTTP/1.1" 200 2762
191.112.119.131 - - [23/May/2016:16:25:49 -0300] "GET /cormun/servlet/solicitudot?6e8ed94004b015395836519e2fa4bb30de6f05d59386d3e6653527e00232eabc7eec71d63a94cf733d162aff02cbf4b7,gx-no-cache=1464031566338 HTTP/1.1" 200 30
191.112.119.131 - - [23/May/2016:16:25:49 -0300] "POST /cormun/servlet/solicitudot?gx-no-cache=1464031566514 HTTP/1.1" 200 30
191.112.119.131 - - [23/May/2016:16:25:51 -0300] "POST /cormun/servlet/solicitudot?gx-no-cache=1464031568232 HTTP/1.1" 200 30
186.103.157.39 - - [23/May/2016:16:25:51 -0300] "POST /cormun/servlet/solicitudot?daef878b891dead0a73ed30418a32890,INS,0,0,,gx-no-cache=1464031568650 HTTP/1.1" 200 93
186.103.157.39 - - [23/May/2016:16:25:51 -0300] "GET /cormun/servlet/hpexe_return? HTTP/1.1" 200 1008
186.103.157.39 - - [23/May/2016:16:25:52 -0300] "GET /cormun/servlet/trsolicitudot HTTP/1.1" 200 7794
186.103.157.39 - - [23/May/2016:16:25:54 -0300] "GET /cormun/servlet/trsolicitudot HTTP/1.1" 200 7790
191.112.119.131 - - [23/May/2016:16:25:56 -0300] "POST /cormun/servlet/solicitudot?gx-no-cache=1464031573213 HTTP/1.1" 200 1187
191.112.119.131 - - [23/May/2016:16:25:57 -0300] "GET /cormun/servlet/solicitudot?6e8ed94004b015395836519e2fa4bb300ae39e3f973a98c4fe87d4346d7cc0755ef1bb949fae95abdf259777fad0e85436bb991928773437546a6124e242f4c14527547a4309ab7189f094b9ad753d9c122d61fc061c5b647965b2579e16910f449c6b40db9075fb3580a5c33b45ca6b896b68562dcde7dc49e1d59598a4b5e2f09f9a590db08703d9a91a4a43de7ac1,gx-no-cache=1464031573917 HTTP/1.1" 200 38
186.78.48.134 - - [23/May/2016:16:25:58 -0300] "POST /cormun/servlet/solicitudot?gx-no-cache=1464027972856 HTTP/1.1" 200 2779
186.103.157.39 - - [23/May/2016:16:25:58 -0300] "POST /cormun/servlet/trsolicitudot?daef878b891dead0a73ed30418a32890,gx-no-cache=1464031575557 HTTP/1.1" 200 3859
186.103.157.39 - - [23/May/2016:16:25:58 -0300] "GET /cormun/static/Shared/jqueryui/images/ui-bg_highlight-soft_100_c6c2c8_1x100.png HTTP/1.1" 404 1117
186.103.157.39 - - [23/May/2016:16:25:58 -0300] "GET /cormun/static/Shared/jqueryui/images/ui-icons_82798d_256x240.png HTTP/1.1" 404 1089
186.103.157.39 - - [23/May/2016:16:25:58 -0300] "GET /cormun/static/Shared/jqueryui/images/ui-bg_flat_55_fafafa_40x100.png HTTP/1.1" 404 1097
186.103.157.39 - - [23/May/2016:16:25:58 -0300] "GET /cormun/static/Shared/jqueryui/images/ui-icons_8d78a5_256x240.png HTTP/1.1" 404 1089
186.78.48.134 - - [23/May/2016:16:25:58 -0300] "POST /cormun/servlet/solicitudot?902be5bc90db262a975abd9b889fb7fd,INS,0,0,,gx-no-cache=1464027973343 HTTP/1.1" 200 8521
186.78.48.134 - - [23/May/2016:16:25:59 -0300] "GET /cormun/servlet/solicitudot?c23172452300dd0b916f422b30f8750b534050af4b8ecdf78f8e92c0670a221d9460a50845ad4519db8516261972a4cd,gx-no-cache=1464027974216 HTTP/1.1" 200 30
186.78.48.134 - - [23/May/2016:16:26:03 -0300] "POST /cormun/servlet/solicitudot?gx-no-cache=1464027978891 HTTP/1.1" 200 30
186.78.48.134 - - [23/May/2016:16:26:06 -0300] "POST /cormun/servlet/solicitudot?gx-no-cache=1464027981354 HTTP/1.1" 200 30
186.78.48.134 - - [23/May/2016:16:26:08 -0300] "POST /cormun/servlet/solicitudot?gx-no-cache=1464027983527 HTTP/1.1" 200 1186
186.78.48.134 - - [23/May/2016:16:26:08 -0300] "GET /cormun/servlet/solicitudot?c23172452300dd0b916f422b30f8750b48937795a04e4ca6d127f0a53937537cbdcbc7fcdfff19f4030d5ff7169070caabd4b15284e4dbc4e578373e3249cae0ab0cbe563cc7fe113c77b15bc9c0de72290c150b50a9c5f5ebb63765a9cd1b1adc86deca015310a7a054d6e9a4053991c56596aca106d88112291691c5b6725d4d1c50898357b5c923ba4e3a86d900d0,gx-no-cache=1464027983689 HTTP/1.1" 200 38
186.103.157.39 - - [23/May/2016:16:26:17 -0300] "POST /cormun/servlet/trsolicitudot?daef878b891dead0a73ed30418a32890,gx-no-cache=1464031576372 HTTP/1.1" 500 10
186.103.157.39 - - [23/May/2016:16:26:18 -0300] "POST /cormun/servlet/trsolicitudot?daef878b891dead0a73ed30418a32890,gx-no-cache=1464031576372 HTTP/1.1" 200 3700
186.78.48.134 - - [23/May/2016:16:26:28 -0300] "GET /cormun/servlet/solicitudot?c23172452300dd0b916f422b30f8750b5a8bca0fc372a4c77e8161369d6d41a0cccb97f072928306045d98dd53f9ca07d0b464e3eb0091bfc45bcca5b28cf4a4f66e7a331e1d24fb54d97034e2ed344464ad175ef1fedff64a0d2e28fef8cc80903be5a76bd3e0b70d979344181a0979347a9b6fe5079314a30fc57c92679e9e4a049adfe272446692494b1c1aabdea79a1cbef86d23756f000cb25acff1a1f8,gx-no-cache=1464028004009 HTTP/1.1" 200 29
186.78.48.134 - - [23/May/2016:16:26:29 -0300] "POST /cormun/servlet/solicitudot?gx-no-cache=1464028004140 HTTP/1.1" 200 1143
186.78.48.134 - - [23/May/2016:16:26:29 -0300] "GET /cormun/static/menuarrow.gif HTTP/1.1" 404 1015
186.103.159.182 - - [23/May/2016:16:26:35 -0300] "POST /cormun/servlet/solicitudotadjuntos?c598ff6876e9cff5e3bf73a6846a3022,INS,2016,1860,,1, HTTP/1.1" 200 5981
186.78.48.134 - - [23/May/2016:16:26:43 -0300] "GET /cormun/servlet/solicitudot?c23172452300dd0b916f422b30f8750bc2f66a000b7ec9d34c6f540e41c0984d868b8ec9563f5fa1fb2c1d8dfba28eff6f63faebb50513bbcddf2a9deddac137c27bff86f96ea60f9db4a9e1aa08644063d260b255b597488c60a0c4dd3e44da94e863c5144bf7df78366e37e25fe50da91cdb55b3254a6037f7706208518e078a1c77f23f6f9aa6609e0a5c5284b4843f8bb1f3cf348e093ad4f325474ff1cf391eed0aee2c223185df325b24ac5d90,gx-no-cache=1464028019029 HTTP/1.1" 200 30
191.112.40.112 - - [23/May/2016:16:26:44 -0300] "POST /cormun/servlet/solicitudot?gx-no-cache=1464028017473 HTTP/1.1" 200 30
186.103.157.39 - - [23/May/2016:16:26:46 -0300] "GET /cormun/servlet/hlogin HTTP/1.1" 200 1736
191.112.40.112 - - [23/May/2016:16:26:52 -0300] "POST /cormun/servlet/solicitudot?gx-no-cache=1464028025685 HTTP/1.1" 200 30
186.78.48.134 - - [23/May/2016:16:26:56 -0300] "POST /cormun/servlet/solicitudot?902be5bc90db262a975abd9b889fb7fd,INS,0,0,,gx-no-cache=1464028030964 HTTP/1.1" 200 93
186.78.48.134 - - [23/May/2016:16:26:56 -0300] "GET /cormun/servlet/hpexe_return? HTTP/1.1" 200 999
191.112.40.112 - - [23/May/2016:16:26:56 -0300] "POST /cormun/servlet/solicitudot?gx-no-cache=1464028029854 HTTP/1.1" 200 1187
191.112.40.112 - - [23/May/2016:16:26:57 -0300] "GET /cormun/servlet/solicitudot?b8550a6138bae6f2d9ea43600c646ba62a12f1906497314350aea4f69e4d99b8d5fc0f714be04f5ac760854038a657ffb408f20bbc9a14fe73fce21bb501e995265aafe5f7423f76910e1f80ab7568691628f02de079964d1a6801cc502a2b262134c56c46900aa88bebe4c9330d92981e09f3ce9a64801b6f745cca9bb68039bc10a4c6bee78e66d7d329542d1bdc39,gx-no-cache=1464028030598 HTTP/1.1" 200 38
186.78.48.134 - - [23/May/2016:16:26:57 -0300] "GET /cormun/servlet/trsolicitudot HTTP/1.1" 200 9048
186.78.48.134 - - [23/May/2016:16:26:58 -0300] "GET /cormun/servlet/trsolicitudot HTTP/1.1" 200 9043
186.103.159.182 - - [23/May/2016:16:26:58 -0300] "GET /cormun/servlet/solicitudotadjuntos?INS,2016,1860,,1, HTTP/1.1" 200 5618
186.103.159.182 - - [23/May/2016:16:26:59 -0300] "GET /cormun/static/about:blank HTTP/1.1" 404 1011
186.103.159.182 - - [23/May/2016:16:27:01 -0300] "GET /cormun/servlet/solicitudotadjuntos?INS,2016,1860,,1, HTTP/1.1" 200 5629
186.103.159.182 - - [23/May/2016:16:27:01 -0300] "GET /cormun/servlet/solicitudotadjuntos?34b504c9abe9e0071b294bf019dc91f2a61e773e373e95e122cb610165146c4355ad2ea298b02533fba5c5c607d6d63e,gx-no-cache=1464031641756 HTTP/1.1" 200 30
186.103.159.182 - - [23/May/2016:16:27:02 -0300] "POST /cormun/servlet/solicitudotadjuntos?c598ff6876e9cff5e3bf73a6846a3022,INS,2016,1860,,1,,gx-no-cache=1464031641851 HTTP/1.1" 200 3455
186.103.159.182 - - [23/May/2016:16:27:04 -0300] "POST /cormun/servlet/solicitudotadjuntos?gx-no-cache=1464031644891 HTTP/1.1" 200 26
186.103.157.39 - - [23/May/2016:16:27:34 -0300] "POST /cormun/servlet/hlogin?daef878b891dead0a73ed30418a32890,gx-no-cache=1464031671806 HTTP/1.1" 200 90
186.103.159.182 - - [23/May/2016:16:27:35 -0300] "GET /cormun/servlet/solicitudotadjuntos?34b504c9abe9e0071b294bf019dc91f2c8f01f88a6b5d9d58292e19f9e1f859f,gx-no-cache=1464031674872 HTTP/1.1" 200 30
186.103.159.182 - - [23/May/2016:16:27:35 -0300] "GET /cormun/servlet/solicitudotadjuntos?34b504c9abe9e0071b294bf019dc91f2c8f01f88a6b5d9d58292e19f9e1f859f,gx-no-cache=1464031675227 HTTP/1.1" 200 30
186.103.157.39 - - [23/May/2016:16:27:35 -0300] "GET /cormun/servlet/hpexe_link HTTP/1.1" 200 951
186.103.157.39 - - [23/May/2016:16:27:36 -0300] "GET /cormun/servlet/hhome HTTP/1.1" 200 3990
186.103.157.39 - - [23/May/2016:16:27:38 -0300] "GET /cormun/servlet/hhome HTTP/1.1" 200 3986
186.103.157.39 - - [23/May/2016:16:27:55 -0300] "GET /cormun/servlet/trautorizarsolicitud? HTTP/1.1" 200 8143
186.103.157.39 - - [23/May/2016:16:27:57 -0300] "GET /cormun/servlet/trautorizarsolicitud? HTTP/1.1" 200 8141
186.103.157.39 - - [23/May/2016:16:28:05 -0300] "POST /cormun/servlet/trautorizarsolicitud?daef878b891dead0a73ed30418a32890,,gx-no-cache=1464031702244 HTTP/1.1" 200 4237
186.103.159.182 - - [23/May/2016:16:28:05 -0300] "GET /cormun/servlet/solicitudotadjuntos?INS,2016,1860,,1, HTTP/1.1" 200 5617
186.103.159.182 - - [23/May/2016:16:28:06 -0300] "GET /cormun/static/about:blank HTTP/1.1" 404 1011
186.103.157.39 - - [23/May/2016:16:28:06 -0300] "POST /cormun/servlet/trautorizarsolicitud?daef878b891dead0a73ed30418a32890,,gx-no-cache=1464031703213 HTTP/1.1" 200 4082
186.103.159.182 - - [23/May/2016:16:28:07 -0300] "POST /cormun/servlet/solicitudotadjuntos?c598ff6876e9cff5e3bf73a6846a3022,INS,2016,1860,,1, HTTP/1.1" 200 5981
186.103.159.182 - - [23/May/2016:16:28:07 -0300] "GET /cormun/servlet/solicitudotadjuntos?INS,2016,1860,,1, HTTP/1.1" 200 5628
186.103.159.182 - - [23/May/2016:16:28:08 -0300] "GET /cormun/servlet/solicitudotadjuntos?34b504c9abe9e0071b294bf019dc91f2a61e773e373e95e122cb610165146c4355ad2ea298b02533fba5c5c607d6d63e,gx-no-cache=1464031708267 HTTP/1.1" 200 30
186.103.159.182 - - [23/May/2016:16:28:08 -0300] "POST /cormun/servlet/solicitudotadjuntos?c598ff6876e9cff5e3bf73a6846a3022,INS,2016,1860,,1,,gx-no-cache=1464031708340 HTTP/1.1" 200 3455
186.103.159.182 - - [23/May/2016:16:28:22 -0300] "POST /cormun/servlet/solicitudotadjuntos?gx-no-cache=1464031722739 HTTP/1.1" 200 26
186.103.159.182 - - [23/May/2016:16:28:30 -0300] "GET /cormun/servlet/solicitudotadjuntos?34b504c9abe9e0071b294bf019dc91f2c8f01f88a6b5d9d58292e19f9e1f859f,gx-no-cache=1464031730640 HTTP/1.1" 200 30
186.103.159.182 - - [23/May/2016:16:28:30 -0300] "GET /cormun/servlet/solicitudotadjuntos?34b504c9abe9e0071b294bf019dc91f2c8f01f88a6b5d9d58292e19f9e1f859f,gx-no-cache=1464031730671 HTTP/1.1" 200 30
186.103.159.182 - - [23/May/2016:16:28:35 -0300] "POST /cormun/servlet/solicitudotadjuntos?c598ff6876e9cff5e3bf73a6846a3022,INS,2016,1860,,1, HTTP/1.1" 200 116
186.103.159.182 - - [23/May/2016:16:28:35 -0300] "GET /cormun/servlet/hpexe_return? HTTP/1.1" 200 1027
186.103.159.182 - - [23/May/2016:16:28:36 -0300] "GET /cormun/servlet/trsolicitudadjuntos?2016,1860, HTTP/1.1" 200 7447
186.103.159.182 - - [23/May/2016:16:28:38 -0300] "GET /cormun/servlet/trsolicitudadjuntos?2016,1860, HTTP/1.1" 200 7444
191.112.40.112 - - [23/May/2016:16:28:40 -0300] "POST /cormun/servlet/solicitudot?gx-no-cache=1464028133483 HTTP/1.1" 200 1144
191.112.40.112 - - [23/May/2016:16:28:40 -0300] "GET /cormun/servlet/solicitudot?b8550a6138bae6f2d9ea43600c646ba60f3b8da8a93e77c5fa35e334c8424ae70884c6f5668595a89fcc88d28999477337b270b4344bceb0b272fc1c66137feb6cf8e9d4ce23424f66cf4b071049d62d7810aaea8cbf56f2e70512dded7489b24d5989c1fd489813837654df643702885cc0f8104867af8b1e95c84d6ab5f0867b25be4d80fa2b656e56d9ba93c802910125e3fc7e57eb7bbbcf944491e7f22b,gx-no-cache=1464028133819 HTTP/1.1" 200 30
186.103.159.182 - - [23/May/2016:16:28:40 -0300] "GET /cormun/servlet/solicitudotadjuntos?INS,2016,1860,,1, HTTP/1.1" 200 5634
186.103.159.182 - - [23/May/2016:16:28:41 -0300] "GET /cormun/static/about:blank HTTP/1.1" 404 1011
186.78.48.134 - - [23/May/2016:16:28:42 -0300] "GET /cormun/servlet/solicitudot?INS,0,0, HTTP/1.1" 200 11681
186.78.48.134 - - [23/May/2016:16:28:43 -0300] "GET /cormun/servlet/solicitudot?INS,0,0, HTTP/1.1" 200 11686
186.103.159.182 - - [23/May/2016:16:28:43 -0300] "GET /cormun/servlet/solicitudotadjuntos?INS,2016,1860,,1, HTTP/1.1" 200 5628
186.103.159.182 - - [23/May/2016:16:28:43 -0300] "GET /cormun/servlet/solicitudotadjuntos?34b504c9abe9e0071b294bf019dc91f2a61e773e373e95e122cb610165146c4355ad2ea298b02533fba5c5c607d6d63e,gx-no-cache=1464031743601 HTTP/1.1" 200 30
186.103.159.182 - - [23/May/2016:16:28:44 -0300] "POST /cormun/servlet/solicitudotadjuntos?c598ff6876e9cff5e3bf73a6846a3022,INS,2016,1860,,1,,gx-no-cache=1464031743677 HTTP/1.1" 200 3479
186.103.159.182 - - [23/May/2016:16:28:45 -0300] "POST /cormun/servlet/solicitudotadjuntos?gx-no-cache=1464031745695 HTTP/1.1" 200 26
186.78.48.134 - - [23/May/2016:16:28:48 -0300] "GET /cormun/servlet/prfichaempleado?,MD,,gxPopupLevel%3D0%3B HTTP/1.1" 200 7917
186.78.48.134 - - [23/May/2016:16:28:48 -0300] "GET /cormun/static/scaMessage/css/jquery-ui.css?104140 HTTP/1.1" 404 1045
186.78.48.134 - - [23/May/2016:16:29:00 -0300] "POST /cormun/servlet/prfichaempleado?902be5bc90db262a975abd9b889fb7fd,,MD,,gxPopupLevel%3D0%3B,gx-no-cache=1464028154613 HTTP/1.1" 200 2818
186.103.159.182 - - [23/May/2016:16:29:01 -0300] "GET /cormun/servlet/solicitudotadjuntos?34b504c9abe9e0071b294bf019dc91f2c8f01f88a6b5d9d58292e19f9e1f859f,gx-no-cache=1464031761697 HTTP/1.1" 200 30
186.103.159.182 - - [23/May/2016:16:29:01 -0300] "GET /cormun/servlet/solicitudotadjuntos?34b504c9abe9e0071b294bf019dc91f2c8f01f88a6b5d9d58292e19f9e1f859f,gx-no-cache=1464031761740 HTTP/1.1" 200 30
186.103.159.182 - - [23/May/2016:16:29:04 -0300] "POST /cormun/servlet/solicitudotadjuntos?c598ff6876e9cff5e3bf73a6846a3022,INS,2016,1860,,1, HTTP/1.1" 200 116
186.103.159.182 - - [23/May/2016:16:29:04 -0300] "GET /cormun/servlet/hpexe_return? HTTP/1.1" 200 1027
186.103.159.182 - - [23/May/2016:16:29:05 -0300] "GET /cormun/servlet/trsolicitudadjuntos?2016,1860, HTTP/1.1" 200 7639
186.78.48.134 - - [23/May/2016:16:29:06 -0300] "POST /cormun/servlet/solicitudot?gx-no-cache=1464028161767 HTTP/1.1" 200 2800
186.103.159.182 - - [23/May/2016:16:29:07 -0300] "GET /cormun/servlet/trsolicitudadjuntos?2016,1860, HTTP/1.1" 200 7635
186.78.48.134 - - [23/May/2016:16:29:07 -0300] "POST /cormun/servlet/solicitudot?902be5bc90db262a975abd9b889fb7fd,INS,0,0,,gx-no-cache=1464028162374 HTTP/1.1" 200 8525
186.78.48.134 - - [23/May/2016:16:29:08 -0300] "GET /cormun/servlet/solicitudot?c23172452300dd0b916f422b30f8750ba5db90ea0e03f01a85a206f42acf92de9460a50845ad4519db8516261972a4cd,gx-no-cache=1464028163146 HTTP/1.1" 200 30
186.103.159.182 - - [23/May/2016:16:29:10 -0300] "GET /cormun/servlet/solicitudotadjuntos?INS,2016,1860,,1, HTTP/1.1" 200 5634
186.103.159.182 - - [23/May/2016:16:29:10 -0300] "GET /cormun/static/about:blank HTTP/1.1" 404 1011
186.78.48.134 - - [23/May/2016:16:29:11 -0300] "POST /cormun/servlet/solicitudot?gx-no-cache=1464028167120 HTTP/1.1" 200 30
186.78.48.134 - - [23/May/2016:16:29:12 -0300] "POST /cormun/servlet/solicitudot?gx-no-cache=1464028167244 HTTP/1.1" 200 33
186.78.48.134 - - [23/May/2016:16:29:12 -0300] "POST /cormun/servlet/solicitudot?gx-no-cache=1464028167350 HTTP/1.1" 200 1187
186.78.48.134 - - [23/May/2016:16:29:12 -0300] "GET /cormun/servlet/solicitudot?c23172452300dd0b916f422b30f8750b48937795a04e4ca6d127f0a53937537cbdcbc7fcdfff19f4030d5ff7169070caabd4b15284e4dbc4e578373e3249cae0ab0cbe563cc7fe113c77b15bc9c0de72290c150b50a9c5f5ebb63765a9cd1b1adc86deca015310a7a054d6e9a4053991c56596aca106d88112291691c5b6725d4d1c50898357b5c923ba4e3a86d900d0,gx-no-cache=1464028167538 HTTP/1.1" 200 38
186.103.159.182 - - [23/May/2016:16:29:12 -0300] "GET /cormun/servlet/solicitudotadjuntos?INS,2016,1860,,1, HTTP/1.1" 200 5628
186.103.159.182 - - [23/May/2016:16:29:12 -0300] "GET /cormun/servlet/solicitudotadjuntos?34b504c9abe9e0071b294bf019dc91f2a61e773e373e95e122cb610165146c4355ad2ea298b02533fba5c5c607d6d63e,gx-no-cache=1464031772785 HTTP/1.1" 200 30
186.103.159.182 - - [23/May/2016:16:29:13 -0300] "POST /cormun/servlet/solicitudotadjuntos?c598ff6876e9cff5e3bf73a6846a3022,INS,2016,1860,,1,,gx-no-cache=1464031772886 HTTP/1.1" 200 3479
186.103.159.182 - - [23/May/2016:16:29:15 -0300] "POST /cormun/servlet/solicitudotadjuntos?gx-no-cache=1464031775392 HTTP/1.1" 200 26
186.78.48.134 - - [23/May/2016:16:29:23 -0300] "GET /cormun/servlet/solicitudot?c23172452300dd0b916f422b30f8750b5a8bca0fc372a4c77e8161369d6d41a0cccb97f072928306045d98dd53f9ca077ad29e33a98d98fd9f312f65fba3a8884ecf7b5dd904f7d809bf3e4197cf24bcff85a32fbd2b57c22b43e643c2c073d5f148c59cb741fc69538c7bb80d9ac1f8,gx-no-cache=1464028178844 HTTP/1.1" 200 29
186.78.48.134 - - [23/May/2016:16:29:23 -0300] "POST /cormun/servlet/solicitudot?gx-no-cache=1464028178934 HTTP/1.1" 200 1144
186.78.48.134 - - [23/May/2016:16:29:24 -0300] "GET /cormun/static/menuarrow.gif HTTP/1.1" 404 1015
186.103.159.182 - - [23/May/2016:16:29:25 -0300] "GET /cormun/servlet/solicitudotadjuntos?34b504c9abe9e0071b294bf019dc91f2c8f01f88a6b5d9d58292e19f9e1f859f,gx-no-cache=1464031785426 HTTP/1.1" 200 30
186.103.159.182 - - [23/May/2016:16:29:25 -0300] "GET /cormun/servlet/solicitudotadjuntos?34b504c9abe9e0071b294bf019dc91f2c8f01f88a6b5d9d58292e19f9e1f859f,gx-no-cache=1464031785454 HTTP/1.1" 200 30
186.103.159.182 - - [23/May/2016:16:29:26 -0300] "POST /cormun/servlet/solicitudotadjuntos?c598ff6876e9cff5e3bf73a6846a3022,INS,2016,1860,,1, HTTP/1.1" 200 116
186.103.159.182 - - [23/May/2016:16:29:26 -0300] "GET /cormun/servlet/hpexe_return? HTTP/1.1" 200 1027
186.103.159.182 - - [23/May/2016:16:29:27 -0300] "GET /cormun/servlet/trsolicitudadjuntos?2016,1860, HTTP/1.1" 200 7783
186.103.159.182 - - [23/May/2016:16:29:30 -0300] "GET /cormun/servlet/trsolicitudadjuntos?2016,1860, HTTP/1.1" 200 7780
186.103.159.182 - - [23/May/2016:16:29:36 -0300] "GET /cormun/servlet/solicitudotadjuntos?INS,2016,1860,,1, HTTP/1.1" 200 5634
186.103.159.182 - - [23/May/2016:16:29:36 -0300] "GET /cormun/static/about:blank HTTP/1.1" 404 1011
186.78.48.134 - - [23/May/2016:16:29:37 -0300] "GET /cormun/servlet/solicitudot?c23172452300dd0b916f422b30f8750ba2cee9afd6e7abff23791d28817815f780d938983ba47c1a1b17838816dd347c6f63faebb50513bbcddf2a9deddac137c27bff86f96ea60f9db4a9e1aa08644063d260b255b597488c60a0c4dd3e44da94e863c5144bf7df78366e37e25fe50da91cdb55b3254a6037f7706208518e078a1c77f23f6f9aa6609e0a5c5284b4843f8bb1f3cf348e093ad4f325474ff1cf391eed0aee2c223185df325b24ac5d90,gx-no-cache=1464028192466 HTTP/1.1" 200 30
186.103.159.182 - - [23/May/2016:16:29:39 -0300] "GET /cormun/servlet/solicitudotadjuntos?INS,2016,1860,,1, HTTP/1.1" 200 5628
186.103.159.182 - - [23/May/2016:16:29:39 -0300] "GET /cormun/servlet/solicitudotadjuntos?34b504c9abe9e0071b294bf019dc91f2a61e773e373e95e122cb610165146c4355ad2ea298b02533fba5c5c607d6d63e,gx-no-cache=1464031799561 HTTP/1.1" 200 30
186.103.159.182 - - [23/May/2016:16:29:40 -0300] "POST /cormun/servlet/solicitudotadjuntos?c598ff6876e9cff5e3bf73a6846a3022,INS,2016,1860,,1,,gx-no-cache=1464031799638 HTTP/1.1" 200 3479
186.103.159.189 - - [23/May/2016:16:29:40 -0300] "GET /cormun/servlet/hlogin HTTP/1.1" 200 1710
186.103.159.189 - - [23/May/2016:16:29:40 -0300] "GET /cormun/static/gxcfg.js?20151120045111 HTTP/1.1" 304 -
186.103.159.189 - - [23/May/2016:16:29:40 -0300] "GET /cormun/static/messages.spa.js?85251 HTTP/1.1" 304 -
186.103.159.189 - - [23/May/2016:16:29:40 -0300] "GET /cormun/servlet/hlogin HTTP/1.1" 200 1721
186.103.159.189 - - [23/May/2016:16:29:42 -0300] "POST /cormun/servlet/hlogin?1f7eeaf2ce7d45a2c5d4b677cd4a8cab,gx-no-cache=1464031765996 HTTP/1.1" 200 90
186.103.159.182 - - [23/May/2016:16:29:42 -0300] "POST /cormun/servlet/solicitudotadjuntos?gx-no-cache=1464031802478 HTTP/1.1" 200 26
186.103.159.189 - - [23/May/2016:16:29:42 -0300] "GET /cormun/servlet/hpexe_link HTTP/1.1" 200 943
186.103.159.189 - - [23/May/2016:16:29:42 -0300] "GET /cormun/static/gxcfg.js?20151120044395 HTTP/1.1" 304 -
186.103.159.189 - - [23/May/2016:16:29:42 -0300] "GET /cormun/static/hpexe_link.js?20151120044398 HTTP/1.1" 304 -
186.103.159.189 - - [23/May/2016:16:29:42 -0300] "GET /cormun/servlet/hhome HTTP/1.1" 200 3623
186.103.159.189 - - [23/May/2016:16:29:43 -0300] "GET /cormun/static/Resources/Spanish/PXTools.css?10515224 HTTP/1.1" 304 -
186.103.159.189 - - [23/May/2016:16:29:43 -0300] "GET /cormun/static/gxcfg.js?2015112210564248 HTTP/1.1" 304 -
186.103.159.189 - - [23/May/2016:16:29:43 -0300] "GET /cormun/static/hwchdr01.js?20162241650484 HTTP/1.1" 304 -
186.103.159.189 - - [23/May/2016:16:29:43 -0300] "GET /cormun/static/hpexe_recentlink.js?2015111312121342 HTTP/1.1" 304 -
186.103.159.189 - - [23/May/2016:16:29:43 -0300] "GET /cormun/static/hhome.js?2015112210564255 HTTP/1.1" 304 -
186.103.159.189 - - [23/May/2016:16:29:43 -0300] "GET /cormun/static/hpexe_scripts.js?20151120014546 HTTP/1.1" 304 -
186.103.159.189 - - [23/May/2016:16:29:43 -0300] "GET /cormun/static/hpexe_messagecontroller.js?2015112210524422 HTTP/1.1" 304 -
186.103.159.189 - - [23/May/2016:16:29:43 -0300] "GET /cormun/static/hpexe_messagepopupcomponent.js?201632119295953 HTTP/1.1" 304 -
186.103.159.189 - - [23/May/2016:16:29:43 -0300] "GET /cormun/static/hpexe_messagegenexuscomponent.js?20151120014314 HTTP/1.1" 304 -
186.103.159.189 - - [23/May/2016:16:29:43 -0300] "GET /cormun/static/cmcontrolpreferences.js?20151120014525 HTTP/1.1" 304 -
186.103.159.189 - - [23/May/2016:16:29:43 -0300] "GET /cormun/static/hmpwkw03.js?201631622503633 HTTP/1.1" 304 -
186.103.159.189 - - [23/May/2016:16:29:43 -0300] "GET /cormun/servlet/hhome HTTP/1.1" 200 3619
186.103.159.182 - - [23/May/2016:16:29:49 -0300] "GET /cormun/servlet/solicitudotadjuntos?34b504c9abe9e0071b294bf019dc91f2c8f01f88a6b5d9d58292e19f9e1f859f,gx-no-cache=1464031809094 HTTP/1.1" 200 30
186.103.159.182 - - [23/May/2016:16:29:49 -0300] "GET /cormun/servlet/solicitudotadjuntos?34b504c9abe9e0071b294bf019dc91f2c8f01f88a6b5d9d58292e19f9e1f859f,gx-no-cache=1464031809124 HTTP/1.1" 200 30
186.78.48.134 - - [23/May/2016:16:29:49 -0300] "POST /cormun/servlet/solicitudot?902be5bc90db262a975abd9b889fb7fd,INS,0,0,,gx-no-cache=1464028203489 HTTP/1.1" 200 93
186.78.48.134 - - [23/May/2016:16:29:49 -0300] "GET /cormun/servlet/hpexe_return? HTTP/1.1" 200 999
186.78.48.134 - - [23/May/2016:16:29:50 -0300] "GET /cormun/servlet/trsolicitudot HTTP/1.1" 200 9323
186.103.159.182 - - [23/May/2016:16:29:50 -0300] "POST /cormun/servlet/solicitudotadjuntos?c598ff6876e9cff5e3bf73a6846a3022,INS,2016,1860,,1, HTTP/1.1" 200 116
186.103.159.182 - - [23/May/2016:16:29:50 -0300] "GET /cormun/servlet/hpexe_return? HTTP/1.1" 200 1027
186.78.48.134 - - [23/May/2016:16:29:51 -0300] "GET /cormun/servlet/trsolicitudot HTTP/1.1" 200 9319
186.103.159.182 - - [23/May/2016:16:29:51 -0300] "GET /cormun/servlet/trsolicitudadjuntos?2016,1860, HTTP/1.1" 200 7901
186.103.159.182 - - [23/May/2016:16:29:54 -0300] "GET /cormun/servlet/trsolicitudadjuntos?2016,1860, HTTP/1.1" 200 7899
186.103.159.182 - - [23/May/2016:16:29:58 -0300] "GET /cormun/servlet/solicitudotadjuntos?INS,2016,1860,,1, HTTP/1.1" 200 5634
186.103.159.182 - - [23/May/2016:16:29:58 -0300] "GET /cormun/static/about:blank HTTP/1.1" 404 1011
186.103.159.182 - - [23/May/2016:16:30:01 -0300] "GET /cormun/servlet/solicitudotadjuntos?INS,2016,1860,,1, HTTP/1.1" 200 5628
186.103.159.182 - - [23/May/2016:16:30:01 -0300] "GET /cormun/servlet/solicitudotadjuntos?34b504c9abe9e0071b294bf019dc91f2a61e773e373e95e122cb610165146c4355ad2ea298b02533fba5c5c607d6d63e,gx-no-cache=1464031821168 HTTP/1.1" 200 30
186.103.159.182 - - [23/May/2016:16:30:01 -0300] "POST /cormun/servlet/solicitudotadjuntos?c598ff6876e9cff5e3bf73a6846a3022,INS,2016,1860,,1,,gx-no-cache=1464031821286 HTTP/1.1" 200 3479
186.103.159.182 - - [23/May/2016:16:30:04 -0300] "POST /cormun/servlet/solicitudotadjuntos?gx-no-cache=1464031824081 HTTP/1.1" 200 26
186.103.159.182 - - [23/May/2016:16:30:15 -0300] "GET /cormun/servlet/solicitudotadjuntos?34b504c9abe9e0071b294bf019dc91f2c8f01f88a6b5d9d58292e19f9e1f859f,gx-no-cache=1464031835604 HTTP/1.1" 200 30
186.103.159.182 - - [23/May/2016:16:30:15 -0300] "GET /cormun/servlet/solicitudotadjuntos?34b504c9abe9e0071b294bf019dc91f2c8f01f88a6b5d9d58292e19f9e1f859f,gx-no-cache=1464031835649 HTTP/1.1" 200 30
186.103.159.182 - - [23/May/2016:16:30:50 -0300] "POST /cormun/servlet/solicitudotadjuntos?c598ff6876e9cff5e3bf73a6846a3022,INS,2016,1860,,1, HTTP/1.1" 200 5981
186.78.48.134 - - [23/May/2016:16:31:02 -0300] "POST /cormun/servlet/trsolicitudot?902be5bc90db262a975abd9b889fb7fd,gx-no-cache=1464028277412 HTTP/1.1" 200 105
186.78.48.134 - - [23/May/2016:16:31:03 -0300] "GET /cormun/servlet/solicitudot?UPD,2016,1861, HTTP/1.1" 200 12927
186.78.48.134 - - [23/May/2016:16:31:04 -0300] "GET /cormun/servlet/solicitudot?UPD,2016,1861, HTTP/1.1" 200 12937
186.78.48.134 - - [23/May/2016:16:31:05 -0300] "POST /cormun/servlet/solicitudot?gx-no-cache=1464028279641 HTTP/1.1" 200 2796
186.78.48.134 - - [23/May/2016:16:31:06 -0300] "POST /cormun/servlet/solicitudot?902be5bc90db262a975abd9b889fb7fd,UPD,2016,1861,,gx-no-cache=1464028280781 HTTP/1.1" 200 9208
186.78.48.134 - - [23/May/2016:16:31:06 -0300] "GET /cormun/servlet/solicitudot?c23172452300dd0b916f422b30f8750b79218e86ebcc2f475e285a595ee8b1b42d3aabd3d096c150cd2a200ccb9e0597,gx-no-cache=1464028281572 HTTP/1.1" 200 30
186.78.48.134 - - [23/May/2016:16:31:06 -0300] "POST /cormun/servlet/solicitudot?gx-no-cache=1464028281660 HTTP/1.1" 200 30
186.78.48.134 - - [23/May/2016:16:31:06 -0300] "POST /cormun/servlet/solicitudot?gx-no-cache=1464028281747 HTTP/1.1" 200 122
186.78.48.134 - - [23/May/2016:16:31:06 -0300] "POST /cormun/servlet/solicitudot?gx-no-cache=1464028281876 HTTP/1.1" 200 1187
186.78.48.134 - - [23/May/2016:16:31:06 -0300] "GET /cormun/servlet/solicitudot?c23172452300dd0b916f422b30f8750b48937795a04e4ca6d127f0a53937537cbdcbc7fcdfff19f4030d5ff7169070caabd4b15284e4dbc4e578373e3249cae0ab0cbe563cc7fe113c77b15bc9c0de72290c150b50a9c5f5ebb63765a9cd1b1adc86deca015310a7a054d6e9a4053991c56596aca106d88112291691c5b6725d4d1c50898357b5c923ba4e3a86d900d0,gx-no-cache=1464028282108 HTTP/1.1" 200 38
186.78.48.134 - - [23/May/2016:16:31:09 -0300] "GET /cormun/servlet/solicitudot?c23172452300dd0b916f422b30f8750b04093e7f83709a936b4715d9bbc234c3686811d357bfbcb4474538345ed8c7ba5673dad93f44660f1c4dd0dd24001ffe372e4c4a15bd8636b2210cb1f5485ee59332ba9c5334ce80f3a9e598bce15deb80c2b1aff8e52f3f2071f6a69d91d16d1002dc0359b16ce552246c2528581c3cff85a32fbd2b57c22b43e643c2c073d5f148c59cb741fc69538c7bb80d9ac1f8,gx-no-cache=1464028285045 HTTP/1.1" 200 29
186.78.48.134 - - [23/May/2016:16:31:10 -0300] "POST /cormun/servlet/solicitudot?gx-no-cache=1464028285189 HTTP/1.1" 200 1144
186.78.48.134 - - [23/May/2016:16:31:10 -0300] "GET /cormun/servlet/solicitudot?c23172452300dd0b916f422b30f8750b91e203c303e46232f33034ba489833e436896a485e5017d290a1dfaec47c9de491fa6f56bc4c10fe8cc8f38fff898773511fcbf1e1a47c3a3b5bd13bf557db5b268cacadb7d9b8b06989eb48d353fe8e0364db6e2d69a6a6bddc6083da992400c81e28656271a0982b5e71e31ad6fef5fc28449b5bc568d8de65c332713649e991c28734ccbe15eb866f6396c2f50e28,gx-no-cache=1464028285476 HTTP/1.1" 200 30
191.112.40.112 - - [23/May/2016:16:31:11 -0300] "POST /cormun/servlet/solicitudot?78db207886ecfd2c50a482751070dac7,INS,0,0,,gx-no-cache=1464028283788 HTTP/1.1" 200 93
191.112.40.112 - - [23/May/2016:16:31:11 -0300] "GET /cormun/servlet/hpexe_return? HTTP/1.1" 200 1012
191.112.40.112 - - [23/May/2016:16:31:12 -0300] "GET /cormun/static/Resources/Spanish/PXTools.css?12112540 HTTP/1.1" 304 -
191.112.40.112 - - [23/May/2016:16:31:12 -0300] "GET /cormun/static/gxcfg.js?2015111312145050 HTTP/1.1" 304 -
191.112.40.112 - - [23/May/2016:16:31:12 -0300] "GET /cormun/static/hpexe_return.js?2015111312145056 HTTP/1.1" 304 -
191.112.40.112 - - [23/May/2016:16:31:12 -0300] "GET /cormun/servlet/trsolicitudot HTTP/1.1" 200 7767
191.112.40.112 - - [23/May/2016:16:31:13 -0300] "GET /cormun//static/Resources/PXTools/ActionInsert.png HTTP/1.1" 304 -
191.112.40.112 - - [23/May/2016:16:31:13 -0300] "GET /cormun/servlet/trsolicitudot HTTP/1.1" 200 7764
186.103.159.182 - - [23/May/2016:16:31:21 -0300] "POST /cormun/servlet/solicitudotadjuntos?c598ff6876e9cff5e3bf73a6846a3022,INS,2016,1860,,1, HTTP/1.1" 200 116
186.103.159.182 - - [23/May/2016:16:31:21 -0300] "GET /cormun/servlet/hpexe_return? HTTP/1.1" 200 1027
186.103.159.182 - - [23/May/2016:16:31:22 -0300] "GET /cormun/servlet/trsolicitudadjuntos?2016,1860, HTTP/1.1" 200 8027
186.103.159.182 - - [23/May/2016:16:31:24 -0300] "GET /cormun/servlet/trsolicitudadjuntos?2016,1860, HTTP/1.1" 200 8024
186.78.48.134 - - [23/May/2016:16:31:37 -0300] "POST /cormun/servlet/solicitudot?902be5bc90db262a975abd9b889fb7fd,UPD,2016,1861,,gx-no-cache=1464028312353 HTTP/1.1" 200 93
186.78.48.134 - - [23/May/2016:16:31:38 -0300] "GET /cormun/servlet/hpexe_return? HTTP/1.1" 200 1005
186.78.48.134 - - [23/May/2016:16:31:38 -0300] "GET /cormun/servlet/trsolicitudot HTTP/1.1" 200 9323
186.78.48.134 - - [23/May/2016:16:31:39 -0300] "GET /cormun/servlet/trsolicitudot HTTP/1.1" 200 9319
191.112.40.112 - - [23/May/2016:16:31:42 -0300] "GET /cormun/servlet/vesolicitudot?2016,1866,, HTTP/1.1" 200 7755
191.112.40.112 - - [23/May/2016:16:31:42 -0300] "GET /cormun/static/gxcfg.js?201631021474241 HTTP/1.1" 304 -
191.112.40.112 - - [23/May/2016:16:31:42 -0300] "GET /cormun/pexe_scrolldiv.js HTTP/1.1" 404 1009
191.112.40.112 - - [23/May/2016:16:31:42 -0300] "GET /cormun/static/vesolicitudot.js?20163102147437 HTTP/1.1" 304 -
191.112.40.112 - - [23/May/2016:16:31:42 -0300] "GET /cormun/static/hwcviewtabs.js?20151120014372 HTTP/1.1" 304 -
191.112.40.112 - - [23/May/2016:16:31:42 -0300] "GET /cormun/static/hpexe_tabsview.js?20151120014350 HTTP/1.1" 304 -
191.112.40.112 - - [23/May/2016:16:31:42 -0300] "GET /cormun/static/tbsolicitudot01.js?20163102250452 HTTP/1.1" 304 -
191.112.40.112 - - [23/May/2016:16:31:43 -0300] "GET /cormun/servlet/vesolicitudot?2016,1866,, HTTP/1.1" 200 7755
191.112.40.112 - - [23/May/2016:16:32:22 -0300] "GET /cormun/servlet/hlogin HTTP/1.1" 200 1716
191.112.40.112 - - [23/May/2016:16:32:25 -0300] "POST /cormun/servlet/hlogin?d1d3447bf361ff50596a96ce9de3dfd6,gx-no-cache=1464028358920 HTTP/1.1" 200 90
191.112.40.112 - - [23/May/2016:16:32:25 -0300] "GET /cormun/servlet/hpexe_link HTTP/1.1" 200 947
191.112.40.112 - - [23/May/2016:16:32:26 -0300] "GET /cormun/servlet/hhome HTTP/1.1" 200 3550
191.112.40.112 - - [23/May/2016:16:32:27 -0300] "GET /cormun/servlet/hhome HTTP/1.1" 200 3546
191.112.40.112 - - [23/May/2016:16:32:31 -0300] "GET /cormun/servlet/trsolicitudot? HTTP/1.1" 200 7758
191.112.40.112 - - [23/May/2016:16:32:33 -0300] "GET /cormun/servlet/trsolicitudot? HTTP/1.1" 200 7756
186.103.157.98 - - [23/May/2016:16:32:41 -0300] "GET /cormun/servlet/trautorizarsolicitud? HTTP/1.1" 200 7768
186.103.157.98 - - [23/May/2016:16:32:41 -0300] "GET /cormun/servlet/trautorizarsolicitud? HTTP/1.1" 200 7767
186.103.157.98 - - [23/May/2016:16:32:55 -0300] "POST /cormun/servlet/trautorizarsolicitud?cbd10df55ceb5e71b981915b403ccecf,,gx-no-cache=1464031992896 HTTP/1.1" 200 3874
