186.103.159.204 - - [23/May/2016:14:54:08 -0300] "GET /cormun/servlet/solicitudot?eb7e36cbe6fbb3f8e6b8b34ad4c650a953a8129b79e51d3d49295a11e83a68ecb6adc8577996c2600f41e85534b5c1bd6d58af9b80941fc3cea08aa08e80de46df4b19bb156748758f6ed9ca722187a10dfb95808db59518e708c3556d5632ced54ad3eb151ff32ebf7e0c14bcc529d0430874342afb925a53a3a82e4b669b26,gx-no-cache=1464022460590 HTTP/1.1" 200 29
186.103.159.204 - - [23/May/2016:14:54:08 -0300] "POST /cormun/servlet/solicitudot?gx-no-cache=1464022460666 HTTP/1.1" 200 1143
186.103.158.250 - - [23/May/2016:14:54:08 -0300] "POST /cormun/servlet/solicitudot?gx-no-cache=1464026066450 HTTP/1.1" 200 1187
186.103.158.250 - - [23/May/2016:14:54:09 -0300] "GET /cormun/servlet/solicitudot?aae50734663db739c6dcbdc2cff7dd754a47e678078e2017f7ac41bd828e4c40111dba97559a2067b012452983d29fbcef95e600fede272d2df586465d5a9e9a1281a0b05a7b3e4cd6b7f5ae156285812a19fece870b7e4993ef0ec7a5ed000a4b7235a2c45ef8c33e3a9c4b096105b960c762e8d5380f59311b6c3505822066f7e0b552a52cb93cf322dc1dc5ebad8d,gx-no-cache=1464026066733 HTTP/1.1" 200 38
186.103.158.250 - - [23/May/2016:14:54:09 -0300] "POST /cormun/servlet/solicitudot?gx-no-cache=1464026066905 HTTP/1.1" 200 1144
186.103.159.204 - - [23/May/2016:14:54:17 -0300] "GET /cormun/static/menuarrow.gif HTTP/1.1" 404 1015
186.103.159.204 - - [23/May/2016:14:54:27 -0300] "GET /cormun/servlet/solicitudot?eb7e36cbe6fbb3f8e6b8b34ad4c650a905ab56f34103052aed2deb4dffa1840762471ea325bae18a28527788a74db85dcb2f460232f037b1f5dcd6f9186fcbc33e5c42b26365a8a2410c7498ea3221e60d644823655d32a0c31eca5d76171504ab91cd8c3dbea81a2058558861a8e834752e594aad3933956b03bf4b225b6102e285c7c62299e9f558bc915003a142e8859c0c66dd3cfd62e0cca1f05855276513ed08eba47276f7aea6fd0b2cbfcc4e,gx-no-cache=1464022480135 HTTP/1.1" 200 30
186.103.159.204 - - [23/May/2016:14:54:59 -0300] "POST /cormun/servlet/solicitudot?59eb085f0a8873f21e829e60090a8322,INS,0,0,,gx-no-cache=1464022511285 HTTP/1.1" 200 93
186.103.159.204 - - [23/May/2016:14:54:59 -0300] "GET /cormun/servlet/hpexe_return? HTTP/1.1" 200 1003
186.103.159.204 - - [23/May/2016:14:55:00 -0300] "GET /cormun/servlet/trsolicitudot HTTP/1.1" 200 8125
186.103.159.204 - - [23/May/2016:14:55:01 -0300] "GET /cormun/servlet/trsolicitudot HTTP/1.1" 200 8122
186.103.159.204 - - [23/May/2016:14:55:07 -0300] "POST /cormun/servlet/trsolicitudot?59eb085f0a8873f21e829e60090a8322,gx-no-cache=1464022519884 HTTP/1.1" 200 105
186.103.159.204 - - [23/May/2016:14:55:08 -0300] "GET /cormun/servlet/solicitudot?UPD,2016,1835, HTTP/1.1" 200 13032
186.103.159.204 - - [23/May/2016:14:55:09 -0300] "GET /cormun/servlet/solicitudot?UPD,2016,1835, HTTP/1.1" 200 13041
186.103.159.204 - - [23/May/2016:14:55:09 -0300] "POST /cormun/servlet/solicitudot?gx-no-cache=1464022522065 HTTP/1.1" 200 2783
186.103.159.204 - - [23/May/2016:14:55:10 -0300] "POST /cormun/servlet/solicitudot?59eb085f0a8873f21e829e60090a8322,UPD,2016,1835,,gx-no-cache=1464022522301 HTTP/1.1" 200 9281
186.103.159.204 - - [23/May/2016:14:55:10 -0300] "GET /cormun/servlet/solicitudot?eb7e36cbe6fbb3f8e6b8b34ad4c650a989a352701e907bce7d780ae3175a07bcb4778845d4788302855f08fc477aa8c7,gx-no-cache=1464022522963 HTTP/1.1" 200 30
186.103.159.204 - - [23/May/2016:14:55:10 -0300] "POST /cormun/servlet/solicitudot?gx-no-cache=1464022523033 HTTP/1.1" 200 30
186.103.159.204 - - [23/May/2016:14:55:10 -0300] "POST /cormun/servlet/solicitudot?gx-no-cache=1464022523077 HTTP/1.1" 200 30
186.103.159.204 - - [23/May/2016:14:55:10 -0300] "POST /cormun/servlet/solicitudot?gx-no-cache=1464022523161 HTTP/1.1" 200 1187
186.103.159.204 - - [23/May/2016:14:55:11 -0300] "GET /cormun/servlet/solicitudot?eb7e36cbe6fbb3f8e6b8b34ad4c650a90ebaa92fbd06eb922b344f245cad58b4737ee7f8e1b2e36af4d267633c4c21d8b18f0a063c1b727c42421e293a46e6c0a5b7b145720c670f7f103ffb32e2103aee3d445561360f35b76a69029ff37c923411cdb09e28941d2d023ec12ca8d0d281d0cdf44f84c123b6fcce6949794c8be7f0c1675ac5de113de65020ec1d207702d243bc6423faa81de10e8b31a4fe0d,gx-no-cache=1464022523321 HTTP/1.1" 200 41
186.103.159.204 - - [23/May/2016:14:55:18 -0300] "POST /cormun/servlet/solicitudot?59eb085f0a8873f21e829e60090a8322,UPD,2016,1835,,gx-no-cache=1464022530071 HTTP/1.1" 200 93
186.103.159.204 - - [23/May/2016:14:55:18 -0300] "GET /cormun/servlet/hpexe_return? HTTP/1.1" 200 1009
186.103.159.204 - - [23/May/2016:14:55:18 -0300] "GET /cormun/servlet/trsolicitudot HTTP/1.1" 200 8125
186.103.159.204 - - [23/May/2016:14:55:19 -0300] "GET /cormun/servlet/trsolicitudot HTTP/1.1" 200 8122
186.103.158.250 - - [23/May/2016:14:55:24 -0300] "GET /cormun/servlet/solicitudot?aae50734663db739c6dcbdc2cff7dd750ba6fe138c7b684eeb6c89a210c7fc3c2990d49d68849b9fd3d6cb9169f59a51fd15c36b9ccaeb40defb0944a1ee2e2f7f22e1432cbcc6fa92a5ff5fd6c2bae68d08cb3cc6fabb07eaf317135f5eceb9c027864f632800581cffc1e9699168b685cc11ac82051426d983c0c1c27354f353916f02bcd8cbd557ec48044b0eeb07089424b1325b0c97043983c71a71006e821d90d1905a87d5852ab109592e7b3f,gx-no-cache=1464026142173 HTTP/1.1" 200 30
186.103.159.204 - - [23/May/2016:14:55:24 -0300] "POST /cormun/servlet/trsolicitudot?59eb085f0a8873f21e829e60090a8322,gx-no-cache=1464022536888 HTTP/1.1" 200 105
186.103.159.204 - - [23/May/2016:14:55:25 -0300] "GET /cormun/servlet/solicitudot?UPD,2016,1834, HTTP/1.1" 200 13052
186.103.159.204 - - [23/May/2016:14:55:26 -0300] "GET /cormun/servlet/solicitudot?UPD,2016,1834, HTTP/1.1" 200 13061
186.103.159.204 - - [23/May/2016:14:55:26 -0300] "POST /cormun/servlet/solicitudot?gx-no-cache=1464022538963 HTTP/1.1" 200 2783
186.103.159.204 - - [23/May/2016:14:55:27 -0300] "POST /cormun/servlet/solicitudot?59eb085f0a8873f21e829e60090a8322,UPD,2016,1834,,gx-no-cache=1464022539229 HTTP/1.1" 200 9301
186.103.159.204 - - [23/May/2016:14:55:27 -0300] "GET /cormun/servlet/solicitudot?eb7e36cbe6fbb3f8e6b8b34ad4c650a989a352701e907bce7d780ae3175a07bcb4778845d4788302855f08fc477aa8c7,gx-no-cache=1464022539914 HTTP/1.1" 200 30
186.103.159.204 - - [23/May/2016:14:55:27 -0300] "POST /cormun/servlet/solicitudot?gx-no-cache=1464022539978 HTTP/1.1" 200 30
186.103.159.204 - - [23/May/2016:14:55:27 -0300] "POST /cormun/servlet/solicitudot?gx-no-cache=1464022540042 HTTP/1.1" 200 33
186.103.159.204 - - [23/May/2016:14:55:27 -0300] "POST /cormun/servlet/solicitudot?gx-no-cache=1464022540139 HTTP/1.1" 200 1187
186.103.159.204 - - [23/May/2016:14:55:28 -0300] "GET /cormun/servlet/solicitudot?eb7e36cbe6fbb3f8e6b8b34ad4c650a90ebaa92fbd06eb922b344f245cad58b4737ee7f8e1b2e36af4d267633c4c21d8b18f0a063c1b727c42421e293a46e6c0a5b7b145720c670f7f103ffb32e2103aee3d445561360f35b76a69029ff37c923411cdb09e28941d2d023ec12ca8d0d281d0cdf44f84c123b6fcce6949794c8b6f59c9f67afb4ccb6af56947d9ba031b02d243bc6423faa81de10e8b31a4fe0d,gx-no-cache=1464022540333 HTTP/1.1" 200 41
186.103.159.204 - - [23/May/2016:14:55:30 -0300] "POST /cormun/servlet/solicitudot?gx-no-cache=1464022543060 HTTP/1.1" 200 30
186.103.159.204 - - [23/May/2016:14:55:32 -0300] "POST /cormun/servlet/solicitudot?gx-no-cache=1464022544370 HTTP/1.1" 200 1187
186.103.159.204 - - [23/May/2016:14:55:32 -0300] "GET /cormun/servlet/solicitudot?eb7e36cbe6fbb3f8e6b8b34ad4c650a90ebaa92fbd06eb922b344f245cad58b4737ee7f8e1b2e36af4d267633c4c21d8b18f0a063c1b727c42421e293a46e6c0a5b7b145720c670f7f103ffb32e2103aee3d445561360f35b76a69029ff37c923411cdb09e28941d2d023ec12ca8d0d281d0cdf44f84c123b6fcce6949794c8b6f59c9f67afb4ccb6af56947d9ba031b02d243bc6423faa81de10e8b31a4fe0d,gx-no-cache=1464022544520 HTTP/1.1" 200 41
186.103.159.204 - - [23/May/2016:14:55:32 -0300] "GET /cormun/servlet/solicitudot?eb7e36cbe6fbb3f8e6b8b34ad4c650a9a3e6de76250709545271bfc94fbffe2f438d39ad273fb5719dc328b86f190293aae4b5743ccfeb7cbb6510adc9f94b9910cacb6b4bb6732a446e60462008d0ecd50beee23ac48071a80976141119eabdfffadfcc294a1ebd809f68f13b8a9698dcb45ab354b6163a17c0a6c8c36665d6,gx-no-cache=1464022544585 HTTP/1.1" 200 29
186.103.159.204 - - [23/May/2016:14:55:32 -0300] "POST /cormun/servlet/solicitudot?gx-no-cache=1464022544623 HTTP/1.1" 200 1143
186.103.159.204 - - [23/May/2016:14:55:32 -0300] "GET /cormun/servlet/solicitudot?eb7e36cbe6fbb3f8e6b8b34ad4c650a905ab56f34103052aed2deb4dffa1840762471ea325bae18a28527788a74db85dcb2f460232f037b1f5dcd6f9186fcbc33e5c42b26365a8a2410c7498ea3221e60d644823655d32a0c31eca5d76171504ab91cd8c3dbea81a2058558861a8e834752e594aad3933956b03bf4b225b6102e285c7c62299e9f558bc915003a142e8a37fb8138ddbd1f24f96e07cb02afc5a10384f609c6394a7c043a64ef0d847f7,gx-no-cache=1464022544731 HTTP/1.1" 200 30
186.103.159.204 - - [23/May/2016:14:55:32 -0300] "POST /cormun/servlet/solicitudot?59eb085f0a8873f21e829e60090a8322,UPD,2016,1834,,gx-no-cache=1464022544777 HTTP/1.1" 200 93
186.103.159.204 - - [23/May/2016:14:55:32 -0300] "GET /cormun/servlet/hpexe_return? HTTP/1.1" 200 1009
186.103.159.204 - - [23/May/2016:14:55:33 -0300] "GET /cormun/servlet/trsolicitudot HTTP/1.1" 200 8128
186.103.159.204 - - [23/May/2016:14:55:34 -0300] "GET /cormun/servlet/trsolicitudot HTTP/1.1" 200 8124
186.103.159.204 - - [23/May/2016:14:55:41 -0300] "GET /cormun/servlet/solicitudot?INS,0,0, HTTP/1.1" 200 11774
186.103.158.250 - - [23/May/2016:14:55:42 -0300] "POST /cormun/servlet/solicitudot?1fde8d561261f10331c8cb976334a584,INS,0,0,,gx-no-cache=1464026159325 HTTP/1.1" 200 93
186.103.158.250 - - [23/May/2016:14:55:42 -0300] "GET /cormun/servlet/hpexe_return? HTTP/1.1" 200 1011
186.103.158.250 - - [23/May/2016:14:55:42 -0300] "GET /cormun/static/Resources/Spanish/PXTools.css?12112540 HTTP/1.1" 304 -
186.103.158.250 - - [23/May/2016:14:55:42 -0300] "GET /cormun/static/gxcfg.js?2015111312145050 HTTP/1.1" 200 953
186.103.158.250 - - [23/May/2016:14:55:42 -0300] "GET /cormun/static/hpexe_return.js?2015111312145056 HTTP/1.1" 304 -
186.103.159.204 - - [23/May/2016:14:55:42 -0300] "GET /cormun/servlet/solicitudot?INS,0,0, HTTP/1.1" 200 11780
186.103.158.250 - - [23/May/2016:14:55:42 -0300] "GET /cormun/servlet/trsolicitudot HTTP/1.1" 200 7791
186.103.158.250 - - [23/May/2016:14:55:46 -0300] "GET /cormun//static/Resources/PXTools/ActionInsert.png HTTP/1.1" 304 -
186.103.158.250 - - [23/May/2016:14:55:46 -0300] "GET /cormun/servlet/trsolicitudot HTTP/1.1" 200 7788
186.103.158.250 - - [23/May/2016:14:55:53 -0300] "GET /cormun/servlet/trsolicitudot? HTTP/1.1" 200 7788
186.103.158.250 - - [23/May/2016:14:55:57 -0300] "GET /cormun/servlet/trsolicitudot? HTTP/1.1" 200 7787
186.103.159.204 - - [23/May/2016:14:55:59 -0300] "POST /cormun/servlet/solicitudot?gx-no-cache=1464022571798 HTTP/1.1" 200 2791
186.103.159.204 - - [23/May/2016:14:56:00 -0300] "POST /cormun/servlet/solicitudot?59eb085f0a8873f21e829e60090a8322,INS,0,0,,gx-no-cache=1464022572047 HTTP/1.1" 200 8576
186.103.159.204 - - [23/May/2016:14:56:00 -0300] "GET /cormun/servlet/solicitudot?eb7e36cbe6fbb3f8e6b8b34ad4c650a99e1ef0b2c808c408039a87d6a7bd6497585987a99e8854c80f55838c3723d175,gx-no-cache=1464022572652 HTTP/1.1" 200 30
186.103.158.250 - - [23/May/2016:14:56:04 -0300] "POST /cormun/servlet/trsolicitudot?1fde8d561261f10331c8cb976334a584,,gx-no-cache=1464026181726 HTTP/1.1" 200 3852
186.103.159.204 - - [23/May/2016:14:56:04 -0300] "POST /cormun/servlet/solicitudot?gx-no-cache=1464022576888 HTTP/1.1" 200 30
186.103.158.250 - - [23/May/2016:14:56:04 -0300] "GET /cormun/static/Shared/jqueryui/images/ui-icons_82798d_256x240.png HTTP/1.1" 404 1089
186.103.158.250 - - [23/May/2016:14:56:04 -0300] "GET /cormun/static/Shared/jqueryui/images/ui-bg_highlight-soft_100_c6c2c8_1x100.png HTTP/1.1" 404 1117
186.103.158.250 - - [23/May/2016:14:56:04 -0300] "GET /cormun/static/Shared/jqueryui/images/ui-bg_flat_55_fafafa_40x100.png HTTP/1.1" 404 1097
186.103.158.250 - - [23/May/2016:14:56:04 -0300] "GET /cormun/static/Shared/jqueryui/images/ui-icons_8d78a5_256x240.png HTTP/1.1" 404 1089
186.103.158.250 - - [23/May/2016:14:56:05 -0300] "POST /cormun/servlet/trsolicitudot?1fde8d561261f10331c8cb976334a584,,gx-no-cache=1464026182525 HTTP/1.1" 200 3707
186.103.159.204 - - [23/May/2016:14:56:06 -0300] "POST /cormun/servlet/solicitudot?gx-no-cache=1464022578359 HTTP/1.1" 200 30
186.103.159.204 - - [23/May/2016:14:56:09 -0300] "POST /cormun/servlet/solicitudot?gx-no-cache=1464022581547 HTTP/1.1" 200 1187
186.103.159.204 - - [23/May/2016:14:56:09 -0300] "GET /cormun/servlet/solicitudot?eb7e36cbe6fbb3f8e6b8b34ad4c650a90ebaa92fbd06eb922b344f245cad58b4737ee7f8e1b2e36af4d267633c4c21d8b18f0a063c1b727c42421e293a46e6c0a5b7b145720c670f7f103ffb32e2103aee3d445561360f35b76a69029ff37c923411cdb09e28941d2d023ec12ca8d0d281d0cdf44f84c123b6fcce6949794c8bcdd568b1768591e00e7502009490effc,gx-no-cache=1464022581691 HTTP/1.1" 200 38
186.103.159.204 - - [23/May/2016:14:56:24 -0300] "GET /cormun/servlet/solicitudot?eb7e36cbe6fbb3f8e6b8b34ad4c650a953a8129b79e51d3d49295a11e83a68ecb6adc8577996c2600f41e85534b5c1bd6d58af9b80941fc3cea08aa08e80de46df4b19bb156748758f6ed9ca722187a10dfb95808db59518e708c3556d5632ced54ad3eb151ff32ebf7e0c14bcc529d0430874342afb925a53a3a82e4b669b26,gx-no-cache=1464022596302 HTTP/1.1" 200 29
186.103.159.204 - - [23/May/2016:14:56:24 -0300] "POST /cormun/servlet/solicitudot?gx-no-cache=1464022596332 HTTP/1.1" 200 1144
186.103.159.204 - - [23/May/2016:14:56:24 -0300] "GET /cormun/static/menuarrow.gif HTTP/1.1" 404 1015
200.86.98.101 - - [23/May/2016:14:56:27 -0300] "GET /cormun/servlet/hlogin HTTP/1.1" 200 1722
200.86.98.101 - - [23/May/2016:14:56:27 -0300] "GET /cormun/static/Resources/Spanish/PXTools.css?005343 HTTP/1.1" 304 -
200.86.98.101 - - [23/May/2016:14:56:27 -0300] "GET /cormun/static/hlogin.js?20151120045126 HTTP/1.1" 304 -
186.103.159.204 - - [23/May/2016:14:56:36 -0300] "GET /cormun/servlet/solicitudot?eb7e36cbe6fbb3f8e6b8b34ad4c650a996a667278135406b65324c29f1ed382d0fb8b5dcb819169318b6371a219fcf75cb2f460232f037b1f5dcd6f9186fcbc33e5c42b26365a8a2410c7498ea3221e60d644823655d32a0c31eca5d76171504ab91cd8c3dbea81a2058558861a8e834752e594aad3933956b03bf4b225b6102e285c7c62299e9f558bc915003a142e8a37fb8138ddbd1f24f96e07cb02afc5a10384f609c6394a7c043a64ef0d847f7,gx-no-cache=1464022608220 HTTP/1.1" 200 30
200.86.98.101 - - [23/May/2016:14:56:39 -0300] "POST /cormun/servlet/hlogin?021bff9d19537d12df3a9d34ea780f81,gx-no-cache=1464026217980 HTTP/1.1" 200 435
200.86.98.101 - - [23/May/2016:14:56:52 -0300] "POST /cormun/servlet/hlogin?021bff9d19537d12df3a9d34ea780f81,gx-no-cache=1464026230019 HTTP/1.1" 200 90
200.86.98.101 - - [23/May/2016:14:56:52 -0300] "GET /cormun/servlet/hpexe_link HTTP/1.1" 200 949
200.86.98.101 - - [23/May/2016:14:56:52 -0300] "GET /cormun/static/hpexe_link.js?20151120044398 HTTP/1.1" 304 -
200.86.98.101 - - [23/May/2016:14:56:52 -0300] "GET /cormun/servlet/hhome HTTP/1.1" 200 3717
200.86.98.101 - - [23/May/2016:14:56:52 -0300] "GET /cormun/static/Resources/Spanish/PXTools.css?10515224 HTTP/1.1" 304 -
200.86.98.101 - - [23/May/2016:14:56:52 -0300] "GET /cormun/static/hhome.js?2015112210564255 HTTP/1.1" 304 -
200.86.98.101 - - [23/May/2016:14:56:52 -0300] "GET /cormun/static/hpexe_messagecontroller.js?2015112210524422 HTTP/1.1" 304 -
200.86.98.101 - - [23/May/2016:14:56:52 -0300] "GET /cormun/static/hwchdr01.js?20162241650484 HTTP/1.1" 304 -
200.86.98.101 - - [23/May/2016:14:56:52 -0300] "GET /cormun/static/hpexe_recentlink.js?2015111312121342 HTTP/1.1" 304 -
200.86.98.101 - - [23/May/2016:14:56:52 -0300] "GET /cormun/static/hpexe_scripts.js?20151120014546 HTTP/1.1" 304 -
200.86.98.101 - - [23/May/2016:14:56:52 -0300] "GET /cormun/static/hpexe_messagegenexuscomponent.js?20151120014314 HTTP/1.1" 304 -
200.86.98.101 - - [23/May/2016:14:56:52 -0300] "GET /cormun/static/hpexe_messagepopupcomponent.js?201632119295953 HTTP/1.1" 304 -
200.86.98.101 - - [23/May/2016:14:56:52 -0300] "GET /cormun/static/cmcontrolpreferences.js?20151120014525 HTTP/1.1" 304 -
200.86.98.101 - - [23/May/2016:14:56:52 -0300] "GET /cormun/static/hmpwkw03.js?201631622503633 HTTP/1.1" 304 -
200.86.98.101 - - [23/May/2016:14:56:53 -0300] "GET /cormun/servlet/hhome HTTP/1.1" 200 3714
186.103.158.250 - - [23/May/2016:14:56:53 -0300] "GET /cormun/servlet/solicitudot?INS,0,0, HTTP/1.1" 200 11725
186.103.158.250 - - [23/May/2016:14:56:57 -0300] "GET /cormun/servlet/solicitudot?INS,0,0, HTTP/1.1" 200 11730
186.103.158.250 - - [23/May/2016:14:57:10 -0300] "POST /cormun/servlet/solicitudot?gx-no-cache=1464026248070 HTTP/1.1" 200 2795
186.103.158.250 - - [23/May/2016:14:57:11 -0300] "POST /cormun/servlet/solicitudot?1fde8d561261f10331c8cb976334a584,INS,0,0,,gx-no-cache=1464026248459 HTTP/1.1" 200 8549
186.103.159.204 - - [23/May/2016:14:57:15 -0300] "POST /cormun/servlet/solicitudot?59eb085f0a8873f21e829e60090a8322,INS,0,0,,gx-no-cache=1464022647365 HTTP/1.1" 200 93
186.103.159.204 - - [23/May/2016:14:57:15 -0300] "GET /cormun/servlet/hpexe_return? HTTP/1.1" 200 1003
186.103.159.204 - - [23/May/2016:14:57:16 -0300] "GET /cormun/servlet/trsolicitudot HTTP/1.1" 200 8462
186.103.159.204 - - [23/May/2016:14:57:17 -0300] "GET /cormun/servlet/trsolicitudot HTTP/1.1" 200 8458
186.103.158.250 - - [23/May/2016:14:57:18 -0300] "GET /cormun/servlet/solicitudot?aae50734663db739c6dcbdc2cff7dd755fc694dd27dd6637d911b0477c5785dc633b3a58b83d485898836e83d844128f,gx-no-cache=1464026255853 HTTP/1.1" 200 30
186.103.158.250 - - [23/May/2016:14:57:18 -0300] "POST /cormun/servlet/solicitudot?gx-no-cache=1464026255976 HTTP/1.1" 200 30
186.103.158.250 - - [23/May/2016:14:57:18 -0300] "POST /cormun/servlet/solicitudot?gx-no-cache=1464026256053 HTTP/1.1" 200 33
186.103.158.250 - - [23/May/2016:14:57:18 -0300] "POST /cormun/servlet/solicitudot?gx-no-cache=1464026256275 HTTP/1.1" 200 1187
186.103.158.250 - - [23/May/2016:14:57:18 -0300] "GET /cormun/servlet/solicitudot?aae50734663db739c6dcbdc2cff7dd754a47e678078e2017f7ac41bd828e4c40111dba97559a2067b012452983d29fbcef95e600fede272d2df586465d5a9e9a1281a0b05a7b3e4cd6b7f5ae156285812a19fece870b7e4993ef0ec7a5ed000a4b7235a2c45ef8c33e3a9c4b096105b960c762e8d5380f59311b6c3505822066f7e0b552a52cb93cf322dc1dc5ebad8d,gx-no-cache=1464026256636 HTTP/1.1" 200 38
186.103.158.250 - - [23/May/2016:14:57:35 -0300] "GET /cormun/servlet/solicitudot?aae50734663db739c6dcbdc2cff7dd7558679c6cf5702fd8dd2b5c0c06eeb5f7bfee914472eae7c18cb8a3050690643f6ddd01b3cd2da5609af1b0823881045e2cb15794ee3023a2e04e196bb83786ad881af6367a8e37b21ce446526ca49a95b1c0faebb77cb353313167aace321fe2b698ca519536317b5114f45b87ddb193,gx-no-cache=1464026272802 HTTP/1.1" 200 29
186.103.158.250 - - [23/May/2016:14:57:35 -0300] "POST /cormun/servlet/solicitudot?gx-no-cache=1464026272863 HTTP/1.1" 200 1144
186.103.158.250 - - [23/May/2016:14:57:40 -0300] "GET /cormun/static/menuarrow.gif HTTP/1.1" 404 1015
186.103.159.204 - - [23/May/2016:14:57:42 -0300] "GET /cormun/servlet/solicitudot?INS,0,0, HTTP/1.1" 200 11776
186.103.159.204 - - [23/May/2016:14:57:43 -0300] "GET /cormun/servlet/solicitudot?INS,0,0, HTTP/1.1" 200 11781
200.86.98.101 - - [23/May/2016:14:57:51 -0300] "GET /cormun/servlet/trsolicitudot? HTTP/1.1" 200 6629
200.86.98.101 - - [23/May/2016:14:57:52 -0300] "GET /cormun/servlet/trsolicitudot? HTTP/1.1" 200 6629
200.86.98.101 - - [23/May/2016:14:57:56 -0300] "GET /cormun/servlet/solicitudot?INS,0,0, HTTP/1.1" 200 11861
200.86.98.101 - - [23/May/2016:14:57:57 -0300] "GET /cormun/servlet/solicitudot?INS,0,0, HTTP/1.1" 200 11866
186.103.159.204 - - [23/May/2016:14:58:02 -0300] "POST /cormun/servlet/solicitudot?gx-no-cache=1464022694784 HTTP/1.1" 200 2786
200.86.98.101 - - [23/May/2016:14:58:03 -0300] "GET /cormun/servlet/prfichaempleado?,MD,,gxPopupLevel%3D0%3B HTTP/1.1" 200 8034
200.86.98.101 - - [23/May/2016:14:58:03 -0300] "GET /cormun/static/scaMessage/css/jquery-ui.css?104140 HTTP/1.1" 404 1045
200.86.98.101 - - [23/May/2016:14:58:03 -0300] "GET /cormun/static/gxcfg.js?201511151625694 HTTP/1.1" 304 -
186.103.159.204 - - [23/May/2016:14:58:03 -0300] "POST /cormun/servlet/solicitudot?59eb085f0a8873f21e829e60090a8322,INS,0,0,,gx-no-cache=1464022695070 HTTP/1.1" 200 8579
186.103.159.204 - - [23/May/2016:14:58:03 -0300] "GET /cormun/servlet/solicitudot?eb7e36cbe6fbb3f8e6b8b34ad4c650a921c36ca8479ca719e4a6cec8570fb0fa585987a99e8854c80f55838c3723d175,gx-no-cache=1464022695752 HTTP/1.1" 200 30
186.103.158.250 - - [23/May/2016:14:58:03 -0300] "POST /cormun/servlet/solicitudot?gx-no-cache=1464026301257 HTTP/1.1" 200 30
186.103.159.204 - - [23/May/2016:14:58:05 -0300] "POST /cormun/servlet/solicitudot?gx-no-cache=1464022697399 HTTP/1.1" 200 30
186.103.159.204 - - [23/May/2016:14:58:07 -0300] "POST /cormun/servlet/solicitudot?gx-no-cache=1464022699907 HTTP/1.1" 200 30
186.103.159.204 - - [23/May/2016:14:58:09 -0300] "POST /cormun/servlet/solicitudot?gx-no-cache=1464022701242 HTTP/1.1" 200 1187
186.103.159.204 - - [23/May/2016:14:58:09 -0300] "GET /cormun/servlet/solicitudot?eb7e36cbe6fbb3f8e6b8b34ad4c650a90ebaa92fbd06eb922b344f245cad58b4737ee7f8e1b2e36af4d267633c4c21d8b18f0a063c1b727c42421e293a46e6c0a5b7b145720c670f7f103ffb32e2103aee3d445561360f35b76a69029ff37c923411cdb09e28941d2d023ec12ca8d0d281d0cdf44f84c123b6fcce6949794c8bcdd568b1768591e00e7502009490effc,gx-no-cache=1464022701429 HTTP/1.1" 200 38
186.103.158.250 - - [23/May/2016:14:58:19 -0300] "POST /cormun/servlet/solicitudot?gx-no-cache=1464026317486 HTTP/1.1" 200 1187
186.103.158.250 - - [23/May/2016:14:58:20 -0300] "GET /cormun/servlet/solicitudot?aae50734663db739c6dcbdc2cff7dd754a47e678078e2017f7ac41bd828e4c40111dba97559a2067b012452983d29fbcef95e600fede272d2df586465d5a9e9a1281a0b05a7b3e4cd6b7f5ae156285812a19fece870b7e4993ef0ec7a5ed000a4b7235a2c45ef8c33e3a9c4b096105b960c762e8d5380f59311b6c35058220661838a09f71a22a354bc16adbb2170ef6bb3dd31e6c7dec30653aedbf67aec694,gx-no-cache=1464026317764 HTTP/1.1" 200 41
186.103.158.250 - - [23/May/2016:14:58:20 -0300] "POST /cormun/servlet/solicitudot?gx-no-cache=1464026317917 HTTP/1.1" 200 1144
186.103.158.250 - - [23/May/2016:14:58:20 -0300] "GET /cormun/servlet/solicitudot?aae50734663db739c6dcbdc2cff7dd75e493f7384178a06bc4f61f02e11eb785ef9d2a345b165bd036ee7bd7db1aefd9fd15c36b9ccaeb40defb0944a1ee2e2f7f22e1432cbcc6fa92a5ff5fd6c2bae68d08cb3cc6fabb07eaf317135f5eceb9c027864f632800581cffc1e9699168b685cc11ac82051426d983c0c1c27354f353916f02bcd8cbd557ec48044b0eeb07089424b1325b0c97043983c71a71006e821d90d1905a87d5852ab109592e7b3f,gx-no-cache=1464026318057 HTTP/1.1" 200 30
200.86.98.101 - - [23/May/2016:14:58:23 -0300] "POST /cormun/servlet/prfichaempleado?021bff9d19537d12df3a9d34ea780f81,,MD,,gxPopupLevel%3D0%3B,gx-no-cache=1464026320812 HTTP/1.1" 200 2768
200.86.98.101 - - [23/May/2016:14:58:30 -0300] "POST /cormun/servlet/solicitudot?gx-no-cache=1464026328712 HTTP/1.1" 200 2804
200.86.98.101 - - [23/May/2016:14:58:31 -0300] "POST /cormun/servlet/solicitudot?021bff9d19537d12df3a9d34ea780f81,INS,0,0,,gx-no-cache=1464026329034 HTTP/1.1" 200 8575
200.86.98.101 - - [23/May/2016:14:58:40 -0300] "GET /cormun/servlet/solicitudot?c4cba2dbae91b47556f8a44d20721308d6a7899aa46a091049e96ffb63e475100600c9a4a074eb4f282fc5f01ef5dcf1,gx-no-cache=1464026338408 HTTP/1.1" 200 30
200.86.98.101 - - [23/May/2016:14:58:40 -0300] "POST /cormun/servlet/solicitudot?gx-no-cache=1464026338555 HTTP/1.1" 200 30
186.103.159.204 - - [23/May/2016:14:58:47 -0300] "GET /cormun/servlet/solicitudot?eb7e36cbe6fbb3f8e6b8b34ad4c650a953a8129b79e51d3d49295a11e83a68ecb6adc8577996c2600f41e85534b5c1bd6d58af9b80941fc3cea08aa08e80de46df4b19bb156748758f6ed9ca722187a10dfb95808db59518e708c3556d5632ced54ad3eb151ff32ebf7e0c14bcc529d0430874342afb925a53a3a82e4b669b26,gx-no-cache=1464022739881 HTTP/1.1" 200 29
186.103.159.204 - - [23/May/2016:14:58:47 -0300] "POST /cormun/servlet/solicitudot?gx-no-cache=1464022739923 HTTP/1.1" 200 1143
186.103.159.204 - - [23/May/2016:14:58:47 -0300] "GET /cormun/static/menuarrow.gif HTTP/1.1" 404 1015
186.103.159.204 - - [23/May/2016:14:59:00 -0300] "GET /cormun/servlet/solicitudot?eb7e36cbe6fbb3f8e6b8b34ad4c650a9134360dbe32968e34ee794c7f5f47ef7303ca72606e19a2159021a71f7e26062cb2f460232f037b1f5dcd6f9186fcbc33e5c42b26365a8a2410c7498ea3221e60d644823655d32a0c31eca5d76171504ab91cd8c3dbea81a2058558861a8e834752e594aad3933956b03bf4b225b6102e285c7c62299e9f558bc915003a142e8a37fb8138ddbd1f24f96e07cb02afc5a10384f609c6394a7c043a64ef0d847f7,gx-no-cache=1464022752272 HTTP/1.1" 200 30
186.103.158.250 - - [23/May/2016:14:59:01 -0300] "POST /cormun/servlet/solicitudot?1fde8d561261f10331c8cb976334a584,INS,0,0,,gx-no-cache=1464026359060 HTTP/1.1" 200 93
186.103.158.250 - - [23/May/2016:14:59:01 -0300] "GET /cormun/servlet/hpexe_return? HTTP/1.1" 200 1011
186.103.158.250 - - [23/May/2016:14:59:02 -0300] "GET /cormun/servlet/trsolicitudot? HTTP/1.1" 200 7812
200.86.98.101 - - [23/May/2016:14:59:05 -0300] "POST /cormun/servlet/solicitudot?gx-no-cache=1464026363772 HTTP/1.1" 200 30
186.103.158.250 - - [23/May/2016:14:59:06 -0300] "GET /cormun/servlet/trsolicitudot? HTTP/1.1" 200 7808
186.103.158.250 - - [23/May/2016:14:59:09 -0300] "POST /cormun/servlet/trsolicitudot?1fde8d561261f10331c8cb976334a584,,gx-no-cache=1464026366655 HTTP/1.1" 200 5176
186.103.158.250 - - [23/May/2016:14:59:13 -0300] "POST /cormun/servlet/trsolicitudot?1fde8d561261f10331c8cb976334a584,,gx-no-cache=1464026371099 HTTP/1.1" 200 3870
186.103.158.250 - - [23/May/2016:14:59:14 -0300] "GET /cormun/static/Shared/jqueryui/images/ui-bg_highlight-soft_100_c6c2c8_1x100.png HTTP/1.1" 404 1117
186.103.158.250 - - [23/May/2016:14:59:14 -0300] "GET /cormun/static/Shared/jqueryui/images/ui-icons_8d78a5_256x240.png HTTP/1.1" 404 1089
186.103.158.250 - - [23/May/2016:14:59:14 -0300] "GET /cormun/static/Shared/jqueryui/images/ui-icons_82798d_256x240.png HTTP/1.1" 404 1089
186.103.158.250 - - [23/May/2016:14:59:14 -0300] "GET /cormun/static/Shared/jqueryui/images/ui-bg_flat_55_fafafa_40x100.png HTTP/1.1" 404 1097
186.103.158.250 - - [23/May/2016:14:59:14 -0300] "POST /cormun/servlet/trsolicitudot?1fde8d561261f10331c8cb976334a584,,gx-no-cache=1464026371813 HTTP/1.1" 200 3709
186.103.159.204 - - [23/May/2016:14:59:18 -0300] "POST /cormun/servlet/solicitudot?59eb085f0a8873f21e829e60090a8322,INS,0,0,,gx-no-cache=1464022770450 HTTP/1.1" 200 93
186.103.159.204 - - [23/May/2016:14:59:18 -0300] "GET /cormun/servlet/hpexe_return? HTTP/1.1" 200 1003
186.103.159.204 - - [23/May/2016:14:59:19 -0300] "GET /cormun/servlet/trsolicitudot HTTP/1.1" 200 8739
186.103.159.204 - - [23/May/2016:14:59:20 -0300] "GET /cormun/servlet/trsolicitudot HTTP/1.1" 200 8735
186.103.159.204 - - [23/May/2016:14:59:23 -0300] "GET /cormun/servlet/solicitudot?INS,0,0, HTTP/1.1" 200 11776
186.103.159.204 - - [23/May/2016:14:59:25 -0300] "GET /cormun/servlet/solicitudot?INS,0,0, HTTP/1.1" 200 11781
200.86.98.101 - - [23/May/2016:14:59:26 -0300] "POST /cormun/servlet/solicitudot?021bff9d19537d12df3a9d34ea780f81,INS,0,0,,gx-no-cache=1464026384632 HTTP/1.1" 200 93
200.86.98.101 - - [23/May/2016:14:59:26 -0300] "GET /cormun/servlet/hpexe_return? HTTP/1.1" 200 1005
200.86.98.101 - - [23/May/2016:14:59:27 -0300] "GET /cormun/servlet/trsolicitudot HTTP/1.1" 200 6632
200.86.98.101 - - [23/May/2016:14:59:28 -0300] "GET /cormun/servlet/trsolicitudot HTTP/1.1" 200 6629
200.86.98.101 - - [23/May/2016:14:59:30 -0300] "GET /cormun/servlet/solicitudot?INS,0,0, HTTP/1.1" 200 11861
200.86.98.101 - - [23/May/2016:14:59:31 -0300] "GET /cormun/servlet/solicitudot?INS,0,0, HTTP/1.1" 200 11866
200.86.98.101 - - [23/May/2016:14:59:35 -0300] "POST /cormun/servlet/solicitudot?021bff9d19537d12df3a9d34ea780f81,INS,0,0,,gx-no-cache=1464026393108 HTTP/1.1" 200 93
200.86.98.101 - - [23/May/2016:14:59:35 -0300] "GET /cormun/servlet/hpexe_return? HTTP/1.1" 200 1005
200.86.98.101 - - [23/May/2016:14:59:35 -0300] "GET /cormun/servlet/trsolicitudot HTTP/1.1" 200 6632
200.86.98.101 - - [23/May/2016:14:59:36 -0300] "GET /cormun/servlet/trsolicitudot HTTP/1.1" 200 6629
186.103.158.250 - - [23/May/2016:14:59:38 -0300] "GET /cormun/servlet/hlogin HTTP/1.1" 200 1721
186.103.159.204 - - [23/May/2016:14:59:38 -0300] "POST /cormun/servlet/solicitudot?gx-no-cache=1464022790706 HTTP/1.1" 200 2786
186.103.159.204 - - [23/May/2016:14:59:39 -0300] "POST /cormun/servlet/solicitudot?59eb085f0a8873f21e829e60090a8322,INS,0,0,,gx-no-cache=1464022790962 HTTP/1.1" 200 8578
186.103.159.204 - - [23/May/2016:14:59:39 -0300] "GET /cormun/servlet/solicitudot?eb7e36cbe6fbb3f8e6b8b34ad4c650a921c36ca8479ca719e4a6cec8570fb0fa585987a99e8854c80f55838c3723d175,gx-no-cache=1464022791574 HTTP/1.1" 200 30
186.103.159.204 - - [23/May/2016:14:59:41 -0300] "POST /cormun/servlet/solicitudot?gx-no-cache=1464022793981 HTTP/1.1" 200 30
186.103.159.204 - - [23/May/2016:14:59:46 -0300] "POST /cormun/servlet/solicitudot?gx-no-cache=1464022798427 HTTP/1.1" 200 30
186.103.159.204 - - [23/May/2016:14:59:47 -0300] "POST /cormun/servlet/solicitudot?gx-no-cache=1464022799873 HTTP/1.1" 200 1187
186.103.159.204 - - [23/May/2016:14:59:47 -0300] "GET /cormun/servlet/solicitudot?eb7e36cbe6fbb3f8e6b8b34ad4c650a90ebaa92fbd06eb922b344f245cad58b4737ee7f8e1b2e36af4d267633c4c21d8b18f0a063c1b727c42421e293a46e6c0a5b7b145720c670f7f103ffb32e2103aee3d445561360f35b76a69029ff37c923411cdb09e28941d2d023ec12ca8d0d281d0cdf44f84c123b6fcce6949794c8bcdd568b1768591e00e7502009490effc,gx-no-cache=1464022800024 HTTP/1.1" 200 38
200.86.98.101 - - [23/May/2016:14:59:48 -0300] "GET /cormun/servlet/solicitudot?INS,0,0, HTTP/1.1" 200 11861
200.86.98.101 - - [23/May/2016:14:59:49 -0300] "GET /cormun/servlet/solicitudot?INS,0,0, HTTP/1.1" 200 11866
200.86.98.101 - - [23/May/2016:14:59:54 -0300] "GET /cormun/servlet/prfichaempleado?,MD,,gxPopupLevel%3D0%3B HTTP/1.1" 200 8034
200.86.98.101 - - [23/May/2016:14:59:54 -0300] "GET /cormun/static/scaMessage/css/jquery-ui.css?104140 HTTP/1.1" 404 1045
186.103.158.250 - - [23/May/2016:15:00:00 -0300] "POST /cormun/servlet/hlogin?1fde8d561261f10331c8cb976334a584,gx-no-cache=1464026418156 HTTP/1.1" 200 430
186.103.159.204 - - [23/May/2016:15:00:05 -0300] "GET /cormun/servlet/solicitudot?eb7e36cbe6fbb3f8e6b8b34ad4c650a953a8129b79e51d3d49295a11e83a68ecb6adc8577996c2600f41e85534b5c1bd6d58af9b80941fc3cea08aa08e80de46df4b19bb156748758f6ed9ca722187a10dfb95808db59518e708c3556d5632ced54ad3eb151ff32ebf7e0c14bcc529d0430874342afb925a53a3a82e4b669b26,gx-no-cache=1464022817428 HTTP/1.1" 200 29
186.103.159.204 - - [23/May/2016:15:00:05 -0300] "POST /cormun/servlet/solicitudot?gx-no-cache=1464022817461 HTTP/1.1" 200 1143
186.103.159.204 - - [23/May/2016:15:00:05 -0300] "GET /cormun/static/menuarrow.gif HTTP/1.1" 404 1015
186.103.158.250 - - [23/May/2016:15:00:07 -0300] "POST /cormun/servlet/hlogin?1fde8d561261f10331c8cb976334a584,gx-no-cache=1464026425356 HTTP/1.1" 200 90
186.103.158.250 - - [23/May/2016:15:00:07 -0300] "GET /cormun/servlet/hpexe_link HTTP/1.1" 200 953
186.103.158.250 - - [23/May/2016:15:00:08 -0300] "GET /cormun/servlet/hhome HTTP/1.1" 200 3589
186.103.158.250 - - [23/May/2016:15:00:11 -0300] "GET /cormun/servlet/hhome HTTP/1.1" 200 3588
200.86.98.101 - - [23/May/2016:15:00:13 -0300] "POST /cormun/servlet/prfichaempleado?021bff9d19537d12df3a9d34ea780f81,,MD,,gxPopupLevel%3D0%3B,gx-no-cache=1464026430931 HTTP/1.1" 200 2573
186.103.159.204 - - [23/May/2016:15:00:16 -0300] "GET /cormun/servlet/solicitudot?eb7e36cbe6fbb3f8e6b8b34ad4c650a9134360dbe32968e34ee794c7f5f47ef7303ca72606e19a2159021a71f7e26062cb2f460232f037b1f5dcd6f9186fcbc33e5c42b26365a8a2410c7498ea3221e60d644823655d32a0c31eca5d76171504ab91cd8c3dbea81a2058558861a8e834752e594aad3933956b03bf4b225b6102e285c7c62299e9f558bc915003a142e8a37fb8138ddbd1f24f96e07cb02afc5a10384f609c6394a7c043a64ef0d847f7,gx-no-cache=1464022828982 HTTP/1.1" 200 30
186.103.158.250 - - [23/May/2016:15:00:20 -0300] "GET /cormun/servlet/trautorizarsolicitud? HTTP/1.1" 200 8087
186.103.158.250 - - [23/May/2016:15:00:20 -0300] "GET /cormun/static/trautorizarsolicitud.js?20163211936186 HTTP/1.1" 304 -
186.103.158.250 - - [23/May/2016:15:00:20 -0300] "GET /cormun/static/gxcfg.js?201632119361219 HTTP/1.1" 304 -
186.103.159.44 - - [23/May/2016:15:00:22 -0300] "GET /cormun/servlet/hlogin HTTP/1.1" 200 1719
186.103.159.44 - - [23/May/2016:15:00:22 -0300] "GET /cormun/static/Resources/Spanish/PXTools.css?005343 HTTP/1.1" 304 -
186.103.159.44 - - [23/May/2016:15:00:22 -0300] "GET /cormun/static/gxtimezone.js?85251 HTTP/1.1" 304 -
186.103.159.44 - - [23/May/2016:15:00:22 -0300] "GET /cormun/static/gxgral.js?85251 HTTP/1.1" 304 -
186.103.159.44 - - [23/May/2016:15:00:22 -0300] "GET /cormun/static/Resources/ComunLogin.png HTTP/1.1" 304 -
186.103.159.44 - - [23/May/2016:15:00:22 -0300] "GET /cormun/static/gxcfg.js?20151120045111 HTTP/1.1" 304 -
186.103.159.44 - - [23/May/2016:15:00:22 -0300] "GET /cormun/static/messages.spa.js?85251 HTTP/1.1" 304 -
186.103.159.44 - - [23/May/2016:15:00:22 -0300] "GET /cormun/static/hlogin.js?20151120045126 HTTP/1.1" 304 -
186.103.159.44 - - [23/May/2016:15:00:22 -0300] "GET /cormun/servlet/hlogin HTTP/1.1" 200 1730
186.103.159.44 - - [23/May/2016:15:00:22 -0300] "GET /cormun/static/Resources/indicator.gif HTTP/1.1" 304 -
186.103.159.44 - - [23/May/2016:15:00:22 -0300] "GET /cormun/static/Resources/PXToolsLoginBackground.png HTTP/1.1" 304 -
186.103.159.44 - - [23/May/2016:15:00:22 -0300] "GET /cormun/static/Resources/PXToolsButtonBackground2.png HTTP/1.1" 304 -
186.103.159.44 - - [23/May/2016:15:00:22 -0300] "GET /cormun/static/Resources/PXToolsButtonRight21.png HTTP/1.1" 304 -
186.103.159.44 - - [23/May/2016:15:00:23 -0300] "GET /cormun/static/Resources/PXToolsButtonLeft21.png HTTP/1.1" 304 -
186.103.159.44 - - [23/May/2016:15:00:23 -0300] "GET /cormun/static/Resources/PXToolsLoginTop.png HTTP/1.1" 304 -
186.103.159.44 - - [23/May/2016:15:00:23 -0300] "GET /cormun/static/Resources/PXToolsLoginBottom.png HTTP/1.1" 304 -
186.103.159.44 - - [23/May/2016:15:00:23 -0300] "GET /favicon.ico HTTP/1.1" 304 -
200.86.98.101 - - [23/May/2016:15:00:23 -0300] "POST /cormun/servlet/prfichaempleado?021bff9d19537d12df3a9d34ea780f81,,MD,,gxPopupLevel%3D0%3B,gx-no-cache=1464026441374 HTTP/1.1" 200 2768
186.103.158.250 - - [23/May/2016:15:00:24 -0300] "GET /cormun/servlet/trautorizarsolicitud? HTTP/1.1" 200 8085
186.103.159.204 - - [23/May/2016:15:00:29 -0300] "POST /cormun/servlet/solicitudot?59eb085f0a8873f21e829e60090a8322,INS,0,0,,gx-no-cache=1464022841034 HTTP/1.1" 200 93
186.103.159.204 - - [23/May/2016:15:00:29 -0300] "GET /cormun/servlet/hpexe_return? HTTP/1.1" 200 1003
186.103.158.250 - - [23/May/2016:15:00:29 -0300] "POST /cormun/servlet/trautorizarsolicitud?1fde8d561261f10331c8cb976334a584,,gx-no-cache=1464026446871 HTTP/1.1" 200 5190
186.103.159.204 - - [23/May/2016:15:00:30 -0300] "GET /cormun/servlet/trsolicitudot HTTP/1.1" 200 8970
186.103.158.250 - - [23/May/2016:15:00:30 -0300] "GET /cormun/static/Shared/jqueryui/images/ui-icons_82798d_256x240.png HTTP/1.1" 404 1089
186.103.158.250 - - [23/May/2016:15:00:30 -0300] "GET /cormun/static/Shared/jqueryui/images/ui-bg_highlight-soft_100_c6c2c8_1x100.png HTTP/1.1" 404 1117
186.103.158.250 - - [23/May/2016:15:00:30 -0300] "GET /cormun/static/Shared/jqueryui/images/ui-bg_flat_55_fafafa_40x100.png HTTP/1.1" 404 1097
186.103.158.250 - - [23/May/2016:15:00:30 -0300] "GET /cormun/static/Shared/jqueryui/images/ui-icons_8d78a5_256x240.png HTTP/1.1" 404 1089
186.103.158.250 - - [23/May/2016:15:00:30 -0300] "POST /cormun/servlet/trautorizarsolicitud?1fde8d561261f10331c8cb976334a584,,gx-no-cache=1464026447726 HTTP/1.1" 200 5137
186.103.159.204 - - [23/May/2016:15:00:31 -0300] "GET /cormun/servlet/trsolicitudot HTTP/1.1" 200 8965
186.103.158.250 - - [23/May/2016:15:00:31 -0300] "POST /cormun/servlet/trautorizarsolicitud?1fde8d561261f10331c8cb976334a584,,gx-no-cache=1464026448846 HTTP/1.1" 200 3861
186.103.158.250 - - [23/May/2016:15:00:32 -0300] "POST /cormun/servlet/trautorizarsolicitud?1fde8d561261f10331c8cb976334a584,,gx-no-cache=1464026449486 HTTP/1.1" 200 3723
186.103.159.204 - - [23/May/2016:15:00:35 -0300] "GET /cormun/servlet/solicitudot?INS,0,0, HTTP/1.1" 200 11776
186.103.159.204 - - [23/May/2016:15:00:37 -0300] "GET /cormun/servlet/solicitudot?INS,0,0, HTTP/1.1" 200 11781
186.103.159.204 - - [23/May/2016:15:00:48 -0300] "POST /cormun/servlet/solicitudot?gx-no-cache=1464022860424 HTTP/1.1" 200 2786
186.103.159.204 - - [23/May/2016:15:00:48 -0300] "POST /cormun/servlet/solicitudot?59eb085f0a8873f21e829e60090a8322,INS,0,0,,gx-no-cache=1464022860683 HTTP/1.1" 200 8579
186.103.159.204 - - [23/May/2016:15:00:49 -0300] "GET /cormun/servlet/solicitudot?eb7e36cbe6fbb3f8e6b8b34ad4c650a921c36ca8479ca719e4a6cec8570fb0fa585987a99e8854c80f55838c3723d175,gx-no-cache=1464022861305 HTTP/1.1" 200 30
186.103.159.44 - - [23/May/2016:15:00:51 -0300] "POST /cormun/servlet/hlogin?8adcdc4c64feebce133a044ece620b4f,gx-no-cache=1464026469410 HTTP/1.1" 200 90
186.103.159.204 - - [23/May/2016:15:00:52 -0300] "POST /cormun/servlet/solicitudot?gx-no-cache=1464022864215 HTTP/1.1" 200 30
186.103.159.44 - - [23/May/2016:15:00:52 -0300] "GET /cormun/servlet/hpexe_link HTTP/1.1" 200 954
186.103.159.44 - - [23/May/2016:15:00:52 -0300] "GET /cormun/static/gxcfg.js?20151120044395 HTTP/1.1" 304 -
186.103.159.44 - - [23/May/2016:15:00:52 -0300] "GET /cormun/static/hpexe_link.js?20151120044398 HTTP/1.1" 304 -
186.103.159.44 - - [23/May/2016:15:00:52 -0300] "GET /cormun/servlet/hhome HTTP/1.1" 200 3576
186.103.159.44 - - [23/May/2016:15:00:52 -0300] "GET /cormun/static/Resources/Spanish/PXTools.css?10515224 HTTP/1.1" 304 -
186.103.159.44 - - [23/May/2016:15:00:52 -0300] "GET /cormun/static/gxcfg.js?2015112210564248 HTTP/1.1" 304 -
186.103.159.44 - - [23/May/2016:15:00:52 -0300] "GET /cormun/static/PXToolsJavascripts/pexe_popup.js HTTP/1.1" 304 -
186.103.159.44 - - [23/May/2016:15:00:52 -0300] "GET /cormun/static/PXToolsJavascripts/pexe_tabs.js HTTP/1.1" 304 -
186.103.159.204 - - [23/May/2016:15:00:53 -0300] "POST /cormun/servlet/solicitudot?gx-no-cache=1464022865468 HTTP/1.1" 200 30
186.103.159.44 - - [23/May/2016:15:00:53 -0300] "GET /cormun/static/hwchdr01.js?20162241650484 HTTP/1.1" 304 -
186.103.159.44 - - [23/May/2016:15:00:53 -0300] "GET /cormun/static/hhome.js?2015112210564255 HTTP/1.1" 304 -
186.103.159.44 - - [23/May/2016:15:00:53 -0300] "GET /cormun/static/hpexe_recentlink.js?2015111312121342 HTTP/1.1" 304 -
186.103.159.44 - - [23/May/2016:15:00:53 -0300] "GET /cormun/static/hpexe_scripts.js?20151120014546 HTTP/1.1" 304 -
186.103.159.44 - - [23/May/2016:15:00:53 -0300] "GET /cormun/static/hpexe_messagecontroller.js?2015112210524422 HTTP/1.1" 304 -
186.103.159.44 - - [23/May/2016:15:00:53 -0300] "GET /cormun/static/hpexe_messagepopupcomponent.js?201632119295953 HTTP/1.1" 304 -
186.103.159.44 - - [23/May/2016:15:00:53 -0300] "GET /cormun/static/hpexe_messagegenexuscomponent.js?20151120014314 HTTP/1.1" 304 -
186.103.159.44 - - [23/May/2016:15:00:53 -0300] "GET /cormun/static/cmcontrolpreferences.js?20151120014525 HTTP/1.1" 304 -
186.103.159.44 - - [23/May/2016:15:00:54 -0300] "GET /cormun/static/hmpwkw03.js?201631622503633 HTTP/1.1" 304 -
186.103.159.204 - - [23/May/2016:15:00:54 -0300] "POST /cormun/servlet/solicitudot?gx-no-cache=1464022866865 HTTP/1.1" 200 1187
186.103.159.204 - - [23/May/2016:15:00:54 -0300] "GET /cormun/servlet/solicitudot?eb7e36cbe6fbb3f8e6b8b34ad4c650a90ebaa92fbd06eb922b344f245cad58b4737ee7f8e1b2e36af4d267633c4c21d8b18f0a063c1b727c42421e293a46e6c0a5b7b145720c670f7f103ffb32e2103aee3d445561360f35b76a69029ff37c923411cdb09e28941d2d023ec12ca8d0d281d0cdf44f84c123b6fcce6949794c8bcdd568b1768591e00e7502009490effc,gx-no-cache=1464022867047 HTTP/1.1" 200 38
186.103.159.44 - - [23/May/2016:15:00:57 -0300] "GET /cormun/servlet/trsolicitudot? HTTP/1.1" 200 6495
186.103.159.44 - - [23/May/2016:15:00:57 -0300] "GET /cormun/static/Resources/Spanish/PXTools.css?2139548 HTTP/1.1" 304 -
186.103.159.44 - - [23/May/2016:15:00:57 -0300] "GET /cormun/static/gxcfg.js?201631022392470 HTTP/1.1" 304 -
186.103.159.44 - - [23/May/2016:15:00:57 -0300] "GET /cormun/static/calendar.js?85251 HTTP/1.1" 304 -
186.103.159.44 - - [23/May/2016:15:00:57 -0300] "GET /cormun/static/calendar-setup.js?85251 HTTP/1.1" 304 -
186.103.159.44 - - [23/May/2016:15:00:57 -0300] "GET /cormun/static/calendar-es.js?85251 HTTP/1.1" 304 -
186.103.159.44 - - [23/May/2016:15:00:58 -0300] "GET /cormun/static/gxdec.js?85251 HTTP/1.1" 304 -
186.103.159.44 - - [23/May/2016:15:00:58 -0300] "GET /cormun/static/trsolicitudot.js?201631022393178 HTTP/1.1" 304 -
200.86.98.101 - - [23/May/2016:15:00:58 -0300] "GET /cormun/servlet/trautorizarsolicitud? HTTP/1.1" 200 6575
200.86.98.101 - - [23/May/2016:15:00:58 -0300] "GET /cormun/static/Resources/Spanish/PXTools.css?19284387 HTTP/1.1" 304 -
200.86.98.101 - - [23/May/2016:15:00:58 -0300] "GET /cormun/static/trautorizarsolicitud.js?20163211936186 HTTP/1.1" 304 -
200.86.98.101 - - [23/May/2016:15:00:58 -0300] "GET /cormun/static/gxcfg.js?201632119361219 HTTP/1.1" 200 953
200.86.98.101 - - [23/May/2016:15:00:58 -0300] "GET /cormun/servlet/trautorizarsolicitud? HTTP/1.1" 200 6569
186.103.159.44 - - [23/May/2016:15:01:02 -0300] "GET /cormun/servlet/solicitudot?INS,0,0, HTTP/1.1" 200 11708
186.103.159.44 - - [23/May/2016:15:01:02 -0300] "GET /cormun/static/Resources/Spanish/PXTools.css?22445990 HTTP/1.1" 304 -
186.103.159.44 - - [23/May/2016:15:01:02 -0300] "GET /cormun/static/gxcfg.js?201631710541238 HTTP/1.1" 304 -
186.103.159.44 - - [23/May/2016:15:01:02 -0300] "GET /cormun/static/solicitudot.js?201631710541292 HTTP/1.1" 304 -
200.86.98.101 - - [23/May/2016:15:01:10 -0300] "GET /cormun/servlet/trcontratouno? HTTP/1.1" 200 13078
200.86.98.101 - - [23/May/2016:15:01:10 -0300] "GET /cormun/static/gxcfg.js?20163221610935 HTTP/1.1" 200 953
200.86.98.101 - - [23/May/2016:15:01:10 -0300] "GET /cormun/static/Resources/PXToolsAddSelectedAction.png HTTP/1.1" 200 3660
200.86.98.101 - - [23/May/2016:15:01:10 -0300] "GET /cormun/static/trcontratouno.js?20163221610166 HTTP/1.1" 200 39934
200.86.98.101 - - [23/May/2016:15:01:10 -0300] "GET /cormun/static/Resources/PXToolsAddAllAction.png HTTP/1.1" 200 3624
200.86.98.101 - - [23/May/2016:15:01:10 -0300] "GET /cormun/static/Resources/PXToolsRemoveSelectedAction.png HTTP/1.1" 200 3617
200.86.98.101 - - [23/May/2016:15:01:10 -0300] "GET /cormun/static/Resources/PXToolsRemoveAllAction.png HTTP/1.1" 200 3558
200.86.98.101 - - [23/May/2016:15:01:12 -0300] "GET /cormun/servlet/trcontratouno? HTTP/1.1" 200 13057
186.103.159.204 - - [23/May/2016:15:01:13 -0300] "GET /cormun/servlet/solicitudot?eb7e36cbe6fbb3f8e6b8b34ad4c650a953a8129b79e51d3d49295a11e83a68ecb6adc8577996c2600f41e85534b5c1bd6d58af9b80941fc3cea08aa08e80de46df4b19bb156748758f6ed9ca722187a10dfb95808db59518e708c3556d5632ced54ad3eb151ff32ebf7e0c14bcc529d0430874342afb925a53a3a82e4b669b26,gx-no-cache=1464022885456 HTTP/1.1" 200 29
186.103.159.204 - - [23/May/2016:15:01:13 -0300] "POST /cormun/servlet/solicitudot?gx-no-cache=1464022885530 HTTP/1.1" 200 1143
186.103.159.204 - - [23/May/2016:15:01:17 -0300] "GET /cormun/static/menuarrow.gif HTTP/1.1" 404 1015
200.86.98.101 - - [23/May/2016:15:01:27 -0300] "POST /cormun/servlet/trcontratouno?021bff9d19537d12df3a9d34ea780f81,,gx-no-cache=1464026502652 HTTP/1.1" 200 6148
186.103.159.204 - - [23/May/2016:15:01:38 -0300] "GET /cormun/servlet/solicitudot?eb7e36cbe6fbb3f8e6b8b34ad4c650a9134360dbe32968e34ee794c7f5f47ef717e40f34c4427755106d313bc6ef2094cb2f460232f037b1f5dcd6f9186fcbc33e5c42b26365a8a2410c7498ea3221e60d644823655d32a0c31eca5d76171504ab91cd8c3dbea81a2058558861a8e834752e594aad3933956b03bf4b225b6102e285c7c62299e9f558bc915003a142e8859c0c66dd3cfd62e0cca1f05855276513ed08eba47276f7aea6fd0b2cbfcc4e,gx-no-cache=1464022910557 HTTP/1.1" 200 30
200.86.98.101 - - [23/May/2016:15:01:47 -0300] "GET /cormun/servlet/trsolicitudot? HTTP/1.1" 200 6629
200.86.98.101 - - [23/May/2016:15:01:47 -0300] "GET /cormun/servlet/trsolicitudot? HTTP/1.1" 200 6629
200.86.98.101 - - [23/May/2016:15:01:50 -0300] "GET /cormun/servlet/solicitudot?INS,0,0, HTTP/1.1" 200 11861
186.103.159.44 - - [23/May/2016:15:01:51 -0300] "POST /cormun/servlet/solicitudot?gx-no-cache=1464026528545 HTTP/1.1" 200 2783
200.86.98.101 - - [23/May/2016:15:01:51 -0300] "GET /cormun/servlet/solicitudot?INS,0,0, HTTP/1.1" 200 11866
186.103.159.44 - - [23/May/2016:15:01:51 -0300] "POST /cormun/servlet/solicitudot?8adcdc4c64feebce133a044ece620b4f,INS,0,0,,gx-no-cache=1464026528945 HTTP/1.1" 200 8530
200.86.98.101 - - [23/May/2016:15:02:03 -0300] "POST /cormun/servlet/solicitudot?gx-no-cache=1464026541497 HTTP/1.1" 200 2804
200.86.98.101 - - [23/May/2016:15:02:04 -0300] "POST /cormun/servlet/solicitudot?021bff9d19537d12df3a9d34ea780f81,INS,0,0,,gx-no-cache=1464026541799 HTTP/1.1" 200 8576
186.103.159.204 - - [23/May/2016:15:02:06 -0300] "POST /cormun/servlet/solicitudot?59eb085f0a8873f21e829e60090a8322,INS,0,0,,gx-no-cache=1464022938366 HTTP/1.1" 200 93
186.103.159.204 - - [23/May/2016:15:02:06 -0300] "GET /cormun/servlet/hpexe_return? HTTP/1.1" 200 1003
186.103.159.204 - - [23/May/2016:15:02:07 -0300] "GET /cormun/servlet/trsolicitudot HTTP/1.1" 200 9178
186.103.159.204 - - [23/May/2016:15:02:08 -0300] "GET /cormun/servlet/trsolicitudot HTTP/1.1" 200 9174
200.86.98.101 - - [23/May/2016:15:02:11 -0300] "GET /cormun/servlet/solicitudot?c4cba2dbae91b47556f8a44d20721308d6a7899aa46a091049e96ffb63e475100600c9a4a074eb4f282fc5f01ef5dcf1,gx-no-cache=1464026549339 HTTP/1.1" 200 30
200.86.98.101 - - [23/May/2016:15:02:11 -0300] "POST /cormun/servlet/solicitudot?gx-no-cache=1464026549475 HTTP/1.1" 200 30
200.86.98.101 - - [23/May/2016:15:02:14 -0300] "POST /cormun/servlet/solicitudot?gx-no-cache=1464026552201 HTTP/1.1" 200 30
200.86.98.101 - - [23/May/2016:15:02:26 -0300] "POST /cormun/servlet/solicitudot?gx-no-cache=1464026564830 HTTP/1.1" 200 1186
200.86.98.101 - - [23/May/2016:15:02:26 -0300] "GET /cormun/servlet/solicitudot?c4cba2dbae91b47556f8a44d20721308863ae5cab37e15324bdbcb46c37e9cb6516a1e472b972b85b81eaeb24be7b314614e35698948c94649510b8494aba620530cf72058137a189524cc0e92ac57c932cae76dff254cc5ea307f92b84fed8554442b1adf997d3cc29831210604b201fd70819e0b3d382181480a7ae3f1c09b670b486d42abddae7fadf40c2c951a71,gx-no-cache=1464026564989 HTTP/1.1" 200 38
186.103.159.204 - - [23/May/2016:15:02:28 -0300] "GET /cormun/servlet/solicitudot?INS,0,0, HTTP/1.1" 200 11776
186.103.159.204 - - [23/May/2016:15:02:30 -0300] "GET /cormun/servlet/solicitudot?INS,0,0, HTTP/1.1" 200 11781
186.103.159.204 - - [23/May/2016:15:02:42 -0300] "POST /cormun/servlet/solicitudot?gx-no-cache=1464022974125 HTTP/1.1" 200 2792
186.103.159.204 - - [23/May/2016:15:02:42 -0300] "POST /cormun/servlet/solicitudot?59eb085f0a8873f21e829e60090a8322,INS,0,0,,gx-no-cache=1464022974364 HTTP/1.1" 200 8586
186.103.159.204 - - [23/May/2016:15:02:42 -0300] "GET /cormun/servlet/solicitudot?eb7e36cbe6fbb3f8e6b8b34ad4c650a9562248c25be783be13f243a0d27a468a585987a99e8854c80f55838c3723d175,gx-no-cache=1464022974969 HTTP/1.1" 200 30
186.103.159.204 - - [23/May/2016:15:02:45 -0300] "POST /cormun/servlet/solicitudot?gx-no-cache=1464022977524 HTTP/1.1" 200 30
200.86.98.101 - - [23/May/2016:15:02:47 -0300] "GET /cormun/servlet/solicitudot?c4cba2dbae91b47556f8a44d207213083bb32ec5ba5f4de19ba1ccc478334c45f799cddfc8a92b92c85c815edd2aa50f1af47ff21f072f6c99df1cfe95742338f478e0c99875010ecd7ede63a7d396f37bab1d3f5cec2d9bee855c5e1e1626061075262df62efed0336c3a07711377d8,gx-no-cache=1464026585088 HTTP/1.1" 200 29
200.86.98.101 - - [23/May/2016:15:02:47 -0300] "POST /cormun/servlet/solicitudot?gx-no-cache=1464026585239 HTTP/1.1" 200 1143
200.86.98.101 - - [23/May/2016:15:02:47 -0300] "GET /cormun/static/menuarrow.gif HTTP/1.1" 404 1015
186.103.159.204 - - [23/May/2016:15:02:48 -0300] "POST /cormun/servlet/solicitudot?gx-no-cache=1464022980959 HTTP/1.1" 200 30
186.103.159.204 - - [23/May/2016:15:02:50 -0300] "POST /cormun/servlet/solicitudot?gx-no-cache=1464022982911 HTTP/1.1" 200 1187
186.103.159.204 - - [23/May/2016:15:02:50 -0300] "GET /cormun/servlet/solicitudot?eb7e36cbe6fbb3f8e6b8b34ad4c650a90ebaa92fbd06eb922b344f245cad58b4737ee7f8e1b2e36af4d267633c4c21d8b18f0a063c1b727c42421e293a46e6c0a5b7b145720c670f7f103ffb32e2103aee3d445561360f35b76a69029ff37c923411cdb09e28941d2d023ec12ca8d0d281d0cdf44f84c123b6fcce6949794c8bcdd568b1768591e00e7502009490effc,gx-no-cache=1464022983057 HTTP/1.1" 200 38
186.103.159.44 - - [23/May/2016:15:02:54 -0300] "GET /cormun/servlet/solicitudot?ef8892b8b3021bcc887de1aec028388b10eec294288d563c66271f5178ac156986c98a39b7ba3227210ea56b0e4297ce,gx-no-cache=1464026592116 HTTP/1.1" 200 30
186.103.159.44 - - [23/May/2016:15:02:54 -0300] "POST /cormun/servlet/solicitudot?gx-no-cache=1464026592211 HTTP/1.1" 200 30
186.103.159.44 - - [23/May/2016:15:02:57 -0300] "POST /cormun/servlet/solicitudot?gx-no-cache=1464026595142 HTTP/1.1" 200 30
186.103.159.204 - - [23/May/2016:15:02:58 -0300] "GET /cormun/servlet/solicitudot?eb7e36cbe6fbb3f8e6b8b34ad4c650a953a8129b79e51d3d49295a11e83a68ecb6adc8577996c2600f41e85534b5c1bd6d58af9b80941fc3cea08aa08e80de46df4b19bb156748758f6ed9ca722187a10dfb95808db59518e708c3556d5632ced54ad3eb151ff32ebf7e0c14bcc529d0430874342afb925a53a3a82e4b669b26,gx-no-cache=1464022990346 HTTP/1.1" 200 29
186.103.159.204 - - [23/May/2016:15:02:58 -0300] "POST /cormun/servlet/solicitudot?gx-no-cache=1464022990374 HTTP/1.1" 200 1144
186.103.159.204 - - [23/May/2016:15:02:58 -0300] "GET /cormun/static/menuarrow.gif HTTP/1.1" 404 1015
186.103.159.204 - - [23/May/2016:15:03:08 -0300] "GET /cormun/servlet/solicitudot?eb7e36cbe6fbb3f8e6b8b34ad4c650a90d8a4b3bef85ac6cda613b1ae6cb059dae1b6c9ccc15e0ad6577db264a792567cb2f460232f037b1f5dcd6f9186fcbc33e5c42b26365a8a2410c7498ea3221e60d644823655d32a0c31eca5d76171504ab91cd8c3dbea81a2058558861a8e834752e594aad3933956b03bf4b225b6102e285c7c62299e9f558bc915003a142e8a37fb8138ddbd1f24f96e07cb02afc5a10384f609c6394a7c043a64ef0d847f7,gx-no-cache=1464023000991 HTTP/1.1" 200 30
191.112.119.131 - - [23/May/2016:15:03:12 -0300] "POST /cormun/servlet/trsolicitudot?0137d1320908d24ad3f1fd39bb2e2fd0,,gx-no-cache=1464026600622 HTTP/1.1" 200 8322
191.112.119.131 - - [23/May/2016:15:03:12 -0300] "GET /cormun/static/Shared/jqueryui/images/ui-bg_highlight-soft_100_c6c2c8_1x100.png HTTP/1.1" 404 1117
191.112.119.131 - - [23/May/2016:15:03:12 -0300] "GET /cormun/static/Shared/jqueryui/images/ui-icons_82798d_256x240.png HTTP/1.1" 404 1089
191.112.119.131 - - [23/May/2016:15:03:16 -0300] "GET /cormun/static/Shared/jqueryui/images/ui-bg_flat_55_fafafa_40x100.png HTTP/1.1" 404 1097
