186.103.156.24 - - [20/May/2016:12:46:47 -0300] "GET /cormun/static/PXToolsJavascripts/pexe_tabdivfix.js HTTP/1.1" 200 876
186.103.156.24 - - [20/May/2016:12:46:47 -0300] "GET /cormun/static/PXToolsJavascripts/PXToolsJavascriptsRender.js HTTP/1.1" 200 367
186.103.156.24 - - [20/May/2016:12:46:47 -0300] "GET /cormun/static/PXToolsJavascripts/pexe_cookies.js HTTP/1.1" 200 792
186.103.156.24 - - [20/May/2016:12:46:48 -0300] "GET /cormun/static/PXToolsJavascripts/pexe_oav.js HTTP/1.1" 200 645
186.103.156.24 - - [20/May/2016:12:46:48 -0300] "GET /cormun/static/PXToolsJavascripts/pexe_menus.js HTTP/1.1" 200 1286
186.103.156.24 - - [20/May/2016:12:46:48 -0300] "GET /cormun/static/RunJS/RunJS.js HTTP/1.1" 200 288
186.103.156.24 - - [20/May/2016:12:46:48 -0300] "GET /cormun/static/hwchdr01.js?20162241650484 HTTP/1.1" 200 1183
186.103.156.24 - - [20/May/2016:12:46:48 -0300] "GET /cormun/static/hhome.js?2015112210564255 HTTP/1.1" 200 777
186.103.156.24 - - [20/May/2016:12:46:48 -0300] "GET /cormun/static/Shared/ext/locale/ext-lang-en.js HTTP/1.1" 200 10940
186.103.156.24 - - [20/May/2016:12:46:48 -0300] "GET /cormun/static/hpexe_recentlink.js?2015111312121342 HTTP/1.1" 200 2144
186.103.156.24 - - [20/May/2016:12:46:48 -0300] "GET /cormun/static/hpexe_messagecontroller.js?2015112210524422 HTTP/1.1" 200 870
186.103.156.24 - - [20/May/2016:12:46:48 -0300] "GET /cormun/static/hpexe_scripts.js?20151120014546 HTTP/1.1" 200 1544
186.103.156.24 - - [20/May/2016:12:46:48 -0300] "GET /cormun/static/Resources/PXToolsHeaderActionsLeft.png HTTP/1.1" 200 1118
186.103.156.24 - - [20/May/2016:12:46:48 -0300] "GET /cormun/static/Resources/PXToolsFooterBackground2.png HTTP/1.1" 200 1172
186.103.156.24 - - [20/May/2016:12:46:48 -0300] "GET /cormun/static/Resources/logo4.png HTTP/1.1" 200 6582
186.103.156.24 - - [20/May/2016:12:46:48 -0300] "GET /cormun/static/Resources/PXToolsHeaderBackground2.png HTTP/1.1" 200 1174
186.103.156.24 - - [20/May/2016:12:46:48 -0300] "GET /cormun/static/Resources/PXToolsHeaderActionsBackground.png HTTP/1.1" 200 484
186.103.156.24 - - [20/May/2016:12:46:48 -0300] "GET /cormun/static/Resources/PXToolsHeaderLogin.png HTTP/1.1" 200 4279
186.103.156.24 - - [20/May/2016:12:46:48 -0300] "GET /cormun/static/Resources/PXToolsHeaderSecurity.png HTTP/1.1" 200 4166
186.103.156.24 - - [20/May/2016:12:46:48 -0300] "GET /cormun/static/Resources/PXToolsHeaderPreferences.png HTTP/1.1" 200 4189
186.103.156.24 - - [20/May/2016:12:46:48 -0300] "GET /cormun/static/Resources/PXToolsDataTitle.png HTTP/1.1" 200 1173
186.103.156.24 - - [20/May/2016:12:46:48 -0300] "GET /cormun/static/Resources/PXToolsHeaderActionsRight.png HTTP/1.1" 200 1201
186.103.156.24 - - [20/May/2016:12:46:48 -0300] "GET /cormun/static/Resources/PXToolsHeaderHome.png HTTP/1.1" 200 4147
186.103.156.24 - - [20/May/2016:12:46:48 -0300] "GET /cormun/static/gxui/gxui-all.js HTTP/1.1" 200 107772
186.103.156.24 - - [20/May/2016:12:46:48 -0300] "GET /cormun/static/hpexe_messagepopupcomponent.js?201632119295953 HTTP/1.1" 200 605
186.103.156.24 - - [20/May/2016:12:46:48 -0300] "GET /cormun/static/hpexe_messagegenexuscomponent.js?20151120014314 HTTP/1.1" 200 587
186.103.156.24 - - [20/May/2016:12:46:48 -0300] "GET /cormun/static/cmcontrolpreferences.js?20151120014525 HTTP/1.1" 200 1375
186.103.156.24 - - [20/May/2016:12:46:48 -0300] "GET /cormun/static/Shared/jquery/jquery-1.4.2.min.js HTTP/1.1" 200 72174
186.103.156.24 - - [20/May/2016:12:46:48 -0300] "GET /cormun/static/SmoothNavMenu/resources/ddsmoothmenu.js HTTP/1.1" 200 12712
186.103.156.24 - - [20/May/2016:12:46:48 -0300] "GET /cormun/static/SmoothNavMenu/resources/SmoothNavMenuRender.js HTTP/1.1" 200 5951
186.103.156.24 - - [20/May/2016:12:46:48 -0300] "GET /cormun/static/scaMessage/js/jquery.pnotify.min.js HTTP/1.1" 200 13038
186.103.156.24 - - [20/May/2016:12:46:49 -0300] "GET /cormun/static/Shared/jquery/jquery-1.10.2.min.js HTTP/1.1" 200 273199
186.103.156.24 - - [20/May/2016:12:46:49 -0300] "GET /cormun/static/scaMessage/scaMessageRender.js HTTP/1.1" 200 11977
186.103.156.24 - - [20/May/2016:12:46:49 -0300] "GET /cormun/static/hmpwkw03.js?201631622503633 HTTP/1.1" 200 3898
186.103.156.24 - - [20/May/2016:12:46:49 -0300] "GET /cormun/static/Shared/ext/ext-all.js HTTP/1.1" 200 1289687
186.103.156.24 - - [20/May/2016:12:46:49 -0300] "GET /cormun/static/Shared/jqueryui/jquery-ui.min.js HTTP/1.1" 200 240427
186.103.156.24 - - [20/May/2016:12:46:50 -0300] "GET /cormun/static/SmoothNavMenu/resources/images/down.gif HTTP/1.1" 200 854
186.103.156.24 - - [20/May/2016:12:46:50 -0300] "GET /cormun/servlet/hhome HTTP/1.1" 200 3613
186.103.156.24 - - [20/May/2016:12:47:00 -0300] "GET /cormun/servlet/trlicencias? HTTP/1.1" 200 6430
186.103.156.24 - - [20/May/2016:12:47:01 -0300] "GET /cormun/static/gxui/gxui-all.css?110300 HTTP/1.1" 200 2179
186.103.156.24 - - [20/May/2016:12:47:01 -0300] "GET /cormun/static/gxcfg.js?2016591254526 HTTP/1.1" 200 953
186.103.156.24 - - [20/May/2016:12:47:01 -0300] "GET /cormun/static/calendar.js?85251 HTTP/1.1" 200 26246
186.103.156.24 - - [20/May/2016:12:47:01 -0300] "GET /cormun/static/calendar-system.css?75620 HTTP/1.1" 200 5572
186.103.156.24 - - [20/May/2016:12:47:01 -0300] "GET /cormun/static/calendar-setup.js?85251 HTTP/1.1" 200 2588
186.103.156.24 - - [20/May/2016:12:47:01 -0300] "GET /cormun/static/calendar-es.js?85251 HTTP/1.1" 200 1901
186.103.156.24 - - [20/May/2016:12:47:01 -0300] "GET /cormun/static/Resources/Spanish/PXTools.css?19284387 HTTP/1.1" 200 89042
186.103.156.24 - - [20/May/2016:12:47:01 -0300] "GET /cormun/static/gxdec.js?85251 HTTP/1.1" 200 19579
186.103.156.24 - - [20/May/2016:12:47:01 -0300] "GET /cormun/static/trlicencias.js?2016591254105 HTTP/1.1" 200 34282
186.103.156.24 - - [20/May/2016:12:47:01 -0300] "GET /cormun/static/Resources/PXTools/calendar.png HTTP/1.1" 200 1306
186.103.156.24 - - [20/May/2016:12:47:01 -0300] "GET /cormun/static/Resources/PXToolsDataSearch.png HTTP/1.1" 200 419
186.103.156.24 - - [20/May/2016:12:47:01 -0300] "GET /cormun/static/Resources/PXToolsGridFirstDisabled.gif HTTP/1.1" 200 100
186.103.156.24 - - [20/May/2016:12:47:02 -0300] "GET /cormun/static/Resources/PXToolsGridPreviousDisabled.gif HTTP/1.1" 200 90
186.103.156.24 - - [20/May/2016:12:47:02 -0300] "GET /cormun/static/Resources/PXToolsGridNextDisabled.gif HTTP/1.1" 200 90
186.103.156.24 - - [20/May/2016:12:47:02 -0300] "GET /cormun/static/Shared/ext/resources/css/ext-all.css?205870 HTTP/1.1" 200 416045
186.103.156.24 - - [20/May/2016:12:47:02 -0300] "GET /cormun/static/Resources/PXToolsGridLastDisabled.gif HTTP/1.1" 200 98
186.103.156.24 - - [20/May/2016:12:47:02 -0300] "GET /cormun/static/Resources/PXToolsGridPage.gif HTTP/1.1" 200 725
186.103.156.24 - - [20/May/2016:12:47:02 -0300] "GET /cormun/static/Resources/PXToolsActionExcel.png HTTP/1.1" 200 3187
186.103.156.24 - - [20/May/2016:12:47:02 -0300] "GET /cormun/static/Resources/PXToolsGridNew.png HTTP/1.1" 200 2949
186.103.156.24 - - [20/May/2016:12:47:03 -0300] "GET /cormun/static/Resources/asc.gif HTTP/1.1" 200 67
186.103.156.24 - - [20/May/2016:12:47:03 -0300] "GET /cormun/static/Resources/desc.gif HTTP/1.1" 200 65
186.103.156.24 - - [20/May/2016:12:47:03 -0300] "GET /cormun/static/Shared/ext/resources/themes/images/default/tools/tool-sprites.gif HTTP/1.1" 200 5434
186.103.156.24 - - [20/May/2016:12:47:03 -0300] "GET /cormun/static/Shared/ext/resources/themes/images/default/panel/bg-headersPanel.png HTTP/1.1" 200 255
186.103.156.24 - - [20/May/2016:12:47:03 -0300] "GET /cormun/servlet/trlicencias? HTTP/1.1" 200 6429
186.103.159.182 - - [20/May/2016:12:47:04 -0300] "GET /cormun/servlet/solicitudotadjuntos?098a2e35c271e47f1cc87939b78fa2024619fcc244950770083c5f63a3ae8ee4,gx-no-cache=1463759242014 HTTP/1.1" 200 30
186.103.159.182 - - [20/May/2016:12:47:04 -0300] "GET /cormun/servlet/solicitudotadjuntos?098a2e35c271e47f1cc87939b78fa2024619fcc244950770083c5f63a3ae8ee4,gx-no-cache=1463759242089 HTTP/1.1" 200 30
186.103.159.189 - - [20/May/2016:12:47:04 -0300] "GET /cormun/servlet/solicitudot?INS,0,0, HTTP/1.1" 200 11696
186.103.156.24 - - [20/May/2016:12:47:04 -0300] "POST /cormun/servlet/acontrolpreferencessavestate?None,GALVAREZ,true HTTP/1.1" 200 35
186.103.159.182 - - [20/May/2016:12:47:05 -0300] "POST /cormun/servlet/solicitudotadjuntos?a0c5bd34da88c87f0b7ec583732bef68,INS,2016,1811,,1, HTTP/1.1" 200 116
186.103.159.182 - - [20/May/2016:12:47:05 -0300] "GET /cormun/servlet/hpexe_return? HTTP/1.1" 200 1026
186.103.159.182 - - [20/May/2016:12:47:07 -0300] "GET /cormun/servlet/trsolicitudadjuntos?2016,1811, HTTP/1.1" 200 7865
186.103.159.189 - - [20/May/2016:12:47:07 -0300] "GET /cormun/servlet/solicitudot?INS,0,0, HTTP/1.1" 200 11701
186.103.159.182 - - [20/May/2016:12:47:12 -0300] "GET /cormun/servlet/trsolicitudadjuntos?2016,1811, HTTP/1.1" 200 7863
186.103.159.189 - - [20/May/2016:12:47:19 -0300] "POST /cormun/servlet/solicitudot?gx-no-cache=1463755654684 HTTP/1.1" 200 2756
186.103.156.24 - - [20/May/2016:12:47:19 -0300] "GET /cormun/servlet/hhome HTTP/1.1" 200 3622
186.103.159.189 - - [20/May/2016:12:47:20 -0300] "POST /cormun/servlet/solicitudot?7a2fe42cd93e32496035efc18f09e830,INS,0,0,,gx-no-cache=1463755655142 HTTP/1.1" 200 8503
186.103.156.24 - - [20/May/2016:12:47:21 -0300] "GET /cormun/servlet/hhome HTTP/1.1" 200 3617
186.103.159.189 - - [20/May/2016:12:47:22 -0300] "GET /cormun/servlet/solicitudot?4147a501774f3b6fc78ad33dba92996029286bfe54a24a463c537c6a5d57c30e0e33cd2828f5f3a94bf80592c54e9747,gx-no-cache=1463755658272 HTTP/1.1" 200 30
186.103.159.189 - - [20/May/2016:12:47:22 -0300] "POST /cormun/servlet/solicitudot?gx-no-cache=1463755658378 HTTP/1.1" 200 30
186.103.156.24 - - [20/May/2016:12:47:28 -0300] "GET /cormun/servlet/trautorizarsolicitud? HTTP/1.1" 200 6478
186.103.156.24 - - [20/May/2016:12:47:28 -0300] "GET /cormun/static/gxcfg.js?201632119361219 HTTP/1.1" 200 953
186.103.156.24 - - [20/May/2016:12:47:29 -0300] "GET /cormun/static/trautorizarsolicitud.js?20163211936186 HTTP/1.1" 200 44547
186.103.156.24 - - [20/May/2016:12:47:30 -0300] "GET /cormun/servlet/trautorizarsolicitud? HTTP/1.1" 200 6477
186.103.159.189 - - [20/May/2016:12:47:34 -0300] "POST /cormun/servlet/solicitudot?gx-no-cache=1463755670123 HTTP/1.1" 200 122
186.103.159.189 - - [20/May/2016:12:47:34 -0300] "GET /cormun/static/Shared/jqueryui/images/ui-bg_highlight-soft_100_c6c2c8_1x100.png HTTP/1.1" 404 1117
186.103.159.189 - - [20/May/2016:12:47:34 -0300] "GET /cormun/static/Shared/jqueryui/images/ui-icons_82798d_256x240.png HTTP/1.1" 404 1089
186.103.159.189 - - [20/May/2016:12:47:34 -0300] "GET /cormun/static/Shared/jqueryui/images/ui-bg_flat_55_fafafa_40x100.png HTTP/1.1" 404 1097
186.103.159.189 - - [20/May/2016:12:47:34 -0300] "GET /cormun/static/Shared/jqueryui/images/ui-icons_8d78a5_256x240.png HTTP/1.1" 404 1089
186.103.156.24 - - [20/May/2016:12:47:41 -0300] "GET /cormun/servlet/trsolicitudot? HTTP/1.1" 200 6536
186.103.159.189 - - [20/May/2016:12:47:41 -0300] "GET /cormun/servlet/prsolicitudot?14247258,,,,,MD,,gxPopupLevel%3D0%3B HTTP/1.1" 200 5802
186.103.159.189 - - [20/May/2016:12:47:41 -0300] "GET /cormun/static/gxcfg.js?201631022393559 HTTP/1.1" 304 -
186.103.156.24 - - [20/May/2016:12:47:41 -0300] "GET /cormun/static/gxui/gxui-all.css?120300 HTTP/1.1" 200 2179
186.103.156.24 - - [20/May/2016:12:47:41 -0300] "GET /cormun/static/gxcfg.js?201631022392470 HTTP/1.1" 200 953
186.103.156.24 - - [20/May/2016:12:47:41 -0300] "GET /cormun/static/calendar-system.css?85620 HTTP/1.1" 200 5572
186.103.156.24 - - [20/May/2016:12:47:41 -0300] "GET /cormun/static/trsolicitudot.js?201631022393178 HTTP/1.1" 200 44568
186.103.156.24 - - [20/May/2016:12:47:42 -0300] "GET /cormun/static/Resources/Spanish/PXTools.css?2139548 HTTP/1.1" 200 89042
186.103.156.24 - - [20/May/2016:12:47:42 -0300] "GET /cormun/static/Shared/ext/resources/css/ext-all.css?215870 HTTP/1.1" 200 416045
186.103.156.24 - - [20/May/2016:12:47:43 -0300] "GET /cormun/servlet/trsolicitudot? HTTP/1.1" 200 6536
186.103.156.24 - - [20/May/2016:12:47:46 -0300] "GET /cormun/servlet/solicitudot?INS,0,0, HTTP/1.1" 200 11760
186.103.156.24 - - [20/May/2016:12:47:46 -0300] "GET /cormun/static/Resources/Spanish/PXTools.css?22445990 HTTP/1.1" 200 89042
186.103.156.24 - - [20/May/2016:12:47:46 -0300] "GET /cormun/static/gxcfg.js?201631710541238 HTTP/1.1" 200 953
186.103.156.24 - - [20/May/2016:12:47:46 -0300] "GET /cormun/static/solicitudot.js?201631710541292 HTTP/1.1" 200 45515
186.103.159.189 - - [20/May/2016:12:47:47 -0300] "POST /cormun/servlet/solicitudot?gx-no-cache=1463755682434 HTTP/1.1" 200 452
186.103.156.24 - - [20/May/2016:12:47:47 -0300] "GET /cormun/static/Resources/prompt.gif HTTP/1.1" 200 902
186.103.159.189 - - [20/May/2016:12:47:47 -0300] "GET /cormun/servlet/solicitudot?4147a501774f3b6fc78ad33dba9299601371cd25a9b4cd6ea878cd86047317c554b961844d853d70096f10f0ae4077a84529c9beb1bd8be229a9161666d1e89a172600cf8153152d0e8c1cb2cfef38e9518e9cafe0efbed7f312c5a0e609ec6bf8fd4a0cc150997a95c9f2f5d7e82f25b45615f862efbd94cbb8961165847d97322f58741a4cd025d66558b7ebe0315a,gx-no-cache=1463755682601 HTTP/1.1" 200 38
186.103.159.189 - - [20/May/2016:12:47:47 -0300] "GET /cormun/servlet/solicitudot?4147a501774f3b6fc78ad33dba929960162d089cf5c1f9bddac76d784be6ffdaeb7364fcde82afd713490af28b8375e2d85c12c455e762b999000fed1c8eeebbd63a4582ab89908199a0480f281421d2a9969acb4dc6ae292a7a47981c5c243732635ded9423c4e4096a986d63f3e399ec534e3fb0c65d71505b439d364c72438adc3cdad0b7b420efa143e2ed7aef5023da8f132db0290aa56d7e7b89f749e5,gx-no-cache=1463755682683 HTTP/1.1" 200 29
186.103.159.189 - - [20/May/2016:12:47:47 -0300] "POST /cormun/servlet/solicitudot?gx-no-cache=1463755682764 HTTP/1.1" 200 404
186.103.156.24 - - [20/May/2016:12:47:48 -0300] "GET /cormun/servlet/solicitudot?INS,0,0, HTTP/1.1" 200 11765
186.103.156.24 - - [20/May/2016:12:47:51 -0300] "GET /cormun/static/Resources/resize.gif HTTP/1.1" 200 77
186.103.156.24 - - [20/May/2016:12:47:55 -0300] "GET /cormun/servlet/prfichaempleado?,MD,,gxPopupLevel%3D0%3B HTTP/1.1" 200 7934
186.103.156.24 - - [20/May/2016:12:47:55 -0300] "GET /cormun/static/gxui/gxui-all.css?1917420 HTTP/1.1" 200 2179
186.103.156.24 - - [20/May/2016:12:47:55 -0300] "GET /cormun/static/gxcfg.js?201511151625694 HTTP/1.1" 200 953
186.103.156.24 - - [20/May/2016:12:47:55 -0300] "GET /cormun/static/scaMessage/css/jquery-ui.css?104140 HTTP/1.1" 404 1045
186.103.156.24 - - [20/May/2016:12:47:55 -0300] "GET /cormun/static/scaMessage/css/jquery.pnotify.default.css?1816380 HTTP/1.1" 200 1707
186.103.156.24 - - [20/May/2016:12:47:55 -0300] "GET /cormun/static/prfichaempleado.js?201511151625857 HTTP/1.1" 200 15035
186.103.156.24 - - [20/May/2016:12:47:55 -0300] "GET /cormun/static/Resources/Spanish/PXTools.css?16184758 HTTP/1.1" 200 89042
186.103.156.24 - - [20/May/2016:12:47:55 -0300] "GET /cormun/static/menusearch.js?20163211930269 HTTP/1.1" 200 1424
186.103.156.24 - - [20/May/2016:12:47:55 -0300] "GET /cormun/static/hmpwkw01.js?201511211495945 HTTP/1.1" 200 2037
186.103.156.24 - - [20/May/2016:12:47:55 -0300] "GET /cormun/static/Resources/PXToolsMenuSearch.png HTTP/1.1" 200 2914
186.103.156.24 - - [20/May/2016:12:47:55 -0300] "GET /cormun/static/Resources/PXToolsMenuSearchCancel.png HTTP/1.1" 200 2972
186.103.156.24 - - [20/May/2016:12:47:55 -0300] "GET /cormun/static/Resources/PXToolsGridFirst.gif HTTP/1.1" 200 379
186.103.156.24 - - [20/May/2016:12:47:55 -0300] "GET /cormun/static/Resources/PXToolsGridNext.gif HTTP/1.1" 200 369
186.103.156.24 - - [20/May/2016:12:47:55 -0300] "GET /cormun/static/Resources/PXToolsGridPrevious.gif HTTP/1.1" 200 369
186.103.156.24 - - [20/May/2016:12:47:55 -0300] "GET /cormun/static/Resources/PXToolsGridLast.gif HTTP/1.1" 200 370
186.103.156.24 - - [20/May/2016:12:47:55 -0300] "GET /cormun/static/Shared/jqueryui/jquery-ui.min-1.8.js HTTP/1.1" 200 213511
186.103.159.189 - - [20/May/2016:12:47:59 -0300] "POST /cormun/servlet/solicitudot?gx-no-cache=1463755694675 HTTP/1.1" 200 1144
186.103.156.24 - - [20/May/2016:12:48:09 -0300] "POST /cormun/servlet/prfichaempleado?671d1498dfbf6c4fa4aa11aa65d1310f,,MD,,gxPopupLevel%3D0%3B,gx-no-cache=1463759389581 HTTP/1.1" 200 2761
186.103.156.24 - - [20/May/2016:12:48:14 -0300] "POST /cormun/servlet/solicitudot?gx-no-cache=1463759394884 HTTP/1.1" 200 2765
186.103.156.24 - - [20/May/2016:12:48:15 -0300] "POST /cormun/servlet/solicitudot?671d1498dfbf6c4fa4aa11aa65d1310f,INS,0,0,,gx-no-cache=1463759395615 HTTP/1.1" 200 8536
186.103.156.24 - - [20/May/2016:12:48:15 -0300] "GET /cormun/servlet/solicitudot?f1813a12f9c648851e9a1432ef1816adfbcd6db83060ec1f5026b127a4740587f518757fb18f9497e55fcbc107170383,gx-no-cache=1463759396270 HTTP/1.1" 200 30
186.103.156.24 - - [20/May/2016:12:48:23 -0300] "POST /cormun/servlet/solicitudot?gx-no-cache=1463759404113 HTTP/1.1" 200 30
186.103.156.24 - - [20/May/2016:12:48:29 -0300] "POST /cormun/servlet/solicitudot?gx-no-cache=1463759410492 HTTP/1.1" 200 30
186.103.156.24 - - [20/May/2016:12:48:35 -0300] "GET /cormun/servlet/prfichaempleado?,MD,,gxPopupLevel%3D0%3B HTTP/1.1" 200 7934
186.103.156.24 - - [20/May/2016:12:48:36 -0300] "GET /cormun/static/scaMessage/css/jquery-ui.css?104140 HTTP/1.1" 404 1045
186.103.159.182 - - [20/May/2016:12:48:48 -0300] "GET /cormun/servlet/solicitudotadjuntos?INS,2016,1811,,1, HTTP/1.1" 200 5627
186.103.159.182 - - [20/May/2016:12:48:49 -0300] "GET /cormun/static/about:blank HTTP/1.1" 404 1011
186.103.156.24 - - [20/May/2016:12:48:49 -0300] "POST /cormun/servlet/prfichaempleado?671d1498dfbf6c4fa4aa11aa65d1310f,,MD,,gxPopupLevel%3D0%3B,gx-no-cache=1463759430343 HTTP/1.1" 200 2763
186.103.159.182 - - [20/May/2016:12:48:51 -0300] "GET /cormun/servlet/solicitudotadjuntos?INS,2016,1811,,1, HTTP/1.1" 200 5621
186.103.159.182 - - [20/May/2016:12:48:52 -0300] "GET /cormun/servlet/solicitudotadjuntos?098a2e35c271e47f1cc87939b78fa20289d20ad8e4cc3b42aae2de63321c2b558a4e5321963df4cde6cdf1acd24eaafa,gx-no-cache=1463759350102 HTTP/1.1" 200 30
186.103.159.182 - - [20/May/2016:12:48:52 -0300] "POST /cormun/servlet/solicitudotadjuntos?a0c5bd34da88c87f0b7ec583732bef68,INS,2016,1811,,1,,gx-no-cache=1463759350306 HTTP/1.1" 200 3474
186.103.156.24 - - [20/May/2016:12:48:58 -0300] "POST /cormun/servlet/solicitudot?gx-no-cache=1463759439734 HTTP/1.1" 200 1183
186.103.156.24 - - [20/May/2016:12:48:58 -0300] "GET /cormun/static/menuarrow.gif HTTP/1.1" 404 1015
186.103.159.182 - - [20/May/2016:12:49:02 -0300] "POST /cormun/servlet/solicitudotadjuntos?gx-no-cache=1463759360465 HTTP/1.1" 200 26
186.103.156.24 - - [20/May/2016:12:49:07 -0300] "GET /cormun/servlet/solicitudot?f1813a12f9c648851e9a1432ef1816ad01759c15675e61b3eaf6aa658ffdba2c84c34ffa09bb3d6270a2e21e4c1efd3b64d55f0e62f94d8addd94738ea7cd1b9c8008503fdc7cde9f82f94b1e9036ff4cd63647e840e189097c6d40f1d649ef4741457f9a493f79d97a7c88d631855275e681bcdcde4d9e537bb7447092ee86bd40d6644fd465917c83fb9bc19e511e5a08b554840e4af6e504da102a0b8a296,gx-no-cache=1463759448877 HTTP/1.1" 200 38
186.103.159.182 - - [20/May/2016:12:49:09 -0300] "GET /cormun/servlet/solicitudotadjuntos?098a2e35c271e47f1cc87939b78fa2024619fcc244950770083c5f63a3ae8ee4,gx-no-cache=1463759367918 HTTP/1.1" 200 30
186.103.159.182 - - [20/May/2016:12:49:09 -0300] "GET /cormun/servlet/solicitudotadjuntos?098a2e35c271e47f1cc87939b78fa2024619fcc244950770083c5f63a3ae8ee4,gx-no-cache=1463759367974 HTTP/1.1" 200 30
186.103.159.182 - - [20/May/2016:12:49:12 -0300] "POST /cormun/servlet/solicitudotadjuntos?a0c5bd34da88c87f0b7ec583732bef68,INS,2016,1811,,1, HTTP/1.1" 200 116
186.103.159.182 - - [20/May/2016:12:49:12 -0300] "GET /cormun/servlet/hpexe_return? HTTP/1.1" 200 1026
186.103.156.24 - - [20/May/2016:12:49:13 -0300] "GET /cormun/servlet/solicitudot?f1813a12f9c648851e9a1432ef1816ad3b2930d883ea530fb7873da0bf097567ce1d6305ea9e3aecddab8dcfe61450922ebd2c5132d599a8113a8071c58fee3e731bfd28d07a1fab98a9d4ea097e778bec3fae1b5cf272b1d6ad8acc20c022091f08088cdaecb06289f2317208b11851,gx-no-cache=1463759455472 HTTP/1.1" 200 29
186.103.156.24 - - [20/May/2016:12:49:13 -0300] "POST /cormun/servlet/solicitudot?gx-no-cache=1463759455529 HTTP/1.1" 200 1143
186.103.159.182 - - [20/May/2016:12:49:14 -0300] "GET /cormun/servlet/trsolicitudadjuntos?2016,1811, HTTP/1.1" 200 7976
186.103.159.182 - - [20/May/2016:12:49:17 -0300] "GET /cormun/servlet/trsolicitudadjuntos?2016,1811, HTTP/1.1" 200 7974
186.103.156.24 - - [20/May/2016:12:49:22 -0300] "GET /cormun/servlet/solicitudot?f1813a12f9c648851e9a1432ef1816add76c7da4478bd239b73974fd903fb1a24ac01b713c6c3e81898722c922fa586da9ba9355b26993d6491251241a7eb27104da71b3bb3314a468f936c79ec81b66fc919b283a48b54c8e8ffda4f11d12993bb1b448068376ce9882bdb9993196113391997598859c1d9001c3685fd736e834e0cee7f71af8789d96b6111290b48a3cb36c4367ba1b356d63be2effd41d9de7f768fa1e58cc399db22343a593a59acae6217507e5ca39773e3b4246fa6c6b,gx-no-cache=1463759464528 HTTP/1.1" 200 30
186.103.159.182 - - [20/May/2016:12:49:25 -0300] "GET /cormun/servlet/solicitudotadjuntos?INS,2016,1811,,1, HTTP/1.1" 200 5627
186.103.159.182 - - [20/May/2016:12:49:26 -0300] "GET /cormun/static/about:blank HTTP/1.1" 404 1011
186.103.159.182 - - [20/May/2016:12:49:29 -0300] "GET /cormun/servlet/solicitudotadjuntos?INS,2016,1811,,1, HTTP/1.1" 200 5621
186.103.159.182 - - [20/May/2016:12:49:29 -0300] "GET /cormun/servlet/solicitudotadjuntos?098a2e35c271e47f1cc87939b78fa20289d20ad8e4cc3b42aae2de63321c2b558a4e5321963df4cde6cdf1acd24eaafa,gx-no-cache=1463759387508 HTTP/1.1" 200 30
186.103.159.182 - - [20/May/2016:12:49:31 -0300] "POST /cormun/servlet/solicitudotadjuntos?a0c5bd34da88c87f0b7ec583732bef68,INS,2016,1811,,1,,gx-no-cache=1463759388597 HTTP/1.1" 200 3474
186.103.159.182 - - [20/May/2016:12:49:33 -0300] "POST /cormun/servlet/solicitudotadjuntos?gx-no-cache=1463759391655 HTTP/1.1" 200 26
186.103.156.24 - - [20/May/2016:12:49:39 -0300] "POST /cormun/servlet/solicitudot?671d1498dfbf6c4fa4aa11aa65d1310f,INS,0,0,,gx-no-cache=1463759481499 HTTP/1.1" 200 9564
186.103.156.24 - - [20/May/2016:12:49:40 -0300] "GET /cormun/static/Shared/jqueryui/images/ui-bg_highlight-soft_100_c6c2c8_1x100.png HTTP/1.1" 404 1117
186.103.159.182 - - [20/May/2016:12:49:40 -0300] "GET /cormun/servlet/solicitudotadjuntos?098a2e35c271e47f1cc87939b78fa2024619fcc244950770083c5f63a3ae8ee4,gx-no-cache=1463759398397 HTTP/1.1" 200 30
186.103.159.182 - - [20/May/2016:12:49:40 -0300] "GET /cormun/servlet/solicitudotadjuntos?098a2e35c271e47f1cc87939b78fa2024619fcc244950770083c5f63a3ae8ee4,gx-no-cache=1463759398470 HTTP/1.1" 200 30
186.103.156.24 - - [20/May/2016:12:49:40 -0300] "GET /cormun/static/Shared/jqueryui/images/ui-icons_82798d_256x240.png HTTP/1.1" 404 1089
186.103.156.24 - - [20/May/2016:12:49:40 -0300] "GET /cormun/static/Shared/jqueryui/images/ui-bg_flat_55_994d53_40x100.png HTTP/1.1" 404 1097
186.103.156.24 - - [20/May/2016:12:49:40 -0300] "GET /cormun/static/Shared/jqueryui/images/ui-icons_ebccce_256x240.png HTTP/1.1" 404 1089
186.103.159.182 - - [20/May/2016:12:49:45 -0300] "POST /cormun/servlet/solicitudotadjuntos?a0c5bd34da88c87f0b7ec583732bef68,INS,2016,1811,,1, HTTP/1.1" 200 116
186.103.159.182 - - [20/May/2016:12:49:46 -0300] "GET /cormun/servlet/hpexe_return? HTTP/1.1" 200 1026
186.103.159.182 - - [20/May/2016:12:49:47 -0300] "GET /cormun/servlet/trsolicitudadjuntos?2016,1811, HTTP/1.1" 200 8119
186.103.159.189 - - [20/May/2016:12:49:49 -0300] "GET /cormun/servlet/solicitudot?4147a501774f3b6fc78ad33dba929960697f19473adf709e2dedc4aea1b96753d351eeadd163f24df2fc03ef18cc31d97dff715a58be2fdf0ac7f5ca5136f24ff956df19be6fe64fb30cde08f57a46df9489e053859086f8b90324a58972a6e6f0876af6a1cc314b085df8f18e6efd989f450bc181a03049ff88a05cb79a0c38317ccc86aeb7837ce6a88ab6a937d93a2e44a4fa8257cf630a9ece28950d86a9830360df6d041ff6132b5099c051b9bc,gx-no-cache=1463755805130 HTTP/1.1" 200 30
186.103.159.182 - - [20/May/2016:12:49:51 -0300] "GET /cormun/servlet/trsolicitudadjuntos?2016,1811, HTTP/1.1" 200 8118
186.103.156.24 - - [20/May/2016:12:49:55 -0300] "GET /cormun/servlet/solicitudot?f1813a12f9c648851e9a1432ef1816ad01759c15675e61b3eaf6aa658ffdba2c84c34ffa09bb3d6270a2e21e4c1efd3b64d55f0e62f94d8addd94738ea7cd1b9c8008503fdc7cde9f82f94b1e9036ff4cd63647e840e189097c6d40f1d649ef4741457f9a493f79d97a7c88d631855275e681bcdcde4d9e537bb7447092ee86bd40d6644fd465917c83fb9bc19e511e5ea2a1a687a7b60396b698d9c6e0f7c4b,gx-no-cache=1463759498830 HTTP/1.1" 200 41
186.103.156.24 - - [20/May/2016:12:49:55 -0300] "GET /cormun/servlet/solicitudot?f1813a12f9c648851e9a1432ef1816add76c7da4478bd239b73974fd903fb1a24ac01b713c6c3e81898722c922fa586da9ba9355b26993d6491251241a7eb27104da71b3bb3314a468f936c79ec81b66fc919b283a48b54c8e8ffda4f11d12993bb1b448068376ce9882bdb9993196113391997598859c1d9001c3685fd736e834e0cee7f71af8789d96b6111290b48a3cb36c4367ba1b356d63be2effd41d9de7f768fa1e58cc399db22343a593a59acae6217507e5ca39773e3b4246fa6c6b,gx-no-cache=1463759498895 HTTP/1.1" 200 30
186.103.159.182 - - [20/May/2016:12:49:55 -0300] "POST /cormun/servlet/trsolicitudadjuntos?a0c5bd34da88c87f0b7ec583732bef68,2016,1811,,gx-no-cache=1463759413688 HTTP/1.1" 200 90
186.103.159.182 - - [20/May/2016:12:49:56 -0300] "GET /cormun/servlet/hpexe_link HTTP/1.1" 200 968
186.103.156.24 - - [20/May/2016:12:49:56 -0300] "POST /cormun/servlet/solicitudot?671d1498dfbf6c4fa4aa11aa65d1310f,INS,0,0,,gx-no-cache=1463759498971 HTTP/1.1" 200 9611
186.103.159.182 - - [20/May/2016:12:49:56 -0300] "GET /cormun/servlet/trsolicitudot HTTP/1.1" 200 7793
186.103.159.182 - - [20/May/2016:12:49:59 -0300] "GET /cormun/servlet/trsolicitudot HTTP/1.1" 200 7792
186.103.159.182 - - [20/May/2016:12:50:05 -0300] "POST /cormun/servlet/trsolicitudot?a0c5bd34da88c87f0b7ec583732bef68,gx-no-cache=1463759423025 HTTP/1.1" 200 3899
186.103.159.182 - - [20/May/2016:12:50:05 -0300] "GET /cormun/static/Shared/jqueryui/images/ui-bg_flat_55_fafafa_40x100.png HTTP/1.1" 404 1097
186.103.159.182 - - [20/May/2016:12:50:05 -0300] "GET /cormun/static/Shared/jqueryui/images/ui-icons_8d78a5_256x240.png HTTP/1.1" 404 1089
186.103.159.182 - - [20/May/2016:12:50:06 -0300] "POST /cormun/servlet/trsolicitudot?a0c5bd34da88c87f0b7ec583732bef68,gx-no-cache=1463759423850 HTTP/1.1" 200 3748
186.103.156.24 - - [20/May/2016:12:50:06 -0300] "GET /cormun/servlet/solicitudot?f1813a12f9c648851e9a1432ef1816ad01759c15675e61b3eaf6aa658ffdba2c84c34ffa09bb3d6270a2e21e4c1efd3b64d55f0e62f94d8addd94738ea7cd1b9c8008503fdc7cde9f82f94b1e9036ff4cd63647e840e189097c6d40f1d649ef4741457f9a493f79d97a7c88d631855275e681bcdcde4d9e537bb7447092ee86bb03228f05cb59292926f08b734838c1f799fab3dcdaa26ac12e9dd1bafd7c6b5,gx-no-cache=1463759510343 HTTP/1.1" 200 41
186.103.156.24 - - [20/May/2016:12:50:06 -0300] "GET /cormun/servlet/solicitudot?f1813a12f9c648851e9a1432ef1816add76c7da4478bd239b73974fd903fb1a28129952f74932daa0a018b9ec96aed2d48d007885c420f214379d202eb16177e8a5bb31707380f21c8bd24e0cc33c7bd351127df22a1cfeff4d7e74dbda90a2e675e682eaf84b35afae6d72276804490471c711ef8b63ba77bde4516909214d33bc5b7f63148ea42e5cc5e910f9ba33f39f647e749ad7090a32c9b2ae55b6ca007859806583e30e6cfb32a52aa035a61,gx-no-cache=1463759510406 HTTP/1.1" 200 30
186.103.159.189 - - [20/May/2016:12:50:07 -0300] "POST /cormun/servlet/solicitudot?gx-no-cache=1463755822587 HTTP/1.1" 200 30
186.103.156.24 - - [20/May/2016:12:50:07 -0300] "POST /cormun/servlet/solicitudot?671d1498dfbf6c4fa4aa11aa65d1310f,INS,0,0,,gx-no-cache=1463759510461 HTTP/1.1" 200 9643
186.103.159.182 - - [20/May/2016:12:50:19 -0300] "GET /cormun/servlet/trautorizarsolicitud? HTTP/1.1" 200 7728
186.103.159.182 - - [20/May/2016:12:50:19 -0300] "GET /cormun/static/gxui/gxui-all.css?110300 HTTP/1.1" 200 2179
186.103.159.182 - - [20/May/2016:12:50:19 -0300] "GET /cormun/static/gxcfg.js?201632119361219 HTTP/1.1" 200 953
186.103.159.182 - - [20/May/2016:12:50:20 -0300] "GET /cormun/static/trautorizarsolicitud.js?20163211936186 HTTP/1.1" 200 44547
186.103.156.24 - - [20/May/2016:12:50:20 -0300] "POST /cormun/servlet/solicitudot?671d1498dfbf6c4fa4aa11aa65d1310f,INS,0,0,,gx-no-cache=1463759523365 HTTP/1.1" 200 9693
186.103.159.182 - - [20/May/2016:12:50:20 -0300] "GET /cormun/static/Shared/ext/resources/css/ext-all.css?205870 HTTP/1.1" 200 416045
186.103.159.182 - - [20/May/2016:12:50:23 -0300] "GET /cormun/servlet/trautorizarsolicitud? HTTP/1.1" 200 7727
186.103.156.24 - - [20/May/2016:12:50:34 -0300] "GET /cormun/servlet/prlicenciaspermisos?13944581,L,,MD,,gxPopupLevel%3D0%3B HTTP/1.1" 200 6211
186.103.156.24 - - [20/May/2016:12:50:34 -0300] "GET /cormun/static/Shared/jqueryui/jquery-ui.min.css?1345370 HTTP/1.1" 200 30288
186.103.156.24 - - [20/May/2016:12:50:34 -0300] "GET /cormun/static/prlicenciaspermisos.js?201641414371699 HTTP/1.1" 200 13349
186.103.156.24 - - [20/May/2016:12:50:34 -0300] "GET /cormun/static/gxcfg.js?201641414371498 HTTP/1.1" 200 953
186.103.156.24 - - [20/May/2016:12:50:34 -0300] "GET /cormun/static/hmpwkw011.js?201631021445036 HTTP/1.1" 200 1968
186.103.159.182 - - [20/May/2016:12:50:35 -0300] "POST /cormun/servlet/trautorizarsolicitud?a0c5bd34da88c87f0b7ec583732bef68,,gx-no-cache=1463759453186 HTTP/1.1" 200 3869
186.103.159.182 - - [20/May/2016:12:50:36 -0300] "POST /cormun/servlet/trautorizarsolicitud?a0c5bd34da88c87f0b7ec583732bef68,,gx-no-cache=1463759453865 HTTP/1.1" 200 3725
186.103.159.189 - - [20/May/2016:12:50:38 -0300] "POST /cormun/servlet/solicitudot?7a2fe42cd93e32496035efc18f09e830,INS,0,0,,gx-no-cache=1463755853598 HTTP/1.1" 200 93
186.103.159.189 - - [20/May/2016:12:50:38 -0300] "GET /cormun/servlet/hpexe_return? HTTP/1.1" 200 1012
186.103.159.189 - - [20/May/2016:12:50:39 -0300] "GET /cormun/servlet/trsolicitudot HTTP/1.1" 200 7779
186.103.159.189 - - [20/May/2016:12:50:42 -0300] "GET /cormun/servlet/trsolicitudot HTTP/1.1" 200 7775
186.103.159.189 - - [20/May/2016:12:50:47 -0300] "POST /cormun/servlet/trsolicitudot?7a2fe42cd93e32496035efc18f09e830,gx-no-cache=1463755862572 HTTP/1.1" 200 106
186.103.159.189 - - [20/May/2016:12:50:47 -0300] "GET /cormun/servlet/trsolicitudadjuntos?2016,1812, HTTP/1.1" 200 5506
186.103.159.189 - - [20/May/2016:12:50:47 -0300] "GET /cormun/static/gxcfg.js?2016311731090 HTTP/1.1" 304 -
186.103.159.189 - - [20/May/2016:12:50:50 -0300] "GET /cormun/servlet/trsolicitudadjuntos?2016,1812, HTTP/1.1" 200 5506
186.103.159.189 - - [20/May/2016:12:51:11 -0300] "GET /cormun/servlet/solicitudotadjuntos?INS,2016,1812,,1, HTTP/1.1" 200 5595
186.103.159.189 - - [20/May/2016:12:51:11 -0300] "GET /cormun/static/gxcfg.js?201631622493247 HTTP/1.1" 304 -
186.103.159.189 - - [20/May/2016:12:51:11 -0300] "GET /cormun/static/about:blank HTTP/1.1" 404 1011
186.103.159.189 - - [20/May/2016:12:51:13 -0300] "GET /cormun/servlet/solicitudotadjuntos?INS,2016,1812,,1, HTTP/1.1" 200 5589
186.103.159.189 - - [20/May/2016:12:51:13 -0300] "GET /cormun/servlet/solicitudotadjuntos?4147a501774f3b6fc78ad33dba929960fcc24922c9bac817c8c526956e122a607c28ba52bc39c04b2e6711c589e2b05d,gx-no-cache=1463755889236 HTTP/1.1" 200 30
186.103.159.189 - - [20/May/2016:12:51:14 -0300] "POST /cormun/servlet/solicitudotadjuntos?7a2fe42cd93e32496035efc18f09e830,INS,2016,1812,,1,,gx-no-cache=1463755889324 HTTP/1.1" 200 3464
186.103.159.189 - - [20/May/2016:12:51:26 -0300] "POST /cormun/servlet/solicitudotadjuntos?gx-no-cache=1463755902248 HTTP/1.1" 200 26
186.103.156.24 - - [20/May/2016:12:51:29 -0300] "GET /cormun/servlet/solicitudot?f1813a12f9c648851e9a1432ef1816ad01759c15675e61b3eaf6aa658ffdba2c84c34ffa09bb3d6270a2e21e4c1efd3b64d55f0e62f94d8addd94738ea7cd1b9c8008503fdc7cde9f82f94b1e9036ff4cd63647e840e189097c6d40f1d649ef4741457f9a493f79d97a7c88d631855275e681bcdcde4d9e537bb7447092ee86bd40d6644fd465917c83fb9bc19e511e5de28398c15382507bd3b0f341e63a296,gx-no-cache=1463759594754 HTTP/1.1" 200 41
186.103.156.24 - - [20/May/2016:12:51:29 -0300] "GET /cormun/servlet/solicitudot?f1813a12f9c648851e9a1432ef1816add76c7da4478bd239b73974fd903fb1a24ac01b713c6c3e81898722c922fa586dd10b490d28810c33d925120e0797664b04da71b3bb3314a468f936c79ec81b66fc919b283a48b54c8e8ffda4f11d12993bb1b448068376ce9882bdb9993196113391997598859c1d9001c3685fd736e834e0cee7f71af8789d96b6111290b48a3cb36c4367ba1b356d63be2effd41d9de7f768fa1e58cc399db22343a593a59acae6217507e5ca39773e3b4246fa6c6b,gx-no-cache=1463759594891 HTTP/1.1" 200 30
186.103.156.24 - - [20/May/2016:12:51:30 -0300] "POST /cormun/servlet/solicitudot?671d1498dfbf6c4fa4aa11aa65d1310f,INS,0,0,,gx-no-cache=1463759594977 HTTP/1.1" 200 9767
186.103.159.189 - - [20/May/2016:12:51:40 -0300] "GET /cormun/servlet/solicitudotadjuntos?4147a501774f3b6fc78ad33dba929960ed23e70eed806eb40087608eb5abade5,gx-no-cache=1463755915715 HTTP/1.1" 200 30
186.103.159.189 - - [20/May/2016:12:51:40 -0300] "GET /cormun/servlet/solicitudotadjuntos?4147a501774f3b6fc78ad33dba929960ed23e70eed806eb40087608eb5abade5,gx-no-cache=1463755915815 HTTP/1.1" 200 30
186.103.159.189 - - [20/May/2016:12:51:43 -0300] "POST /cormun/servlet/solicitudotadjuntos?7a2fe42cd93e32496035efc18f09e830,INS,2016,1812,,1, HTTP/1.1" 200 116
186.103.159.189 - - [20/May/2016:12:51:44 -0300] "GET /cormun/servlet/hpexe_return? HTTP/1.1" 200 1030
186.103.159.189 - - [20/May/2016:12:51:45 -0300] "GET /cormun/servlet/trsolicitudadjuntos?2016,1812, HTTP/1.1" 200 7421
186.103.156.24 - - [20/May/2016:12:51:46 -0300] "GET /cormun/servlet/solicitudot?f1813a12f9c648851e9a1432ef1816ad01759c15675e61b3eaf6aa658ffdba2c84c34ffa09bb3d6270a2e21e4c1efd3b64d55f0e62f94d8addd94738ea7cd1b9c8008503fdc7cde9f82f94b1e9036ff4cd63647e840e189097c6d40f1d649ef4741457f9a493f79d97a7c88d631855275e681bcdcde4d9e537bb7447092ee86bd40d6644fd465917c83fb9bc19e511e54a1641eb0528d8e0f4463bc3b7ac393a,gx-no-cache=1463759610024 HTTP/1.1" 200 41
186.103.156.24 - - [20/May/2016:12:51:46 -0300] "GET /cormun/servlet/solicitudot?f1813a12f9c648851e9a1432ef1816add76c7da4478bd239b73974fd903fb1a24ac01b713c6c3e81898722c922fa586df214c65ee8350f1b04fa05bc36507ce404da71b3bb3314a468f936c79ec81b66fc919b283a48b54c8e8ffda4f11d12993bb1b448068376ce9882bdb9993196113391997598859c1d9001c3685fd736e834e0cee7f71af8789d96b6111290b48a3cb36c4367ba1b356d63be2effd41d9de7f768fa1e58cc399db22343a593a59acae6217507e5ca39773e3b4246fa6c6b,gx-no-cache=1463759612181 HTTP/1.1" 200 30
186.103.156.24 - - [20/May/2016:12:51:47 -0300] "POST /cormun/servlet/solicitudot?671d1498dfbf6c4fa4aa11aa65d1310f,INS,0,0,,gx-no-cache=1463759612227 HTTP/1.1" 200 9803
186.103.159.189 - - [20/May/2016:12:51:47 -0300] "GET /cormun/servlet/trsolicitudadjuntos?2016,1812, HTTP/1.1" 200 7418
186.103.159.189 - - [20/May/2016:12:51:50 -0300] "GET /cormun/servlet/solicitudotadjuntos?INS,2016,1812,,1, HTTP/1.1" 200 5595
186.103.159.189 - - [20/May/2016:12:51:50 -0300] "GET /cormun/static/about:blank HTTP/1.1" 404 1011
186.103.159.189 - - [20/May/2016:12:51:52 -0300] "GET /cormun/servlet/solicitudotadjuntos?INS,2016,1812,,1, HTTP/1.1" 200 5589
186.103.159.189 - - [20/May/2016:12:51:52 -0300] "GET /cormun/servlet/solicitudotadjuntos?4147a501774f3b6fc78ad33dba929960fcc24922c9bac817c8c526956e122a607c28ba52bc39c04b2e6711c589e2b05d,gx-no-cache=1463755928383 HTTP/1.1" 200 30
186.103.159.189 - - [20/May/2016:12:51:53 -0300] "POST /cormun/servlet/solicitudotadjuntos?7a2fe42cd93e32496035efc18f09e830,INS,2016,1812,,1,,gx-no-cache=1463755928483 HTTP/1.1" 200 3465
186.103.156.24 - - [20/May/2016:12:51:54 -0300] "GET /cormun/servlet/solicitudot?f1813a12f9c648851e9a1432ef1816ad01759c15675e61b3eaf6aa658ffdba2c84c34ffa09bb3d6270a2e21e4c1efd3b64d55f0e62f94d8addd94738ea7cd1b9c8008503fdc7cde9f82f94b1e9036ff4cd63647e840e189097c6d40f1d649ef4741457f9a493f79d97a7c88d631855275e681bcdcde4d9e537bb7447092ee86bd40d6644fd465917c83fb9bc19e511e5ea2a1a687a7b60396b698d9c6e0f7c4b,gx-no-cache=1463759621006 HTTP/1.1" 200 41
186.103.156.24 - - [20/May/2016:12:51:55 -0300] "GET /cormun/servlet/solicitudot?f1813a12f9c648851e9a1432ef1816add76c7da4478bd239b73974fd903fb1a24ac01b713c6c3e81898722c922fa586da9ba9355b26993d6491251241a7eb27104da71b3bb3314a468f936c79ec81b66fc919b283a48b54c8e8ffda4f11d12993bb1b448068376ce9882bdb9993196113391997598859c1d9001c3685fd736e834e0cee7f71af8789d96b6111290b48a3cb36c4367ba1b356d63be2effd41d9de7f768fa1e58cc399db22343a593a59acae6217507e5ca39773e3b4246fa6c6b,gx-no-cache=1463759621096 HTTP/1.1" 200 30
186.103.156.24 - - [20/May/2016:12:51:55 -0300] "POST /cormun/servlet/solicitudot?671d1498dfbf6c4fa4aa11aa65d1310f,INS,0,0,,gx-no-cache=1463759621189 HTTP/1.1" 200 9853
186.103.159.189 - - [20/May/2016:12:51:57 -0300] "POST /cormun/servlet/solicitudotadjuntos?gx-no-cache=1463755932509 HTTP/1.1" 200 26
186.103.156.24 - - [20/May/2016:12:52:06 -0300] "GET /cormun/servlet/solicitudot?f1813a12f9c648851e9a1432ef1816ad01759c15675e61b3eaf6aa658ffdba2c84c34ffa09bb3d6270a2e21e4c1efd3b64d55f0e62f94d8addd94738ea7cd1b9c8008503fdc7cde9f82f94b1e9036ff4cd63647e840e189097c6d40f1d649ef4741457f9a493f79d97a7c88d631855275e681bcdcde4d9e537bb7447092ee86bd40d6644fd465917c83fb9bc19e511e5e256e7e0248dfa9bad2a4ffe83bf637f,gx-no-cache=1463759632476 HTTP/1.1" 200 41
186.103.156.24 - - [20/May/2016:12:52:06 -0300] "GET /cormun/servlet/solicitudot?f1813a12f9c648851e9a1432ef1816add76c7da4478bd239b73974fd903fb1a24ac01b713c6c3e81898722c922fa586d4d3a45380f6d258f5e1cfe9da97403a304da71b3bb3314a468f936c79ec81b66fc919b283a48b54c8e8ffda4f11d12993bb1b448068376ce9882bdb9993196113391997598859c1d9001c3685fd736e834e0cee7f71af8789d96b6111290b48a3cb36c4367ba1b356d63be2effd41d9de7f768fa1e58cc399db22343a593a59acae6217507e5ca39773e3b4246fa6c6b,gx-no-cache=1463759632534 HTTP/1.1" 200 30
186.103.156.24 - - [20/May/2016:12:52:06 -0300] "POST /cormun/servlet/solicitudot?671d1498dfbf6c4fa4aa11aa65d1310f,INS,0,0,,gx-no-cache=1463759632576 HTTP/1.1" 200 9894
186.103.156.24 - - [20/May/2016:12:52:14 -0300] "GET /cormun/servlet/solicitudot?f1813a12f9c648851e9a1432ef1816ad01759c15675e61b3eaf6aa658ffdba2c84c34ffa09bb3d6270a2e21e4c1efd3b64d55f0e62f94d8addd94738ea7cd1b9c8008503fdc7cde9f82f94b1e9036ff4cd63647e840e189097c6d40f1d649ef4741457f9a493f79d97a7c88d631855275e681bcdcde4d9e537bb7447092ee86bd40d6644fd465917c83fb9bc19e511e58aa28f4227169c5568f7d0607d56c165,gx-no-cache=1463759641483 HTTP/1.1" 200 41
186.103.156.24 - - [20/May/2016:12:52:14 -0300] "GET /cormun/servlet/solicitudot?f1813a12f9c648851e9a1432ef1816add76c7da4478bd239b73974fd903fb1a24ac01b713c6c3e81898722c922fa586d851f53e84863d5cd8ecea79060bbe3ed04da71b3bb3314a468f936c79ec81b66fc919b283a48b54c8e8ffda4f11d12993bb1b448068376ce9882bdb9993196113391997598859c1d9001c3685fd736e834e0cee7f71af8789d96b6111290b48a3cb36c4367ba1b356d63be2effd41d9de7f768fa1e58cc399db22343a593a59acae6217507e5ca39773e3b4246fa6c6b,gx-no-cache=1463759641532 HTTP/1.1" 200 30
186.103.156.24 - - [20/May/2016:12:52:15 -0300] "POST /cormun/servlet/solicitudot?671d1498dfbf6c4fa4aa11aa65d1310f,INS,0,0,,gx-no-cache=1463759641582 HTTP/1.1" 200 9950
186.103.159.189 - - [20/May/2016:12:52:15 -0300] "GET /cormun/servlet/solicitudotadjuntos?4147a501774f3b6fc78ad33dba929960ed23e70eed806eb40087608eb5abade5,gx-no-cache=1463755951167 HTTP/1.1" 200 30
186.103.159.189 - - [20/May/2016:12:52:15 -0300] "GET /cormun/servlet/solicitudotadjuntos?4147a501774f3b6fc78ad33dba929960ed23e70eed806eb40087608eb5abade5,gx-no-cache=1463755951277 HTTP/1.1" 200 30
186.103.156.24 - - [20/May/2016:12:52:20 -0300] "GET /cormun/servlet/solicitudot?f1813a12f9c648851e9a1432ef1816ad01759c15675e61b3eaf6aa658ffdba2c84c34ffa09bb3d6270a2e21e4c1efd3b64d55f0e62f94d8addd94738ea7cd1b9c8008503fdc7cde9f82f94b1e9036ff4cd63647e840e189097c6d40f1d649ef4741457f9a493f79d97a7c88d631855275e681bcdcde4d9e537bb7447092ee86bd40d6644fd465917c83fb9bc19e511e5ea2a1a687a7b60396b698d9c6e0f7c4b,gx-no-cache=1463759647153 HTTP/1.1" 200 41
186.103.156.24 - - [20/May/2016:12:52:20 -0300] "GET /cormun/servlet/solicitudot?f1813a12f9c648851e9a1432ef1816add76c7da4478bd239b73974fd903fb1a24ac01b713c6c3e81898722c922fa586da9ba9355b26993d6491251241a7eb27104da71b3bb3314a468f936c79ec81b66fc919b283a48b54c8e8ffda4f11d12993bb1b448068376ce9882bdb9993196113391997598859c1d9001c3685fd736e834e0cee7f71af8789d96b6111290b48a3cb36c4367ba1b356d63be2effd41d9de7f768fa1e58cc399db22343a593a59acae6217507e5ca39773e3b4246fa6c6b,gx-no-cache=1463759647211 HTTP/1.1" 200 30
186.103.156.24 - - [20/May/2016:12:52:21 -0300] "POST /cormun/servlet/solicitudot?671d1498dfbf6c4fa4aa11aa65d1310f,INS,0,0,,gx-no-cache=1463759647284 HTTP/1.1" 200 10003
186.103.159.189 - - [20/May/2016:12:52:22 -0300] "POST /cormun/servlet/solicitudotadjuntos?7a2fe42cd93e32496035efc18f09e830,INS,2016,1812,,1, HTTP/1.1" 200 116
186.103.159.189 - - [20/May/2016:12:52:22 -0300] "GET /cormun/servlet/hpexe_return? HTTP/1.1" 200 1030
186.103.159.189 - - [20/May/2016:12:52:23 -0300] "GET /cormun/servlet/trsolicitudadjuntos?2016,1812, HTTP/1.1" 200 7608
186.103.159.189 - - [20/May/2016:12:52:26 -0300] "GET /cormun/servlet/trsolicitudadjuntos?2016,1812, HTTP/1.1" 200 7605
186.103.159.189 - - [20/May/2016:12:52:28 -0300] "GET /cormun/servlet/solicitudotadjuntos?INS,2016,1812,,1, HTTP/1.1" 200 5595
186.103.159.189 - - [20/May/2016:12:52:28 -0300] "GET /cormun/static/about:blank HTTP/1.1" 404 1011
186.103.159.189 - - [20/May/2016:12:52:30 -0300] "GET /cormun/servlet/solicitudotadjuntos?INS,2016,1812,,1, HTTP/1.1" 200 5589
186.103.159.189 - - [20/May/2016:12:52:30 -0300] "GET /cormun/servlet/solicitudotadjuntos?4147a501774f3b6fc78ad33dba929960fcc24922c9bac817c8c526956e122a607c28ba52bc39c04b2e6711c589e2b05d,gx-no-cache=1463755966438 HTTP/1.1" 200 30
186.103.159.189 - - [20/May/2016:12:52:31 -0300] "POST /cormun/servlet/solicitudotadjuntos?7a2fe42cd93e32496035efc18f09e830,INS,2016,1812,,1,,gx-no-cache=1463755966535 HTTP/1.1" 200 3465
186.103.156.24 - - [20/May/2016:12:52:32 -0300] "GET /cormun/servlet/solicitudot?f1813a12f9c648851e9a1432ef1816ad01759c15675e61b3eaf6aa658ffdba2c84c34ffa09bb3d6270a2e21e4c1efd3b64d55f0e62f94d8addd94738ea7cd1b9c8008503fdc7cde9f82f94b1e9036ff4cd63647e840e189097c6d40f1d649ef4741457f9a493f79d97a7c88d631855275e681bcdcde4d9e537bb7447092ee86bb03228f05cb59292926f08b734838c1f799fab3dcdaa26ac12e9dd1bafd7c6b5,gx-no-cache=1463759659823 HTTP/1.1" 200 41
186.103.156.24 - - [20/May/2016:12:52:32 -0300] "GET /cormun/servlet/solicitudot?f1813a12f9c648851e9a1432ef1816add76c7da4478bd239b73974fd903fb1a28129952f74932daa0a018b9ec96aed2d48d007885c420f214379d202eb16177e8a5bb31707380f21c8bd24e0cc33c7bd351127df22a1cfeff4d7e74dbda90a2e675e682eaf84b35afae6d72276804490471c711ef8b63ba77bde4516909214d33bc5b7f63148ea42e5cc5e910f9ba33f39f647e749ad7090a32c9b2ae55b6ca007859806583e30e6cfb32a52aa035a61,gx-no-cache=1463759659874 HTTP/1.1" 200 30
186.103.156.24 - - [20/May/2016:12:52:33 -0300] "POST /cormun/servlet/solicitudot?671d1498dfbf6c4fa4aa11aa65d1310f,INS,0,0,,gx-no-cache=1463759659921 HTTP/1.1" 200 10052
186.103.159.189 - - [20/May/2016:12:52:36 -0300] "POST /cormun/servlet/solicitudotadjuntos?gx-no-cache=1463755972243 HTTP/1.1" 200 26
186.103.159.189 - - [20/May/2016:12:52:44 -0300] "GET /cormun/servlet/solicitudotadjuntos?4147a501774f3b6fc78ad33dba929960ed23e70eed806eb40087608eb5abade5,gx-no-cache=1463755979574 HTTP/1.1" 200 30
186.103.159.189 - - [20/May/2016:12:52:44 -0300] "GET /cormun/servlet/solicitudotadjuntos?4147a501774f3b6fc78ad33dba929960ed23e70eed806eb40087608eb5abade5,gx-no-cache=1463755979688 HTTP/1.1" 200 30
186.103.159.189 - - [20/May/2016:12:52:49 -0300] "POST /cormun/servlet/solicitudotadjuntos?7a2fe42cd93e32496035efc18f09e830,INS,2016,1812,,1, HTTP/1.1" 200 116
186.103.159.189 - - [20/May/2016:12:52:49 -0300] "GET /cormun/servlet/hpexe_return? HTTP/1.1" 200 1030
186.103.159.189 - - [20/May/2016:12:52:50 -0300] "GET /cormun/servlet/trsolicitudadjuntos?2016,1812, HTTP/1.1" 200 7757
186.103.159.189 - - [20/May/2016:12:52:52 -0300] "GET /cormun/servlet/trsolicitudadjuntos?2016,1812, HTTP/1.1" 200 7752
186.103.159.189 - - [20/May/2016:12:52:56 -0300] "GET /cormun/servlet/solicitudotadjuntos?INS,2016,1812,,1, HTTP/1.1" 200 5594
186.103.159.189 - - [20/May/2016:12:52:56 -0300] "GET /cormun/static/about:blank HTTP/1.1" 404 1011
186.103.159.189 - - [20/May/2016:12:52:58 -0300] "GET /cormun/servlet/solicitudotadjuntos?INS,2016,1812,,1, HTTP/1.1" 200 5588
186.103.159.189 - - [20/May/2016:12:52:58 -0300] "GET /cormun/servlet/solicitudotadjuntos?4147a501774f3b6fc78ad33dba929960fcc24922c9bac817c8c526956e122a607c28ba52bc39c04b2e6711c589e2b05d,gx-no-cache=1463755993982 HTTP/1.1" 200 30
186.103.159.189 - - [20/May/2016:12:52:59 -0300] "POST /cormun/servlet/solicitudotadjuntos?7a2fe42cd93e32496035efc18f09e830,INS,2016,1812,,1,,gx-no-cache=1463755994088 HTTP/1.1" 200 3464
186.103.159.189 - - [20/May/2016:12:53:03 -0300] "POST /cormun/servlet/solicitudotadjuntos?gx-no-cache=1463755999230 HTTP/1.1" 200 26
186.103.159.189 - - [20/May/2016:12:53:11 -0300] "GET /cormun/servlet/solicitudotadjuntos?4147a501774f3b6fc78ad33dba929960ed23e70eed806eb40087608eb5abade5,gx-no-cache=1463756006763 HTTP/1.1" 200 30
186.103.159.189 - - [20/May/2016:12:53:11 -0300] "GET /cormun/servlet/solicitudotadjuntos?4147a501774f3b6fc78ad33dba929960ed23e70eed806eb40087608eb5abade5,gx-no-cache=1463756006847 HTTP/1.1" 200 30
186.103.159.189 - - [20/May/2016:12:53:18 -0300] "POST /cormun/servlet/solicitudotadjuntos?7a2fe42cd93e32496035efc18f09e830,INS,2016,1812,,1, HTTP/1.1" 200 116
186.103.159.189 - - [20/May/2016:12:53:19 -0300] "GET /cormun/servlet/hpexe_return? HTTP/1.1" 200 1030
186.103.159.189 - - [20/May/2016:12:53:20 -0300] "GET /cormun/servlet/trsolicitudadjuntos?2016,1812, HTTP/1.1" 200 7870
186.103.159.189 - - [20/May/2016:12:53:22 -0300] "GET /cormun/servlet/trsolicitudadjuntos?2016,1812, HTTP/1.1" 200 7872
186.103.159.189 - - [20/May/2016:12:53:25 -0300] "GET /cormun/servlet/solicitudotadjuntos?INS,2016,1812,,1, HTTP/1.1" 200 5594
186.103.159.189 - - [20/May/2016:12:53:25 -0300] "GET /cormun/static/about:blank HTTP/1.1" 404 1011
186.103.159.189 - - [20/May/2016:12:53:27 -0300] "GET /cormun/servlet/solicitudotadjuntos?INS,2016,1812,,1, HTTP/1.1" 200 5588
186.103.159.189 - - [20/May/2016:12:53:28 -0300] "GET /cormun/servlet/solicitudotadjuntos?4147a501774f3b6fc78ad33dba929960fcc24922c9bac817c8c526956e122a607c28ba52bc39c04b2e6711c589e2b05d,gx-no-cache=1463756023728 HTTP/1.1" 200 30
186.103.159.189 - - [20/May/2016:12:53:28 -0300] "POST /cormun/servlet/solicitudotadjuntos?7a2fe42cd93e32496035efc18f09e830,INS,2016,1812,,1,,gx-no-cache=1463756023892 HTTP/1.1" 200 3464
186.103.156.24 - - [20/May/2016:12:53:30 -0300] "GET /cormun/servlet/solicitudot?f1813a12f9c648851e9a1432ef1816add76c7da4478bd239b73974fd903fb1a28129952f74932daa0a018b9ec96aed2d48d007885c420f214379d202eb16177e8a5bb31707380f21c8bd24e0cc33c7bd351127df22a1cfeff4d7e74dbda90a2e675e682eaf84b35afae6d72276804490471c711ef8b63ba77bde4516909214d33bc5b7f63148ea42e5cc5e910f9ba33f39f647e749ad7090a32c9b2ae55b6ca0b691f506ad29f087250bdfe624c0bf29,gx-no-cache=1463759720283 HTTP/1.1" 200 30
186.103.156.24 - - [20/May/2016:12:53:31 -0300] "POST /cormun/servlet/solicitudot?671d1498dfbf6c4fa4aa11aa65d1310f,INS,0,0,,gx-no-cache=1463759720385 HTTP/1.1" 200 10090
186.103.159.189 - - [20/May/2016:12:53:34 -0300] "POST /cormun/servlet/solicitudotadjuntos?gx-no-cache=1463756029564 HTTP/1.1" 200 26
186.103.159.189 - - [20/May/2016:12:53:42 -0300] "GET /cormun/servlet/solicitudotadjuntos?4147a501774f3b6fc78ad33dba929960ed23e70eed806eb40087608eb5abade5,gx-no-cache=1463756037960 HTTP/1.1" 200 30
186.103.159.189 - - [20/May/2016:12:53:42 -0300] "GET /cormun/servlet/solicitudotadjuntos?4147a501774f3b6fc78ad33dba929960ed23e70eed806eb40087608eb5abade5,gx-no-cache=1463756038089 HTTP/1.1" 200 30
186.103.159.189 - - [20/May/2016:12:53:51 -0300] "POST /cormun/servlet/solicitudotadjuntos?7a2fe42cd93e32496035efc18f09e830,INS,2016,1812,,1, HTTP/1.1" 200 116
186.103.159.189 - - [20/May/2016:12:53:51 -0300] "GET /cormun/servlet/hpexe_return? HTTP/1.1" 200 1030
186.103.159.189 - - [20/May/2016:12:53:52 -0300] "GET /cormun/servlet/trsolicitudadjuntos?2016,1812, HTTP/1.1" 200 8009
186.103.159.189 - - [20/May/2016:12:53:55 -0300] "GET /cormun/servlet/trsolicitudadjuntos?2016,1812, HTTP/1.1" 200 8007
186.103.159.189 - - [20/May/2016:12:54:01 -0300] "GET /cormun/servlet/solicitudotadjuntos?INS,2016,1812,,1, HTTP/1.1" 200 5595
186.103.159.189 - - [20/May/2016:12:54:01 -0300] "GET /cormun/static/about:blank HTTP/1.1" 404 1011
186.103.159.189 - - [20/May/2016:12:54:03 -0300] "GET /cormun/servlet/solicitudotadjuntos?INS,2016,1812,,1, HTTP/1.1" 200 5589
186.103.159.189 - - [20/May/2016:12:54:04 -0300] "GET /cormun/servlet/solicitudotadjuntos?4147a501774f3b6fc78ad33dba929960fcc24922c9bac817c8c526956e122a607c28ba52bc39c04b2e6711c589e2b05d,gx-no-cache=1463756059448 HTTP/1.1" 200 30
186.103.159.189 - - [20/May/2016:12:54:04 -0300] "POST /cormun/servlet/solicitudotadjuntos?7a2fe42cd93e32496035efc18f09e830,INS,2016,1812,,1,,gx-no-cache=1463756059582 HTTP/1.1" 200 3465
186.103.159.189 - - [20/May/2016:12:54:18 -0300] "POST /cormun/servlet/solicitudotadjuntos?gx-no-cache=1463756074326 HTTP/1.1" 200 26
186.103.159.189 - - [20/May/2016:12:54:24 -0300] "GET /cormun/servlet/solicitudotadjuntos?4147a501774f3b6fc78ad33dba929960ed23e70eed806eb40087608eb5abade5,gx-no-cache=1463756080312 HTTP/1.1" 200 30
186.103.159.189 - - [20/May/2016:12:54:24 -0300] "GET /cormun/servlet/solicitudotadjuntos?4147a501774f3b6fc78ad33dba929960ed23e70eed806eb40087608eb5abade5,gx-no-cache=1463756080381 HTTP/1.1" 200 30
186.103.159.189 - - [20/May/2016:12:54:31 -0300] "POST /cormun/servlet/solicitudotadjuntos?7a2fe42cd93e32496035efc18f09e830,INS,2016,1812,,1, HTTP/1.1" 200 116
186.103.159.189 - - [20/May/2016:12:54:31 -0300] "GET /cormun/servlet/hpexe_return? HTTP/1.1" 200 1030
186.103.159.189 - - [20/May/2016:12:54:33 -0300] "GET /cormun/servlet/trsolicitudadjuntos?2016,1812, HTTP/1.1" 200 8117
186.103.159.189 - - [20/May/2016:12:54:36 -0300] "GET /cormun/servlet/trsolicitudadjuntos?2016,1812, HTTP/1.1" 200 8130
186.103.159.189 - - [20/May/2016:12:54:38 -0300] "GET /cormun/PublicTempStorage/titulo743409.jpg HTTP/1.1" 200 295598
186.103.159.189 - - [20/May/2016:12:54:57 -0300] "GET /cormun/servlet/trsolicitudadjuntos?2016,1812, HTTP/1.1" 200 8119
186.103.159.189 - - [20/May/2016:12:55:01 -0300] "GET /cormun/servlet/trsolicitudadjuntos?2016,1812, HTTP/1.1" 200 8127
186.103.159.189 - - [20/May/2016:12:55:05 -0300] "GET /cormun/servlet/solicitudotadjuntos?DLT,2016,1812,TITULO,0, HTTP/1.1" 200 5554
