186.103.157.235 - - [19/May/2016:17:20:49 -0300] "GET /cormun/static/gxdec.js?85251 HTTP/1.1" 304 -
186.103.157.235 - - [19/May/2016:17:20:49 -0300] "GET /cormun/static/Shared/ext/locale/ext-lang-en.js HTTP/1.1" 304 -
186.103.157.235 - - [19/May/2016:17:20:49 -0300] "GET /cormun/static/solicitudot.js?201631710541292 HTTP/1.1" 304 -
186.103.157.235 - - [19/May/2016:17:20:49 -0300] "GET /cormun/static/hwchdr01.js?20162241650484 HTTP/1.1" 304 -
186.103.157.235 - - [19/May/2016:17:20:49 -0300] "GET /cormun/static/hpexe_recentlink.js?2015111312121342 HTTP/1.1" 304 -
186.103.157.235 - - [19/May/2016:17:20:49 -0300] "GET /cormun/static/hpexe_scripts.js?20151120014546 HTTP/1.1" 304 -
186.103.157.235 - - [19/May/2016:17:20:49 -0300] "GET /cormun/static/hpexe_messagecontroller.js?2015112210524422 HTTP/1.1" 304 -
186.103.157.235 - - [19/May/2016:17:20:49 -0300] "GET /cormun/static/hpexe_messagepopupcomponent.js?201632119295953 HTTP/1.1" 304 -
186.103.157.235 - - [19/May/2016:17:20:49 -0300] "GET /cormun/static/Resources/Spanish/PXTools.css?22445990 HTTP/1.1" 200 89042
186.103.157.235 - - [19/May/2016:17:20:49 -0300] "GET /cormun/static/cmcontrolpreferences.js?20151120014525 HTTP/1.1" 304 -
186.103.157.235 - - [19/May/2016:17:20:49 -0300] "GET /cormun/static/Shared/jquery/jquery-1.4.2.min.js HTTP/1.1" 304 -
186.103.157.235 - - [19/May/2016:17:20:49 -0300] "GET /cormun/static/SmoothNavMenu/resources/ddsmoothmenu.js HTTP/1.1" 304 -
186.103.157.235 - - [19/May/2016:17:20:49 -0300] "GET /cormun/static/Shared/jqueryui/jquery-ui.min.js HTTP/1.1" 304 -
186.103.157.235 - - [19/May/2016:17:20:50 -0300] "GET /cormun/static/Shared/jquery/jquery-1.10.2.min.js HTTP/1.1" 304 -
186.103.157.235 - - [19/May/2016:17:20:50 -0300] "GET /cormun/static/scaMessage/scaMessageRender.js HTTP/1.1" 304 -
186.103.157.235 - - [19/May/2016:17:20:50 -0300] "GET /cormun/static/scaMessage/js/jquery.pnotify.min.js HTTP/1.1" 304 -
186.103.157.235 - - [19/May/2016:17:20:50 -0300] "GET /cormun/static/hmpwkw03.js?201631622503633 HTTP/1.1" 304 -
186.103.157.235 - - [19/May/2016:17:20:50 -0300] "GET /cormun/static/Resources/PXToolsHeaderActionsLeft.png HTTP/1.1" 304 -
186.103.157.235 - - [19/May/2016:17:20:50 -0300] "GET /cormun/static/hpexe_messagegenexuscomponent.js?20151120014314 HTTP/1.1" 304 -
186.103.157.235 - - [19/May/2016:17:20:50 -0300] "GET /cormun/static/SmoothNavMenu/resources/SmoothNavMenuRender.js HTTP/1.1" 304 -
186.103.157.235 - - [19/May/2016:17:20:50 -0300] "GET /cormun/static/Resources/PXToolsHeaderHome.png HTTP/1.1" 304 -
186.103.157.235 - - [19/May/2016:17:20:50 -0300] "GET /cormun/static/Resources/PXToolsHeaderLogin.png HTTP/1.1" 304 -
186.103.157.235 - - [19/May/2016:17:20:50 -0300] "GET /cormun/static/Resources/PXToolsHeaderPreferences.png HTTP/1.1" 304 -
186.103.157.235 - - [19/May/2016:17:20:50 -0300] "GET /cormun/static/Resources/PXToolsHeaderSecurity.png HTTP/1.1" 304 -
186.103.157.235 - - [19/May/2016:17:20:50 -0300] "GET /cormun/static/Resources/PXToolsHeaderActionsRight.png HTTP/1.1" 304 -
186.103.157.235 - - [19/May/2016:17:20:50 -0300] "GET /cormun/static/Resources/logo4.png HTTP/1.1" 304 -
186.103.157.235 - - [19/May/2016:17:20:50 -0300] "GET /cormun/static/Resources/prompt.gif HTTP/1.1" 304 -
186.103.157.235 - - [19/May/2016:17:20:50 -0300] "GET /cormun/static/Resources/PXTools/calendar.png HTTP/1.1" 304 -
186.103.157.235 - - [19/May/2016:17:20:50 -0300] "GET /cormun/static/Resources/PXToolsHeaderBackground2.png HTTP/1.1" 304 -
186.103.157.235 - - [19/May/2016:17:20:50 -0300] "GET /cormun/static/Resources/PXToolsHeaderActionsBackground.png HTTP/1.1" 304 -
186.103.157.235 - - [19/May/2016:17:20:50 -0300] "GET /cormun/static/Resources/PXToolsDataTitle.png HTTP/1.1" 304 -
186.103.157.235 - - [19/May/2016:17:20:50 -0300] "GET /cormun/static/Resources/PXToolsFooterBackground2.png HTTP/1.1" 304 -
186.103.157.235 - - [19/May/2016:17:20:50 -0300] "GET /cormun/static/Resources/PXToolsButtonLeft21.png HTTP/1.1" 304 -
186.103.157.235 - - [19/May/2016:17:20:50 -0300] "GET /cormun/static/Resources/PXToolsButtonRight21.png HTTP/1.1" 304 -
186.103.157.235 - - [19/May/2016:17:20:50 -0300] "GET /cormun/static/Resources/PXToolsButtonBackground2.png HTTP/1.1" 304 -
186.103.157.235 - - [19/May/2016:17:20:50 -0300] "GET /cormun/static/Resources/indicator.gif HTTP/1.1" 304 -
186.103.157.235 - - [19/May/2016:17:20:50 -0300] "GET /cormun/servlet/hlogin HTTP/1.1" 200 1738
186.103.157.235 - - [19/May/2016:17:20:50 -0300] "GET /favicon.ico HTTP/1.1" 200 21630
186.103.157.235 - - [19/May/2016:17:20:51 -0300] "GET /cormun/servlet/solicitudot?INS,0,0, HTTP/1.1" 200 11220
191.112.6.139 - - [19/May/2016:17:20:58 -0300] "GET /cormun/servlet/solicitudot?INS,0,0, HTTP/1.1" 200 11694
191.112.6.139 - - [19/May/2016:17:20:59 -0300] "GET /cormun/servlet/solicitudot?INS,0,0, HTTP/1.1" 200 11699
186.103.157.235 - - [19/May/2016:17:21:04 -0300] "POST /cormun/servlet/hlogin?beed383348dd70a4edffad46e31de42f,gx-no-cache=1463685678505 HTTP/1.1" 200 90
186.103.157.235 - - [19/May/2016:17:21:04 -0300] "GET /cormun/servlet/hpexe_link HTTP/1.1" 200 962
191.112.6.139 - - [19/May/2016:17:21:05 -0300] "GET /cormun/servlet/trsolicitudot? HTTP/1.1" 200 7726
186.103.157.235 - - [19/May/2016:17:21:05 -0300] "GET /cormun/servlet/solicitudot?INS,0,0, HTTP/1.1" 200 11585
191.112.6.139 - - [19/May/2016:17:21:06 -0300] "GET /cormun/servlet/trsolicitudot? HTTP/1.1" 200 7725
186.103.157.235 - - [19/May/2016:17:21:06 -0300] "GET /cormun/servlet/solicitudot?INS,0,0, HTTP/1.1" 200 11589
186.103.157.235 - - [19/May/2016:17:21:12 -0300] "GET /cormun/servlet/prfichaempleado?,MD,,gxPopupLevel%3D0%3B HTTP/1.1" 200 7927
186.103.157.235 - - [19/May/2016:17:21:12 -0300] "GET /cormun/static/scaMessage/css/jquery.pnotify.default.css?1816380 HTTP/1.1" 200 1707
186.103.157.235 - - [19/May/2016:17:21:12 -0300] "GET /cormun/static/gxcfg.js?201511151625694 HTTP/1.1" 200 953
186.103.157.235 - - [19/May/2016:17:21:12 -0300] "GET /cormun/static/Resources/PXToolsMenuSearch.png HTTP/1.1" 200 2914
186.103.157.235 - - [19/May/2016:17:21:12 -0300] "GET /cormun/static/gxui/gxui-all.css?1917420 HTTP/1.1" 200 2179
186.103.157.235 - - [19/May/2016:17:21:12 -0300] "GET /cormun/static/Resources/PXToolsMenuSearchCancel.png HTTP/1.1" 200 2972
186.103.157.235 - - [19/May/2016:17:21:12 -0300] "GET /cormun/static/Resources/PXToolsGridPrevious.gif HTTP/1.1" 200 369
186.103.157.235 - - [19/May/2016:17:21:12 -0300] "GET /cormun/static/Resources/PXToolsGridFirst.gif HTTP/1.1" 200 379
186.103.157.235 - - [19/May/2016:17:21:12 -0300] "GET /cormun/static/Resources/Spanish/PXTools.css?16184758 HTTP/1.1" 200 89042
186.103.157.235 - - [19/May/2016:17:21:12 -0300] "GET /cormun/static/Resources/PXToolsGridNext.gif HTTP/1.1" 200 369
186.103.157.235 - - [19/May/2016:17:21:12 -0300] "GET /cormun/static/Resources/PXToolsGridLast.gif HTTP/1.1" 200 370
186.103.157.235 - - [19/May/2016:17:21:12 -0300] "GET /cormun/static/scaMessage/css/jquery-ui.css?104140 HTTP/1.1" 404 1045
186.103.157.235 - - [19/May/2016:17:21:21 -0300] "POST /cormun/servlet/prfichaempleado?beed383348dd70a4edffad46e31de42f,,MD,,gxPopupLevel%3D0%3B,gx-no-cache=1463685695496 HTTP/1.1" 200 2780
186.103.157.39 - - [19/May/2016:17:21:24 -0300] "GET /cormun/static/menuarrow.gif HTTP/1.1" 404 1015
186.103.157.235 - - [19/May/2016:17:21:25 -0300] "POST /cormun/servlet/solicitudot?gx-no-cache=1463685698761 HTTP/1.1" 200 2791
186.103.157.235 - - [19/May/2016:17:21:25 -0300] "POST /cormun/servlet/solicitudot?beed383348dd70a4edffad46e31de42f,INS,0,0,,gx-no-cache=1463685699000 HTTP/1.1" 200 8322
191.112.6.139 - - [19/May/2016:17:21:30 -0300] "GET /cormun/servlet/vesolicitudot?2016,1789,, HTTP/1.1" 200 7756
186.103.157.235 - - [19/May/2016:17:21:30 -0300] "GET /cormun/servlet/solicitudot?043d058f970c26aad81c2d6f19247470af591d199b95ea5a8d55824697f4d051e301ddecc1d0e8e3fbaafb51f7358d7f,gx-no-cache=1463685704405 HTTP/1.1" 200 30
186.103.157.235 - - [19/May/2016:17:21:30 -0300] "POST /cormun/servlet/solicitudot?gx-no-cache=1463685704445 HTTP/1.1" 200 30
186.103.157.235 - - [19/May/2016:17:21:30 -0300] "POST /cormun/servlet/solicitudot?gx-no-cache=1463685704476 HTTP/1.1" 200 33
191.112.6.139 - - [19/May/2016:17:21:30 -0300] "GET /cormun/static/gxcfg.js?201631021474241 HTTP/1.1" 304 -
186.103.157.235 - - [19/May/2016:17:21:30 -0300] "POST /cormun/servlet/solicitudot?gx-no-cache=1463685704513 HTTP/1.1" 200 1187
191.112.6.139 - - [19/May/2016:17:21:30 -0300] "GET /cormun/pexe_scrolldiv.js HTTP/1.1" 404 1009
186.103.157.235 - - [19/May/2016:17:21:30 -0300] "GET /cormun/servlet/solicitudot?043d058f970c26aad81c2d6f192474705a55e02fba050537095f4be2bc23672e42ea923879d344f2f19f6c01a987d0eaae444ca60b9bbc2400e7315954028be8f1a39b6f5b29ec62345b5076733db8c9260335680a5ad5ebb128430d033ccfc3abad61bce2e109a583726a17eeda5584f2b6a58cc27c2387e5208421d20504732c7067d38a08ed3a66837bac0a62b2b6,gx-no-cache=1463685704592 HTTP/1.1" 200 38
191.112.6.139 - - [19/May/2016:17:21:31 -0300] "GET /cormun/servlet/vesolicitudot?2016,1789,, HTTP/1.1" 200 7755
191.112.6.139 - - [19/May/2016:17:21:37 -0300] "GET /cormun/servlet/vesolicitudot?2016,1789,,SolicitudOTAdjuntos HTTP/1.1" 200 9501
191.112.6.139 - - [19/May/2016:17:21:38 -0300] "GET /cormun/pexe_scrolldiv.js HTTP/1.1" 404 1009
191.112.6.139 - - [19/May/2016:17:21:38 -0300] "GET /cormun/static/gxui/gxui-all.css HTTP/1.1" 200 2179
191.112.6.139 - - [19/May/2016:17:21:38 -0300] "GET /cormun/static/Resources/PXToolsTabFirstUnselected.png HTTP/1.1" 200 1264
191.112.6.139 - - [19/May/2016:17:21:38 -0300] "GET /cormun/static/Resources/PXToolsTabUnselectedSelected.png HTTP/1.1" 200 1444
191.112.6.139 - - [19/May/2016:17:21:39 -0300] "GET /cormun/servlet/vesolicitudot?2016,1789,,SolicitudOTAdjuntos HTTP/1.1" 200 9499
191.112.6.139 - - [19/May/2016:17:21:39 -0300] "POST /cormun/servlet/acontrolpreferencessavestate?None,CD-12,true HTTP/1.1" 200 35
191.112.6.139 - - [19/May/2016:17:21:41 -0300] "GET /cormun/static/Shared/ext/resources/css/ext-all.css HTTP/1.1" 200 416045
186.103.157.235 - - [19/May/2016:17:21:45 -0300] "POST /cormun/servlet/solicitudot?gx-no-cache=1463685718944 HTTP/1.1" 200 30
186.103.157.39 - - [19/May/2016:17:21:48 -0300] "GET /cormun/servlet/solicitudot?b6305d43b41be885282e40f01c41635c7c1449c82f4ec4a2a2690d6afcbf03d6da3f8e72947a830d5e91deeaee392cae825ec40bb5e3eadb3f88526ce793096a3531d6103c23784cbd9d770f297837e68c08e5fb915355fa7a4d04c8c6637ca75193f27ad47f0c2de991cda1512b95f70e0b3827145e8961bdecf496a628d885b11c4d4228d06255458364e9d0b3a9aa3997a60ea66e370f133ae8c0a91e9ed1b1f254a56e607f0eede87290891e104a,gx-no-cache=1463689325059 HTTP/1.1" 200 30
186.103.157.39 - - [19/May/2016:17:22:20 -0300] "POST /cormun/servlet/solicitudot?0479eb7f4f8e5acb37f8c13cb1c5e804,INS,0,0,,gx-no-cache=1463689357550 HTTP/1.1" 200 93
186.103.157.39 - - [19/May/2016:17:22:20 -0300] "GET /cormun/servlet/hpexe_return? HTTP/1.1" 200 1004
186.103.157.39 - - [19/May/2016:17:22:21 -0300] "GET /cormun/static/Resources/Spanish/PXTools.css?12112540 HTTP/1.1" 304 -
186.103.157.39 - - [19/May/2016:17:22:21 -0300] "GET /cormun/static/hpexe_return.js?2015111312145056 HTTP/1.1" 304 -
186.103.157.39 - - [19/May/2016:17:22:21 -0300] "GET /cormun/static/gxcfg.js?2015111312145050 HTTP/1.1" 200 953
186.103.157.39 - - [19/May/2016:17:22:21 -0300] "GET /cormun/servlet/trsolicitudot HTTP/1.1" 200 7782
186.103.157.39 - - [19/May/2016:17:22:23 -0300] "GET /cormun//static/Resources/PXToolsActionView.png HTTP/1.1" 304 -
186.103.157.39 - - [19/May/2016:17:22:23 -0300] "GET /cormun//static/Resources/PXToolsGridUpdate.png HTTP/1.1" 304 -
186.103.157.39 - - [19/May/2016:17:22:23 -0300] "GET /cormun//static/Resources/PXToolsRemoveAllAction.png HTTP/1.1" 200 3558
186.103.157.39 - - [19/May/2016:17:22:23 -0300] "GET /cormun//static/Resources/PXToolsGridDelete.png HTTP/1.1" 304 -
186.103.157.39 - - [19/May/2016:17:22:23 -0300] "GET /cormun//static/Resources/PXTools/ActionInsert.png HTTP/1.1" 200 1482
186.103.157.39 - - [19/May/2016:17:22:23 -0300] "GET /cormun/servlet/trsolicitudot HTTP/1.1" 200 7778
191.112.6.139 - - [19/May/2016:17:22:30 -0300] "POST /cormun/servlet/vesolicitudot?aeb17d58c734f6142dfe627a5cc84dad,2016,1789,,SolicitudOTAdjuntos,gx-no-cache=1463685763908 HTTP/1.1" 200 121
191.112.6.139 - - [19/May/2016:17:22:30 -0300] "GET /cormun/servlet/solicitudotadjuntos?DLT,2016,1789,CARNET, HTTP/1.1" 200 5596
191.112.6.139 - - [19/May/2016:17:22:31 -0300] "GET /cormun/servlet/solicitudotadjuntos?DLT,2016,1789,CARNET, HTTP/1.1" 200 5586
191.112.6.139 - - [19/May/2016:17:22:32 -0300] "GET /cormun/PublicTempStorage/curriculum__daniela3933773.pdf HTTP/1.1" 200 553632
186.103.157.39 - - [19/May/2016:17:22:41 -0300] "POST /cormun/servlet/trsolicitudot?0479eb7f4f8e5acb37f8c13cb1c5e804,gx-no-cache=1463689378387 HTTP/1.1" 200 3852
186.103.157.39 - - [19/May/2016:17:22:41 -0300] "GET /cormun/static/Shared/jqueryui/images/ui-bg_highlight-soft_100_c6c2c8_1x100.png HTTP/1.1" 404 1117
186.103.157.39 - - [19/May/2016:17:22:41 -0300] "GET /cormun/static/Shared/jqueryui/images/ui-icons_82798d_256x240.png HTTP/1.1" 404 1089
186.103.157.39 - - [19/May/2016:17:22:41 -0300] "GET /cormun/static/Shared/jqueryui/images/ui-bg_flat_55_fafafa_40x100.png HTTP/1.1" 404 1097
186.103.157.39 - - [19/May/2016:17:22:41 -0300] "GET /cormun/static/Shared/jqueryui/images/ui-icons_8d78a5_256x240.png HTTP/1.1" 404 1089
186.103.157.39 - - [19/May/2016:17:22:42 -0300] "POST /cormun/servlet/trsolicitudot?0479eb7f4f8e5acb37f8c13cb1c5e804,gx-no-cache=1463689379334 HTTP/1.1" 200 3696
186.103.157.39 - - [19/May/2016:17:23:04 -0300] "GET /cormun/servlet/hlogin HTTP/1.1" 200 1730
186.103.157.39 - - [19/May/2016:17:23:21 -0300] "POST /cormun/servlet/hlogin?0479eb7f4f8e5acb37f8c13cb1c5e804,gx-no-cache=1463689418625 HTTP/1.1" 200 90
186.103.157.39 - - [19/May/2016:17:23:21 -0300] "GET /cormun/servlet/hpexe_link HTTP/1.1" 200 947
186.103.157.39 - - [19/May/2016:17:23:22 -0300] "GET /cormun/servlet/hhome HTTP/1.1" 200 3986
186.103.157.39 - - [19/May/2016:17:23:23 -0300] "GET /cormun/servlet/hhome HTTP/1.1" 200 3982
186.103.157.39 - - [19/May/2016:17:23:28 -0300] "GET /cormun/servlet/trautorizarsolicitud? HTTP/1.1" 200 8136
186.103.157.39 - - [19/May/2016:17:23:28 -0300] "GET /cormun/static/gxui/gxui-all.css?110300 HTTP/1.1" 304 -
186.103.157.39 - - [19/May/2016:17:23:28 -0300] "GET /cormun/static/Resources/Spanish/PXTools.css?19284387 HTTP/1.1" 304 -
186.103.157.39 - - [19/May/2016:17:23:28 -0300] "GET /cormun/static/gxcfg.js?201632119361219 HTTP/1.1" 200 953
186.103.157.39 - - [19/May/2016:17:23:28 -0300] "GET /cormun/static/trautorizarsolicitud.js?20163211936186 HTTP/1.1" 304 -
186.103.157.39 - - [19/May/2016:17:23:29 -0300] "GET /cormun/servlet/trautorizarsolicitud? HTTP/1.1" 200 8134
186.78.62.20 - - [19/May/2016:17:23:34 -0300] "POST /cormun/servlet/solicitudot?gx-no-cache=1463689429918 HTTP/1.1" 200 1187
186.78.62.20 - - [19/May/2016:17:23:34 -0300] "GET /cormun/servlet/solicitudot?387371cb998c70b1c13746731d69a50207f88866c178ee35b66b8644525430a089509702446aa5b4589a0e7e2a11831c626ead0333e30802d2df72253d4ca5304ad3e8bf44303a8cdad0f87e121eebff244028cc378cadf6db52363dbf86158a6d2f8f024589d490a41813a7d93f815647d5cd1011d9c3f7b0814348af9d772518fe88df490342490135e11aefb5ef0c,gx-no-cache=1463689430232 HTTP/1.1" 200 38
186.78.62.20 - - [19/May/2016:17:23:34 -0300] "GET /cormun/servlet/solicitudot?387371cb998c70b1c13746731d69a502f8815ac75c126701962aa650083d0f666b6bcef42356e4a042129db960a2691e41d883eba24d3efe87fb863dd47b64b255fcda8371a06a16c8498f4e1b55115f796225b3b526f5bc3f8e87f9c5fe0aed1d2352de3bd713591e06942a96809645d43b5efc2b24df5a41d4ff3562f0422ca3e7521db4ecb4bc208b2bd18d53609a3d8035e44525924642a41560507fea93,gx-no-cache=1463689430309 HTTP/1.1" 200 29
191.112.6.139 - - [19/May/2016:17:23:34 -0300] "POST /cormun/servlet/solicitudotadjuntos?aeb17d58c734f6142dfe627a5cc84dad,DLT,2016,1789,CARNET,,gx-no-cache=1463685828622 HTTP/1.1" 200 93
191.112.6.139 - - [19/May/2016:17:23:34 -0300] "GET /cormun/servlet/hpexe_return? HTTP/1.1" 200 1039
186.78.62.20 - - [19/May/2016:17:23:34 -0300] "POST /cormun/servlet/solicitudot?gx-no-cache=1463689430429 HTTP/1.1" 200 1143
191.112.6.139 - - [19/May/2016:17:23:35 -0300] "GET /cormun/servlet/vesolicitudot?2016,1789,,SolicitudOTAdjuntos HTTP/1.1" 200 9344
191.112.6.139 - - [19/May/2016:17:23:36 -0300] "GET /cormun/pexe_scrolldiv.js HTTP/1.1" 404 1009
191.112.6.139 - - [19/May/2016:17:23:37 -0300] "GET /cormun/servlet/vesolicitudot?2016,1789,,SolicitudOTAdjuntos HTTP/1.1" 200 9339
191.112.6.139 - - [19/May/2016:17:23:37 -0300] "POST /cormun/servlet/acontrolpreferencessavestate?None,CD-12,true HTTP/1.1" 200 35
186.103.157.39 - - [19/May/2016:17:23:40 -0300] "POST /cormun/servlet/trautorizarsolicitud?0479eb7f4f8e5acb37f8c13cb1c5e804,,gx-no-cache=1463689437176 HTTP/1.1" 200 4229
186.103.157.39 - - [19/May/2016:17:23:41 -0300] "POST /cormun/servlet/trautorizarsolicitud?0479eb7f4f8e5acb37f8c13cb1c5e804,,gx-no-cache=1463689437820 HTTP/1.1" 200 4078
186.103.157.235 - - [19/May/2016:17:23:49 -0300] "POST /cormun/servlet/solicitudot?gx-no-cache=1463685843550 HTTP/1.1" 200 30
191.112.6.139 - - [19/May/2016:17:23:55 -0300] "POST /cormun/servlet/vesolicitudot?aeb17d58c734f6142dfe627a5cc84dad,2016,1789,,SolicitudOTAdjuntos,gx-no-cache=1463685849682 HTTP/1.1" 200 122
191.112.6.139 - - [19/May/2016:17:23:56 -0300] "GET /cormun/servlet/solicitudotadjuntos?DLT,2016,1789,CERTIF2, HTTP/1.1" 200 5603
191.112.6.139 - - [19/May/2016:17:23:57 -0300] "GET /cormun/PublicTempStorage/fotocopiaceduladaniela1479696.pdf HTTP/1.1" 200 313975
191.112.6.139 - - [19/May/2016:17:23:57 -0300] "GET /cormun/servlet/solicitudotadjuntos?DLT,2016,1789,CERTIF2, HTTP/1.1" 200 5594
186.103.157.235 - - [19/May/2016:17:23:59 -0300] "POST /cormun/servlet/solicitudot?gx-no-cache=1463685853334 HTTP/1.1" 200 30
191.112.6.139 - - [19/May/2016:17:23:59 -0300] "POST /cormun/servlet/solicitudotadjuntos?aeb17d58c734f6142dfe627a5cc84dad,DLT,2016,1789,CERTIF2,,gx-no-cache=1463685853746 HTTP/1.1" 200 93
191.112.6.139 - - [19/May/2016:17:23:59 -0300] "GET /cormun/servlet/hpexe_return? HTTP/1.1" 200 1040
191.112.6.139 - - [19/May/2016:17:24:00 -0300] "GET /cormun/servlet/vesolicitudot?2016,1789,,SolicitudOTAdjuntos HTTP/1.1" 200 9184
191.112.6.139 - - [19/May/2016:17:24:00 -0300] "GET /cormun/pexe_scrolldiv.js HTTP/1.1" 404 1009
191.112.6.139 - - [19/May/2016:17:24:02 -0300] "GET /cormun/servlet/vesolicitudot?2016,1789,,SolicitudOTAdjuntos HTTP/1.1" 200 9180
191.112.6.139 - - [19/May/2016:17:24:02 -0300] "POST /cormun/servlet/acontrolpreferencessavestate?None,CD-12,true HTTP/1.1" 200 35
191.112.6.139 - - [19/May/2016:17:24:18 -0300] "POST /cormun/servlet/vesolicitudot?aeb17d58c734f6142dfe627a5cc84dad,2016,1789,,SolicitudOTAdjuntos,gx-no-cache=1463685872300 HTTP/1.1" 200 122
191.112.6.139 - - [19/May/2016:17:24:18 -0300] "GET /cormun/servlet/solicitudotadjuntos?DLT,2016,1789,CERTIF3, HTTP/1.1" 200 5585
191.112.6.139 - - [19/May/2016:17:24:19 -0300] "GET /cormun/PublicTempStorage/afp__daniela1935549.pdf HTTP/1.1" 200 237421
191.112.6.139 - - [19/May/2016:17:24:20 -0300] "GET /cormun/servlet/solicitudotadjuntos?DLT,2016,1789,CERTIF3, HTTP/1.1" 200 5576
191.112.6.139 - - [19/May/2016:17:24:22 -0300] "POST /cormun/servlet/solicitudotadjuntos?aeb17d58c734f6142dfe627a5cc84dad,DLT,2016,1789,CERTIF3,,gx-no-cache=1463685876353 HTTP/1.1" 200 93
191.112.6.139 - - [19/May/2016:17:24:22 -0300] "GET /cormun/servlet/hpexe_return? HTTP/1.1" 200 1040
191.112.6.139 - - [19/May/2016:17:24:23 -0300] "GET /cormun/servlet/vesolicitudot?2016,1789,,SolicitudOTAdjuntos HTTP/1.1" 200 9040
186.103.157.235 - - [19/May/2016:17:24:23 -0300] "POST /cormun/servlet/solicitudot?gx-no-cache=1463685877724 HTTP/1.1" 200 30
191.112.6.139 - - [19/May/2016:17:24:23 -0300] "GET /cormun/pexe_scrolldiv.js HTTP/1.1" 404 1009
191.112.6.139 - - [19/May/2016:17:24:25 -0300] "GET /cormun/servlet/vesolicitudot?2016,1789,,SolicitudOTAdjuntos HTTP/1.1" 200 9036
191.112.6.139 - - [19/May/2016:17:24:25 -0300] "POST /cormun/servlet/acontrolpreferencessavestate?None,CD-12,true HTTP/1.1" 200 35
186.103.157.235 - - [19/May/2016:17:24:26 -0300] "POST /cormun/servlet/solicitudot?gx-no-cache=1463685880832 HTTP/1.1" 200 1187
186.103.157.235 - - [19/May/2016:17:24:27 -0300] "GET /cormun/servlet/solicitudot?043d058f970c26aad81c2d6f192474705a55e02fba050537095f4be2bc23672e42ea923879d344f2f19f6c01a987d0eaae444ca60b9bbc2400e7315954028be8f1a39b6f5b29ec62345b5076733db8c9260335680a5ad5ebb128430d033ccfc3abad61bce2e109a583726a17eeda5584f2b6a58cc27c2387e5208421d20504732c7067d38a08ed3a66837bac0a62b2b6,gx-no-cache=1463685880936 HTTP/1.1" 200 38
191.112.6.139 - - [19/May/2016:17:24:30 -0300] "POST /cormun/servlet/vesolicitudot?aeb17d58c734f6142dfe627a5cc84dad,2016,1789,,SolicitudOTAdjuntos,gx-no-cache=1463685884209 HTTP/1.1" 200 122
191.112.6.139 - - [19/May/2016:17:24:31 -0300] "GET /cormun/servlet/solicitudotadjuntos?DLT,2016,1789,CERTIF5, HTTP/1.1" 200 5600
191.112.6.139 - - [19/May/2016:17:24:32 -0300] "GET /cormun/servlet/solicitudotadjuntos?DLT,2016,1789,CERTIF5, HTTP/1.1" 200 5591
191.112.6.139 - - [19/May/2016:17:24:32 -0300] "GET /cormun/PublicTempStorage/antecedentes__daniela7608155.pdf HTTP/1.1" 200 618071
191.112.6.139 - - [19/May/2016:17:24:34 -0300] "POST /cormun/servlet/solicitudotadjuntos?aeb17d58c734f6142dfe627a5cc84dad,DLT,2016,1789,CERTIF5,,gx-no-cache=1463685887992 HTTP/1.1" 200 93
191.112.6.139 - - [19/May/2016:17:24:34 -0300] "GET /cormun/servlet/hpexe_return? HTTP/1.1" 200 1040
186.103.157.235 - - [19/May/2016:17:24:34 -0300] "GET /cormun/servlet/solicitudot?043d058f970c26aad81c2d6f19247470b2fbcd1d2f2725e6985cad6c117bb1ac11604dc57b3f0f8e6f72e2a9afb935fd53e7ebe1850a534ce2462edc3a7f934d47e1ce8e74f4868f63f6ac918f2680a4898b1ba1e195ae867284edab4a6e733ab94ee50b6c558da38e602ae80abf1233dae30e52ee26314244295cf80d0a14501928a34dd2622e95a2c10251bb2e2de2d364a2e8c84d715262fbb378f9004b17,gx-no-cache=1463685888487 HTTP/1.1" 200 29
186.103.157.235 - - [19/May/2016:17:24:34 -0300] "POST /cormun/servlet/solicitudot?gx-no-cache=1463685888517 HTTP/1.1" 200 1143
191.112.6.139 - - [19/May/2016:17:24:35 -0300] "GET /cormun/servlet/vesolicitudot?2016,1789,,SolicitudOTAdjuntos HTTP/1.1" 200 8873
191.112.6.139 - - [19/May/2016:17:24:35 -0300] "GET /cormun/pexe_scrolldiv.js HTTP/1.1" 404 1009
191.112.6.139 - - [19/May/2016:17:24:36 -0300] "GET /cormun/servlet/vesolicitudot?2016,1789,,SolicitudOTAdjuntos HTTP/1.1" 200 8870
186.103.157.235 - - [19/May/2016:17:24:36 -0300] "GET /cormun/static/menuarrow.gif HTTP/1.1" 404 1015
191.112.6.139 - - [19/May/2016:17:24:36 -0300] "POST /cormun/servlet/acontrolpreferencessavestate?None,CD-12,true HTTP/1.1" 200 35
191.112.6.139 - - [19/May/2016:17:24:39 -0300] "POST /cormun/servlet/vesolicitudot?aeb17d58c734f6142dfe627a5cc84dad,2016,1789,,SolicitudOTAdjuntos,gx-no-cache=1463685893707 HTTP/1.1" 200 122
191.112.6.139 - - [19/May/2016:17:24:40 -0300] "GET /cormun/servlet/solicitudotadjuntos?DLT,2016,1789,CERTIF4, HTTP/1.1" 200 5595
191.112.6.139 - - [19/May/2016:17:24:40 -0300] "GET /cormun/PublicTempStorage/fonasa__daniela9971032.pdf HTTP/1.1" 200 297949
191.112.6.139 - - [19/May/2016:17:24:41 -0300] "GET /cormun/servlet/solicitudotadjuntos?DLT,2016,1789,CERTIF4, HTTP/1.1" 200 5587
191.112.6.139 - - [19/May/2016:17:24:43 -0300] "POST /cormun/servlet/solicitudotadjuntos?aeb17d58c734f6142dfe627a5cc84dad,DLT,2016,1789,CERTIF4,,gx-no-cache=1463685897032 HTTP/1.1" 200 93
191.112.6.139 - - [19/May/2016:17:24:43 -0300] "GET /cormun/servlet/hpexe_return? HTTP/1.1" 200 1040
191.112.6.139 - - [19/May/2016:17:24:43 -0300] "GET /cormun/servlet/vesolicitudot?2016,1789,,SolicitudOTAdjuntos HTTP/1.1" 200 6939
191.112.6.139 - - [19/May/2016:17:24:44 -0300] "GET /cormun/pexe_scrolldiv.js HTTP/1.1" 404 1009
191.112.6.139 - - [19/May/2016:17:24:45 -0300] "GET /cormun/servlet/vesolicitudot?2016,1789,,SolicitudOTAdjuntos HTTP/1.1" 200 6935
191.112.6.139 - - [19/May/2016:17:24:45 -0300] "POST /cormun/servlet/acontrolpreferencessavestate?None,CD-12,true HTTP/1.1" 200 35
191.112.6.139 - - [19/May/2016:17:24:49 -0300] "GET /cormun/servlet/solicitudotadjuntos?INS,2016,1789,,1, HTTP/1.1" 200 5601
191.112.6.139 - - [19/May/2016:17:24:50 -0300] "GET /cormun/static/about:blank HTTP/1.1" 404 1011
191.112.6.139 - - [19/May/2016:17:24:50 -0300] "GET /cormun/servlet/solicitudotadjuntos?INS,2016,1789,,1, HTTP/1.1" 200 5593
191.112.6.139 - - [19/May/2016:17:24:51 -0300] "GET /cormun/servlet/solicitudotadjuntos?02ce989dc9479442620846a098f563a2f56c74f6eb65123309cbcd82c6b59569eede42e7a129935f9e247d4effec9dd1,gx-no-cache=1463685905314 HTTP/1.1" 200 30
191.112.6.139 - - [19/May/2016:17:24:51 -0300] "POST /cormun/servlet/solicitudotadjuntos?aeb17d58c734f6142dfe627a5cc84dad,INS,2016,1789,,1,,gx-no-cache=1463685905393 HTTP/1.1" 200 3446
191.112.6.139 - - [19/May/2016:17:25:01 -0300] "POST /cormun/servlet/solicitudotadjuntos?gx-no-cache=1463685915256 HTTP/1.1" 200 26
191.112.6.139 - - [19/May/2016:17:25:10 -0300] "GET /cormun/servlet/solicitudotadjuntos?02ce989dc9479442620846a098f563a2d158e547f85f0a6df6eb90a117bc978e,gx-no-cache=1463685924287 HTTP/1.1" 200 30
191.112.6.139 - - [19/May/2016:17:25:10 -0300] "GET /cormun/servlet/solicitudotadjuntos?02ce989dc9479442620846a098f563a2d158e547f85f0a6df6eb90a117bc978e,gx-no-cache=1463685924371 HTTP/1.1" 200 30
191.112.6.139 - - [19/May/2016:17:25:19 -0300] "POST /cormun/servlet/solicitudotadjuntos?aeb17d58c734f6142dfe627a5cc84dad,INS,2016,1789,,1, HTTP/1.1" 200 116
191.112.6.139 - - [19/May/2016:17:25:20 -0300] "GET /cormun/servlet/hpexe_return? HTTP/1.1" 200 1035
191.112.6.139 - - [19/May/2016:17:25:21 -0300] "GET /cormun/servlet/vesolicitudot?2016,1789,,SolicitudOTAdjuntos HTTP/1.1" 200 8875
191.112.6.139 - - [19/May/2016:17:25:21 -0300] "GET /cormun/pexe_scrolldiv.js HTTP/1.1" 404 1009
191.112.6.139 - - [19/May/2016:17:25:22 -0300] "GET /cormun/servlet/vesolicitudot?2016,1789,,SolicitudOTAdjuntos HTTP/1.1" 200 8871
191.112.6.139 - - [19/May/2016:17:25:22 -0300] "POST /cormun/servlet/acontrolpreferencessavestate?None,CD-12,true HTTP/1.1" 200 35
191.112.6.139 - - [19/May/2016:17:25:26 -0300] "GET /cormun/servlet/solicitudotadjuntos?INS,2016,1789,,1, HTTP/1.1" 200 5601
191.112.6.139 - - [19/May/2016:17:25:26 -0300] "GET /cormun/static/about:blank HTTP/1.1" 404 1011
191.112.6.139 - - [19/May/2016:17:25:27 -0300] "GET /cormun/servlet/solicitudotadjuntos?INS,2016,1789,,1, HTTP/1.1" 200 5593
191.112.6.139 - - [19/May/2016:17:25:27 -0300] "GET /cormun/servlet/solicitudotadjuntos?02ce989dc9479442620846a098f563a2f56c74f6eb65123309cbcd82c6b59569eede42e7a129935f9e247d4effec9dd1,gx-no-cache=1463685941901 HTTP/1.1" 200 30
191.112.6.139 - - [19/May/2016:17:25:28 -0300] "POST /cormun/servlet/solicitudotadjuntos?aeb17d58c734f6142dfe627a5cc84dad,INS,2016,1789,,1,,gx-no-cache=1463685942004 HTTP/1.1" 200 3446
191.112.6.139 - - [19/May/2016:17:25:36 -0300] "POST /cormun/servlet/solicitudotadjuntos?gx-no-cache=1463685950694 HTTP/1.1" 200 26
200.86.98.101 - - [19/May/2016:17:25:51 -0300] "GET /cormun/servlet/hlogin HTTP/1.1" 200 1718
200.86.98.101 - - [19/May/2016:17:25:51 -0300] "GET /cormun/static/gxcfg.js?20151120045111 HTTP/1.1" 304 -
200.86.98.101 - - [19/May/2016:17:25:51 -0300] "GET /cormun/static/messages.spa.js?85251 HTTP/1.1" 304 -
200.86.98.101 - - [19/May/2016:17:25:52 -0300] "GET /cormun/servlet/hlogin HTTP/1.1" 200 1723
191.112.6.139 - - [19/May/2016:17:26:04 -0300] "GET /cormun/servlet/solicitudotadjuntos?02ce989dc9479442620846a098f563a2d158e547f85f0a6df6eb90a117bc978e,gx-no-cache=1463685978633 HTTP/1.1" 200 30
191.112.6.139 - - [19/May/2016:17:26:04 -0300] "GET /cormun/servlet/solicitudotadjuntos?02ce989dc9479442620846a098f563a2d158e547f85f0a6df6eb90a117bc978e,gx-no-cache=1463685978747 HTTP/1.1" 200 30
191.112.6.139 - - [19/May/2016:17:26:11 -0300] "POST /cormun/servlet/solicitudotadjuntos?aeb17d58c734f6142dfe627a5cc84dad,INS,2016,1789,,1, HTTP/1.1" 200 116
200.86.98.101 - - [19/May/2016:17:26:11 -0300] "POST /cormun/servlet/hlogin?e54feedaf73c28cd8cfc48af206f5b2e,gx-no-cache=1463689587165 HTTP/1.1" 200 90
200.86.98.101 - - [19/May/2016:17:26:11 -0300] "GET /cormun/servlet/hpexe_link HTTP/1.1" 200 944
200.86.98.101 - - [19/May/2016:17:26:11 -0300] "GET /cormun/static/gxcfg.js?20151120044395 HTTP/1.1" 304 -
200.86.98.101 - - [19/May/2016:17:26:12 -0300] "GET /cormun/servlet/hhome HTTP/1.1" 200 3712
200.86.98.101 - - [19/May/2016:17:26:12 -0300] "GET /cormun/static/gxcfg.js?2015112210564248 HTTP/1.1" 304 -
200.86.98.101 - - [19/May/2016:17:26:12 -0300] "GET /cormun/servlet/hhome HTTP/1.1" 200 3710
191.112.6.139 - - [19/May/2016:17:26:13 -0300] "GET /cormun/servlet/hpexe_return? HTTP/1.1" 200 1035
191.112.6.139 - - [19/May/2016:17:26:14 -0300] "GET /cormun/servlet/vesolicitudot?2016,1789,,SolicitudOTAdjuntos HTTP/1.1" 200 9061
191.112.6.139 - - [19/May/2016:17:26:14 -0300] "GET /cormun/pexe_scrolldiv.js HTTP/1.1" 404 1009
191.112.6.139 - - [19/May/2016:17:26:15 -0300] "GET /cormun/servlet/vesolicitudot?2016,1789,,SolicitudOTAdjuntos HTTP/1.1" 200 9057
191.112.6.139 - - [19/May/2016:17:26:16 -0300] "POST /cormun/servlet/acontrolpreferencessavestate?None,CD-12,true HTTP/1.1" 200 35
200.86.98.101 - - [19/May/2016:17:26:17 -0300] "GET /cormun/servlet/trsolicitudot? HTTP/1.1" 200 6625
200.86.98.101 - - [19/May/2016:17:26:18 -0300] "GET /cormun/static/gxui/gxui-all.css?120300 HTTP/1.1" 304 -
200.86.98.101 - - [19/May/2016:17:26:18 -0300] "GET /cormun/static/Resources/Spanish/PXTools.css?2139548 HTTP/1.1" 304 -
200.86.98.101 - - [19/May/2016:17:26:18 -0300] "GET /cormun/static/trsolicitudot.js?201631022393178 HTTP/1.1" 304 -
200.86.98.101 - - [19/May/2016:17:26:18 -0300] "GET /cormun/static/gxcfg.js?201631022392470 HTTP/1.1" 200 953
200.86.98.101 - - [19/May/2016:17:26:18 -0300] "GET /cormun/servlet/trsolicitudot? HTTP/1.1" 200 6624
191.112.6.139 - - [19/May/2016:17:26:27 -0300] "GET /cormun/servlet/solicitudotadjuntos?INS,2016,1789,,1, HTTP/1.1" 200 5600
191.112.6.139 - - [19/May/2016:17:26:27 -0300] "GET /cormun/static/about:blank HTTP/1.1" 404 1011
191.112.6.139 - - [19/May/2016:17:26:28 -0300] "GET /cormun/servlet/solicitudotadjuntos?INS,2016,1789,,1, HTTP/1.1" 200 5592
191.112.6.139 - - [19/May/2016:17:26:28 -0300] "GET /cormun/servlet/solicitudotadjuntos?02ce989dc9479442620846a098f563a2f56c74f6eb65123309cbcd82c6b59569eede42e7a129935f9e247d4effec9dd1,gx-no-cache=1463686002684 HTTP/1.1" 200 30
191.112.6.139 - - [19/May/2016:17:26:29 -0300] "POST /cormun/servlet/solicitudotadjuntos?aeb17d58c734f6142dfe627a5cc84dad,INS,2016,1789,,1,,gx-no-cache=1463686002803 HTTP/1.1" 200 3446
200.86.98.101 - - [19/May/2016:17:26:30 -0300] "GET /cormun/servlet/solicitudot?INS,0,0, HTTP/1.1" 200 11859
200.86.98.101 - - [19/May/2016:17:26:30 -0300] "GET /cormun/static/solicitudot.js?201631710541292 HTTP/1.1" 304 -
200.86.98.101 - - [19/May/2016:17:26:30 -0300] "GET /cormun/static/Resources/Spanish/PXTools.css?22445990 HTTP/1.1" 304 -
200.86.98.101 - - [19/May/2016:17:26:30 -0300] "GET /cormun/static/gxcfg.js?201631710541238 HTTP/1.1" 200 953
200.86.98.101 - - [19/May/2016:17:26:31 -0300] "GET /cormun/servlet/solicitudot?INS,0,0, HTTP/1.1" 200 11864
191.112.6.139 - - [19/May/2016:17:26:32 -0300] "POST /cormun/servlet/solicitudotadjuntos?gx-no-cache=1463686006574 HTTP/1.1" 200 26
191.112.6.139 - - [19/May/2016:17:26:40 -0300] "GET /cormun/servlet/solicitudotadjuntos?02ce989dc9479442620846a098f563a2d158e547f85f0a6df6eb90a117bc978e,gx-no-cache=1463686014863 HTTP/1.1" 200 30
191.112.6.139 - - [19/May/2016:17:26:40 -0300] "GET /cormun/servlet/solicitudotadjuntos?02ce989dc9479442620846a098f563a2d158e547f85f0a6df6eb90a117bc978e,gx-no-cache=1463686014945 HTTP/1.1" 200 30
191.112.6.139 - - [19/May/2016:17:26:46 -0300] "POST /cormun/servlet/solicitudotadjuntos?aeb17d58c734f6142dfe627a5cc84dad,INS,2016,1789,,1, HTTP/1.1" 200 116
191.112.6.139 - - [19/May/2016:17:26:46 -0300] "GET /cormun/servlet/hpexe_return? HTTP/1.1" 200 1035
191.112.6.139 - - [19/May/2016:17:26:47 -0300] "GET /cormun/servlet/vesolicitudot?2016,1789,,SolicitudOTAdjuntos HTTP/1.1" 200 9210
191.112.6.139 - - [19/May/2016:17:26:47 -0300] "GET /cormun/pexe_scrolldiv.js HTTP/1.1" 404 1009
191.112.6.139 - - [19/May/2016:17:26:48 -0300] "GET /cormun/servlet/vesolicitudot?2016,1789,,SolicitudOTAdjuntos HTTP/1.1" 200 9205
191.112.6.139 - - [19/May/2016:17:26:49 -0300] "POST /cormun/servlet/acontrolpreferencessavestate?None,CD-12,true HTTP/1.1" 200 35
191.112.6.139 - - [19/May/2016:17:26:53 -0300] "GET /cormun/servlet/solicitudotadjuntos?INS,2016,1789,,1, HTTP/1.1" 200 5600
191.112.6.139 - - [19/May/2016:17:26:53 -0300] "GET /cormun/static/about:blank HTTP/1.1" 404 1011
191.112.6.139 - - [19/May/2016:17:26:54 -0300] "GET /cormun/servlet/solicitudotadjuntos?INS,2016,1789,,1, HTTP/1.1" 200 5592
191.112.6.139 - - [19/May/2016:17:26:54 -0300] "GET /cormun/servlet/solicitudotadjuntos?02ce989dc9479442620846a098f563a2f56c74f6eb65123309cbcd82c6b59569eede42e7a129935f9e247d4effec9dd1,gx-no-cache=1463686029199 HTTP/1.1" 200 30
191.112.6.139 - - [19/May/2016:17:26:55 -0300] "POST /cormun/servlet/solicitudotadjuntos?aeb17d58c734f6142dfe627a5cc84dad,INS,2016,1789,,1,,gx-no-cache=1463686029304 HTTP/1.1" 200 3445
191.112.6.139 - - [19/May/2016:17:27:00 -0300] "POST /cormun/servlet/solicitudotadjuntos?gx-no-cache=1463686034535 HTTP/1.1" 200 26
191.112.6.139 - - [19/May/2016:17:27:11 -0300] "GET /cormun/servlet/solicitudotadjuntos?02ce989dc9479442620846a098f563a2d158e547f85f0a6df6eb90a117bc978e,gx-no-cache=1463686046183 HTTP/1.1" 200 30
191.112.6.139 - - [19/May/2016:17:27:12 -0300] "GET /cormun/servlet/solicitudotadjuntos?02ce989dc9479442620846a098f563a2d158e547f85f0a6df6eb90a117bc978e,gx-no-cache=1463686046265 HTTP/1.1" 200 30
186.103.157.235 - - [19/May/2016:17:27:16 -0300] "GET /cormun/servlet/solicitudot?043d058f970c26aad81c2d6f1924747095114100c9c2a9710f129e98377cd89c72dc87fd2fcb7a29d61073777dad91f183d3a3c67c97806ad704934ea481235493e343b6a9610a4ac52c6dc305985816a33e935070e07db09062cf97f77380908fea72ca2ad699108f2ebc90aad2ab9b6c0a1ae71be1fe52085418b02b4addf745d45a698552e9f079b4b7da9c5ddf26e1bd93dccd63f71c7232cbd8918a2f3fd23564afd3f73ba6d783085c48d4e49c,gx-no-cache=1463686050263 HTTP/1.1" 200 30
191.112.6.139 - - [19/May/2016:17:27:18 -0300] "POST /cormun/servlet/solicitudotadjuntos?aeb17d58c734f6142dfe627a5cc84dad,INS,2016,1789,,1, HTTP/1.1" 200 116
191.112.6.139 - - [19/May/2016:17:27:18 -0300] "GET /cormun/servlet/hpexe_return? HTTP/1.1" 200 1035
200.86.98.101 - - [19/May/2016:17:27:19 -0300] "GET /cormun/servlet/prfichaempleado?,MD,,gxPopupLevel%3D0%3B HTTP/1.1" 200 8030
200.86.98.101 - - [19/May/2016:17:27:19 -0300] "GET /cormun/static/Resources/Spanish/PXTools.css?16184758 HTTP/1.1" 304 -
200.86.98.101 - - [19/May/2016:17:27:19 -0300] "GET /cormun/static/gxcfg.js?201511151625694 HTTP/1.1" 200 953
200.86.98.101 - - [19/May/2016:17:27:19 -0300] "GET /cormun/static/menusearch.js?20163211930269 HTTP/1.1" 304 -
200.86.98.101 - - [19/May/2016:17:27:19 -0300] "GET /cormun/static/scaMessage/css/jquery-ui.css?104140 HTTP/1.1" 404 1045
200.86.98.101 - - [19/May/2016:17:27:19 -0300] "GET /cormun/static/hmpwkw01.js?201511211495945 HTTP/1.1" 304 -
200.86.98.101 - - [19/May/2016:17:27:19 -0300] "GET /cormun/static/prfichaempleado.js?201511151625857 HTTP/1.1" 304 -
191.112.6.139 - - [19/May/2016:17:27:19 -0300] "GET /cormun/servlet/vesolicitudot?2016,1789,,SolicitudOTAdjuntos HTTP/1.1" 200 9348
191.112.6.139 - - [19/May/2016:17:27:19 -0300] "GET /cormun/pexe_scrolldiv.js HTTP/1.1" 404 1009
191.112.6.139 - - [19/May/2016:17:27:20 -0300] "GET /cormun/servlet/vesolicitudot?2016,1789,,SolicitudOTAdjuntos HTTP/1.1" 200 9345
191.112.6.139 - - [19/May/2016:17:27:21 -0300] "POST /cormun/servlet/acontrolpreferencessavestate?None,CD-12,true HTTP/1.1" 200 35
186.78.62.20 - - [19/May/2016:17:27:23 -0300] "POST /cormun/servlet/solicitudot?gx-no-cache=1463689659441 HTTP/1.1" 200 30
191.112.6.139 - - [19/May/2016:17:27:27 -0300] "GET /cormun/servlet/solicitudotadjuntos?INS,2016,1789,,1, HTTP/1.1" 200 5600
191.112.6.139 - - [19/May/2016:17:27:27 -0300] "GET /cormun/static/about:blank HTTP/1.1" 404 1011
191.112.6.139 - - [19/May/2016:17:27:28 -0300] "GET /cormun/servlet/solicitudotadjuntos?INS,2016,1789,,1, HTTP/1.1" 200 5592
191.112.6.139 - - [19/May/2016:17:27:28 -0300] "GET /cormun/servlet/solicitudotadjuntos?02ce989dc9479442620846a098f563a2f56c74f6eb65123309cbcd82c6b59569eede42e7a129935f9e247d4effec9dd1,gx-no-cache=1463686062566 HTTP/1.1" 200 30
186.78.62.20 - - [19/May/2016:17:27:28 -0300] "POST /cormun/servlet/solicitudot?gx-no-cache=1463689664263 HTTP/1.1" 200 1187
191.112.6.139 - - [19/May/2016:17:27:28 -0300] "POST /cormun/servlet/solicitudotadjuntos?aeb17d58c734f6142dfe627a5cc84dad,INS,2016,1789,,1,,gx-no-cache=1463686062683 HTTP/1.1" 200 3445
186.78.62.20 - - [19/May/2016:17:27:28 -0300] "GET /cormun/servlet/solicitudot?387371cb998c70b1c13746731d69a50207f88866c178ee35b66b8644525430a089509702446aa5b4589a0e7e2a11831c626ead0333e30802d2df72253d4ca5304ad3e8bf44303a8cdad0f87e121eebff244028cc378cadf6db52363dbf86158a6d2f8f024589d490a41813a7d93f815647d5cd1011d9c3f7b0814348af9d772518fe88df490342490135e11aefb5ef0c,gx-no-cache=1463689664492 HTTP/1.1" 200 38
191.112.6.139 - - [19/May/2016:17:27:33 -0300] "POST /cormun/servlet/solicitudotadjuntos?gx-no-cache=1463686067749 HTTP/1.1" 200 26
191.112.6.139 - - [19/May/2016:17:27:40 -0300] "GET /cormun/servlet/solicitudotadjuntos?02ce989dc9479442620846a098f563a2d158e547f85f0a6df6eb90a117bc978e,gx-no-cache=1463686074962 HTTP/1.1" 200 30
191.112.6.139 - - [19/May/2016:17:27:40 -0300] "GET /cormun/servlet/solicitudotadjuntos?02ce989dc9479442620846a098f563a2d158e547f85f0a6df6eb90a117bc978e,gx-no-cache=1463686075134 HTTP/1.1" 200 30
186.78.62.20 - - [19/May/2016:17:27:54 -0300] "POST /cormun/servlet/solicitudot?gx-no-cache=1463689689904 HTTP/1.1" 200 30
191.112.6.139 - - [19/May/2016:17:27:56 -0300] "POST /cormun/servlet/solicitudotadjuntos?aeb17d58c734f6142dfe627a5cc84dad,INS,2016,1789,,1, HTTP/1.1" 200 116
191.112.6.139 - - [19/May/2016:17:27:56 -0300] "GET /cormun/servlet/hpexe_return? HTTP/1.1" 200 1035
191.112.6.139 - - [19/May/2016:17:27:58 -0300] "GET /cormun/servlet/vesolicitudot?2016,1789,,SolicitudOTAdjuntos HTTP/1.1" 200 9511
191.112.6.139 - - [19/May/2016:17:27:58 -0300] "GET /cormun/pexe_scrolldiv.js HTTP/1.1" 404 1009
191.112.6.139 - - [19/May/2016:17:27:59 -0300] "GET /cormun/servlet/vesolicitudot?2016,1789,,SolicitudOTAdjuntos HTTP/1.1" 200 9507
191.112.6.139 - - [19/May/2016:17:28:00 -0300] "POST /cormun/servlet/acontrolpreferencessavestate?None,CD-12,true HTTP/1.1" 200 35
200.86.98.101 - - [19/May/2016:17:28:30 -0300] "GET /cormun/servlet/prfichaempleado?,MD,,gxPopupLevel%3D0%3B HTTP/1.1" 200 8030
200.86.98.101 - - [19/May/2016:17:28:30 -0300] "GET /cormun/static/scaMessage/css/jquery-ui.css?104140 HTTP/1.1" 404 1045
191.112.6.139 - - [19/May/2016:17:28:41 -0300] "GET /cormun/servlet/solicitudotadjuntos?INS,2016,1789,,1, HTTP/1.1" 200 5600
191.112.6.139 - - [19/May/2016:17:28:42 -0300] "GET /cormun/static/about:blank HTTP/1.1" 404 1011
191.112.6.139 - - [19/May/2016:17:28:42 -0300] "GET /cormun/servlet/solicitudotadjuntos?INS,2016,1789,,1, HTTP/1.1" 200 5592
191.112.6.139 - - [19/May/2016:17:28:42 -0300] "GET /cormun/servlet/solicitudotadjuntos?02ce989dc9479442620846a098f563a2f56c74f6eb65123309cbcd82c6b59569eede42e7a129935f9e247d4effec9dd1,gx-no-cache=1463686136867 HTTP/1.1" 200 30
191.112.6.139 - - [19/May/2016:17:28:43 -0300] "POST /cormun/servlet/solicitudotadjuntos?aeb17d58c734f6142dfe627a5cc84dad,INS,2016,1789,,1,,gx-no-cache=1463686137034 HTTP/1.1" 200 3446
191.112.6.139 - - [19/May/2016:17:28:51 -0300] "POST /cormun/servlet/solicitudotadjuntos?gx-no-cache=1463686145417 HTTP/1.1" 200 26
200.86.98.101 - - [19/May/2016:17:28:55 -0300] "POST /cormun/servlet/prfichaempleado?e54feedaf73c28cd8cfc48af206f5b2e,,MD,,gxPopupLevel%3D0%3B,gx-no-cache=1463689750463 HTTP/1.1" 200 2875
191.112.6.139 - - [19/May/2016:17:29:04 -0300] "GET /cormun/servlet/solicitudotadjuntos?02ce989dc9479442620846a098f563a2d158e547f85f0a6df6eb90a117bc978e,gx-no-cache=1463686158802 HTTP/1.1" 200 30
191.112.6.139 - - [19/May/2016:17:29:04 -0300] "GET /cormun/servlet/solicitudotadjuntos?02ce989dc9479442620846a098f563a2d158e547f85f0a6df6eb90a117bc978e,gx-no-cache=1463686158990 HTTP/1.1" 200 30
200.86.98.101 - - [19/May/2016:17:29:10 -0300] "POST /cormun/servlet/solicitudot?e54feedaf73c28cd8cfc48af206f5b2e,INS,0,0,,gx-no-cache=1463689765860 HTTP/1.1" 200 93
200.86.98.101 - - [19/May/2016:17:29:10 -0300] "GET /cormun/servlet/hpexe_return? HTTP/1.1" 200 1002
200.86.98.101 - - [19/May/2016:17:29:10 -0300] "GET /cormun/static/Resources/Spanish/PXTools.css?12112540 HTTP/1.1" 304 -
200.86.98.101 - - [19/May/2016:17:29:10 -0300] "GET /cormun/static/gxcfg.js?2015111312145050 HTTP/1.1" 200 953
200.86.98.101 - - [19/May/2016:17:29:10 -0300] "GET /cormun/static/hpexe_return.js?2015111312145056 HTTP/1.1" 304 -
200.86.98.101 - - [19/May/2016:17:29:11 -0300] "GET /cormun/servlet/trsolicitudot HTTP/1.1" 200 7888
200.86.98.101 - - [19/May/2016:17:29:12 -0300] "GET /cormun/servlet/trsolicitudot HTTP/1.1" 200 7884
191.112.6.139 - - [19/May/2016:17:29:17 -0300] "POST /cormun/servlet/solicitudotadjuntos?aeb17d58c734f6142dfe627a5cc84dad,INS,2016,1789,,1, HTTP/1.1" 200 116
191.112.6.139 - - [19/May/2016:17:29:18 -0300] "GET /cormun/servlet/hpexe_return? HTTP/1.1" 200 1035
191.112.6.139 - - [19/May/2016:17:29:19 -0300] "GET /cormun/servlet/vesolicitudot?2016,1789,,SolicitudOTAdjuntos HTTP/1.1" 200 9723
191.112.6.139 - - [19/May/2016:17:29:19 -0300] "GET /cormun/pexe_scrolldiv.js HTTP/1.1" 404 1009
191.112.6.139 - - [19/May/2016:17:29:21 -0300] "GET /cormun/servlet/vesolicitudot?2016,1789,,SolicitudOTAdjuntos HTTP/1.1" 200 9719
191.112.6.139 - - [19/May/2016:17:29:21 -0300] "POST /cormun/servlet/acontrolpreferencessavestate?None,CD-12,true HTTP/1.1" 200 35
186.103.157.235 - - [19/May/2016:17:29:35 -0300] "POST /cormun/servlet/solicitudot?beed383348dd70a4edffad46e31de42f,INS,0,0,,gx-no-cache=1463686188984 HTTP/1.1" 200 93
186.103.157.235 - - [19/May/2016:17:29:35 -0300] "GET /cormun/servlet/hpexe_return? HTTP/1.1" 200 1006
186.103.157.235 - - [19/May/2016:17:29:35 -0300] "GET /cormun/static/gxcfg.js?2015111312145050 HTTP/1.1" 200 953
186.103.157.235 - - [19/May/2016:17:29:35 -0300] "GET /cormun/static/hpexe_return.js?2015111312145056 HTTP/1.1" 200 1633
186.103.157.235 - - [19/May/2016:17:29:35 -0300] "GET /cormun/static/Resources/Spanish/PXTools.css?12112540 HTTP/1.1" 200 89042
186.103.157.235 - - [19/May/2016:17:29:35 -0300] "GET /cormun/servlet/hhome HTTP/1.1" 200 3618
186.103.157.235 - - [19/May/2016:17:29:36 -0300] "GET /cormun/servlet/hhome HTTP/1.1" 200 3616
186.103.157.235 - - [19/May/2016:17:29:42 -0300] "GET /cormun/servlet/trsolicitudot? HTTP/1.1" 200 7837
186.103.157.235 - - [19/May/2016:17:29:43 -0300] "GET /cormun//static/Resources/PXToolsActionView.png HTTP/1.1" 200 2995
186.103.157.235 - - [19/May/2016:17:29:43 -0300] "GET /cormun//static/Resources/PXToolsGridUpdate.png HTTP/1.1" 200 2984
186.103.157.235 - - [19/May/2016:17:29:43 -0300] "GET /cormun//static/Resources/PXTools/ActionInsert.png HTTP/1.1" 200 1482
186.103.157.235 - - [19/May/2016:17:29:43 -0300] "GET /cormun//static/Resources/PXToolsRemoveAllAction.png HTTP/1.1" 200 3558
186.103.157.235 - - [19/May/2016:17:29:43 -0300] "GET /cormun//static/Resources/PXToolsGridDelete.png HTTP/1.1" 200 357
186.103.157.235 - - [19/May/2016:17:29:43 -0300] "GET /cormun/servlet/trsolicitudot? HTTP/1.1" 200 7835
186.103.157.235 - - [19/May/2016:17:29:51 -0300] "GET /cormun/servlet/solicitudot?INS,0,0, HTTP/1.1" 200 11757
186.103.157.235 - - [19/May/2016:17:29:52 -0300] "GET /cormun/servlet/solicitudot?INS,0,0, HTTP/1.1" 200 11762
186.103.157.235 - - [19/May/2016:17:30:00 -0300] "GET /cormun/static/Resources/resize.gif HTTP/1.1" 200 77
186.103.157.235 - - [19/May/2016:17:30:03 -0300] "GET /cormun/servlet/prfichaempleado?,MD,,gxPopupLevel%3D0%3B HTTP/1.1" 200 7927
186.103.157.235 - - [19/May/2016:17:30:03 -0300] "GET /cormun/static/scaMessage/css/jquery-ui.css?104140 HTTP/1.1" 404 1045
186.103.157.235 - - [19/May/2016:17:30:12 -0300] "POST /cormun/servlet/prfichaempleado?beed383348dd70a4edffad46e31de42f,,MD,,gxPopupLevel%3D0%3B,gx-no-cache=1463686226334 HTTP/1.1" 200 2769
186.103.157.235 - - [19/May/2016:17:30:16 -0300] "POST /cormun/servlet/solicitudot?gx-no-cache=1463686230167 HTTP/1.1" 200 2785
186.103.157.235 - - [19/May/2016:17:30:17 -0300] "POST /cormun/servlet/solicitudot?beed383348dd70a4edffad46e31de42f,INS,0,0,,gx-no-cache=1463686230400 HTTP/1.1" 200 8568
191.112.6.139 - - [19/May/2016:17:30:21 -0300] "GET /cormun/servlet/trsolicitudot? HTTP/1.1" 200 7730
191.112.6.139 - - [19/May/2016:17:30:22 -0300] "GET /cormun/servlet/trsolicitudot? HTTP/1.1" 200 7725
186.103.157.235 - - [19/May/2016:17:30:24 -0300] "GET /cormun/servlet/solicitudot?043d058f970c26aad81c2d6f192474702061b39b9529805dd5bfa6b5816ef209e301ddecc1d0e8e3fbaafb51f7358d7f,gx-no-cache=1463686238645 HTTP/1.1" 200 30
186.103.157.235 - - [19/May/2016:17:30:24 -0300] "POST /cormun/servlet/solicitudot?gx-no-cache=1463686238712 HTTP/1.1" 200 30
186.103.157.235 - - [19/May/2016:17:30:26 -0300] "POST /cormun/servlet/solicitudot?gx-no-cache=1463686240267 HTTP/1.1" 200 30
191.112.6.139 - - [19/May/2016:17:30:29 -0300] "POST /cormun/servlet/trsolicitudot?aeb17d58c734f6142dfe627a5cc84dad,,gx-no-cache=1463686243435 HTTP/1.1" 200 3866
191.112.6.139 - - [19/May/2016:17:30:30 -0300] "POST /cormun/servlet/trsolicitudot?aeb17d58c734f6142dfe627a5cc84dad,,gx-no-cache=1463686244252 HTTP/1.1" 200 3721
186.103.157.235 - - [19/May/2016:17:30:33 -0300] "POST /cormun/servlet/solicitudot?gx-no-cache=1463686247114 HTTP/1.1" 200 1187
186.103.157.235 - - [19/May/2016:17:30:33 -0300] "GET /cormun/servlet/solicitudot?043d058f970c26aad81c2d6f192474705a55e02fba050537095f4be2bc23672e42ea923879d344f2f19f6c01a987d0eaae444ca60b9bbc2400e7315954028be8f1a39b6f5b29ec62345b5076733db8c9260335680a5ad5ebb128430d033ccfc3abad61bce2e109a583726a17eeda5584f2b6a58cc27c2387e5208421d20504732c7067d38a08ed3a66837bac0a62b2b6,gx-no-cache=1463686247580 HTTP/1.1" 200 38
186.103.157.235 - - [19/May/2016:17:30:50 -0300] "GET /cormun/servlet/solicitudot?043d058f970c26aad81c2d6f19247470b2fbcd1d2f2725e6985cad6c117bb1ac11604dc57b3f0f8e6f72e2a9afb935fd53e7ebe1850a534ce2462edc3a7f934d47e1ce8e74f4868f63f6ac918f2680a4898b1ba1e195ae867284edab4a6e733ab94ee50b6c558da38e602ae80abf1233dae30e52ee26314244295cf80d0a14501928a34dd2622e95a2c10251bb2e2de2d364a2e8c84d715262fbb378f9004b17,gx-no-cache=1463686264622 HTTP/1.1" 200 29
186.103.157.235 - - [19/May/2016:17:30:50 -0300] "POST /cormun/servlet/solicitudot?gx-no-cache=1463686264666 HTTP/1.1" 200 1144
186.103.157.235 - - [19/May/2016:17:31:37 -0300] "GET /cormun/servlet/solicitudot?043d058f970c26aad81c2d6f19247470e9e42c27f377c47009fe446a8cf947a286b4974169ec059cee6a278133ebfad183d3a3c67c97806ad704934ea481235493e343b6a9610a4ac52c6dc305985816a33e935070e07db09062cf97f77380908fea72ca2ad699108f2ebc90aad2ab9b6c0a1ae71be1fe52085418b02b4addf745d45a698552e9f079b4b7da9c5ddf26e1bd93dccd63f71c7232cbd8918a2f3fd23564afd3f73ba6d783085c48d4e49c,gx-no-cache=1463686311491 HTTP/1.1" 200 30
186.103.157.235 - - [19/May/2016:17:31:38 -0300] "POST /cormun/servlet/solicitudot?beed383348dd70a4edffad46e31de42f,INS,0,0,,gx-no-cache=1463686311546 HTTP/1.1" 200 93
186.103.157.235 - - [19/May/2016:17:31:39 -0300] "GET /cormun/servlet/hpexe_return? HTTP/1.1" 200 1006
186.103.157.235 - - [19/May/2016:17:31:39 -0300] "GET /cormun/servlet/trsolicitudot HTTP/1.1" 200 8184
186.103.157.235 - - [19/May/2016:17:31:40 -0300] "GET /cormun/servlet/trsolicitudot HTTP/1.1" 200 8181
186.103.157.235 - - [19/May/2016:17:32:45 -0300] "GET /cormun/servlet/solicitudot?INS,0,0, HTTP/1.1" 200 11757
186.103.157.235 - - [19/May/2016:17:32:46 -0300] "GET /cormun/servlet/solicitudot?INS,0,0, HTTP/1.1" 200 11762
186.103.157.235 - - [19/May/2016:17:33:31 -0300] "GET /cormun/servlet/prfichaempleado?,MD,,gxPopupLevel%3D0%3B HTTP/1.1" 200 7927
186.103.157.235 - - [19/May/2016:17:33:31 -0300] "GET /cormun/static/scaMessage/css/jquery-ui.css?104140 HTTP/1.1" 404 1045
186.103.157.235 - - [19/May/2016:17:33:47 -0300] "POST /cormun/servlet/prfichaempleado?beed383348dd70a4edffad46e31de42f,,MD,,gxPopupLevel%3D0%3B,gx-no-cache=1463686440671 HTTP/1.1" 200 2772
186.103.157.235 - - [19/May/2016:17:33:50 -0300] "POST /cormun/servlet/solicitudot?gx-no-cache=1463686444268 HTTP/1.1" 200 2784
186.103.157.235 - - [19/May/2016:17:33:51 -0300] "POST /cormun/servlet/solicitudot?beed383348dd70a4edffad46e31de42f,INS,0,0,,gx-no-cache=1463686444623 HTTP/1.1" 200 8584
186.103.157.235 - - [19/May/2016:17:33:56 -0300] "GET /cormun/servlet/solicitudot?043d058f970c26aad81c2d6f1924747099977176f3b3f9c01b538c38412fb376e301ddecc1d0e8e3fbaafb51f7358d7f,gx-no-cache=1463686450058 HTTP/1.1" 200 30
186.103.157.235 - - [19/May/2016:17:33:56 -0300] "POST /cormun/servlet/solicitudot?gx-no-cache=1463686450111 HTTP/1.1" 200 30
186.103.157.235 - - [19/May/2016:17:33:58 -0300] "POST /cormun/servlet/solicitudot?gx-no-cache=1463686452037 HTTP/1.1" 200 30
186.103.157.235 - - [19/May/2016:17:34:04 -0300] "POST /cormun/servlet/solicitudot?gx-no-cache=1463686458141 HTTP/1.1" 200 1187
186.103.157.235 - - [19/May/2016:17:34:04 -0300] "GET /cormun/servlet/solicitudot?043d058f970c26aad81c2d6f192474705a55e02fba050537095f4be2bc23672e42ea923879d344f2f19f6c01a987d0eaae444ca60b9bbc2400e7315954028be8f1a39b6f5b29ec62345b5076733db8c9260335680a5ad5ebb128430d033ccfc3abad61bce2e109a583726a17eeda5584f2b6a58cc27c2387e5208421d20504732c7067d38a08ed3a66837bac0a62b2b6,gx-no-cache=1463686458242 HTTP/1.1" 200 38
