186.103.159.230 - - [18/May/2016:13:12:11 -0300] "GET /cormun/servlet/solicitudot?58e5e491ee975982078624f0417d4f7be63d37d2810872c5a6e04be4efab24e85077d2c915b9a6e34e8c36bdd89449590d0353ebf13816d7721c1ab5413af775148ae4e85030aee9b72040499a9b99176aee11b96aab350e1d76a3c478a1a05fc6681060d845b1818c19219cd4ec81aad0ba2ff464da9b4f7369467af2a9167b41d17621166b954a1976e8a58edf3c6c0b36dfec5fdc970d7e781c67c949c766,gx-no-cache=1463587948221 HTTP/1.1" 200 41
186.103.159.230 - - [18/May/2016:13:12:11 -0300] "POST /cormun/servlet/solicitudot?gx-no-cache=1463587948260 HTTP/1.1" 200 1144
186.103.159.230 - - [18/May/2016:13:12:11 -0300] "GET /cormun/servlet/solicitudot?58e5e491ee975982078624f0417d4f7b2a8993b2162e58443b147da59eb1a9eeed5c4f26b7905a15e6305ded5fb13ae0bd59911595f3164912a2852b7fcc880d2d79cb1710ddbe76a6a5d5427559c54b9ae0a680d9af9204b10f199e0382ca97344ed67ef2459c86e7d8ed7e9b23c56a5e00f2702907f6c4bcf139e03a7e6eeb4d9cc6a6439f763dff53ba29041a9fa5d4a15d9425f3a477948bc1fe4532d0cc3525196a6f167823f6f48c7feb26e7fb,gx-no-cache=1463587948396 HTTP/1.1" 200 30
191.112.0.217 - - [18/May/2016:13:12:11 -0300] "GET /cormun/servlet/solicitudot?ef291a47f53884048c7a342f93fad9600aa142a02dfd57bd9240e412d06d70336265f2649df26bcf5414c0a3531475a8,gx-no-cache=1463587954260 HTTP/1.1" 200 30
191.112.0.217 - - [18/May/2016:13:12:11 -0300] "POST /cormun/servlet/solicitudot?gx-no-cache=1463587954467 HTTP/1.1" 200 30
191.112.0.217 - - [18/May/2016:13:12:11 -0300] "POST /cormun/servlet/solicitudot?gx-no-cache=1463587954669 HTTP/1.1" 200 30
191.112.0.217 - - [18/May/2016:13:12:12 -0300] "POST /cormun/servlet/solicitudot?gx-no-cache=1463587954824 HTTP/1.1" 200 1187
191.112.0.217 - - [18/May/2016:13:12:12 -0300] "GET /cormun/servlet/solicitudot?ef291a47f53884048c7a342f93fad9605af4db01dae6d787988ec91895b6f34561ef9bb7afd0ef35689b0e0aaf46046854c544e16e012fedd42c4876f8111b6a64c9888bab3bcb51968530a90218a869b6f973efcb90123a999d1bd3998f59dabc8ecf7c1625b30c6fe65e9b788f9dfd43c050a751ca402cbfc8cb70167093a86c807aaba7b1f596666f71198e71f5b4,gx-no-cache=1463587955214 HTTP/1.1" 200 38
191.112.0.217 - - [18/May/2016:13:12:32 -0300] "GET /cormun/servlet/solicitudot?ef291a47f53884048c7a342f93fad9604ea28d50436cd1bf0dfb9f730b7027c6f9e93fc37256eccc85b7df65b00aa872c6442f1ee572c1b652f732bf67d5a479951915e6c3fbf1992d6adc56f39b198c5b9454563e878e68adb5b0a4c5a06f48236810a8079da055d1b2a4381e71ee03f7b7963b2cdd830a42023f3871f1831fb5d8bb7f529feb11e8d8cdd1746f1347ddbf1a48b7c415bd9fefeaab588a58e1,gx-no-cache=1463587975000 HTTP/1.1" 200 29
191.112.0.217 - - [18/May/2016:13:12:32 -0300] "POST /cormun/servlet/solicitudot?gx-no-cache=1463587975100 HTTP/1.1" 200 1144
191.112.0.217 - - [18/May/2016:13:12:32 -0300] "GET /cormun/servlet/solicitudot?ef291a47f53884048c7a342f93fad96086601b8b591bb98de87f7c02427e8a8fd40aac51a786adf0f7d5e3e39f3e8f3faeaf9d7e43175adfd1def3cfea151d3c6f6241431e842e382c704e87208f3ab70df57eeb6b54bda96022897cfb0b53016cb7890873d3b6c890450c2d533ba7f8a96a839d2df7c97d91b810659503c4d6df32365a6e90f0211fb3ba243f4500017364689eff5e08a389071319a7c60ce2,gx-no-cache=1463587975394 HTTP/1.1" 200 30
191.112.0.217 - - [18/May/2016:13:12:37 -0300] "POST /cormun/servlet/solicitudot?c739420eb729175511c18f52577a1b7c,UPD,2016,1764,,gx-no-cache=1463587979219 HTTP/1.1" 200 93
191.112.0.217 - - [18/May/2016:13:12:37 -0300] "GET /cormun/servlet/hpexe_return? HTTP/1.1" 200 1037
191.112.0.217 - - [18/May/2016:13:12:38 -0300] "GET /cormun/servlet/trsolicitudot?gx-no-cache=1463587060279 HTTP/1.1" 200 11054
191.112.0.217 - - [18/May/2016:13:12:40 -0300] "GET /cormun/servlet/trsolicitudot?gx-no-cache=1463587060279 HTTP/1.1" 200 11070
191.112.0.217 - - [18/May/2016:13:13:13 -0300] "POST /cormun/servlet/trsolicitudot?c739420eb729175511c18f52577a1b7c,gx-no-cache=1463587060279,gx-no-cache=1463588015679 HTTP/1.1" 200 105
191.112.0.217 - - [18/May/2016:13:13:14 -0300] "GET /cormun/servlet/solicitudot?UPD,2016,1765, HTTP/1.1" 200 13025
191.112.0.217 - - [18/May/2016:13:13:17 -0300] "GET /cormun/servlet/solicitudot?UPD,2016,1765, HTTP/1.1" 200 13012
191.112.0.217 - - [18/May/2016:13:13:17 -0300] "POST /cormun/servlet/solicitudot?gx-no-cache=1463588019841 HTTP/1.1" 200 2780
191.112.0.217 - - [18/May/2016:13:13:18 -0300] "POST /cormun/servlet/solicitudot?c739420eb729175511c18f52577a1b7c,UPD,2016,1765,,gx-no-cache=1463588020576 HTTP/1.1" 200 9275
191.112.0.217 - - [18/May/2016:13:13:18 -0300] "GET /cormun/servlet/solicitudot?ef291a47f53884048c7a342f93fad9606ed25ece9258aef816d16970d254a8176265f2649df26bcf5414c0a3531475a8,gx-no-cache=1463588021563 HTTP/1.1" 200 30
191.112.0.217 - - [18/May/2016:13:13:18 -0300] "POST /cormun/servlet/solicitudot?gx-no-cache=1463588021690 HTTP/1.1" 200 30
191.112.0.217 - - [18/May/2016:13:13:19 -0300] "POST /cormun/servlet/solicitudot?gx-no-cache=1463588021773 HTTP/1.1" 200 30
191.112.0.217 - - [18/May/2016:13:13:19 -0300] "POST /cormun/servlet/solicitudot?gx-no-cache=1463588021919 HTTP/1.1" 200 1187
191.112.0.217 - - [18/May/2016:13:13:19 -0300] "GET /cormun/servlet/solicitudot?ef291a47f53884048c7a342f93fad9605af4db01dae6d787988ec91895b6f34561ef9bb7afd0ef35689b0e0aaf46046854c544e16e012fedd42c4876f8111b6a64c9888bab3bcb51968530a90218a869b6f973efcb90123a999d1bd3998f59dabc8ecf7c1625b30c6fe65e9b788f9dfd43c050a751ca402cbfc8cb70167093a86c807aaba7b1f596666f71198e71f5b4,gx-no-cache=1463588022189 HTTP/1.1" 200 38
191.112.0.217 - - [18/May/2016:13:13:38 -0300] "GET /cormun/servlet/solicitudot?ef291a47f53884048c7a342f93fad9604ea28d50436cd1bf0dfb9f730b7027c6f9e93fc37256eccc85b7df65b00aa872c6442f1ee572c1b652f732bf67d5a479951915e6c3fbf1992d6adc56f39b198c5b9454563e878e68adb5b0a4c5a06f48236810a8079da055d1b2a4381e71ee03f7b7963b2cdd830a42023f3871f1831fb5d8bb7f529feb11e8d8cdd1746f1347ddbf1a48b7c415bd9fefeaab588a58e1,gx-no-cache=1463588041508 HTTP/1.1" 200 29
191.112.0.217 - - [18/May/2016:13:13:39 -0300] "POST /cormun/servlet/solicitudot?gx-no-cache=1463588041702 HTTP/1.1" 200 1143
191.112.0.217 - - [18/May/2016:13:13:39 -0300] "GET /cormun/servlet/solicitudot?ef291a47f53884048c7a342f93fad9605dfbd2f14e1da59bf5a7c77dc5817a406db1ef39f9521adfdefbc312c219541faeaf9d7e43175adfd1def3cfea151d3c6f6241431e842e382c704e87208f3ab70df57eeb6b54bda96022897cfb0b53016cb7890873d3b6c890450c2d533ba7f8a96a839d2df7c97d91b810659503c4d6df32365a6e90f0211fb3ba243f4500017364689eff5e08a389071319a7c60ce2,gx-no-cache=1463588042041 HTTP/1.1" 200 30
191.112.0.217 - - [18/May/2016:13:13:50 -0300] "POST /cormun/servlet/solicitudot?c739420eb729175511c18f52577a1b7c,UPD,2016,1765,,gx-no-cache=1463588053144 HTTP/1.1" 200 93
191.112.0.217 - - [18/May/2016:13:13:51 -0300] "GET /cormun/servlet/hpexe_return? HTTP/1.1" 200 1037
191.112.0.217 - - [18/May/2016:13:13:52 -0300] "GET /cormun/servlet/trsolicitudot?gx-no-cache=1463587060279 HTTP/1.1" 200 11054
191.112.0.217 - - [18/May/2016:13:13:54 -0300] "GET /cormun/servlet/trsolicitudot?gx-no-cache=1463587060279 HTTP/1.1" 200 11070
191.112.0.217 - - [18/May/2016:13:14:14 -0300] "POST /cormun/servlet/trsolicitudot?c739420eb729175511c18f52577a1b7c,gx-no-cache=1463587060279,gx-no-cache=1463588076349 HTTP/1.1" 200 105
191.112.0.217 - - [18/May/2016:13:14:15 -0300] "GET /cormun/servlet/solicitudot?UPD,2016,1766, HTTP/1.1" 200 13020
191.112.0.217 - - [18/May/2016:13:14:17 -0300] "GET /cormun/servlet/solicitudot?UPD,2016,1766, HTTP/1.1" 200 13007
191.112.0.217 - - [18/May/2016:13:14:17 -0300] "POST /cormun/servlet/solicitudot?gx-no-cache=1463588079936 HTTP/1.1" 200 2780
191.112.0.217 - - [18/May/2016:13:14:18 -0300] "POST /cormun/servlet/solicitudot?c739420eb729175511c18f52577a1b7c,UPD,2016,1766,,gx-no-cache=1463588080748 HTTP/1.1" 200 9269
191.112.0.217 - - [18/May/2016:13:14:18 -0300] "GET /cormun/servlet/solicitudot?ef291a47f53884048c7a342f93fad9606ed25ece9258aef816d16970d254a8176265f2649df26bcf5414c0a3531475a8,gx-no-cache=1463588081695 HTTP/1.1" 200 30
191.112.0.217 - - [18/May/2016:13:14:19 -0300] "POST /cormun/servlet/solicitudot?gx-no-cache=1463588081813 HTTP/1.1" 200 30
191.112.0.217 - - [18/May/2016:13:14:19 -0300] "POST /cormun/servlet/solicitudot?gx-no-cache=1463588081894 HTTP/1.1" 200 30
191.112.0.217 - - [18/May/2016:13:14:19 -0300] "POST /cormun/servlet/solicitudot?gx-no-cache=1463588082023 HTTP/1.1" 200 1187
191.112.0.217 - - [18/May/2016:13:14:19 -0300] "GET /cormun/servlet/solicitudot?ef291a47f53884048c7a342f93fad9605af4db01dae6d787988ec91895b6f34561ef9bb7afd0ef35689b0e0aaf46046854c544e16e012fedd42c4876f8111b6a64c9888bab3bcb51968530a90218a869b6f973efcb90123a999d1bd3998f59dabc8ecf7c1625b30c6fe65e9b788f9dfd43c050a751ca402cbfc8cb70167093a86c807aaba7b1f596666f71198e71f5b4,gx-no-cache=1463588082276 HTTP/1.1" 200 38
191.112.0.217 - - [18/May/2016:13:14:43 -0300] "GET /cormun/servlet/solicitudot?ef291a47f53884048c7a342f93fad9604ea28d50436cd1bf0dfb9f730b7027c6f9e93fc37256eccc85b7df65b00aa872c6442f1ee572c1b652f732bf67d5a479951915e6c3fbf1992d6adc56f39b198c5b9454563e878e68adb5b0a4c5a06f48236810a8079da055d1b2a4381e71ee03f7b7963b2cdd830a42023f3871f1831fb5d8bb7f529feb11e8d8cdd1746f1347ddbf1a48b7c415bd9fefeaab588a58e1,gx-no-cache=1463588106431 HTTP/1.1" 200 29
191.112.0.217 - - [18/May/2016:13:14:43 -0300] "POST /cormun/servlet/solicitudot?gx-no-cache=1463588106546 HTTP/1.1" 200 1143
191.112.0.217 - - [18/May/2016:13:14:44 -0300] "GET /cormun/servlet/solicitudot?ef291a47f53884048c7a342f93fad9605dfbd2f14e1da59bf5a7c77dc5817a409789de8066d014df5dd8b101cc57bf57aeaf9d7e43175adfd1def3cfea151d3c6f6241431e842e382c704e87208f3ab70df57eeb6b54bda96022897cfb0b53016cb7890873d3b6c890450c2d533ba7f8a96a839d2df7c97d91b810659503c4d6df32365a6e90f0211fb3ba243f4500017364689eff5e08a389071319a7c60ce2,gx-no-cache=1463588106800 HTTP/1.1" 200 30
191.112.0.217 - - [18/May/2016:13:14:48 -0300] "POST /cormun/servlet/solicitudot?c739420eb729175511c18f52577a1b7c,UPD,2016,1766,,gx-no-cache=1463588110129 HTTP/1.1" 200 93
191.112.0.217 - - [18/May/2016:13:14:48 -0300] "GET /cormun/servlet/hpexe_return? HTTP/1.1" 200 1037
191.112.0.217 - - [18/May/2016:13:14:49 -0300] "GET /cormun/servlet/trsolicitudot?gx-no-cache=1463587060279 HTTP/1.1" 200 11054
191.112.0.217 - - [18/May/2016:13:14:51 -0300] "GET /cormun/servlet/trsolicitudot?gx-no-cache=1463587060279 HTTP/1.1" 200 11070
191.112.0.217 - - [18/May/2016:13:15:03 -0300] "POST /cormun/servlet/trsolicitudot?c739420eb729175511c18f52577a1b7c,gx-no-cache=1463587060279,gx-no-cache=1463588125123 HTTP/1.1" 200 105
191.112.0.217 - - [18/May/2016:13:15:04 -0300] "GET /cormun/servlet/solicitudot?UPD,2016,1767, HTTP/1.1" 200 13021
191.112.0.217 - - [18/May/2016:13:15:06 -0300] "GET /cormun/servlet/solicitudot?UPD,2016,1767, HTTP/1.1" 200 13008
191.112.0.217 - - [18/May/2016:13:15:06 -0300] "POST /cormun/servlet/solicitudot?gx-no-cache=1463588129324 HTTP/1.1" 200 2780
191.112.0.217 - - [18/May/2016:13:15:07 -0300] "POST /cormun/servlet/solicitudot?c739420eb729175511c18f52577a1b7c,UPD,2016,1767,,gx-no-cache=1463588129984 HTTP/1.1" 200 9272
191.112.0.217 - - [18/May/2016:13:15:08 -0300] "GET /cormun/servlet/solicitudot?ef291a47f53884048c7a342f93fad9606ed25ece9258aef816d16970d254a8176265f2649df26bcf5414c0a3531475a8,gx-no-cache=1463588131009 HTTP/1.1" 200 30
191.112.0.217 - - [18/May/2016:13:15:08 -0300] "POST /cormun/servlet/solicitudot?gx-no-cache=1463588131226 HTTP/1.1" 200 30
191.112.0.217 - - [18/May/2016:13:15:08 -0300] "POST /cormun/servlet/solicitudot?gx-no-cache=1463588131391 HTTP/1.1" 200 30
191.112.0.217 - - [18/May/2016:13:15:09 -0300] "POST /cormun/servlet/solicitudot?gx-no-cache=1463588131624 HTTP/1.1" 200 1187
191.112.0.217 - - [18/May/2016:13:15:09 -0300] "GET /cormun/servlet/solicitudot?ef291a47f53884048c7a342f93fad9605af4db01dae6d787988ec91895b6f34561ef9bb7afd0ef35689b0e0aaf46046854c544e16e012fedd42c4876f8111b6a64c9888bab3bcb51968530a90218a869b6f973efcb90123a999d1bd3998f59dabc8ecf7c1625b30c6fe65e9b788f9dfd43c050a751ca402cbfc8cb70167093a86c807aaba7b1f596666f71198e71f5b4,gx-no-cache=1463588131958 HTTP/1.1" 200 38
191.112.0.217 - - [18/May/2016:13:15:16 -0300] "GET /cormun/servlet/solicitudot?ef291a47f53884048c7a342f93fad9604ea28d50436cd1bf0dfb9f730b7027c6f9e93fc37256eccc85b7df65b00aa872c6442f1ee572c1b652f732bf67d5a479951915e6c3fbf1992d6adc56f39b198c5b9454563e878e68adb5b0a4c5a06f48236810a8079da055d1b2a4381e71ee03f7b7963b2cdd830a42023f3871f1831fb5d8bb7f529feb11e8d8cdd1746f1347ddbf1a48b7c415bd9fefeaab588a58e1,gx-no-cache=1463588139414 HTTP/1.1" 200 29
191.112.0.217 - - [18/May/2016:13:15:16 -0300] "POST /cormun/servlet/solicitudot?gx-no-cache=1463588139532 HTTP/1.1" 200 1143
191.112.0.217 - - [18/May/2016:13:15:17 -0300] "GET /cormun/servlet/solicitudot?ef291a47f53884048c7a342f93fad9605dfbd2f14e1da59bf5a7c77dc5817a40b17d9b7664f835855bfbd49e1aae8989aeaf9d7e43175adfd1def3cfea151d3c6f6241431e842e382c704e87208f3ab70df57eeb6b54bda96022897cfb0b53016cb7890873d3b6c890450c2d533ba7f8a96a839d2df7c97d91b810659503c4d6df32365a6e90f0211fb3ba243f4500017364689eff5e08a389071319a7c60ce2,gx-no-cache=1463588139864 HTTP/1.1" 200 30
191.112.0.217 - - [18/May/2016:13:15:21 -0300] "POST /cormun/servlet/solicitudot?c739420eb729175511c18f52577a1b7c,UPD,2016,1767,,gx-no-cache=1463588143668 HTTP/1.1" 200 93
191.112.0.217 - - [18/May/2016:13:15:21 -0300] "GET /cormun/servlet/hpexe_return? HTTP/1.1" 200 1037
191.112.0.217 - - [18/May/2016:13:15:22 -0300] "GET /cormun/servlet/trsolicitudot?gx-no-cache=1463587060279 HTTP/1.1" 200 11054
191.112.0.217 - - [18/May/2016:13:15:24 -0300] "GET /cormun/servlet/trsolicitudot?gx-no-cache=1463587060279 HTTP/1.1" 200 11070
191.112.0.217 - - [18/May/2016:13:15:41 -0300] "POST /cormun/servlet/trsolicitudot?c739420eb729175511c18f52577a1b7c,gx-no-cache=1463587060279,gx-no-cache=1463588163431 HTTP/1.1" 200 105
191.112.0.217 - - [18/May/2016:13:15:41 -0300] "GET /cormun/servlet/solicitudot?UPD,2016,1768, HTTP/1.1" 200 13056
191.112.0.217 - - [18/May/2016:13:15:44 -0300] "GET /cormun/servlet/solicitudot?UPD,2016,1768, HTTP/1.1" 200 13043
191.112.0.217 - - [18/May/2016:13:15:44 -0300] "POST /cormun/servlet/solicitudot?gx-no-cache=1463588167046 HTTP/1.1" 200 2798
191.112.0.217 - - [18/May/2016:13:15:45 -0300] "POST /cormun/servlet/solicitudot?c739420eb729175511c18f52577a1b7c,UPD,2016,1768,,gx-no-cache=1463588167737 HTTP/1.1" 200 9290
191.112.0.217 - - [18/May/2016:13:15:46 -0300] "GET /cormun/servlet/solicitudot?ef291a47f53884048c7a342f93fad9602f797c64a56aa9a8d381a83e2c3ffd9f6265f2649df26bcf5414c0a3531475a8,gx-no-cache=1463588168831 HTTP/1.1" 200 30
191.112.0.217 - - [18/May/2016:13:15:46 -0300] "POST /cormun/servlet/solicitudot?gx-no-cache=1463588168977 HTTP/1.1" 200 30
191.112.0.217 - - [18/May/2016:13:15:46 -0300] "POST /cormun/servlet/solicitudot?gx-no-cache=1463588169145 HTTP/1.1" 200 30
191.112.0.217 - - [18/May/2016:13:15:46 -0300] "POST /cormun/servlet/solicitudot?gx-no-cache=1463588169446 HTTP/1.1" 200 1186
191.112.0.217 - - [18/May/2016:13:15:47 -0300] "GET /cormun/servlet/solicitudot?ef291a47f53884048c7a342f93fad9605af4db01dae6d787988ec91895b6f34561ef9bb7afd0ef35689b0e0aaf46046854c544e16e012fedd42c4876f8111b6a64c9888bab3bcb51968530a90218a869b6f973efcb90123a999d1bd3998f59dabc8ecf7c1625b30c6fe65e9b788f9dfd43c050a751ca402cbfc8cb70167093a86c807aaba7b1f596666f71198e71f5b4,gx-no-cache=1463588169781 HTTP/1.1" 200 38
191.112.0.217 - - [18/May/2016:13:16:05 -0300] "GET /cormun/servlet/solicitudot?ef291a47f53884048c7a342f93fad9604ea28d50436cd1bf0dfb9f730b7027c6f9e93fc37256eccc85b7df65b00aa872c6442f1ee572c1b652f732bf67d5a479951915e6c3fbf1992d6adc56f39b198c5b9454563e878e68adb5b0a4c5a06f48236810a8079da055d1b2a4381e71ee03f7b7963b2cdd830a42023f3871f1831fb5d8bb7f529feb11e8d8cdd1746f1347ddbf1a48b7c415bd9fefeaab588a58e1,gx-no-cache=1463588188469 HTTP/1.1" 200 29
191.112.0.217 - - [18/May/2016:13:16:05 -0300] "POST /cormun/servlet/solicitudot?gx-no-cache=1463588188553 HTTP/1.1" 200 1143
191.112.0.217 - - [18/May/2016:13:16:06 -0300] "GET /cormun/servlet/solicitudot?ef291a47f53884048c7a342f93fad960bfa7692d51f8958c3af441f5640916a18f5df699b3f87297d1612ad1cc63948baeaf9d7e43175adfd1def3cfea151d3c6f6241431e842e382c704e87208f3ab70df57eeb6b54bda96022897cfb0b53016cb7890873d3b6c890450c2d533ba7f8a96a839d2df7c97d91b810659503c4d6df32365a6e90f0211fb3ba243f4500017364689eff5e08a389071319a7c60ce2,gx-no-cache=1463588188817 HTTP/1.1" 200 30
191.112.0.217 - - [18/May/2016:13:16:09 -0300] "POST /cormun/servlet/solicitudot?c739420eb729175511c18f52577a1b7c,UPD,2016,1768,,gx-no-cache=1463588191395 HTTP/1.1" 200 93
191.112.0.217 - - [18/May/2016:13:16:09 -0300] "GET /cormun/servlet/hpexe_return? HTTP/1.1" 200 1037
191.112.0.217 - - [18/May/2016:13:16:10 -0300] "GET /cormun/servlet/trsolicitudot?gx-no-cache=1463587060279 HTTP/1.1" 200 11054
191.112.0.217 - - [18/May/2016:13:16:13 -0300] "GET /cormun/servlet/trsolicitudot?gx-no-cache=1463587060279 HTTP/1.1" 200 11070
191.112.0.217 - - [18/May/2016:13:16:17 -0300] "POST /cormun/servlet/trsolicitudot?c739420eb729175511c18f52577a1b7c,gx-no-cache=1463587060279,gx-no-cache=1463588199832 HTTP/1.1" 200 105
191.112.0.217 - - [18/May/2016:13:16:18 -0300] "GET /cormun/servlet/solicitudot?UPD,2016,1769, HTTP/1.1" 200 13057
191.112.0.217 - - [18/May/2016:13:16:20 -0300] "GET /cormun/servlet/solicitudot?UPD,2016,1769, HTTP/1.1" 200 13045
191.112.0.217 - - [18/May/2016:13:16:21 -0300] "POST /cormun/servlet/solicitudot?gx-no-cache=1463588203464 HTTP/1.1" 200 2798
191.112.0.217 - - [18/May/2016:13:16:22 -0300] "POST /cormun/servlet/solicitudot?c739420eb729175511c18f52577a1b7c,UPD,2016,1769,,gx-no-cache=1463588204176 HTTP/1.1" 200 9289
191.112.0.217 - - [18/May/2016:13:16:22 -0300] "GET /cormun/servlet/solicitudot?ef291a47f53884048c7a342f93fad9602f797c64a56aa9a8d381a83e2c3ffd9f6265f2649df26bcf5414c0a3531475a8,gx-no-cache=1463588205121 HTTP/1.1" 200 30
191.112.0.217 - - [18/May/2016:13:16:22 -0300] "POST /cormun/servlet/solicitudot?gx-no-cache=1463588205289 HTTP/1.1" 200 30
191.112.0.217 - - [18/May/2016:13:16:22 -0300] "POST /cormun/servlet/solicitudot?gx-no-cache=1463588205418 HTTP/1.1" 200 30
191.112.0.217 - - [18/May/2016:13:16:22 -0300] "POST /cormun/servlet/solicitudot?gx-no-cache=1463588205607 HTTP/1.1" 200 1186
191.112.0.217 - - [18/May/2016:13:16:23 -0300] "GET /cormun/servlet/solicitudot?ef291a47f53884048c7a342f93fad9605af4db01dae6d787988ec91895b6f34561ef9bb7afd0ef35689b0e0aaf46046854c544e16e012fedd42c4876f8111b6a64c9888bab3bcb51968530a90218a869b6f973efcb90123a999d1bd3998f59dabc8ecf7c1625b30c6fe65e9b788f9dfd43c050a751ca402cbfc8cb70167093a86c807aaba7b1f596666f71198e71f5b4,gx-no-cache=1463588205998 HTTP/1.1" 200 38
192.168.10.89 - - [18/May/2016:13:16:24 -0300] "GET /cormun/servlet/vesolicitudnombre?2016,1689,,SolicitudOTAdjuntos HTTP/1.1" 200 9867
192.168.10.89 - - [18/May/2016:13:16:24 -0300] "GET /cormun/pexe_scrolldiv.js HTTP/1.1" 404 1009
192.168.10.89 - - [18/May/2016:13:16:26 -0300] "POST /cormun/servlet/acontrolpreferencessavestate?None,CDROGUETT,true HTTP/1.1" 200 35
191.112.0.217 - - [18/May/2016:13:16:31 -0300] "GET /cormun/servlet/solicitudot?ef291a47f53884048c7a342f93fad9604ea28d50436cd1bf0dfb9f730b7027c6f9e93fc37256eccc85b7df65b00aa872c6442f1ee572c1b652f732bf67d5a479951915e6c3fbf1992d6adc56f39b198c5b9454563e878e68adb5b0a4c5a06f48236810a8079da055d1b2a4381e71ee03f7b7963b2cdd830a42023f3871f1831fb5d8bb7f529feb11e8d8cdd1746f1347ddbf1a48b7c415bd9fefeaab588a58e1,gx-no-cache=1463588214285 HTTP/1.1" 200 29
191.112.0.217 - - [18/May/2016:13:16:31 -0300] "POST /cormun/servlet/solicitudot?gx-no-cache=1463588214378 HTTP/1.1" 200 1143
191.112.0.217 - - [18/May/2016:13:16:31 -0300] "GET /cormun/servlet/solicitudot?ef291a47f53884048c7a342f93fad960bfa7692d51f8958c3af441f5640916a18f5df699b3f87297d1612ad1cc63948baeaf9d7e43175adfd1def3cfea151d3c6f6241431e842e382c704e87208f3ab70df57eeb6b54bda96022897cfb0b53016cb7890873d3b6c890450c2d533ba7f8a96a839d2df7c97d91b810659503c4d6df32365a6e90f0211fb3ba243f4500017364689eff5e08a389071319a7c60ce2,gx-no-cache=1463588214646 HTTP/1.1" 200 30
191.112.0.217 - - [18/May/2016:13:16:36 -0300] "POST /cormun/servlet/solicitudot?c739420eb729175511c18f52577a1b7c,UPD,2016,1769,,gx-no-cache=1463588218745 HTTP/1.1" 200 93
191.112.0.217 - - [18/May/2016:13:16:36 -0300] "GET /cormun/servlet/hpexe_return? HTTP/1.1" 200 1037
191.112.0.217 - - [18/May/2016:13:16:37 -0300] "GET /cormun/servlet/trsolicitudot?gx-no-cache=1463587060279 HTTP/1.1" 200 11054
191.112.0.217 - - [18/May/2016:13:16:39 -0300] "GET /cormun/servlet/trsolicitudot?gx-no-cache=1463587060279 HTTP/1.1" 200 11070
191.112.0.217 - - [18/May/2016:13:16:54 -0300] "POST /cormun/servlet/trsolicitudot?c739420eb729175511c18f52577a1b7c,gx-no-cache=1463587060279,gx-no-cache=1463588237082 HTTP/1.1" 200 105
191.112.0.217 - - [18/May/2016:13:16:55 -0300] "GET /cormun/servlet/solicitudot?UPD,2016,1770, HTTP/1.1" 200 13056
191.112.0.217 - - [18/May/2016:13:16:57 -0300] "GET /cormun/servlet/solicitudot?UPD,2016,1770, HTTP/1.1" 200 13044
191.112.0.217 - - [18/May/2016:13:16:58 -0300] "POST /cormun/servlet/solicitudot?gx-no-cache=1463588240409 HTTP/1.1" 200 2798
191.112.0.217 - - [18/May/2016:13:16:59 -0300] "POST /cormun/servlet/solicitudot?c739420eb729175511c18f52577a1b7c,UPD,2016,1770,,gx-no-cache=1463588241161 HTTP/1.1" 200 9292
191.112.0.217 - - [18/May/2016:13:16:59 -0300] "GET /cormun/servlet/solicitudot?ef291a47f53884048c7a342f93fad9602f797c64a56aa9a8d381a83e2c3ffd9f6265f2649df26bcf5414c0a3531475a8,gx-no-cache=1463588242110 HTTP/1.1" 200 30
191.112.0.217 - - [18/May/2016:13:16:59 -0300] "POST /cormun/servlet/solicitudot?gx-no-cache=1463588242317 HTTP/1.1" 200 30
191.112.0.217 - - [18/May/2016:13:16:59 -0300] "POST /cormun/servlet/solicitudot?gx-no-cache=1463588242459 HTTP/1.1" 200 30
191.112.0.217 - - [18/May/2016:13:17:00 -0300] "POST /cormun/servlet/solicitudot?gx-no-cache=1463588242636 HTTP/1.1" 200 1186
191.112.0.217 - - [18/May/2016:13:17:00 -0300] "GET /cormun/servlet/solicitudot?ef291a47f53884048c7a342f93fad9605af4db01dae6d787988ec91895b6f34561ef9bb7afd0ef35689b0e0aaf46046854c544e16e012fedd42c4876f8111b6a64c9888bab3bcb51968530a90218a869b6f973efcb90123a999d1bd3998f59dabc8ecf7c1625b30c6fe65e9b788f9dfd43c050a751ca402cbfc8cb70167093a86c807aaba7b1f596666f71198e71f5b4,gx-no-cache=1463588242897 HTTP/1.1" 200 38
191.112.0.217 - - [18/May/2016:13:17:19 -0300] "GET /cormun/servlet/solicitudot?ef291a47f53884048c7a342f93fad9604ea28d50436cd1bf0dfb9f730b7027c6f9e93fc37256eccc85b7df65b00aa872c6442f1ee572c1b652f732bf67d5a479951915e6c3fbf1992d6adc56f39b198c5b9454563e878e68adb5b0a4c5a06f48236810a8079da055d1b2a4381e71ee03f7b7963b2cdd830a42023f3871f1831fb5d8bb7f529feb11e8d8cdd1746f1347ddbf1a48b7c415bd9fefeaab588a58e1,gx-no-cache=1463588261857 HTTP/1.1" 200 29
191.112.0.217 - - [18/May/2016:13:17:19 -0300] "POST /cormun/servlet/solicitudot?gx-no-cache=1463588261984 HTTP/1.1" 200 1143
191.112.0.217 - - [18/May/2016:13:17:19 -0300] "GET /cormun/servlet/solicitudot?ef291a47f53884048c7a342f93fad960bfa7692d51f8958c3af441f5640916a118e4c951eee3f535018762861b3115afaeaf9d7e43175adfd1def3cfea151d3c6f6241431e842e382c704e87208f3ab70df57eeb6b54bda96022897cfb0b53016cb7890873d3b6c890450c2d533ba7f8a96a839d2df7c97d91b810659503c4d6df32365a6e90f0211fb3ba243f4500017364689eff5e08a389071319a7c60ce2,gx-no-cache=1463588262246 HTTP/1.1" 200 30
191.112.0.217 - - [18/May/2016:13:17:26 -0300] "POST /cormun/servlet/solicitudot?c739420eb729175511c18f52577a1b7c,UPD,2016,1770,,gx-no-cache=1463588268714 HTTP/1.1" 200 93
191.112.0.217 - - [18/May/2016:13:17:26 -0300] "GET /cormun/servlet/hpexe_return? HTTP/1.1" 200 1036
191.112.0.217 - - [18/May/2016:13:17:27 -0300] "GET /cormun/servlet/trsolicitudot?gx-no-cache=1463587060279 HTTP/1.1" 200 11054
191.112.0.217 - - [18/May/2016:13:17:29 -0300] "GET /cormun/servlet/trsolicitudot?gx-no-cache=1463587060279 HTTP/1.1" 200 11070
186.103.159.230 - - [18/May/2016:13:18:45 -0300] "GET /cormun/servlet/solicitudot?58e5e491ee975982078624f0417d4f7b2a8993b2162e58443b147da59eb1a9eeed5c4f26b7905a15e6305ded5fb13ae0bd59911595f3164912a2852b7fcc880d2d79cb1710ddbe76a6a5d5427559c54b9ae0a680d9af9204b10f199e0382ca97344ed67ef2459c86e7d8ed7e9b23c56a5e00f2702907f6c4bcf139e03a7e6eeb4d9cc6a6439f763dff53ba29041a9fa5d4a15d9425f3a477948bc1fe4532d0cce94b2e32addc04bf902460a6ad3b5e92,gx-no-cache=1463588340691 HTTP/1.1" 200 30
186.103.159.230 - - [18/May/2016:13:18:46 -0300] "POST /cormun/servlet/solicitudot?1000b1983407501cadf46f498aa6b21f,INS,0,0,,gx-no-cache=1463588342928 HTTP/1.1" 200 93
186.103.159.230 - - [18/May/2016:13:18:46 -0300] "GET /cormun/servlet/hpexe_return? HTTP/1.1" 200 1012
186.103.159.230 - - [18/May/2016:13:18:46 -0300] "GET /cormun/static/gxcfg.js?2015111312145050 HTTP/1.1" 304 -
186.103.159.230 - - [18/May/2016:13:18:46 -0300] "GET /cormun/servlet/trsolicitudot HTTP/1.1" 200 7829
186.103.159.230 - - [18/May/2016:13:18:47 -0300] "GET /cormun/servlet/trsolicitudot HTTP/1.1" 200 7825
186.103.159.230 - - [18/May/2016:13:18:55 -0300] "POST /cormun/servlet/trsolicitudot?1000b1983407501cadf46f498aa6b21f,gx-no-cache=1463588352394 HTTP/1.1" 200 3904
186.103.159.230 - - [18/May/2016:13:18:55 -0300] "GET /cormun/static/Shared/jqueryui/images/ui-bg_highlight-soft_100_c6c2c8_1x100.png HTTP/1.1" 404 1117
186.103.159.230 - - [18/May/2016:13:18:55 -0300] "GET /cormun/static/Shared/jqueryui/images/ui-icons_82798d_256x240.png HTTP/1.1" 404 1089
186.103.159.230 - - [18/May/2016:13:18:56 -0300] "GET /cormun/static/Shared/jqueryui/images/ui-bg_flat_55_fafafa_40x100.png HTTP/1.1" 404 1097
186.103.159.230 - - [18/May/2016:13:18:56 -0300] "GET /cormun/static/Shared/jqueryui/images/ui-icons_8d78a5_256x240.png HTTP/1.1" 404 1089
186.103.159.230 - - [18/May/2016:13:18:56 -0300] "POST /cormun/servlet/trsolicitudot?1000b1983407501cadf46f498aa6b21f,gx-no-cache=1463588353041 HTTP/1.1" 200 3751
186.103.159.230 - - [18/May/2016:13:19:07 -0300] "GET /cormun/servlet/trautorizarsolicitud? HTTP/1.1" 200 7764
186.103.159.230 - - [18/May/2016:13:19:07 -0300] "GET /cormun/static/Resources/Spanish/PXTools.css?19284387 HTTP/1.1" 304 -
186.103.159.230 - - [18/May/2016:13:19:07 -0300] "GET /cormun/static/gxcfg.js?201632119361219 HTTP/1.1" 304 -
186.103.159.230 - - [18/May/2016:13:19:07 -0300] "GET /cormun/static/trautorizarsolicitud.js?20163211936186 HTTP/1.1" 304 -
186.103.159.230 - - [18/May/2016:13:19:08 -0300] "GET /cormun/servlet/trautorizarsolicitud? HTTP/1.1" 200 7763
186.103.159.230 - - [18/May/2016:13:20:17 -0300] "POST /cormun/servlet/trautorizarsolicitud?1000b1983407501cadf46f498aa6b21f,,gx-no-cache=1463588434552 HTTP/1.1" 200 3879
186.103.159.230 - - [18/May/2016:13:20:18 -0300] "POST /cormun/servlet/trautorizarsolicitud?1000b1983407501cadf46f498aa6b21f,,gx-no-cache=1463588435047 HTTP/1.1" 200 3727
186.103.159.230 - - [18/May/2016:13:21:15 -0300] "GET /cormun/servlet/trsolicitudot? HTTP/1.1" 200 6529
186.103.159.230 - - [18/May/2016:13:21:16 -0300] "GET /cormun/servlet/trsolicitudot? HTTP/1.1" 200 6528
186.103.159.230 - - [18/May/2016:13:21:21 -0300] "GET /cormun/servlet/solicitudot?INS,0,0, HTTP/1.1" 200 11750
186.103.159.230 - - [18/May/2016:13:21:21 -0300] "GET /cormun/servlet/solicitudot?INS,0,0, HTTP/1.1" 200 11755
186.103.159.230 - - [18/May/2016:13:21:44 -0300] "POST /cormun/servlet/solicitudot?gx-no-cache=1463588520962 HTTP/1.1" 200 2786
186.103.159.230 - - [18/May/2016:13:21:45 -0300] "POST /cormun/servlet/solicitudot?1000b1983407501cadf46f498aa6b21f,INS,0,0,,gx-no-cache=1463588521278 HTTP/1.1" 200 8585
186.103.159.230 - - [18/May/2016:13:21:51 -0300] "GET /cormun/servlet/solicitudot?58e5e491ee975982078624f0417d4f7b155dbb91a6bb4933d3cb7ce1035e284283227da70fbaf99a910742c191f2b631,gx-no-cache=1463588528408 HTTP/1.1" 200 30
186.103.159.230 - - [18/May/2016:13:21:51 -0300] "POST /cormun/servlet/solicitudot?gx-no-cache=1463588528474 HTTP/1.1" 200 30
192.168.10.89 - - [18/May/2016:13:21:52 -0300] "GET /cormun/servlet/vesolicitudnombre?2016,1689,, HTTP/1.1" 200 8290
192.168.10.89 - - [18/May/2016:13:21:53 -0300] "GET /cormun/pexe_scrolldiv.js HTTP/1.1" 404 1009
192.168.10.89 - - [18/May/2016:13:21:57 -0300] "GET /cormun/servlet/trconsultaempleado? HTTP/1.1" 200 6392
186.103.159.230 - - [18/May/2016:13:22:00 -0300] "POST /cormun/servlet/solicitudot?gx-no-cache=1463588537204 HTTP/1.1" 200 30
192.168.10.89 - - [18/May/2016:13:22:10 -0300] "POST /cormun/servlet/trconsultaempleado?e1b7878ab8322dd3943b9937f4dff898,,gx-no-cache=1463588251561 HTTP/1.1" 200 4004
192.168.10.89 - - [18/May/2016:13:22:21 -0300] "GET /cormun/servlet/trsolicitudnombre?10409145, HTTP/1.1" 200 7361
192.168.10.89 - - [18/May/2016:13:22:33 -0300] "GET /cormun/servlet/vesolicitudnombre?2016,1724,, HTTP/1.1" 200 8286
192.168.10.89 - - [18/May/2016:13:22:33 -0300] "GET /cormun/pexe_scrolldiv.js HTTP/1.1" 404 1009
192.168.10.89 - - [18/May/2016:13:22:37 -0300] "GET /cormun/servlet/vesolicitudnombre?2016,1724,,SolicitudOTAdjuntos HTTP/1.1" 200 7321
192.168.10.89 - - [18/May/2016:13:22:37 -0300] "GET /cormun/pexe_scrolldiv.js HTTP/1.1" 404 1009
192.168.10.89 - - [18/May/2016:13:22:39 -0300] "POST /cormun/servlet/acontrolpreferencessavestate?None,CDROGUETT,true HTTP/1.1" 200 35
192.168.10.89 - - [18/May/2016:13:22:43 -0300] "GET /cormun/servlet/vesolicitudnombre?2016,1724,, HTTP/1.1" 200 8286
192.168.10.89 - - [18/May/2016:13:22:45 -0300] "GET /cormun/pexe_scrolldiv.js HTTP/1.1" 404 1009
192.168.10.89 - - [18/May/2016:13:22:47 -0300] "GET /cormun/servlet/vesolicitudnombre?2016,1724,,SolicitudOTAdjuntos HTTP/1.1" 200 7321
192.168.10.89 - - [18/May/2016:13:22:47 -0300] "GET /cormun/pexe_scrolldiv.js HTTP/1.1" 404 1009
192.168.10.89 - - [18/May/2016:13:22:49 -0300] "POST /cormun/servlet/acontrolpreferencessavestate?None,CDROGUETT,true HTTP/1.1" 200 35
186.103.159.230 - - [18/May/2016:13:22:49 -0300] "POST /cormun/servlet/solicitudot?gx-no-cache=1463588586495 HTTP/1.1" 200 1187
186.103.159.230 - - [18/May/2016:13:22:49 -0300] "GET /cormun/servlet/solicitudot?58e5e491ee975982078624f0417d4f7be63d37d2810872c5a6e04be4efab24e85077d2c915b9a6e34e8c36bdd89449590d0353ebf13816d7721c1ab5413af775148ae4e85030aee9b72040499a9b99176aee11b96aab350e1d76a3c478a1a05fc6681060d845b1818c19219cd4ec81aad0ba2ff464da9b4f7369467af2a9167b854255a1180a73ca3c00f0ab3e4f0e64,gx-no-cache=1463588586629 HTTP/1.1" 200 38
192.168.10.89 - - [18/May/2016:13:22:52 -0300] "GET /cormun/servlet/vesolicitudnombre?2016,1724,, HTTP/1.1" 200 8286
192.168.10.89 - - [18/May/2016:13:22:53 -0300] "GET /cormun/pexe_scrolldiv.js HTTP/1.1" 404 1009
192.168.10.89 - - [18/May/2016:13:22:54 -0300] "GET /cormun/servlet/trsolicitudnombre?10409145, HTTP/1.1" 200 7360
192.168.10.89 - - [18/May/2016:13:22:59 -0300] "GET /cormun/servlet/vesolicitudnombre?2016,1728,, HTTP/1.1" 200 8288
192.168.10.89 - - [18/May/2016:13:22:59 -0300] "GET /cormun/pexe_scrolldiv.js HTTP/1.1" 404 1009
186.103.159.230 - - [18/May/2016:13:23:00 -0300] "GET /cormun/servlet/solicitudot?58e5e491ee975982078624f0417d4f7bb4f690e8a012acfb428468a20346ecae303f58fdc8ff2afdac4665aff4999f0e9ecacadc602fe71608822f694c77255fefc6be45a2f5b7c26f127283f68b6bcbc9a2429e59f8184d3a586c6faf8a82d0a1deecef820752ca9f5c248e357ceba0a05ed80cb145408c5db3bb908a82b6e6a31419539d7941b653648081294a3d5be73dc14878b2875864069fbd70efc32f,gx-no-cache=1463588596980 HTTP/1.1" 200 29
186.103.159.230 - - [18/May/2016:13:23:00 -0300] "POST /cormun/servlet/solicitudot?gx-no-cache=1463588597011 HTTP/1.1" 200 1144
192.168.10.89 - - [18/May/2016:13:23:02 -0300] "GET /cormun/servlet/vesolicitudnombre?2016,1728,,SolicitudOTAdjuntos HTTP/1.1" 200 9710
192.168.10.89 - - [18/May/2016:13:23:02 -0300] "GET /cormun/pexe_scrolldiv.js HTTP/1.1" 404 1009
192.168.10.89 - - [18/May/2016:13:23:05 -0300] "POST /cormun/servlet/acontrolpreferencessavestate?None,CDROGUETT,true HTTP/1.1" 200 35
192.168.10.89 - - [18/May/2016:13:23:09 -0300] "GET /cormun/PublicTempStorage/carnet_angelica_0014742631.jpg HTTP/1.1" 200 1247850
186.103.159.230 - - [18/May/2016:13:23:20 -0300] "GET /cormun/servlet/solicitudot?58e5e491ee975982078624f0417d4f7b2a8993b2162e58443b147da59eb1a9eeb72b5d727f97ac0f0c4dfb1a09d5a0c0ceb4bd46ce2ffbe2a916340e9be18ba2d89d08d9daee8168be114918f24ca82526ab0f206d2e2e1071fef764cb4992ec54d05f751a85f5596b71cc0a2154934c7dad71c420ac5a2ed40833d558afbcae586a93fdfd56cfc2b4495eb5c039dc229be1cfaaf4ac38a304c1424a9881adac7cd9777ef739a392ab292ebcc0634efd,gx-no-cache=1463588617457 HTTP/1.1" 200 30
192.168.10.89 - - [18/May/2016:13:23:54 -0300] "GET /cormun/servlet/vesolicitudnombre?2016,1728,,SolicitudOTAdjuntos HTTP/1.1" 200 9710
192.168.10.89 - - [18/May/2016:13:23:55 -0300] "GET /cormun/pexe_scrolldiv.js HTTP/1.1" 404 1009
192.168.10.89 - - [18/May/2016:13:23:57 -0300] "POST /cormun/servlet/acontrolpreferencessavestate?None,CDROGUETT,true HTTP/1.1" 200 35
192.168.10.89 - - [18/May/2016:13:23:59 -0300] "GET /cormun/PublicTempStorage/afp_angelica_0012486389.jpg HTTP/1.1" 200 743020
192.168.10.89 - - [18/May/2016:13:24:15 -0300] "GET /cormun/servlet/vesolicitudnombre?2016,1728,,SolicitudOTAdjuntos HTTP/1.1" 200 9711
192.168.10.89 - - [18/May/2016:13:24:15 -0300] "GET /cormun/pexe_scrolldiv.js HTTP/1.1" 404 1009
192.168.10.89 - - [18/May/2016:13:24:17 -0300] "POST /cormun/servlet/acontrolpreferencessavestate?None,CDROGUETT,true HTTP/1.1" 200 35
192.168.10.89 - - [18/May/2016:13:24:21 -0300] "GET /cormun/PublicTempStorage/fonasa_angelica_0015086758.jpg HTTP/1.1" 200 700259
186.103.159.230 - - [18/May/2016:13:24:30 -0300] "POST /cormun/servlet/solicitudot?1000b1983407501cadf46f498aa6b21f,INS,0,0,,gx-no-cache=1463588687279 HTTP/1.1" 200 93
186.103.159.230 - - [18/May/2016:13:24:30 -0300] "GET /cormun/servlet/hpexe_return? HTTP/1.1" 200 1012
186.103.159.230 - - [18/May/2016:13:24:31 -0300] "GET /cormun/servlet/trsolicitudot HTTP/1.1" 200 7834
186.103.159.230 - - [18/May/2016:13:24:32 -0300] "GET /cormun/servlet/trsolicitudot HTTP/1.1" 200 7830
186.103.159.230 - - [18/May/2016:13:24:35 -0300] "POST /cormun/servlet/trsolicitudot?1000b1983407501cadf46f498aa6b21f,gx-no-cache=1463588691924 HTTP/1.1" 200 3909
186.103.159.230 - - [18/May/2016:13:24:35 -0300] "POST /cormun/servlet/trsolicitudot?1000b1983407501cadf46f498aa6b21f,gx-no-cache=1463588692391 HTTP/1.1" 200 3751
192.168.10.89 - - [18/May/2016:13:24:38 -0300] "GET /cormun/servlet/vesolicitudnombre?2016,1728,,SolicitudOTAdjuntos HTTP/1.1" 200 9711
192.168.10.89 - - [18/May/2016:13:24:39 -0300] "GET /cormun/pexe_scrolldiv.js HTTP/1.1" 404 1009
192.168.10.89 - - [18/May/2016:13:24:40 -0300] "POST /cormun/servlet/acontrolpreferencessavestate?None,CDROGUETT,true HTTP/1.1" 200 35
186.103.159.230 - - [18/May/2016:13:24:41 -0300] "GET /cormun/servlet/trautorizarsolicitud? HTTP/1.1" 200 7767
186.103.159.230 - - [18/May/2016:13:24:42 -0300] "GET /cormun/servlet/trautorizarsolicitud? HTTP/1.1" 200 7767
192.168.10.89 - - [18/May/2016:13:24:43 -0300] "GET /cormun/PublicTempStorage/ante_angelica_0012715629.jpg HTTP/1.1" 200 1280101
186.103.159.230 - - [18/May/2016:13:24:47 -0300] "POST /cormun/servlet/trautorizarsolicitud?1000b1983407501cadf46f498aa6b21f,,gx-no-cache=1463588703756 HTTP/1.1" 200 3880
186.103.159.230 - - [18/May/2016:13:24:47 -0300] "POST /cormun/servlet/trautorizarsolicitud?1000b1983407501cadf46f498aa6b21f,,gx-no-cache=1463588704247 HTTP/1.1" 200 3727
192.168.10.89 - - [18/May/2016:13:24:53 -0300] "GET /cormun/servlet/vesolicitudnombre?2016,1728,,SolicitudOTAdjuntos HTTP/1.1" 200 9707
192.168.10.89 - - [18/May/2016:13:24:54 -0300] "GET /cormun/pexe_scrolldiv.js HTTP/1.1" 404 1009
192.168.10.89 - - [18/May/2016:13:24:56 -0300] "POST /cormun/servlet/acontrolpreferencessavestate?None,CDROGUETT,true HTTP/1.1" 200 35
192.168.10.89 - - [18/May/2016:13:24:59 -0300] "GET /cormun/PublicTempStorage/curriculum_angelica_0016639225.jpg HTTP/1.1" 200 1009469
192.168.10.89 - - [18/May/2016:13:26:44 -0300] "GET /cormun/servlet/vesolicitudnombre?2016,1728,,SolicitudOTAdjuntos HTTP/1.1" 200 9711
192.168.10.89 - - [18/May/2016:13:26:45 -0300] "GET /cormun/pexe_scrolldiv.js HTTP/1.1" 404 1009
192.168.10.89 - - [18/May/2016:13:26:47 -0300] "POST /cormun/servlet/acontrolpreferencessavestate?None,CDROGUETT,true HTTP/1.1" 200 35
191.112.0.217 - - [18/May/2016:13:29:24 -0300] "POST /cormun/servlet/trsolicitudot?c739420eb729175511c18f52577a1b7c,gx-no-cache=1463587060279,gx-no-cache=1463588985538 HTTP/1.1" 200 8539
191.112.0.217 - - [18/May/2016:13:29:24 -0300] "GET /cormun/static/Shared/jqueryui/images/ui-bg_highlight-soft_100_c6c2c8_1x100.png HTTP/1.1" 404 1117
191.112.0.217 - - [18/May/2016:13:29:24 -0300] "GET /cormun/static/Shared/jqueryui/images/ui-icons_82798d_256x240.png HTTP/1.1" 404 1089
191.112.0.217 - - [18/May/2016:13:29:24 -0300] "GET /cormun/static/Shared/jqueryui/images/ui-bg_flat_55_fafafa_40x100.png HTTP/1.1" 404 1097
191.112.0.217 - - [18/May/2016:13:29:24 -0300] "GET /cormun/static/Shared/jqueryui/images/ui-icons_8d78a5_256x240.png HTTP/1.1" 404 1089
191.112.0.217 - - [18/May/2016:13:29:37 -0300] "POST /cormun/servlet/trsolicitudot?c739420eb729175511c18f52577a1b7c,gx-no-cache=1463587060279,gx-no-cache=1463588999104 HTTP/1.1" 200 8539
186.78.32.75 - - [18/May/2016:13:29:47 -0300] "POST /cormun/servlet/solicitudotadjuntos?gx-no-cache=1463585403940 HTTP/1.1" 440 972
186.78.32.75 - - [18/May/2016:13:29:51 -0300] "GET /cormun/servlet/solicitudotadjuntos?e71320c0d217780a8f38ad704f087f207251babfd2ed407c40fbf32a6b17f529,gx-no-cache=1463585407994 HTTP/1.1" 440 972
186.78.32.75 - - [18/May/2016:13:29:55 -0300] "GET /cormun/servlet/solicitudotadjuntos?e71320c0d217780a8f38ad704f087f207251babfd2ed407c40fbf32a6b17f529,gx-no-cache=1463585411590 HTTP/1.1" 440 972
186.78.32.75 - - [18/May/2016:13:29:57 -0300] "POST /cormun/servlet/solicitudotadjuntos?6f6440888dc0883def58f287579f0e27,INS,2016,1758,,1,,gx-no-cache=1463585414044 HTTP/1.1" 440 972
186.78.32.75 - - [18/May/2016:13:29:58 -0300] "GET /cormun/servlet/solicitudotadjuntos?INS,2016,1758,,1, HTTP/1.1" 200 5137
186.78.32.75 - - [18/May/2016:13:30:01 -0300] "GET /cormun/static/about:blank HTTP/1.1" 404 1011
186.78.32.75 - - [18/May/2016:13:30:01 -0300] "GET /cormun/servlet/solicitudotadjuntos?5048e08b7d1742a41e8263dfe9e3118a6fd9aa8fb1b43b1b3a2e373e137a09cac79eb34772763e2468d288d3890f2a93,gx-no-cache=1463585418259 HTTP/1.1" 200 30
186.78.32.75 - - [18/May/2016:13:30:01 -0300] "GET /cormun/servlet/hlogin HTTP/1.1" 200 1750
186.78.32.75 - - [18/May/2016:13:30:01 -0300] "GET /cormun/servlet/solicitudotadjuntos?INS,2016,1758,,1, HTTP/1.1" 200 5137
186.78.32.75 - - [18/May/2016:13:30:03 -0300] "POST /cormun/servlet/solicitudotadjuntos?a27931d0f42dc6e50268240908c4ccca,INS,2016,1758,,1,,gx-no-cache=1463585419196 HTTP/1.1" 200 2974
191.112.0.217 - - [18/May/2016:13:30:06 -0300] "POST /cormun/servlet/trsolicitudot?c739420eb729175511c18f52577a1b7c,gx-no-cache=1463587060279,gx-no-cache=1463589022696 HTTP/1.1" 200 8539
191.112.0.217 - - [18/May/2016:13:30:14 -0300] "POST /cormun/servlet/trsolicitudot?c739420eb729175511c18f52577a1b7c,gx-no-cache=1463587060279,gx-no-cache=1463589036028 HTTP/1.1" 200 8249
191.112.0.217 - - [18/May/2016:13:30:16 -0300] "POST /cormun/servlet/trsolicitudot?c739420eb729175511c18f52577a1b7c,gx-no-cache=1463587060279,gx-no-cache=1463589038068 HTTP/1.1" 200 8169
186.78.32.75 - - [18/May/2016:13:30:18 -0300] "POST /cormun/servlet/hlogin?a27931d0f42dc6e50268240908c4ccca,gx-no-cache=1463585435253 HTTP/1.1" 200 90
186.78.32.75 - - [18/May/2016:13:30:19 -0300] "GET /cormun/servlet/hpexe_link HTTP/1.1" 200 974
186.78.32.75 - - [18/May/2016:13:30:20 -0300] "GET /cormun/servlet/solicitudotadjuntos?INS,2016,1758,,1, HTTP/1.1" 200 5420
186.78.32.75 - - [18/May/2016:13:30:21 -0300] "GET /cormun/static/about:blank HTTP/1.1" 404 1011
191.112.0.217 - - [18/May/2016:13:30:21 -0300] "POST /cormun/servlet/trsolicitudot?c739420eb729175511c18f52577a1b7c,gx-no-cache=1463587060279,gx-no-cache=1463589043016 HTTP/1.1" 200 7922
186.78.32.75 - - [18/May/2016:13:30:21 -0300] "GET /cormun/servlet/solicitudotadjuntos?INS,2016,1758,,1, HTTP/1.1" 200 5419
186.78.32.75 - - [18/May/2016:13:30:21 -0300] "GET /cormun/servlet/solicitudotadjuntos?5048e08b7d1742a41e8263dfe9e3118a6fd9aa8fb1b43b1b3a2e373e137a09cac79eb34772763e2468d288d3890f2a93,gx-no-cache=1463585438842 HTTP/1.1" 200 30
186.78.32.75 - - [18/May/2016:13:30:23 -0300] "POST /cormun/servlet/solicitudotadjuntos?a27931d0f42dc6e50268240908c4ccca,INS,2016,1758,,1,,gx-no-cache=1463585439383 HTTP/1.1" 200 3206
191.112.0.217 - - [18/May/2016:13:30:24 -0300] "POST /cormun/servlet/trsolicitudot?c739420eb729175511c18f52577a1b7c,gx-no-cache=1463587060279,gx-no-cache=1463589045888 HTTP/1.1" 200 7864
191.112.0.217 - - [18/May/2016:13:30:27 -0300] "POST /cormun/servlet/trsolicitudot?c739420eb729175511c18f52577a1b7c,gx-no-cache=1463587060279,gx-no-cache=1463589049319 HTTP/1.1" 200 7639
186.78.32.75 - - [18/May/2016:13:30:28 -0300] "POST /cormun/servlet/solicitudotadjuntos?gx-no-cache=1463585445079 HTTP/1.1" 200 26
191.112.0.217 - - [18/May/2016:13:30:30 -0300] "POST /cormun/servlet/trsolicitudot?c739420eb729175511c18f52577a1b7c,gx-no-cache=1463587060279,gx-no-cache=1463589051663 HTTP/1.1" 200 7578
186.78.32.75 - - [18/May/2016:13:30:30 -0300] "GET /cormun/servlet/solicitudotadjuntos?5048e08b7d1742a41e8263dfe9e3118a127c9005ac00498918d4e4e108b88f2e,gx-no-cache=1463585445877 HTTP/1.1" 200 30
186.78.32.75 - - [18/May/2016:13:30:31 -0300] "GET /cormun/servlet/solicitudotadjuntos?5048e08b7d1742a41e8263dfe9e3118a127c9005ac00498918d4e4e108b88f2e,gx-no-cache=1463585447617 HTTP/1.1" 200 30
191.112.0.217 - - [18/May/2016:13:30:33 -0300] "POST /cormun/servlet/trsolicitudot?c739420eb729175511c18f52577a1b7c,gx-no-cache=1463587060279,gx-no-cache=1463589055080 HTTP/1.1" 200 7351
191.112.0.217 - - [18/May/2016:13:30:36 -0300] "POST /cormun/servlet/trsolicitudot?c739420eb729175511c18f52577a1b7c,gx-no-cache=1463587060279,gx-no-cache=1463589058207 HTTP/1.1" 200 7291
186.78.32.75 - - [18/May/2016:13:30:36 -0300] "POST /cormun/servlet/solicitudotadjuntos?a27931d0f42dc6e50268240908c4ccca,INS,2016,1758,,1,,gx-no-cache=1463585448441 HTTP/1.1" 200 93
186.78.32.75 - - [18/May/2016:13:30:37 -0300] "GET /cormun/servlet/hpexe_return? HTTP/1.1" 200 1018
191.112.0.217 - - [18/May/2016:13:30:39 -0300] "POST /cormun/servlet/trsolicitudot?c739420eb729175511c18f52577a1b7c,gx-no-cache=1463587060279,gx-no-cache=1463589060830 HTTP/1.1" 200 7111
186.78.32.75 - - [18/May/2016:13:30:39 -0300] "GET /cormun/servlet/hhome HTTP/1.1" 200 3566
186.78.32.75 - - [18/May/2016:13:30:40 -0300] "GET /cormun/servlet/hhome HTTP/1.1" 200 3561
191.112.0.217 - - [18/May/2016:13:30:41 -0300] "POST /cormun/servlet/trsolicitudot?c739420eb729175511c18f52577a1b7c,gx-no-cache=1463587060279,gx-no-cache=1463589062974 HTTP/1.1" 200 7051
191.112.0.217 - - [18/May/2016:13:30:45 -0300] "POST /cormun/servlet/trsolicitudot?c739420eb729175511c18f52577a1b7c,gx-no-cache=1463587060279,gx-no-cache=1463589066793 HTTP/1.1" 200 6831
186.78.32.75 - - [18/May/2016:13:30:46 -0300] "GET /cormun/servlet/trsolicitudot? HTTP/1.1" 200 7774
191.112.0.217 - - [18/May/2016:13:30:47 -0300] "POST /cormun/servlet/trsolicitudot?c739420eb729175511c18f52577a1b7c,gx-no-cache=1463587060279,gx-no-cache=1463589068881 HTTP/1.1" 200 6772
186.78.32.75 - - [18/May/2016:13:30:47 -0300] "GET /cormun/servlet/trsolicitudot? HTTP/1.1" 200 7772
191.112.0.217 - - [18/May/2016:13:30:51 -0300] "POST /cormun/servlet/trsolicitudot?c739420eb729175511c18f52577a1b7c,gx-no-cache=1463587060279,gx-no-cache=1463589073327 HTTP/1.1" 200 6606
186.78.32.75 - - [18/May/2016:13:30:51 -0300] "POST /cormun/servlet/trsolicitudot?a27931d0f42dc6e50268240908c4ccca,,gx-no-cache=1463585466958 HTTP/1.1" 200 107
186.78.32.75 - - [18/May/2016:13:30:52 -0300] "GET /cormun/servlet/trsolicitudadjuntos?2016,1758, HTTP/1.1" 200 7283
186.78.32.75 - - [18/May/2016:13:30:53 -0300] "GET /cormun/servlet/trsolicitudadjuntos?2016,1758, HTTP/1.1" 200 7283
191.112.0.217 - - [18/May/2016:13:30:53 -0300] "POST /cormun/servlet/trsolicitudot?c739420eb729175511c18f52577a1b7c,gx-no-cache=1463587060279,gx-no-cache=1463589075227 HTTP/1.1" 200 6545
191.112.0.217 - - [18/May/2016:13:30:56 -0300] "POST /cormun/servlet/trsolicitudot?c739420eb729175511c18f52577a1b7c,gx-no-cache=1463587060279,gx-no-cache=1463589078485 HTTP/1.1" 200 6372
186.78.32.75 - - [18/May/2016:13:30:57 -0300] "GET /cormun/servlet/solicitudotadjuntos?INS,2016,1758,,1, HTTP/1.1" 200 5590
191.112.0.217 - - [18/May/2016:13:30:58 -0300] "POST /cormun/servlet/trsolicitudot?c739420eb729175511c18f52577a1b7c,gx-no-cache=1463587060279,gx-no-cache=1463589080227 HTTP/1.1" 200 6312
186.78.32.75 - - [18/May/2016:13:30:58 -0300] "GET /cormun/static/about:blank HTTP/1.1" 404 1011
186.78.32.75 - - [18/May/2016:13:30:59 -0300] "GET /cormun/servlet/solicitudotadjuntos?5048e08b7d1742a41e8263dfe9e3118a6fd9aa8fb1b43b1b3a2e373e137a09cac79eb34772763e2468d288d3890f2a93,gx-no-cache=1463585475262 HTTP/1.1" 200 30
186.78.32.75 - - [18/May/2016:13:30:59 -0300] "GET /cormun/servlet/solicitudotadjuntos?INS,2016,1758,,1, HTTP/1.1" 200 5584
191.112.0.217 - - [18/May/2016:13:31:00 -0300] "POST /cormun/servlet/trsolicitudot?c739420eb729175511c18f52577a1b7c,gx-no-cache=1463587060279,gx-no-cache=1463589082589 HTTP/1.1" 200 6067
186.78.32.75 - - [18/May/2016:13:31:01 -0300] "POST /cormun/servlet/solicitudotadjuntos?a27931d0f42dc6e50268240908c4ccca,INS,2016,1758,,1,,gx-no-cache=1463585476498 HTTP/1.1" 200 3465
191.112.0.217 - - [18/May/2016:13:31:02 -0300] "POST /cormun/servlet/trsolicitudot?c739420eb729175511c18f52577a1b7c,gx-no-cache=1463587060279,gx-no-cache=1463589084202 HTTP/1.1" 200 6008
186.78.32.75 - - [18/May/2016:13:31:05 -0300] "POST /cormun/servlet/solicitudotadjuntos?gx-no-cache=1463585481574 HTTP/1.1" 200 26
191.112.0.217 - - [18/May/2016:13:31:06 -0300] "POST /cormun/servlet/trsolicitudot?c739420eb729175511c18f52577a1b7c,gx-no-cache=1463587060279,gx-no-cache=1463589088732 HTTP/1.1" 200 5820
191.112.0.217 - - [18/May/2016:13:31:08 -0300] "POST /cormun/servlet/trsolicitudot?c739420eb729175511c18f52577a1b7c,gx-no-cache=1463587060279,gx-no-cache=1463589090210 HTTP/1.1" 200 5760
191.112.0.217 - - [18/May/2016:13:31:12 -0300] "POST /cormun/servlet/trsolicitudot?c739420eb729175511c18f52577a1b7c,gx-no-cache=1463587060279,gx-no-cache=1463589094491 HTTP/1.1" 200 5577
191.112.0.217 - - [18/May/2016:13:31:13 -0300] "POST /cormun/servlet/trsolicitudot?c739420eb729175511c18f52577a1b7c,gx-no-cache=1463587060279,gx-no-cache=1463589096027 HTTP/1.1" 200 5516
191.112.0.217 - - [18/May/2016:13:31:15 -0300] "POST /cormun/servlet/trsolicitudot?c739420eb729175511c18f52577a1b7c,gx-no-cache=1463587060279,gx-no-cache=1463589098051 HTTP/1.1" 200 5224
191.112.0.217 - - [18/May/2016:13:31:17 -0300] "POST /cormun/servlet/trsolicitudot?c739420eb729175511c18f52577a1b7c,gx-no-cache=1463587060279,gx-no-cache=1463589099178 HTTP/1.1" 200 5164
191.112.0.217 - - [18/May/2016:13:31:19 -0300] "POST /cormun/servlet/trsolicitudot?c739420eb729175511c18f52577a1b7c,gx-no-cache=1463587060279,gx-no-cache=1463589101667 HTTP/1.1" 200 3904
186.78.32.75 - - [18/May/2016:13:31:20 -0300] "GET /cormun/servlet/solicitudotadjuntos?5048e08b7d1742a41e8263dfe9e3118a127c9005ac00498918d4e4e108b88f2e,gx-no-cache=1463585497569 HTTP/1.1" 200 30
191.112.0.217 - - [18/May/2016:13:31:20 -0300] "POST /cormun/servlet/trsolicitudot?c739420eb729175511c18f52577a1b7c,gx-no-cache=1463587060279,gx-no-cache=1463589102728 HTTP/1.1" 200 3753
186.78.32.75 - - [18/May/2016:13:31:21 -0300] "GET /cormun/servlet/solicitudotadjuntos?5048e08b7d1742a41e8263dfe9e3118a127c9005ac00498918d4e4e108b88f2e,gx-no-cache=1463585498068 HTTP/1.1" 200 30
186.78.32.75 - - [18/May/2016:13:31:22 -0300] "POST /cormun/servlet/solicitudotadjuntos?a27931d0f42dc6e50268240908c4ccca,INS,2016,1758,,1,,gx-no-cache=1463585498614 HTTP/1.1" 200 93
186.78.32.75 - - [18/May/2016:13:31:23 -0300] "GET /cormun/servlet/hpexe_return? HTTP/1.1" 200 1022
191.112.0.217 - - [18/May/2016:13:31:24 -0300] "GET /cormun/servlet/trautorizarsolicitud? HTTP/1.1" 200 10983
186.78.32.75 - - [18/May/2016:13:31:24 -0300] "GET /cormun/servlet/trsolicitudadjuntos?2016,1758, HTTP/1.1" 200 7413
186.78.32.75 - - [18/May/2016:13:31:25 -0300] "GET /cormun/servlet/trsolicitudadjuntos?2016,1758, HTTP/1.1" 200 7410
191.112.0.217 - - [18/May/2016:13:31:26 -0300] "GET /cormun/servlet/trautorizarsolicitud? HTTP/1.1" 200 10963
186.78.32.75 - - [18/May/2016:13:31:28 -0300] "GET /cormun/servlet/solicitudotadjuntos?INS,2016,1758,,1, HTTP/1.1" 200 5590
186.78.32.75 - - [18/May/2016:13:31:29 -0300] "GET /cormun/static/about:blank HTTP/1.1" 404 1011
186.78.32.75 - - [18/May/2016:13:31:30 -0300] "GET /cormun/servlet/solicitudotadjuntos?INS,2016,1758,,1, HTTP/1.1" 200 5584
186.78.32.75 - - [18/May/2016:13:31:30 -0300] "GET /cormun/servlet/solicitudotadjuntos?5048e08b7d1742a41e8263dfe9e3118a6fd9aa8fb1b43b1b3a2e373e137a09cac79eb34772763e2468d288d3890f2a93,gx-no-cache=1463585507053 HTTP/1.1" 200 30
191.112.0.217 - - [18/May/2016:13:31:30 -0300] "POST /cormun/servlet/trautorizarsolicitud?c739420eb729175511c18f52577a1b7c,,gx-no-cache=1463589111718 HTTP/1.1" 200 8522
186.78.32.75 - - [18/May/2016:13:31:32 -0300] "POST /cormun/servlet/solicitudotadjuntos?a27931d0f42dc6e50268240908c4ccca,INS,2016,1758,,1,,gx-no-cache=1463585507685 HTTP/1.1" 200 3465
186.78.32.75 - - [18/May/2016:13:31:35 -0300] "POST /cormun/servlet/solicitudotadjuntos?gx-no-cache=1463585512190 HTTP/1.1" 200 26
191.112.0.217 - - [18/May/2016:13:31:38 -0300] "POST /cormun/servlet/trautorizarsolicitud?c739420eb729175511c18f52577a1b7c,,gx-no-cache=1463589118466 HTTP/1.1" 200 8166
191.112.0.217 - - [18/May/2016:13:31:41 -0300] "POST /cormun/servlet/trautorizarsolicitud?c739420eb729175511c18f52577a1b7c,,gx-no-cache=1463589122312 HTTP/1.1" 200 8107
191.112.0.217 - - [18/May/2016:13:31:46 -0300] "POST /cormun/servlet/trautorizarsolicitud?c739420eb729175511c18f52577a1b7c,,gx-no-cache=1463589125889 HTTP/1.1" 200 7925
191.112.0.217 - - [18/May/2016:13:31:50 -0300] "POST /cormun/servlet/trautorizarsolicitud?c739420eb729175511c18f52577a1b7c,,gx-no-cache=1463589129641 HTTP/1.1" 200 7868
191.112.0.217 - - [18/May/2016:13:31:55 -0300] "POST /cormun/servlet/trautorizarsolicitud?c739420eb729175511c18f52577a1b7c,,gx-no-cache=1463589135069 HTTP/1.1" 200 7627
