186.78.32.75 - - [18/May/2016:13:31:57 -0300] "GET /cormun/servlet/solicitudotadjuntos?5048e08b7d1742a41e8263dfe9e3118a127c9005ac00498918d4e4e108b88f2e,gx-no-cache=1463585534072 HTTP/1.1" 200 30
186.78.32.75 - - [18/May/2016:13:31:58 -0300] "GET /cormun/servlet/solicitudotadjuntos?5048e08b7d1742a41e8263dfe9e3118a127c9005ac00498918d4e4e108b88f2e,gx-no-cache=1463585534990 HTTP/1.1" 200 30
191.112.0.217 - - [18/May/2016:13:31:58 -0300] "POST /cormun/servlet/trautorizarsolicitud?c739420eb729175511c18f52577a1b7c,,gx-no-cache=1463589138904 HTTP/1.1" 200 7568
186.78.32.75 - - [18/May/2016:13:31:59 -0300] "POST /cormun/servlet/solicitudotadjuntos?a27931d0f42dc6e50268240908c4ccca,INS,2016,1758,,1,,gx-no-cache=1463585535529 HTTP/1.1" 200 93
186.78.32.75 - - [18/May/2016:13:32:00 -0300] "GET /cormun/servlet/hpexe_return? HTTP/1.1" 200 1022
191.112.0.217 - - [18/May/2016:13:32:01 -0300] "POST /cormun/servlet/trautorizarsolicitud?c739420eb729175511c18f52577a1b7c,,gx-no-cache=1463589142840 HTTP/1.1" 200 7328
186.78.32.75 - - [18/May/2016:13:32:01 -0300] "GET /cormun/servlet/trsolicitudadjuntos?2016,1758, HTTP/1.1" 200 7567
186.78.32.75 - - [18/May/2016:13:32:02 -0300] "GET /cormun/servlet/trsolicitudadjuntos?2016,1758, HTTP/1.1" 200 7563
191.112.0.217 - - [18/May/2016:13:32:03 -0300] "POST /cormun/servlet/trautorizarsolicitud?c739420eb729175511c18f52577a1b7c,,gx-no-cache=1463589144951 HTTP/1.1" 200 7271
186.78.32.75 - - [18/May/2016:13:32:04 -0300] "GET /cormun/servlet/solicitudotadjuntos?INS,2016,1758,,1, HTTP/1.1" 200 5590
186.78.32.75 - - [18/May/2016:13:32:05 -0300] "GET /cormun/static/about:blank HTTP/1.1" 404 1011
191.112.0.217 - - [18/May/2016:13:32:05 -0300] "POST /cormun/servlet/trautorizarsolicitud?c739420eb729175511c18f52577a1b7c,,gx-no-cache=1463589147591 HTTP/1.1" 200 7090
186.78.32.75 - - [18/May/2016:13:32:06 -0300] "GET /cormun/servlet/solicitudotadjuntos?INS,2016,1758,,1, HTTP/1.1" 200 5584
186.78.32.75 - - [18/May/2016:13:32:06 -0300] "GET /cormun/servlet/solicitudotadjuntos?5048e08b7d1742a41e8263dfe9e3118a6fd9aa8fb1b43b1b3a2e373e137a09cac79eb34772763e2468d288d3890f2a93,gx-no-cache=1463585543342 HTTP/1.1" 200 30
186.78.32.75 - - [18/May/2016:13:32:07 -0300] "POST /cormun/servlet/solicitudotadjuntos?a27931d0f42dc6e50268240908c4ccca,INS,2016,1758,,1,,gx-no-cache=1463585543695 HTTP/1.1" 200 3466
191.112.0.217 - - [18/May/2016:13:32:08 -0300] "POST /cormun/servlet/trautorizarsolicitud?c739420eb729175511c18f52577a1b7c,,gx-no-cache=1463589149507 HTTP/1.1" 200 7033
186.78.32.75 - - [18/May/2016:13:32:10 -0300] "POST /cormun/servlet/solicitudotadjuntos?gx-no-cache=1463585547453 HTTP/1.1" 200 26
191.112.0.217 - - [18/May/2016:13:32:10 -0300] "POST /cormun/servlet/trautorizarsolicitud?c739420eb729175511c18f52577a1b7c,,gx-no-cache=1463589152189 HTTP/1.1" 200 6806
191.112.0.217 - - [18/May/2016:13:32:12 -0300] "POST /cormun/servlet/trautorizarsolicitud?c739420eb729175511c18f52577a1b7c,,gx-no-cache=1463589154492 HTTP/1.1" 200 6749
191.112.0.217 - - [18/May/2016:13:32:16 -0300] "POST /cormun/servlet/trautorizarsolicitud?c739420eb729175511c18f52577a1b7c,,gx-no-cache=1463589158574 HTTP/1.1" 200 6580
191.112.0.217 - - [18/May/2016:13:32:18 -0300] "POST /cormun/servlet/trautorizarsolicitud?c739420eb729175511c18f52577a1b7c,,gx-no-cache=1463589160295 HTTP/1.1" 200 6523
186.78.32.75 - - [18/May/2016:13:32:24 -0300] "GET /cormun/servlet/solicitudotadjuntos?5048e08b7d1742a41e8263dfe9e3118a127c9005ac00498918d4e4e108b88f2e,gx-no-cache=1463585561032 HTTP/1.1" 200 30
186.78.32.75 - - [18/May/2016:13:32:24 -0300] "GET /cormun/servlet/solicitudotadjuntos?5048e08b7d1742a41e8263dfe9e3118a127c9005ac00498918d4e4e108b88f2e,gx-no-cache=1463585561385 HTTP/1.1" 200 30
186.78.32.75 - - [18/May/2016:13:32:25 -0300] "POST /cormun/servlet/solicitudotadjuntos?a27931d0f42dc6e50268240908c4ccca,INS,2016,1758,,1,,gx-no-cache=1463585561709 HTTP/1.1" 200 93
186.78.32.75 - - [18/May/2016:13:32:25 -0300] "GET /cormun/servlet/hpexe_return? HTTP/1.1" 200 1022
186.78.32.75 - - [18/May/2016:13:32:26 -0300] "GET /cormun/servlet/trsolicitudadjuntos?2016,1758, HTTP/1.1" 200 7658
186.78.32.75 - - [18/May/2016:13:32:27 -0300] "GET /cormun/servlet/trsolicitudadjuntos?2016,1758, HTTP/1.1" 200 7656
186.78.32.75 - - [18/May/2016:13:32:30 -0300] "GET /cormun/servlet/solicitudotadjuntos?INS,2016,1758,,1, HTTP/1.1" 200 5590
186.78.32.75 - - [18/May/2016:13:32:31 -0300] "GET /cormun/static/about:blank HTTP/1.1" 404 1011
186.78.32.75 - - [18/May/2016:13:32:32 -0300] "GET /cormun/servlet/solicitudotadjuntos?5048e08b7d1742a41e8263dfe9e3118a6fd9aa8fb1b43b1b3a2e373e137a09cac79eb34772763e2468d288d3890f2a93,gx-no-cache=1463585569259 HTTP/1.1" 200 30
186.78.32.75 - - [18/May/2016:13:32:32 -0300] "GET /cormun/servlet/solicitudotadjuntos?INS,2016,1758,,1, HTTP/1.1" 200 5584
186.78.32.75 - - [18/May/2016:13:32:33 -0300] "POST /cormun/servlet/solicitudotadjuntos?a27931d0f42dc6e50268240908c4ccca,INS,2016,1758,,1,,gx-no-cache=1463585569925 HTTP/1.1" 200 3466
186.78.32.75 - - [18/May/2016:13:32:36 -0300] "POST /cormun/servlet/solicitudotadjuntos?gx-no-cache=1463585573282 HTTP/1.1" 200 26
186.78.32.75 - - [18/May/2016:13:32:50 -0300] "GET /cormun/servlet/solicitudotadjuntos?5048e08b7d1742a41e8263dfe9e3118a127c9005ac00498918d4e4e108b88f2e,gx-no-cache=1463585586969 HTTP/1.1" 200 30
186.78.32.75 - - [18/May/2016:13:32:50 -0300] "GET /cormun/servlet/solicitudotadjuntos?5048e08b7d1742a41e8263dfe9e3118a127c9005ac00498918d4e4e108b88f2e,gx-no-cache=1463585587575 HTTP/1.1" 200 30
186.78.32.75 - - [18/May/2016:13:32:51 -0300] "POST /cormun/servlet/solicitudotadjuntos?a27931d0f42dc6e50268240908c4ccca,INS,2016,1758,,1,,gx-no-cache=1463585588159 HTTP/1.1" 200 93
186.78.32.75 - - [18/May/2016:13:32:52 -0300] "GET /cormun/servlet/hpexe_return? HTTP/1.1" 200 1022
186.78.32.75 - - [18/May/2016:13:32:53 -0300] "GET /cormun/servlet/trsolicitudadjuntos?2016,1758, HTTP/1.1" 200 7778
186.78.32.75 - - [18/May/2016:13:32:54 -0300] "GET /cormun/servlet/trsolicitudadjuntos?2016,1758, HTTP/1.1" 200 7776
186.78.32.75 - - [18/May/2016:13:32:58 -0300] "GET /cormun/servlet/solicitudotadjuntos?INS,2016,1758,,1, HTTP/1.1" 200 5589
186.78.32.75 - - [18/May/2016:13:32:58 -0300] "GET /cormun/static/about:blank HTTP/1.1" 404 1011
186.78.32.75 - - [18/May/2016:13:32:59 -0300] "GET /cormun/servlet/solicitudotadjuntos?INS,2016,1758,,1, HTTP/1.1" 200 5583
186.78.32.75 - - [18/May/2016:13:32:59 -0300] "GET /cormun/servlet/solicitudotadjuntos?5048e08b7d1742a41e8263dfe9e3118a6fd9aa8fb1b43b1b3a2e373e137a09cac79eb34772763e2468d288d3890f2a93,gx-no-cache=1463585596487 HTTP/1.1" 200 30
186.78.32.75 - - [18/May/2016:13:33:01 -0300] "POST /cormun/servlet/solicitudotadjuntos?a27931d0f42dc6e50268240908c4ccca,INS,2016,1758,,1,,gx-no-cache=1463585597047 HTTP/1.1" 200 3464
186.78.32.75 - - [18/May/2016:13:33:05 -0300] "POST /cormun/servlet/solicitudotadjuntos?gx-no-cache=1463585602423 HTTP/1.1" 200 26
191.112.0.217 - - [18/May/2016:13:33:17 -0300] "POST /cormun/servlet/trautorizarsolicitud?c739420eb729175511c18f52577a1b7c,,gx-no-cache=1463589219320 HTTP/1.1" 200 6351
186.78.32.75 - - [18/May/2016:13:33:18 -0300] "GET /cormun/servlet/solicitudotadjuntos?5048e08b7d1742a41e8263dfe9e3118a127c9005ac00498918d4e4e108b88f2e,gx-no-cache=1463585615673 HTTP/1.1" 200 30
191.112.0.217 - - [18/May/2016:13:33:19 -0300] "POST /cormun/servlet/trautorizarsolicitud?c739420eb729175511c18f52577a1b7c,,gx-no-cache=1463589221282 HTTP/1.1" 200 6293
186.78.32.75 - - [18/May/2016:13:33:19 -0300] "GET /cormun/servlet/solicitudotadjuntos?5048e08b7d1742a41e8263dfe9e3118a127c9005ac00498918d4e4e108b88f2e,gx-no-cache=1463585616303 HTTP/1.1" 200 30
186.78.32.75 - - [18/May/2016:13:33:20 -0300] "POST /cormun/servlet/solicitudotadjuntos?a27931d0f42dc6e50268240908c4ccca,INS,2016,1758,,1,,gx-no-cache=1463585616775 HTTP/1.1" 200 93
186.78.32.75 - - [18/May/2016:13:33:20 -0300] "GET /cormun/servlet/hpexe_return? HTTP/1.1" 200 1022
186.78.32.75 - - [18/May/2016:13:33:21 -0300] "GET /cormun/servlet/trsolicitudadjuntos?2016,1758, HTTP/1.1" 200 7869
186.78.32.75 - - [18/May/2016:13:33:23 -0300] "GET /cormun/servlet/trsolicitudadjuntos?2016,1758, HTTP/1.1" 200 7867
186.78.32.75 - - [18/May/2016:13:33:30 -0300] "GET /cormun/servlet/solicitudotadjuntos?INS,2016,1758,,2, HTTP/1.1" 200 5588
186.78.32.75 - - [18/May/2016:13:33:31 -0300] "GET /cormun/static/about:blank HTTP/1.1" 404 1011
186.78.32.75 - - [18/May/2016:13:33:32 -0300] "GET /cormun/servlet/solicitudotadjuntos?INS,2016,1758,,2, HTTP/1.1" 200 5582
186.78.32.75 - - [18/May/2016:13:33:32 -0300] "GET /cormun/servlet/solicitudotadjuntos?5048e08b7d1742a41e8263dfe9e3118a6fd9aa8fb1b43b1b3a2e373e137a09cac79eb34772763e2468d288d3890f2a93,gx-no-cache=1463585629710 HTTP/1.1" 200 30
186.78.32.75 - - [18/May/2016:13:33:34 -0300] "POST /cormun/servlet/solicitudotadjuntos?a27931d0f42dc6e50268240908c4ccca,INS,2016,1758,,2,,gx-no-cache=1463585630256 HTTP/1.1" 200 3612
186.78.32.75 - - [18/May/2016:13:33:44 -0300] "POST /cormun/servlet/solicitudotadjuntos?a27931d0f42dc6e50268240908c4ccca,INS,2016,1758,,2,,gx-no-cache=1463585640892 HTTP/1.1" 200 93
186.78.32.75 - - [18/May/2016:13:33:44 -0300] "GET /cormun/servlet/hpexe_return? HTTP/1.1" 200 1022
186.78.32.75 - - [18/May/2016:13:33:45 -0300] "GET /cormun/servlet/trsolicitudadjuntos?2016,1758, HTTP/1.1" 200 7869
191.112.0.217 - - [18/May/2016:13:33:46 -0300] "POST /cormun/servlet/trautorizarsolicitud?c739420eb729175511c18f52577a1b7c,,gx-no-cache=1463589246962 HTTP/1.1" 200 6109
186.78.32.75 - - [18/May/2016:13:33:47 -0300] "GET /cormun/servlet/trsolicitudadjuntos?2016,1758, HTTP/1.1" 200 7867
191.112.0.217 - - [18/May/2016:13:33:48 -0300] "POST /cormun/servlet/trautorizarsolicitud?c739420eb729175511c18f52577a1b7c,,gx-no-cache=1463589250562 HTTP/1.1" 200 6054
191.112.0.217 - - [18/May/2016:13:33:51 -0300] "POST /cormun/servlet/trautorizarsolicitud?c739420eb729175511c18f52577a1b7c,,gx-no-cache=1463589253646 HTTP/1.1" 200 5869
191.112.0.217 - - [18/May/2016:13:33:54 -0300] "POST /cormun/servlet/trautorizarsolicitud?c739420eb729175511c18f52577a1b7c,,gx-no-cache=1463589255343 HTTP/1.1" 200 5814
186.78.32.75 - - [18/May/2016:13:33:58 -0300] "GET /cormun/servlet/trsolicitudot? HTTP/1.1" 200 7778
191.112.0.217 - - [18/May/2016:13:33:59 -0300] "POST /cormun/servlet/trautorizarsolicitud?c739420eb729175511c18f52577a1b7c,,gx-no-cache=1463589259228 HTTP/1.1" 200 5560
191.112.0.217 - - [18/May/2016:13:34:00 -0300] "POST /cormun/servlet/trautorizarsolicitud?c739420eb729175511c18f52577a1b7c,,gx-no-cache=1463589262395 HTTP/1.1" 200 5502
186.78.32.75 - - [18/May/2016:13:34:02 -0300] "GET /cormun/servlet/trsolicitudot? HTTP/1.1" 200 7772
191.112.0.217 - - [18/May/2016:13:34:03 -0300] "POST /cormun/servlet/trautorizarsolicitud?c739420eb729175511c18f52577a1b7c,,gx-no-cache=1463589265293 HTTP/1.1" 200 5200
191.112.0.217 - - [18/May/2016:13:34:04 -0300] "POST /cormun/servlet/trautorizarsolicitud?c739420eb729175511c18f52577a1b7c,,gx-no-cache=1463589266540 HTTP/1.1" 200 5145
186.78.32.75 - - [18/May/2016:13:34:05 -0300] "POST /cormun/servlet/trsolicitudot?a27931d0f42dc6e50268240908c4ccca,,gx-no-cache=1463585661882 HTTP/1.1" 200 3872
186.78.32.75 - - [18/May/2016:13:34:06 -0300] "GET /cormun/static/Shared/jqueryui/images/ui-bg_highlight-soft_100_c6c2c8_1x100.png HTTP/1.1" 404 1117
186.78.32.75 - - [18/May/2016:13:34:06 -0300] "GET /cormun/static/Shared/jqueryui/images/ui-icons_82798d_256x240.png HTTP/1.1" 404 1089
186.78.32.75 - - [18/May/2016:13:34:06 -0300] "GET /cormun/static/Shared/jqueryui/images/ui-bg_flat_55_fafafa_40x100.png HTTP/1.1" 404 1097
186.78.32.75 - - [18/May/2016:13:34:06 -0300] "GET /cormun/static/Shared/jqueryui/images/ui-icons_8d78a5_256x240.png HTTP/1.1" 404 1089
191.112.0.217 - - [18/May/2016:13:34:07 -0300] "GET /cormun/servlet/veautorizarsolicitud?2016,1768,, HTTP/1.1" 200 7860
191.112.0.217 - - [18/May/2016:13:34:08 -0300] "GET /cormun/static/gxcfg.js?201631021474341 HTTP/1.1" 200 953
186.78.32.75 - - [18/May/2016:13:34:08 -0300] "POST /cormun/servlet/trsolicitudot?a27931d0f42dc6e50268240908c4ccca,,gx-no-cache=1463585663015 HTTP/1.1" 200 3718
191.112.0.217 - - [18/May/2016:13:34:08 -0300] "GET /cormun/pexe_scrolldiv.js HTTP/1.1" 404 1009
191.112.0.217 - - [18/May/2016:13:34:08 -0300] "GET /cormun/static/veautorizarsolicitud.js?201631021474418 HTTP/1.1" 200 6140
191.112.0.217 - - [18/May/2016:13:34:08 -0300] "GET /cormun/static/hwcviewtabs.js?20151120014372 HTTP/1.1" 200 1074
191.112.0.217 - - [18/May/2016:13:34:08 -0300] "GET /cormun/static/hpexe_tabsview.js?20151120014350 HTTP/1.1" 200 1661
191.112.0.217 - - [18/May/2016:13:34:08 -0300] "GET /cormun/static/Resources/PXToolsTabFirstSelected.png HTTP/1.1" 200 1259
191.112.0.217 - - [18/May/2016:13:34:08 -0300] "GET /cormun/static/tbautorizarsolicitud01.js?201631022495836 HTTP/1.1" 200 28339
191.112.0.217 - - [18/May/2016:13:34:08 -0300] "GET /cormun/static/Resources/PXToolsTabLastUnselected.png HTTP/1.1" 200 1291
191.112.0.217 - - [18/May/2016:13:34:08 -0300] "GET /cormun/static/Resources/PXToolsTabPrevious.gif HTTP/1.1" 200 172
191.112.0.217 - - [18/May/2016:13:34:08 -0300] "GET /cormun/static/Resources/PXToolsTabNext.gif HTTP/1.1" 200 168
191.112.0.217 - - [18/May/2016:13:34:09 -0300] "GET /cormun/static/calendar-system.css HTTP/1.1" 200 5572
191.112.0.217 - - [18/May/2016:13:34:10 -0300] "GET /cormun/static/Resources/PXToolsTabBackSelected.png HTTP/1.1" 200 1157
191.112.0.217 - - [18/May/2016:13:34:10 -0300] "GET /cormun/static/Resources/PXToolsTabBackUnselected.png HTTP/1.1" 200 1175
191.112.0.217 - - [18/May/2016:13:34:10 -0300] "GET /cormun/static/Resources/PXToolsTabUnselectedUnselected.png HTTP/1.1" 200 1459
191.112.0.217 - - [18/May/2016:13:34:10 -0300] "GET /cormun/static/Resources/PXToolsTabSelectedUnselected.png HTTP/1.1" 200 1428
191.112.0.217 - - [18/May/2016:13:34:10 -0300] "GET /cormun/servlet/veautorizarsolicitud?2016,1768,, HTTP/1.1" 200 7860
191.112.0.217 - - [18/May/2016:13:34:14 -0300] "POST /cormun/servlet/veautorizarsolicitud?c739420eb729175511c18f52577a1b7c,2016,1768,,,gx-no-cache=1463589277089 HTTP/1.1" 200 93
191.112.0.217 - - [18/May/2016:13:34:15 -0300] "GET /cormun/servlet/hpexe_return? HTTP/1.1" 200 1020
191.112.0.217 - - [18/May/2016:13:34:16 -0300] "GET /cormun/servlet/trautorizarsolicitud? HTTP/1.1" 200 7790
191.112.0.217 - - [18/May/2016:13:34:18 -0300] "GET /cormun/servlet/trautorizarsolicitud? HTTP/1.1" 200 7786
191.112.0.217 - - [18/May/2016:13:34:20 -0300] "GET /cormun/servlet/veautorizarsolicitud?2016,1768,, HTTP/1.1" 200 7860
191.112.0.217 - - [18/May/2016:13:34:21 -0300] "GET /cormun/pexe_scrolldiv.js HTTP/1.1" 404 1009
191.112.0.217 - - [18/May/2016:13:34:22 -0300] "GET /cormun/servlet/veautorizarsolicitud?2016,1768,, HTTP/1.1" 200 7860
191.112.0.217 - - [18/May/2016:13:34:36 -0300] "POST /cormun/servlet/veautorizarsolicitud?c739420eb729175511c18f52577a1b7c,2016,1768,,,gx-no-cache=1463589298584 HTTP/1.1" 200 93
191.112.0.217 - - [18/May/2016:13:34:37 -0300] "GET /cormun/servlet/hpexe_return? HTTP/1.1" 200 1019
191.112.0.217 - - [18/May/2016:13:34:37 -0300] "GET /cormun/servlet/trautorizarsolicitud HTTP/1.1" 200 7790
191.112.0.217 - - [18/May/2016:13:34:39 -0300] "GET /cormun/servlet/trautorizarsolicitud HTTP/1.1" 200 7787
186.78.32.75 - - [18/May/2016:13:34:51 -0300] "GET /cormun/servlet/hlogin HTTP/1.1" 200 1731
191.112.0.217 - - [18/May/2016:13:35:00 -0300] "POST /cormun/servlet/trautorizarsolicitud?c739420eb729175511c18f52577a1b7c,gx-no-cache=1463589322872 HTTP/1.1" 200 3874
191.112.0.217 - - [18/May/2016:13:35:01 -0300] "POST /cormun/servlet/trautorizarsolicitud?c739420eb729175511c18f52577a1b7c,gx-no-cache=1463589323994 HTTP/1.1" 200 3730
186.78.32.75 - - [18/May/2016:13:35:05 -0300] "POST /cormun/servlet/hlogin?a27931d0f42dc6e50268240908c4ccca,gx-no-cache=1463585721997 HTTP/1.1" 200 444
191.112.0.217 - - [18/May/2016:13:35:10 -0300] "POST /cormun/servlet/trautorizarsolicitud?c739420eb729175511c18f52577a1b7c,gx-no-cache=1463589331859 HTTP/1.1" 200 8502
186.78.32.75 - - [18/May/2016:13:35:30 -0300] "POST /cormun/servlet/hlogin?a27931d0f42dc6e50268240908c4ccca,gx-no-cache=1463585746850 HTTP/1.1" 200 446
186.78.32.75 - - [18/May/2016:13:35:38 -0300] "POST /cormun/servlet/hlogin?a27931d0f42dc6e50268240908c4ccca,gx-no-cache=1463585754842 HTTP/1.1" 200 90
186.78.32.75 - - [18/May/2016:13:35:38 -0300] "GET /cormun/servlet/hpexe_link HTTP/1.1" 200 948
186.78.32.75 - - [18/May/2016:13:35:39 -0300] "GET /cormun/servlet/hhome HTTP/1.1" 200 3583
186.78.32.75 - - [18/May/2016:13:35:40 -0300] "GET /cormun/servlet/hhome HTTP/1.1" 200 3579
186.78.32.75 - - [18/May/2016:13:35:48 -0300] "GET /cormun/servlet/trcontratouno? HTTP/1.1" 200 13289
186.78.32.75 - - [18/May/2016:13:35:49 -0300] "GET /cormun/static/gxcfg.js?20163221610935 HTTP/1.1" 200 953
186.78.32.75 - - [18/May/2016:13:35:50 -0300] "GET /cormun/static/Resources/PXToolsAddSelectedAction.png HTTP/1.1" 200 3660
186.78.32.75 - - [18/May/2016:13:35:50 -0300] "GET /cormun/static/Resources/Spanish/PXTools.css?19284387 HTTP/1.1" 200 89042
186.78.32.75 - - [18/May/2016:13:35:50 -0300] "GET /cormun/static/Resources/PXToolsAddAllAction.png HTTP/1.1" 200 3624
186.78.32.75 - - [18/May/2016:13:35:51 -0300] "GET /cormun/static/Resources/PXToolsRemoveSelectedAction.png HTTP/1.1" 200 3617
186.78.32.75 - - [18/May/2016:13:35:51 -0300] "GET /cormun/static/Resources/PXToolsRemoveAllAction.png HTTP/1.1" 200 3558
186.78.32.75 - - [18/May/2016:13:35:51 -0300] "GET /cormun/static/trcontratouno.js?20163221610166 HTTP/1.1" 200 39934
186.78.32.75 - - [18/May/2016:13:35:53 -0300] "GET /cormun/servlet/trcontratouno? HTTP/1.1" 200 13303
186.78.32.75 - - [18/May/2016:13:36:10 -0300] "POST /cormun/servlet/trcontratouno?a27931d0f42dc6e50268240908c4ccca,,gx-no-cache=1463585783787 HTTP/1.1" 200 12549
191.112.0.217 - - [18/May/2016:13:36:20 -0300] "POST /cormun/servlet/trautorizarsolicitud?c739420eb729175511c18f52577a1b7c,gx-no-cache=1463589401612 HTTP/1.1" 200 8518
191.112.0.217 - - [18/May/2016:13:36:53 -0300] "POST /cormun/servlet/trautorizarsolicitud?c739420eb729175511c18f52577a1b7c,gx-no-cache=1463589434148 HTTP/1.1" 200 8514
191.112.0.217 - - [18/May/2016:13:37:10 -0300] "GET /cormun/servlet/trautorizarsolicitud? HTTP/1.1" 200 10982
191.112.0.217 - - [18/May/2016:13:37:12 -0300] "GET /cormun/servlet/trautorizarsolicitud? HTTP/1.1" 200 10982
191.112.0.217 - - [18/May/2016:13:37:24 -0300] "POST /cormun/servlet/trautorizarsolicitud?c739420eb729175511c18f52577a1b7c,,gx-no-cache=1463589466517 HTTP/1.1" 200 8512
191.112.0.217 - - [18/May/2016:13:37:40 -0300] "POST /cormun/servlet/trautorizarsolicitud?c739420eb729175511c18f52577a1b7c,,gx-no-cache=1463589481218 HTTP/1.1" 200 8512
191.112.0.217 - - [18/May/2016:13:37:46 -0300] "GET /cormun/servlet/trautorizarsolicitud? HTTP/1.1" 200 10982
191.112.0.217 - - [18/May/2016:13:37:48 -0300] "GET /cormun/servlet/trautorizarsolicitud? HTTP/1.1" 200 10982
191.112.0.217 - - [18/May/2016:13:38:09 -0300] "POST /cormun/servlet/trautorizarsolicitud?c739420eb729175511c18f52577a1b7c,,gx-no-cache=1463589507134 HTTP/1.1" 200 8512
191.112.0.217 - - [18/May/2016:13:38:22 -0300] "GET /cormun/servlet/hlogin HTTP/1.1" 200 1721
186.78.32.75 - - [18/May/2016:13:38:25 -0300] "GET /cormun/servlet/trautorizarsolicitud? HTTP/1.1" 200 7727
186.78.32.75 - - [18/May/2016:13:38:27 -0300] "GET /cormun/static/gxui/gxui-all.css?110300 HTTP/1.1" 200 2179
186.78.32.75 - - [18/May/2016:13:38:27 -0300] "GET /cormun/static/gxcfg.js?201632119361219 HTTP/1.1" 200 953
186.78.32.75 - - [18/May/2016:13:38:27 -0300] "GET /cormun/static/trautorizarsolicitud.js?20163211936186 HTTP/1.1" 304 -
191.112.101.32 - - [18/May/2016:13:38:29 -0300] "GET /cormun/servlet/trsolicitudot? HTTP/1.1" 200 6004
191.112.101.32 - - [18/May/2016:13:38:29 -0300] "GET /cormun/static/gxcfg.js?201631022392470 HTTP/1.1" 304 -
191.112.101.32 - - [18/May/2016:13:38:30 -0300] "GET /cormun/servlet/hlogin HTTP/1.1" 200 1731
191.112.101.32 - - [18/May/2016:13:38:30 -0300] "GET /cormun/servlet/trsolicitudot? HTTP/1.1" 200 5998
191.112.101.32 - - [18/May/2016:13:38:32 -0300] "POST /cormun/servlet/hlogin?61cd3d02661e82347f9906d4d2d14fb3,gx-no-cache=1463589533252 HTTP/1.1" 200 90
191.112.101.32 - - [18/May/2016:13:38:32 -0300] "GET /cormun/servlet/hpexe_link HTTP/1.1" 200 953
186.78.32.75 - - [18/May/2016:13:38:32 -0300] "GET /cormun/static/Shared/ext/resources/css/ext-all.css?205870 HTTP/1.1" 200 416045
191.112.101.32 - - [18/May/2016:13:38:33 -0300] "GET /cormun/servlet/trsolicitudot HTTP/1.1" 200 6368
191.112.101.32 - - [18/May/2016:13:38:33 -0300] "GET /cormun/servlet/trsolicitudot HTTP/1.1" 200 6366
191.112.0.217 - - [18/May/2016:13:38:33 -0300] "POST /cormun/servlet/hlogin?c739420eb729175511c18f52577a1b7c,gx-no-cache=1463589536373 HTTP/1.1" 200 90
191.112.0.217 - - [18/May/2016:13:38:34 -0300] "GET /cormun/servlet/hpexe_link HTTP/1.1" 200 964
186.78.32.75 - - [18/May/2016:13:38:34 -0300] "GET /cormun/servlet/trautorizarsolicitud? HTTP/1.1" 200 7727
191.112.0.217 - - [18/May/2016:13:38:35 -0300] "GET /cormun/servlet/trautorizarsolicitud? HTTP/1.1" 200 10983
191.112.101.32 - - [18/May/2016:13:38:38 -0300] "GET /cormun/static/menuarrow.gif HTTP/1.1" 404 1015
191.112.0.217 - - [18/May/2016:13:38:38 -0300] "GET /cormun/servlet/trautorizarsolicitud? HTTP/1.1" 200 10982
191.112.0.217 - - [18/May/2016:13:38:57 -0300] "POST /cormun/servlet/trautorizarsolicitud?c739420eb729175511c18f52577a1b7c,,gx-no-cache=1463589558876 HTTP/1.1" 200 8513
191.112.0.217 - - [18/May/2016:13:38:58 -0300] "GET /cormun/static/Shared/jqueryui/images/ui-bg_highlight-soft_100_c6c2c8_1x100.png HTTP/1.1" 404 1117
191.112.0.217 - - [18/May/2016:13:38:59 -0300] "GET /cormun/static/Shared/jqueryui/images/ui-bg_flat_55_fafafa_40x100.png HTTP/1.1" 404 1097
191.112.0.217 - - [18/May/2016:13:38:59 -0300] "GET /cormun/static/Shared/jqueryui/images/ui-icons_8d78a5_256x240.png HTTP/1.1" 404 1089
191.112.0.217 - - [18/May/2016:13:38:59 -0300] "GET /cormun/static/Shared/jqueryui/images/ui-icons_82798d_256x240.png HTTP/1.1" 404 1089
191.112.101.32 - - [18/May/2016:13:40:18 -0300] "GET /cormun/servlet/solicitudot?INS,0,0, HTTP/1.1" 200 11750
191.112.101.32 - - [18/May/2016:13:40:18 -0300] "GET /cormun/static/gxcfg.js?201631710541238 HTTP/1.1" 304 -
191.112.101.32 - - [18/May/2016:13:40:19 -0300] "GET /cormun/servlet/solicitudot?INS,0,0, HTTP/1.1" 200 11755
191.112.101.32 - - [18/May/2016:13:40:26 -0300] "GET /cormun/servlet/prfichaempleado?,MD,,gxPopupLevel%3D0%3B HTTP/1.1" 200 7937
191.112.101.32 - - [18/May/2016:13:40:26 -0300] "GET /cormun/static/scaMessage/css/jquery-ui.css?104140 HTTP/1.1" 404 1045
191.112.101.32 - - [18/May/2016:13:40:26 -0300] "GET /cormun/static/gxcfg.js?201511151625694 HTTP/1.1" 304 -
191.112.101.32 - - [18/May/2016:13:40:39 -0300] "POST /cormun/servlet/prfichaempleado?61cd3d02661e82347f9906d4d2d14fb3,,MD,,gxPopupLevel%3D0%3B,gx-no-cache=1463589659378 HTTP/1.1" 200 2759
191.112.101.32 - - [18/May/2016:13:40:44 -0300] "POST /cormun/servlet/solicitudot?gx-no-cache=1463589664780 HTTP/1.1" 200 2798
191.112.101.32 - - [18/May/2016:13:40:45 -0300] "POST /cormun/servlet/solicitudot?61cd3d02661e82347f9906d4d2d14fb3,INS,0,0,,gx-no-cache=1463589665247 HTTP/1.1" 200 8586
191.112.101.32 - - [18/May/2016:13:40:47 -0300] "GET /cormun/servlet/solicitudot?1e596727991000c016f705efe93e4416094f082160eda8903c9b85cb2c8900c09885e1e6092fdb89fee74019916392dc,gx-no-cache=1463589667890 HTTP/1.1" 200 30
191.112.101.32 - - [18/May/2016:13:40:47 -0300] "POST /cormun/servlet/solicitudot?gx-no-cache=1463589668012 HTTP/1.1" 200 30
191.112.101.32 - - [18/May/2016:13:40:57 -0300] "POST /cormun/servlet/solicitudot?gx-no-cache=1463589677869 HTTP/1.1" 200 30
191.112.101.32 - - [18/May/2016:13:40:58 -0300] "GET /cormun/servlet/prcontratosol?12510225,,,,,MD,,gxPopupLevel%3D0%3B HTTP/1.1" 200 5729
191.112.101.32 - - [18/May/2016:13:40:58 -0300] "GET /cormun/static/gxcfg.js?2016141247819 HTTP/1.1" 304 -
191.112.101.32 - - [18/May/2016:13:41:02 -0300] "POST /cormun/servlet/solicitudot?gx-no-cache=1463589682754 HTTP/1.1" 200 1187
191.112.101.32 - - [18/May/2016:13:41:02 -0300] "GET /cormun/servlet/solicitudot?1e596727991000c016f705efe93e4416f92ca520499c6e3671c8340466951add3376a6fa6f2aa5262137ed3963e0af8233ee9946d00e7a10f7757dee3d830e30906bc206611bf18af7099b5f67d1e041ab42e80c769b9d14b863b9d700846c0a1196a3bad812428e1c1f63183af3d04373ba8be88ad9b6bb568feefa6229cbd83bad6d0bf066236b29ad7a9ac0b46076,gx-no-cache=1463589682971 HTTP/1.1" 200 38
191.112.101.32 - - [18/May/2016:13:41:02 -0300] "GET /cormun/servlet/solicitudot?1e596727991000c016f705efe93e4416773113b3397a2e1596b603da5cc307600b46ada3bbddd86fedce0f9c5e6b7c811dd4e37a39ecf833f61ba2a1211c722bcb45c42bf955aa47fecc8458583df09f02e2712fa9b429e9cbcb1399046f8f6897c8311b8e0b869ae42d0951f5243c2fe69504fe6938a67ad1bccae511a68f5f8d20bd742f11aa524f558a3eeba3a3429aa1d2ba16d7d3cd8fb368ee57ec74a1afbdccc8e8a35c054f0e9e16b9286b21da5de42fa24124ce808e947dfb5334e965d211df43f50e2254cab559c5444664,gx-no-cache=1463589683070 HTTP/1.1" 200 29
191.112.101.32 - - [18/May/2016:13:41:02 -0300] "POST /cormun/servlet/solicitudot?gx-no-cache=1463589683172 HTTP/1.1" 200 1143
191.112.101.32 - - [18/May/2016:13:41:20 -0300] "GET /cormun/servlet/solicitudot?1e596727991000c016f705efe93e441699134e4a4cc673ee07f99c1e7275ead088355245f3308134cd5224e2798af0cbce4d49bf8ffbee0251e0d89c398abd9afe3080fe4ad5c65cd3681ae2af7ae429f8d2be5be6b222a4b412d7f389d3f1fcf0a0b2cab1c1fbc0f9cec73db284cd0a069e25a8f33801bbbc318a200146e982ab6d4ac70f9a4f19dcd2ce024fcdea16dbda7fead1edbbb87fb91256e0778f132c1235afa4e2e6be2f8aea8abd755aec,gx-no-cache=1463589700837 HTTP/1.1" 200 30
191.112.101.32 - - [18/May/2016:13:41:22 -0300] "GET /cormun/static/menuarrow.gif HTTP/1.1" 404 1015
191.112.101.32 - - [18/May/2016:13:41:41 -0300] "GET /cormun/servlet/solicitudot?1e596727991000c016f705efe93e441699134e4a4cc673ee07f99c1e7275ead088355245f3308134cd5224e2798af0cb8327a51b750faa56af64bf3e137995b3fe3080fe4ad5c65cd3681ae2af7ae429f8d2be5be6b222a4b412d7f389d3f1fcf0a0b2cab1c1fbc0f9cec73db284cd0a069e25a8f33801bbbc318a200146e982ab6d4ac70f9a4f19dcd2ce024fcdea16dbda7fead1edbbb87fb91256e0778f13d23b083ed8810bef8242ee2fee3ae7b4,gx-no-cache=1463589722442 HTTP/1.1" 200 30
191.112.101.32 - - [18/May/2016:13:41:58 -0300] "POST /cormun/servlet/solicitudot?61cd3d02661e82347f9906d4d2d14fb3,INS,0,0,,gx-no-cache=1463589738231 HTTP/1.1" 200 9535
191.112.101.32 - - [18/May/2016:13:41:58 -0300] "GET /cormun/static/Shared/jqueryui/images/ui-bg_flat_55_994d53_40x100.png HTTP/1.1" 404 1097
191.112.101.32 - - [18/May/2016:13:41:58 -0300] "GET /cormun/static/Shared/jqueryui/images/ui-icons_ebccce_256x240.png HTTP/1.1" 404 1089
191.112.101.32 - - [18/May/2016:13:42:15 -0300] "GET /cormun/servlet/solicitudot?1e596727991000c016f705efe93e441699134e4a4cc673ee07f99c1e7275ead088355245f3308134cd5224e2798af0cb8327a51b750faa56af64bf3e137995b3fe3080fe4ad5c65cd3681ae2af7ae429f8d2be5be6b222a4b412d7f389d3f1fcf0a0b2cab1c1fbc0f9cec73db284cd0a069e25a8f33801bbbc318a200146e982ab6d4ac70f9a4f19dcd2ce024fcdea16dbda7fead1edbbb87fb91256e0778f132c1235afa4e2e6be2f8aea8abd755aec,gx-no-cache=1463589756712 HTTP/1.1" 200 30
191.112.101.32 - - [18/May/2016:13:42:16 -0300] "POST /cormun/servlet/solicitudot?61cd3d02661e82347f9906d4d2d14fb3,INS,0,0,,gx-no-cache=1463589756823 HTTP/1.1" 200 93
191.112.101.32 - - [18/May/2016:13:42:16 -0300] "GET /cormun/servlet/hpexe_return? HTTP/1.1" 200 1004
191.112.101.32 - - [18/May/2016:13:42:16 -0300] "GET /cormun/static/gxcfg.js?2015111312145050 HTTP/1.1" 304 -
191.112.101.32 - - [18/May/2016:13:42:17 -0300] "GET /cormun/servlet/trsolicitudot HTTP/1.1" 200 7734
191.112.101.32 - - [18/May/2016:13:42:18 -0300] "GET /cormun/servlet/trsolicitudot HTTP/1.1" 200 7730
191.112.101.32 - - [18/May/2016:13:42:21 -0300] "POST /cormun/servlet/trsolicitudot?61cd3d02661e82347f9906d4d2d14fb3,gx-no-cache=1463589761947 HTTP/1.1" 200 3641
191.112.101.32 - - [18/May/2016:13:42:22 -0300] "POST /cormun/servlet/trsolicitudot?61cd3d02661e82347f9906d4d2d14fb3,gx-no-cache=1463589762640 HTTP/1.1" 200 3481
191.112.101.32 - - [18/May/2016:13:42:29 -0300] "POST /cormun/servlet/trsolicitudot?61cd3d02661e82347f9906d4d2d14fb3,gx-no-cache=1463589769584 HTTP/1.1" 200 5009
191.112.101.32 - - [18/May/2016:13:42:32 -0300] "POST /cormun/servlet/trsolicitudot?61cd3d02661e82347f9906d4d2d14fb3,gx-no-cache=1463589772825 HTTP/1.1" 200 5044
191.112.101.32 - - [18/May/2016:13:42:33 -0300] "POST /cormun/servlet/trsolicitudot?61cd3d02661e82347f9906d4d2d14fb3,gx-no-cache=1463589773611 HTTP/1.1" 200 4984
191.112.101.32 - - [18/May/2016:13:42:40 -0300] "POST /cormun/servlet/trsolicitudot?61cd3d02661e82347f9906d4d2d14fb3,gx-no-cache=1463589780409 HTTP/1.1" 200 3502
191.112.101.32 - - [18/May/2016:13:42:47 -0300] "POST /cormun/servlet/trsolicitudot?61cd3d02661e82347f9906d4d2d14fb3,gx-no-cache=1463589787476 HTTP/1.1" 200 3502
191.112.101.32 - - [18/May/2016:13:42:54 -0300] "GET /cormun/static/menuarrow.gif HTTP/1.1" 404 1015
191.112.101.32 - - [18/May/2016:13:43:07 -0300] "POST /cormun/servlet/trsolicitudot?61cd3d02661e82347f9906d4d2d14fb3,gx-no-cache=1463589806897 HTTP/1.1" 200 7666
192.168.10.89 - - [18/May/2016:13:45:09 -0300] "GET /cormun/servlet/vesolicitudnombre?2016,1728,, HTTP/1.1" 200 8288
192.168.10.89 - - [18/May/2016:13:45:11 -0300] "GET /cormun/pexe_scrolldiv.js HTTP/1.1" 404 1009
192.168.10.89 - - [18/May/2016:13:45:12 -0300] "GET /cormun/servlet/trsolicitudnombre?10409145, HTTP/1.1" 200 7358
192.168.10.89 - - [18/May/2016:13:45:17 -0300] "GET /cormun/servlet/trconsultaempleado? HTTP/1.1" 200 6502
192.168.10.89 - - [18/May/2016:13:47:00 -0300] "POST /cormun/servlet/trconsultaempleado?e1b7878ab8322dd3943b9937f4dff898,,gx-no-cache=1463589741579 HTTP/1.1" 200 3637
192.168.10.89 - - [18/May/2016:13:47:09 -0300] "GET /cormun/servlet/trconsultaempleado? HTTP/1.1" 200 6108
192.168.10.89 - - [18/May/2016:13:47:13 -0300] "POST /cormun/servlet/trconsultaempleado?e1b7878ab8322dd3943b9937f4dff898,,gx-no-cache=1463589754461 HTTP/1.1" 200 3620
192.168.10.89 - - [18/May/2016:13:47:18 -0300] "POST /cormun/servlet/trconsultaempleado?e1b7878ab8322dd3943b9937f4dff898,,gx-no-cache=1463589759612 HTTP/1.1" 200 3880
192.168.10.89 - - [18/May/2016:13:47:20 -0300] "GET /cormun/servlet/trsolicitudnombre?15484604, HTTP/1.1" 200 7116
192.168.10.89 - - [18/May/2016:13:47:27 -0300] "GET /cormun/servlet/vesolicitudnombre?2016,1734,, HTTP/1.1" 200 8356
192.168.10.89 - - [18/May/2016:13:47:27 -0300] "GET /cormun/pexe_scrolldiv.js HTTP/1.1" 404 1009
192.168.10.89 - - [18/May/2016:13:47:31 -0300] "GET /cormun/servlet/vesolicitudnombre?2016,1734,,SolicitudOTAdjuntos HTTP/1.1" 200 7322
192.168.10.89 - - [18/May/2016:13:47:31 -0300] "GET /cormun/pexe_scrolldiv.js HTTP/1.1" 404 1009
192.168.10.89 - - [18/May/2016:13:47:33 -0300] "POST /cormun/servlet/acontrolpreferencessavestate?None,CDROGUETT,true HTTP/1.1" 200 35
186.103.159.189 - - [18/May/2016:13:49:49 -0300] "POST /cormun/servlet/trsolicitudot?b7fb88ccff6cf71e2438309cc989bbc3,gx-no-cache=1463586600323 HTTP/1.1" 440 972
186.103.159.189 - - [18/May/2016:13:49:51 -0300] "GET /cormun/servlet/trsolicitudot HTTP/1.1" 200 6004
186.103.159.189 - - [18/May/2016:13:49:54 -0300] "GET /cormun/servlet/trsolicitudot HTTP/1.1" 200 6004
186.103.159.189 - - [18/May/2016:13:49:55 -0300] "GET /cormun/servlet/hlogin HTTP/1.1" 200 1737
192.168.10.89 - - [18/May/2016:13:50:39 -0300] "GET /cormun/servlet/vesolicitudnombre?2016,1734,, HTTP/1.1" 200 8361
192.168.10.89 - - [18/May/2016:13:50:41 -0300] "GET /cormun/pexe_scrolldiv.js HTTP/1.1" 404 1009
192.168.10.89 - - [18/May/2016:13:50:43 -0300] "GET /cormun/servlet/trsolicitudnombre?15484604, HTTP/1.1" 200 7116
192.168.10.89 - - [18/May/2016:13:50:50 -0300] "GET /cormun/servlet/trconsultaempleado? HTTP/1.1" 200 6385
192.168.10.89 - - [18/May/2016:13:51:01 -0300] "POST /cormun/servlet/trconsultaempleado?e1b7878ab8322dd3943b9937f4dff898,,gx-no-cache=1463589982180 HTTP/1.1" 200 3952
192.168.10.89 - - [18/May/2016:13:51:21 -0300] "GET /cormun/servlet/trsolicitudnombre?14098212, HTTP/1.1" 200 7110
191.112.101.32 - - [18/May/2016:13:51:27 -0300] "POST /cormun/servlet/trsolicitudot?61cd3d02661e82347f9906d4d2d14fb3,gx-no-cache=1463590307015 HTTP/1.1" 200 5019
192.168.10.89 - - [18/May/2016:13:51:27 -0300] "GET /cormun/servlet/vesolicitudnombre?2016,1737,, HTTP/1.1" 200 8313
192.168.10.89 - - [18/May/2016:13:51:27 -0300] "GET /cormun/pexe_scrolldiv.js HTTP/1.1" 404 1009
191.112.101.32 - - [18/May/2016:13:51:30 -0300] "POST /cormun/servlet/trsolicitudot?61cd3d02661e82347f9906d4d2d14fb3,gx-no-cache=1463590310447 HTTP/1.1" 200 5056
191.112.101.32 - - [18/May/2016:13:51:30 -0300] "POST /cormun/servlet/trsolicitudot?61cd3d02661e82347f9906d4d2d14fb3,gx-no-cache=1463590311223 HTTP/1.1" 200 4997
192.168.10.89 - - [18/May/2016:13:51:32 -0300] "GET /cormun/servlet/vesolicitudnombre?2016,1737,,SolicitudOTAdjuntos HTTP/1.1" 200 9522
192.168.10.89 - - [18/May/2016:13:51:32 -0300] "GET /cormun/pexe_scrolldiv.js HTTP/1.1" 404 1009
192.168.10.89 - - [18/May/2016:13:51:34 -0300] "POST /cormun/servlet/acontrolpreferencessavestate?None,CDROGUETT,true HTTP/1.1" 200 35
192.168.10.89 - - [18/May/2016:13:51:37 -0300] "GET /cormun/PublicTempStorage/copiacedulaclaudia1401284.pdf HTTP/1.1" 200 330907
191.112.101.32 - - [18/May/2016:13:51:40 -0300] "POST /cormun/servlet/trsolicitudot?61cd3d02661e82347f9906d4d2d14fb3,gx-no-cache=1463590320676 HTTP/1.1" 200 7667
192.168.10.89 - - [18/May/2016:13:51:48 -0300] "GET /cormun/servlet/vesolicitudnombre?2016,1737,,SolicitudOTAdjuntos HTTP/1.1" 200 9521
192.168.10.89 - - [18/May/2016:13:51:49 -0300] "GET /cormun/pexe_scrolldiv.js HTTP/1.1" 404 1009
192.168.10.89 - - [18/May/2016:13:51:51 -0300] "POST /cormun/servlet/acontrolpreferencessavestate?None,CDROGUETT,true HTTP/1.1" 200 35
192.168.10.89 - - [18/May/2016:13:51:51 -0300] "GET /cormun/PublicTempStorage/afpclaudia7208576.pdf HTTP/1.1" 200 369111
191.112.101.32 - - [18/May/2016:13:51:54 -0300] "GET /cormun/servlet/solicitudot?INS,0,0, HTTP/1.1" 200 11751
191.112.101.32 - - [18/May/2016:13:51:55 -0300] "GET /cormun/servlet/solicitudot?INS,0,0, HTTP/1.1" 200 11756
191.112.101.32 - - [18/May/2016:13:51:58 -0300] "POST /cormun/servlet/solicitudot?61cd3d02661e82347f9906d4d2d14fb3,INS,0,0,,gx-no-cache=1463590338528 HTTP/1.1" 200 93
191.112.101.32 - - [18/May/2016:13:51:58 -0300] "GET /cormun/servlet/hpexe_return? HTTP/1.1" 200 1026
191.112.101.32 - - [18/May/2016:13:51:58 -0300] "GET /cormun/servlet/trsolicitudot?gx-no-cache=1463590320676 HTTP/1.1" 200 10399
191.112.101.32 - - [18/May/2016:13:51:59 -0300] "GET /cormun/servlet/trsolicitudot?gx-no-cache=1463590320676 HTTP/1.1" 200 10415
192.168.10.89 - - [18/May/2016:13:52:01 -0300] "GET /cormun/servlet/vesolicitudnombre?2016,1737,,SolicitudOTAdjuntos HTTP/1.1" 200 9518
192.168.10.89 - - [18/May/2016:13:52:01 -0300] "GET /cormun/pexe_scrolldiv.js HTTP/1.1" 404 1009
191.112.101.32 - - [18/May/2016:13:52:03 -0300] "POST /cormun/servlet/trsolicitudot?61cd3d02661e82347f9906d4d2d14fb3,gx-no-cache=1463590320676,gx-no-cache=1463590343487 HTTP/1.1" 200 7667
192.168.10.89 - - [18/May/2016:13:52:03 -0300] "POST /cormun/servlet/acontrolpreferencessavestate?None,CDROGUETT,true HTTP/1.1" 200 35
192.168.10.89 - - [18/May/2016:13:52:05 -0300] "GET /cormun/PublicTempStorage/fonasaclaudia5851709.pdf HTTP/1.1" 200 296038
191.112.101.32 - - [18/May/2016:13:52:07 -0300] "POST /cormun/servlet/trsolicitudot?61cd3d02661e82347f9906d4d2d14fb3,gx-no-cache=1463590320676,gx-no-cache=1463590347366 HTTP/1.1" 200 5020
191.112.101.32 - - [18/May/2016:13:52:10 -0300] "POST /cormun/servlet/trsolicitudot?61cd3d02661e82347f9906d4d2d14fb3,gx-no-cache=1463590320676,gx-no-cache=1463590351106 HTTP/1.1" 200 5056
191.112.101.32 - - [18/May/2016:13:52:11 -0300] "POST /cormun/servlet/trsolicitudot?61cd3d02661e82347f9906d4d2d14fb3,gx-no-cache=1463590320676,gx-no-cache=1463590351946 HTTP/1.1" 200 4997
192.168.10.89 - - [18/May/2016:13:52:18 -0300] "GET /cormun/servlet/vesolicitudnombre?2016,1737,,SolicitudOTAdjuntos HTTP/1.1" 200 9522
192.168.10.89 - - [18/May/2016:13:52:18 -0300] "GET /cormun/pexe_scrolldiv.js HTTP/1.1" 404 1009
192.168.10.89 - - [18/May/2016:13:52:20 -0300] "POST /cormun/servlet/acontrolpreferencessavestate?None,CDROGUETT,true HTTP/1.1" 200 35
192.168.10.89 - - [18/May/2016:13:52:25 -0300] "GET /cormun/PublicTempStorage/anteclaudia7767869.pdf HTTP/1.1" 200 630925
192.168.10.89 - - [18/May/2016:13:52:33 -0300] "GET /cormun/servlet/vesolicitudnombre?2016,1737,,SolicitudOTAdjuntos HTTP/1.1" 200 9522
192.168.10.89 - - [18/May/2016:13:52:33 -0300] "GET /cormun/pexe_scrolldiv.js HTTP/1.1" 404 1009
192.168.10.89 - - [18/May/2016:13:52:35 -0300] "POST /cormun/servlet/acontrolpreferencessavestate?None,CDROGUETT,true HTTP/1.1" 200 35
192.168.10.89 - - [18/May/2016:13:56:15 -0300] "GET /cormun/servlet/vesolicitudnombre?2016,1737,, HTTP/1.1" 200 8313
192.168.10.89 - - [18/May/2016:13:56:17 -0300] "GET /cormun/pexe_scrolldiv.js HTTP/1.1" 404 1009
192.168.10.89 - - [18/May/2016:13:56:21 -0300] "GET /cormun/servlet/trconsultaempleado? HTTP/1.1" 200 6455
192.168.10.89 - - [18/May/2016:14:00:26 -0300] "GET /cormun/servlet/vesolicitudnombre?2016,1737,, HTTP/1.1" 200 8320
192.168.10.89 - - [18/May/2016:14:00:28 -0300] "GET /cormun/pexe_scrolldiv.js HTTP/1.1" 404 1009
192.168.10.89 - - [18/May/2016:14:00:31 -0300] "GET /cormun/servlet/trsolicitudnombre?14098212, HTTP/1.1" 200 7114
192.168.10.89 - - [18/May/2016:14:00:33 -0300] "GET /cormun/servlet/hlogin HTTP/1.1" 200 1750
192.168.10.89 - - [18/May/2016:14:00:55 -0300] "POST /cormun/servlet/hlogin?e1b7878ab8322dd3943b9937f4dff898,gx-no-cache=1463590576295 HTTP/1.1" 200 90
192.168.10.89 - - [18/May/2016:14:00:55 -0300] "GET /cormun/servlet/hpexe_link HTTP/1.1" 200 955
192.168.10.89 - - [18/May/2016:14:00:59 -0300] "GET /cormun/servlet/hhome HTTP/1.1" 200 3643
192.168.10.89 - - [18/May/2016:14:01:03 -0300] "GET /cormun/servlet/trautorizarsolicitud? HTTP/1.1" 200 6498
192.168.10.89 - - [18/May/2016:14:01:07 -0300] "GET /cormun/static/menuarrow.gif HTTP/1.1" 404 1015
192.168.10.89 - - [18/May/2016:14:01:10 -0300] "POST /cormun/servlet/trautorizarsolicitud?e1b7878ab8322dd3943b9937f4dff898,,gx-no-cache=1463590591365 HTTP/1.1" 200 5201
192.168.10.89 - - [18/May/2016:14:01:48 -0300] "POST /cormun/servlet/trautorizarsolicitud?e1b7878ab8322dd3943b9937f4dff898,,gx-no-cache=1463590629092 HTTP/1.1" 200 3892
192.168.10.89 - - [18/May/2016:14:01:49 -0300] "POST /cormun/servlet/trautorizarsolicitud?e1b7878ab8322dd3943b9937f4dff898,,gx-no-cache=1463590629703 HTTP/1.1" 200 3743
192.168.10.89 - - [18/May/2016:14:01:49 -0300] "GET /cormun/static/Shared/jqueryui/images/ui-bg_flat_55_fafafa_40x100.png HTTP/1.1" 404 1097
192.168.10.89 - - [18/May/2016:14:01:49 -0300] "GET /cormun/static/Shared/jqueryui/images/ui-icons_82798d_256x240.png HTTP/1.1" 404 1089
192.168.10.89 - - [18/May/2016:14:01:49 -0300] "GET /cormun/static/Shared/jqueryui/images/ui-bg_highlight-soft_100_c6c2c8_1x100.png HTTP/1.1" 404 1117
192.168.10.89 - - [18/May/2016:14:01:49 -0300] "GET /cormun/static/Shared/jqueryui/images/ui-icons_8d78a5_256x240.png HTTP/1.1" 404 1089
192.168.10.89 - - [18/May/2016:14:03:00 -0300] "GET /cormun/servlet/hlogin HTTP/1.1" 200 1746
192.168.10.89 - - [18/May/2016:14:03:20 -0300] "POST /cormun/servlet/hlogin?e1b7878ab8322dd3943b9937f4dff898,gx-no-cache=1463590721450 HTTP/1.1" 200 90
192.168.10.89 - - [18/May/2016:14:03:20 -0300] "GET /cormun/servlet/hpexe_link HTTP/1.1" 200 955
192.168.10.89 - - [18/May/2016:14:03:24 -0300] "GET /cormun/servlet/hhome HTTP/1.1" 200 4102
186.78.37.229 - - [18/May/2016:14:04:39 -0300] "GET /cormun/servlet/hlogin HTTP/1.1" 200 1718
186.78.37.229 - - [18/May/2016:14:04:39 -0300] "GET /cormun/static/Resources/Spanish/PXTools.css?005343 HTTP/1.1" 304 -
186.78.37.229 - - [18/May/2016:14:04:39 -0300] "GET /cormun/static/gxtimezone.js?85251 HTTP/1.1" 304 -
186.78.37.229 - - [18/May/2016:14:04:39 -0300] "GET /cormun/static/gxcfg.js?20151120045111 HTTP/1.1" 304 -
186.78.37.229 - - [18/May/2016:14:04:39 -0300] "GET /cormun/static/Resources/ComunLogin.png HTTP/1.1" 304 -
186.78.37.229 - - [18/May/2016:14:04:39 -0300] "GET /cormun/static/messages.spa.js?85251 HTTP/1.1" 304 -
186.78.37.229 - - [18/May/2016:14:04:39 -0300] "GET /cormun/static/gxgral.js?85251 HTTP/1.1" 304 -
186.78.37.229 - - [18/May/2016:14:04:39 -0300] "GET /cormun/static/hlogin.js?20151120045126 HTTP/1.1" 304 -
186.78.37.229 - - [18/May/2016:14:04:39 -0300] "GET /cormun/static/Resources/indicator.gif HTTP/1.1" 304 -
186.78.37.229 - - [18/May/2016:14:04:55 -0300] "POST /cormun/servlet/hlogin?fc0c1c89a8eb5558ea2d2f5b84a66538,gx-no-cache=1463591112763 HTTP/1.1" 200 90
186.78.37.229 - - [18/May/2016:14:04:55 -0300] "GET /cormun/servlet/hpexe_link HTTP/1.1" 200 952
186.78.37.229 - - [18/May/2016:14:04:55 -0300] "GET /cormun/static/gxcfg.js?20151120044395 HTTP/1.1" 304 -
186.78.37.229 - - [18/May/2016:14:04:56 -0300] "GET /cormun/servlet/hhome HTTP/1.1" 200 3632
186.78.37.229 - - [18/May/2016:14:04:56 -0300] "GET /cormun/static/Shared/jqueryui/jquery-ui.min.css?1245370 HTTP/1.1" 304 -
186.78.37.229 - - [18/May/2016:14:04:56 -0300] "GET /cormun/static/gxcfg.js?2015112210564248 HTTP/1.1" 304 -
186.78.37.229 - - [18/May/2016:14:05:27 -0300] "GET /cormun/servlet/trsolicitudot? HTTP/1.1" 200 6547
186.78.37.229 - - [18/May/2016:14:05:27 -0300] "GET /cormun/static/gxcfg.js?201631022392470 HTTP/1.1" 304 -
186.78.37.229 - - [18/May/2016:14:05:37 -0300] "GET /cormun/servlet/solicitudot?INS,0,0, HTTP/1.1" 200 11765
186.78.37.229 - - [18/May/2016:14:05:37 -0300] "GET /cormun/static/gxcfg.js?201631710541238 HTTP/1.1" 304 -
186.78.37.229 - - [18/May/2016:14:05:48 -0300] "GET /cormun/servlet/trcontratouno? HTTP/1.1" 200 12972
186.78.37.229 - - [18/May/2016:14:05:48 -0300] "GET /cormun/static/gxcfg.js?20163221610935 HTTP/1.1" 304 -
186.78.37.229 - - [18/May/2016:14:05:49 -0300] "GET /cormun/static/trcontratouno.js?20163221610166 HTTP/1.1" 304 -
186.78.37.229 - - [18/May/2016:14:06:42 -0300] "POST /cormun/servlet/trcontratouno?fc0c1c89a8eb5558ea2d2f5b84a66538,,gx-no-cache=1463591218146 HTTP/1.1" 200 6104
186.78.37.229 - - [18/May/2016:14:07:16 -0300] "GET /cormun/servlet/trsolicitudot? HTTP/1.1" 200 6547
186.78.37.229 - - [18/May/2016:14:07:22 -0300] "GET /cormun/servlet/solicitudot?INS,0,0, HTTP/1.1" 200 11767
186.78.37.229 - - [18/May/2016:14:08:12 -0300] "POST /cormun/servlet/solicitudot?gx-no-cache=1463591308727 HTTP/1.1" 200 2773
186.78.37.229 - - [18/May/2016:14:08:13 -0300] "POST /cormun/servlet/solicitudot?fc0c1c89a8eb5558ea2d2f5b84a66538,INS,0,0,,gx-no-cache=1463591310143 HTTP/1.1" 200 8573
186.78.37.229 - - [18/May/2016:14:08:33 -0300] "GET /cormun/servlet/solicitudot?79921c61477267f2021a60437347ffc1d5015cf9dd45b079698509b5f440e01b5f1fc34fad16268088e78d32eb708552,gx-no-cache=1463591330639 HTTP/1.1" 200 30
186.78.37.229 - - [18/May/2016:14:08:33 -0300] "POST /cormun/servlet/solicitudot?gx-no-cache=1463591330733 HTTP/1.1" 200 30
186.78.37.229 - - [18/May/2016:14:08:33 -0300] "POST /cormun/servlet/solicitudot?gx-no-cache=1463591330840 HTTP/1.1" 200 33
186.78.37.229 - - [18/May/2016:14:08:33 -0300] "POST /cormun/servlet/solicitudot?gx-no-cache=1463591330998 HTTP/1.1" 200 1187
186.78.37.229 - - [18/May/2016:14:08:33 -0300] "GET /cormun/servlet/solicitudot?79921c61477267f2021a60437347ffc1696ccf01cf66221896003cff63ce7a2594997eed5bdf82640c4eceee098cfb336f46bf91f19974f5e7f2498d771603cf33ef56138fdca33d55f2a858d7e036fff6a31bb7bb083a0fce50a54084bcdf5940fd8e0878f55b526b8f5bb20939d18d98561764b4a4c0ebec62bf412635524a2aaabcb35df225d3b63c8aaebaea13bf,gx-no-cache=1463591331227 HTTP/1.1" 200 38
186.78.37.229 - - [18/May/2016:14:08:48 -0300] "GET /cormun/servlet/solicitudot?79921c61477267f2021a60437347ffc1a6c0ffb5d1e55dd97a35aa1c3b6b75a7fb4e615b6e7d495670f7331b8e884e8cc4bafe52d3670329ba412c87ed32118b090934ed459b4ae1e9d9b5221b00989175999aaf8a2d9c8aa687b096d3c9359d1e0e00271d8059d76a6ab5ca0bc2c8c0aec257ecc64e6f01950be86a555ec5de40a521fbb3b527e43cace349eaa7fa9e083a3f586348fb611bfe7a2466519ef9,gx-no-cache=1463591345417 HTTP/1.1" 200 29
186.78.37.229 - - [18/May/2016:14:08:48 -0300] "POST /cormun/servlet/solicitudot?gx-no-cache=1463591345500 HTTP/1.1" 200 1143
186.78.37.229 - - [18/May/2016:14:08:49 -0300] "GET /cormun/static/menuarrow.gif HTTP/1.1" 404 1015
191.112.41.234 - - [18/May/2016:14:13:11 -0300] "GET /cormun/servlet/hlogin HTTP/1.1" 200 1724
191.112.41.234 - - [18/May/2016:14:13:13 -0300] "POST /cormun/servlet/hlogin?6a1d076f6cbeb052b570c9b964440f79,gx-no-cache=1463591611775 HTTP/1.1" 200 90
191.112.41.234 - - [18/May/2016:14:13:13 -0300] "GET /cormun/servlet/hpexe_link HTTP/1.1" 200 951
191.112.41.234 - - [18/May/2016:14:13:14 -0300] "GET /cormun/servlet/hhome HTTP/1.1" 200 3648
191.112.41.234 - - [18/May/2016:14:13:15 -0300] "GET /cormun/servlet/hhome HTTP/1.1" 200 3647
191.112.41.234 - - [18/May/2016:14:13:21 -0300] "GET /cormun/servlet/trcontratouno? HTTP/1.1" 200 12918
191.112.41.234 - - [18/May/2016:14:13:23 -0300] "GET /cormun/servlet/trcontratouno? HTTP/1.1" 200 12918
191.112.41.234 - - [18/May/2016:14:13:29 -0300] "POST /cormun/servlet/trcontratouno?6a1d076f6cbeb052b570c9b964440f79,,gx-no-cache=1463591625090 HTTP/1.1" 200 6680
186.78.32.75 - - [18/May/2016:14:14:42 -0300] "POST /cormun/servlet/trautorizarsolicitud?a27931d0f42dc6e50268240908c4ccca,,gx-no-cache=1463588096876 HTTP/1.1" 440 972
186.78.32.75 - - [18/May/2016:14:14:49 -0300] "GET /cormun/servlet/trautorizarsolicitud? HTTP/1.1" 200 5933
186.78.32.75 - - [18/May/2016:14:14:50 -0300] "GET /cormun/servlet/hlogin HTTP/1.1" 200 1734
186.78.32.75 - - [18/May/2016:14:14:50 -0300] "GET /cormun/servlet/trautorizarsolicitud? HTTP/1.1" 200 5933
186.78.32.75 - - [18/May/2016:14:15:07 -0300] "POST /cormun/servlet/hlogin?5b3fc1f1d4f9f08aeed873a5fef2b7d2,gx-no-cache=1463588124576 HTTP/1.1" 200 450
186.78.32.75 - - [18/May/2016:14:15:26 -0300] "POST /cormun/servlet/hlogin?5b3fc1f1d4f9f08aeed873a5fef2b7d2,gx-no-cache=1463588143634 HTTP/1.1" 200 450
186.78.32.75 - - [18/May/2016:14:15:32 -0300] "POST /cormun/servlet/hlogin?5b3fc1f1d4f9f08aeed873a5fef2b7d2,gx-no-cache=1463588148737 HTTP/1.1" 200 90
186.78.32.75 - - [18/May/2016:14:15:32 -0300] "GET /cormun/servlet/hpexe_link HTTP/1.1" 200 957
186.78.32.75 - - [18/May/2016:14:15:33 -0300] "GET /cormun/servlet/trautorizarsolicitud HTTP/1.1" 200 7605
186.78.32.75 - - [18/May/2016:14:15:33 -0300] "GET /cormun/servlet/trautorizarsolicitud HTTP/1.1" 200 7604
186.78.32.75 - - [18/May/2016:14:15:39 -0300] "POST /cormun/servlet/trautorizarsolicitud?5b3fc1f1d4f9f08aeed873a5fef2b7d2,gx-no-cache=1463588156177 HTTP/1.1" 200 3596
186.78.32.75 - - [18/May/2016:14:15:40 -0300] "GET /cormun/static/Shared/jqueryui/images/ui-bg_highlight-soft_100_c6c2c8_1x100.png HTTP/1.1" 404 1117
186.78.32.75 - - [18/May/2016:14:15:40 -0300] "GET /cormun/static/Shared/jqueryui/images/ui-icons_82798d_256x240.png HTTP/1.1" 404 1089
186.78.32.75 - - [18/May/2016:14:15:40 -0300] "GET /cormun/static/Shared/jqueryui/images/ui-bg_flat_55_fafafa_40x100.png HTTP/1.1" 404 1097
186.78.32.75 - - [18/May/2016:14:15:40 -0300] "GET /cormun/static/Shared/jqueryui/images/ui-icons_8d78a5_256x240.png HTTP/1.1" 404 1089
186.78.32.75 - - [18/May/2016:14:15:42 -0300] "POST /cormun/servlet/trautorizarsolicitud?5b3fc1f1d4f9f08aeed873a5fef2b7d2,gx-no-cache=1463588157123 HTTP/1.1" 200 3446
186.78.32.75 - - [18/May/2016:14:15:54 -0300] "GET /cormun/servlet/hlogin HTTP/1.1" 200 1733
186.78.37.229 - - [18/May/2016:14:18:38 -0300] "GET /cormun/servlet/trsolicitudot? HTTP/1.1" 200 6547
186.78.37.229 - - [18/May/2016:14:18:42 -0300] "GET /cormun/servlet/solicitudot?INS,0,0, HTTP/1.1" 200 11767
186.78.37.229 - - [18/May/2016:14:18:53 -0300] "POST /cormun/servlet/solicitudot?gx-no-cache=1463591950095 HTTP/1.1" 200 2773
186.78.37.229 - - [18/May/2016:14:18:53 -0300] "POST /cormun/servlet/solicitudot?fc0c1c89a8eb5558ea2d2f5b84a66538,INS,0,0,,gx-no-cache=1463591950593 HTTP/1.1" 200 8568
186.78.37.229 - - [18/May/2016:14:18:56 -0300] "GET /cormun/servlet/solicitudot?79921c61477267f2021a60437347ffc1cf216d0867a5f5f4dc23e3109df91b515f1fc34fad16268088e78d32eb708552,gx-no-cache=1463591954341 HTTP/1.1" 200 30
186.78.37.229 - - [18/May/2016:14:18:57 -0300] "POST /cormun/servlet/solicitudot?gx-no-cache=1463591954419 HTTP/1.1" 200 30
186.78.37.229 - - [18/May/2016:14:18:59 -0300] "POST /cormun/servlet/solicitudot?gx-no-cache=1463591956851 HTTP/1.1" 200 30
186.78.37.229 - - [18/May/2016:14:19:03 -0300] "POST /cormun/servlet/solicitudot?gx-no-cache=1463591961262 HTTP/1.1" 200 1187
186.78.37.229 - - [18/May/2016:14:19:04 -0300] "GET /cormun/servlet/solicitudot?79921c61477267f2021a60437347ffc1696ccf01cf66221896003cff63ce7a2594997eed5bdf82640c4eceee098cfb336f46bf91f19974f5e7f2498d771603cf33ef56138fdca33d55f2a858d7e036fff6a31bb7bb083a0fce50a54084bcdf5940fd8e0878f55b526b8f5bb20939d18d98561764b4a4c0ebec62bf412635524a2aaabcb35df225d3b63c8aaebaea13bf,gx-no-cache=1463591961496 HTTP/1.1" 200 38
186.78.37.229 - - [18/May/2016:14:19:13 -0300] "GET /cormun/servlet/solicitudot?79921c61477267f2021a60437347ffc1a6c0ffb5d1e55dd97a35aa1c3b6b75a7fb4e615b6e7d495670f7331b8e884e8cc4bafe52d3670329ba412c87ed32118b090934ed459b4ae1e9d9b5221b00989175999aaf8a2d9c8aa687b096d3c9359d1e0e00271d8059d76a6ab5ca0bc2c8c0aec257ecc64e6f01950be86a555ec5de40a521fbb3b527e43cace349eaa7fa9e083a3f586348fb611bfe7a2466519ef9,gx-no-cache=1463591970484 HTTP/1.1" 200 29
186.78.37.229 - - [18/May/2016:14:19:13 -0300] "POST /cormun/servlet/solicitudot?gx-no-cache=1463591970600 HTTP/1.1" 200 1143
186.78.37.229 - - [18/May/2016:14:19:13 -0300] "GET /cormun/static/menuarrow.gif HTTP/1.1" 404 1015
191.112.41.234 - - [18/May/2016:14:21:01 -0300] "POST /cormun/servlet/trcontratouno?e3f7529b1817e24722c1c61a370bdc63,,gx-no-cache=1463592082276 HTTP/1.1" 440 972
191.112.41.234 - - [18/May/2016:14:21:11 -0300] "GET /cormun/servlet/trcontratouno? HTTP/1.1" 200 12414
