201.239.193.195 - - [17/May/2016:18:38:25 -0300] "POST /cormun/servlet/hlogin?5dc1fd92c1e3ff33687da622db778c38,gx-no-cache=1463521127426 HTTP/1.1" 200 441
201.239.193.195 - - [17/May/2016:18:38:48 -0300] "POST /cormun/servlet/hlogin?5dc1fd92c1e3ff33687da622db778c38,gx-no-cache=1463521151188 HTTP/1.1" 200 450
201.239.193.195 - - [17/May/2016:18:38:59 -0300] "POST /cormun/servlet/hlogin?5dc1fd92c1e3ff33687da622db778c38,gx-no-cache=1463521162479 HTTP/1.1" 200 450
191.112.62.10 - - [17/May/2016:18:39:05 -0300] "GET /cormun/servlet/solicitudot?89736455f3bd6e29cad7083a48f312c9fb7d49526be99938fc376eec6b570af8ede94c64fd592f4a0edba9e6a15e4832f40a227faee7733f3143983032975013c71211255fcac02de80477e18808e76e088a0538c64254f50533bf18235668944ab0d51c5eea6236f5cbce1c29ea1dbfbf13eb37158326b718e76156bb0d8aaf724bf149dc27bdac95c3c762f11e0bad5804c59f25b48fe5c5d2e7d5d9209dbd5babb4ef3aa84c02a4fb5f6b8c6c28c8,gx-no-cache=1463517558141 HTTP/1.1" 200 30
201.239.193.195 - - [17/May/2016:18:39:37 -0300] "POST /cormun/servlet/hlogin?5dc1fd92c1e3ff33687da622db778c38,gx-no-cache=1463521201818 HTTP/1.1" 200 450
201.239.193.195 - - [17/May/2016:18:39:49 -0300] "POST /cormun/servlet/hlogin?5dc1fd92c1e3ff33687da622db778c38,gx-no-cache=1463521214668 HTTP/1.1" 200 450
191.112.62.10 - - [17/May/2016:18:40:06 -0300] "GET /cormun/servlet/solicitudot?89736455f3bd6e29cad7083a48f312c9fb7d49526be99938fc376eec6b570af8ede94c64fd592f4a0edba9e6a15e4832f40a227faee7733f3143983032975013c71211255fcac02de80477e18808e76e088a0538c64254f50533bf18235668944ab0d51c5eea6236f5cbce1c29ea1dbfbf13eb37158326b718e76156bb0d8aaf724bf149dc27bdac95c3c762f11e0bad5804c59f25b48fe5c5d2e7d5d9209dbd5babb4ef3aa84c02a4fb5f6b8c6c28c8,gx-no-cache=1463517619746 HTTP/1.1" 200 30
191.112.62.10 - - [17/May/2016:18:40:07 -0300] "POST /cormun/servlet/solicitudot?3b67b5ece97eac7408ace8f9feb5f35b,INS,0,0,,gx-no-cache=1463517619910 HTTP/1.1" 200 9519
191.112.62.10 - - [17/May/2016:18:40:07 -0300] "GET /cormun/static/Shared/jqueryui/images/ui-bg_highlight-soft_100_c6c2c8_1x100.png HTTP/1.1" 404 1117
191.112.62.10 - - [17/May/2016:18:40:07 -0300] "GET /cormun/static/Shared/jqueryui/images/ui-icons_ebccce_256x240.png HTTP/1.1" 404 1089
191.112.62.10 - - [17/May/2016:18:40:08 -0300] "GET /cormun/static/Shared/jqueryui/images/ui-icons_82798d_256x240.png HTTP/1.1" 404 1089
191.112.62.10 - - [17/May/2016:18:40:08 -0300] "GET /cormun/static/Shared/jqueryui/images/ui-bg_flat_55_994d53_40x100.png HTTP/1.1" 404 1097
191.112.62.10 - - [17/May/2016:18:40:21 -0300] "GET /cormun/servlet/solicitudot?89736455f3bd6e29cad7083a48f312c91dd7a2aecffdca483515932f603a5f9af3d8bff111a6da5e1fadfb6f529a58faae4d3eb6dd1e65ccdfa425f86529ced0e9373a2705a22c2f90d1f675e5b5654eea435350017e1768083bbc04e4eebcd62a211da630798202784ef97264d9438f744d58d9b80443d779efe256822a8ce2ab187b5b3a2cd1df05f04a0586282c6cd7a2a90c59c9fb65c454e60aa6643e60,gx-no-cache=1463517634227 HTTP/1.1" 200 41
191.112.62.10 - - [17/May/2016:18:40:21 -0300] "GET /cormun/servlet/solicitudot?89736455f3bd6e29cad7083a48f312c9fb7d49526be99938fc376eec6b570af826b6ca69e3cc84bd767a870f434ec3cc147f34e5bef92e5cdee5a7d676b5dccae2bf92ceecee808d2846c7b5b89b317307c0065a0cb0a5484ffc43633eafdc4bce276fc829bc79336ccc016c8b29edcc21748f936bb3a5405500930f80d31af03809cae894f0c1c546bcd529d91dc0448ea31f992eee9812a8a8c39eb71b22a29ecbf2d79e903d7d8a690c1642855204,gx-no-cache=1463517634343 HTTP/1.1" 200 30
191.112.62.10 - - [17/May/2016:18:40:22 -0300] "POST /cormun/servlet/solicitudot?3b67b5ece97eac7408ace8f9feb5f35b,INS,0,0,,gx-no-cache=1463517634458 HTTP/1.1" 200 9544
201.239.193.195 - - [17/May/2016:18:40:36 -0300] "POST /cormun/servlet/hlogin?5dc1fd92c1e3ff33687da622db778c38,gx-no-cache=1463521263292 HTTP/1.1" 200 90
201.239.193.195 - - [17/May/2016:18:40:37 -0300] "GET /cormun/servlet/hpexe_link HTTP/1.1" 200 941
201.239.193.195 - - [17/May/2016:18:40:37 -0300] "GET /cormun/static/gxcfg.js?20151120044395 HTTP/1.1" 200 953
201.239.193.195 - - [17/May/2016:18:40:37 -0300] "GET /cormun/static/hpexe_link.js?20151120044398 HTTP/1.1" 200 625
201.239.193.195 - - [17/May/2016:18:40:37 -0300] "GET /cormun/servlet/hhome HTTP/1.1" 200 3630
201.239.193.195 - - [17/May/2016:18:40:37 -0300] "GET /cormun/static/SmoothNavMenu/resources/ddsmoothmenu.css?1012540 HTTP/1.1" 200 2223
201.239.193.195 - - [17/May/2016:18:40:37 -0300] "GET /cormun/static/Shared/jqueryui/jquery-ui.min.css?1245370 HTTP/1.1" 200 30288
201.239.193.195 - - [17/May/2016:18:40:37 -0300] "GET /cormun/static/SmoothNavMenu/resources/ddsmoothmenu-v.css?1012540 HTTP/1.1" 200 1188
201.239.193.195 - - [17/May/2016:18:40:37 -0300] "GET /cormun/static/scaMessage/css/jquery.pnotify.default.css?1716380 HTTP/1.1" 200 1707
201.239.193.195 - - [17/May/2016:18:40:37 -0300] "GET /cormun/static/gxcfg.js?2015112210564248 HTTP/1.1" 200 953
201.239.193.195 - - [17/May/2016:18:40:37 -0300] "GET /cormun/static/Resources/Spanish/PXTools.css?10515224 HTTP/1.1" 200 89042
201.239.193.195 - - [17/May/2016:18:40:37 -0300] "GET /cormun/static/PXToolsJavascripts/pexe_autoreload.js HTTP/1.1" 200 1762
201.239.193.195 - - [17/May/2016:18:40:37 -0300] "GET /cormun/static/PXToolsJavascripts/pexe_windows.js HTTP/1.1" 200 15207
201.239.193.195 - - [17/May/2016:18:40:37 -0300] "GET /cormun/static/PXToolsJavascripts/pexe_grid.js HTTP/1.1" 200 7559
201.239.193.195 - - [17/May/2016:18:40:37 -0300] "GET /cormun/static/PXToolsJavascripts/pexe_cookies.js HTTP/1.1" 200 792
201.239.193.195 - - [17/May/2016:18:40:37 -0300] "GET /cormun/static/PXToolsJavascripts/pexe_link.js HTTP/1.1" 200 5671
201.239.193.195 - - [17/May/2016:18:40:37 -0300] "GET /cormun/static/PXToolsJavascripts/pexe_griddivfix.js HTTP/1.1" 200 6644
201.239.193.195 - - [17/May/2016:18:40:37 -0300] "GET /cormun/static/PXToolsJavascripts/pexe_menudivfix.js HTTP/1.1" 200 333
201.239.193.195 - - [17/May/2016:18:40:37 -0300] "GET /cormun/static/PXToolsJavascripts/pexe_menus.js HTTP/1.1" 200 1286
201.239.193.195 - - [17/May/2016:18:40:37 -0300] "GET /cormun/static/PXToolsJavascripts/pexe_oav.js HTTP/1.1" 200 645
201.239.193.195 - - [17/May/2016:18:40:37 -0300] "GET /cormun/static/PXToolsJavascripts/pexe_layers.js HTTP/1.1" 200 4114
201.239.193.195 - - [17/May/2016:18:40:37 -0300] "GET /cormun/static/PXToolsJavascripts/pexe_oavdivfix.js HTTP/1.1" 200 639
201.239.193.195 - - [17/May/2016:18:40:37 -0300] "GET /cormun/static/PXToolsJavascripts/pexe_popup.js HTTP/1.1" 200 13458
201.239.193.195 - - [17/May/2016:18:40:38 -0300] "GET /cormun/static/PXToolsJavascripts/pexe_scrolldiv.js HTTP/1.1" 200 4138
201.239.193.195 - - [17/May/2016:18:40:38 -0300] "GET /cormun/static/PXToolsJavascripts/pexe_picture.js HTTP/1.1" 200 689
201.239.193.195 - - [17/May/2016:18:40:38 -0300] "GET /cormun/static/PXToolsJavascripts/pexe_tabdivfix.js HTTP/1.1" 200 876
201.239.193.195 - - [17/May/2016:18:40:38 -0300] "GET /cormun/static/PXToolsJavascripts/pexe_tabs.js HTTP/1.1" 200 3748
201.239.193.195 - - [17/May/2016:18:40:38 -0300] "GET /cormun/static/PXToolsJavascripts/pexe_upload.js HTTP/1.1" 200 1423
201.239.193.195 - - [17/May/2016:18:40:38 -0300] "GET /cormun/static/PXToolsJavascripts/PXToolsJavascriptsRender.js HTTP/1.1" 200 367
201.239.193.195 - - [17/May/2016:18:40:38 -0300] "GET /cormun/static/RunJS/RunJS.js HTTP/1.1" 200 288
201.239.193.195 - - [17/May/2016:18:40:38 -0300] "GET /cormun/static/Shared/ext/locale/ext-lang-en.js HTTP/1.1" 200 10940
201.239.193.195 - - [17/May/2016:18:40:38 -0300] "GET /cormun/static/hwchdr01.js?20162241650484 HTTP/1.1" 200 1183
201.239.193.195 - - [17/May/2016:18:40:38 -0300] "GET /cormun/static/hhome.js?2015112210564255 HTTP/1.1" 200 777
201.239.193.195 - - [17/May/2016:18:40:38 -0300] "GET /cormun/static/hpexe_recentlink.js?2015111312121342 HTTP/1.1" 200 2144
201.239.193.195 - - [17/May/2016:18:40:38 -0300] "GET /cormun/static/gxui/gxui-all.js HTTP/1.1" 200 107772
201.239.193.195 - - [17/May/2016:18:40:38 -0300] "GET /cormun/static/Resources/PXToolsHeaderActionsBackground.png HTTP/1.1" 200 484
201.239.193.195 - - [17/May/2016:18:40:38 -0300] "GET /cormun/static/Resources/PXToolsFooterBackground2.png HTTP/1.1" 200 1172
201.239.193.195 - - [17/May/2016:18:40:38 -0300] "GET /cormun/static/Resources/PXToolsHeaderSecurity.png HTTP/1.1" 200 4166
201.239.193.195 - - [17/May/2016:18:40:38 -0300] "GET /cormun/static/Resources/PXToolsHeaderHome.png HTTP/1.1" 200 4147
201.239.193.195 - - [17/May/2016:18:40:38 -0300] "GET /cormun/static/Resources/PXToolsHeaderLogin.png HTTP/1.1" 200 4279
201.239.193.195 - - [17/May/2016:18:40:38 -0300] "GET /cormun/static/Resources/PXToolsHeaderPreferences.png HTTP/1.1" 200 4189
201.239.193.195 - - [17/May/2016:18:40:38 -0300] "GET /cormun/static/Resources/PXToolsHeaderActionsLeft.png HTTP/1.1" 200 1118
201.239.193.195 - - [17/May/2016:18:40:38 -0300] "GET /cormun/static/Resources/logo4.png HTTP/1.1" 200 6582
201.239.193.195 - - [17/May/2016:18:40:38 -0300] "GET /cormun/static/Resources/PXToolsHeaderBackground2.png HTTP/1.1" 200 1174
201.239.193.195 - - [17/May/2016:18:40:38 -0300] "GET /cormun/static/Resources/PXToolsHeaderActionsRight.png HTTP/1.1" 200 1201
201.239.193.195 - - [17/May/2016:18:40:38 -0300] "GET /cormun/static/Resources/PXToolsDataTitle.png HTTP/1.1" 200 1173
201.239.193.195 - - [17/May/2016:18:40:38 -0300] "GET /cormun/static/hpexe_scripts.js?20151120014546 HTTP/1.1" 200 1544
201.239.193.195 - - [17/May/2016:18:40:38 -0300] "GET /cormun/static/hpexe_messagecontroller.js?2015112210524422 HTTP/1.1" 200 870
201.239.193.195 - - [17/May/2016:18:40:38 -0300] "GET /cormun/static/hpexe_messagepopupcomponent.js?201632119295953 HTTP/1.1" 200 605
201.239.193.195 - - [17/May/2016:18:40:38 -0300] "GET /cormun/static/hpexe_messagegenexuscomponent.js?20151120014314 HTTP/1.1" 200 587
201.239.193.195 - - [17/May/2016:18:40:38 -0300] "GET /cormun/static/cmcontrolpreferences.js?20151120014525 HTTP/1.1" 200 1375
201.239.193.195 - - [17/May/2016:18:40:38 -0300] "GET /cormun/static/SmoothNavMenu/resources/ddsmoothmenu.js HTTP/1.1" 200 12712
201.239.193.195 - - [17/May/2016:18:40:38 -0300] "GET /cormun/static/SmoothNavMenu/resources/SmoothNavMenuRender.js HTTP/1.1" 200 5951
201.239.193.195 - - [17/May/2016:18:40:38 -0300] "GET /cormun/static/Shared/jquery/jquery-1.4.2.min.js HTTP/1.1" 200 72174
201.239.193.195 - - [17/May/2016:18:40:38 -0300] "GET /cormun/static/scaMessage/scaMessageRender.js HTTP/1.1" 200 11977
201.239.193.195 - - [17/May/2016:18:40:38 -0300] "GET /cormun/static/scaMessage/js/jquery.pnotify.min.js HTTP/1.1" 200 13038
201.239.193.195 - - [17/May/2016:18:40:38 -0300] "GET /cormun/static/Shared/ext/ext-all.js HTTP/1.1" 200 1289687
201.239.193.195 - - [17/May/2016:18:40:38 -0300] "GET /cormun/static/hmpwkw03.js?201631622503633 HTTP/1.1" 200 3898
201.239.193.195 - - [17/May/2016:18:40:39 -0300] "GET /cormun/static/Shared/jqueryui/jquery-ui.min.js HTTP/1.1" 200 240427
201.239.193.195 - - [17/May/2016:18:40:39 -0300] "GET /cormun/static/Shared/jquery/jquery-1.10.2.min.js HTTP/1.1" 200 273199
201.239.193.195 - - [17/May/2016:18:40:40 -0300] "GET /cormun/static/SmoothNavMenu/resources/images/down.gif HTTP/1.1" 200 854
201.239.193.195 - - [17/May/2016:18:40:40 -0300] "GET /cormun/servlet/hhome HTTP/1.1" 200 3627
201.239.193.195 - - [17/May/2016:18:41:00 -0300] "GET /cormun/servlet/trsolicitudot? HTTP/1.1" 200 6548
201.239.193.195 - - [17/May/2016:18:41:00 -0300] "GET /cormun/static/gxui/gxui-all.css?120300 HTTP/1.1" 200 2179
201.239.193.195 - - [17/May/2016:18:41:00 -0300] "GET /cormun/static/calendar-system.css?85620 HTTP/1.1" 200 5572
201.239.193.195 - - [17/May/2016:18:41:00 -0300] "GET /cormun/static/gxcfg.js?201631022392470 HTTP/1.1" 200 953
201.239.193.195 - - [17/May/2016:18:41:00 -0300] "GET /cormun/static/calendar-setup.js?85251 HTTP/1.1" 200 2588
201.239.193.195 - - [17/May/2016:18:41:00 -0300] "GET /cormun/static/calendar.js?85251 HTTP/1.1" 200 26246
201.239.193.195 - - [17/May/2016:18:41:00 -0300] "GET /cormun/static/calendar-es.js?85251 HTTP/1.1" 200 1901
201.239.193.195 - - [17/May/2016:18:41:00 -0300] "GET /cormun/static/Resources/Spanish/PXTools.css?2139548 HTTP/1.1" 200 89042
201.239.193.195 - - [17/May/2016:18:41:00 -0300] "GET /cormun/static/gxdec.js?85251 HTTP/1.1" 200 19579
201.239.193.195 - - [17/May/2016:18:41:00 -0300] "GET /cormun/static/Shared/ext/resources/css/ext-all.css?215870 HTTP/1.1" 200 416045
201.239.193.195 - - [17/May/2016:18:41:00 -0300] "GET /cormun/static/trsolicitudot.js?201631022393178 HTTP/1.1" 200 44568
201.239.193.195 - - [17/May/2016:18:41:00 -0300] "GET /cormun/static/Resources/PXTools/calendar.png HTTP/1.1" 200 1306
201.239.193.195 - - [17/May/2016:18:41:00 -0300] "GET /cormun/static/Resources/PXToolsDataSearch.png HTTP/1.1" 200 419
201.239.193.195 - - [17/May/2016:18:41:00 -0300] "GET /cormun/static/Resources/PXToolsGridFirstDisabled.gif HTTP/1.1" 200 100
201.239.193.195 - - [17/May/2016:18:41:00 -0300] "GET /cormun/static/Resources/PXToolsGridPreviousDisabled.gif HTTP/1.1" 200 90
201.239.193.195 - - [17/May/2016:18:41:00 -0300] "GET /cormun/static/Resources/PXToolsGridNextDisabled.gif HTTP/1.1" 200 90
201.239.193.195 - - [17/May/2016:18:41:01 -0300] "GET /cormun/static/Resources/PXToolsGridLastDisabled.gif HTTP/1.1" 200 98
201.239.193.195 - - [17/May/2016:18:41:01 -0300] "GET /cormun/static/Resources/PXToolsGridPage.gif HTTP/1.1" 200 725
201.239.193.195 - - [17/May/2016:18:41:01 -0300] "GET /cormun/static/Resources/PXToolsActionExcel.png HTTP/1.1" 200 3187
201.239.193.195 - - [17/May/2016:18:41:01 -0300] "GET /cormun/static/Resources/PXToolsGridNew.png HTTP/1.1" 200 2949
201.239.193.195 - - [17/May/2016:18:41:03 -0300] "GET /cormun/static/Resources/asc.gif HTTP/1.1" 200 67
201.239.193.195 - - [17/May/2016:18:41:03 -0300] "GET /cormun/static/Resources/desc.gif HTTP/1.1" 200 65
201.239.193.195 - - [17/May/2016:18:41:03 -0300] "GET /cormun/servlet/trsolicitudot? HTTP/1.1" 200 6548
201.239.193.195 - - [17/May/2016:18:41:03 -0300] "GET /cormun/static/Shared/ext/resources/themes/images/default/panel/bg-headersPanel.png HTTP/1.1" 200 255
201.239.193.195 - - [17/May/2016:18:41:03 -0300] "GET /cormun/static/Shared/ext/resources/themes/images/default/tools/tool-sprites.gif HTTP/1.1" 200 5434
201.239.193.195 - - [17/May/2016:18:41:11 -0300] "GET /cormun/servlet/solicitudot?INS,0,0, HTTP/1.1" 200 11766
201.239.193.195 - - [17/May/2016:18:41:11 -0300] "GET /cormun/static/calendar-system.css?75620 HTTP/1.1" 200 5572
201.239.193.195 - - [17/May/2016:18:41:11 -0300] "GET /cormun/static/gxcfg.js?201631710541238 HTTP/1.1" 200 953
201.239.193.195 - - [17/May/2016:18:41:11 -0300] "GET /cormun/static/Resources/Spanish/PXTools.css?22445990 HTTP/1.1" 200 89042
201.239.193.195 - - [17/May/2016:18:41:11 -0300] "GET /cormun/static/solicitudot.js?201631710541292 HTTP/1.1" 200 45515
201.239.193.195 - - [17/May/2016:18:41:11 -0300] "GET /cormun/static/Resources/prompt.gif HTTP/1.1" 200 902
201.239.193.195 - - [17/May/2016:18:41:13 -0300] "GET /cormun/servlet/solicitudot?INS,0,0, HTTP/1.1" 200 11771
191.112.62.10 - - [17/May/2016:18:41:17 -0300] "GET /cormun/servlet/solicitudot?89736455f3bd6e29cad7083a48f312c9fb7d49526be99938fc376eec6b570af826b6ca69e3cc84bd767a870f434ec3cc147f34e5bef92e5cdee5a7d676b5dccae2bf92ceecee808d2846c7b5b89b317307c0065a0cb0a5484ffc43633eafdc4bce276fc829bc79336ccc016c8b29edcc21748f936bb3a5405500930f80d31af03809cae894f0c1c546bcd529d91dc0448ea31f992eee9812a8a8c39eb71b22a29ecbf2d79e903d7d8a690c1642855204,gx-no-cache=1463517690417 HTTP/1.1" 200 30
191.112.62.10 - - [17/May/2016:18:41:18 -0300] "POST /cormun/servlet/solicitudot?3b67b5ece97eac7408ace8f9feb5f35b,INS,0,0,,gx-no-cache=1463517690595 HTTP/1.1" 200 9598
191.112.62.10 - - [17/May/2016:18:41:48 -0300] "GET /cormun/servlet/solicitudot?89736455f3bd6e29cad7083a48f312c91dd7a2aecffdca483515932f603a5f9af3d8bff111a6da5e1fadfb6f529a58faae4d3eb6dd1e65ccdfa425f86529ced0e9373a2705a22c2f90d1f675e5b5654eea435350017e1768083bbc04e4eebcd62a211da630798202784ef97264d9438f744d58d9b80443d779efe256822a8ce297525bcb4ecc300a0928d9f7a1dd47e4363cb3eb262f607788571fef3237d2c6,gx-no-cache=1463517721357 HTTP/1.1" 200 41
191.112.62.10 - - [17/May/2016:18:41:48 -0300] "GET /cormun/servlet/solicitudot?89736455f3bd6e29cad7083a48f312c9fb7d49526be99938fc376eec6b570af8ede94c64fd592f4a0edba9e6a15e4832f40a227faee7733f3143983032975013c71211255fcac02de80477e18808e76e088a0538c64254f50533bf18235668944ab0d51c5eea6236f5cbce1c29ea1dbfbf13eb37158326b718e76156bb0d8aaf724bf149dc27bdac95c3c762f11e0bad5804c59f25b48fe5c5d2e7d5d9209dbd5babb4ef3aa84c02a4fb5f6b8c6c28c8,gx-no-cache=1463517721536 HTTP/1.1" 200 30
191.112.62.10 - - [17/May/2016:18:41:49 -0300] "POST /cormun/servlet/solicitudot?3b67b5ece97eac7408ace8f9feb5f35b,INS,0,0,,gx-no-cache=1463517721656 HTTP/1.1" 200 9664
191.112.62.10 - - [17/May/2016:18:42:04 -0300] "GET /cormun/servlet/solicitudot?89736455f3bd6e29cad7083a48f312c91dd7a2aecffdca483515932f603a5f9af3d8bff111a6da5e1fadfb6f529a58faae4d3eb6dd1e65ccdfa425f86529ced0e9373a2705a22c2f90d1f675e5b5654eea435350017e1768083bbc04e4eebcd62a211da630798202784ef97264d9438f744d58d9b80443d779efe256822a8ce2ab187b5b3a2cd1df05f04a0586282c6cd7a2a90c59c9fb65c454e60aa6643e60,gx-no-cache=1463517737877 HTTP/1.1" 200 41
191.112.62.10 - - [17/May/2016:18:42:04 -0300] "GET /cormun/servlet/solicitudot?89736455f3bd6e29cad7083a48f312c9fb7d49526be99938fc376eec6b570af826b6ca69e3cc84bd767a870f434ec3cc147f34e5bef92e5cdee5a7d676b5dccae2bf92ceecee808d2846c7b5b89b317307c0065a0cb0a5484ffc43633eafdc4bce276fc829bc79336ccc016c8b29edcc21748f936bb3a5405500930f80d31af03809cae894f0c1c546bcd529d91dc0448ea31f992eee9812a8a8c39eb71b22a29ecbf2d79e903d7d8a690c1642855204,gx-no-cache=1463517737965 HTTP/1.1" 200 30
191.112.62.10 - - [17/May/2016:18:42:06 -0300] "POST /cormun/servlet/solicitudot?3b67b5ece97eac7408ace8f9feb5f35b,INS,0,0,,gx-no-cache=1463517738081 HTTP/1.1" 200 9689
201.239.193.195 - - [17/May/2016:18:42:44 -0300] "POST /cormun/servlet/solicitudot?gx-no-cache=1463521394667 HTTP/1.1" 200 2803
201.239.193.195 - - [17/May/2016:18:42:44 -0300] "POST /cormun/servlet/solicitudot?5dc1fd92c1e3ff33687da622db778c38,INS,0,0,,gx-no-cache=1463521395176 HTTP/1.1" 200 8588
191.112.62.10 - - [17/May/2016:18:42:50 -0300] "GET /cormun/servlet/solicitudot?89736455f3bd6e29cad7083a48f312c91dd7a2aecffdca483515932f603a5f9af3d8bff111a6da5e1fadfb6f529a58faae4d3eb6dd1e65ccdfa425f86529ced0e9373a2705a22c2f90d1f675e5b5654eea435350017e1768083bbc04e4eebcd62a211da630798202784ef97264d9438f744d58d9b80443d779efe256822a8ce297525bcb4ecc300a0928d9f7a1dd47e4363cb3eb262f607788571fef3237d2c6,gx-no-cache=1463517783891 HTTP/1.1" 200 41
191.112.62.10 - - [17/May/2016:18:42:51 -0300] "GET /cormun/servlet/solicitudot?89736455f3bd6e29cad7083a48f312c9fb7d49526be99938fc376eec6b570af8ede94c64fd592f4a0edba9e6a15e4832f40a227faee7733f3143983032975013c71211255fcac02de80477e18808e76e088a0538c64254f50533bf18235668944ab0d51c5eea6236f5cbce1c29ea1dbfbf13eb37158326b718e76156bb0d8aaf724bf149dc27bdac95c3c762f11e0bad5804c59f25b48fe5c5d2e7d5d9209dbd5babb4ef3aa84c02a4fb5f6b8c6c28c8,gx-no-cache=1463517784160 HTTP/1.1" 200 30
191.112.62.10 - - [17/May/2016:18:42:52 -0300] "POST /cormun/servlet/solicitudot?3b67b5ece97eac7408ace8f9feb5f35b,INS,0,0,,gx-no-cache=1463517784337 HTTP/1.1" 200 9750
201.239.193.195 - - [17/May/2016:18:43:00 -0300] "GET /cormun/servlet/solicitudot?7f1ceec36c3a4cfe3e601fb7480dda1bb7b68ce75c9cef335bbf41a893bdfff73db64ebf2234118862bc6e55752d1484,gx-no-cache=1463521411699 HTTP/1.1" 200 30
201.239.193.195 - - [17/May/2016:18:43:00 -0300] "POST /cormun/servlet/solicitudot?gx-no-cache=1463521411810 HTTP/1.1" 200 30
191.112.62.10 - - [17/May/2016:18:43:49 -0300] "POST /cormun/servlet/solicitudot?3b67b5ece97eac7408ace8f9feb5f35b,INS,0,0,,gx-no-cache=1463517841634 HTTP/1.1" 200 9805
201.239.193.195 - - [17/May/2016:18:44:06 -0300] "POST /cormun/servlet/solicitudot?gx-no-cache=1463521480562 HTTP/1.1" 200 30
201.239.193.195 - - [17/May/2016:18:44:20 -0300] "POST /cormun/servlet/solicitudot?gx-no-cache=1463521495025 HTTP/1.1" 200 1187
201.239.193.195 - - [17/May/2016:18:44:20 -0300] "GET /cormun/servlet/solicitudot?7f1ceec36c3a4cfe3e601fb7480dda1bbb6e20eb42c2cb3b2268428220efde94e928afad19a9eca0058b2ed62ac6bde9925b444dd9d3ddb4e5ba18f2aa14cb66ed6e7c650e5a9de42c91e3c9bf50983edad7ee9aab8f47a93fd67cf87fb9ea675fef9cbeae8fbf5509149f73e1f45c312bc01380409411d9391b3f5bf20f6e25676272b22bc4b278db1e0b4d6b8f6ad4,gx-no-cache=1463521495165 HTTP/1.1" 200 38
191.112.62.10 - - [17/May/2016:18:44:31 -0300] "GET /cormun/servlet/solicitudot?89736455f3bd6e29cad7083a48f312c91dd7a2aecffdca483515932f603a5f9af3d8bff111a6da5e1fadfb6f529a58faae4d3eb6dd1e65ccdfa425f86529ced0e9373a2705a22c2f90d1f675e5b5654eea435350017e1768083bbc04e4eebcd62a211da630798202784ef97264d9438f744d58d9b80443d779efe256822a8ce2ab187b5b3a2cd1df05f04a0586282c6cd7a2a90c59c9fb65c454e60aa6643e60,gx-no-cache=1463517884430 HTTP/1.1" 200 41
191.112.62.10 - - [17/May/2016:18:44:31 -0300] "GET /cormun/servlet/solicitudot?89736455f3bd6e29cad7083a48f312c9fb7d49526be99938fc376eec6b570af826b6ca69e3cc84bd767a870f434ec3cc147f34e5bef92e5cdee5a7d676b5dccae2bf92ceecee808d2846c7b5b89b317307c0065a0cb0a5484ffc43633eafdc4bce276fc829bc79336ccc016c8b29edcc21748f936bb3a5405500930f80d31af03809cae894f0c1c546bcd529d91dc0448ea31f992eee9812a8a8c39eb71b22a29ecbf2d79e903d7d8a690c1642855204,gx-no-cache=1463517884574 HTTP/1.1" 200 30
191.112.62.10 - - [17/May/2016:18:44:32 -0300] "POST /cormun/servlet/solicitudot?3b67b5ece97eac7408ace8f9feb5f35b,INS,0,0,,gx-no-cache=1463517884689 HTTP/1.1" 200 9819
191.112.62.10 - - [17/May/2016:18:45:16 -0300] "GET /cormun/servlet/solicitudot?89736455f3bd6e29cad7083a48f312c9fb7d49526be99938fc376eec6b570af826b6ca69e3cc84bd767a870f434ec3cc147f34e5bef92e5cdee5a7d676b5dccae2bf92ceecee808d2846c7b5b89b317307c0065a0cb0a5484ffc43633eafdc4bce276fc829bc79336ccc016c8b29edcc21748f936bb3a5405500930f80d31af03809cae894f0c1c546bcd529d91dc044e1bfcbd1fe72bee48513c95e99af465e,gx-no-cache=1463517929040 HTTP/1.1" 200 30
191.112.62.10 - - [17/May/2016:18:45:17 -0300] "POST /cormun/servlet/solicitudot?3b67b5ece97eac7408ace8f9feb5f35b,INS,0,0,,gx-no-cache=1463517929213 HTTP/1.1" 200 93
191.112.62.10 - - [17/May/2016:18:45:17 -0300] "GET /cormun/servlet/hpexe_return? HTTP/1.1" 200 1010
191.112.62.10 - - [17/May/2016:18:45:17 -0300] "GET /cormun/static/Resources/Spanish/PXTools.css?12112540 HTTP/1.1" 304 -
191.112.62.10 - - [17/May/2016:18:45:17 -0300] "GET /cormun/static/gxcfg.js?2015111312145050 HTTP/1.1" 304 -
191.112.62.10 - - [17/May/2016:18:45:17 -0300] "GET /cormun/static/hpexe_return.js?2015111312145056 HTTP/1.1" 304 -
191.112.62.10 - - [17/May/2016:18:45:17 -0300] "GET /cormun/servlet/trsolicitudot HTTP/1.1" 200 7737
191.112.62.10 - - [17/May/2016:18:45:18 -0300] "GET /cormun/servlet/trsolicitudot HTTP/1.1" 200 7733
191.112.62.10 - - [17/May/2016:18:45:57 -0300] "GET /cormun/servlet/vesolicitudot?2016,1737,, HTTP/1.1" 200 7724
191.112.62.10 - - [17/May/2016:18:45:57 -0300] "GET /cormun/static/gxcfg.js?201631021474241 HTTP/1.1" 200 953
191.112.62.10 - - [17/May/2016:18:45:57 -0300] "GET /cormun/pexe_scrolldiv.js HTTP/1.1" 404 1009
191.112.62.10 - - [17/May/2016:18:45:57 -0300] "GET /cormun/static/vesolicitudot.js?20163102147437 HTTP/1.1" 304 -
191.112.62.10 - - [17/May/2016:18:45:57 -0300] "GET /cormun/static/hpexe_tabsview.js?20151120014350 HTTP/1.1" 304 -
191.112.62.10 - - [17/May/2016:18:45:57 -0300] "GET /cormun/static/hwcviewtabs.js?20151120014372 HTTP/1.1" 304 -
191.112.62.10 - - [17/May/2016:18:45:57 -0300] "GET /cormun/static/tbsolicitudot01.js?20163102250452 HTTP/1.1" 304 -
191.112.62.10 - - [17/May/2016:18:45:58 -0300] "GET /cormun/servlet/vesolicitudot?2016,1737,, HTTP/1.1" 200 7724
191.112.62.10 - - [17/May/2016:18:46:08 -0300] "GET /cormun/servlet/vesolicitudot?2016,1737,,SolicitudOTAdjuntos HTTP/1.1" 200 6935
191.112.62.10 - - [17/May/2016:18:46:09 -0300] "GET /cormun/pexe_scrolldiv.js HTTP/1.1" 404 1009
191.112.62.10 - - [17/May/2016:18:46:09 -0300] "GET /cormun/static/tbsolicitudot02.js?201631022375715 HTTP/1.1" 304 -
191.112.62.10 - - [17/May/2016:18:46:09 -0300] "GET /cormun/static/gxui/gxui-all.css HTTP/1.1" 200 2179
191.112.62.10 - - [17/May/2016:18:46:09 -0300] "GET /cormun/static/Resources/PXToolsTabFirstUnselected.png HTTP/1.1" 200 1264
191.112.62.10 - - [17/May/2016:18:46:09 -0300] "GET /cormun/static/Resources/PXToolsTabUnselectedSelected.png HTTP/1.1" 200 1444
191.112.62.10 - - [17/May/2016:18:46:10 -0300] "GET /cormun/static/Shared/ext/resources/css/ext-all.css HTTP/1.1" 200 416045
191.112.62.10 - - [17/May/2016:18:46:10 -0300] "GET /cormun/servlet/vesolicitudot?2016,1737,,SolicitudOTAdjuntos HTTP/1.1" 200 6936
191.112.62.10 - - [17/May/2016:18:46:10 -0300] "POST /cormun/servlet/acontrolpreferencessavestate?None,CD-12,true HTTP/1.1" 200 35
191.112.62.10 - - [17/May/2016:18:46:27 -0300] "GET /cormun/servlet/solicitudotadjuntos?INS,2016,1737,,1, HTTP/1.1" 200 5597
191.112.62.10 - - [17/May/2016:18:46:28 -0300] "GET /cormun/static/gxcfg.js?201631622493247 HTTP/1.1" 304 -
191.112.62.10 - - [17/May/2016:18:46:28 -0300] "GET /cormun/static/solicitudotadjuntos.js?201631622493267 HTTP/1.1" 304 -
191.112.62.10 - - [17/May/2016:18:46:28 -0300] "GET /cormun/static/about:blank HTTP/1.1" 404 1011
191.112.62.10 - - [17/May/2016:18:46:28 -0300] "GET /cormun/servlet/solicitudotadjuntos?INS,2016,1737,,1, HTTP/1.1" 200 5589
191.112.62.10 - - [17/May/2016:18:46:29 -0300] "GET /cormun/servlet/solicitudotadjuntos?89736455f3bd6e29cad7083a48f312c9065b02281b70dd0d3fb69862ccffb3fc6be6db197b78fd7b9572e5645c0c33ba,gx-no-cache=1463518002214 HTTP/1.1" 200 30
191.112.62.10 - - [17/May/2016:18:46:29 -0300] "POST /cormun/servlet/solicitudotadjuntos?3b67b5ece97eac7408ace8f9feb5f35b,INS,2016,1737,,1,,gx-no-cache=1463518002325 HTTP/1.1" 200 3443
201.239.193.195 - - [17/May/2016:18:46:30 -0300] "GET /cormun/servlet/solicitudot?7f1ceec36c3a4cfe3e601fb7480dda1b2505853a0ccefb97f469afc68eefedfac64d6c9653944eca9d9ccc8f9d18ca95bcfe21c04ae53168ba7f5919a503e207922126db237e2a2ce26424fd3371f47b49ae1615e99e5fd315ad475d5abcfafe5fe06b9d938fa3d266651bd6d05ba3faa5ee2e96fb76416143431d0ea76c64d891d3a60a534943dfc818ffa9e342c81a08e646788e321e78a997410b95eb1048,gx-no-cache=1463521628974 HTTP/1.1" 200 29
191.112.62.10 - - [17/May/2016:18:46:37 -0300] "POST /cormun/servlet/solicitudotadjuntos?gx-no-cache=1463518010255 HTTP/1.1" 200 26
201.239.193.195 - - [17/May/2016:18:46:43 -0300] "POST /cormun/servlet/solicitudot?5dc1fd92c1e3ff33687da622db778c38,INS,0,0,,gx-no-cache=1463521642413 HTTP/1.1" 200 93
201.239.193.195 - - [17/May/2016:18:46:44 -0300] "GET /cormun/servlet/hpexe_return? HTTP/1.1" 200 998
201.239.193.195 - - [17/May/2016:18:46:44 -0300] "GET /cormun/static/gxcfg.js?2015111312145050 HTTP/1.1" 200 953
201.239.193.195 - - [17/May/2016:18:46:44 -0300] "GET /cormun/static/hpexe_return.js?2015111312145056 HTTP/1.1" 200 1633
201.239.193.195 - - [17/May/2016:18:46:44 -0300] "GET /cormun/static/Resources/Spanish/PXTools.css?12112540 HTTP/1.1" 200 89042
201.239.193.195 - - [17/May/2016:18:46:44 -0300] "GET /cormun/servlet/trsolicitudot HTTP/1.1" 200 7844
201.239.193.195 - - [17/May/2016:18:46:46 -0300] "GET /cormun//static/Resources/PXToolsActionView.png HTTP/1.1" 200 2995
201.239.193.195 - - [17/May/2016:18:46:46 -0300] "GET /cormun//static/Resources/PXToolsGridUpdate.png HTTP/1.1" 200 2984
201.239.193.195 - - [17/May/2016:18:46:46 -0300] "GET /cormun//static/Resources/PXToolsGridDelete.png HTTP/1.1" 200 357
201.239.193.195 - - [17/May/2016:18:46:46 -0300] "GET /cormun//static/Resources/PXToolsRemoveAllAction.png HTTP/1.1" 200 3558
201.239.193.195 - - [17/May/2016:18:46:46 -0300] "GET /cormun//static/Resources/PXTools/ActionInsert.png HTTP/1.1" 200 1482
201.239.193.195 - - [17/May/2016:18:46:46 -0300] "GET /cormun/servlet/trsolicitudot HTTP/1.1" 200 7840
201.239.193.195 - - [17/May/2016:18:46:50 -0300] "GET /cormun/servlet/solicitudot?INS,0,0, HTTP/1.1" 200 11767
201.239.193.195 - - [17/May/2016:18:46:52 -0300] "GET /cormun/servlet/solicitudot?INS,0,0, HTTP/1.1" 200 11772
201.239.193.195 - - [17/May/2016:18:47:04 -0300] "GET /cormun/servlet/trvisualizadoreventos? HTTP/1.1" 200 6367
201.239.193.195 - - [17/May/2016:18:47:04 -0300] "GET /cormun/static/gxcfg.js?201631021481342 HTTP/1.1" 200 953
201.239.193.195 - - [17/May/2016:18:47:04 -0300] "GET /cormun/static/Resources/PXToolsActionPrint.png HTTP/1.1" 200 3317
201.239.193.195 - - [17/May/2016:18:47:04 -0300] "GET /cormun/static/trvisualizadoreventos.js?201631021481717 HTTP/1.1" 200 19288
201.239.193.195 - - [17/May/2016:18:47:05 -0300] "GET /cormun/servlet/trvisualizadoreventos? HTTP/1.1" 200 6362
186.78.33.55 - - [17/May/2016:18:47:17 -0300] "GET /cormun/servlet/hlogin HTTP/1.1" 200 1721
201.239.193.195 - - [17/May/2016:18:47:20 -0300] "GET /cormun/servlet/solicitudot?INS,0,0, HTTP/1.1" 200 11767
201.239.193.195 - - [17/May/2016:18:47:22 -0300] "GET /cormun/servlet/solicitudot?INS,0,0, HTTP/1.1" 200 11772
190.161.236.237 - - [17/May/2016:18:47:33 -0300] "GET /cormun/servlet/hlogin HTTP/1.1" 200 1724
190.161.236.237 - - [17/May/2016:18:47:33 -0300] "GET /cormun/static/gxcfg.js?20151120045111 HTTP/1.1" 304 -
190.161.236.237 - - [17/May/2016:18:47:33 -0300] "GET /cormun/static/messages.spa.js?85251 HTTP/1.1" 304 -
190.161.236.237 - - [17/May/2016:18:47:34 -0300] "GET /cormun/servlet/hlogin HTTP/1.1" 200 1729
191.112.62.10 - - [17/May/2016:18:47:43 -0300] "GET /cormun/servlet/solicitudotadjuntos?89736455f3bd6e29cad7083a48f312c924e8266b4b4590e505f8710a5f341c6e,gx-no-cache=1463518076414 HTTP/1.1" 200 30
191.112.62.10 - - [17/May/2016:18:47:43 -0300] "GET /cormun/servlet/solicitudotadjuntos?89736455f3bd6e29cad7083a48f312c924e8266b4b4590e505f8710a5f341c6e,gx-no-cache=1463518076712 HTTP/1.1" 200 30
190.161.236.237 - - [17/May/2016:18:47:47 -0300] "POST /cormun/servlet/hlogin?08f5519079031c25db2c74909c0c41d0,gx-no-cache=1463521686877 HTTP/1.1" 200 90
190.161.236.237 - - [17/May/2016:18:47:47 -0300] "GET /cormun/servlet/hpexe_link HTTP/1.1" 200 951
190.161.236.237 - - [17/May/2016:18:47:47 -0300] "GET /cormun/static/gxcfg.js?20151120044395 HTTP/1.1" 304 -
190.161.236.237 - - [17/May/2016:18:47:47 -0300] "GET /cormun/servlet/hhome HTTP/1.1" 200 3603
190.161.236.237 - - [17/May/2016:18:47:48 -0300] "GET /cormun/static/gxcfg.js?2015112210564248 HTTP/1.1" 304 -
201.239.193.195 - - [17/May/2016:18:47:48 -0300] "GET /cormun/servlet/trsolicitudot HTTP/1.1" 200 7844
190.161.236.237 - - [17/May/2016:18:47:49 -0300] "GET /cormun/servlet/hhome HTTP/1.1" 200 3603
201.239.193.195 - - [17/May/2016:18:47:50 -0300] "GET /cormun/servlet/trsolicitudot HTTP/1.1" 200 7840
191.112.62.10 - - [17/May/2016:18:47:50 -0300] "POST /cormun/servlet/solicitudotadjuntos?3b67b5ece97eac7408ace8f9feb5f35b,INS,2016,1737,,1, HTTP/1.1" 200 116
191.112.62.10 - - [17/May/2016:18:47:50 -0300] "GET /cormun/servlet/hpexe_return? HTTP/1.1" 200 1035
191.112.62.10 - - [17/May/2016:18:47:51 -0300] "GET /cormun/servlet/vesolicitudot?2016,1737,,SolicitudOTAdjuntos HTTP/1.1" 200 8862
191.112.62.10 - - [17/May/2016:18:47:51 -0300] "GET /cormun/pexe_scrolldiv.js HTTP/1.1" 404 1009
191.112.62.10 - - [17/May/2016:18:47:52 -0300] "GET /cormun/servlet/vesolicitudot?2016,1737,,SolicitudOTAdjuntos HTTP/1.1" 200 8858
191.112.62.10 - - [17/May/2016:18:47:52 -0300] "POST /cormun/servlet/acontrolpreferencessavestate?None,CD-12,true HTTP/1.1" 200 35
190.161.236.237 - - [17/May/2016:18:47:55 -0300] "GET /cormun/servlet/trautorizarsolicitud? HTTP/1.1" 200 6457
190.161.236.237 - - [17/May/2016:18:47:55 -0300] "GET /cormun/static/gxcfg.js?201632119361219 HTTP/1.1" 304 -
191.112.62.10 - - [17/May/2016:18:47:56 -0300] "GET /cormun/servlet/solicitudotadjuntos?INS,2016,1737,,1, HTTP/1.1" 200 5597
190.161.236.237 - - [17/May/2016:18:47:56 -0300] "GET /cormun/servlet/trautorizarsolicitud? HTTP/1.1" 200 6457
191.112.62.10 - - [17/May/2016:18:47:56 -0300] "GET /cormun/static/about:blank HTTP/1.1" 404 1011
191.112.62.10 - - [17/May/2016:18:47:57 -0300] "GET /cormun/servlet/solicitudotadjuntos?INS,2016,1737,,1, HTTP/1.1" 200 5589
191.112.62.10 - - [17/May/2016:18:47:57 -0300] "GET /cormun/servlet/solicitudotadjuntos?89736455f3bd6e29cad7083a48f312c9065b02281b70dd0d3fb69862ccffb3fc6be6db197b78fd7b9572e5645c0c33ba,gx-no-cache=1463518090654 HTTP/1.1" 200 30
191.112.62.10 - - [17/May/2016:18:47:58 -0300] "POST /cormun/servlet/solicitudotadjuntos?3b67b5ece97eac7408ace8f9feb5f35b,INS,2016,1737,,1,,gx-no-cache=1463518090767 HTTP/1.1" 200 3444
201.239.193.195 - - [17/May/2016:18:47:59 -0300] "GET /cormun/servlet/solicitudot?INS,0,0, HTTP/1.1" 200 11768
190.161.236.237 - - [17/May/2016:18:48:00 -0300] "GET /cormun/static/menuarrow.gif HTTP/1.1" 404 1015
201.239.193.195 - - [17/May/2016:18:48:01 -0300] "GET /cormun/servlet/solicitudot?INS,0,0, HTTP/1.1" 200 11772
190.161.236.237 - - [17/May/2016:18:48:05 -0300] "POST /cormun/servlet/trautorizarsolicitud?08f5519079031c25db2c74909c0c41d0,,gx-no-cache=1463521704698 HTTP/1.1" 200 3739
201.239.193.195 - - [17/May/2016:18:48:05 -0300] "GET /cormun/servlet/trsolicitudot HTTP/1.1" 200 7844
201.239.193.195 - - [17/May/2016:18:48:06 -0300] "GET /cormun/servlet/trsolicitudot HTTP/1.1" 200 7840
191.112.62.10 - - [17/May/2016:18:48:07 -0300] "POST /cormun/servlet/solicitudotadjuntos?gx-no-cache=1463518100239 HTTP/1.1" 200 26
190.161.236.237 - - [17/May/2016:18:48:08 -0300] "GET /cormun/servlet/trvisualizadoreventos? HTTP/1.1" 200 6328
190.161.236.237 - - [17/May/2016:18:48:09 -0300] "GET /cormun/static/gxcfg.js?201631021481342 HTTP/1.1" 304 -
190.161.236.237 - - [17/May/2016:18:48:09 -0300] "GET /cormun/servlet/trvisualizadoreventos? HTTP/1.1" 200 6328
186.78.33.55 - - [17/May/2016:18:48:13 -0300] "POST /cormun/servlet/hlogin?5bfe0e28cb3341c2a99edc35b11cf29f,gx-no-cache=1463521710307 HTTP/1.1" 200 90
186.78.33.55 - - [17/May/2016:18:48:13 -0300] "GET /cormun/servlet/hpexe_link HTTP/1.1" 200 950
186.78.33.55 - - [17/May/2016:18:48:13 -0300] "GET /cormun/static/hpexe_link.js?20151120044398 HTTP/1.1" 200 625
186.78.33.55 - - [17/May/2016:18:48:13 -0300] "GET /cormun/servlet/hhome HTTP/1.1" 200 3638
190.161.236.237 - - [17/May/2016:18:48:13 -0300] "GET /cormun/static/menuarrow.gif HTTP/1.1" 404 1015
186.78.33.55 - - [17/May/2016:18:48:14 -0300] "GET /cormun/servlet/hhome HTTP/1.1" 200 3638
201.239.193.195 - - [17/May/2016:18:48:15 -0300] "POST /cormun/servlet/trsolicitudot?5dc1fd92c1e3ff33687da622db778c38,gx-no-cache=1463521736492 HTTP/1.1" 200 5191
191.112.62.10 - - [17/May/2016:18:48:17 -0300] "GET /cormun/servlet/solicitudotadjuntos?89736455f3bd6e29cad7083a48f312c924e8266b4b4590e505f8710a5f341c6e,gx-no-cache=1463518110884 HTTP/1.1" 200 30
191.112.62.10 - - [17/May/2016:18:48:17 -0300] "GET /cormun/servlet/solicitudotadjuntos?89736455f3bd6e29cad7083a48f312c924e8266b4b4590e505f8710a5f341c6e,gx-no-cache=1463518110973 HTTP/1.1" 200 30
190.161.236.237 - - [17/May/2016:18:48:19 -0300] "POST /cormun/servlet/trvisualizadoreventos?08f5519079031c25db2c74909c0c41d0,,gx-no-cache=1463521718083 HTTP/1.1" 200 4129
186.78.33.55 - - [17/May/2016:18:48:24 -0300] "GET /cormun/servlet/trautorizarsolicitud? HTTP/1.1" 200 6495
186.78.33.55 - - [17/May/2016:18:48:24 -0300] "GET /cormun/static/gxcfg.js?201632119361219 HTTP/1.1" 200 953
186.78.33.55 - - [17/May/2016:18:48:24 -0300] "GET /cormun/static/trautorizarsolicitud.js?20163211936186 HTTP/1.1" 200 44547
191.112.62.10 - - [17/May/2016:18:48:24 -0300] "POST /cormun/servlet/solicitudotadjuntos?3b67b5ece97eac7408ace8f9feb5f35b,INS,2016,1737,,1, HTTP/1.1" 200 116
191.112.62.10 - - [17/May/2016:18:48:24 -0300] "GET /cormun/servlet/hpexe_return? HTTP/1.1" 200 1035
186.78.33.55 - - [17/May/2016:18:48:25 -0300] "GET /cormun/servlet/trautorizarsolicitud? HTTP/1.1" 200 6494
186.78.45.71 - - [17/May/2016:18:48:25 -0300] "GET /cormun/servlet/solicitudot?INS,0,0, HTTP/1.1" 200 11764
191.112.62.10 - - [17/May/2016:18:48:25 -0300] "GET /cormun/servlet/vesolicitudot?2016,1737,,SolicitudOTAdjuntos HTTP/1.1" 200 9027
191.112.62.10 - - [17/May/2016:18:48:25 -0300] "GET /cormun/pexe_scrolldiv.js HTTP/1.1" 404 1009
186.78.33.55 - - [17/May/2016:18:48:26 -0300] "GET /cormun/static/menuarrow.gif HTTP/1.1" 404 1015
191.112.62.10 - - [17/May/2016:18:48:26 -0300] "GET /cormun/servlet/vesolicitudot?2016,1737,,SolicitudOTAdjuntos HTTP/1.1" 200 9022
191.112.62.10 - - [17/May/2016:18:48:27 -0300] "POST /cormun/servlet/acontrolpreferencessavestate?None,CD-12,true HTTP/1.1" 200 35
191.112.62.10 - - [17/May/2016:18:48:31 -0300] "GET /cormun/servlet/solicitudotadjuntos?INS,2016,1737,,1, HTTP/1.1" 200 5597
191.112.62.10 - - [17/May/2016:18:48:32 -0300] "GET /cormun/static/about:blank HTTP/1.1" 404 1011
191.112.62.10 - - [17/May/2016:18:48:32 -0300] "GET /cormun/servlet/solicitudotadjuntos?INS,2016,1737,,1, HTTP/1.1" 200 5589
191.112.62.10 - - [17/May/2016:18:48:32 -0300] "GET /cormun/servlet/solicitudotadjuntos?89736455f3bd6e29cad7083a48f312c9065b02281b70dd0d3fb69862ccffb3fc6be6db197b78fd7b9572e5645c0c33ba,gx-no-cache=1463518125884 HTTP/1.1" 200 30
191.112.62.10 - - [17/May/2016:18:48:33 -0300] "POST /cormun/servlet/solicitudotadjuntos?3b67b5ece97eac7408ace8f9feb5f35b,INS,2016,1737,,1,,gx-no-cache=1463518125987 HTTP/1.1" 200 3444
201.239.193.195 - - [17/May/2016:18:48:34 -0300] "POST /cormun/servlet/trsolicitudot?5dc1fd92c1e3ff33687da622db778c38,gx-no-cache=1463521756449 HTTP/1.1" 200 105
201.239.193.195 - - [17/May/2016:18:48:34 -0300] "GET /cormun/servlet/solicitudot?DLT,2016,1738, HTTP/1.1" 200 8677
201.239.193.195 - - [17/May/2016:18:48:36 -0300] "GET /cormun/static/Shared/jqueryui/images/ui-bg_highlight-soft_100_c6c2c8_1x100.png HTTP/1.1" 404 1117
201.239.193.195 - - [17/May/2016:18:48:36 -0300] "GET /cormun/static/Shared/jqueryui/images/ui-icons_82798d_256x240.png HTTP/1.1" 404 1089
201.239.193.195 - - [17/May/2016:18:48:36 -0300] "GET /cormun/static/Shared/jqueryui/images/ui-icons_8d78a5_256x240.png HTTP/1.1" 404 1089
201.239.193.195 - - [17/May/2016:18:48:36 -0300] "GET /cormun/static/Shared/jqueryui/images/ui-bg_flat_55_fafafa_40x100.png HTTP/1.1" 404 1097
201.239.193.195 - - [17/May/2016:18:48:36 -0300] "GET /cormun/servlet/solicitudot?DLT,2016,1738, HTTP/1.1" 200 8687
191.112.62.10 - - [17/May/2016:18:48:42 -0300] "POST /cormun/servlet/solicitudotadjuntos?gx-no-cache=1463518135640 HTTP/1.1" 200 26
186.78.33.55 - - [17/May/2016:18:48:43 -0300] "POST /cormun/servlet/trautorizarsolicitud?5bfe0e28cb3341c2a99edc35b11cf29f,,gx-no-cache=1463521740221 HTTP/1.1" 200 5799
186.78.33.55 - - [17/May/2016:18:48:43 -0300] "GET /cormun//static/Resources/PXToolsActionView.png HTTP/1.1" 200 2995
186.78.33.55 - - [17/May/2016:18:48:43 -0300] "GET /cormun//static/Resources/PXToolsRemoveAllAction.png HTTP/1.1" 200 3558
186.78.33.55 - - [17/May/2016:18:48:43 -0300] "GET /cormun//static/Resources/PXToolsGridDelete.png HTTP/1.1" 200 357
186.78.33.55 - - [17/May/2016:18:48:43 -0300] "GET /cormun//static/Resources/PXToolsGridUpdate.png HTTP/1.1" 200 2984
186.78.33.55 - - [17/May/2016:18:48:43 -0300] "GET /cormun//static/Resources/PXTools/ActionInsert.png HTTP/1.1" 200 1482
190.161.236.237 - - [17/May/2016:18:48:47 -0300] "POST /cormun/servlet/trvisualizadoreventos?08f5519079031c25db2c74909c0c41d0,,gx-no-cache=1463521745961 HTTP/1.1" 200 4171
190.161.236.237 - - [17/May/2016:18:48:55 -0300] "POST /cormun/servlet/trvisualizadoreventos?08f5519079031c25db2c74909c0c41d0,,gx-no-cache=1463521755103 HTTP/1.1" 200 3604
191.112.62.10 - - [17/May/2016:18:48:56 -0300] "GET /cormun/servlet/solicitudotadjuntos?89736455f3bd6e29cad7083a48f312c924e8266b4b4590e505f8710a5f341c6e,gx-no-cache=1463518149480 HTTP/1.1" 200 30
191.112.62.10 - - [17/May/2016:18:48:56 -0300] "GET /cormun/servlet/solicitudotadjuntos?89736455f3bd6e29cad7083a48f312c924e8266b4b4590e505f8710a5f341c6e,gx-no-cache=1463518149558 HTTP/1.1" 200 30
201.239.193.195 - - [17/May/2016:18:48:58 -0300] "POST /cormun/servlet/solicitudot?5dc1fd92c1e3ff33687da622db778c38,DLT,2016,1738,,gx-no-cache=1463521781161 HTTP/1.1" 200 90
201.239.193.195 - - [17/May/2016:18:48:58 -0300] "GET /cormun/servlet/hpexe_link HTTP/1.1" 200 978
190.161.236.237 - - [17/May/2016:18:48:58 -0300] "POST /cormun/servlet/trvisualizadoreventos?08f5519079031c25db2c74909c0c41d0,,gx-no-cache=1463521758132 HTTP/1.1" 200 3603
201.239.193.195 - - [17/May/2016:18:48:59 -0300] "GET /cormun/servlet/trsolicitudot?gx-no-cache=1463521736492 HTTP/1.1" 200 7841
201.239.193.195 - - [17/May/2016:18:49:00 -0300] "GET /cormun/servlet/trsolicitudot?gx-no-cache=1463521736492 HTTP/1.1" 200 7862
191.112.62.10 - - [17/May/2016:18:49:01 -0300] "POST /cormun/servlet/solicitudotadjuntos?3b67b5ece97eac7408ace8f9feb5f35b,INS,2016,1737,,1, HTTP/1.1" 200 116
190.161.236.237 - - [17/May/2016:18:49:02 -0300] "POST /cormun/servlet/trvisualizadoreventos?08f5519079031c25db2c74909c0c41d0,,gx-no-cache=1463521761182 HTTP/1.1" 200 4171
191.112.62.10 - - [17/May/2016:18:49:02 -0300] "GET /cormun/servlet/hpexe_return? HTTP/1.1" 200 1035
191.112.62.10 - - [17/May/2016:18:49:02 -0300] "GET /cormun/servlet/vesolicitudot?2016,1737,,SolicitudOTAdjuntos HTTP/1.1" 200 9173
191.112.62.10 - - [17/May/2016:18:49:03 -0300] "GET /cormun/pexe_scrolldiv.js HTTP/1.1" 404 1009
191.112.62.10 - - [17/May/2016:18:49:04 -0300] "GET /cormun/servlet/vesolicitudot?2016,1737,,SolicitudOTAdjuntos HTTP/1.1" 200 9170
191.112.62.10 - - [17/May/2016:18:49:04 -0300] "POST /cormun/servlet/acontrolpreferencessavestate?None,CD-12,true HTTP/1.1" 200 35
201.239.193.195 - - [17/May/2016:18:49:07 -0300] "GET /cormun/servlet/trsolicitudot? HTTP/1.1" 200 7862
201.239.193.195 - - [17/May/2016:18:49:08 -0300] "GET /cormun/servlet/trsolicitudot? HTTP/1.1" 200 7840
191.112.62.10 - - [17/May/2016:18:49:24 -0300] "GET /cormun/servlet/solicitudotadjuntos?INS,2016,1737,,1, HTTP/1.1" 200 5597
191.112.62.10 - - [17/May/2016:18:49:24 -0300] "GET /cormun/static/about:blank HTTP/1.1" 404 1011
190.161.236.237 - - [17/May/2016:18:49:24 -0300] "GET /cormun/servlet/trvisualizadoreventos? HTTP/1.1" 200 6875
191.112.62.10 - - [17/May/2016:18:49:25 -0300] "GET /cormun/servlet/solicitudotadjuntos?INS,2016,1737,,1, HTTP/1.1" 200 5589
191.112.62.10 - - [17/May/2016:18:49:25 -0300] "GET /cormun/servlet/solicitudotadjuntos?89736455f3bd6e29cad7083a48f312c9065b02281b70dd0d3fb69862ccffb3fc6be6db197b78fd7b9572e5645c0c33ba,gx-no-cache=1463518178437 HTTP/1.1" 200 30
190.161.236.237 - - [17/May/2016:18:49:25 -0300] "GET /cormun/servlet/trvisualizadoreventos? HTTP/1.1" 200 6875
191.112.62.10 - - [17/May/2016:18:49:25 -0300] "POST /cormun/servlet/solicitudotadjuntos?3b67b5ece97eac7408ace8f9feb5f35b,INS,2016,1737,,1,,gx-no-cache=1463518178551 HTTP/1.1" 200 3444
191.112.62.10 - - [17/May/2016:18:49:29 -0300] "POST /cormun/servlet/solicitudotadjuntos?gx-no-cache=1463518182931 HTTP/1.1" 200 26
190.161.236.237 - - [17/May/2016:18:49:34 -0300] "POST /cormun/servlet/trvisualizadoreventos?08f5519079031c25db2c74909c0c41d0,,gx-no-cache=1463521793682 HTTP/1.1" 200 3943
191.112.62.10 - - [17/May/2016:18:49:37 -0300] "GET /cormun/servlet/solicitudotadjuntos?89736455f3bd6e29cad7083a48f312c924e8266b4b4590e505f8710a5f341c6e,gx-no-cache=1463518190943 HTTP/1.1" 200 30
191.112.62.10 - - [17/May/2016:18:49:37 -0300] "GET /cormun/servlet/solicitudotadjuntos?89736455f3bd6e29cad7083a48f312c924e8266b4b4590e505f8710a5f341c6e,gx-no-cache=1463518191010 HTTP/1.1" 200 30
186.78.33.55 - - [17/May/2016:18:49:39 -0300] "GET /cormun/servlet/veautorizarsolicitud?2016,1665,, HTTP/1.1" 200 7830
186.78.33.55 - - [17/May/2016:18:49:39 -0300] "GET /cormun/static/gxcfg.js?201631021474341 HTTP/1.1" 200 953
186.78.33.55 - - [17/May/2016:18:49:39 -0300] "GET /cormun/pexe_scrolldiv.js HTTP/1.1" 404 1009
186.78.33.55 - - [17/May/2016:18:49:39 -0300] "GET /cormun/static/Resources/PXToolsTabFirstSelected.png HTTP/1.1" 200 1259
186.78.33.55 - - [17/May/2016:18:49:39 -0300] "GET /cormun/static/Resources/PXToolsTabLastUnselected.png HTTP/1.1" 200 1291
186.78.33.55 - - [17/May/2016:18:49:39 -0300] "GET /cormun/static/veautorizarsolicitud.js?201631021474418 HTTP/1.1" 200 6140
186.78.33.55 - - [17/May/2016:18:49:39 -0300] "GET /cormun/static/hwcviewtabs.js?20151120014372 HTTP/1.1" 200 1074
186.78.33.55 - - [17/May/2016:18:49:39 -0300] "GET /cormun/static/Resources/Spanish/PXTools.css?2139548 HTTP/1.1" 200 89042
186.78.33.55 - - [17/May/2016:18:49:39 -0300] "GET /cormun/static/Resources/PXToolsTabPrevious.gif HTTP/1.1" 200 172
186.78.33.55 - - [17/May/2016:18:49:40 -0300] "GET /cormun/static/Resources/PXToolsTabNext.gif HTTP/1.1" 200 168
186.78.33.55 - - [17/May/2016:18:49:40 -0300] "GET /cormun/static/hpexe_tabsview.js?20151120014350 HTTP/1.1" 200 1661
186.78.33.55 - - [17/May/2016:18:49:40 -0300] "GET /cormun/static/tbautorizarsolicitud01.js?201631022495836 HTTP/1.1" 200 28339
186.78.33.55 - - [17/May/2016:18:49:40 -0300] "GET /cormun/static/calendar-system.css HTTP/1.1" 200 5572
186.78.33.55 - - [17/May/2016:18:49:40 -0300] "GET /cormun/static/Resources/PXToolsTabSelectedUnselected.png HTTP/1.1" 200 1428
186.78.33.55 - - [17/May/2016:18:49:40 -0300] "GET /cormun/static/Resources/PXToolsTabUnselectedUnselected.png HTTP/1.1" 200 1459
186.78.33.55 - - [17/May/2016:18:49:40 -0300] "GET /cormun/static/Resources/PXToolsTabBackSelected.png HTTP/1.1" 200 1157
186.78.33.55 - - [17/May/2016:18:49:40 -0300] "GET /cormun/static/Resources/PXToolsTabBackUnselected.png HTTP/1.1" 200 1175
186.78.33.55 - - [17/May/2016:18:49:41 -0300] "GET /cormun/servlet/veautorizarsolicitud?2016,1665,, HTTP/1.1" 200 7829
190.161.236.237 - - [17/May/2016:18:49:41 -0300] "POST /cormun/servlet/trvisualizadoreventos?08f5519079031c25db2c74909c0c41d0,,gx-no-cache=1463521800981 HTTP/1.1" 200 111
190.161.236.237 - - [17/May/2016:18:49:41 -0300] "GET /cormun/VisualizadorEventos-1638.xls HTTP/1.1" 200 4608
191.112.62.10 - - [17/May/2016:18:49:49 -0300] "POST /cormun/servlet/solicitudotadjuntos?3b67b5ece97eac7408ace8f9feb5f35b,INS,2016,1737,,1, HTTP/1.1" 200 116
191.112.62.10 - - [17/May/2016:18:49:49 -0300] "GET /cormun/servlet/hpexe_return? HTTP/1.1" 200 1035
191.112.62.10 - - [17/May/2016:18:49:50 -0300] "GET /cormun/servlet/vesolicitudot?2016,1737,,SolicitudOTAdjuntos HTTP/1.1" 200 9322
191.112.62.10 - - [17/May/2016:18:49:50 -0300] "GET /cormun/pexe_scrolldiv.js HTTP/1.1" 404 1009
191.112.62.10 - - [17/May/2016:18:49:51 -0300] "GET /cormun/servlet/vesolicitudot?2016,1737,,SolicitudOTAdjuntos HTTP/1.1" 200 9316
191.112.62.10 - - [17/May/2016:18:49:52 -0300] "POST /cormun/servlet/acontrolpreferencessavestate?None,CD-12,true HTTP/1.1" 200 35
201.239.193.195 - - [17/May/2016:18:49:52 -0300] "GET /cormun/servlet/solicitudot?INS,0,0, HTTP/1.1" 200 11768
201.239.193.195 - - [17/May/2016:18:49:55 -0300] "GET /cormun/servlet/solicitudot?INS,0,0, HTTP/1.1" 200 11772
190.161.236.237 - - [17/May/2016:18:49:56 -0300] "POST /cormun/servlet/trvisualizadoreventos?08f5519079031c25db2c74909c0c41d0,,gx-no-cache=1463521815435 HTTP/1.1" 200 3931
190.161.236.237 - - [17/May/2016:18:50:02 -0300] "POST /cormun/servlet/trvisualizadoreventos?08f5519079031c25db2c74909c0c41d0,,gx-no-cache=1463521821498 HTTP/1.1" 200 3931
186.78.33.55 - - [17/May/2016:18:50:09 -0300] "POST /cormun/servlet/veautorizarsolicitud?5bfe0e28cb3341c2a99edc35b11cf29f,2016,1665,,,gx-no-cache=1463521826249 HTTP/1.1" 200 93
186.78.33.55 - - [17/May/2016:18:50:09 -0300] "GET /cormun/servlet/hpexe_return? HTTP/1.1" 200 1019
186.78.33.55 - - [17/May/2016:18:50:09 -0300] "GET /cormun/static/gxcfg.js?2015111312145050 HTTP/1.1" 200 953
186.78.33.55 - - [17/May/2016:18:50:09 -0300] "GET /cormun/static/hpexe_return.js?2015111312145056 HTTP/1.1" 200 1633
186.78.33.55 - - [17/May/2016:18:50:09 -0300] "GET /cormun/static/Resources/Spanish/PXTools.css?12112540 HTTP/1.1" 200 89042
186.78.33.55 - - [17/May/2016:18:50:10 -0300] "GET /cormun/servlet/trautorizarsolicitud? HTTP/1.1" 200 8415
201.239.193.195 - - [17/May/2016:18:50:10 -0300] "GET /cormun/servlet/trvisualizadoreventos? HTTP/1.1" 200 6367
186.78.33.55 - - [17/May/2016:18:50:11 -0300] "GET /cormun/servlet/trautorizarsolicitud? HTTP/1.1" 200 8411
201.239.193.195 - - [17/May/2016:18:50:12 -0300] "GET /cormun/servlet/trvisualizadoreventos? HTTP/1.1" 200 6362
190.161.236.237 - - [17/May/2016:18:50:12 -0300] "GET /cormun/servlet/trvisualizadoreventos? HTTP/1.1" 200 6646
190.161.236.237 - - [17/May/2016:18:50:14 -0300] "GET /cormun/servlet/trvisualizadoreventos? HTTP/1.1" 200 6646
191.112.62.10 - - [17/May/2016:18:50:17 -0300] "GET /cormun/servlet/trsolicitudot? HTTP/1.1" 200 7739
191.112.62.10 - - [17/May/2016:18:50:18 -0300] "GET /cormun/servlet/trsolicitudot? HTTP/1.1" 200 7733
190.161.236.237 - - [17/May/2016:18:50:23 -0300] "POST /cormun/servlet/trvisualizadoreventos?08f5519079031c25db2c74909c0c41d0,,gx-no-cache=1463521843177 HTTP/1.1" 200 3943
191.112.62.10 - - [17/May/2016:18:50:25 -0300] "POST /cormun/servlet/trsolicitudot?3b67b5ece97eac7408ace8f9feb5f35b,,gx-no-cache=1463518238108 HTTP/1.1" 200 3857
191.112.62.10 - - [17/May/2016:18:50:25 -0300] "GET /cormun/static/Shared/jqueryui/images/ui-bg_flat_55_fafafa_40x100.png HTTP/1.1" 404 1097
191.112.62.10 - - [17/May/2016:18:50:25 -0300] "GET /cormun/static/Shared/jqueryui/images/ui-icons_8d78a5_256x240.png HTTP/1.1" 404 1089
191.112.62.10 - - [17/May/2016:18:50:26 -0300] "POST /cormun/servlet/trsolicitudot?3b67b5ece97eac7408ace8f9feb5f35b,,gx-no-cache=1463518238872 HTTP/1.1" 200 3720
186.103.159.204 - - [17/May/2016:18:50:27 -0300] "GET /cormun/servlet/hpexe_return? HTTP/1.1" 200 984
186.103.159.204 - - [17/May/2016:18:50:27 -0300] "GET /cormun/static/gxtimezone.js?85251 HTTP/1.1" 200 5781
186.103.159.204 - - [17/May/2016:18:50:27 -0300] "GET /cormun/static/gxcfg.js?2015111312145050 HTTP/1.1" 200 953
186.103.159.204 - - [17/May/2016:18:50:27 -0300] "GET /cormun/static/RunJS/RunJS.js HTTP/1.1" 200 288
186.103.159.204 - - [17/May/2016:18:50:27 -0300] "GET /cormun/static/messages.spa.js?85251 HTTP/1.1" 200 30736
186.103.159.204 - - [17/May/2016:18:50:27 -0300] "GET /cormun/static/hpexe_return.js?2015111312145056 HTTP/1.1" 200 1633
186.103.159.204 - - [17/May/2016:18:50:27 -0300] "GET /cormun/static/Resources/Spanish/PXTools.css?12112540 HTTP/1.1" 200 89042
