190.161.236.237 - - [16/May/2016:16:03:41 -0300] "GET /cormun/servlet/solicitudot?4fc95414f82dbe86b70916502818504eb8ceb039018ddbab46cd1337be375c0ce23cb5059e03468abf1821bc74c7c49669cb912ba8bbb7a7350f9c658de6101a2e458ffc393f0349cd21e0e6052811830081d6bc0f649139d1293b3e4115fbef85c1cfb87b9b3bbeca1b771c4e18e90f,gx-no-cache=1463425440353 HTTP/1.1" 200 29
190.161.236.237 - - [16/May/2016:16:03:41 -0300] "POST /cormun/servlet/solicitudot?gx-no-cache=1463425440525 HTTP/1.1" 200 1144
190.161.236.237 - - [16/May/2016:16:03:41 -0300] "GET /cormun/static/menuarrow.gif HTTP/1.1" 404 1015
186.103.159.46 - - [16/May/2016:16:03:49 -0300] "GET /cormun/servlet/solicitudot?232c83fec1bbc8fb8da1a043eeac6d50ba20202959f2c22ddd33eceb1c41489e64ac93bf3a1fae55c813c4e70d14a4ff9ab461d0b965d1960a7c9e0facd814b56500d1410d42488bd2ca7699064d05eafa90af9c801b068b99e1549e2bc4ec5392088bd8a6bb854eaaaab7c9f22447af,gx-no-cache=1463425463009 HTTP/1.1" 200 29
186.103.159.46 - - [16/May/2016:16:03:49 -0300] "POST /cormun/servlet/solicitudot?gx-no-cache=1463425463181 HTTP/1.1" 200 404
186.103.159.46 - - [16/May/2016:16:03:49 -0300] "GET /cormun/servlet/solicitudot?232c83fec1bbc8fb8da1a043eeac6d50f74b3b7df0b0a9fdf7c61e0d9c6401f33a16c57383021ae29ab9cf23d6e6a461364c50c918f8385a5f57eaffb4b5fc21bf4230de3329e8d9ce1959c4a3c1318ca63076df1cab0a8d6b3c0a866571dfdc8f65cb45e2558f353b8135251553bd229cd28005921da9cdb97f3f16b9e3ae6c615d9183796d7277f05efb98849fa45c76e69314c4082286534f681b5cc4db0e,gx-no-cache=1463425463335 HTTP/1.1" 200 30
186.103.159.46 - - [16/May/2016:16:03:50 -0300] "POST /cormun/servlet/solicitudot?34084e05f558e9f6aef1713e4f43998a,INS,0,0,,gx-no-cache=1463425463464 HTTP/1.1" 200 93
186.103.159.46 - - [16/May/2016:16:03:50 -0300] "GET /cormun/servlet/hpexe_return? HTTP/1.1" 200 1011
186.103.159.46 - - [16/May/2016:16:03:51 -0300] "GET /cormun/static/gxcfg.js?2015111312145050 HTTP/1.1" 200 953
186.103.159.46 - - [16/May/2016:16:03:51 -0300] "GET /cormun/static/hpexe_return.js?2015111312145056 HTTP/1.1" 200 1633
186.103.159.46 - - [16/May/2016:16:03:51 -0300] "GET /cormun/static/Resources/Spanish/PXTools.css?12112540 HTTP/1.1" 200 89042
186.103.159.46 - - [16/May/2016:16:03:51 -0300] "GET /cormun/servlet/trsolicitudot HTTP/1.1" 200 7705
186.103.159.46 - - [16/May/2016:16:03:53 -0300] "GET /cormun//static/Resources/PXToolsActionView.png HTTP/1.1" 200 2995
186.103.159.46 - - [16/May/2016:16:03:53 -0300] "GET /cormun//static/Resources/PXToolsGridUpdate.png HTTP/1.1" 200 2984
186.103.159.46 - - [16/May/2016:16:03:53 -0300] "GET /cormun//static/Resources/PXToolsGridDelete.png HTTP/1.1" 200 357
186.103.159.46 - - [16/May/2016:16:03:53 -0300] "GET /cormun//static/Resources/PXToolsRemoveAllAction.png HTTP/1.1" 200 3558
186.103.159.46 - - [16/May/2016:16:03:53 -0300] "GET /cormun//static/Resources/PXTools/ActionInsert.png HTTP/1.1" 200 1482
186.103.159.46 - - [16/May/2016:16:03:53 -0300] "GET /cormun/servlet/trsolicitudot HTTP/1.1" 200 7701
186.103.159.46 - - [16/May/2016:16:04:00 -0300] "POST /cormun/servlet/trsolicitudot?34084e05f558e9f6aef1713e4f43998a,gx-no-cache=1463425473583 HTTP/1.1" 200 103
186.103.159.46 - - [16/May/2016:16:04:00 -0300] "GET /cormun/SolicitudOT-1087.xls HTTP/1.1" 200 5120
190.161.236.237 - - [16/May/2016:16:04:02 -0300] "GET /cormun/servlet/solicitudot?4fc95414f82dbe86b70916502818504ece60cd58eb426a2d2ee511b37375bc587a18c053ecacca9b60edb25c50d6b0dc29979510449f8fa5e6fe27e0fcf2044190e068d7f0b7c0e206da2078b8f09780b9c9314b7c26df5953ce76db721aa1984006abb76520656c75561a0ce748d8e3c07f1b1f32597ee9975a028fc372cbe7348f0dccc2c3f54822121b5167b1f3daff82d87e5920931d098172b06a8087545bc437b6f7e7351fea426b359e4dab56,gx-no-cache=1463425461212 HTTP/1.1" 200 30
186.103.159.46 - - [16/May/2016:16:04:14 -0300] "GET /cormun/servlet/solicitudot?INS,0,0, HTTP/1.1" 200 11676
186.103.159.46 - - [16/May/2016:16:04:16 -0300] "GET /cormun/servlet/solicitudot?INS,0,0, HTTP/1.1" 200 11680
186.103.159.46 - - [16/May/2016:16:04:24 -0300] "GET /cormun/servlet/trsolicitudot HTTP/1.1" 200 7705
186.103.159.46 - - [16/May/2016:16:04:25 -0300] "GET /cormun/servlet/trsolicitudot HTTP/1.1" 200 7701
186.103.159.46 - - [16/May/2016:16:04:28 -0300] "GET /cormun/servlet/solicitudot?INS,0,0, HTTP/1.1" 200 11676
186.103.159.230 - - [16/May/2016:16:04:29 -0300] "GET /cormun/servlet/solicitudot?3d36cbb3dc2bd3663dae4f2679a5af5fbe0570b8483f1dd28065d0d7f1c9be6ab30f6d2f24a6b968d57eb63096fa5d96fd0355f828a879c80c46318ea3d4a4d2f66de5e7eb929ea327c482aa317505a0166756cc3d3cbcb3ece9092e8dbcc9f27cb1bfb9cd3f1756bc51e6d57be33481,gx-no-cache=1463425488172 HTTP/1.1" 200 29
186.103.159.230 - - [16/May/2016:16:04:29 -0300] "POST /cormun/servlet/solicitudot?gx-no-cache=1463425488297 HTTP/1.1" 200 404
186.103.159.46 - - [16/May/2016:16:04:29 -0300] "GET /cormun/servlet/solicitudot?INS,0,0, HTTP/1.1" 200 11680
186.103.159.230 - - [16/May/2016:16:04:29 -0300] "GET /cormun/static/menuarrow.gif HTTP/1.1" 404 1015
186.103.159.46 - - [16/May/2016:16:04:36 -0300] "GET /cormun/servlet/trsolicitudot? HTTP/1.1" 200 7703
186.103.159.46 - - [16/May/2016:16:04:37 -0300] "GET /cormun/servlet/trsolicitudot? HTTP/1.1" 200 7701
190.161.236.237 - - [16/May/2016:16:04:40 -0300] "POST /cormun/servlet/solicitudot?6bb01051752ba8cbccb308099f5626b1,INS,0,0,,gx-no-cache=1463425499343 HTTP/1.1" 200 93
190.161.236.237 - - [16/May/2016:16:04:41 -0300] "GET /cormun/servlet/hpexe_return? HTTP/1.1" 200 1013
190.161.236.237 - - [16/May/2016:16:04:41 -0300] "GET /cormun/static/gxcfg.js?2015111312145050 HTTP/1.1" 304 -
190.161.236.237 - - [16/May/2016:16:04:42 -0300] "GET /cormun/servlet/trsolicitudot HTTP/1.1" 200 7776
190.161.236.237 - - [16/May/2016:16:04:43 -0300] "GET /cormun//static/Resources/PXToolsActionView.png HTTP/1.1" 200 2995
190.161.236.237 - - [16/May/2016:16:04:43 -0300] "GET /cormun//static/Resources/PXToolsGridUpdate.png HTTP/1.1" 200 2984
190.161.236.237 - - [16/May/2016:16:04:43 -0300] "GET /cormun//static/Resources/PXToolsGridDelete.png HTTP/1.1" 200 357
190.161.236.237 - - [16/May/2016:16:04:43 -0300] "GET /cormun//static/Resources/PXTools/ActionInsert.png HTTP/1.1" 200 1482
190.161.236.237 - - [16/May/2016:16:04:43 -0300] "GET /cormun//static/Resources/PXToolsRemoveAllAction.png HTTP/1.1" 200 3558
190.161.236.237 - - [16/May/2016:16:04:43 -0300] "GET /cormun/servlet/trsolicitudot HTTP/1.1" 200 7772
190.161.236.237 - - [16/May/2016:16:05:05 -0300] "POST /cormun/servlet/trsolicitudot?6bb01051752ba8cbccb308099f5626b1,gx-no-cache=1463425523909 HTTP/1.1" 200 3860
190.161.236.237 - - [16/May/2016:16:05:05 -0300] "GET /cormun/static/Shared/jqueryui/images/ui-bg_highlight-soft_100_c6c2c8_1x100.png HTTP/1.1" 404 1117
190.161.236.237 - - [16/May/2016:16:05:05 -0300] "GET /cormun/static/Shared/jqueryui/images/ui-icons_82798d_256x240.png HTTP/1.1" 404 1089
190.161.236.237 - - [16/May/2016:16:05:05 -0300] "GET /cormun/static/Shared/jqueryui/images/ui-bg_flat_55_fafafa_40x100.png HTTP/1.1" 404 1097
190.161.236.237 - - [16/May/2016:16:05:05 -0300] "GET /cormun/static/Shared/jqueryui/images/ui-icons_8d78a5_256x240.png HTTP/1.1" 404 1089
190.161.236.237 - - [16/May/2016:16:05:06 -0300] "POST /cormun/servlet/trsolicitudot?6bb01051752ba8cbccb308099f5626b1,gx-no-cache=1463425524703 HTTP/1.1" 200 3711
186.103.159.46 - - [16/May/2016:16:05:13 -0300] "POST /cormun/servlet/trsolicitudot?34084e05f558e9f6aef1713e4f43998a,,gx-no-cache=1463425546277 HTTP/1.1" 200 106
186.103.159.46 - - [16/May/2016:16:05:13 -0300] "GET /cormun/servlet/trsolicitudadjuntos?2016,1711, HTTP/1.1" 200 5484
186.103.159.46 - - [16/May/2016:16:05:13 -0300] "GET /cormun/static/gxcfg.js?2016311731090 HTTP/1.1" 200 953
186.103.159.46 - - [16/May/2016:16:05:13 -0300] "GET /cormun/static/Resources/PXToolsGridFirst.gif HTTP/1.1" 200 379
186.103.159.46 - - [16/May/2016:16:05:13 -0300] "GET /cormun/static/Resources/PXToolsGridPrevious.gif HTTP/1.1" 200 369
186.103.159.46 - - [16/May/2016:16:05:13 -0300] "GET /cormun/static/Resources/PXToolsGridNext.gif HTTP/1.1" 200 369
186.103.159.46 - - [16/May/2016:16:05:13 -0300] "GET /cormun/static/Resources/Spanish/PXTools.css?171692 HTTP/1.1" 200 89042
186.103.159.46 - - [16/May/2016:16:05:13 -0300] "GET /cormun/static/Resources/PXToolsGridLast.gif HTTP/1.1" 200 370
190.161.236.237 - - [16/May/2016:16:05:14 -0300] "GET /cormun/servlet/solicitudot?INS,0,0, HTTP/1.1" 200 11730
186.103.159.230 - - [16/May/2016:16:05:15 -0300] "POST /cormun/servlet/solicitudot?gx-no-cache=1463425533784 HTTP/1.1" 200 1144
190.161.236.237 - - [16/May/2016:16:05:15 -0300] "GET /cormun/servlet/solicitudot?INS,0,0, HTTP/1.1" 200 11735
190.161.236.237 - - [16/May/2016:16:05:26 -0300] "POST /cormun/servlet/solicitudot?gx-no-cache=1463425545005 HTTP/1.1" 200 2801
190.161.236.237 - - [16/May/2016:16:05:27 -0300] "POST /cormun/servlet/solicitudot?6bb01051752ba8cbccb308099f5626b1,INS,0,0,,gx-no-cache=1463425545375 HTTP/1.1" 200 8543
190.161.236.237 - - [16/May/2016:16:05:33 -0300] "GET /cormun/servlet/solicitudot?4fc95414f82dbe86b70916502818504ef10308689a72901c5d5ee5e31a64000c98f683c6ee00174794ec3f0952fefe71,gx-no-cache=1463425552283 HTTP/1.1" 200 30
190.161.236.237 - - [16/May/2016:16:05:33 -0300] "POST /cormun/servlet/solicitudot?gx-no-cache=1463425552402 HTTP/1.1" 200 30
190.161.236.237 - - [16/May/2016:16:05:41 -0300] "POST /cormun/servlet/solicitudot?gx-no-cache=1463425560012 HTTP/1.1" 200 30
190.161.236.237 - - [16/May/2016:16:05:43 -0300] "POST /cormun/servlet/solicitudot?gx-no-cache=1463425562569 HTTP/1.1" 200 1187
190.161.236.237 - - [16/May/2016:16:05:44 -0300] "GET /cormun/servlet/solicitudot?4fc95414f82dbe86b70916502818504e5a25fa9f8414f0130d0538e1aa694714a36746fb79a47c82dd29806d1089ee54594c7aa2251b6b52061e7acaa9ada16b7c72f2a6e79dc4d9416dd15443acffcc36eec58dfbfadf1d17fc095b39f6a225e4bbd64eb4d50bc5d5e69cd471c2435163c17750cc43bc84158ec0b96bf930c1c6ffae9cc426ca0a630c78c05a8d09a3,gx-no-cache=1463425562716 HTTP/1.1" 200 38
190.161.236.237 - - [16/May/2016:16:05:50 -0300] "GET /cormun/servlet/solicitudot?4fc95414f82dbe86b70916502818504eb8ceb039018ddbab46cd1337be375c0ce23cb5059e03468abf1821bc74c7c496fd9f036bcfce6f32d0b6791249eb65181daf39ca4f5356a9c38ed28f809e9afc4fc6eb910633534cddab541c9684688a9750f0299c828344af82c3d5bc458200b3b35f32e2041f752a3340fe93ca4ce1e8b30611e4764055cce13d90e4b9316d14e9980081782451de76b599fcdad18e,gx-no-cache=1463425569422 HTTP/1.1" 200 29
190.161.236.237 - - [16/May/2016:16:05:50 -0300] "POST /cormun/servlet/solicitudot?gx-no-cache=1463425569516 HTTP/1.1" 200 1144
190.161.236.237 - - [16/May/2016:16:05:50 -0300] "GET /cormun/static/menuarrow.gif HTTP/1.1" 404 1015
186.103.159.46 - - [16/May/2016:16:05:54 -0300] "GET /cormun/servlet/trsolicitudot? HTTP/1.1" 200 7703
186.103.159.46 - - [16/May/2016:16:05:56 -0300] "GET /cormun/servlet/trsolicitudot? HTTP/1.1" 200 7701
190.161.236.237 - - [16/May/2016:16:06:12 -0300] "GET /cormun/servlet/solicitudot?4fc95414f82dbe86b70916502818504e2b55828ba12ebc508ac6c6568f14043bb975b24455eecbb4b34cdca2cd5cbd7a29979510449f8fa5e6fe27e0fcf2044190e068d7f0b7c0e206da2078b8f09780b9c9314b7c26df5953ce76db721aa1984006abb76520656c75561a0ce748d8e3c07f1b1f32597ee9975a028fc372cbe7348f0dccc2c3f54822121b5167b1f3daff82d87e5920931d098172b06a8087545bc437b6f7e7351fea426b359e4dab56,gx-no-cache=1463425591020 HTTP/1.1" 200 30
186.103.159.46 - - [16/May/2016:16:06:34 -0300] "POST /cormun/servlet/trsolicitudot?34084e05f558e9f6aef1713e4f43998a,,gx-no-cache=1463425627838 HTTP/1.1" 200 105
186.103.159.46 - - [16/May/2016:16:06:35 -0300] "GET /cormun/servlet/solicitudot?UPD,2016,1711, HTTP/1.1" 200 12191
186.103.159.46 - - [16/May/2016:16:06:37 -0300] "GET /cormun/servlet/solicitudot?UPD,2016,1711, HTTP/1.1" 200 12200
186.103.159.46 - - [16/May/2016:16:06:37 -0300] "POST /cormun/servlet/solicitudot?gx-no-cache=1463425630822 HTTP/1.1" 200 2753
186.103.159.46 - - [16/May/2016:16:06:38 -0300] "POST /cormun/servlet/solicitudot?34084e05f558e9f6aef1713e4f43998a,UPD,2016,1711,,gx-no-cache=1463425631151 HTTP/1.1" 200 8502
186.103.159.46 - - [16/May/2016:16:06:38 -0300] "GET /cormun/servlet/solicitudot?232c83fec1bbc8fb8da1a043eeac6d504ec97be539e00cf02e810cb4910b20d1c62f4e062f65355bb7efdf7b19561512,gx-no-cache=1463425631925 HTTP/1.1" 200 30
186.103.159.46 - - [16/May/2016:16:06:38 -0300] "POST /cormun/servlet/solicitudot?gx-no-cache=1463425632026 HTTP/1.1" 200 30
186.103.159.46 - - [16/May/2016:16:06:38 -0300] "POST /cormun/servlet/solicitudot?gx-no-cache=1463425632088 HTTP/1.1" 200 30
186.103.159.46 - - [16/May/2016:16:06:38 -0300] "POST /cormun/servlet/solicitudot?gx-no-cache=1463425632228 HTTP/1.1" 200 452
186.103.159.46 - - [16/May/2016:16:06:38 -0300] "GET /cormun/servlet/solicitudot?232c83fec1bbc8fb8da1a043eeac6d500a98534761217a9690ffc40327b26cc1783665df48dd43a035ce60ee2d637a98a85058e712ead3cdcf52830ca64ba5a506ec24f3c0333c7724a42f9e249477e4a5d175425c9931c3877dbce98c7bfade34f40abf568e0c8b76fc950ec5b8ae24838ab44c01a8c53f7fec0cb499cabdc9c61708a8b0d40f035b5e5d29b7128f03,gx-no-cache=1463425632390 HTTP/1.1" 200 38
186.103.159.230 - - [16/May/2016:16:06:45 -0300] "POST /cormun/servlet/solicitudot?gx-no-cache=1463425623843 HTTP/1.1" 200 30
186.103.159.230 - - [16/May/2016:16:06:45 -0300] "POST /cormun/servlet/solicitudot?gx-no-cache=1463425623964 HTTP/1.1" 200 1182
186.103.159.230 - - [16/May/2016:16:06:45 -0300] "GET /cormun/servlet/solicitudot?3d36cbb3dc2bd3663dae4f2679a5af5fdc8f2c8f75b809aed0437401a79258a4da5966638ef46fcb058fe02c01bc685592e84f0ae9bd5c4b55da0942069ddc9ebdefdb2d4c0ec4d7f62c832ba00d33194ab6cbd4bc248a6768386c3a431d048d03dc8980cc68cc09e895a6ba325eb90c232bf49054e2e8000324445e3b577e7f8fb33709e4afa314fc244edd00a841559b41da08a325b55d361ab84fe56dfc1a,gx-no-cache=1463425624119 HTTP/1.1" 200 41
186.103.159.230 - - [16/May/2016:16:06:45 -0300] "POST /cormun/servlet/solicitudot?gx-no-cache=1463425624170 HTTP/1.1" 200 1144
186.103.159.230 - - [16/May/2016:16:06:45 -0300] "GET /cormun/servlet/solicitudot?3d36cbb3dc2bd3663dae4f2679a5af5f7107016f529e1969f22d62485e012925e72777dcd03c3069c708c0a90dde32b93e5a46e3e04c5e614e5ccd907c06834cbc9f2a3dd48e98fa3265427ecdb4fd29a545305ee06ee4274d768d651c6f3254d9a5c9281ea07c7b38c7ee6cb61123e07c628d45937d2a5b7fdffc7de618e52e5c491b8e210aa9c2ade4b0e389cec4dfd95bce2484c56c9152e8417a28b911e0ddd66758c26597f3b630e36ba709331a,gx-no-cache=1463425624301 HTTP/1.1" 200 30
190.161.236.237 - - [16/May/2016:16:07:22 -0300] "GET /cormun/servlet/solicitudot?4fc95414f82dbe86b70916502818504e2b55828ba12ebc508ac6c6568f14043bb975b24455eecbb4b34cdca2cd5cbd7a29979510449f8fa5e6fe27e0fcf2044190e068d7f0b7c0e206da2078b8f09780b9c9314b7c26df5953ce76db721aa1984006abb76520656c75561a0ce748d8e3c07f1b1f32597ee9975a028fc372cbe7348f0dccc2c3f54822121b5167b1f3daff82d87e5920931d098172b06a8087545bc437b6f7e7351fea426b359e4dab56,gx-no-cache=1463425661504 HTTP/1.1" 200 30
190.161.236.237 - - [16/May/2016:16:07:23 -0300] "POST /cormun/servlet/solicitudot?6bb01051752ba8cbccb308099f5626b1,INS,0,0,,gx-no-cache=1463425661829 HTTP/1.1" 200 93
190.161.236.237 - - [16/May/2016:16:07:23 -0300] "GET /cormun/servlet/hpexe_return? HTTP/1.1" 200 1035
190.161.236.237 - - [16/May/2016:16:07:23 -0300] "GET /cormun/servlet/trsolicitudot?gx-no-cache=1463425524703 HTTP/1.1" 200 7825
190.161.236.237 - - [16/May/2016:16:07:25 -0300] "GET /cormun/servlet/trsolicitudot?gx-no-cache=1463425524703 HTTP/1.1" 200 7842
190.161.236.237 - - [16/May/2016:16:07:32 -0300] "POST /cormun/servlet/trsolicitudot?6bb01051752ba8cbccb308099f5626b1,gx-no-cache=1463425524703,gx-no-cache=1463425670572 HTTP/1.1" 200 3880
190.161.236.237 - - [16/May/2016:16:07:32 -0300] "POST /cormun/servlet/trsolicitudot?6bb01051752ba8cbccb308099f5626b1,gx-no-cache=1463425524703,gx-no-cache=1463425671467 HTTP/1.1" 200 3711
190.161.236.237 - - [16/May/2016:16:07:40 -0300] "GET /cormun/servlet/solicitudot?INS,0,0, HTTP/1.1" 200 11754
190.161.236.237 - - [16/May/2016:16:07:41 -0300] "GET /cormun/servlet/solicitudot?INS,0,0, HTTP/1.1" 200 11737
186.103.159.46 - - [16/May/2016:16:07:51 -0300] "POST /cormun/servlet/solicitudot?gx-no-cache=1463425705187 HTTP/1.1" 200 30
186.103.159.46 - - [16/May/2016:16:07:51 -0300] "POST /cormun/servlet/solicitudot?gx-no-cache=1463425705320 HTTP/1.1" 200 452
186.103.159.46 - - [16/May/2016:16:07:51 -0300] "GET /cormun/servlet/solicitudot?232c83fec1bbc8fb8da1a043eeac6d500a98534761217a9690ffc40327b26cc1783665df48dd43a035ce60ee2d637a98a85058e712ead3cdcf52830ca64ba5a506ec24f3c0333c7724a42f9e249477e4a5d175425c9931c3877dbce98c7bfade34f40abf568e0c8b76fc950ec5b8ae24838ab44c01a8c53f7fec0cb499cabdc9c61708a8b0d40f035b5e5d29b7128f03,gx-no-cache=1463425705434 HTTP/1.1" 200 38
186.103.159.46 - - [16/May/2016:16:07:51 -0300] "GET /cormun/servlet/solicitudot?232c83fec1bbc8fb8da1a043eeac6d50a8b22f7b03c2c697aa683c09d88d21fe387bb67f44fb87fbc62326528d06c57dd6b9cc7d17f33296442d7b51287aaa3132227cf4f3329052128c89e478f17d6457cbee366bf7fee23c52613062147add08b4efc4872cad73dac826af4dd2ddc7,gx-no-cache=1463425705492 HTTP/1.1" 200 29
186.103.159.46 - - [16/May/2016:16:07:52 -0300] "POST /cormun/servlet/solicitudot?gx-no-cache=1463425705536 HTTP/1.1" 200 404
186.103.159.46 - - [16/May/2016:16:07:52 -0300] "GET /cormun/servlet/solicitudot?232c83fec1bbc8fb8da1a043eeac6d50f74b3b7df0b0a9fdf7c61e0d9c6401f33a16c57383021ae29ab9cf23d6e6a461364c50c918f8385a5f57eaffb4b5fc21bf4230de3329e8d9ce1959c4a3c1318ca63076df1cab0a8d6b3c0a866571dfdc8f65cb45e2558f353b8135251553bd229cd28005921da9cdb97f3f16b9e3ae6c615d9183796d7277f05efb98849fa45c76e69314c4082286534f681b5cc4db0e,gx-no-cache=1463425705644 HTTP/1.1" 200 30
186.103.159.46 - - [16/May/2016:16:07:52 -0300] "POST /cormun/servlet/solicitudot?34084e05f558e9f6aef1713e4f43998a,UPD,2016,1711,,gx-no-cache=1463425705705 HTTP/1.1" 200 93
186.103.159.46 - - [16/May/2016:16:07:52 -0300] "GET /cormun/servlet/hpexe_return? HTTP/1.1" 200 1017
186.103.159.46 - - [16/May/2016:16:07:53 -0300] "GET /cormun/servlet/trsolicitudot HTTP/1.1" 200 7713
186.103.159.46 - - [16/May/2016:16:07:54 -0300] "GET /cormun/servlet/trsolicitudot HTTP/1.1" 200 7710
186.103.159.46 - - [16/May/2016:16:08:00 -0300] "POST /cormun/servlet/trsolicitudot?34084e05f558e9f6aef1713e4f43998a,gx-no-cache=1463425713518 HTTP/1.1" 200 106
186.103.159.46 - - [16/May/2016:16:08:00 -0300] "GET /cormun/servlet/trsolicitudadjuntos?2016,1711, HTTP/1.1" 200 5484
186.103.159.46 - - [16/May/2016:16:08:00 -0300] "GET /cormun/static/trsolicitudadjuntos.js?2016311731342 HTTP/1.1" 200 17913
190.161.236.237 - - [16/May/2016:16:08:01 -0300] "POST /cormun/servlet/solicitudot?gx-no-cache=1463425700479 HTTP/1.1" 200 2762
186.103.159.46 - - [16/May/2016:16:08:02 -0300] "GET /cormun/servlet/trsolicitudadjuntos?2016,1711, HTTP/1.1" 200 5484
190.161.236.237 - - [16/May/2016:16:08:02 -0300] "POST /cormun/servlet/solicitudot?6bb01051752ba8cbccb308099f5626b1,INS,0,0,,gx-no-cache=1463425700853 HTTP/1.1" 200 8541
186.103.159.46 - - [16/May/2016:16:08:04 -0300] "GET /cormun/servlet/solicitudotadjuntos?INS,2016,1711,,2, HTTP/1.1" 200 5573
186.103.159.46 - - [16/May/2016:16:08:05 -0300] "GET /cormun/static/gxcfg.js?201631622493247 HTTP/1.1" 200 953
186.103.159.46 - - [16/May/2016:16:08:05 -0300] "GET /cormun/static/solicitudotadjuntos.js?201631622493267 HTTP/1.1" 200 11762
186.103.159.46 - - [16/May/2016:16:08:05 -0300] "GET /cormun/static/about:blank HTTP/1.1" 404 1011
186.103.159.46 - - [16/May/2016:16:08:06 -0300] "GET /cormun/servlet/solicitudotadjuntos?INS,2016,1711,,2, HTTP/1.1" 200 5567
186.103.159.46 - - [16/May/2016:16:08:06 -0300] "GET /cormun/servlet/solicitudotadjuntos?232c83fec1bbc8fb8da1a043eeac6d507df3f169954ca248a40059f9ed2fc03eb0ef0ef36ba990315a2ad3ef827f5a1c,gx-no-cache=1463425720057 HTTP/1.1" 200 30
186.103.159.46 - - [16/May/2016:16:08:06 -0300] "POST /cormun/servlet/solicitudotadjuntos?34084e05f558e9f6aef1713e4f43998a,INS,2016,1711,,2,,gx-no-cache=1463425720126 HTTP/1.1" 200 3650
190.161.236.237 - - [16/May/2016:16:08:08 -0300] "GET /cormun/servlet/solicitudot?4fc95414f82dbe86b70916502818504ebe42e159d3ee96712bf35505879ee94598f683c6ee00174794ec3f0952fefe71,gx-no-cache=1463425707216 HTTP/1.1" 200 30
190.161.236.237 - - [16/May/2016:16:08:08 -0300] "POST /cormun/servlet/solicitudot?gx-no-cache=1463425707328 HTTP/1.1" 200 30
186.103.159.46 - - [16/May/2016:16:08:14 -0300] "POST /cormun/servlet/solicitudotadjuntos?gx-no-cache=1463425727700 HTTP/1.1" 200 26
186.103.159.230 - - [16/May/2016:16:08:24 -0300] "POST /cormun/servlet/solicitudot?a471b826712affa5ac04318e0265dd5a,INS,0,0,,gx-no-cache=1463425722592 HTTP/1.1" 200 9447
186.103.159.230 - - [16/May/2016:16:08:24 -0300] "GET /cormun/static/Shared/jqueryui/images/ui-bg_highlight-soft_100_c6c2c8_1x100.png HTTP/1.1" 404 1117
186.103.159.230 - - [16/May/2016:16:08:24 -0300] "GET /cormun/static/Shared/jqueryui/images/ui-bg_flat_55_994d53_40x100.png HTTP/1.1" 404 1097
186.103.159.230 - - [16/May/2016:16:08:24 -0300] "GET /cormun/static/Shared/jqueryui/images/ui-icons_82798d_256x240.png HTTP/1.1" 404 1089
186.103.159.230 - - [16/May/2016:16:08:24 -0300] "GET /cormun/static/Shared/jqueryui/images/ui-icons_ebccce_256x240.png HTTP/1.1" 404 1089
186.103.159.230 - - [16/May/2016:16:08:27 -0300] "POST /cormun/servlet/solicitudot?a471b826712affa5ac04318e0265dd5a,INS,0,0,,gx-no-cache=1463425725928 HTTP/1.1" 200 9495
190.161.236.237 - - [16/May/2016:16:08:28 -0300] "POST /cormun/servlet/solicitudot?gx-no-cache=1463425727429 HTTP/1.1" 200 30
190.161.236.237 - - [16/May/2016:16:08:30 -0300] "POST /cormun/servlet/solicitudot?gx-no-cache=1463425729276 HTTP/1.1" 200 1187
190.161.236.237 - - [16/May/2016:16:08:30 -0300] "GET /cormun/servlet/solicitudot?4fc95414f82dbe86b70916502818504e5a25fa9f8414f0130d0538e1aa694714a36746fb79a47c82dd29806d1089ee54594c7aa2251b6b52061e7acaa9ada16b7c72f2a6e79dc4d9416dd15443acffcc36eec58dfbfadf1d17fc095b39f6a225e4bbd64eb4d50bc5d5e69cd471c2435163c17750cc43bc84158ec0b96bf930c1c6ffae9cc426ca0a630c78c05a8d09a3,gx-no-cache=1463425729423 HTTP/1.1" 200 38
190.161.236.237 - - [16/May/2016:16:08:34 -0300] "GET /cormun/servlet/solicitudot?4fc95414f82dbe86b70916502818504eb8ceb039018ddbab46cd1337be375c0ce23cb5059e03468abf1821bc74c7c496fd9f036bcfce6f32d0b6791249eb65181daf39ca4f5356a9c38ed28f809e9afc4fc6eb910633534cddab541c9684688a9750f0299c828344af82c3d5bc458200b3b35f32e2041f752a3340fe93ca4ce1e8b30611e4764055cce13d90e4b9316d14e9980081782451de76b599fcdad18e,gx-no-cache=1463425733342 HTTP/1.1" 200 29
190.161.236.237 - - [16/May/2016:16:08:34 -0300] "POST /cormun/servlet/solicitudot?gx-no-cache=1463425733411 HTTP/1.1" 200 1144
190.161.236.237 - - [16/May/2016:16:08:34 -0300] "GET /cormun/static/menuarrow.gif HTTP/1.1" 404 1015
186.103.159.230 - - [16/May/2016:16:08:41 -0300] "POST /cormun/servlet/solicitudot?gx-no-cache=1463425739792 HTTP/1.1" 200 30
186.103.159.230 - - [16/May/2016:16:08:41 -0300] "POST /cormun/servlet/solicitudot?gx-no-cache=1463425739871 HTTP/1.1" 200 1182
186.103.159.230 - - [16/May/2016:16:08:41 -0300] "GET /cormun/servlet/solicitudot?3d36cbb3dc2bd3663dae4f2679a5af5fdc8f2c8f75b809aed0437401a79258a4da5966638ef46fcb058fe02c01bc685592e84f0ae9bd5c4b55da0942069ddc9ebdefdb2d4c0ec4d7f62c832ba00d33194ab6cbd4bc248a6768386c3a431d048d03dc8980cc68cc09e895a6ba325eb90c232bf49054e2e8000324445e3b577e7f8fb33709e4afa314fc244edd00a841559b41da08a325b55d361ab84fe56dfc1a,gx-no-cache=1463425739978 HTTP/1.1" 200 41
186.103.159.230 - - [16/May/2016:16:08:41 -0300] "POST /cormun/servlet/solicitudot?gx-no-cache=1463425740038 HTTP/1.1" 200 1144
186.103.159.230 - - [16/May/2016:16:08:41 -0300] "GET /cormun/servlet/solicitudot?3d36cbb3dc2bd3663dae4f2679a5af5f7107016f529e1969f22d62485e012925e72777dcd03c3069c708c0a90dde32b93e5a46e3e04c5e614e5ccd907c06834cbc9f2a3dd48e98fa3265427ecdb4fd29a545305ee06ee4274d768d651c6f3254d9a5c9281ea07c7b38c7ee6cb61123e07c628d45937d2a5b7fdffc7de618e52e5c491b8e210aa9c2ade4b0e389cec4dfd95bce2484c56c9152e8417a28b911e0ddd66758c26597f3b630e36ba709331a,gx-no-cache=1463425740156 HTTP/1.1" 200 30
186.103.159.230 - - [16/May/2016:16:08:41 -0300] "POST /cormun/servlet/solicitudot?a471b826712affa5ac04318e0265dd5a,INS,0,0,,gx-no-cache=1463425740225 HTTP/1.1" 200 93
186.103.159.230 - - [16/May/2016:16:08:41 -0300] "GET /cormun/servlet/hpexe_return? HTTP/1.1" 200 1007
186.103.159.230 - - [16/May/2016:16:08:42 -0300] "GET /cormun/static/Resources/Spanish/PXTools.css?12112540 HTTP/1.1" 304 -
186.103.159.230 - - [16/May/2016:16:08:42 -0300] "GET /cormun/static/hpexe_return.js?2015111312145056 HTTP/1.1" 304 -
186.103.159.230 - - [16/May/2016:16:08:42 -0300] "GET /cormun/static/gxcfg.js?2015111312145050 HTTP/1.1" 304 -
186.103.159.230 - - [16/May/2016:16:08:42 -0300] "GET /cormun/servlet/trsolicitudot HTTP/1.1" 200 7795
186.103.159.230 - - [16/May/2016:16:08:43 -0300] "GET /cormun/servlet/trsolicitudot HTTP/1.1" 200 7791
186.103.159.230 - - [16/May/2016:16:08:50 -0300] "POST /cormun/servlet/trsolicitudot?a471b826712affa5ac04318e0265dd5a,gx-no-cache=1463425748284 HTTP/1.1" 200 5366
186.103.159.230 - - [16/May/2016:16:08:50 -0300] "GET /cormun/static/Shared/jqueryui/images/ui-bg_flat_55_fafafa_40x100.png HTTP/1.1" 404 1097
186.103.159.230 - - [16/May/2016:16:08:50 -0300] "GET /cormun/static/Shared/jqueryui/images/ui-icons_8d78a5_256x240.png HTTP/1.1" 404 1089
190.161.236.237 - - [16/May/2016:16:09:37 -0300] "GET /cormun/servlet/solicitudot?4fc95414f82dbe86b70916502818504e307ccdb4756180b4e30e7cc7882b9e978c2dd2cfc72a82952f6850c32e192ce429979510449f8fa5e6fe27e0fcf2044190e068d7f0b7c0e206da2078b8f09780b9c9314b7c26df5953ce76db721aa1984006abb76520656c75561a0ce748d8e3c07f1b1f32597ee9975a028fc372cbe7348f0dccc2c3f54822121b5167b1f3daff82d87e5920931d098172b06a8087545bc437b6f7e7351fea426b359e4dab56,gx-no-cache=1463425795801 HTTP/1.1" 200 30
66.249.83.131 - - [16/May/2016:16:09:51 -0300] "GET /cormun/servlet/hhome HTTP/1.1" 200 3267
66.249.83.135 - - [16/May/2016:16:09:52 -0300] "GET /cormun/servlet/hhome?_escaped_fragment_= HTTP/1.1" 200 3096
190.161.236.237 - - [16/May/2016:16:09:58 -0300] "POST /cormun/servlet/solicitudot?6bb01051752ba8cbccb308099f5626b1,INS,0,0,,gx-no-cache=1463425816392 HTTP/1.1" 200 93
190.161.236.237 - - [16/May/2016:16:09:58 -0300] "GET /cormun/servlet/hpexe_return? HTTP/1.1" 200 1035
190.161.236.237 - - [16/May/2016:16:09:58 -0300] "GET /cormun/servlet/trsolicitudot?gx-no-cache=1463425524703 HTTP/1.1" 200 7801
190.161.236.237 - - [16/May/2016:16:10:00 -0300] "GET /cormun/servlet/trsolicitudot?gx-no-cache=1463425524703 HTTP/1.1" 200 7818
190.161.236.237 - - [16/May/2016:16:10:07 -0300] "GET /cormun/servlet/treventos?2016,1715, HTTP/1.1" 200 5355
190.161.236.237 - - [16/May/2016:16:10:07 -0300] "GET /cormun/static/gxcfg.js?2016311731661 HTTP/1.1" 200 953
190.161.236.237 - - [16/May/2016:16:10:08 -0300] "GET /cormun/static/treventos.js?2016311731865 HTTP/1.1" 200 15094
190.161.236.237 - - [16/May/2016:16:10:08 -0300] "GET /cormun/static/Resources/Spanish/PXTools.css?171692 HTTP/1.1" 200 89042
190.161.236.237 - - [16/May/2016:16:10:09 -0300] "GET /cormun/servlet/treventos?2016,1715, HTTP/1.1" 200 5334
190.161.236.237 - - [16/May/2016:16:10:11 -0300] "GET /cormun/servlet/trsolicitudot?gx-no-cache=1463425524703 HTTP/1.1" 200 7801
190.161.236.237 - - [16/May/2016:16:10:12 -0300] "GET /cormun/servlet/trsolicitudot?gx-no-cache=1463425524703 HTTP/1.1" 200 7818
186.103.159.46 - - [16/May/2016:16:10:15 -0300] "GET /cormun/servlet/solicitudotadjuntos?232c83fec1bbc8fb8da1a043eeac6d509f5bd09764c28fd34cbd55102cdc3135,gx-no-cache=1463425848843 HTTP/1.1" 200 30
186.103.159.46 - - [16/May/2016:16:10:15 -0300] "GET /cormun/servlet/solicitudotadjuntos?232c83fec1bbc8fb8da1a043eeac6d509f5bd09764c28fd34cbd55102cdc3135,gx-no-cache=1463425849183 HTTP/1.1" 200 30
190.161.236.237 - - [16/May/2016:16:10:16 -0300] "POST /cormun/servlet/trsolicitudot?6bb01051752ba8cbccb308099f5626b1,gx-no-cache=1463425524703,gx-no-cache=1463425834479 HTTP/1.1" 200 3861
190.161.236.237 - - [16/May/2016:16:10:17 -0300] "POST /cormun/servlet/trsolicitudot?6bb01051752ba8cbccb308099f5626b1,gx-no-cache=1463425524703,gx-no-cache=1463425835441 HTTP/1.1" 200 3711
186.103.159.46 - - [16/May/2016:16:10:18 -0300] "POST /cormun/servlet/solicitudotadjuntos?34084e05f558e9f6aef1713e4f43998a,INS,2016,1711,,2, HTTP/1.1" 200 116
186.103.159.46 - - [16/May/2016:16:10:18 -0300] "GET /cormun/servlet/hpexe_return? HTTP/1.1" 200 1029
186.103.159.46 - - [16/May/2016:16:10:19 -0300] "GET /cormun/servlet/trsolicitudadjuntos?2016,1711, HTTP/1.1" 200 7413
186.103.159.46 - - [16/May/2016:16:10:20 -0300] "GET /cormun/servlet/trsolicitudadjuntos?2016,1711, HTTP/1.1" 200 7409
190.161.236.237 - - [16/May/2016:16:10:21 -0300] "GET /cormun/servlet/solicitudot?INS,0,0, HTTP/1.1" 200 11754
190.161.236.237 - - [16/May/2016:16:10:22 -0300] "GET /cormun/servlet/solicitudot?INS,0,0, HTTP/1.1" 200 11737
186.103.159.204 - - [16/May/2016:16:10:34 -0300] "GET /cormun/servlet/hpexe_return? HTTP/1.1" 200 983
186.103.159.204 - - [16/May/2016:16:10:34 -0300] "GET /cormun/static/gxtimezone.js?85251 HTTP/1.1" 200 5781
186.103.159.204 - - [16/May/2016:16:10:34 -0300] "GET /cormun/static/gxcfg.js?2015111312145050 HTTP/1.1" 200 953
186.103.159.204 - - [16/May/2016:16:10:34 -0300] "GET /cormun/static/RunJS/RunJS.js HTTP/1.1" 200 288
186.103.159.204 - - [16/May/2016:16:10:34 -0300] "GET /cormun/static/hpexe_return.js?2015111312145056 HTTP/1.1" 200 1633
186.103.159.204 - - [16/May/2016:16:10:34 -0300] "GET /cormun/static/messages.spa.js?85251 HTTP/1.1" 200 30736
186.103.159.204 - - [16/May/2016:16:10:34 -0300] "GET /cormun/static/Resources/Spanish/PXTools.css?12112540 HTTP/1.1" 200 89042
190.161.236.237 - - [16/May/2016:16:10:35 -0300] "POST /cormun/servlet/solicitudot?gx-no-cache=1463425853514 HTTP/1.1" 200 2744
186.103.159.204 - - [16/May/2016:16:10:35 -0300] "GET /cormun/static/gxgral.js?85251 HTTP/1.1" 200 384558
186.103.159.204 - - [16/May/2016:16:10:35 -0300] "GET /cormun/static/Resources/indicator.gif HTTP/1.1" 200 1553
186.103.159.204 - - [16/May/2016:16:10:35 -0300] "GET /cormun/servlet/hhome HTTP/1.1" 200 3284
190.161.236.237 - - [16/May/2016:16:10:36 -0300] "POST /cormun/servlet/solicitudot?6bb01051752ba8cbccb308099f5626b1,INS,0,0,,gx-no-cache=1463425854091 HTTP/1.1" 200 8523
186.103.159.46 - - [16/May/2016:16:10:39 -0300] "GET /cormun/servlet/solicitudotadjuntos?INS,2016,1711,,1, HTTP/1.1" 200 5571
186.103.159.46 - - [16/May/2016:16:10:40 -0300] "GET /cormun/static/about:blank HTTP/1.1" 404 1011
186.103.159.46 - - [16/May/2016:16:10:40 -0300] "GET /cormun/servlet/solicitudotadjuntos?INS,2016,1711,,1, HTTP/1.1" 200 5565
186.103.159.46 - - [16/May/2016:16:10:41 -0300] "GET /cormun/servlet/solicitudotadjuntos?232c83fec1bbc8fb8da1a043eeac6d507df3f169954ca248a40059f9ed2fc03eb0ef0ef36ba990315a2ad3ef827f5a1c,gx-no-cache=1463425874519 HTTP/1.1" 200 30
186.103.159.46 - - [16/May/2016:16:10:41 -0300] "POST /cormun/servlet/solicitudotadjuntos?34084e05f558e9f6aef1713e4f43998a,INS,2016,1711,,1,,gx-no-cache=1463425874676 HTTP/1.1" 200 3434
190.161.236.237 - - [16/May/2016:16:10:43 -0300] "GET /cormun/servlet/solicitudot?4fc95414f82dbe86b70916502818504eb9d5d52d7d4e6fcb4c2f401965aa7d2398f683c6ee00174794ec3f0952fefe71,gx-no-cache=1463425862507 HTTP/1.1" 200 30
190.161.236.237 - - [16/May/2016:16:10:43 -0300] "POST /cormun/servlet/solicitudot?gx-no-cache=1463425862685 HTTP/1.1" 200 30
186.103.159.46 - - [16/May/2016:16:10:44 -0300] "POST /cormun/servlet/solicitudotadjuntos?gx-no-cache=1463425878445 HTTP/1.1" 200 26
190.161.236.237 - - [16/May/2016:16:10:49 -0300] "POST /cormun/servlet/solicitudot?gx-no-cache=1463425868047 HTTP/1.1" 200 30
190.161.236.237 - - [16/May/2016:16:10:51 -0300] "POST /cormun/servlet/solicitudot?gx-no-cache=1463425870026 HTTP/1.1" 200 1187
190.161.236.237 - - [16/May/2016:16:10:51 -0300] "GET /cormun/servlet/solicitudot?4fc95414f82dbe86b70916502818504e5a25fa9f8414f0130d0538e1aa694714a36746fb79a47c82dd29806d1089ee54594c7aa2251b6b52061e7acaa9ada16b7c72f2a6e79dc4d9416dd15443acffcc36eec58dfbfadf1d17fc095b39f6a225e4bbd64eb4d50bc5d5e69cd471c2435163c17750cc43bc84158ec0b96bf930c1c6ffae9cc426ca0a630c78c05a8d09a3,gx-no-cache=1463425870224 HTTP/1.1" 200 38
190.161.236.237 - - [16/May/2016:16:10:57 -0300] "GET /cormun/servlet/solicitudot?4fc95414f82dbe86b70916502818504eb8ceb039018ddbab46cd1337be375c0ce23cb5059e03468abf1821bc74c7c496fd9f036bcfce6f32d0b6791249eb65181daf39ca4f5356a9c38ed28f809e9afc4fc6eb910633534cddab541c9684688a9750f0299c828344af82c3d5bc458200b3b35f32e2041f752a3340fe93ca4ce1e8b30611e4764055cce13d90e4b9316d14e9980081782451de76b599fcdad18e,gx-no-cache=1463425876719 HTTP/1.1" 200 29
190.161.236.237 - - [16/May/2016:16:10:58 -0300] "POST /cormun/servlet/solicitudot?gx-no-cache=1463425876886 HTTP/1.1" 200 1144
190.161.236.237 - - [16/May/2016:16:10:58 -0300] "GET /cormun/static/menuarrow.gif HTTP/1.1" 404 1015
190.161.236.237 - - [16/May/2016:16:11:09 -0300] "GET /cormun/servlet/solicitudot?4fc95414f82dbe86b70916502818504e3e047d3b30bc18f51e36aff931c347336b954192ef0b2e1d0aa5ee9e674be61029979510449f8fa5e6fe27e0fcf2044190e068d7f0b7c0e206da2078b8f09780b9c9314b7c26df5953ce76db721aa1984006abb76520656c75561a0ce748d8e3c07f1b1f32597ee9975a028fc372cbe7348f0dccc2c3f54822121b5167b1f3daff82d87e5920931d098172b06a8087545bc437b6f7e7351fea426b359e4dab56,gx-no-cache=1463425887859 HTTP/1.1" 200 30
190.161.236.237 - - [16/May/2016:16:11:29 -0300] "POST /cormun/servlet/solicitudot?6bb01051752ba8cbccb308099f5626b1,INS,0,0,,gx-no-cache=1463425908195 HTTP/1.1" 200 93
190.161.236.237 - - [16/May/2016:16:11:29 -0300] "GET /cormun/servlet/hpexe_return? HTTP/1.1" 200 1035
190.161.236.237 - - [16/May/2016:16:11:30 -0300] "GET /cormun/servlet/trsolicitudot?gx-no-cache=1463425524703 HTTP/1.1" 200 7800
190.161.236.237 - - [16/May/2016:16:11:31 -0300] "GET /cormun/servlet/trsolicitudot?gx-no-cache=1463425524703 HTTP/1.1" 200 7817
190.161.236.237 - - [16/May/2016:16:11:34 -0300] "POST /cormun/servlet/trsolicitudot?6bb01051752ba8cbccb308099f5626b1,gx-no-cache=1463425524703,gx-no-cache=1463425913241 HTTP/1.1" 200 3856
190.161.236.237 - - [16/May/2016:16:11:35 -0300] "POST /cormun/servlet/trsolicitudot?6bb01051752ba8cbccb308099f5626b1,gx-no-cache=1463425524703,gx-no-cache=1463425913816 HTTP/1.1" 200 3711
186.103.159.46 - - [16/May/2016:16:11:49 -0300] "GET /cormun/servlet/solicitudotadjuntos?232c83fec1bbc8fb8da1a043eeac6d509f5bd09764c28fd34cbd55102cdc3135,gx-no-cache=1463425943101 HTTP/1.1" 200 30
186.103.159.46 - - [16/May/2016:16:11:49 -0300] "GET /cormun/servlet/solicitudotadjuntos?232c83fec1bbc8fb8da1a043eeac6d509f5bd09764c28fd34cbd55102cdc3135,gx-no-cache=1463425943238 HTTP/1.1" 200 30
186.103.159.46 - - [16/May/2016:16:11:50 -0300] "POST /cormun/servlet/solicitudotadjuntos?34084e05f558e9f6aef1713e4f43998a,INS,2016,1711,,1, HTTP/1.1" 200 116
186.103.159.46 - - [16/May/2016:16:11:50 -0300] "GET /cormun/servlet/hpexe_return? HTTP/1.1" 200 1029
186.103.159.46 - - [16/May/2016:16:11:51 -0300] "GET /cormun/servlet/trsolicitudadjuntos?2016,1711, HTTP/1.1" 200 7601
186.103.159.46 - - [16/May/2016:16:11:52 -0300] "GET /cormun/servlet/trsolicitudadjuntos?2016,1711, HTTP/1.1" 200 7599
190.161.236.237 - - [16/May/2016:16:11:57 -0300] "GET /cormun/servlet/hlogin HTTP/1.1" 200 1761
186.103.159.46 - - [16/May/2016:16:11:57 -0300] "GET /cormun/servlet/solicitudotadjuntos?INS,2016,1711,,1, HTTP/1.1" 200 5570
186.103.159.46 - - [16/May/2016:16:11:57 -0300] "GET /cormun/static/about:blank HTTP/1.1" 404 1011
186.103.159.46 - - [16/May/2016:16:11:59 -0300] "GET /cormun/servlet/solicitudotadjuntos?INS,2016,1711,,1, HTTP/1.1" 200 5564
186.103.159.46 - - [16/May/2016:16:11:59 -0300] "GET /cormun/servlet/solicitudotadjuntos?232c83fec1bbc8fb8da1a043eeac6d507df3f169954ca248a40059f9ed2fc03eb0ef0ef36ba990315a2ad3ef827f5a1c,gx-no-cache=1463425953002 HTTP/1.1" 200 30
186.103.159.46 - - [16/May/2016:16:11:59 -0300] "POST /cormun/servlet/solicitudotadjuntos?34084e05f558e9f6aef1713e4f43998a,INS,2016,1711,,1,,gx-no-cache=1463425953069 HTTP/1.1" 200 3434
186.103.159.46 - - [16/May/2016:16:12:11 -0300] "POST /cormun/servlet/solicitudotadjuntos?gx-no-cache=1463425965147 HTTP/1.1" 200 26
190.161.236.237 - - [16/May/2016:16:12:30 -0300] "POST /cormun/servlet/hlogin?6bb01051752ba8cbccb308099f5626b1,gx-no-cache=1463425969487 HTTP/1.1" 200 90
190.161.236.237 - - [16/May/2016:16:12:30 -0300] "GET /cormun/servlet/hpexe_link HTTP/1.1" 200 981
190.161.236.237 - - [16/May/2016:16:12:31 -0300] "GET /cormun/servlet/trsolicitudot?gx-no-cache=1463425524703 HTTP/1.1" 200 6505
190.161.236.237 - - [16/May/2016:16:12:32 -0300] "GET /cormun/servlet/trsolicitudot?gx-no-cache=1463425524703 HTTP/1.1" 200 6523
190.161.236.237 - - [16/May/2016:16:12:34 -0300] "GET /cormun/servlet/solicitudot?INS,0,0, HTTP/1.1" 200 11754
190.161.236.237 - - [16/May/2016:16:12:36 -0300] "GET /cormun/servlet/solicitudot?INS,0,0, HTTP/1.1" 200 11737
186.103.159.46 - - [16/May/2016:16:12:36 -0300] "GET /cormun/servlet/solicitudotadjuntos?232c83fec1bbc8fb8da1a043eeac6d509f5bd09764c28fd34cbd55102cdc3135,gx-no-cache=1463425990099 HTTP/1.1" 200 30
186.103.159.46 - - [16/May/2016:16:12:36 -0300] "GET /cormun/servlet/solicitudotadjuntos?232c83fec1bbc8fb8da1a043eeac6d509f5bd09764c28fd34cbd55102cdc3135,gx-no-cache=1463425990216 HTTP/1.1" 200 30
186.103.159.46 - - [16/May/2016:16:12:38 -0300] "POST /cormun/servlet/solicitudotadjuntos?34084e05f558e9f6aef1713e4f43998a,INS,2016,1711,,1, HTTP/1.1" 200 116
186.103.159.46 - - [16/May/2016:16:12:39 -0300] "GET /cormun/servlet/hpexe_return? HTTP/1.1" 200 1029
186.103.159.46 - - [16/May/2016:16:12:40 -0300] "GET /cormun/servlet/trsolicitudadjuntos?2016,1711, HTTP/1.1" 200 7749
186.103.159.46 - - [16/May/2016:16:12:41 -0300] "GET /cormun/servlet/trsolicitudadjuntos?2016,1711, HTTP/1.1" 200 7742
186.103.159.46 - - [16/May/2016:16:12:46 -0300] "GET /cormun/servlet/solicitudotadjuntos?INS,2016,1711,,1, HTTP/1.1" 200 5571
186.103.159.46 - - [16/May/2016:16:12:47 -0300] "GET /cormun/static/about:blank HTTP/1.1" 404 1011
190.161.236.237 - - [16/May/2016:16:12:47 -0300] "POST /cormun/servlet/solicitudot?gx-no-cache=1463425986334 HTTP/1.1" 200 2778
186.103.159.46 - - [16/May/2016:16:12:48 -0300] "GET /cormun/servlet/solicitudotadjuntos?INS,2016,1711,,1, HTTP/1.1" 200 5565
186.103.159.46 - - [16/May/2016:16:12:48 -0300] "GET /cormun/servlet/solicitudotadjuntos?232c83fec1bbc8fb8da1a043eeac6d507df3f169954ca248a40059f9ed2fc03eb0ef0ef36ba990315a2ad3ef827f5a1c,gx-no-cache=1463426002178 HTTP/1.1" 200 30
190.161.236.237 - - [16/May/2016:16:12:48 -0300] "POST /cormun/servlet/solicitudot?6bb01051752ba8cbccb308099f5626b1,INS,0,0,,gx-no-cache=1463425987234 HTTP/1.1" 200 8545
186.103.159.46 - - [16/May/2016:16:12:49 -0300] "POST /cormun/servlet/solicitudotadjuntos?34084e05f558e9f6aef1713e4f43998a,INS,2016,1711,,1,,gx-no-cache=1463426002289 HTTP/1.1" 200 3435
190.161.236.237 - - [16/May/2016:16:12:53 -0300] "GET /cormun/servlet/solicitudot?4fc95414f82dbe86b70916502818504eeff646cd8d166d360e7e6bf321198e4198f683c6ee00174794ec3f0952fefe71,gx-no-cache=1463425991891 HTTP/1.1" 200 30
190.161.236.237 - - [16/May/2016:16:12:53 -0300] "POST /cormun/servlet/solicitudot?gx-no-cache=1463425992070 HTTP/1.1" 200 30
186.103.159.46 - - [16/May/2016:16:12:54 -0300] "POST /cormun/servlet/solicitudotadjuntos?gx-no-cache=1463426007994 HTTP/1.1" 200 26
190.161.236.237 - - [16/May/2016:16:12:56 -0300] "POST /cormun/servlet/solicitudot?gx-no-cache=1463425995236 HTTP/1.1" 200 30
190.161.236.237 - - [16/May/2016:16:12:57 -0300] "POST /cormun/servlet/solicitudot?gx-no-cache=1463425996521 HTTP/1.1" 200 1187
190.161.236.237 - - [16/May/2016:16:12:57 -0300] "GET /cormun/servlet/solicitudot?4fc95414f82dbe86b70916502818504e5a25fa9f8414f0130d0538e1aa694714a36746fb79a47c82dd29806d1089ee54594c7aa2251b6b52061e7acaa9ada16b7c72f2a6e79dc4d9416dd15443acffcc36eec58dfbfadf1d17fc095b39f6a225e4bbd64eb4d50bc5d5e69cd471c2435163c17750cc43bc84158ec0b96bf930c1c6ffae9cc426ca0a630c78c05a8d09a3,gx-no-cache=1463425996633 HTTP/1.1" 200 38
190.161.236.237 - - [16/May/2016:16:13:07 -0300] "GET /cormun/servlet/solicitudot?4fc95414f82dbe86b70916502818504eb8ceb039018ddbab46cd1337be375c0ce23cb5059e03468abf1821bc74c7c496fd9f036bcfce6f32d0b6791249eb65181daf39ca4f5356a9c38ed28f809e9afc4fc6eb910633534cddab541c9684688a9750f0299c828344af82c3d5bc458200b3b35f32e2041f752a3340fe93ca4ce1e8b30611e4764055cce13d90e4b9316d14e9980081782451de76b599fcdad18e,gx-no-cache=1463426006480 HTTP/1.1" 200 29
190.161.236.237 - - [16/May/2016:16:13:07 -0300] "POST /cormun/servlet/solicitudot?gx-no-cache=1463426006549 HTTP/1.1" 200 1144
190.161.236.237 - - [16/May/2016:16:13:07 -0300] "GET /cormun/static/menuarrow.gif HTTP/1.1" 404 1015
186.103.159.46 - - [16/May/2016:16:13:09 -0300] "GET /cormun/servlet/solicitudotadjuntos?232c83fec1bbc8fb8da1a043eeac6d509f5bd09764c28fd34cbd55102cdc3135,gx-no-cache=1463426022778 HTTP/1.1" 200 30
186.103.159.46 - - [16/May/2016:16:13:09 -0300] "GET /cormun/servlet/solicitudotadjuntos?232c83fec1bbc8fb8da1a043eeac6d509f5bd09764c28fd34cbd55102cdc3135,gx-no-cache=1463426022844 HTTP/1.1" 200 30
186.103.159.46 - - [16/May/2016:16:13:09 -0300] "POST /cormun/servlet/solicitudotadjuntos?34084e05f558e9f6aef1713e4f43998a,INS,2016,1711,,1, HTTP/1.1" 200 116
186.103.159.46 - - [16/May/2016:16:13:09 -0300] "GET /cormun/servlet/hpexe_return? HTTP/1.1" 200 1029
186.103.159.46 - - [16/May/2016:16:13:10 -0300] "GET /cormun/servlet/trsolicitudadjuntos?2016,1711, HTTP/1.1" 200 7872
186.103.159.46 - - [16/May/2016:16:13:12 -0300] "GET /cormun/servlet/trsolicitudadjuntos?2016,1711, HTTP/1.1" 200 7868
186.103.159.46 - - [16/May/2016:16:13:14 -0300] "GET /cormun/servlet/solicitudotadjuntos?INS,2016,1711,,1, HTTP/1.1" 200 5571
186.103.159.46 - - [16/May/2016:16:13:14 -0300] "GET /cormun/static/about:blank HTTP/1.1" 404 1011
186.103.159.46 - - [16/May/2016:16:13:16 -0300] "GET /cormun/servlet/solicitudotadjuntos?INS,2016,1711,,1, HTTP/1.1" 200 5565
186.103.159.46 - - [16/May/2016:16:13:16 -0300] "GET /cormun/servlet/solicitudotadjuntos?232c83fec1bbc8fb8da1a043eeac6d507df3f169954ca248a40059f9ed2fc03eb0ef0ef36ba990315a2ad3ef827f5a1c,gx-no-cache=1463426030131 HTTP/1.1" 200 30
186.103.159.46 - - [16/May/2016:16:13:17 -0300] "POST /cormun/servlet/solicitudotadjuntos?34084e05f558e9f6aef1713e4f43998a,INS,2016,1711,,1,,gx-no-cache=1463426030269 HTTP/1.1" 200 3435
186.103.159.46 - - [16/May/2016:16:13:22 -0300] "POST /cormun/servlet/solicitudotadjuntos?gx-no-cache=1463426035818 HTTP/1.1" 200 26
190.161.236.237 - - [16/May/2016:16:13:30 -0300] "GET /cormun/servlet/solicitudot?4fc95414f82dbe86b70916502818504e226fdb652fddd0a199a07a3c9cbc677279c5e967e34ffed10a9a0518fb9bfc7f29979510449f8fa5e6fe27e0fcf2044190e068d7f0b7c0e206da2078b8f09780b9c9314b7c26df5953ce76db721aa1984006abb76520656c75561a0ce748d8e3c07f1b1f32597ee9975a028fc372cbe7348f0dccc2c3f54822121b5167b1f3daff82d87e5920931d098172b06a8087545bc437b6f7e7351fea426b359e4dab56,gx-no-cache=1463426029592 HTTP/1.1" 200 30
186.103.159.46 - - [16/May/2016:16:13:38 -0300] "GET /cormun/servlet/solicitudotadjuntos?232c83fec1bbc8fb8da1a043eeac6d509f5bd09764c28fd34cbd55102cdc3135,gx-no-cache=1463426051579 HTTP/1.1" 200 30
186.103.159.46 - - [16/May/2016:16:13:38 -0300] "GET /cormun/servlet/solicitudotadjuntos?232c83fec1bbc8fb8da1a043eeac6d509f5bd09764c28fd34cbd55102cdc3135,gx-no-cache=1463426051677 HTTP/1.1" 200 30
186.103.159.46 - - [16/May/2016:16:13:38 -0300] "POST /cormun/servlet/solicitudotadjuntos?34084e05f558e9f6aef1713e4f43998a,INS,2016,1711,,1, HTTP/1.1" 200 116
186.103.159.46 - - [16/May/2016:16:13:38 -0300] "GET /cormun/servlet/hpexe_return? HTTP/1.1" 200 1029
186.103.159.46 - - [16/May/2016:16:13:39 -0300] "GET /cormun/servlet/trsolicitudadjuntos?2016,1711, HTTP/1.1" 200 8009
186.103.159.46 - - [16/May/2016:16:13:41 -0300] "GET /cormun/servlet/trsolicitudadjuntos?2016,1711, HTTP/1.1" 200 8010
190.161.236.237 - - [16/May/2016:16:13:59 -0300] "POST /cormun/servlet/solicitudot?6bb01051752ba8cbccb308099f5626b1,INS,0,0,,gx-no-cache=1463426057446 HTTP/1.1" 200 93
190.161.236.237 - - [16/May/2016:16:13:59 -0300] "GET /cormun/servlet/hpexe_return? HTTP/1.1" 200 1035
190.161.236.237 - - [16/May/2016:16:13:59 -0300] "GET /cormun/servlet/trsolicitudot?gx-no-cache=1463425524703 HTTP/1.1" 200 7803
190.161.236.237 - - [16/May/2016:16:14:00 -0300] "GET /cormun/servlet/trsolicitudot?gx-no-cache=1463425524703 HTTP/1.1" 200 7820
186.103.159.46 - - [16/May/2016:16:14:02 -0300] "GET /cormun/servlet/solicitudotadjuntos?INS,2016,1711,,1, HTTP/1.1" 200 5571
186.103.159.46 - - [16/May/2016:16:14:02 -0300] "GET /cormun/static/about:blank HTTP/1.1" 404 1011
186.103.159.46 - - [16/May/2016:16:14:03 -0300] "GET /cormun/servlet/solicitudotadjuntos?INS,2016,1711,,1, HTTP/1.1" 200 5565
186.103.159.46 - - [16/May/2016:16:14:04 -0300] "GET /cormun/servlet/solicitudotadjuntos?232c83fec1bbc8fb8da1a043eeac6d507df3f169954ca248a40059f9ed2fc03eb0ef0ef36ba990315a2ad3ef827f5a1c,gx-no-cache=1463426077749 HTTP/1.1" 200 30
186.103.159.46 - - [16/May/2016:16:14:04 -0300] "POST /cormun/servlet/solicitudotadjuntos?34084e05f558e9f6aef1713e4f43998a,INS,2016,1711,,1,,gx-no-cache=1463426077876 HTTP/1.1" 200 3435
190.161.236.237 - - [16/May/2016:16:14:09 -0300] "POST /cormun/servlet/trsolicitudot?6bb01051752ba8cbccb308099f5626b1,gx-no-cache=1463425524703,gx-no-cache=1463426068304 HTTP/1.1" 200 3867
190.161.236.237 - - [16/May/2016:16:14:09 -0300] "GET /cormun/static/Shared/jqueryui/images/ui-bg_highlight-soft_100_c6c2c8_1x100.png HTTP/1.1" 404 1117
190.161.236.237 - - [16/May/2016:16:14:10 -0300] "GET /cormun/static/Shared/jqueryui/images/ui-bg_flat_55_fafafa_40x100.png HTTP/1.1" 404 1097
190.161.236.237 - - [16/May/2016:16:14:10 -0300] "GET /cormun/static/Shared/jqueryui/images/ui-icons_82798d_256x240.png HTTP/1.1" 404 1089
190.161.236.237 - - [16/May/2016:16:14:10 -0300] "GET /cormun/static/Shared/jqueryui/images/ui-icons_8d78a5_256x240.png HTTP/1.1" 404 1089
190.161.236.237 - - [16/May/2016:16:14:10 -0300] "POST /cormun/servlet/trsolicitudot?6bb01051752ba8cbccb308099f5626b1,gx-no-cache=1463425524703,gx-no-cache=1463426068911 HTTP/1.1" 200 3711
186.103.159.46 - - [16/May/2016:16:14:12 -0300] "POST /cormun/servlet/solicitudotadjuntos?gx-no-cache=1463426085586 HTTP/1.1" 200 26
190.161.236.237 - - [16/May/2016:16:14:14 -0300] "GET /cormun/servlet/hlogin HTTP/1.1" 200 1761
186.103.159.46 - - [16/May/2016:16:14:46 -0300] "POST /cormun/servlet/solicitudotadjuntos?gx-no-cache=1463426119921 HTTP/1.1" 200 26
190.161.236.237 - - [16/May/2016:16:15:02 -0300] "POST /cormun/servlet/hlogin?6bb01051752ba8cbccb308099f5626b1,gx-no-cache=1463426120875 HTTP/1.1" 200 90
190.161.236.237 - - [16/May/2016:16:15:02 -0300] "GET /cormun/servlet/hpexe_link HTTP/1.1" 200 956
190.161.236.237 - - [16/May/2016:16:15:02 -0300] "GET /cormun/servlet/hhome HTTP/1.1" 200 3609
190.161.236.237 - - [16/May/2016:16:15:03 -0300] "GET /cormun/servlet/hhome HTTP/1.1" 200 3608
190.161.236.237 - - [16/May/2016:16:15:09 -0300] "GET /cormun/servlet/trautorizarsolicitud? HTTP/1.1" 200 8997
190.161.236.237 - - [16/May/2016:16:15:11 -0300] "GET /cormun/servlet/trautorizarsolicitud? HTTP/1.1" 200 8995
186.103.159.44 - - [16/May/2016:16:15:13 -0300] "GET /cormun/servlet/solicitudot?23a58ed862b7134c40da325c83e4ad05711d477a74050ea12ff08ae1fcee465af1dddf3d09b1b3a7a6fc9f28c54836df44b8dadc73369a791689825ce89f9259104787ae5ef1cc61674c516bd083d463f4fbe28e192c3facd78f608406259d6eb258fa8b0855be82851c8a47f8aafcbe7424ea8a018bc2ecbd47a9affd3f1c40371bff4707b3fbde0ee029a96ab641971dc65d5c6b907d086053d44c7fa1bf2e,gx-no-cache=1463426132120 HTTP/1.1" 500 10
186.103.159.44 - - [16/May/2016:16:15:13 -0300] "GET /cormun/servlet/solicitudot?23a58ed862b7134c40da325c83e4ad052f5a5f9538fa714eaddbbad64bb5494d667a13d8275e39ebc5a2c43dc8b6fcf6ae5114251027faccd2fcb7d09b4cb959bb56781d553f738e1624ebf58c31ea539ba6a87c8c371719fe34ec67d0d9388201637838d82b747cf86a749876eb75f44ebfa6dacf29d9c80ca8a84dcfd604986062893e202bf243f8770d814da55b88080c0ab973fe046d9b93d78a6d0e192d2fa64d801dbdfdd1a9db23d9075e8e6d5307dfc7f5d606b6b57ef1fdd760d67e,gx-no-cache=1463426132334 HTTP/1.1" 440 972
186.103.159.44 - - [16/May/2016:16:15:14 -0300] "POST /cormun/servlet/solicitudot?19cb7bddc056a3e3cf6251651c1b3bb3,INS,0,0,,gx-no-cache=1463426133963 HTTP/1.1" 440 972
186.103.159.44 - - [16/May/2016:16:15:15 -0300] "GET /cormun/servlet/solicitudot?INS,0,0, HTTP/1.1" 200 11223
186.103.159.44 - - [16/May/2016:16:15:16 -0300] "GET /cormun/servlet/solicitudot?INS,0,0, HTTP/1.1" 200 11223
186.103.159.44 - - [16/May/2016:16:15:17 -0300] "GET /cormun/servlet/hlogin HTTP/1.1" 200 1740
190.161.236.237 - - [16/May/2016:16:15:20 -0300] "GET /cormun/servlet/veautorizarsolicitud?2016,1717,, HTTP/1.1" 200 7841
190.161.236.237 - - [16/May/2016:16:15:20 -0300] "GET /cormun/static/gxcfg.js?201631021474341 HTTP/1.1" 200 953
190.161.236.237 - - [16/May/2016:16:15:20 -0300] "GET /cormun/pexe_scrolldiv.js HTTP/1.1" 404 1009
190.161.236.237 - - [16/May/2016:16:15:20 -0300] "GET /cormun/static/hwcviewtabs.js?20151120014372 HTTP/1.1" 200 1074
190.161.236.237 - - [16/May/2016:16:15:20 -0300] "GET /cormun/static/veautorizarsolicitud.js?201631021474418 HTTP/1.1" 200 6140
190.161.236.237 - - [16/May/2016:16:15:20 -0300] "GET /cormun/static/hpexe_tabsview.js?20151120014350 HTTP/1.1" 200 1661
190.161.236.237 - - [16/May/2016:16:15:20 -0300] "GET /cormun/static/Resources/PXToolsTabFirstSelected.png HTTP/1.1" 200 1259
190.161.236.237 - - [16/May/2016:16:15:20 -0300] "GET /cormun/static/Resources/PXToolsTabLastUnselected.png HTTP/1.1" 200 1291
190.161.236.237 - - [16/May/2016:16:15:20 -0300] "GET /cormun/static/tbautorizarsolicitud01.js?201631022495836 HTTP/1.1" 200 28339
190.161.236.237 - - [16/May/2016:16:15:21 -0300] "GET /cormun/static/calendar-system.css HTTP/1.1" 200 5572
190.161.236.237 - - [16/May/2016:16:15:21 -0300] "GET /cormun/static/Resources/PXToolsTabBackUnselected.png HTTP/1.1" 200 1175
190.161.236.237 - - [16/May/2016:16:15:21 -0300] "GET /cormun/static/Resources/PXToolsTabBackSelected.png HTTP/1.1" 200 1157
190.161.236.237 - - [16/May/2016:16:15:21 -0300] "GET /cormun/static/Resources/PXToolsTabUnselectedUnselected.png HTTP/1.1" 200 1459
190.161.236.237 - - [16/May/2016:16:15:21 -0300] "GET /cormun/static/Resources/PXToolsTabSelectedUnselected.png HTTP/1.1" 200 1428
