186.103.156.24 - - [02/May/2016:09:22:00 -0300] "POST /cormun/servlet/solicitudotadjuntos?gx-no-cache=1462191841138 HTTP/1.1" 200 26
186.103.156.24 - - [02/May/2016:09:22:08 -0300] "GET /cormun/servlet/solicitudotadjuntos?e50e2ec002f825c3bde4026c8112c6950748129ea17de92efd8637ce73d55e4b,gx-no-cache=1462191850707 HTTP/1.1" 200 30
186.103.156.24 - - [02/May/2016:09:22:08 -0300] "GET /cormun/servlet/solicitudotadjuntos?e50e2ec002f825c3bde4026c8112c6950748129ea17de92efd8637ce73d55e4b,gx-no-cache=1462191850773 HTTP/1.1" 200 30
186.103.156.24 - - [02/May/2016:09:22:10 -0300] "POST /cormun/servlet/solicitudotadjuntos?314f2df015308b27bc48fa4988653ff7,INS,2016,1568,,1, HTTP/1.1" 200 116
186.103.156.24 - - [02/May/2016:09:22:10 -0300] "GET /cormun/servlet/hpexe_return? HTTP/1.1" 200 1027
186.103.156.24 - - [02/May/2016:09:22:11 -0300] "GET /cormun/servlet/trsolicitudadjuntos?2016,1568, HTTP/1.1" 200 7446
186.103.156.24 - - [02/May/2016:09:22:11 -0300] "GET /cormun/servlet/trsolicitudadjuntos?2016,1568, HTTP/1.1" 200 7442
191.112.28.58 - - [02/May/2016:09:22:16 -0300] "GET /cormun/servlet/prcontratosol?17134446,,,,,MD,,gxPopupLevel%3D0%3B HTTP/1.1" 200 5388
186.103.156.24 - - [02/May/2016:09:22:16 -0300] "GET /cormun/servlet/solicitudotadjuntos?INS,2016,1568,,1, HTTP/1.1" 200 5644
186.103.156.24 - - [02/May/2016:09:22:16 -0300] "GET /cormun/static/about:blank HTTP/1.1" 404 1011
186.103.156.24 - - [02/May/2016:09:22:16 -0300] "GET /cormun/servlet/solicitudotadjuntos?INS,2016,1568,,1, HTTP/1.1" 200 5638
186.103.156.24 - - [02/May/2016:09:22:17 -0300] "GET /cormun/servlet/solicitudotadjuntos?e50e2ec002f825c3bde4026c8112c695cd0caae16c04de809e0d3de2bdc5785c840121e830eed339e1ed2df9ab4b7cc4,gx-no-cache=1462191859474 HTTP/1.1" 200 30
186.103.156.24 - - [02/May/2016:09:22:17 -0300] "POST /cormun/servlet/solicitudotadjuntos?314f2df015308b27bc48fa4988653ff7,INS,2016,1568,,1,,gx-no-cache=1462191859553 HTTP/1.1" 200 3511
191.112.28.58 - - [02/May/2016:09:22:21 -0300] "POST /cormun/servlet/solicitudot?gx-no-cache=1462191757953 HTTP/1.1" 200 1184
191.112.28.58 - - [02/May/2016:09:22:21 -0300] "GET /cormun/servlet/solicitudot?216e200a289570d528dcd491cfebfe65be2cd0de1239db7cff7df44dd158a4c2316143775b73f961413a04da049ae5ae958b6658ae8b3284cfdb7cca385199b014399913be28a09937801df0ba8c4a346196d57621220afdd8d66c7dd3fda6e82c9ab34ccb47d72281a123e727226d7fafa5bfc65487ad541037ccd12f5c557c05d5a069a8571c929ce527f7a3780abb2aa8c065a6d1db72a3e104431b55bdad,gx-no-cache=1462191758247 HTTP/1.1" 200 41
191.112.28.58 - - [02/May/2016:09:22:21 -0300] "POST /cormun/servlet/solicitudot?gx-no-cache=1462191758403 HTTP/1.1" 200 1143
191.112.28.58 - - [02/May/2016:09:22:23 -0300] "GET /cormun/servlet/prsolicitudot?17134446,,,,,MD,,gxPopupLevel%3D0%3B HTTP/1.1" 200 5564
186.103.156.24 - - [02/May/2016:09:22:23 -0300] "POST /cormun/servlet/solicitudotadjuntos?gx-no-cache=1462191866500 HTTP/1.1" 200 26
191.112.28.58 - - [02/May/2016:09:22:29 -0300] "GET /cormun/servlet/prpersonalsolicitud?17134446,,,,,MD,,gxPopupLevel%3D0%3B HTTP/1.1" 200 5412
186.103.156.24 - - [02/May/2016:09:22:33 -0300] "GET /cormun/servlet/solicitudotadjuntos?e50e2ec002f825c3bde4026c8112c6950748129ea17de92efd8637ce73d55e4b,gx-no-cache=1462191877491 HTTP/1.1" 200 30
186.103.156.24 - - [02/May/2016:09:22:33 -0300] "GET /cormun/servlet/solicitudotadjuntos?e50e2ec002f825c3bde4026c8112c6950748129ea17de92efd8637ce73d55e4b,gx-no-cache=1462191877531 HTTP/1.1" 200 30
186.103.156.24 - - [02/May/2016:09:22:34 -0300] "POST /cormun/servlet/solicitudotadjuntos?314f2df015308b27bc48fa4988653ff7,INS,2016,1568,,1, HTTP/1.1" 200 116
186.103.156.24 - - [02/May/2016:09:22:34 -0300] "GET /cormun/servlet/hpexe_return? HTTP/1.1" 200 1027
186.103.156.24 - - [02/May/2016:09:22:35 -0300] "GET /cormun/servlet/trsolicitudadjuntos?2016,1568, HTTP/1.1" 200 7622
186.103.156.24 - - [02/May/2016:09:22:36 -0300] "GET /cormun/servlet/trsolicitudadjuntos?2016,1568, HTTP/1.1" 200 7615
186.103.156.24 - - [02/May/2016:09:22:39 -0300] "GET /cormun/servlet/solicitudotadjuntos?INS,2016,1568,,1, HTTP/1.1" 200 5643
186.103.156.24 - - [02/May/2016:09:22:39 -0300] "GET /cormun/static/about:blank HTTP/1.1" 404 1011
186.103.156.24 - - [02/May/2016:09:22:40 -0300] "GET /cormun/servlet/solicitudotadjuntos?INS,2016,1568,,1, HTTP/1.1" 200 5637
186.103.156.24 - - [02/May/2016:09:22:40 -0300] "GET /cormun/servlet/solicitudotadjuntos?e50e2ec002f825c3bde4026c8112c695cd0caae16c04de809e0d3de2bdc5785c840121e830eed339e1ed2df9ab4b7cc4,gx-no-cache=1462191885219 HTTP/1.1" 200 30
186.103.156.24 - - [02/May/2016:09:22:40 -0300] "POST /cormun/servlet/solicitudotadjuntos?314f2df015308b27bc48fa4988653ff7,INS,2016,1568,,1,,gx-no-cache=1462191885256 HTTP/1.1" 200 3510
186.103.156.24 - - [02/May/2016:09:22:49 -0300] "POST /cormun/servlet/solicitudotadjuntos?gx-no-cache=1462191895438 HTTP/1.1" 200 26
186.103.156.24 - - [02/May/2016:09:22:55 -0300] "GET /cormun/servlet/solicitudotadjuntos?e50e2ec002f825c3bde4026c8112c6950748129ea17de92efd8637ce73d55e4b,gx-no-cache=1462191901839 HTTP/1.1" 200 30
186.103.156.24 - - [02/May/2016:09:22:55 -0300] "GET /cormun/servlet/solicitudotadjuntos?e50e2ec002f825c3bde4026c8112c6950748129ea17de92efd8637ce73d55e4b,gx-no-cache=1462191901919 HTTP/1.1" 200 30
186.103.156.24 - - [02/May/2016:09:22:57 -0300] "POST /cormun/servlet/solicitudotadjuntos?314f2df015308b27bc48fa4988653ff7,INS,2016,1568,,1, HTTP/1.1" 200 116
186.103.156.24 - - [02/May/2016:09:22:57 -0300] "GET /cormun/servlet/hpexe_return? HTTP/1.1" 200 1027
186.103.156.24 - - [02/May/2016:09:22:58 -0300] "GET /cormun/servlet/trsolicitudadjuntos?2016,1568, HTTP/1.1" 200 7762
186.103.156.24 - - [02/May/2016:09:22:59 -0300] "GET /cormun/servlet/trsolicitudadjuntos?2016,1568, HTTP/1.1" 200 7759
186.103.156.24 - - [02/May/2016:09:23:03 -0300] "GET /cormun/servlet/solicitudotadjuntos?INS,2016,1568,,1, HTTP/1.1" 200 5643
186.103.156.24 - - [02/May/2016:09:23:03 -0300] "GET /cormun/static/about:blank HTTP/1.1" 404 1011
186.103.156.24 - - [02/May/2016:09:23:03 -0300] "GET /cormun/servlet/solicitudotadjuntos?INS,2016,1568,,1, HTTP/1.1" 200 5637
186.103.156.24 - - [02/May/2016:09:23:04 -0300] "GET /cormun/servlet/solicitudotadjuntos?e50e2ec002f825c3bde4026c8112c695cd0caae16c04de809e0d3de2bdc5785c840121e830eed339e1ed2df9ab4b7cc4,gx-no-cache=1462191910958 HTTP/1.1" 200 30
186.103.156.24 - - [02/May/2016:09:23:04 -0300] "POST /cormun/servlet/solicitudotadjuntos?314f2df015308b27bc48fa4988653ff7,INS,2016,1568,,1,,gx-no-cache=1462191911000 HTTP/1.1" 200 3510
186.103.156.24 - - [02/May/2016:09:23:09 -0300] "POST /cormun/servlet/solicitudotadjuntos?gx-no-cache=1462191916642 HTTP/1.1" 200 26
186.103.156.24 - - [02/May/2016:09:23:14 -0300] "GET /cormun/servlet/solicitudotadjuntos?e50e2ec002f825c3bde4026c8112c6950748129ea17de92efd8637ce73d55e4b,gx-no-cache=1462191922914 HTTP/1.1" 200 30
186.103.156.24 - - [02/May/2016:09:23:15 -0300] "GET /cormun/servlet/solicitudotadjuntos?e50e2ec002f825c3bde4026c8112c6950748129ea17de92efd8637ce73d55e4b,gx-no-cache=1462191922991 HTTP/1.1" 200 30
186.103.156.24 - - [02/May/2016:09:23:16 -0300] "POST /cormun/servlet/solicitudotadjuntos?314f2df015308b27bc48fa4988653ff7,INS,2016,1568,,1, HTTP/1.1" 200 116
186.103.156.24 - - [02/May/2016:09:23:17 -0300] "GET /cormun/servlet/hpexe_return? HTTP/1.1" 200 1027
186.103.156.24 - - [02/May/2016:09:23:17 -0300] "GET /cormun/servlet/trsolicitudadjuntos?2016,1568, HTTP/1.1" 200 7880
186.103.156.24 - - [02/May/2016:09:23:18 -0300] "GET /cormun/servlet/trsolicitudadjuntos?2016,1568, HTTP/1.1" 200 7877
186.103.156.24 - - [02/May/2016:09:23:21 -0300] "GET /cormun/servlet/solicitudotadjuntos?INS,2016,1568,,1, HTTP/1.1" 200 5643
186.103.156.24 - - [02/May/2016:09:23:22 -0300] "GET /cormun/static/about:blank HTTP/1.1" 404 1011
186.103.156.24 - - [02/May/2016:09:23:22 -0300] "GET /cormun/servlet/solicitudotadjuntos?INS,2016,1568,,1, HTTP/1.1" 200 5637
186.103.156.24 - - [02/May/2016:09:23:23 -0300] "GET /cormun/servlet/solicitudotadjuntos?e50e2ec002f825c3bde4026c8112c695cd0caae16c04de809e0d3de2bdc5785c840121e830eed339e1ed2df9ab4b7cc4,gx-no-cache=1462191931521 HTTP/1.1" 200 30
186.103.156.24 - - [02/May/2016:09:23:23 -0300] "POST /cormun/servlet/solicitudotadjuntos?314f2df015308b27bc48fa4988653ff7,INS,2016,1568,,1,,gx-no-cache=1462191931575 HTTP/1.1" 200 3510
186.103.156.24 - - [02/May/2016:09:23:28 -0300] "POST /cormun/servlet/solicitudotadjuntos?gx-no-cache=1462191937730 HTTP/1.1" 200 26
186.103.156.24 - - [02/May/2016:09:23:36 -0300] "GET /cormun/servlet/solicitudotadjuntos?e50e2ec002f825c3bde4026c8112c6950748129ea17de92efd8637ce73d55e4b,gx-no-cache=1462191946039 HTTP/1.1" 200 30
186.103.156.24 - - [02/May/2016:09:23:36 -0300] "GET /cormun/servlet/solicitudotadjuntos?e50e2ec002f825c3bde4026c8112c6950748129ea17de92efd8637ce73d55e4b,gx-no-cache=1462191946116 HTTP/1.1" 200 30
186.103.156.24 - - [02/May/2016:09:23:37 -0300] "POST /cormun/servlet/solicitudotadjuntos?314f2df015308b27bc48fa4988653ff7,INS,2016,1568,,1, HTTP/1.1" 200 116
186.103.156.24 - - [02/May/2016:09:23:38 -0300] "GET /cormun/servlet/hpexe_return? HTTP/1.1" 200 1027
191.112.28.58 - - [02/May/2016:09:23:38 -0300] "GET /cormun/servlet/solicitudot?216e200a289570d528dcd491cfebfe656aced6784f34e0fa4401fdbd6f9459942293eefbe9f8d88b836d9c66227333b364aea8a50da19c37d5d1d235d9799b736aff050f8dd5d5a110cca9272680a13f211c557ab592c4aa04a5287645a843919a08534e854cdd01a704bfaa97c093e1704cf3b135c00a1c454a19072ba4cebfd5797c19d302a3c888398812843b17f3f494799c00c5cac116d1bf2bd7f176cc55dcc896b56348c9f2e7f7d873c675fb5b9332019abada8bd0f575948e77d203,gx-no-cache=1462191834118 HTTP/1.1" 200 32
186.103.156.24 - - [02/May/2016:09:23:38 -0300] "GET /cormun/servlet/trsolicitudadjuntos?2016,1568, HTTP/1.1" 200 8014
186.103.156.24 - - [02/May/2016:09:23:39 -0300] "GET /cormun/servlet/trsolicitudadjuntos?2016,1568, HTTP/1.1" 200 8014
186.103.156.24 - - [02/May/2016:09:23:41 -0300] "GET /cormun/servlet/solicitudotadjuntos?INS,2016,1568,,1, HTTP/1.1" 200 5644
186.103.156.24 - - [02/May/2016:09:23:42 -0300] "GET /cormun/static/about:blank HTTP/1.1" 404 1011
186.103.156.24 - - [02/May/2016:09:23:42 -0300] "GET /cormun/servlet/solicitudotadjuntos?INS,2016,1568,,1, HTTP/1.1" 200 5638
191.112.28.58 - - [02/May/2016:09:23:42 -0300] "POST /cormun/servlet/solicitudot?b20c9a3b85bc2966a88f070defdc0345,INS,0,0,,gx-no-cache=1462191835631 HTTP/1.1" 200 9537
186.103.156.24 - - [02/May/2016:09:23:42 -0300] "GET /cormun/servlet/solicitudotadjuntos?e50e2ec002f825c3bde4026c8112c695cd0caae16c04de809e0d3de2bdc5785c840121e830eed339e1ed2df9ab4b7cc4,gx-no-cache=1462191952927 HTTP/1.1" 200 30
186.103.156.24 - - [02/May/2016:09:23:42 -0300] "POST /cormun/servlet/solicitudotadjuntos?314f2df015308b27bc48fa4988653ff7,INS,2016,1568,,1,,gx-no-cache=1462191952960 HTTP/1.1" 200 3511
186.103.156.24 - - [02/May/2016:09:23:47 -0300] "POST /cormun/servlet/solicitudotadjuntos?gx-no-cache=1462191957764 HTTP/1.1" 200 26
186.103.156.24 - - [02/May/2016:09:23:55 -0300] "GET /cormun/servlet/solicitudotadjuntos?e50e2ec002f825c3bde4026c8112c6950748129ea17de92efd8637ce73d55e4b,gx-no-cache=1462191966596 HTTP/1.1" 200 30
186.103.156.24 - - [02/May/2016:09:23:55 -0300] "GET /cormun/servlet/solicitudotadjuntos?e50e2ec002f825c3bde4026c8112c6950748129ea17de92efd8637ce73d55e4b,gx-no-cache=1462191966630 HTTP/1.1" 200 30
186.103.156.24 - - [02/May/2016:09:24:00 -0300] "POST /cormun/servlet/solicitudotadjuntos?314f2df015308b27bc48fa4988653ff7,INS,2016,1568,,1, HTTP/1.1" 200 116
186.103.156.24 - - [02/May/2016:09:24:00 -0300] "GET /cormun/servlet/hpexe_return? HTTP/1.1" 200 1027
186.103.156.24 - - [02/May/2016:09:24:01 -0300] "GET /cormun/servlet/trsolicitudadjuntos?2016,1568, HTTP/1.1" 200 8146
186.103.156.24 - - [02/May/2016:09:24:02 -0300] "GET /cormun/servlet/trsolicitudadjuntos?2016,1568, HTTP/1.1" 200 8142
186.103.156.24 - - [02/May/2016:09:24:06 -0300] "POST /cormun/servlet/trsolicitudadjuntos?314f2df015308b27bc48fa4988653ff7,2016,1568,,gx-no-cache=1462191978442 HTTP/1.1" 200 90
186.103.156.24 - - [02/May/2016:09:24:06 -0300] "GET /cormun/servlet/hpexe_link HTTP/1.1" 200 989
186.103.156.24 - - [02/May/2016:09:24:07 -0300] "GET /cormun/servlet/trsolicitudot?gx-no-cache=1462190773966 HTTP/1.1" 200 8055
186.103.156.24 - - [02/May/2016:09:24:08 -0300] "GET /cormun/servlet/trsolicitudot?gx-no-cache=1462190773966 HTTP/1.1" 200 8076
186.103.156.24 - - [02/May/2016:09:24:10 -0300] "POST /cormun/servlet/trsolicitudot?314f2df015308b27bc48fa4988653ff7,gx-no-cache=1462190773966,gx-no-cache=1462191982437 HTTP/1.1" 200 5078
186.103.156.24 - - [02/May/2016:09:24:10 -0300] "POST /cormun/servlet/trsolicitudot?314f2df015308b27bc48fa4988653ff7,gx-no-cache=1462190773966,gx-no-cache=1462191982816 HTTP/1.1" 200 5019
191.112.89.155 - - [02/May/2016:09:24:11 -0300] "GET /cormun/servlet/solicitudot?fe932836aca598f2d54a6252799436e9d4026ec3d6949a07f4ab4e1bc64f71d6471ab0f3d8192a4b0eec97b9713d39d04ff5d902384b8e804632736de059afa1103a7e56dd65acd436af5f1a31199afabc9f5c4aef14a55142ef0a07f7ed7a559ff33c29dec91627f7161b08b7f6124b,gx-no-cache=1462191871215 HTTP/1.1" 200 29
186.103.156.24 - - [02/May/2016:09:24:12 -0300] "POST /cormun/servlet/trsolicitudot?314f2df015308b27bc48fa4988653ff7,gx-no-cache=1462190773966,gx-no-cache=1462191984380 HTTP/1.1" 200 106
186.103.156.24 - - [02/May/2016:09:24:12 -0300] "GET /cormun/servlet/trsolicitudadjuntos?2016,1567, HTTP/1.1" 200 5577
186.103.156.24 - - [02/May/2016:09:24:13 -0300] "GET /cormun/servlet/trsolicitudadjuntos?2016,1567, HTTP/1.1" 200 5556
191.112.89.155 - - [02/May/2016:09:24:13 -0300] "POST /cormun/servlet/solicitudot?gx-no-cache=1462191873763 HTTP/1.1" 200 1144
186.103.156.24 - - [02/May/2016:09:24:15 -0300] "GET /cormun/servlet/solicitudotadjuntos?INS,2016,1567,,1, HTTP/1.1" 200 5644
186.103.156.24 - - [02/May/2016:09:24:15 -0300] "GET /cormun/static/about:blank HTTP/1.1" 404 1011
186.103.156.24 - - [02/May/2016:09:24:15 -0300] "GET /cormun/servlet/solicitudotadjuntos?INS,2016,1567,,1, HTTP/1.1" 200 5638
186.103.156.24 - - [02/May/2016:09:24:16 -0300] "GET /cormun/servlet/solicitudotadjuntos?e50e2ec002f825c3bde4026c8112c69540451630dc6bb954e7073fe5ff2fcce0840121e830eed339e1ed2df9ab4b7cc4,gx-no-cache=1462191988574 HTTP/1.1" 200 30
186.103.156.24 - - [02/May/2016:09:24:16 -0300] "POST /cormun/servlet/solicitudotadjuntos?314f2df015308b27bc48fa4988653ff7,INS,2016,1567,,1,,gx-no-cache=1462191988613 HTTP/1.1" 200 3511
186.103.156.24 - - [02/May/2016:09:24:18 -0300] "POST /cormun/servlet/solicitudotadjuntos?gx-no-cache=1462191991390 HTTP/1.1" 200 26
186.103.156.24 - - [02/May/2016:09:24:24 -0300] "GET /cormun/servlet/solicitudotadjuntos?e50e2ec002f825c3bde4026c8112c6950748129ea17de92efd8637ce73d55e4b,gx-no-cache=1462191997620 HTTP/1.1" 200 30
186.103.156.24 - - [02/May/2016:09:24:24 -0300] "GET /cormun/servlet/solicitudotadjuntos?e50e2ec002f825c3bde4026c8112c6950748129ea17de92efd8637ce73d55e4b,gx-no-cache=1462191997672 HTTP/1.1" 200 30
186.103.156.24 - - [02/May/2016:09:24:25 -0300] "POST /cormun/servlet/solicitudotadjuntos?314f2df015308b27bc48fa4988653ff7,INS,2016,1567,,1, HTTP/1.1" 200 116
186.103.156.24 - - [02/May/2016:09:24:25 -0300] "GET /cormun/servlet/hpexe_return? HTTP/1.1" 200 1027
186.103.156.24 - - [02/May/2016:09:24:26 -0300] "GET /cormun/servlet/trsolicitudadjuntos?2016,1567, HTTP/1.1" 200 7446
186.103.156.24 - - [02/May/2016:09:24:27 -0300] "GET /cormun/servlet/trsolicitudadjuntos?2016,1567, HTTP/1.1" 200 7441
186.103.156.24 - - [02/May/2016:09:24:29 -0300] "GET /cormun/servlet/solicitudotadjuntos?INS,2016,1567,,1, HTTP/1.1" 200 5644
186.103.156.24 - - [02/May/2016:09:24:29 -0300] "GET /cormun/static/about:blank HTTP/1.1" 404 1011
186.103.156.24 - - [02/May/2016:09:24:30 -0300] "GET /cormun/servlet/solicitudotadjuntos?INS,2016,1567,,1, HTTP/1.1" 200 5638
186.103.156.24 - - [02/May/2016:09:24:30 -0300] "GET /cormun/servlet/solicitudotadjuntos?e50e2ec002f825c3bde4026c8112c69540451630dc6bb954e7073fe5ff2fcce0840121e830eed339e1ed2df9ab4b7cc4,gx-no-cache=1462192004215 HTTP/1.1" 200 30
186.103.156.24 - - [02/May/2016:09:24:30 -0300] "POST /cormun/servlet/solicitudotadjuntos?314f2df015308b27bc48fa4988653ff7,INS,2016,1567,,1,,gx-no-cache=1462192004266 HTTP/1.1" 200 3511
186.103.156.24 - - [02/May/2016:09:24:34 -0300] "POST /cormun/servlet/solicitudotadjuntos?gx-no-cache=1462192008733 HTTP/1.1" 200 26
186.103.156.24 - - [02/May/2016:09:24:42 -0300] "GET /cormun/servlet/solicitudotadjuntos?e50e2ec002f825c3bde4026c8112c6950748129ea17de92efd8637ce73d55e4b,gx-no-cache=1462192017315 HTTP/1.1" 200 30
186.103.156.24 - - [02/May/2016:09:24:42 -0300] "GET /cormun/servlet/solicitudotadjuntos?e50e2ec002f825c3bde4026c8112c6950748129ea17de92efd8637ce73d55e4b,gx-no-cache=1462192017369 HTTP/1.1" 200 30
191.112.89.155 - - [02/May/2016:09:24:52 -0300] "GET /cormun/static/menuarrow.gif HTTP/1.1" 404 1015
186.103.156.24 - - [02/May/2016:09:24:59 -0300] "POST /cormun/servlet/solicitudotadjuntos?314f2df015308b27bc48fa4988653ff7,INS,2016,1567,,1, HTTP/1.1" 200 116
186.103.156.24 - - [02/May/2016:09:24:59 -0300] "GET /cormun/servlet/hpexe_return? HTTP/1.1" 200 1027
186.103.156.24 - - [02/May/2016:09:24:59 -0300] "GET /cormun/servlet/trsolicitudadjuntos?2016,1567, HTTP/1.1" 200 7620
186.103.156.24 - - [02/May/2016:09:25:00 -0300] "GET /cormun/servlet/trsolicitudadjuntos?2016,1567, HTTP/1.1" 200 7618
186.103.156.24 - - [02/May/2016:09:25:03 -0300] "GET /cormun/servlet/solicitudotadjuntos?INS,2016,1567,,1, HTTP/1.1" 200 5645
186.103.156.24 - - [02/May/2016:09:25:03 -0300] "GET /cormun/static/about:blank HTTP/1.1" 404 1011
186.103.156.24 - - [02/May/2016:09:25:04 -0300] "GET /cormun/servlet/solicitudotadjuntos?INS,2016,1567,,1, HTTP/1.1" 200 5639
186.103.156.24 - - [02/May/2016:09:25:04 -0300] "GET /cormun/servlet/solicitudotadjuntos?e50e2ec002f825c3bde4026c8112c69540451630dc6bb954e7073fe5ff2fcce0840121e830eed339e1ed2df9ab4b7cc4,gx-no-cache=1462192039885 HTTP/1.1" 200 30
186.103.156.24 - - [02/May/2016:09:25:04 -0300] "POST /cormun/servlet/solicitudotadjuntos?314f2df015308b27bc48fa4988653ff7,INS,2016,1567,,1,,gx-no-cache=1462192039918 HTTP/1.1" 200 3511
191.112.89.155 - - [02/May/2016:09:25:07 -0300] "GET /cormun/servlet/solicitudot?fe932836aca598f2d54a6252799436e97cb945132a2fa1599053febe61457797fd02f0d5858277e68eccfc274a33bf7f8b10f595732db0463dc6e691509559b71e37733989f7fa263fdab80896f52fdcb8b2e33c43385019cbb764d25c62d55d27ac7901df83ec4ba6e126930e2185958a6de2642e3b65e631a0b66f1b5369d8114210c89530c7a48e471a592b7cc544c6a486996ba8cf551020d71cc69a6c9352aea496991808ffe2763d2c08705637,gx-no-cache=1462191927312 HTTP/1.1" 200 30
186.103.156.24 - - [02/May/2016:09:25:08 -0300] "POST /cormun/servlet/solicitudotadjuntos?gx-no-cache=1462192043960 HTTP/1.1" 200 26
186.103.159.182 - - [02/May/2016:09:25:13 -0300] "GET /cormun/servlet/hlogin HTTP/1.1" 200 1723
186.103.156.24 - - [02/May/2016:09:25:15 -0300] "GET /cormun/servlet/solicitudotadjuntos?e50e2ec002f825c3bde4026c8112c6950748129ea17de92efd8637ce73d55e4b,gx-no-cache=1462192052393 HTTP/1.1" 200 30
186.103.156.24 - - [02/May/2016:09:25:15 -0300] "GET /cormun/servlet/solicitudotadjuntos?e50e2ec002f825c3bde4026c8112c6950748129ea17de92efd8637ce73d55e4b,gx-no-cache=1462192052431 HTTP/1.1" 200 30
186.103.156.24 - - [02/May/2016:09:25:17 -0300] "POST /cormun/servlet/solicitudotadjuntos?314f2df015308b27bc48fa4988653ff7,INS,2016,1567,,1, HTTP/1.1" 200 116
186.103.156.24 - - [02/May/2016:09:25:17 -0300] "GET /cormun/servlet/hpexe_return? HTTP/1.1" 200 1027
186.103.156.24 - - [02/May/2016:09:25:18 -0300] "GET /cormun/servlet/trsolicitudadjuntos?2016,1567, HTTP/1.1" 200 7762
191.112.89.155 - - [02/May/2016:09:25:18 -0300] "POST /cormun/servlet/solicitudot?gx-no-cache=1462191938712 HTTP/1.1" 200 30
186.103.156.24 - - [02/May/2016:09:25:19 -0300] "GET /cormun/servlet/trsolicitudadjuntos?2016,1567, HTTP/1.1" 200 7761
186.103.156.24 - - [02/May/2016:09:25:22 -0300] "GET /cormun/servlet/solicitudotadjuntos?INS,2016,1567,,1, HTTP/1.1" 200 5645
186.103.156.24 - - [02/May/2016:09:25:23 -0300] "GET /cormun/static/about:blank HTTP/1.1" 404 1011
186.103.156.24 - - [02/May/2016:09:25:23 -0300] "GET /cormun/servlet/solicitudotadjuntos?INS,2016,1567,,1, HTTP/1.1" 200 5639
186.103.156.24 - - [02/May/2016:09:25:23 -0300] "GET /cormun/servlet/solicitudotadjuntos?e50e2ec002f825c3bde4026c8112c69540451630dc6bb954e7073fe5ff2fcce0840121e830eed339e1ed2df9ab4b7cc4,gx-no-cache=1462192060747 HTTP/1.1" 200 30
186.103.156.24 - - [02/May/2016:09:25:23 -0300] "POST /cormun/servlet/solicitudotadjuntos?314f2df015308b27bc48fa4988653ff7,INS,2016,1567,,1,,gx-no-cache=1462192060799 HTTP/1.1" 200 3511
191.112.89.155 - - [02/May/2016:09:25:24 -0300] "GET /cormun/static/Resources/resize.gif HTTP/1.1" 200 77
191.112.89.155 - - [02/May/2016:09:25:24 -0300] "GET /cormun/servlet/prcontratosol?13720056,,,,,MD,,gxPopupLevel%3D0%3B HTTP/1.1" 200 5330
191.112.89.155 - - [02/May/2016:09:25:24 -0300] "GET /cormun/static/scaMessage/css/jquery.pnotify.default.css?1816380 HTTP/1.1" 200 1707
191.112.89.155 - - [02/May/2016:09:25:24 -0300] "GET /cormun/static/gxcfg.js?2016141247819 HTTP/1.1" 200 953
191.112.89.155 - - [02/May/2016:09:25:24 -0300] "GET /cormun/static/prcontratosol.js?2016141247993 HTTP/1.1" 200 14084
191.112.89.155 - - [02/May/2016:09:25:24 -0300] "GET /cormun/static/menusearch.js?20163211930269 HTTP/1.1" 200 1424
191.112.89.155 - - [02/May/2016:09:25:24 -0300] "GET /cormun/static/Shared/jqueryui/jquery-ui.min.css?1345370 HTTP/1.1" 200 30288
191.112.89.155 - - [02/May/2016:09:25:24 -0300] "GET /cormun/static/hmpwkw011.js?201631021445036 HTTP/1.1" 200 1968
191.112.89.155 - - [02/May/2016:09:25:24 -0300] "GET /cormun/static/Resources/PXToolsMenuSearch.png HTTP/1.1" 200 2914
191.112.89.155 - - [02/May/2016:09:25:24 -0300] "GET /cormun/static/Resources/PXToolsMenuSearchCancel.png HTTP/1.1" 200 2972
191.112.89.155 - - [02/May/2016:09:25:24 -0300] "GET /cormun/static/Resources/Spanish/PXTools.css?1423257 HTTP/1.1" 200 89042
191.112.89.155 - - [02/May/2016:09:25:24 -0300] "GET /cormun/static/Resources/PXToolsGridPrevious.gif HTTP/1.1" 200 369
191.112.89.155 - - [02/May/2016:09:25:24 -0300] "GET /cormun/static/Resources/PXToolsGridFirst.gif HTTP/1.1" 200 379
191.112.89.155 - - [02/May/2016:09:25:24 -0300] "GET /cormun/static/Resources/PXToolsGridLast.gif HTTP/1.1" 200 370
191.112.89.155 - - [02/May/2016:09:25:24 -0300] "GET /cormun/static/Resources/PXToolsGridNext.gif HTTP/1.1" 200 369
186.103.159.182 - - [02/May/2016:09:25:25 -0300] "GET /cormun/static/gxtimezone.js?85251 HTTP/1.1" 200 5781
186.103.159.182 - - [02/May/2016:09:25:25 -0300] "GET /cormun/static/gxcfg.js?20151120045111 HTTP/1.1" 200 953
186.103.159.182 - - [02/May/2016:09:25:25 -0300] "GET /cormun/static/hlogin.js?20151120045126 HTTP/1.1" 200 2136
186.103.156.24 - - [02/May/2016:09:25:29 -0300] "POST /cormun/servlet/solicitudotadjuntos?gx-no-cache=1462192067479 HTTP/1.1" 200 26
186.103.159.182 - - [02/May/2016:09:25:30 -0300] "GET /cormun/static/Resources/ComunLogin.png HTTP/1.1" 200 17326
191.112.89.155 - - [02/May/2016:09:25:34 -0300] "POST /cormun/servlet/prcontratosol?3ce9b0e6d0b3c57749b501565a779e19,13720056,,,,,MD,,gxPopupLevel%3D0%3B,gx-no-cache=1462191953948 HTTP/1.1" 200 2951
186.103.156.24 - - [02/May/2016:09:25:36 -0300] "GET /cormun/servlet/solicitudotadjuntos?e50e2ec002f825c3bde4026c8112c6950748129ea17de92efd8637ce73d55e4b,gx-no-cache=1462192074443 HTTP/1.1" 200 30
186.103.156.24 - - [02/May/2016:09:25:36 -0300] "GET /cormun/servlet/solicitudotadjuntos?e50e2ec002f825c3bde4026c8112c6950748129ea17de92efd8637ce73d55e4b,gx-no-cache=1462192074513 HTTP/1.1" 200 30
191.112.89.155 - - [02/May/2016:09:25:38 -0300] "POST /cormun/servlet/solicitudot?gx-no-cache=1462191958555 HTTP/1.1" 200 1182
191.112.89.155 - - [02/May/2016:09:25:38 -0300] "GET /cormun/servlet/solicitudot?fe932836aca598f2d54a6252799436e9059090143b6a64493c346e2138175f626d8964849688c3012ee0a81d28a19848aeda272d969d2bb9841c104677a82d623a9ea2c5cd8b5c91e1dfd6c07f34491b8b8cbd8468f19c974b94b3cbe0fd6a49164f79bfefea7730e66281adca2706b384efa60b5d8a36719de72fee46486140d13e5606ee047e790bb47c8f04ae88d59a7812e16d16ac8f4d67724775906671,gx-no-cache=1462191958797 HTTP/1.1" 200 41
186.103.156.24 - - [02/May/2016:09:25:38 -0300] "POST /cormun/servlet/solicitudotadjuntos?314f2df015308b27bc48fa4988653ff7,INS,2016,1567,,1, HTTP/1.1" 200 116
186.103.156.24 - - [02/May/2016:09:25:38 -0300] "GET /cormun/servlet/hpexe_return? HTTP/1.1" 200 1027
191.112.89.155 - - [02/May/2016:09:25:38 -0300] "POST /cormun/servlet/solicitudot?gx-no-cache=1462191958897 HTTP/1.1" 200 1144
186.103.156.24 - - [02/May/2016:09:25:39 -0300] "GET /cormun/servlet/trsolicitudadjuntos?2016,1567, HTTP/1.1" 200 7889
186.103.156.24 - - [02/May/2016:09:25:40 -0300] "GET /cormun/servlet/trsolicitudadjuntos?2016,1567, HTTP/1.1" 200 7884
186.103.159.182 - - [02/May/2016:09:25:43 -0300] "GET /cormun/static/messages.spa.js?85251 HTTP/1.1" 200 30736
186.103.156.24 - - [02/May/2016:09:25:43 -0300] "GET /cormun/servlet/solicitudotadjuntos?INS,2016,1567,,1, HTTP/1.1" 200 5645
186.103.156.24 - - [02/May/2016:09:25:44 -0300] "GET /cormun/static/about:blank HTTP/1.1" 404 1011
186.103.156.24 - - [02/May/2016:09:25:44 -0300] "GET /cormun/servlet/solicitudotadjuntos?INS,2016,1567,,1, HTTP/1.1" 200 5639
186.103.159.182 - - [02/May/2016:09:25:44 -0300] "GET /cormun/static/Resources/Spanish/PXTools.css?005343 HTTP/1.1" 200 89042
186.103.156.24 - - [02/May/2016:09:25:45 -0300] "GET /cormun/servlet/solicitudotadjuntos?e50e2ec002f825c3bde4026c8112c69540451630dc6bb954e7073fe5ff2fcce0840121e830eed339e1ed2df9ab4b7cc4,gx-no-cache=1462192083661 HTTP/1.1" 200 30
186.103.156.24 - - [02/May/2016:09:25:45 -0300] "POST /cormun/servlet/solicitudotadjuntos?314f2df015308b27bc48fa4988653ff7,INS,2016,1567,,1,,gx-no-cache=1462192083740 HTTP/1.1" 200 3511
186.103.156.24 - - [02/May/2016:09:25:49 -0300] "POST /cormun/servlet/solicitudotadjuntos?gx-no-cache=1462192089045 HTTP/1.1" 200 26
186.103.156.24 - - [02/May/2016:09:25:56 -0300] "GET /cormun/servlet/solicitudotadjuntos?e50e2ec002f825c3bde4026c8112c6950748129ea17de92efd8637ce73d55e4b,gx-no-cache=1462192096070 HTTP/1.1" 200 30
186.103.156.24 - - [02/May/2016:09:25:56 -0300] "GET /cormun/servlet/solicitudotadjuntos?e50e2ec002f825c3bde4026c8112c6950748129ea17de92efd8637ce73d55e4b,gx-no-cache=1462192096154 HTTP/1.1" 200 30
186.103.156.24 - - [02/May/2016:09:25:58 -0300] "POST /cormun/servlet/solicitudotadjuntos?314f2df015308b27bc48fa4988653ff7,INS,2016,1567,,1, HTTP/1.1" 200 116
186.103.156.24 - - [02/May/2016:09:25:58 -0300] "GET /cormun/servlet/hpexe_return? HTTP/1.1" 200 1027
186.103.156.24 - - [02/May/2016:09:25:59 -0300] "GET /cormun/servlet/trsolicitudadjuntos?2016,1567, HTTP/1.1" 200 8017
186.103.156.24 - - [02/May/2016:09:26:00 -0300] "GET /cormun/servlet/trsolicitudadjuntos?2016,1567, HTTP/1.1" 200 8013
186.103.159.182 - - [02/May/2016:09:26:00 -0300] "GET /cormun/static/gxgral.js?85251 HTTP/1.1" 200 384558
186.103.156.24 - - [02/May/2016:09:26:02 -0300] "GET /cormun/servlet/solicitudotadjuntos?INS,2016,1567,,1, HTTP/1.1" 200 5645
186.103.156.24 - - [02/May/2016:09:26:03 -0300] "GET /cormun/static/about:blank HTTP/1.1" 404 1011
186.103.156.24 - - [02/May/2016:09:26:03 -0300] "GET /cormun/servlet/solicitudotadjuntos?INS,2016,1567,,1, HTTP/1.1" 200 5639
186.103.156.24 - - [02/May/2016:09:26:03 -0300] "GET /cormun/servlet/solicitudotadjuntos?e50e2ec002f825c3bde4026c8112c69540451630dc6bb954e7073fe5ff2fcce0840121e830eed339e1ed2df9ab4b7cc4,gx-no-cache=1462192104034 HTTP/1.1" 200 30
186.103.156.24 - - [02/May/2016:09:26:04 -0300] "POST /cormun/servlet/solicitudotadjuntos?314f2df015308b27bc48fa4988653ff7,INS,2016,1567,,1,,gx-no-cache=1462192104131 HTTP/1.1" 200 3511
186.103.156.24 - - [02/May/2016:09:26:09 -0300] "POST /cormun/servlet/solicitudotadjuntos?gx-no-cache=1462192109830 HTTP/1.1" 200 26
186.103.159.182 - - [02/May/2016:09:26:11 -0300] "GET /cormun/static/Resources/PXToolsLoginTop.png HTTP/1.1" 200 1337
186.103.159.182 - - [02/May/2016:09:26:12 -0300] "GET /cormun/servlet/hlogin HTTP/1.1" 200 1728
186.103.159.182 - - [02/May/2016:09:26:12 -0300] "GET /cormun/static/Resources/PXToolsLoginBackground.png HTTP/1.1" 200 1164
186.103.159.182 - - [02/May/2016:09:26:12 -0300] "GET /cormun/static/Resources/PXToolsButtonLeft21.png HTTP/1.1" 200 1287
186.103.159.182 - - [02/May/2016:09:26:12 -0300] "GET /cormun/static/Resources/PXToolsButtonRight21.png HTTP/1.1" 200 1283
186.103.159.182 - - [02/May/2016:09:26:12 -0300] "GET /cormun/static/Resources/PXToolsButtonBackground2.png HTTP/1.1" 200 1181
186.103.159.182 - - [02/May/2016:09:26:12 -0300] "GET /cormun/static/Resources/PXToolsLoginBottom.png HTTP/1.1" 200 1389
186.103.156.24 - - [02/May/2016:09:26:14 -0300] "GET /cormun/servlet/solicitudotadjuntos?e50e2ec002f825c3bde4026c8112c6950748129ea17de92efd8637ce73d55e4b,gx-no-cache=1462192115526 HTTP/1.1" 200 30
186.103.156.24 - - [02/May/2016:09:26:14 -0300] "GET /cormun/servlet/solicitudotadjuntos?e50e2ec002f825c3bde4026c8112c6950748129ea17de92efd8637ce73d55e4b,gx-no-cache=1462192115617 HTTP/1.1" 200 30
186.103.159.182 - - [02/May/2016:09:26:16 -0300] "GET /cormun/static/Resources/indicator.gif HTTP/1.1" 200 1553
186.103.156.24 - - [02/May/2016:09:26:18 -0300] "POST /cormun/servlet/solicitudotadjuntos?314f2df015308b27bc48fa4988653ff7,INS,2016,1567,,1, HTTP/1.1" 200 116
186.103.156.24 - - [02/May/2016:09:26:18 -0300] "GET /cormun/servlet/hpexe_return? HTTP/1.1" 200 1027
186.103.156.24 - - [02/May/2016:09:26:19 -0300] "GET /cormun/servlet/trsolicitudadjuntos?2016,1567, HTTP/1.1" 200 8143
186.103.156.24 - - [02/May/2016:09:26:20 -0300] "GET /cormun/servlet/trsolicitudadjuntos?2016,1567, HTTP/1.1" 200 8145
186.103.156.24 - - [02/May/2016:09:26:23 -0300] "POST /cormun/servlet/trsolicitudadjuntos?314f2df015308b27bc48fa4988653ff7,2016,1567,,gx-no-cache=1462192124978 HTTP/1.1" 200 90
186.103.156.24 - - [02/May/2016:09:26:23 -0300] "GET /cormun/servlet/hpexe_link HTTP/1.1" 200 989
186.103.156.24 - - [02/May/2016:09:26:23 -0300] "GET /cormun/servlet/trsolicitudot?gx-no-cache=1462190773966 HTTP/1.1" 200 7747
186.103.156.24 - - [02/May/2016:09:26:24 -0300] "GET /cormun/servlet/trsolicitudot?gx-no-cache=1462190773966 HTTP/1.1" 200 7768
186.103.159.182 - - [02/May/2016:09:26:25 -0300] "GET /cormun/static/Resources/PXToolsLoginBackground.png HTTP/1.1" 200 1164
186.103.159.182 - - [02/May/2016:09:26:26 -0300] "GET /cormun/static/Resources/PXToolsButtonRight21.png HTTP/1.1" 200 1283
186.103.159.182 - - [02/May/2016:09:26:26 -0300] "GET /cormun/static/Resources/PXToolsButtonLeft21.png HTTP/1.1" 200 1287
191.112.89.155 - - [02/May/2016:09:26:26 -0300] "POST /cormun/servlet/solicitudot?gx-no-cache=1462192006759 HTTP/1.1" 200 1182
191.112.89.155 - - [02/May/2016:09:26:26 -0300] "GET /cormun/servlet/solicitudot?fe932836aca598f2d54a6252799436e9059090143b6a64493c346e2138175f626d8964849688c3012ee0a81d28a19848aeda272d969d2bb9841c104677a82d623a9ea2c5cd8b5c91e1dfd6c07f34491b8b8cbd8468f19c974b94b3cbe0fd6a49164f79bfefea7730e66281adca2706b384efa60b5d8a36719de72fee46486140d13e5606ee047e790bb47c8f04ae88d59a7812e16d16ac8f4d67724775906671,gx-no-cache=1462192007035 HTTP/1.1" 200 41
186.103.159.182 - - [02/May/2016:09:26:26 -0300] "GET /cormun/static/Resources/PXToolsButtonBackground2.png HTTP/1.1" 200 1181
186.103.159.182 - - [02/May/2016:09:26:26 -0300] "GET /cormun/static/Resources/PXToolsLoginBottom.png HTTP/1.1" 200 1389
191.112.89.155 - - [02/May/2016:09:26:27 -0300] "POST /cormun/servlet/solicitudot?gx-no-cache=1462192007129 HTTP/1.1" 200 1144
191.112.89.155 - - [02/May/2016:09:26:27 -0300] "GET /cormun/servlet/solicitudot?fe932836aca598f2d54a6252799436e97cb945132a2fa1599053febe61457797fda637d202a678fff06c8a8074f29f78068a9b94430c44d4d65769c28fd1489c26f8b59cabb971299d1ab4da343417635436d423e9ddf13e1ff0603a2409b6e3550f25f180c22e332ee0888e88bc20592776c179d22cc4772bd1d2216d19256ef9fcd706fa5fc2491b88dde38c071a54fa17915704f4475762f688d4ed9d76588cc7c2c5cc7dd645856befbf7976f668,gx-no-cache=1462192007331 HTTP/1.1" 200 30
191.112.89.155 - - [02/May/2016:09:26:27 -0300] "POST /cormun/servlet/solicitudot?3ce9b0e6d0b3c57749b501565a779e19,INS,0,0,,gx-no-cache=1462192007427 HTTP/1.1" 200 9463
191.112.89.155 - - [02/May/2016:09:26:27 -0300] "GET /cormun/static/Shared/jqueryui/images/ui-bg_highlight-soft_100_c6c2c8_1x100.png HTTP/1.1" 404 1117
186.103.156.24 - - [02/May/2016:09:26:27 -0300] "POST /cormun/servlet/trsolicitudot?314f2df015308b27bc48fa4988653ff7,gx-no-cache=1462190773966,gx-no-cache=1462192129162 HTTP/1.1" 200 3663
191.112.89.155 - - [02/May/2016:09:26:27 -0300] "GET /cormun/static/Shared/jqueryui/images/ui-icons_82798d_256x240.png HTTP/1.1" 404 1089
191.112.89.155 - - [02/May/2016:09:26:27 -0300] "GET /cormun/static/Shared/jqueryui/images/ui-bg_flat_55_994d53_40x100.png HTTP/1.1" 404 1097
191.112.89.155 - - [02/May/2016:09:26:27 -0300] "GET /cormun/static/Shared/jqueryui/images/ui-icons_ebccce_256x240.png HTTP/1.1" 404 1089
186.103.156.24 - - [02/May/2016:09:26:28 -0300] "POST /cormun/servlet/trsolicitudot?314f2df015308b27bc48fa4988653ff7,gx-no-cache=1462190773966,gx-no-cache=1462192129808 HTTP/1.1" 200 3484
186.103.159.182 - - [02/May/2016:09:26:29 -0300] "GET /cormun/static/Resources/indicator.gif HTTP/1.1" 200 1553
186.103.156.24 - - [02/May/2016:09:26:31 -0300] "GET /cormun/servlet/trautorizarsolicitud? HTTP/1.1" 200 8900
186.103.156.24 - - [02/May/2016:09:26:32 -0300] "GET /cormun/static/Resources/Spanish/PXTools.css?19284387 HTTP/1.1" 304 -
186.103.156.24 - - [02/May/2016:09:26:32 -0300] "GET /cormun/static/trautorizarsolicitud.js?20163211936186 HTTP/1.1" 304 -
186.103.156.24 - - [02/May/2016:09:26:32 -0300] "GET /cormun/static/gxcfg.js?201632119361219 HTTP/1.1" 304 -
186.103.156.24 - - [02/May/2016:09:26:32 -0300] "GET /cormun/servlet/trautorizarsolicitud? HTTP/1.1" 200 8879
186.103.159.182 - - [02/May/2016:09:26:32 -0300] "POST /cormun/servlet/hlogin?6195997e84136bf3438e713ee1e35546,gx-no-cache=1462192009053 HTTP/1.1" 200 90
186.103.156.24 - - [02/May/2016:09:26:35 -0300] "POST /cormun/servlet/trautorizarsolicitud?314f2df015308b27bc48fa4988653ff7,,gx-no-cache=1462192137265 HTTP/1.1" 200 6135
186.103.156.24 - - [02/May/2016:09:26:36 -0300] "POST /cormun/servlet/trautorizarsolicitud?314f2df015308b27bc48fa4988653ff7,,gx-no-cache=1462192137764 HTTP/1.1" 200 6078
186.103.159.182 - - [02/May/2016:09:26:37 -0300] "GET /cormun/servlet/hpexe_link HTTP/1.1" 200 951
186.103.156.24 - - [02/May/2016:09:26:39 -0300] "POST /cormun/servlet/trautorizarsolicitud?314f2df015308b27bc48fa4988653ff7,,gx-no-cache=1462192141920 HTTP/1.1" 200 5884
186.103.159.182 - - [02/May/2016:09:26:39 -0300] "GET /cormun/static/gxcfg.js?20151120044395 HTTP/1.1" 200 953
186.103.159.182 - - [02/May/2016:09:26:39 -0300] "GET /cormun/static/hpexe_link.js?20151120044398 HTTP/1.1" 200 625
186.103.156.24 - - [02/May/2016:09:26:39 -0300] "POST /cormun/servlet/trautorizarsolicitud?314f2df015308b27bc48fa4988653ff7,,gx-no-cache=1462192142355 HTTP/1.1" 200 5829
186.103.159.182 - - [02/May/2016:09:26:40 -0300] "GET /cormun/servlet/hhome HTTP/1.1" 200 3548
186.103.159.182 - - [02/May/2016:09:26:40 -0300] "GET /cormun/static/SmoothNavMenu/resources/ddsmoothmenu-v.css?1012540 HTTP/1.1" 200 1188
186.103.159.182 - - [02/May/2016:09:26:40 -0300] "GET /cormun/static/SmoothNavMenu/resources/ddsmoothmenu.css?1012540 HTTP/1.1" 200 2223
186.103.159.182 - - [02/May/2016:09:26:40 -0300] "GET /cormun/static/scaMessage/css/jquery.pnotify.default.css?1716380 HTTP/1.1" 200 1707
186.103.159.182 - - [02/May/2016:09:26:40 -0300] "GET /cormun/static/gxcfg.js?2015112210564248 HTTP/1.1" 200 953
186.103.159.182 - - [02/May/2016:09:26:40 -0300] "GET /cormun/static/PXToolsJavascripts/pexe_autoreload.js HTTP/1.1" 200 1762
186.103.159.182 - - [02/May/2016:09:26:41 -0300] "GET /cormun/static/Shared/jqueryui/jquery-ui.min.css?1245370 HTTP/1.1" 200 30288
186.103.159.182 - - [02/May/2016:09:26:41 -0300] "GET /cormun/static/PXToolsJavascripts/pexe_windows.js HTTP/1.1" 200 15207
186.103.159.182 - - [02/May/2016:09:26:41 -0300] "GET /cormun/static/PXToolsJavascripts/pexe_cookies.js HTTP/1.1" 200 792
186.103.156.24 - - [02/May/2016:09:26:41 -0300] "POST /cormun/servlet/trautorizarsolicitud?314f2df015308b27bc48fa4988653ff7,,gx-no-cache=1462192143929 HTTP/1.1" 200 5607
186.103.159.182 - - [02/May/2016:09:26:41 -0300] "GET /cormun/static/PXToolsJavascripts/pexe_griddivfix.js HTTP/1.1" 200 6644
186.103.159.182 - - [02/May/2016:09:26:41 -0300] "GET /cormun/static/PXToolsJavascripts/pexe_grid.js HTTP/1.1" 200 7559
186.103.156.24 - - [02/May/2016:09:26:41 -0300] "POST /cormun/servlet/trautorizarsolicitud?314f2df015308b27bc48fa4988653ff7,,gx-no-cache=1462192144309 HTTP/1.1" 200 5549
186.103.159.182 - - [02/May/2016:09:26:41 -0300] "GET /cormun/static/Resources/Spanish/PXTools.css?10515224 HTTP/1.1" 200 89042
186.103.159.182 - - [02/May/2016:09:26:41 -0300] "GET /cormun/static/PXToolsJavascripts/pexe_link.js HTTP/1.1" 200 5671
186.103.159.182 - - [02/May/2016:09:26:41 -0300] "GET /cormun/static/PXToolsJavascripts/pexe_menudivfix.js HTTP/1.1" 200 333
186.103.159.182 - - [02/May/2016:09:26:42 -0300] "GET /cormun/static/PXToolsJavascripts/pexe_menus.js HTTP/1.1" 200 1286
186.103.156.24 - - [02/May/2016:09:26:43 -0300] "POST /cormun/servlet/trautorizarsolicitud?314f2df015308b27bc48fa4988653ff7,,gx-no-cache=1462192145993 HTTP/1.1" 200 5274
186.103.159.182 - - [02/May/2016:09:26:43 -0300] "GET /cormun/static/PXToolsJavascripts/pexe_layers.js HTTP/1.1" 200 4114
186.103.156.24 - - [02/May/2016:09:26:43 -0300] "POST /cormun/servlet/trautorizarsolicitud?314f2df015308b27bc48fa4988653ff7,,gx-no-cache=1462192146363 HTTP/1.1" 200 5215
186.103.159.182 - - [02/May/2016:09:26:44 -0300] "GET /cormun/static/PXToolsJavascripts/pexe_oav.js HTTP/1.1" 200 645
186.103.159.182 - - [02/May/2016:09:26:44 -0300] "GET /cormun/static/PXToolsJavascripts/pexe_oavdivfix.js HTTP/1.1" 200 639
186.103.159.182 - - [02/May/2016:09:26:44 -0300] "GET /cormun/static/PXToolsJavascripts/pexe_picture.js HTTP/1.1" 200 689
186.103.159.182 - - [02/May/2016:09:26:44 -0300] "GET /cormun/static/PXToolsJavascripts/pexe_popup.js HTTP/1.1" 200 13458
186.103.156.24 - - [02/May/2016:09:26:45 -0300] "POST /cormun/servlet/trautorizarsolicitud?314f2df015308b27bc48fa4988653ff7,,gx-no-cache=1462192148015 HTTP/1.1" 200 3910
186.103.156.24 - - [02/May/2016:09:26:45 -0300] "POST /cormun/servlet/trautorizarsolicitud?314f2df015308b27bc48fa4988653ff7,,gx-no-cache=1462192148328 HTTP/1.1" 200 3736
186.103.159.182 - - [02/May/2016:09:26:47 -0300] "GET /cormun/static/PXToolsJavascripts/pexe_scrolldiv.js HTTP/1.1" 200 4138
186.103.159.182 - - [02/May/2016:09:26:48 -0300] "GET /cormun/static/PXToolsJavascripts/pexe_tabdivfix.js HTTP/1.1" 200 876
186.103.159.182 - - [02/May/2016:09:26:49 -0300] "GET /cormun/static/PXToolsJavascripts/pexe_tabs.js HTTP/1.1" 200 3748
186.103.159.182 - - [02/May/2016:09:26:49 -0300] "GET /cormun/static/PXToolsJavascripts/pexe_upload.js HTTP/1.1" 200 1423
186.103.159.182 - - [02/May/2016:09:26:49 -0300] "GET /cormun/static/PXToolsJavascripts/PXToolsJavascriptsRender.js HTTP/1.1" 200 367
186.103.159.182 - - [02/May/2016:09:26:49 -0300] "GET /cormun/static/RunJS/RunJS.js HTTP/1.1" 200 288
186.103.159.182 - - [02/May/2016:09:26:50 -0300] "GET /cormun/static/Shared/ext/locale/ext-lang-en.js HTTP/1.1" 200 10940
186.103.159.182 - - [02/May/2016:09:26:50 -0300] "GET /cormun/static/hhome.js?2015112210564255 HTTP/1.1" 200 777
186.103.159.182 - - [02/May/2016:09:26:50 -0300] "GET /cormun/static/hwchdr01.js?20162241650484 HTTP/1.1" 200 1183
186.103.159.182 - - [02/May/2016:09:26:50 -0300] "GET /cormun/static/hpexe_recentlink.js?2015111312121342 HTTP/1.1" 200 2144
186.103.159.182 - - [02/May/2016:09:26:51 -0300] "GET /cormun/static/hpexe_scripts.js?20151120014546 HTTP/1.1" 200 1544
186.103.159.182 - - [02/May/2016:09:26:52 -0300] "GET /cormun/static/hpexe_messagecontroller.js?2015112210524422 HTTP/1.1" 200 870
186.103.159.182 - - [02/May/2016:09:26:53 -0300] "GET /cormun/static/hpexe_messagepopupcomponent.js?201632119295953 HTTP/1.1" 200 605
186.103.156.24 - - [02/May/2016:09:26:54 -0300] "GET /cormun/servlet/trvisualizadoreventos? HTTP/1.1" 200 6332
186.103.156.24 - - [02/May/2016:09:26:54 -0300] "GET /cormun/static/gxcfg.js?201631021481342 HTTP/1.1" 200 953
186.103.156.24 - - [02/May/2016:09:26:54 -0300] "GET /cormun/static/trvisualizadoreventos.js?201631021481717 HTTP/1.1" 304 -
186.103.156.24 - - [02/May/2016:09:26:54 -0300] "GET /cormun/static/Resources/PXToolsActionPrint.png HTTP/1.1" 200 3317
186.103.159.182 - - [02/May/2016:09:26:54 -0300] "GET /cormun/static/cmcontrolpreferences.js?20151120014525 HTTP/1.1" 200 1375
186.103.159.182 - - [02/May/2016:09:26:54 -0300] "GET /cormun/static/hpexe_messagegenexuscomponent.js?20151120014314 HTTP/1.1" 200 587
186.103.156.24 - - [02/May/2016:09:26:54 -0300] "GET /cormun/servlet/trvisualizadoreventos? HTTP/1.1" 200 6332
186.103.159.182 - - [02/May/2016:09:26:55 -0300] "GET /cormun/static/gxui/gxui-all.js HTTP/1.1" 200 107772
186.103.159.182 - - [02/May/2016:09:26:56 -0300] "GET /cormun/static/SmoothNavMenu/resources/ddsmoothmenu.js HTTP/1.1" 200 12712
186.103.159.182 - - [02/May/2016:09:26:58 -0300] "GET /cormun/static/SmoothNavMenu/resources/SmoothNavMenuRender.js HTTP/1.1" 200 5951
186.103.156.24 - - [02/May/2016:09:26:58 -0300] "POST /cormun/servlet/trvisualizadoreventos?314f2df015308b27bc48fa4988653ff7,,gx-no-cache=1462192162877 HTTP/1.1" 200 109
186.103.156.24 - - [02/May/2016:09:26:58 -0300] "GET /cormun/VisualizadorEventos-91.xls HTTP/1.1" 200 4096
186.103.159.182 - - [02/May/2016:09:26:59 -0300] "GET /cormun/static/scaMessage/js/jquery.pnotify.min.js HTTP/1.1" 200 13038
186.103.159.182 - - [02/May/2016:09:27:00 -0300] "GET /cormun/static/scaMessage/scaMessageRender.js HTTP/1.1" 200 11977
186.103.159.182 - - [02/May/2016:09:27:02 -0300] "GET /cormun/static/hmpwkw03.js?201631622503633 HTTP/1.1" 200 3898
186.103.159.182 - - [02/May/2016:09:27:02 -0300] "GET /cormun/static/Resources/logo4.png HTTP/1.1" 200 6582
186.103.159.182 - - [02/May/2016:09:27:07 -0300] "GET /cormun/static/Resources/PXToolsHeaderActionsLeft.png HTTP/1.1" 200 1118
186.103.159.182 - - [02/May/2016:09:27:07 -0300] "GET /cormun/static/Resources/PXToolsHeaderHome.png HTTP/1.1" 200 4147
186.103.159.182 - - [02/May/2016:09:27:08 -0300] "GET /cormun/static/Shared/jqueryui/jquery-ui.min.js HTTP/1.1" 200 240427
186.103.159.182 - - [02/May/2016:09:27:11 -0300] "GET /cormun/static/Resources/PXToolsHeaderLogin.png HTTP/1.1" 200 4279
186.103.159.182 - - [02/May/2016:09:27:13 -0300] "GET /cormun/static/Resources/PXToolsHeaderPreferences.png HTTP/1.1" 200 4189
186.103.159.182 - - [02/May/2016:09:27:24 -0300] "GET /cormun/static/Resources/PXToolsHeaderSecurity.png HTTP/1.1" 200 4166
186.103.159.182 - - [02/May/2016:09:27:26 -0300] "GET /cormun/static/Resources/PXToolsHeaderActionsRight.png HTTP/1.1" 200 1201
186.103.156.24 - - [02/May/2016:09:27:29 -0300] "GET /cormun/servlet/trautorizarsolicitud? HTTP/1.1" 200 6470
186.103.156.24 - - [02/May/2016:09:27:29 -0300] "GET /cormun/servlet/trautorizarsolicitud? HTTP/1.1" 200 6470
186.103.159.182 - - [02/May/2016:09:27:42 -0300] "GET /cormun/static/Shared/jquery/jquery-1.4.2.min.js HTTP/1.1" 200 72174
186.103.159.182 - - [02/May/2016:09:27:52 -0300] "GET /cormun/static/Shared/ext/ext-all.js HTTP/1.1" 200 1289687
186.103.156.24 - - [02/May/2016:09:27:53 -0300] "GET /cormun/servlet/trsolicitudot? HTTP/1.1" 200 6353
186.103.156.24 - - [02/May/2016:09:27:54 -0300] "GET /cormun/servlet/trsolicitudot? HTTP/1.1" 200 6352
186.103.159.182 - - [02/May/2016:09:28:17 -0300] "GET /cormun/static/Shared/jquery/jquery-1.10.2.min.js HTTP/1.1" 200 273199
186.103.159.182 - - [02/May/2016:09:28:20 -0300] "GET /cormun/static/Resources/PXToolsHeaderBackground2.png HTTP/1.1" 200 1174
186.103.159.182 - - [02/May/2016:09:28:20 -0300] "GET /cormun/static/Resources/PXToolsHeaderActionsBackground.png HTTP/1.1" 200 484
186.103.159.182 - - [02/May/2016:09:28:21 -0300] "GET /cormun/static/Resources/PXToolsDataTitle.png HTTP/1.1" 200 1173
186.103.159.182 - - [02/May/2016:09:28:24 -0300] "GET /cormun/static/Resources/PXToolsFooterBackground2.png HTTP/1.1" 200 1172
186.103.159.182 - - [02/May/2016:09:28:27 -0300] "GET /cormun/servlet/hhome HTTP/1.1" 200 3545
186.103.159.182 - - [02/May/2016:09:28:27 -0300] "GET /cormun/static/SmoothNavMenu/resources/images/down.gif HTTP/1.1" 200 854
191.112.89.155 - - [02/May/2016:09:28:35 -0300] "GET /cormun/servlet/solicitudot?fe932836aca598f2d54a6252799436e97cb945132a2fa1599053febe61457797fda637d202a678fff06c8a8074f29f78068a9b94430c44d4d65769c28fd1489c26f8b59cabb971299d1ab4da343417635436d423e9ddf13e1ff0603a2409b6e3550f25f180c22e332ee0888e88bc20592776c179d22cc4772bd1d2216d19256ef9fcd706fa5fc2491b88dde38c071a54fa17915704f4475762f688d4ed9d76588cc7c2c5cc7dd645856befbf7976f668,gx-no-cache=1462192135756 HTTP/1.1" 200 30
191.112.89.155 - - [02/May/2016:09:28:45 -0300] "POST /cormun/servlet/solicitudot?3ce9b0e6d0b3c57749b501565a779e19,INS,0,0,,gx-no-cache=1462192145281 HTTP/1.1" 200 9512
191.112.89.155 - - [02/May/2016:09:29:19 -0300] "GET /cormun/servlet/solicitudot?fe932836aca598f2d54a6252799436e97cb945132a2fa1599053febe61457797fda637d202a678fff06c8a8074f29f78068a9b94430c44d4d65769c28fd1489c26f8b59cabb971299d1ab4da343417635436d423e9ddf13e1ff0603a2409b6e3550f25f180c22e332ee0888e88bc20592776c179d22cc4772bd1d2216d19256ef9fcd706fa5fc2491b88dde38c071a54fa17915704f4475762f688d4ed9d7658abc8fc4140c9fe92453fa2aac85bb6f8,gx-no-cache=1462192179627 HTTP/1.1" 200 30
191.112.89.155 - - [02/May/2016:09:29:20 -0300] "POST /cormun/servlet/solicitudot?3ce9b0e6d0b3c57749b501565a779e19,INS,0,0,,gx-no-cache=1462192179747 HTTP/1.1" 200 9571
191.112.89.155 - - [02/May/2016:09:30:03 -0300] "GET /cormun/servlet/solicitudot?fe932836aca598f2d54a6252799436e97cb945132a2fa1599053febe61457797fda637d202a678fff06c8a8074f29f78068a9b94430c44d4d65769c28fd1489c26f8b59cabb971299d1ab4da343417635436d423e9ddf13e1ff0603a2409b6e3550f25f180c22e332ee0888e88bc20592776c179d22cc4772bd1d2216d19256ef9fcd706fa5fc2491b88dde38c071a54fa17915704f4475762f688d4ed9d7658abc8fc4140c9fe92453fa2aac85bb6f8,gx-no-cache=1462192223175 HTTP/1.1" 200 30
191.112.89.155 - - [02/May/2016:09:30:03 -0300] "POST /cormun/servlet/solicitudot?3ce9b0e6d0b3c57749b501565a779e19,INS,0,0,,gx-no-cache=1462192223363 HTTP/1.1" 200 9619
191.112.28.58 - - [02/May/2016:09:31:10 -0300] "POST /cormun/servlet/solicitudot?gx-no-cache=1462192287113 HTTP/1.1" 200 30
191.112.28.58 - - [02/May/2016:09:31:33 -0300] "POST /cormun/servlet/solicitudot?gx-no-cache=1462192309820 HTTP/1.1" 200 1184
191.112.28.58 - - [02/May/2016:09:31:33 -0300] "GET /cormun/servlet/solicitudot?216e200a289570d528dcd491cfebfe65be2cd0de1239db7cff7df44dd158a4c2316143775b73f961413a04da049ae5ae958b6658ae8b3284cfdb7cca385199b014399913be28a09937801df0ba8c4a346196d57621220afdd8d66c7dd3fda6e82c9ab34ccb47d72281a123e727226d7fafa5bfc65487ad541037ccd12f5c557c05d5a069a8571c929ce527f7a3780abb2aa8c065a6d1db72a3e104431b55bdad,gx-no-cache=1462192310239 HTTP/1.1" 200 41
191.112.28.58 - - [02/May/2016:09:31:33 -0300] "POST /cormun/servlet/solicitudot?gx-no-cache=1462192310380 HTTP/1.1" 200 1143
191.112.28.58 - - [02/May/2016:09:31:34 -0300] "GET /cormun/servlet/solicitudot?216e200a289570d528dcd491cfebfe656aced6784f34e0fa4401fdbd6f9459942293eefbe9f8d88b836d9c66227333b364aea8a50da19c37d5d1d235d9799b736aff050f8dd5d5a110cca9272680a13f211c557ab592c4aa04a5287645a843919a08534e854cdd01a704bfaa97c093e1704cf3b135c00a1c454a19072ba4cebfd5797c19d302a3c888398812843b17f3f494799c00c5cac116d1bf2bd7f176cc55dcc896b56348c9f2e7f7d873c675fb5b9332019abada8bd0f575948e77d203,gx-no-cache=1462192310640 HTTP/1.1" 200 32
191.112.28.58 - - [02/May/2016:09:31:34 -0300] "POST /cormun/servlet/solicitudot?b20c9a3b85bc2966a88f070defdc0345,INS,0,0,,gx-no-cache=1462192310774 HTTP/1.1" 200 93
191.112.28.58 - - [02/May/2016:09:31:34 -0300] "GET /cormun/servlet/hpexe_return? HTTP/1.1" 200 1001
191.112.28.58 - - [02/May/2016:09:31:34 -0300] "GET /cormun/static/Resources/Spanish/PXTools.css?12112540 HTTP/1.1" 304 -
191.112.28.58 - - [02/May/2016:09:31:35 -0300] "GET /cormun/static/gxcfg.js?2015111312145050 HTTP/1.1" 304 -
191.112.28.58 - - [02/May/2016:09:31:35 -0300] "GET /cormun/static/hpexe_return.js?2015111312145056 HTTP/1.1" 304 -
191.112.28.58 - - [02/May/2016:09:31:35 -0300] "GET /cormun/servlet/trsolicitudot HTTP/1.1" 200 7788
191.112.28.58 - - [02/May/2016:09:31:38 -0300] "GET /cormun/servlet/trsolicitudot HTTP/1.1" 200 7785
191.112.28.58 - - [02/May/2016:09:32:29 -0300] "POST /cormun/servlet/trsolicitudot?b20c9a3b85bc2966a88f070defdc0345,gx-no-cache=1462192366311 HTTP/1.1" 200 106
191.112.28.58 - - [02/May/2016:09:32:30 -0300] "GET /cormun/servlet/trsolicitudadjuntos?2016,1572, HTTP/1.1" 200 5494
191.112.28.58 - - [02/May/2016:09:32:30 -0300] "GET /cormun/static/gxcfg.js?2016311731090 HTTP/1.1" 304 -
191.112.28.58 - - [02/May/2016:09:32:30 -0300] "GET /cormun/static/trsolicitudadjuntos.js?2016311731342 HTTP/1.1" 304 -
191.112.28.58 - - [02/May/2016:09:32:32 -0300] "GET /cormun/servlet/trsolicitudadjuntos?2016,1572, HTTP/1.1" 200 5494
191.112.28.58 - - [02/May/2016:09:32:38 -0300] "GET /cormun/servlet/solicitudotadjuntos?INS,2016,1572,,1, HTTP/1.1" 200 5585
191.112.28.58 - - [02/May/2016:09:32:39 -0300] "GET /cormun/static/gxcfg.js?201631622493247 HTTP/1.1" 304 -
191.112.28.58 - - [02/May/2016:09:32:39 -0300] "GET /cormun/static/solicitudotadjuntos.js?201631622493267 HTTP/1.1" 304 -
191.112.28.58 - - [02/May/2016:09:32:39 -0300] "GET /cormun/static/about:blank HTTP/1.1" 404 1011
191.112.28.58 - - [02/May/2016:09:32:40 -0300] "GET /cormun/servlet/solicitudotadjuntos?INS,2016,1572,,1, HTTP/1.1" 200 5579
191.112.28.58 - - [02/May/2016:09:32:41 -0300] "GET /cormun/servlet/solicitudotadjuntos?216e200a289570d528dcd491cfebfe65883798829cff3b519c756956576c116d133f575a77bfec75f77b2eb18c8ede22,gx-no-cache=1462192378066 HTTP/1.1" 200 30
191.112.28.58 - - [02/May/2016:09:32:41 -0300] "POST /cormun/servlet/solicitudotadjuntos?b20c9a3b85bc2966a88f070defdc0345,INS,2016,1572,,1,,gx-no-cache=1462192378237 HTTP/1.1" 200 3425
