191.112.23.70 - - [25/Apr/2016:08:46:44 -0300] "GET /cormun/servlet/solicitudotadjuntos?a096267b8e790c1e0043240a9e3ec5bd4b75ae29abc4a11e4b0727557c04aea4213a55c90187af3c86292d69e8c78b2a,gx-no-cache=1461584828162 HTTP/1.1" 200 30
191.112.23.70 - - [25/Apr/2016:08:46:44 -0300] "POST /cormun/servlet/solicitudotadjuntos?60164b8105a4a3efd8929040f97e0b73,INS,2016,1444,,1,,gx-no-cache=1461584828297 HTTP/1.1" 200 3513
191.112.23.70 - - [25/Apr/2016:08:46:48 -0300] "POST /cormun/servlet/solicitudotadjuntos?gx-no-cache=1461584832482 HTTP/1.1" 200 26
191.112.23.70 - - [25/Apr/2016:08:46:53 -0300] "GET /cormun/servlet/solicitudotadjuntos?a096267b8e790c1e0043240a9e3ec5bd8fffb49b8acd275a56044c7e07092103,gx-no-cache=1461584837299 HTTP/1.1" 200 30
191.112.23.70 - - [25/Apr/2016:08:46:53 -0300] "GET /cormun/servlet/solicitudotadjuntos?a096267b8e790c1e0043240a9e3ec5bd8fffb49b8acd275a56044c7e07092103,gx-no-cache=1461584837359 HTTP/1.1" 200 30
200.112.233.47 - - [25/Apr/2016:08:46:57 -0300] "GET /cormun/servlet/solicitudot?d06b7bca4dd76e7581c21a13b515a33fd2cb467aacf4dc1c9e3232dcb01fd4fb1ff57ce2decbfc27f64ca3539b13b041ffe0b6c3d42bf1f4fe570404d7a0f7298145ba93012a9c67e293ee79371aa1c927d243fd0619fab2c254fbf2a2e1d4deaa64dc32589a320fcc801fde630cc85fbe3c2b34a801b870aa6a5d9302b02d6a8a6eda6c23f6956c984e100e915aedff380b59b1a1deecb669ae2124a3f5a4b794c6df31f3b3a4019cb1d7525bafe889,gx-no-cache=1461584838263 HTTP/1.1" 200 30
191.112.23.70 - - [25/Apr/2016:08:46:58 -0300] "POST /cormun/servlet/solicitudotadjuntos?60164b8105a4a3efd8929040f97e0b73,INS,2016,1444,,1, HTTP/1.1" 200 116
191.112.23.70 - - [25/Apr/2016:08:46:58 -0300] "GET /cormun/servlet/hpexe_return? HTTP/1.1" 200 1030
191.112.23.70 - - [25/Apr/2016:08:46:59 -0300] "GET /cormun/servlet/trsolicitudadjuntos?2016,1444, HTTP/1.1" 200 8154
191.112.23.70 - - [25/Apr/2016:08:47:00 -0300] "GET /cormun/servlet/trsolicitudadjuntos?2016,1444, HTTP/1.1" 200 8153
191.112.23.70 - - [25/Apr/2016:08:47:08 -0300] "GET /cormun/servlet/trautorizarsolicitud? HTTP/1.1" 200 8415
191.112.23.70 - - [25/Apr/2016:08:47:09 -0300] "GET /cormun/servlet/trautorizarsolicitud? HTTP/1.1" 200 8409
200.112.233.47 - - [25/Apr/2016:08:47:16 -0300] "POST /cormun/servlet/solicitudot?62e3306493995bd9b231b72b526d5810,INS,0,0,,gx-no-cache=1461584856880 HTTP/1.1" 200 93
200.112.233.47 - - [25/Apr/2016:08:47:16 -0300] "GET /cormun/servlet/hpexe_return? HTTP/1.1" 200 999
200.112.233.47 - - [25/Apr/2016:08:47:16 -0300] "GET /cormun/static/Resources/Spanish/PXTools.css?12112540 HTTP/1.1" 304 -
200.112.233.47 - - [25/Apr/2016:08:47:16 -0300] "GET /cormun/static/hpexe_return.js?2015111312145056 HTTP/1.1" 304 -
200.112.233.47 - - [25/Apr/2016:08:47:16 -0300] "GET /cormun/static/gxcfg.js?2015111312145050 HTTP/1.1" 200 953
200.112.233.47 - - [25/Apr/2016:08:47:16 -0300] "GET /cormun/servlet/hhome HTTP/1.1" 200 3578
200.112.233.47 - - [25/Apr/2016:08:47:17 -0300] "GET /cormun/static/Resources/Spanish/PXTools.css?10515224 HTTP/1.1" 304 -
200.112.233.47 - - [25/Apr/2016:08:47:17 -0300] "GET /cormun/static/gxcfg.js?2015112210564248 HTTP/1.1" 200 953
200.112.233.47 - - [25/Apr/2016:08:47:17 -0300] "GET /cormun/static/hhome.js?2015112210564255 HTTP/1.1" 304 -
200.112.233.47 - - [25/Apr/2016:08:47:23 -0300] "GET /cormun/servlet/trsolicitudot? HTTP/1.1" 200 7769
200.112.233.47 - - [25/Apr/2016:08:47:23 -0300] "GET /cormun/static/Shared/ext/resources/css/ext-all.css?215870 HTTP/1.1" 304 -
200.112.233.47 - - [25/Apr/2016:08:47:23 -0300] "GET /cormun/static/gxui/gxui-all.css?120300 HTTP/1.1" 304 -
200.112.233.47 - - [25/Apr/2016:08:47:23 -0300] "GET /cormun/static/calendar-system.css?85620 HTTP/1.1" 304 -
200.112.233.47 - - [25/Apr/2016:08:47:23 -0300] "GET /cormun/static/Resources/Spanish/PXTools.css?2139548 HTTP/1.1" 304 -
200.112.233.47 - - [25/Apr/2016:08:47:23 -0300] "GET /cormun/static/gxcfg.js?201631022392470 HTTP/1.1" 200 953
200.112.233.47 - - [25/Apr/2016:08:47:23 -0300] "GET /cormun/static/Resources/PXToolsDataSearch.png HTTP/1.1" 304 -
200.112.233.47 - - [25/Apr/2016:08:47:23 -0300] "GET /cormun/static/Resources/PXToolsGridFirstDisabled.gif HTTP/1.1" 304 -
200.112.233.47 - - [25/Apr/2016:08:47:23 -0300] "GET /cormun/static/Resources/PXToolsGridPreviousDisabled.gif HTTP/1.1" 304 -
200.112.233.47 - - [25/Apr/2016:08:47:23 -0300] "GET /cormun/static/Resources/PXToolsGridNextDisabled.gif HTTP/1.1" 304 -
200.112.233.47 - - [25/Apr/2016:08:47:23 -0300] "GET /cormun/static/Resources/PXToolsGridLastDisabled.gif HTTP/1.1" 304 -
200.112.233.47 - - [25/Apr/2016:08:47:23 -0300] "GET /cormun/static/Resources/PXToolsGridPage.gif HTTP/1.1" 304 -
200.112.233.47 - - [25/Apr/2016:08:47:23 -0300] "GET /cormun/static/Resources/PXToolsGridNew.png HTTP/1.1" 304 -
200.112.233.47 - - [25/Apr/2016:08:47:23 -0300] "GET /cormun/static/Resources/PXToolsActionExcel.png HTTP/1.1" 304 -
200.112.233.47 - - [25/Apr/2016:08:47:24 -0300] "GET /cormun/static/trsolicitudot.js?201631022393178 HTTP/1.1" 304 -
200.112.233.47 - - [25/Apr/2016:08:47:24 -0300] "GET /cormun/static/Resources/asc.gif HTTP/1.1" 304 -
200.112.233.47 - - [25/Apr/2016:08:47:24 -0300] "GET /cormun/static/Resources/desc.gif HTTP/1.1" 304 -
200.112.233.47 - - [25/Apr/2016:08:47:24 -0300] "GET /cormun//static/Resources/PXToolsGridUpdate.png HTTP/1.1" 304 -
200.112.233.47 - - [25/Apr/2016:08:47:24 -0300] "GET /cormun//static/Resources/PXToolsGridDelete.png HTTP/1.1" 304 -
200.112.233.47 - - [25/Apr/2016:08:47:24 -0300] "GET /cormun//static/Resources/PXToolsActionView.png HTTP/1.1" 304 -
200.112.233.47 - - [25/Apr/2016:08:47:24 -0300] "GET /cormun//static/Resources/PXToolsRemoveAllAction.png HTTP/1.1" 304 -
200.112.233.47 - - [25/Apr/2016:08:47:24 -0300] "GET /cormun//static/Resources/PXTools/ActionInsert.png HTTP/1.1" 304 -
191.112.23.70 - - [25/Apr/2016:08:47:24 -0300] "POST /cormun/servlet/trautorizarsolicitud?60164b8105a4a3efd8929040f97e0b73,,gx-no-cache=1461584868295 HTTP/1.1" 200 5836
200.112.233.47 - - [25/Apr/2016:08:47:24 -0300] "GET /cormun/static/Shared/ext/resources/themes/images/default/panel/bg-headersPanel.png HTTP/1.1" 304 -
200.112.233.47 - - [25/Apr/2016:08:47:24 -0300] "GET /cormun/static/Shared/ext/resources/themes/images/default/tools/tool-sprites.gif HTTP/1.1" 304 -
200.112.233.47 - - [25/Apr/2016:08:47:24 -0300] "GET /cormun/static/Shared/ext/resources/themes/images/default/tip/tip-corners.gif HTTP/1.1" 304 -
200.112.233.47 - - [25/Apr/2016:08:47:24 -0300] "GET /cormun/static/Shared/ext/resources/themes/images/default/tip/tip-sides.gif HTTP/1.1" 304 -
200.112.233.47 - - [25/Apr/2016:08:47:31 -0300] "POST /cormun/servlet/trsolicitudot?62e3306493995bd9b231b72b526d5810,,gx-no-cache=1461584872469 HTTP/1.1" 200 107
200.112.233.47 - - [25/Apr/2016:08:47:31 -0300] "GET /cormun/servlet/trsolicitudadjuntos?2016,1497, HTTP/1.1" 200 5518
200.112.233.47 - - [25/Apr/2016:08:47:31 -0300] "GET /cormun/static/Resources/Spanish/PXTools.css?171692 HTTP/1.1" 304 -
200.112.233.47 - - [25/Apr/2016:08:47:31 -0300] "GET /cormun/static/gxcfg.js?2016311731090 HTTP/1.1" 200 953
200.112.233.47 - - [25/Apr/2016:08:47:32 -0300] "GET /cormun/static/Resources/PXToolsGridFirst.gif HTTP/1.1" 304 -
200.112.233.47 - - [25/Apr/2016:08:47:32 -0300] "GET /cormun/static/Resources/PXToolsGridPrevious.gif HTTP/1.1" 304 -
200.112.233.47 - - [25/Apr/2016:08:47:32 -0300] "GET /cormun/static/Resources/PXToolsGridNext.gif HTTP/1.1" 304 -
200.112.233.47 - - [25/Apr/2016:08:47:32 -0300] "GET /cormun/static/Resources/PXToolsGridLast.gif HTTP/1.1" 304 -
200.112.233.47 - - [25/Apr/2016:08:47:32 -0300] "GET /cormun/static/trsolicitudadjuntos.js?2016311731342 HTTP/1.1" 304 -
191.112.23.70 - - [25/Apr/2016:08:47:35 -0300] "POST /cormun/servlet/trautorizarsolicitud?60164b8105a4a3efd8929040f97e0b73,,gx-no-cache=1461584879107 HTTP/1.1" 200 3758
191.112.23.70 - - [25/Apr/2016:08:47:38 -0300] "POST /cormun/servlet/trautorizarsolicitud?60164b8105a4a3efd8929040f97e0b73,,gx-no-cache=1461584882468 HTTP/1.1" 200 3758
200.112.233.47 - - [25/Apr/2016:08:47:40 -0300] "GET /cormun/servlet/trsolicitudot? HTTP/1.1" 200 7773
191.112.23.70 - - [25/Apr/2016:08:47:42 -0300] "GET /cormun/static/menuarrow.gif HTTP/1.1" 404 1015
191.112.23.70 - - [25/Apr/2016:08:47:45 -0300] "POST /cormun/servlet/trautorizarsolicitud?60164b8105a4a3efd8929040f97e0b73,,gx-no-cache=1461584889307 HTTP/1.1" 200 3758
200.112.233.47 - - [25/Apr/2016:08:47:49 -0300] "POST /cormun/servlet/trsolicitudot?62e3306493995bd9b231b72b526d5810,,gx-no-cache=1461584890610 HTTP/1.1" 200 105
200.112.233.47 - - [25/Apr/2016:08:47:49 -0300] "GET /cormun/servlet/solicitudot?UPD,2016,1497, HTTP/1.1" 200 12964
200.112.233.47 - - [25/Apr/2016:08:47:51 -0300] "POST /cormun/servlet/solicitudot?gx-no-cache=1461584892821 HTTP/1.1" 200 2747
200.112.233.47 - - [25/Apr/2016:08:47:52 -0300] "POST /cormun/servlet/solicitudot?62e3306493995bd9b231b72b526d5810,UPD,2016,1497,,gx-no-cache=1461584893081 HTTP/1.1" 200 9163
200.112.233.47 - - [25/Apr/2016:08:47:52 -0300] "GET /cormun/servlet/solicitudot?d06b7bca4dd76e7581c21a13b515a33f9c466ce3f25811e799d7108922a7b07949266fc9fd160fda08a89a5332c1ff45,gx-no-cache=1461584893576 HTTP/1.1" 200 30
200.112.233.47 - - [25/Apr/2016:08:47:52 -0300] "POST /cormun/servlet/solicitudot?gx-no-cache=1461584893733 HTTP/1.1" 200 30
200.112.233.47 - - [25/Apr/2016:08:47:52 -0300] "POST /cormun/servlet/solicitudot?gx-no-cache=1461584893810 HTTP/1.1" 200 30
200.112.233.47 - - [25/Apr/2016:08:47:52 -0300] "POST /cormun/servlet/solicitudot?gx-no-cache=1461584893946 HTTP/1.1" 200 1182
191.112.23.70 - - [25/Apr/2016:08:47:52 -0300] "POST /cormun/servlet/trautorizarsolicitud?60164b8105a4a3efd8929040f97e0b73,,gx-no-cache=1461584896267 HTTP/1.1" 200 5823
200.112.233.47 - - [25/Apr/2016:08:47:53 -0300] "GET /cormun/servlet/solicitudot?d06b7bca4dd76e7581c21a13b515a33f3eea7867ac99ba2083ec6854466238e73e206cd1c01740409174b011f15b7fdd484fee2f6d82dd63051549fdc805e591ec2ef8319020ea13782d01b7f92be8099e95a9a64c65542ae24db0beb7bbb09f52f0021920a28135d548c25ef2df2a760df8cde4505034a894ad28f5a96e7856b512e808f5e31712ba0e186272f6a142fe0871a29796616a773cd23ee014b994,gx-no-cache=1461584894137 HTTP/1.1" 200 41
191.112.23.70 - - [25/Apr/2016:08:48:02 -0300] "POST /cormun/servlet/trautorizarsolicitud?60164b8105a4a3efd8929040f97e0b73,,gx-no-cache=1461584906492 HTTP/1.1" 200 5835
200.112.233.47 - - [25/Apr/2016:08:48:07 -0300] "GET /cormun/servlet/solicitudot?d06b7bca4dd76e7581c21a13b515a33f4fb3401984fb3ff34a0e8e55d8eb717b4b30639ececaad2319da81393187e273496fe94706ac8549c352e09a4622705aba20867275e91d9dc8b3d745114800003ab12f68f11181e20be4be776ef5b9eac9d3334c22e5e5198059c0fcb93844c5,gx-no-cache=1461584908617 HTTP/1.1" 200 29
200.112.233.47 - - [25/Apr/2016:08:48:07 -0300] "POST /cormun/servlet/solicitudot?gx-no-cache=1461584908752 HTTP/1.1" 200 1144
200.112.233.47 - - [25/Apr/2016:08:48:07 -0300] "GET /cormun/servlet/solicitudot?d06b7bca4dd76e7581c21a13b515a33fd2cb467aacf4dc1c9e3232dcb01fd4fb1ff57ce2decbfc27f64ca3539b13b041ffe0b6c3d42bf1f4fe570404d7a0f7298145ba93012a9c67e293ee79371aa1c927d243fd0619fab2c254fbf2a2e1d4deaa64dc32589a320fcc801fde630cc85fbe3c2b34a801b870aa6a5d9302b02d6a8a6eda6c23f6956c984e100e915aedff380b59b1a1deecb669ae2124a3f5a4b794c6df31f3b3a4019cb1d7525bafe889,gx-no-cache=1461584908905 HTTP/1.1" 200 30
200.112.233.47 - - [25/Apr/2016:08:48:08 -0300] "POST /cormun/servlet/solicitudot?62e3306493995bd9b231b72b526d5810,UPD,2016,1497,,gx-no-cache=1461584909033 HTTP/1.1" 200 93
200.112.233.47 - - [25/Apr/2016:08:48:08 -0300] "GET /cormun/servlet/hpexe_return? HTTP/1.1" 200 1005
200.112.233.47 - - [25/Apr/2016:08:48:08 -0300] "GET /cormun/servlet/trsolicitudot HTTP/1.1" 200 7774
191.112.23.70 - - [25/Apr/2016:08:48:11 -0300] "GET /cormun/servlet/trsolicitudot? HTTP/1.1" 200 7845
200.112.233.47 - - [25/Apr/2016:08:48:11 -0300] "POST /cormun/servlet/trsolicitudot?62e3306493995bd9b231b72b526d5810,gx-no-cache=1461584912558 HTTP/1.1" 200 107
200.112.233.47 - - [25/Apr/2016:08:48:11 -0300] "GET /cormun/servlet/trsolicitudadjuntos?2016,1497, HTTP/1.1" 200 5518
191.112.23.70 - - [25/Apr/2016:08:48:12 -0300] "GET /cormun/servlet/trsolicitudot? HTTP/1.1" 200 7844
200.112.233.47 - - [25/Apr/2016:08:48:19 -0300] "GET /cormun/servlet/solicitudotadjuntos?INS,2016,1497,,1, HTTP/1.1" 200 5605
200.112.233.47 - - [25/Apr/2016:08:48:19 -0300] "GET /cormun/static/gxcfg.js?201631622493247 HTTP/1.1" 200 953
200.112.233.47 - - [25/Apr/2016:08:48:20 -0300] "GET /cormun/static/about:blank HTTP/1.1" 404 1011
200.112.233.47 - - [25/Apr/2016:08:48:20 -0300] "GET /cormun/static/about:blank HTTP/1.1" 404 1011
200.112.233.47 - - [25/Apr/2016:08:48:20 -0300] "GET /cormun/static/solicitudotadjuntos.js?201631622493267 HTTP/1.1" 304 -
200.112.233.47 - - [25/Apr/2016:08:48:21 -0300] "GET /cormun/servlet/solicitudotadjuntos?d06b7bca4dd76e7581c21a13b515a33fb56a6ad969d952c75a506efa6e96a91f712d73e3f648fcf638396d42c4498e81,gx-no-cache=1461584922464 HTTP/1.1" 200 30
200.112.233.47 - - [25/Apr/2016:08:48:21 -0300] "POST /cormun/servlet/solicitudotadjuntos?62e3306493995bd9b231b72b526d5810,INS,2016,1497,,1,,gx-no-cache=1461584922501 HTTP/1.1" 200 3436
191.112.23.70 - - [25/Apr/2016:08:48:25 -0300] "GET /cormun/static/menuarrow.gif HTTP/1.1" 404 1015
200.112.233.47 - - [25/Apr/2016:08:48:26 -0300] "POST /cormun/servlet/solicitudotadjuntos?gx-no-cache=1461584927581 HTTP/1.1" 200 26
191.112.23.70 - - [25/Apr/2016:08:48:29 -0300] "POST /cormun/servlet/trsolicitudot?60164b8105a4a3efd8929040f97e0b73,,gx-no-cache=1461584933744 HTTP/1.1" 200 5854
191.112.23.70 - - [25/Apr/2016:08:48:38 -0300] "POST /cormun/servlet/trsolicitudot?60164b8105a4a3efd8929040f97e0b73,,gx-no-cache=1461584942353 HTTP/1.1" 200 105
191.112.23.70 - - [25/Apr/2016:08:48:38 -0300] "GET /cormun/servlet/solicitudot?DLT,2016,1496, HTTP/1.1" 200 8736
191.112.23.70 - - [25/Apr/2016:08:48:40 -0300] "GET /cormun/servlet/solicitudot?DLT,2016,1496, HTTP/1.1" 200 8746
191.112.23.70 - - [25/Apr/2016:08:48:50 -0300] "GET /cormun/servlet/trsolicitudot? HTTP/1.1" 200 8483
191.112.23.70 - - [25/Apr/2016:08:48:51 -0300] "GET /cormun/servlet/trsolicitudot? HTTP/1.1" 200 8483
200.112.233.47 - - [25/Apr/2016:08:48:52 -0300] "GET /cormun/servlet/solicitudotadjuntos?d06b7bca4dd76e7581c21a13b515a33f3d5805088dba51faa2881aea93cb7174,gx-no-cache=1461584953672 HTTP/1.1" 200 30
200.112.233.47 - - [25/Apr/2016:08:48:52 -0300] "GET /cormun/servlet/solicitudotadjuntos?d06b7bca4dd76e7581c21a13b515a33f3d5805088dba51faa2881aea93cb7174,gx-no-cache=1461584953775 HTTP/1.1" 200 30
200.112.233.47 - - [25/Apr/2016:08:48:55 -0300] "POST /cormun/servlet/solicitudotadjuntos?62e3306493995bd9b231b72b526d5810,INS,2016,1497,,1, HTTP/1.1" 200 116
200.112.233.47 - - [25/Apr/2016:08:48:55 -0300] "GET /cormun/servlet/hpexe_return? HTTP/1.1" 200 1015
200.112.233.47 - - [25/Apr/2016:08:48:55 -0300] "GET /cormun/servlet/trsolicitudadjuntos?2016,1497, HTTP/1.1" 200 7452
200.112.233.47 - - [25/Apr/2016:08:49:14 -0300] "GET /cormun/servlet/solicitudotadjuntos?INS,2016,1497,,1, HTTP/1.1" 200 5606
200.112.233.47 - - [25/Apr/2016:08:49:14 -0300] "GET /cormun/static/about:blank HTTP/1.1" 404 1011
200.112.233.47 - - [25/Apr/2016:08:49:14 -0300] "GET /cormun/static/about:blank HTTP/1.1" 404 1011
200.112.233.47 - - [25/Apr/2016:08:49:15 -0300] "GET /cormun/servlet/solicitudotadjuntos?d06b7bca4dd76e7581c21a13b515a33fb56a6ad969d952c75a506efa6e96a91f712d73e3f648fcf638396d42c4498e81,gx-no-cache=1461584976462 HTTP/1.1" 200 30
200.112.233.47 - - [25/Apr/2016:08:49:15 -0300] "POST /cormun/servlet/solicitudotadjuntos?62e3306493995bd9b231b72b526d5810,INS,2016,1497,,1,,gx-no-cache=1461584976543 HTTP/1.1" 200 3437
191.112.23.70 - - [25/Apr/2016:08:49:20 -0300] "POST /cormun/servlet/trsolicitudot?60164b8105a4a3efd8929040f97e0b73,,gx-no-cache=1461584983685 HTTP/1.1" 200 5625
191.112.23.70 - - [25/Apr/2016:08:49:20 -0300] "POST /cormun/servlet/trsolicitudot?60164b8105a4a3efd8929040f97e0b73,,gx-no-cache=1461584984522 HTTP/1.1" 200 5565
200.112.233.47 - - [25/Apr/2016:08:49:30 -0300] "POST /cormun/servlet/solicitudotadjuntos?gx-no-cache=1461584991962 HTTP/1.1" 200 26
191.112.23.70 - - [25/Apr/2016:08:49:32 -0300] "POST /cormun/servlet/trsolicitudot?60164b8105a4a3efd8929040f97e0b73,,gx-no-cache=1461584996397 HTTP/1.1" 200 5216
191.112.23.70 - - [25/Apr/2016:08:49:40 -0300] "POST /cormun/servlet/trsolicitudot?60164b8105a4a3efd8929040f97e0b73,,gx-no-cache=1461585004221 HTTP/1.1" 200 5251
191.112.23.70 - - [25/Apr/2016:08:49:41 -0300] "POST /cormun/servlet/trsolicitudot?60164b8105a4a3efd8929040f97e0b73,,gx-no-cache=1461585004832 HTTP/1.1" 200 5194
191.112.23.70 - - [25/Apr/2016:08:49:50 -0300] "POST /cormun/servlet/trsolicitudot?60164b8105a4a3efd8929040f97e0b73,,gx-no-cache=1461585013476 HTTP/1.1" 200 5586
200.112.233.47 - - [25/Apr/2016:08:49:53 -0300] "GET /cormun/servlet/solicitudotadjuntos?d06b7bca4dd76e7581c21a13b515a33f3d5805088dba51faa2881aea93cb7174,gx-no-cache=1461585014842 HTTP/1.1" 200 30
200.112.233.47 - - [25/Apr/2016:08:49:53 -0300] "GET /cormun/servlet/solicitudotadjuntos?d06b7bca4dd76e7581c21a13b515a33f3d5805088dba51faa2881aea93cb7174,gx-no-cache=1461585014909 HTTP/1.1" 200 30
200.112.233.47 - - [25/Apr/2016:08:49:55 -0300] "POST /cormun/servlet/solicitudotadjuntos?62e3306493995bd9b231b72b526d5810,INS,2016,1497,,1, HTTP/1.1" 200 116
200.112.233.47 - - [25/Apr/2016:08:49:55 -0300] "GET /cormun/servlet/hpexe_return? HTTP/1.1" 200 1015
200.112.233.47 - - [25/Apr/2016:08:49:55 -0300] "GET /cormun/servlet/trsolicitudadjuntos?2016,1497, HTTP/1.1" 200 7683
191.112.23.70 - - [25/Apr/2016:08:49:59 -0300] "POST /cormun/servlet/trsolicitudot?60164b8105a4a3efd8929040f97e0b73,,gx-no-cache=1461585023587 HTTP/1.1" 200 105
191.112.23.70 - - [25/Apr/2016:08:50:00 -0300] "GET /cormun/servlet/solicitudot?DLT,2016,1496, HTTP/1.1" 200 8736
191.112.23.70 - - [25/Apr/2016:08:50:01 -0300] "GET /cormun/servlet/solicitudot?DLT,2016,1496, HTTP/1.1" 200 8746
200.112.233.47 - - [25/Apr/2016:08:50:03 -0300] "GET /cormun/servlet/solicitudotadjuntos?INS,2016,1497,,1, HTTP/1.1" 200 5606
200.112.233.47 - - [25/Apr/2016:08:50:03 -0300] "GET /cormun/static/about:blank HTTP/1.1" 404 1011
200.112.233.47 - - [25/Apr/2016:08:50:03 -0300] "GET /cormun/static/about:blank HTTP/1.1" 404 1011
200.112.233.47 - - [25/Apr/2016:08:50:04 -0300] "GET /cormun/servlet/solicitudotadjuntos?d06b7bca4dd76e7581c21a13b515a33fb56a6ad969d952c75a506efa6e96a91f712d73e3f648fcf638396d42c4498e81,gx-no-cache=1461585025895 HTTP/1.1" 200 30
200.112.233.47 - - [25/Apr/2016:08:50:05 -0300] "POST /cormun/servlet/solicitudotadjuntos?62e3306493995bd9b231b72b526d5810,INS,2016,1497,,1,,gx-no-cache=1461585025960 HTTP/1.1" 200 3437
200.112.233.47 - - [25/Apr/2016:08:50:09 -0300] "POST /cormun/servlet/solicitudotadjuntos?gx-no-cache=1461585030591 HTTP/1.1" 200 26
200.112.233.47 - - [25/Apr/2016:08:50:17 -0300] "GET /cormun/servlet/solicitudotadjuntos?d06b7bca4dd76e7581c21a13b515a33f3d5805088dba51faa2881aea93cb7174,gx-no-cache=1461585038187 HTTP/1.1" 200 30
200.112.233.47 - - [25/Apr/2016:08:50:17 -0300] "GET /cormun/servlet/solicitudotadjuntos?d06b7bca4dd76e7581c21a13b515a33f3d5805088dba51faa2881aea93cb7174,gx-no-cache=1461585038280 HTTP/1.1" 200 30
191.112.23.70 - - [25/Apr/2016:08:50:20 -0300] "POST /cormun/servlet/solicitudot?60164b8105a4a3efd8929040f97e0b73,DLT,2016,1496,,gx-no-cache=1461585043913 HTTP/1.1" 200 93
191.112.23.70 - - [25/Apr/2016:08:50:20 -0300] "GET /cormun/servlet/hpexe_return? HTTP/1.1" 200 1018
200.112.233.47 - - [25/Apr/2016:08:50:20 -0300] "POST /cormun/servlet/solicitudotadjuntos?62e3306493995bd9b231b72b526d5810,INS,2016,1497,,1, HTTP/1.1" 200 116
191.112.23.70 - - [25/Apr/2016:08:50:20 -0300] "GET /cormun/servlet/trsolicitudot? HTTP/1.1" 200 8244
200.112.233.47 - - [25/Apr/2016:08:50:21 -0300] "GET /cormun/servlet/hpexe_return? HTTP/1.1" 200 1015
200.112.233.47 - - [25/Apr/2016:08:50:21 -0300] "GET /cormun/servlet/trsolicitudadjuntos?2016,1497, HTTP/1.1" 200 7841
191.112.23.70 - - [25/Apr/2016:08:50:22 -0300] "GET /cormun/servlet/trsolicitudot? HTTP/1.1" 200 8240
200.112.233.47 - - [25/Apr/2016:08:50:25 -0300] "GET /cormun/servlet/solicitudotadjuntos?INS,2016,1497,,1, HTTP/1.1" 200 5606
200.112.233.47 - - [25/Apr/2016:08:50:26 -0300] "GET /cormun/static/about:blank HTTP/1.1" 404 1011
200.112.233.47 - - [25/Apr/2016:08:50:26 -0300] "GET /cormun/static/about:blank HTTP/1.1" 404 1011
200.112.233.47 - - [25/Apr/2016:08:50:27 -0300] "GET /cormun/servlet/solicitudotadjuntos?d06b7bca4dd76e7581c21a13b515a33fb56a6ad969d952c75a506efa6e96a91f712d73e3f648fcf638396d42c4498e81,gx-no-cache=1461585048582 HTTP/1.1" 200 30
191.112.23.70 - - [25/Apr/2016:08:50:27 -0300] "POST /cormun/servlet/trsolicitudot?60164b8105a4a3efd8929040f97e0b73,,gx-no-cache=1461585051479 HTTP/1.1" 200 5214
200.112.233.47 - - [25/Apr/2016:08:50:27 -0300] "POST /cormun/servlet/solicitudotadjuntos?62e3306493995bd9b231b72b526d5810,INS,2016,1497,,1,,gx-no-cache=1461585048690 HTTP/1.1" 200 3437
200.112.233.47 - - [25/Apr/2016:08:50:28 -0300] "POST /cormun/servlet/solicitudotadjuntos?gx-no-cache=1461585049901 HTTP/1.1" 200 26
191.112.23.70 - - [25/Apr/2016:08:50:35 -0300] "POST /cormun/servlet/trsolicitudot?60164b8105a4a3efd8929040f97e0b73,,gx-no-cache=1461585059171 HTTP/1.1" 200 5182
200.112.233.47 - - [25/Apr/2016:08:50:35 -0300] "POST /cormun/servlet/solicitudotadjuntos?gx-no-cache=1461585056499 HTTP/1.1" 200 26
200.112.233.47 - - [25/Apr/2016:08:50:42 -0300] "GET /cormun/servlet/solicitudotadjuntos?d06b7bca4dd76e7581c21a13b515a33f3d5805088dba51faa2881aea93cb7174,gx-no-cache=1461585063789 HTTP/1.1" 200 30
200.112.233.47 - - [25/Apr/2016:08:50:42 -0300] "GET /cormun/servlet/solicitudotadjuntos?d06b7bca4dd76e7581c21a13b515a33f3d5805088dba51faa2881aea93cb7174,gx-no-cache=1461585063831 HTTP/1.1" 200 30
200.112.233.47 - - [25/Apr/2016:08:50:46 -0300] "POST /cormun/servlet/solicitudotadjuntos?62e3306493995bd9b231b72b526d5810,INS,2016,1497,,1, HTTP/1.1" 200 116
200.112.233.47 - - [25/Apr/2016:08:50:46 -0300] "GET /cormun/servlet/hpexe_return? HTTP/1.1" 200 1015
200.112.233.47 - - [25/Apr/2016:08:50:47 -0300] "GET /cormun/servlet/trsolicitudadjuntos?2016,1497, HTTP/1.1" 200 7979
191.112.23.70 - - [25/Apr/2016:08:50:48 -0300] "POST /cormun/servlet/trsolicitudot?60164b8105a4a3efd8929040f97e0b73,,gx-no-cache=1461585071691 HTTP/1.1" 200 3917
191.112.23.70 - - [25/Apr/2016:08:50:48 -0300] "POST /cormun/servlet/trsolicitudot?60164b8105a4a3efd8929040f97e0b73,,gx-no-cache=1461585072509 HTTP/1.1" 200 3765
200.112.233.47 - - [25/Apr/2016:08:50:52 -0300] "GET /cormun/servlet/solicitudotadjuntos?INS,2016,1497,,1, HTTP/1.1" 200 5606
200.112.233.47 - - [25/Apr/2016:08:50:52 -0300] "GET /cormun/static/about:blank HTTP/1.1" 404 1011
200.112.233.47 - - [25/Apr/2016:08:50:53 -0300] "GET /cormun/static/about:blank HTTP/1.1" 404 1011
191.112.23.70 - - [25/Apr/2016:08:50:53 -0300] "POST /cormun/servlet/trsolicitudot?60164b8105a4a3efd8929040f97e0b73,,gx-no-cache=1461585077023 HTTP/1.1" 200 5597
200.112.233.47 - - [25/Apr/2016:08:50:54 -0300] "GET /cormun/servlet/solicitudotadjuntos?d06b7bca4dd76e7581c21a13b515a33fb56a6ad969d952c75a506efa6e96a91f712d73e3f648fcf638396d42c4498e81,gx-no-cache=1461585075342 HTTP/1.1" 200 30
200.112.233.47 - - [25/Apr/2016:08:50:54 -0300] "POST /cormun/servlet/solicitudotadjuntos?62e3306493995bd9b231b72b526d5810,INS,2016,1497,,1,,gx-no-cache=1461585075397 HTTP/1.1" 200 3436
200.112.233.47 - - [25/Apr/2016:08:51:00 -0300] "POST /cormun/servlet/solicitudotadjuntos?gx-no-cache=1461585081301 HTTP/1.1" 200 26
200.112.233.47 - - [25/Apr/2016:08:51:05 -0300] "GET /cormun/servlet/solicitudotadjuntos?d06b7bca4dd76e7581c21a13b515a33f3d5805088dba51faa2881aea93cb7174,gx-no-cache=1461585086657 HTTP/1.1" 200 30
200.112.233.47 - - [25/Apr/2016:08:51:05 -0300] "GET /cormun/servlet/solicitudotadjuntos?d06b7bca4dd76e7581c21a13b515a33f3d5805088dba51faa2881aea93cb7174,gx-no-cache=1461585086690 HTTP/1.1" 200 30
191.112.23.70 - - [25/Apr/2016:08:51:06 -0300] "POST /cormun/servlet/trsolicitudot?60164b8105a4a3efd8929040f97e0b73,,gx-no-cache=1461585089415 HTTP/1.1" 200 5634
191.112.23.70 - - [25/Apr/2016:08:51:07 -0300] "POST /cormun/servlet/trsolicitudot?60164b8105a4a3efd8929040f97e0b73,,gx-no-cache=1461585090757 HTTP/1.1" 200 5574
200.112.233.47 - - [25/Apr/2016:08:51:09 -0300] "POST /cormun/servlet/solicitudotadjuntos?62e3306493995bd9b231b72b526d5810,INS,2016,1497,,1, HTTP/1.1" 200 116
200.112.233.47 - - [25/Apr/2016:08:51:09 -0300] "GET /cormun/servlet/hpexe_return? HTTP/1.1" 200 1015
200.112.233.47 - - [25/Apr/2016:08:51:09 -0300] "GET /cormun/servlet/trsolicitudadjuntos?2016,1497, HTTP/1.1" 200 8108
200.112.233.47 - - [25/Apr/2016:08:51:13 -0300] "GET /cormun/servlet/solicitudotadjuntos?INS,2016,1497,,1, HTTP/1.1" 200 5606
200.112.233.47 - - [25/Apr/2016:08:51:14 -0300] "GET /cormun/static/about:blank HTTP/1.1" 404 1011
200.112.233.47 - - [25/Apr/2016:08:51:14 -0300] "GET /cormun/static/about:blank HTTP/1.1" 404 1011
200.112.233.47 - - [25/Apr/2016:08:51:15 -0300] "GET /cormun/servlet/solicitudotadjuntos?d06b7bca4dd76e7581c21a13b515a33fb56a6ad969d952c75a506efa6e96a91f712d73e3f648fcf638396d42c4498e81,gx-no-cache=1461585096610 HTTP/1.1" 200 30
200.112.233.47 - - [25/Apr/2016:08:51:15 -0300] "POST /cormun/servlet/solicitudotadjuntos?62e3306493995bd9b231b72b526d5810,INS,2016,1497,,1,,gx-no-cache=1461585096720 HTTP/1.1" 200 3436
191.112.23.70 - - [25/Apr/2016:08:51:16 -0300] "POST /cormun/servlet/trsolicitudot?60164b8105a4a3efd8929040f97e0b73,,gx-no-cache=1461585099825 HTTP/1.1" 200 3786
200.112.233.47 - - [25/Apr/2016:08:51:18 -0300] "POST /cormun/servlet/solicitudotadjuntos?gx-no-cache=1461585099235 HTTP/1.1" 200 26
191.112.23.70 - - [25/Apr/2016:08:51:19 -0300] "POST /cormun/servlet/trsolicitudot?60164b8105a4a3efd8929040f97e0b73,,gx-no-cache=1461585103530 HTTP/1.1" 200 5596
200.112.233.47 - - [25/Apr/2016:08:51:29 -0300] "GET /cormun/servlet/solicitudotadjuntos?d06b7bca4dd76e7581c21a13b515a33f3d5805088dba51faa2881aea93cb7174,gx-no-cache=1461585110341 HTTP/1.1" 200 30
200.112.233.47 - - [25/Apr/2016:08:51:29 -0300] "GET /cormun/servlet/solicitudotadjuntos?d06b7bca4dd76e7581c21a13b515a33f3d5805088dba51faa2881aea93cb7174,gx-no-cache=1461585110406 HTTP/1.1" 200 30
200.112.233.47 - - [25/Apr/2016:08:51:31 -0300] "POST /cormun/servlet/solicitudotadjuntos?62e3306493995bd9b231b72b526d5810,INS,2016,1497,,1, HTTP/1.1" 200 116
200.112.233.47 - - [25/Apr/2016:08:51:31 -0300] "GET /cormun/servlet/hpexe_return? HTTP/1.1" 200 1015
200.112.233.47 - - [25/Apr/2016:08:51:32 -0300] "GET /cormun/servlet/trsolicitudadjuntos?2016,1497, HTTP/1.1" 200 8261
191.112.23.70 - - [25/Apr/2016:08:51:38 -0300] "POST /cormun/servlet/trsolicitudot?60164b8105a4a3efd8929040f97e0b73,,gx-no-cache=1461585122067 HTTP/1.1" 200 5632
191.112.23.70 - - [25/Apr/2016:08:51:39 -0300] "POST /cormun/servlet/trsolicitudot?60164b8105a4a3efd8929040f97e0b73,,gx-no-cache=1461585122857 HTTP/1.1" 200 5573
200.112.233.47 - - [25/Apr/2016:08:51:40 -0300] "GET /cormun/servlet/trsolicitudot? HTTP/1.1" 200 7776
191.112.23.70 - - [25/Apr/2016:08:51:42 -0300] "POST /cormun/servlet/trsolicitudot?60164b8105a4a3efd8929040f97e0b73,,gx-no-cache=1461585126234 HTTP/1.1" 200 5634
191.112.23.70 - - [25/Apr/2016:08:51:43 -0300] "POST /cormun/servlet/trsolicitudot?60164b8105a4a3efd8929040f97e0b73,,gx-no-cache=1461585127023 HTTP/1.1" 200 5574
200.112.233.47 - - [25/Apr/2016:08:51:43 -0300] "POST /cormun/servlet/trsolicitudot?62e3306493995bd9b231b72b526d5810,,gx-no-cache=1461585124808 HTTP/1.1" 200 105
200.112.233.47 - - [25/Apr/2016:08:51:43 -0300] "GET /cormun/servlet/solicitudot?UPD,2016,1497, HTTP/1.1" 200 12964
200.112.233.47 - - [25/Apr/2016:08:51:46 -0300] "POST /cormun/servlet/solicitudot?gx-no-cache=1461585126966 HTTP/1.1" 200 2747
200.112.233.47 - - [25/Apr/2016:08:51:46 -0300] "POST /cormun/servlet/solicitudot?62e3306493995bd9b231b72b526d5810,UPD,2016,1497,,gx-no-cache=1461585127644 HTTP/1.1" 200 9165
200.112.233.47 - - [25/Apr/2016:08:51:47 -0300] "GET /cormun/servlet/solicitudot?d06b7bca4dd76e7581c21a13b515a33f9c466ce3f25811e799d7108922a7b07949266fc9fd160fda08a89a5332c1ff45,gx-no-cache=1461585128139 HTTP/1.1" 200 30
200.112.233.47 - - [25/Apr/2016:08:51:47 -0300] "POST /cormun/servlet/solicitudot?gx-no-cache=1461585128249 HTTP/1.1" 200 30
200.112.233.47 - - [25/Apr/2016:08:51:47 -0300] "POST /cormun/servlet/solicitudot?gx-no-cache=1461585128357 HTTP/1.1" 200 30
200.112.233.47 - - [25/Apr/2016:08:51:47 -0300] "POST /cormun/servlet/solicitudot?gx-no-cache=1461585128914 HTTP/1.1" 200 1182
200.112.233.47 - - [25/Apr/2016:08:51:48 -0300] "GET /cormun/servlet/solicitudot?d06b7bca4dd76e7581c21a13b515a33f3eea7867ac99ba2083ec6854466238e73e206cd1c01740409174b011f15b7fdd484fee2f6d82dd63051549fdc805e591ec2ef8319020ea13782d01b7f92be8099e95a9a64c65542ae24db0beb7bbb09f52f0021920a28135d548c25ef2df2a760df8cde4505034a894ad28f5a96e7856b512e808f5e31712ba0e186272f6a142fe0871a29796616a773cd23ee014b994,gx-no-cache=1461585129102 HTTP/1.1" 200 41
191.112.23.70 - - [25/Apr/2016:08:51:52 -0300] "GET /cormun/servlet/trautorizarsolicitud? HTTP/1.1" 200 8159
191.112.23.70 - - [25/Apr/2016:08:51:53 -0300] "GET /cormun/servlet/trautorizarsolicitud? HTTP/1.1" 200 8159
191.112.23.70 - - [25/Apr/2016:08:52:00 -0300] "POST /cormun/servlet/trautorizarsolicitud?60164b8105a4a3efd8929040f97e0b73,,gx-no-cache=1461585144759 HTTP/1.1" 200 3755
191.112.23.70 - - [25/Apr/2016:08:52:05 -0300] "POST /cormun/servlet/trautorizarsolicitud?60164b8105a4a3efd8929040f97e0b73,,gx-no-cache=1461585149200 HTTP/1.1" 200 5566
191.112.116.186 - - [25/Apr/2016:08:55:34 -0300] "GET /cormun/servlet/hlogin HTTP/1.1" 200 1720
191.112.116.186 - - [25/Apr/2016:08:55:34 -0300] "GET /cormun/static/gxcfg.js?20151120045111 HTTP/1.1" 304 -
191.112.116.186 - - [25/Apr/2016:08:55:34 -0300] "GET /cormun/static/messages.spa.js?85251 HTTP/1.1" 304 -
191.112.116.186 - - [25/Apr/2016:08:55:35 -0300] "GET /cormun/servlet/hlogin HTTP/1.1" 200 1731
191.112.116.186 - - [25/Apr/2016:08:55:37 -0300] "POST /cormun/servlet/hlogin?66029a586e71b20d08144ffb101584f3,gx-no-cache=1461585358301 HTTP/1.1" 200 90
191.112.116.186 - - [25/Apr/2016:08:55:37 -0300] "GET /cormun/servlet/hpexe_link HTTP/1.1" 200 954
191.112.116.186 - - [25/Apr/2016:08:55:37 -0300] "GET /cormun/static/gxcfg.js?20151120044395 HTTP/1.1" 304 -
191.112.116.186 - - [25/Apr/2016:08:55:37 -0300] "GET /cormun/servlet/hhome HTTP/1.1" 200 3561
191.112.116.186 - - [25/Apr/2016:08:55:38 -0300] "GET /cormun/static/gxcfg.js?2015112210564248 HTTP/1.1" 304 -
191.112.116.186 - - [25/Apr/2016:08:55:39 -0300] "GET /cormun/servlet/hhome HTTP/1.1" 200 3560
191.112.116.186 - - [25/Apr/2016:08:55:46 -0300] "GET /cormun/servlet/trsolicitudot? HTTP/1.1" 200 6481
191.112.116.186 - - [25/Apr/2016:08:55:46 -0300] "GET /cormun/static/gxcfg.js?201631022392470 HTTP/1.1" 304 -
191.112.116.186 - - [25/Apr/2016:08:55:47 -0300] "GET /cormun/servlet/trsolicitudot? HTTP/1.1" 200 6480
191.112.116.186 - - [25/Apr/2016:08:55:56 -0300] "GET /cormun/servlet/solicitudot?INS,0,0, HTTP/1.1" 200 11690
191.112.116.186 - - [25/Apr/2016:08:55:56 -0300] "GET /cormun/static/gxcfg.js?201631710541238 HTTP/1.1" 304 -
191.112.116.186 - - [25/Apr/2016:08:55:57 -0300] "GET /cormun/servlet/solicitudot?INS,0,0, HTTP/1.1" 200 11695
191.112.116.186 - - [25/Apr/2016:08:57:44 -0300] "POST /cormun/servlet/solicitudot?gx-no-cache=1461585484278 HTTP/1.1" 200 2763
191.112.116.186 - - [25/Apr/2016:08:57:45 -0300] "POST /cormun/servlet/solicitudot?66029a586e71b20d08144ffb101584f3,INS,0,0,,gx-no-cache=1461585485604 HTTP/1.1" 200 8494
191.112.116.186 - - [25/Apr/2016:08:57:51 -0300] "GET /cormun/servlet/solicitudot?1854b9696fe6ca495a841ed87c5aefae572f80369d61982d6081490337cc2180fe106717e9272378f0a0bb5c44a12ae0,gx-no-cache=1461585492903 HTTP/1.1" 200 30
191.112.116.186 - - [25/Apr/2016:08:57:52 -0300] "POST /cormun/servlet/solicitudot?gx-no-cache=1461585493065 HTTP/1.1" 200 30
191.112.116.186 - - [25/Apr/2016:08:58:02 -0300] "POST /cormun/servlet/solicitudot?gx-no-cache=1461585503212 HTTP/1.1" 200 122
191.112.116.186 - - [25/Apr/2016:08:58:02 -0300] "GET /cormun/static/Shared/jqueryui/images/ui-bg_highlight-soft_100_c6c2c8_1x100.png HTTP/1.1" 404 1117
191.112.116.186 - - [25/Apr/2016:08:58:02 -0300] "GET /cormun/static/Shared/jqueryui/images/ui-icons_82798d_256x240.png HTTP/1.1" 404 1089
191.112.116.186 - - [25/Apr/2016:08:58:02 -0300] "GET /cormun/static/Shared/jqueryui/images/ui-icons_8d78a5_256x240.png HTTP/1.1" 404 1089
191.112.116.186 - - [25/Apr/2016:08:58:02 -0300] "GET /cormun/static/Shared/jqueryui/images/ui-bg_flat_55_fafafa_40x100.png HTTP/1.1" 404 1097
191.112.116.186 - - [25/Apr/2016:08:58:23 -0300] "POST /cormun/servlet/solicitudot?gx-no-cache=1461585524284 HTTP/1.1" 200 1186
191.112.116.186 - - [25/Apr/2016:08:58:37 -0300] "GET /cormun/servlet/solicitudot?1854b9696fe6ca495a841ed87c5aefae5ed2bf95598daf51acf3adb6280783ac260d09bfd843a3db179b400c3649c4c837a7988fd784f910108bfb597ab981085d39fe695a0a27963d289790bd4a4ffaf91b4acb3b22a7bedad24fd76c1bf39f1c69c6c911f5355a079a76cd14cb1774c9a6b7a783013e65f0bc41943c97496b15d68307c875530b6c641fb2d65b0712,gx-no-cache=1461585538790 HTTP/1.1" 200 38
191.112.116.186 - - [25/Apr/2016:08:58:44 -0300] "GET /cormun/servlet/solicitudot?1854b9696fe6ca495a841ed87c5aefae8a3876f225932dce3f0e94d1bbbee2fa49cb3c75ddd0a04ffcf2e50b51c5c11126c6e1ce8a2da68c3f6260c8af64b9213731c11e98e7573675c9dd8476377c41ee0dc0c2a1674f8aeb8c75d2aa5e5bab4cbe35d11038821921222fa8928278bb,gx-no-cache=1461585545592 HTTP/1.1" 200 29
191.112.116.186 - - [25/Apr/2016:08:58:45 -0300] "POST /cormun/servlet/solicitudot?gx-no-cache=1461585545729 HTTP/1.1" 200 1143
191.112.116.186 - - [25/Apr/2016:08:58:45 -0300] "GET /cormun/servlet/solicitudot?1854b9696fe6ca495a841ed87c5aefaed458835f99e5b1a9261a96d41d1fd2d72888239a92cdf918290938f7a8f0fea3c48344bf69ee87fbdf9720b369e577e681a7a33eab5567de7d5c409bf598089b5379017c6c9048cc5c0a9f8618a220bc2229348de4fd1fa1a8694da99598d703c0ed9cd7c4ce01128ac78b3a426014cdb2f2097bd7489e89e033db904aab6fe0d63c9a8a173ecaea522a9b0d654667a0,gx-no-cache=1461585546396 HTTP/1.1" 200 30
191.112.116.186 - - [25/Apr/2016:09:02:01 -0300] "POST /cormun/servlet/solicitudot?gx-no-cache=1461585742283 HTTP/1.1" 200 30
191.112.116.186 - - [25/Apr/2016:09:02:18 -0300] "POST /cormun/servlet/solicitudot?gx-no-cache=1461585759609 HTTP/1.1" 200 122
191.112.116.186 - - [25/Apr/2016:09:02:29 -0300] "POST /cormun/servlet/solicitudot?gx-no-cache=1461585770095 HTTP/1.1" 200 122
191.112.116.186 - - [25/Apr/2016:09:02:37 -0300] "POST /cormun/servlet/solicitudot?gx-no-cache=1461585778537 HTTP/1.1" 200 1186
191.112.116.186 - - [25/Apr/2016:09:02:37 -0300] "GET /cormun/servlet/solicitudot?1854b9696fe6ca495a841ed87c5aefae5ed2bf95598daf51acf3adb6280783ac260d09bfd843a3db179b400c3649c4c837a7988fd784f910108bfb597ab981085d39fe695a0a27963d289790bd4a4ffaf91b4acb3b22a7bedad24fd76c1bf39f1c69c6c911f5355a079a76cd14cb1774c9a6b7a783013e65f0bc41943c97496b15d68307c875530b6c641fb2d65b0712,gx-no-cache=1461585778853 HTTP/1.1" 200 38
191.112.116.186 - - [25/Apr/2016:09:02:38 -0300] "POST /cormun/servlet/solicitudot?gx-no-cache=1461585779058 HTTP/1.1" 200 1143
191.112.116.186 - - [25/Apr/2016:09:04:35 -0300] "POST /cormun/servlet/solicitudot?gx-no-cache=1461585896013 HTTP/1.1" 200 122
191.112.116.186 - - [25/Apr/2016:09:04:52 -0300] "POST /cormun/servlet/solicitudot?gx-no-cache=1461585913227 HTTP/1.1" 200 122
191.112.116.186 - - [25/Apr/2016:09:05:01 -0300] "POST /cormun/servlet/solicitudot?gx-no-cache=1461585922779 HTTP/1.1" 200 122
191.112.116.186 - - [25/Apr/2016:09:05:14 -0300] "POST /cormun/servlet/solicitudot?gx-no-cache=1461585935105 HTTP/1.1" 200 30
191.112.116.186 - - [25/Apr/2016:09:05:22 -0300] "POST /cormun/servlet/solicitudot?gx-no-cache=1461585943250 HTTP/1.1" 200 122
191.112.116.186 - - [25/Apr/2016:09:05:50 -0300] "POST /cormun/servlet/solicitudot?gx-no-cache=1461585971361 HTTP/1.1" 200 122
191.112.116.186 - - [25/Apr/2016:09:05:59 -0300] "POST /cormun/servlet/solicitudot?gx-no-cache=1461585980330 HTTP/1.1" 200 1186
191.112.116.186 - - [25/Apr/2016:09:05:59 -0300] "GET /cormun/servlet/solicitudot?1854b9696fe6ca495a841ed87c5aefae5ed2bf95598daf51acf3adb6280783ac260d09bfd843a3db179b400c3649c4c837a7988fd784f910108bfb597ab981085d39fe695a0a27963d289790bd4a4ffaf91b4acb3b22a7bedad24fd76c1bf39f1c69c6c911f5355a079a76cd14cb1774c9a6b7a783013e65f0bc41943c97496b15d68307c875530b6c641fb2d65b0712,gx-no-cache=1461585980573 HTTP/1.1" 200 38
191.112.116.186 - - [25/Apr/2016:09:05:59 -0300] "POST /cormun/servlet/solicitudot?gx-no-cache=1461585980709 HTTP/1.1" 200 1143
191.112.116.186 - - [25/Apr/2016:09:07:55 -0300] "POST /cormun/servlet/solicitudot?gx-no-cache=1461586096161 HTTP/1.1" 200 30
115.231.222.40 - - [25/Apr/2016:09:08:53 -0300] "GET /cgi-bin/common/attr?id=260714&r=0.9334015868878951 HTTP/1.1" 404 999
191.112.116.186 - - [25/Apr/2016:09:10:05 -0300] "POST /cormun/servlet/solicitudot?gx-no-cache=1461586226190 HTTP/1.1" 200 1186
191.112.116.186 - - [25/Apr/2016:09:10:06 -0300] "GET /cormun/servlet/solicitudot?1854b9696fe6ca495a841ed87c5aefae5ed2bf95598daf51acf3adb6280783ac260d09bfd843a3db179b400c3649c4c837a7988fd784f910108bfb597ab981085d39fe695a0a27963d289790bd4a4ffaf91b4acb3b22a7bedad24fd76c1bf39f1c69c6c911f5355a079a76cd14cb1774c9a6b7a783013e65f0bc41943c97496b15d68307c875530b6c641fb2d65b0712,gx-no-cache=1461586226656 HTTP/1.1" 200 38
191.112.116.186 - - [25/Apr/2016:09:10:06 -0300] "POST /cormun/servlet/solicitudot?gx-no-cache=1461586227334 HTTP/1.1" 200 1143
191.112.116.186 - - [25/Apr/2016:09:10:06 -0300] "GET /cormun/servlet/solicitudot?1854b9696fe6ca495a841ed87c5aefaed458835f99e5b1a9261a96d41d1fd2d72888239a92cdf918290938f7a8f0fea3c48344bf69ee87fbdf9720b369e577e681a7a33eab5567de7d5c409bf598089b5379017c6c9048cc5c0a9f8618a220bc2229348de4fd1fa1a8694da99598d703c0ed9cd7c4ce01128ac78b3a426014cdb2f2097bd7489e89e033db904aab6fe0d63c9a8a173ecaea522a9b0d654667a0,gx-no-cache=1461586227624 HTTP/1.1" 200 30
191.112.116.186 - - [25/Apr/2016:09:14:24 -0300] "GET /cormun/servlet/solicitudot?1854b9696fe6ca495a841ed87c5aefaed458835f99e5b1a9261a96d41d1fd2d706a3fdebfd39ac700ad083e260e210eafe1b410c7304928971e3045a22b4373bf2909e977026073a6190c50bbf51ae93ea044a8f6608e949047c841e80da041f1acf58064b5e5a12226ce776d6e72aeff277e171058be066267c54fb8bc20717df755afa5d5933558935d1c8a184049ba87274df923319d8a012d2393dc0e1c7353e8a9fb84735728092e2767a0deb67,gx-no-cache=1461586485025 HTTP/1.1" 200 30
191.112.116.186 - - [25/Apr/2016:09:14:24 -0300] "POST /cormun/servlet/solicitudot?66029a586e71b20d08144ffb101584f3,INS,0,0,,gx-no-cache=1461586485249 HTTP/1.1" 200 93
191.112.116.186 - - [25/Apr/2016:09:14:24 -0300] "GET /cormun/servlet/hpexe_return? HTTP/1.1" 200 1012
191.112.116.186 - - [25/Apr/2016:09:14:24 -0300] "GET /cormun/static/gxcfg.js?2015111312145050 HTTP/1.1" 200 953
191.112.116.186 - - [25/Apr/2016:09:14:24 -0300] "GET /cormun/static/hpexe_return.js?2015111312145056 HTTP/1.1" 200 1633
191.112.116.186 - - [25/Apr/2016:09:14:24 -0300] "GET /cormun/static/Resources/Spanish/PXTools.css?12112540 HTTP/1.1" 200 89042
191.112.116.186 - - [25/Apr/2016:09:14:25 -0300] "GET /cormun/servlet/trsolicitudot HTTP/1.1" 200 7754
191.112.116.186 - - [25/Apr/2016:09:14:26 -0300] "GET /cormun//static/Resources/PXToolsActionView.png HTTP/1.1" 200 2995
191.112.116.186 - - [25/Apr/2016:09:14:26 -0300] "GET /cormun//static/Resources/PXToolsGridUpdate.png HTTP/1.1" 200 2984
191.112.116.186 - - [25/Apr/2016:09:14:26 -0300] "GET /cormun/servlet/trsolicitudot HTTP/1.1" 200 7750
191.112.116.186 - - [25/Apr/2016:09:14:26 -0300] "GET /cormun//static/Resources/PXToolsGridDelete.png HTTP/1.1" 200 357
191.112.116.186 - - [25/Apr/2016:09:14:26 -0300] "GET /cormun//static/Resources/PXToolsRemoveAllAction.png HTTP/1.1" 200 3558
191.112.116.186 - - [25/Apr/2016:09:14:26 -0300] "GET /cormun//static/Resources/PXTools/ActionInsert.png HTTP/1.1" 200 1482
191.112.116.186 - - [25/Apr/2016:09:14:48 -0300] "GET /cormun/servlet/vesolicitudot?2016,1498,, HTTP/1.1" 200 7765
200.112.233.47 - - [25/Apr/2016:09:14:49 -0300] "GET /cormun/servlet/trsolicitudot? HTTP/1.1" 200 7777
191.112.116.186 - - [25/Apr/2016:09:14:49 -0300] "GET /cormun/static/gxcfg.js?201631021474241 HTTP/1.1" 200 953
191.112.116.186 - - [25/Apr/2016:09:14:49 -0300] "GET /cormun/pexe_scrolldiv.js HTTP/1.1" 404 1009
191.112.116.186 - - [25/Apr/2016:09:14:49 -0300] "GET /cormun/static/vesolicitudot.js?20163102147437 HTTP/1.1" 200 6091
191.112.116.186 - - [25/Apr/2016:09:14:49 -0300] "GET /cormun/static/hwcviewtabs.js?20151120014372 HTTP/1.1" 200 1074
191.112.116.186 - - [25/Apr/2016:09:14:49 -0300] "GET /cormun/static/hpexe_tabsview.js?20151120014350 HTTP/1.1" 200 1661
191.112.116.186 - - [25/Apr/2016:09:14:49 -0300] "GET /cormun/static/Resources/PXToolsTabFirstSelected.png HTTP/1.1" 200 1259
191.112.116.186 - - [25/Apr/2016:09:14:49 -0300] "GET /cormun/static/Resources/PXToolsTabLastUnselected.png HTTP/1.1" 200 1291
191.112.116.186 - - [25/Apr/2016:09:14:49 -0300] "GET /cormun/static/tbsolicitudot01.js?20163102250452 HTTP/1.1" 200 28324
191.112.116.186 - - [25/Apr/2016:09:14:49 -0300] "GET /cormun/static/Resources/PXToolsTabPrevious.gif HTTP/1.1" 200 172
191.112.116.186 - - [25/Apr/2016:09:14:49 -0300] "GET /cormun/static/Resources/PXToolsTabNext.gif HTTP/1.1" 200 168
104.219.238.10 - - [25/Apr/2016:09:14:49 -0300] "GET / HTTP/1.0" 200 11197
191.112.116.186 - - [25/Apr/2016:09:14:49 -0300] "GET /cormun/static/calendar-system.css HTTP/1.1" 200 5572
191.112.116.186 - - [25/Apr/2016:09:14:49 -0300] "GET /cormun/static/Resources/PXToolsTabBackUnselected.png HTTP/1.1" 200 1175
191.112.116.186 - - [25/Apr/2016:09:14:49 -0300] "GET /cormun/static/Resources/PXToolsTabSelectedUnselected.png HTTP/1.1" 200 1428
191.112.116.186 - - [25/Apr/2016:09:14:49 -0300] "GET /cormun/static/Resources/PXToolsTabBackSelected.png HTTP/1.1" 200 1157
191.112.116.186 - - [25/Apr/2016:09:14:49 -0300] "GET /cormun/static/Resources/PXToolsTabUnselectedUnselected.png HTTP/1.1" 200 1459
191.112.116.186 - - [25/Apr/2016:09:14:50 -0300] "GET /cormun/servlet/vesolicitudot?2016,1498,, HTTP/1.1" 200 7765
191.112.116.186 - - [25/Apr/2016:09:14:52 -0300] "GET /cormun/servlet/vesolicitudot?2016,1498,,SolicitudOTAdjuntos HTTP/1.1" 200 6890
191.112.116.186 - - [25/Apr/2016:09:14:53 -0300] "GET /cormun/pexe_scrolldiv.js HTTP/1.1" 404 1009
191.112.116.186 - - [25/Apr/2016:09:14:53 -0300] "GET /cormun/static/tbsolicitudot02.js?201631022375715 HTTP/1.1" 200 15617
191.112.116.186 - - [25/Apr/2016:09:14:53 -0300] "GET /cormun/static/gxui/gxui-all.css HTTP/1.1" 200 2179
191.112.116.186 - - [25/Apr/2016:09:14:53 -0300] "GET /cormun/static/Resources/PXToolsTabFirstUnselected.png HTTP/1.1" 200 1264
191.112.116.186 - - [25/Apr/2016:09:14:53 -0300] "GET /cormun/static/Resources/PXToolsTabUnselectedSelected.png HTTP/1.1" 200 1444
191.112.116.186 - - [25/Apr/2016:09:14:53 -0300] "GET /cormun/servlet/vesolicitudot?2016,1498,,SolicitudOTAdjuntos HTTP/1.1" 200 6890
191.112.116.186 - - [25/Apr/2016:09:14:54 -0300] "GET /cormun/static/Shared/ext/resources/css/ext-all.css HTTP/1.1" 200 416045
191.112.116.186 - - [25/Apr/2016:09:14:54 -0300] "POST /cormun/servlet/acontrolpreferencessavestate?None,CD-12,true HTTP/1.1" 200 35
200.112.233.47 - - [25/Apr/2016:09:14:55 -0300] "POST /cormun/servlet/trsolicitudot?62e3306493995bd9b231b72b526d5810,,gx-no-cache=1461586516594 HTTP/1.1" 200 3875
200.112.233.47 - - [25/Apr/2016:09:14:55 -0300] "GET /cormun/static/Shared/jqueryui/images/ui-bg_highlight-soft_100_c6c2c8_1x100.png HTTP/1.1" 404 1117
200.112.233.47 - - [25/Apr/2016:09:14:55 -0300] "GET /cormun/static/Shared/jqueryui/images/ui-icons_82798d_256x240.png HTTP/1.1" 404 1089
200.112.233.47 - - [25/Apr/2016:09:14:55 -0300] "GET /cormun/static/Shared/jqueryui/images/ui-icons_8d78a5_256x240.png HTTP/1.1" 404 1089
200.112.233.47 - - [25/Apr/2016:09:14:55 -0300] "GET /cormun/static/Shared/jqueryui/images/ui-bg_flat_55_fafafa_40x100.png HTTP/1.1" 404 1097
200.112.233.47 - - [25/Apr/2016:09:14:56 -0300] "POST /cormun/servlet/trsolicitudot?62e3306493995bd9b231b72b526d5810,,gx-no-cache=1461586516999 HTTP/1.1" 200 3717
191.112.116.186 - - [25/Apr/2016:09:14:59 -0300] "GET /cormun/servlet/trsolicitudot? HTTP/1.1" 200 7755
191.112.116.186 - - [25/Apr/2016:09:15:00 -0300] "GET /cormun/servlet/trsolicitudot? HTTP/1.1" 200 7750
200.112.233.47 - - [25/Apr/2016:09:15:14 -0300] "GET /cormun/static/calendar-system.css?75620 HTTP/1.1" 304 -
200.112.233.47 - - [25/Apr/2016:09:15:14 -0300] "GET /cormun/static/Resources/Spanish/PXTools.css?22445990 HTTP/1.1" 304 -
200.112.233.47 - - [25/Apr/2016:09:15:14 -0300] "GET /cormun/static/Shared/jqueryui/jquery-ui.min.css?1245370 HTTP/1.1" 304 -
200.112.233.47 - - [25/Apr/2016:09:15:14 -0300] "GET /cormun/static/SmoothNavMenu/resources/ddsmoothmenu.css?1012540 HTTP/1.1" 304 -
200.112.233.47 - - [25/Apr/2016:09:15:14 -0300] "GET /cormun/static/SmoothNavMenu/resources/ddsmoothmenu-v.css?1012540 HTTP/1.1" 304 -
200.112.233.47 - - [25/Apr/2016:09:15:14 -0300] "GET /cormun/static/scaMessage/css/jquery.pnotify.default.css?1716380 HTTP/1.1" 304 -
191.112.116.186 - - [25/Apr/2016:09:15:58 -0300] "POST /cormun/servlet/trsolicitudot?66029a586e71b20d08144ffb101584f3,,gx-no-cache=1461586579624 HTTP/1.1" 200 5144
191.112.116.186 - - [25/Apr/2016:09:16:15 -0300] "POST /cormun/servlet/trsolicitudot?66029a586e71b20d08144ffb101584f3,,gx-no-cache=1461586596270 HTTP/1.1" 200 105
191.112.116.186 - - [25/Apr/2016:09:16:15 -0300] "GET /cormun/servlet/solicitudot?UPD,2016,1498, HTTP/1.1" 200 12968
191.112.116.186 - - [25/Apr/2016:09:16:16 -0300] "GET /cormun/servlet/solicitudot?UPD,2016,1498, HTTP/1.1" 200 12977
191.112.116.186 - - [25/Apr/2016:09:16:17 -0300] "POST /cormun/servlet/solicitudot?gx-no-cache=1461586598362 HTTP/1.1" 200 2763
191.112.116.186 - - [25/Apr/2016:09:16:18 -0300] "POST /cormun/servlet/solicitudot?66029a586e71b20d08144ffb101584f3,UPD,2016,1498,,gx-no-cache=1461586598836 HTTP/1.1" 200 9213
191.112.116.186 - - [25/Apr/2016:09:16:18 -0300] "GET /cormun/servlet/solicitudot?1854b9696fe6ca495a841ed87c5aefae572f80369d61982d6081490337cc218052868460a462953ec0e48e836cc37254,gx-no-cache=1461586599570 HTTP/1.1" 200 30
191.112.116.186 - - [25/Apr/2016:09:16:18 -0300] "POST /cormun/servlet/solicitudot?gx-no-cache=1461586599738 HTTP/1.1" 200 30
191.112.116.186 - - [25/Apr/2016:09:16:18 -0300] "POST /cormun/servlet/solicitudot?gx-no-cache=1461586599878 HTTP/1.1" 200 30
191.112.116.186 - - [25/Apr/2016:09:16:19 -0300] "POST /cormun/servlet/solicitudot?gx-no-cache=1461586600027 HTTP/1.1" 200 1186
191.112.116.186 - - [25/Apr/2016:09:16:19 -0300] "GET /cormun/servlet/solicitudot?1854b9696fe6ca495a841ed87c5aefae5ed2bf95598daf51acf3adb6280783ac260d09bfd843a3db179b400c3649c4c837a7988fd784f910108bfb597ab981085d39fe695a0a27963d289790bd4a4ffaf91b4acb3b22a7bedad24fd76c1bf39f1c69c6c911f5355a079a76cd14cb1774c9a6b7a783013e65f0bc41943c97496b3a0e7f5f0024c833c205a732dcfd1d348f9a37750b623599a575adb4f859f054,gx-no-cache=1461586600246 HTTP/1.1" 200 41
191.112.116.186 - - [25/Apr/2016:09:16:36 -0300] "GET /cormun/servlet/trsolicitudot? HTTP/1.1" 200 7756
191.112.116.186 - - [25/Apr/2016:09:16:37 -0300] "GET /cormun/servlet/trsolicitudot? HTTP/1.1" 200 7750
191.112.116.186 - - [25/Apr/2016:09:16:39 -0300] "POST /cormun/servlet/trsolicitudot?66029a586e71b20d08144ffb101584f3,,gx-no-cache=1461586620289 HTTP/1.1" 200 5142
191.112.116.186 - - [25/Apr/2016:09:16:47 -0300] "GET /cormun/servlet/solicitudot?INS,0,0, HTTP/1.1" 200 11690
191.112.116.186 - - [25/Apr/2016:09:16:47 -0300] "GET /cormun/servlet/solicitudot?INS,0,0, HTTP/1.1" 200 11695
191.112.116.186 - - [25/Apr/2016:09:16:51 -0300] "GET /cormun/servlet/trsolicitudot? HTTP/1.1" 200 7751
191.112.116.186 - - [25/Apr/2016:09:16:51 -0300] "GET /cormun/servlet/trsolicitudot? HTTP/1.1" 200 7750
191.112.116.186 - - [25/Apr/2016:09:16:58 -0300] "POST /cormun/servlet/trsolicitudot?66029a586e71b20d08144ffb101584f3,,gx-no-cache=1461586639506 HTTP/1.1" 200 5136
191.112.116.186 - - [25/Apr/2016:09:18:36 -0300] "GET /cormun/servlet/vesolicitudot?2016,1498,, HTTP/1.1" 200 7766
191.112.116.186 - - [25/Apr/2016:09:18:36 -0300] "GET /cormun/pexe_scrolldiv.js HTTP/1.1" 404 1009
191.112.116.186 - - [25/Apr/2016:09:18:37 -0300] "GET /cormun/servlet/vesolicitudot?2016,1498,, HTTP/1.1" 200 7765
191.112.116.186 - - [25/Apr/2016:09:18:50 -0300] "POST /cormun/servlet/vesolicitudot?66029a586e71b20d08144ffb101584f3,2016,1498,,,gx-no-cache=1461586751152 HTTP/1.1" 200 93
191.112.116.186 - - [25/Apr/2016:09:18:50 -0300] "GET /cormun/servlet/hpexe_return? HTTP/1.1" 200 1016
191.112.116.186 - - [25/Apr/2016:09:18:50 -0300] "GET /cormun/servlet/trsolicitudot? HTTP/1.1" 200 7754
191.112.116.186 - - [25/Apr/2016:09:18:51 -0300] "GET /cormun/servlet/trsolicitudot? HTTP/1.1" 200 7750
191.112.116.186 - - [25/Apr/2016:09:18:53 -0300] "POST /cormun/servlet/trsolicitudot?66029a586e71b20d08144ffb101584f3,,gx-no-cache=1461586754105 HTTP/1.1" 200 105
191.112.116.186 - - [25/Apr/2016:09:18:53 -0300] "GET /cormun/servlet/solicitudot?UPD,2016,1498, HTTP/1.1" 200 12968
191.112.116.186 - - [25/Apr/2016:09:18:54 -0300] "GET /cormun/servlet/solicitudot?UPD,2016,1498, HTTP/1.1" 200 12977
191.112.116.186 - - [25/Apr/2016:09:18:55 -0300] "POST /cormun/servlet/solicitudot?gx-no-cache=1461586755850 HTTP/1.1" 200 2763
191.112.116.186 - - [25/Apr/2016:09:18:56 -0300] "POST /cormun/servlet/solicitudot?66029a586e71b20d08144ffb101584f3,UPD,2016,1498,,gx-no-cache=1461586756608 HTTP/1.1" 200 9213
191.112.116.186 - - [25/Apr/2016:09:18:56 -0300] "GET /cormun/servlet/solicitudot?1854b9696fe6ca495a841ed87c5aefae572f80369d61982d6081490337cc218052868460a462953ec0e48e836cc37254,gx-no-cache=1461586757564 HTTP/1.1" 200 30
191.112.116.186 - - [25/Apr/2016:09:18:56 -0300] "POST /cormun/servlet/solicitudot?gx-no-cache=1461586757693 HTTP/1.1" 200 30
191.112.116.186 - - [25/Apr/2016:09:18:56 -0300] "POST /cormun/servlet/solicitudot?gx-no-cache=1461586757806 HTTP/1.1" 200 30
191.112.116.186 - - [25/Apr/2016:09:18:57 -0300] "POST /cormun/servlet/solicitudot?gx-no-cache=1461586757974 HTTP/1.1" 200 1186
