191.112.25.11 - - [19/Apr/2016:12:08:36 -0300] "GET /cormun/static/scaMessage/js/jquery.pnotify.min.js HTTP/1.1" 304 -
191.112.25.11 - - [19/Apr/2016:12:08:36 -0300] "GET /cormun/static/hmpwkw03.js?201631622503633 HTTP/1.1" 304 -
191.112.25.11 - - [19/Apr/2016:12:08:36 -0300] "GET /cormun/static/Resources/logo4.png HTTP/1.1" 304 -
191.112.25.11 - - [19/Apr/2016:12:08:36 -0300] "GET /cormun/static/Resources/PXTools/calendar.png HTTP/1.1" 304 -
191.112.25.11 - - [19/Apr/2016:12:08:36 -0300] "GET /cormun/static/Resources/PXToolsDataSearch.png HTTP/1.1" 304 -
191.112.25.11 - - [19/Apr/2016:12:08:36 -0300] "GET /cormun/static/Resources/PXToolsHeaderBackground2.png HTTP/1.1" 304 -
191.112.25.11 - - [19/Apr/2016:12:08:37 -0300] "GET /cormun/static/Resources/indicator.gif HTTP/1.1" 304 -
191.112.25.11 - - [19/Apr/2016:12:08:37 -0300] "GET /cormun/servlet/trsolicitudot?gx-no-cache=1461078326298 HTTP/1.1" 200 8957
191.112.25.11 - - [19/Apr/2016:12:08:37 -0300] "GET /cormun/static/Resources/asc.gif HTTP/1.1" 304 -
191.112.25.11 - - [19/Apr/2016:12:08:37 -0300] "GET /cormun/static/Resources/desc.gif HTTP/1.1" 304 -
191.112.25.11 - - [19/Apr/2016:12:08:37 -0300] "GET /cormun//static/Resources/PXToolsActionView.png HTTP/1.1" 304 -
191.112.25.11 - - [19/Apr/2016:12:08:37 -0300] "GET /cormun//static/Resources/PXToolsGridUpdate.png HTTP/1.1" 304 -
191.112.25.11 - - [19/Apr/2016:12:08:37 -0300] "GET /cormun//static/Resources/PXTools/ActionInsert.png HTTP/1.1" 304 -
191.112.25.11 - - [19/Apr/2016:12:08:37 -0300] "GET /cormun//static/Resources/PXToolsRemoveAllAction.png HTTP/1.1" 304 -
191.112.25.11 - - [19/Apr/2016:12:08:37 -0300] "GET /cormun//static/Resources/PXToolsGridDelete.png HTTP/1.1" 304 -
191.112.25.11 - - [19/Apr/2016:12:08:37 -0300] "GET /cormun/static/SmoothNavMenu/resources/images/down.gif HTTP/1.1" 304 -
191.112.25.11 - - [19/Apr/2016:12:08:37 -0300] "GET /cormun/static/Shared/ext/resources/themes/images/default/panel/bg-headersPanel.png HTTP/1.1" 304 -
191.112.25.11 - - [19/Apr/2016:12:08:37 -0300] "GET /cormun/static/Shared/ext/resources/themes/images/default/tools/tool-sprites.gif HTTP/1.1" 304 -
191.112.25.11 - - [19/Apr/2016:12:08:37 -0300] "GET /favicon.ico HTTP/1.1" 200 21630
186.78.39.237 - - [19/Apr/2016:12:08:41 -0300] "GET /cormun/servlet/prlicenciaspermisos?14011145,L,,MD,,gxPopupLevel%3D0%3B HTTP/1.1" 200 5725
191.112.25.11 - - [19/Apr/2016:12:08:42 -0300] "GET /cormun/servlet/vesolicitudot?2016,1430,, HTTP/1.1" 200 7779
191.112.25.11 - - [19/Apr/2016:12:08:43 -0300] "GET /cormun/pexe_scrolldiv.js HTTP/1.1" 404 1009
191.112.25.11 - - [19/Apr/2016:12:08:43 -0300] "GET /cormun/servlet/vesolicitudot?2016,1430,, HTTP/1.1" 200 7757
186.78.39.237 - - [19/Apr/2016:12:08:48 -0300] "GET /cormun/servlet/solicitudot?d30be96dd9cdf9ca44a3752acd445fd7e90ea7e6a1a01ad5134404387bdfbeb46220ae0a6d10b86e6792acf033be00c0a0de6532709689ef97de4b46a40891a8450cb24b5a6c21f4fae35c4a208a33a4d9b78a609fd274be72c5e6b1c80ac1988f4ba4e549705e0e72d6d1f91f0b373efbc12ba1770d10519828ef0efe59bff298dc0ef9db6d73c98717a7e1a19342714d16a0529127401663ba89ae8985dd6a774beeb6e72aebd07c19f1eda0bd4ce7bd3edea97fd6c6f0fb063c9a8b305771,gx-no-cache=1461078553056 HTTP/1.1" 200 30
186.78.39.237 - - [19/Apr/2016:12:09:00 -0300] "POST /cormun/servlet/solicitudot?4b9240c8e7ec2ec2a8dd67f38ac51ebf,INS,0,0,,gx-no-cache=1461078564535 HTTP/1.1" 200 93
186.78.39.237 - - [19/Apr/2016:12:09:00 -0300] "GET /cormun/servlet/hpexe_return? HTTP/1.1" 200 1009
186.78.39.237 - - [19/Apr/2016:12:09:00 -0300] "GET /cormun/servlet/trsolicitudot? HTTP/1.1" 200 7787
186.78.39.237 - - [19/Apr/2016:12:09:01 -0300] "GET /cormun/servlet/trsolicitudot? HTTP/1.1" 200 7783
186.78.39.237 - - [19/Apr/2016:12:09:05 -0300] "POST /cormun/servlet/trsolicitudot?4b9240c8e7ec2ec2a8dd67f38ac51ebf,,gx-no-cache=1461078569618 HTTP/1.1" 200 106
186.78.39.237 - - [19/Apr/2016:12:09:05 -0300] "GET /cormun/servlet/trsolicitudadjuntos?2016,1436, HTTP/1.1" 200 5464
186.78.39.237 - - [19/Apr/2016:12:09:06 -0300] "GET /cormun/servlet/trsolicitudadjuntos?2016,1436, HTTP/1.1" 200 5464
186.78.39.237 - - [19/Apr/2016:12:09:16 -0300] "GET /cormun/servlet/solicitudotadjuntos?INS,2016,1436,,1, HTTP/1.1" 200 5552
191.112.25.11 - - [19/Apr/2016:12:09:16 -0300] "GET /cormun/servlet/trsolicitudot? HTTP/1.1" 200 8937
186.78.39.237 - - [19/Apr/2016:12:09:16 -0300] "GET /cormun/static/about:blank HTTP/1.1" 404 1011
186.78.39.237 - - [19/Apr/2016:12:09:16 -0300] "GET /cormun/servlet/solicitudotadjuntos?INS,2016,1436,,1, HTTP/1.1" 200 5546
191.112.25.11 - - [19/Apr/2016:12:09:17 -0300] "GET /cormun/servlet/trsolicitudot? HTTP/1.1" 200 8936
186.78.39.237 - - [19/Apr/2016:12:09:17 -0300] "GET /cormun/servlet/solicitudotadjuntos?d30be96dd9cdf9ca44a3752acd445fd7736d7c337adb4ef1529381d6b27c30bd483b68054fdafc843aaff9fa2b36183e,gx-no-cache=1461078581639 HTTP/1.1" 200 30
186.78.39.237 - - [19/Apr/2016:12:09:17 -0300] "POST /cormun/servlet/solicitudotadjuntos?4b9240c8e7ec2ec2a8dd67f38ac51ebf,INS,2016,1436,,1,,gx-no-cache=1461078581721 HTTP/1.1" 200 3421
186.78.39.237 - - [19/Apr/2016:12:09:29 -0300] "POST /cormun/servlet/solicitudotadjuntos?gx-no-cache=1461078594159 HTTP/1.1" 200 26
186.78.39.237 - - [19/Apr/2016:12:09:30 -0300] "GET /cormun/servlet/solicitudotadjuntos?d30be96dd9cdf9ca44a3752acd445fd7bb4d271dcb2d8736ef97f3a115065a02,gx-no-cache=1461078594504 HTTP/1.1" 200 30
186.78.39.237 - - [19/Apr/2016:12:09:30 -0300] "GET /cormun/servlet/solicitudotadjuntos?d30be96dd9cdf9ca44a3752acd445fd7bb4d271dcb2d8736ef97f3a115065a02,gx-no-cache=1461078594800 HTTP/1.1" 200 30
186.78.39.237 - - [19/Apr/2016:12:09:31 -0300] "POST /cormun/servlet/solicitudotadjuntos?4b9240c8e7ec2ec2a8dd67f38ac51ebf,INS,2016,1436,,1,,gx-no-cache=1461078595078 HTTP/1.1" 200 93
186.78.39.237 - - [19/Apr/2016:12:09:31 -0300] "GET /cormun/servlet/hpexe_return? HTTP/1.1" 200 1028
186.78.39.237 - - [19/Apr/2016:12:09:32 -0300] "GET /cormun/servlet/trsolicitudadjuntos?2016,1436, HTTP/1.1" 200 7233
186.78.39.237 - - [19/Apr/2016:12:09:32 -0300] "GET /cormun/servlet/trsolicitudadjuntos?2016,1436, HTTP/1.1" 200 7230
186.78.39.237 - - [19/Apr/2016:12:09:55 -0300] "GET /cormun/servlet/solicitudotadjuntos?INS,2016,1436,,1, HTTP/1.1" 200 5551
186.78.39.237 - - [19/Apr/2016:12:09:55 -0300] "GET /cormun/static/about:blank HTTP/1.1" 404 1011
186.78.39.237 - - [19/Apr/2016:12:09:55 -0300] "GET /cormun/servlet/solicitudotadjuntos?INS,2016,1436,,1, HTTP/1.1" 200 5545
186.78.39.237 - - [19/Apr/2016:12:09:56 -0300] "GET /cormun/servlet/solicitudotadjuntos?d30be96dd9cdf9ca44a3752acd445fd7736d7c337adb4ef1529381d6b27c30bd483b68054fdafc843aaff9fa2b36183e,gx-no-cache=1461078620877 HTTP/1.1" 200 30
186.78.39.237 - - [19/Apr/2016:12:09:56 -0300] "POST /cormun/servlet/solicitudotadjuntos?4b9240c8e7ec2ec2a8dd67f38ac51ebf,INS,2016,1436,,1,,gx-no-cache=1461078620959 HTTP/1.1" 200 3421
191.112.25.11 - - [19/Apr/2016:12:12:45 -0300] "GET /cormun/servlet/trsolicitudot? HTTP/1.1" 200 8936
191.112.25.11 - - [19/Apr/2016:12:12:46 -0300] "GET /cormun/servlet/trsolicitudot? HTTP/1.1" 200 8936
191.112.25.11 - - [19/Apr/2016:12:14:28 -0300] "GET /cormun/servlet/trsolicitudot? HTTP/1.1" 200 8936
191.112.25.11 - - [19/Apr/2016:12:14:29 -0300] "GET /cormun/servlet/trsolicitudot? HTTP/1.1" 200 8936
191.112.25.11 - - [19/Apr/2016:12:15:24 -0300] "GET /cormun/servlet/solicitudot?INS,0,0, HTTP/1.1" 200 11638
191.112.25.11 - - [19/Apr/2016:12:15:25 -0300] "GET /cormun/servlet/solicitudot?INS,0,0, HTTP/1.1" 200 11643
191.112.25.11 - - [19/Apr/2016:12:15:28 -0300] "GET /cormun/servlet/trsolicitudot? HTTP/1.1" 200 8937
191.112.25.11 - - [19/Apr/2016:12:15:29 -0300] "GET /cormun/servlet/trsolicitudot? HTTP/1.1" 200 8936
191.112.25.11 - - [19/Apr/2016:12:15:43 -0300] "POST /cormun/servlet/trsolicitudot?a09c94a91579fb0e604b9323d7564dc5,,gx-no-cache=1461078964813 HTTP/1.1" 200 6083
191.112.25.11 - - [19/Apr/2016:12:15:43 -0300] "GET /cormun/static/Shared/jqueryui/images/ui-bg_highlight-soft_100_c6c2c8_1x100.png HTTP/1.1" 404 1117
191.112.25.11 - - [19/Apr/2016:12:15:43 -0300] "GET /cormun/static/Shared/jqueryui/images/ui-icons_82798d_256x240.png HTTP/1.1" 404 1089
191.112.25.11 - - [19/Apr/2016:12:15:43 -0300] "GET /cormun/static/Shared/jqueryui/images/ui-bg_flat_55_fafafa_40x100.png HTTP/1.1" 404 1097
191.112.25.11 - - [19/Apr/2016:12:15:43 -0300] "GET /cormun/static/Shared/jqueryui/images/ui-icons_8d78a5_256x240.png HTTP/1.1" 404 1089
191.112.25.11 - - [19/Apr/2016:12:15:43 -0300] "POST /cormun/servlet/trsolicitudot?a09c94a91579fb0e604b9323d7564dc5,,gx-no-cache=1461078965390 HTTP/1.1" 200 6023
186.78.39.237 - - [19/Apr/2016:12:15:47 -0300] "POST /cormun/servlet/solicitudotadjuntos?gx-no-cache=1461078972321 HTTP/1.1" 200 26
191.112.25.11 - - [19/Apr/2016:12:15:48 -0300] "POST /cormun/servlet/trsolicitudot?a09c94a91579fb0e604b9323d7564dc5,,gx-no-cache=1461078969642 HTTP/1.1" 200 5788
191.112.25.11 - - [19/Apr/2016:12:15:48 -0300] "POST /cormun/servlet/trsolicitudot?a09c94a91579fb0e604b9323d7564dc5,,gx-no-cache=1461078970221 HTTP/1.1" 200 5728
191.112.25.11 - - [19/Apr/2016:12:15:52 -0300] "POST /cormun/servlet/trsolicitudot?a09c94a91579fb0e604b9323d7564dc5,,gx-no-cache=1461078974356 HTTP/1.1" 200 5480
191.112.25.11 - - [19/Apr/2016:12:15:53 -0300] "POST /cormun/servlet/trsolicitudot?a09c94a91579fb0e604b9323d7564dc5,,gx-no-cache=1461078974882 HTTP/1.1" 200 5422
191.112.25.11 - - [19/Apr/2016:12:15:57 -0300] "POST /cormun/servlet/trsolicitudot?a09c94a91579fb0e604b9323d7564dc5,,gx-no-cache=1461078979622 HTTP/1.1" 200 5135
191.112.25.11 - - [19/Apr/2016:12:15:58 -0300] "POST /cormun/servlet/trsolicitudot?a09c94a91579fb0e604b9323d7564dc5,,gx-no-cache=1461078980114 HTTP/1.1" 200 5077
186.78.39.237 - - [19/Apr/2016:12:16:06 -0300] "GET /cormun/servlet/solicitudotadjuntos?d30be96dd9cdf9ca44a3752acd445fd7bb4d271dcb2d8736ef97f3a115065a02,gx-no-cache=1461078991481 HTTP/1.1" 200 30
186.78.39.237 - - [19/Apr/2016:12:16:07 -0300] "GET /cormun/servlet/solicitudotadjuntos?d30be96dd9cdf9ca44a3752acd445fd7bb4d271dcb2d8736ef97f3a115065a02,gx-no-cache=1461078991650 HTTP/1.1" 200 30
186.78.39.237 - - [19/Apr/2016:12:16:07 -0300] "POST /cormun/servlet/solicitudotadjuntos?4b9240c8e7ec2ec2a8dd67f38ac51ebf,INS,2016,1436,,1,,gx-no-cache=1461078991883 HTTP/1.1" 200 93
186.78.39.237 - - [19/Apr/2016:12:16:07 -0300] "GET /cormun/servlet/hpexe_return? HTTP/1.1" 200 1028
186.78.39.237 - - [19/Apr/2016:12:16:08 -0300] "GET /cormun/servlet/trsolicitudadjuntos?2016,1436, HTTP/1.1" 200 7359
186.78.39.237 - - [19/Apr/2016:12:16:09 -0300] "GET /cormun/servlet/trsolicitudadjuntos?2016,1436, HTTP/1.1" 200 7355
186.78.39.237 - - [19/Apr/2016:12:16:17 -0300] "GET /cormun/servlet/solicitudotadjuntos?INS,2016,1436,,1, HTTP/1.1" 200 5552
186.78.39.237 - - [19/Apr/2016:12:16:17 -0300] "GET /cormun/static/about:blank HTTP/1.1" 404 1011
186.78.39.237 - - [19/Apr/2016:12:16:17 -0300] "GET /cormun/servlet/solicitudotadjuntos?INS,2016,1436,,1, HTTP/1.1" 200 5546
186.78.39.237 - - [19/Apr/2016:12:16:18 -0300] "GET /cormun/servlet/solicitudotadjuntos?d30be96dd9cdf9ca44a3752acd445fd7736d7c337adb4ef1529381d6b27c30bd483b68054fdafc843aaff9fa2b36183e,gx-no-cache=1461079002604 HTTP/1.1" 200 30
186.78.39.237 - - [19/Apr/2016:12:16:18 -0300] "POST /cormun/servlet/solicitudotadjuntos?4b9240c8e7ec2ec2a8dd67f38ac51ebf,INS,2016,1436,,1,,gx-no-cache=1461079002815 HTTP/1.1" 200 3421
186.78.39.237 - - [19/Apr/2016:12:16:21 -0300] "POST /cormun/servlet/solicitudotadjuntos?gx-no-cache=1461079005682 HTTP/1.1" 200 26
186.78.39.237 - - [19/Apr/2016:12:16:28 -0300] "GET /cormun/servlet/solicitudotadjuntos?d30be96dd9cdf9ca44a3752acd445fd7bb4d271dcb2d8736ef97f3a115065a02,gx-no-cache=1461079013444 HTTP/1.1" 200 30
186.78.39.237 - - [19/Apr/2016:12:16:29 -0300] "GET /cormun/servlet/solicitudotadjuntos?d30be96dd9cdf9ca44a3752acd445fd7bb4d271dcb2d8736ef97f3a115065a02,gx-no-cache=1461079014036 HTTP/1.1" 200 30
186.78.39.237 - - [19/Apr/2016:12:16:31 -0300] "POST /cormun/servlet/solicitudotadjuntos?4b9240c8e7ec2ec2a8dd67f38ac51ebf,INS,2016,1436,,1,,gx-no-cache=1461079014619 HTTP/1.1" 200 93
186.78.39.237 - - [19/Apr/2016:12:16:31 -0300] "GET /cormun/servlet/hpexe_return? HTTP/1.1" 200 1028
186.78.39.237 - - [19/Apr/2016:12:16:32 -0300] "GET /cormun/servlet/trsolicitudadjuntos?2016,1436, HTTP/1.1" 200 7505
186.78.39.237 - - [19/Apr/2016:12:16:33 -0300] "GET /cormun/servlet/trsolicitudadjuntos?2016,1436, HTTP/1.1" 200 7501
186.78.39.237 - - [19/Apr/2016:12:16:39 -0300] "GET /cormun/servlet/solicitudotadjuntos?INS,2016,1436,,1, HTTP/1.1" 200 5552
186.78.39.237 - - [19/Apr/2016:12:16:39 -0300] "GET /cormun/static/about:blank HTTP/1.1" 404 1011
186.78.39.237 - - [19/Apr/2016:12:16:40 -0300] "GET /cormun/servlet/solicitudotadjuntos?INS,2016,1436,,1, HTTP/1.1" 200 5546
186.78.39.237 - - [19/Apr/2016:12:16:40 -0300] "GET /cormun/servlet/solicitudotadjuntos?d30be96dd9cdf9ca44a3752acd445fd7736d7c337adb4ef1529381d6b27c30bd483b68054fdafc843aaff9fa2b36183e,gx-no-cache=1461079024850 HTTP/1.1" 200 30
186.78.39.237 - - [19/Apr/2016:12:16:40 -0300] "POST /cormun/servlet/solicitudotadjuntos?4b9240c8e7ec2ec2a8dd67f38ac51ebf,INS,2016,1436,,1,,gx-no-cache=1461079025091 HTTP/1.1" 200 3421
186.78.39.237 - - [19/Apr/2016:12:16:44 -0300] "POST /cormun/servlet/solicitudotadjuntos?gx-no-cache=1461079029115 HTTP/1.1" 200 26
186.78.39.237 - - [19/Apr/2016:12:17:06 -0300] "GET /cormun/servlet/solicitudotadjuntos?d30be96dd9cdf9ca44a3752acd445fd7bb4d271dcb2d8736ef97f3a115065a02,gx-no-cache=1461079050835 HTTP/1.1" 200 30
186.78.39.237 - - [19/Apr/2016:12:17:06 -0300] "GET /cormun/servlet/solicitudotadjuntos?d30be96dd9cdf9ca44a3752acd445fd7bb4d271dcb2d8736ef97f3a115065a02,gx-no-cache=1461079050958 HTTP/1.1" 200 30
186.78.39.237 - - [19/Apr/2016:12:17:06 -0300] "POST /cormun/servlet/solicitudotadjuntos?4b9240c8e7ec2ec2a8dd67f38ac51ebf,INS,2016,1436,,1,,gx-no-cache=1461079051037 HTTP/1.1" 200 93
186.78.39.237 - - [19/Apr/2016:12:17:06 -0300] "GET /cormun/servlet/hpexe_return? HTTP/1.1" 200 1028
186.78.39.237 - - [19/Apr/2016:12:17:07 -0300] "GET /cormun/servlet/trsolicitudadjuntos?2016,1436, HTTP/1.1" 200 7604
186.78.39.237 - - [19/Apr/2016:12:17:07 -0300] "GET /cormun/servlet/trsolicitudadjuntos?2016,1436, HTTP/1.1" 200 7602
186.78.39.237 - - [19/Apr/2016:12:17:17 -0300] "GET /cormun/servlet/solicitudotadjuntos?INS,2016,1436,,1, HTTP/1.1" 200 5552
186.78.39.237 - - [19/Apr/2016:12:17:18 -0300] "GET /cormun/static/about:blank HTTP/1.1" 404 1011
186.78.39.237 - - [19/Apr/2016:12:17:19 -0300] "GET /cormun/servlet/solicitudotadjuntos?INS,2016,1436,,1, HTTP/1.1" 200 5546
186.78.39.237 - - [19/Apr/2016:12:17:19 -0300] "GET /cormun/servlet/solicitudotadjuntos?d30be96dd9cdf9ca44a3752acd445fd7736d7c337adb4ef1529381d6b27c30bd483b68054fdafc843aaff9fa2b36183e,gx-no-cache=1461079063681 HTTP/1.1" 200 30
186.78.39.237 - - [19/Apr/2016:12:17:19 -0300] "POST /cormun/servlet/solicitudotadjuntos?4b9240c8e7ec2ec2a8dd67f38ac51ebf,INS,2016,1436,,1,,gx-no-cache=1461079064157 HTTP/1.1" 200 3421
186.78.39.237 - - [19/Apr/2016:12:17:22 -0300] "POST /cormun/servlet/solicitudotadjuntos?gx-no-cache=1461079067213 HTTP/1.1" 200 26
186.78.39.237 - - [19/Apr/2016:12:17:33 -0300] "GET /cormun/servlet/solicitudotadjuntos?d30be96dd9cdf9ca44a3752acd445fd7bb4d271dcb2d8736ef97f3a115065a02,gx-no-cache=1461079077582 HTTP/1.1" 200 30
186.78.39.237 - - [19/Apr/2016:12:17:33 -0300] "GET /cormun/servlet/solicitudotadjuntos?d30be96dd9cdf9ca44a3752acd445fd7bb4d271dcb2d8736ef97f3a115065a02,gx-no-cache=1461079077908 HTTP/1.1" 200 30
186.78.39.237 - - [19/Apr/2016:12:17:33 -0300] "POST /cormun/servlet/solicitudotadjuntos?4b9240c8e7ec2ec2a8dd67f38ac51ebf,INS,2016,1436,,1,,gx-no-cache=1461079078242 HTTP/1.1" 200 93
186.78.39.237 - - [19/Apr/2016:12:17:34 -0300] "GET /cormun/servlet/hpexe_return? HTTP/1.1" 200 1028
186.78.39.237 - - [19/Apr/2016:12:17:34 -0300] "GET /cormun/servlet/trsolicitudadjuntos?2016,1436, HTTP/1.1" 200 7723
186.78.39.237 - - [19/Apr/2016:12:17:36 -0300] "GET /cormun/servlet/trsolicitudadjuntos?2016,1436, HTTP/1.1" 200 7721
186.78.39.237 - - [19/Apr/2016:12:17:38 -0300] "GET /cormun/servlet/solicitudotadjuntos?INS,2016,1436,,1, HTTP/1.1" 200 5552
186.78.39.237 - - [19/Apr/2016:12:17:39 -0300] "GET /cormun/static/about:blank HTTP/1.1" 404 1011
186.78.39.237 - - [19/Apr/2016:12:17:39 -0300] "GET /cormun/servlet/solicitudotadjuntos?INS,2016,1436,,1, HTTP/1.1" 200 5546
186.78.39.237 - - [19/Apr/2016:12:17:40 -0300] "GET /cormun/servlet/solicitudotadjuntos?d30be96dd9cdf9ca44a3752acd445fd7736d7c337adb4ef1529381d6b27c30bd483b68054fdafc843aaff9fa2b36183e,gx-no-cache=1461079084729 HTTP/1.1" 200 30
186.78.39.237 - - [19/Apr/2016:12:17:40 -0300] "POST /cormun/servlet/solicitudotadjuntos?4b9240c8e7ec2ec2a8dd67f38ac51ebf,INS,2016,1436,,1,,gx-no-cache=1461079084974 HTTP/1.1" 200 3421
186.78.39.237 - - [19/Apr/2016:12:18:17 -0300] "POST /cormun/servlet/solicitudotadjuntos?gx-no-cache=1461079121186 HTTP/1.1" 200 26
186.78.39.237 - - [19/Apr/2016:12:18:17 -0300] "GET /cormun/servlet/solicitudotadjuntos?d30be96dd9cdf9ca44a3752acd445fd7bb4d271dcb2d8736ef97f3a115065a02,gx-no-cache=1461079122279 HTTP/1.1" 200 30
186.78.39.237 - - [19/Apr/2016:12:18:18 -0300] "GET /cormun/servlet/solicitudotadjuntos?d30be96dd9cdf9ca44a3752acd445fd7bb4d271dcb2d8736ef97f3a115065a02,gx-no-cache=1461079122805 HTTP/1.1" 200 30
186.78.39.237 - - [19/Apr/2016:12:18:19 -0300] "POST /cormun/servlet/solicitudotadjuntos?4b9240c8e7ec2ec2a8dd67f38ac51ebf,INS,2016,1436,,1,,gx-no-cache=1461079123430 HTTP/1.1" 200 93
186.78.39.237 - - [19/Apr/2016:12:18:19 -0300] "GET /cormun/servlet/hpexe_return? HTTP/1.1" 200 1028
186.78.39.237 - - [19/Apr/2016:12:18:20 -0300] "GET /cormun/servlet/trsolicitudadjuntos?2016,1436, HTTP/1.1" 200 7809
186.78.39.237 - - [19/Apr/2016:12:18:21 -0300] "GET /cormun/servlet/trsolicitudadjuntos?2016,1436, HTTP/1.1" 200 7807
186.78.39.237 - - [19/Apr/2016:12:18:24 -0300] "GET /cormun/servlet/trsolicitudot? HTTP/1.1" 200 7789
186.78.39.237 - - [19/Apr/2016:12:18:25 -0300] "GET /cormun/servlet/trsolicitudot? HTTP/1.1" 200 7783
186.78.39.237 - - [19/Apr/2016:12:18:28 -0300] "POST /cormun/servlet/trsolicitudot?4b9240c8e7ec2ec2a8dd67f38ac51ebf,,gx-no-cache=1461079132843 HTTP/1.1" 200 3855
186.78.39.237 - - [19/Apr/2016:12:18:29 -0300] "POST /cormun/servlet/trsolicitudot?4b9240c8e7ec2ec2a8dd67f38ac51ebf,,gx-no-cache=1461079134085 HTTP/1.1" 200 3676
186.78.39.237 - - [19/Apr/2016:12:18:33 -0300] "GET /cormun/servlet/solicitudot?INS,0,0, HTTP/1.1" 200 11629
186.78.39.237 - - [19/Apr/2016:12:18:34 -0300] "GET /cormun/servlet/solicitudot?INS,0,0, HTTP/1.1" 200 11634
191.112.25.11 - - [19/Apr/2016:12:19:08 -0300] "POST /cormun/servlet/trsolicitudot?a09c94a91579fb0e604b9323d7564dc5,,gx-no-cache=1461079170044 HTTP/1.1" 200 105
186.78.39.237 - - [19/Apr/2016:12:19:08 -0300] "GET /cormun/servlet/prfichaempleado?,MD,,gxPopupLevel%3D0%3B HTTP/1.1" 200 7936
191.112.25.11 - - [19/Apr/2016:12:19:08 -0300] "GET /cormun/servlet/solicitudot?DLT,2016,1430, HTTP/1.1" 200 8626
186.78.39.237 - - [19/Apr/2016:12:19:09 -0300] "GET /cormun/static/scaMessage/css/jquery-ui.css?104140 HTTP/1.1" 404 1045
191.112.25.11 - - [19/Apr/2016:12:19:09 -0300] "GET /cormun/servlet/solicitudot?DLT,2016,1430, HTTP/1.1" 200 8636
191.112.25.11 - - [19/Apr/2016:12:19:27 -0300] "GET /cormun/servlet/hlogin HTTP/1.1" 200 1718
191.112.25.11 - - [19/Apr/2016:12:19:31 -0300] "POST /cormun/servlet/hlogin?d4ffffd50dd0c2bed6c7285c4db530a6,gx-no-cache=1461079193809 HTTP/1.1" 200 90
191.112.25.11 - - [19/Apr/2016:12:19:31 -0300] "GET /cormun/servlet/hpexe_link HTTP/1.1" 200 951
186.78.39.237 - - [19/Apr/2016:12:19:31 -0300] "POST /cormun/servlet/prfichaempleado?4b9240c8e7ec2ec2a8dd67f38ac51ebf,,MD,,gxPopupLevel%3D0%3B,gx-no-cache=1461079194284 HTTP/1.1" 200 2763
191.112.25.11 - - [19/Apr/2016:12:19:32 -0300] "GET /cormun/servlet/hhome HTTP/1.1" 200 3507
191.112.25.11 - - [19/Apr/2016:12:19:33 -0300] "GET /cormun/servlet/hhome HTTP/1.1" 200 3503
186.78.39.237 - - [19/Apr/2016:12:19:36 -0300] "POST /cormun/servlet/solicitudot?gx-no-cache=1461079200913 HTTP/1.1" 200 2727
191.112.25.11 - - [19/Apr/2016:12:19:37 -0300] "GET /cormun/servlet/trsolicitudot? HTTP/1.1" 200 7727
186.78.39.237 - - [19/Apr/2016:12:19:37 -0300] "POST /cormun/servlet/solicitudot?4b9240c8e7ec2ec2a8dd67f38ac51ebf,INS,0,0,,gx-no-cache=1461079201440 HTTP/1.1" 200 8407
191.112.25.11 - - [19/Apr/2016:12:19:37 -0300] "GET /cormun/servlet/trsolicitudot? HTTP/1.1" 200 7725
186.78.39.237 - - [19/Apr/2016:12:19:41 -0300] "GET /cormun/servlet/solicitudot?d30be96dd9cdf9ca44a3752acd445fd7739e0e9f154c40f3e62d0cf2945083f4cf3aff61c473b48c299461c23da3d37e,gx-no-cache=1461079205556 HTTP/1.1" 200 30
191.112.25.11 - - [19/Apr/2016:12:19:49 -0300] "POST /cormun/servlet/trsolicitudot?d4ffffd50dd0c2bed6c7285c4db530a6,,gx-no-cache=1461079210929 HTTP/1.1" 200 105
191.112.25.11 - - [19/Apr/2016:12:19:49 -0300] "GET /cormun/servlet/solicitudot?DLT,2016,1430, HTTP/1.1" 200 8626
191.112.25.11 - - [19/Apr/2016:12:19:49 -0300] "GET /cormun/static/Shared/jqueryui/images/ui-bg_highlight-soft_100_c6c2c8_1x100.png HTTP/1.1" 404 1117
191.112.25.11 - - [19/Apr/2016:12:19:49 -0300] "GET /cormun/static/Shared/jqueryui/images/ui-icons_82798d_256x240.png HTTP/1.1" 404 1089
191.112.25.11 - - [19/Apr/2016:12:19:50 -0300] "GET /cormun/static/Shared/jqueryui/images/ui-icons_8d78a5_256x240.png HTTP/1.1" 404 1089
191.112.25.11 - - [19/Apr/2016:12:19:50 -0300] "GET /cormun/static/Shared/jqueryui/images/ui-bg_flat_55_fafafa_40x100.png HTTP/1.1" 404 1097
191.112.25.11 - - [19/Apr/2016:12:19:50 -0300] "GET /cormun/servlet/solicitudot?DLT,2016,1430, HTTP/1.1" 200 8635
191.112.25.11 - - [19/Apr/2016:12:20:07 -0300] "GET /cormun/servlet/hlogin HTTP/1.1" 200 1712
191.112.25.11 - - [19/Apr/2016:12:20:10 -0300] "POST /cormun/servlet/hlogin?162df878243068b924b63ce781008dbf,gx-no-cache=1461079232448 HTTP/1.1" 200 90
191.112.25.11 - - [19/Apr/2016:12:20:10 -0300] "GET /cormun/servlet/hpexe_link HTTP/1.1" 200 946
191.112.25.11 - - [19/Apr/2016:12:20:11 -0300] "GET /cormun/servlet/hhome HTTP/1.1" 200 3502
191.112.25.11 - - [19/Apr/2016:12:20:12 -0300] "GET /cormun/servlet/hhome HTTP/1.1" 200 3502
191.112.25.11 - - [19/Apr/2016:12:20:16 -0300] "GET /cormun/servlet/trsolicitudot? HTTP/1.1" 200 7722
191.112.25.11 - - [19/Apr/2016:12:20:17 -0300] "GET /cormun/servlet/trsolicitudot? HTTP/1.1" 200 7720
191.112.25.11 - - [19/Apr/2016:12:20:27 -0300] "GET /cormun/servlet/vesolicitudot?2016,1430,, HTTP/1.1" 200 7753
191.112.25.11 - - [19/Apr/2016:12:20:27 -0300] "GET /cormun/pexe_scrolldiv.js HTTP/1.1" 404 1009
191.112.25.11 - - [19/Apr/2016:12:20:27 -0300] "GET /cormun/servlet/vesolicitudot?2016,1430,, HTTP/1.1" 200 7753
186.78.39.237 - - [19/Apr/2016:12:20:29 -0300] "POST /cormun/servlet/solicitudot?gx-no-cache=1461079253940 HTTP/1.1" 200 120
186.78.39.237 - - [19/Apr/2016:12:20:37 -0300] "POST /cormun/servlet/solicitudot?gx-no-cache=1461079261641 HTTP/1.1" 200 30
191.112.25.11 - - [19/Apr/2016:12:20:37 -0300] "GET /cormun/servlet/trsolicitudot? HTTP/1.1" 200 7720
191.112.25.11 - - [19/Apr/2016:12:20:38 -0300] "GET /cormun/servlet/trsolicitudot? HTTP/1.1" 200 7720
186.78.39.237 - - [19/Apr/2016:12:20:38 -0300] "POST /cormun/servlet/solicitudot?gx-no-cache=1461079263000 HTTP/1.1" 200 452
186.78.39.237 - - [19/Apr/2016:12:20:38 -0300] "GET /cormun/servlet/solicitudot?d30be96dd9cdf9ca44a3752acd445fd7f95a3e2409f88a5ee63bb0f0fcf8b55b2b24b8fcf9c9a0987be06777b3e7685948b1a76edf58b7e2d3306bfb5e41266c0e366dfdea63c5f3d9ad7f86a43a5f8aa38a7a889113a327342f1cfd2a5b5b87002b3de1462f4a1935610bcc464901d03474bde2296cdaa611927a4f2cd758735dfc9d756281b1bff71e87b974e1de5c,gx-no-cache=1461079263131 HTTP/1.1" 200 38
191.112.25.11 - - [19/Apr/2016:12:20:47 -0300] "POST /cormun/servlet/trsolicitudot?162df878243068b924b63ce781008dbf,,gx-no-cache=1461079268860 HTTP/1.1" 200 105
191.112.25.11 - - [19/Apr/2016:12:20:47 -0300] "GET /cormun/servlet/solicitudot?UPD,2016,1430, HTTP/1.1" 200 12907
191.112.25.11 - - [19/Apr/2016:12:20:47 -0300] "GET /cormun/servlet/solicitudot?UPD,2016,1430, HTTP/1.1" 200 12916
191.112.25.11 - - [19/Apr/2016:12:20:48 -0300] "POST /cormun/servlet/solicitudot?gx-no-cache=1461079270424 HTTP/1.1" 200 2774
191.112.25.11 - - [19/Apr/2016:12:20:49 -0300] "POST /cormun/servlet/solicitudot?162df878243068b924b63ce781008dbf,UPD,2016,1430,,gx-no-cache=1461079270800 HTTP/1.1" 200 9173
191.112.25.11 - - [19/Apr/2016:12:20:49 -0300] "GET /cormun/servlet/solicitudot?560cbdc1aa893c5ab99d088eba2469bc718573627cc3f2000a18e76bb288175c3e95c8c484cc4c0ee12b1cb932e14b47,gx-no-cache=1461079271259 HTTP/1.1" 200 30
191.112.25.11 - - [19/Apr/2016:12:20:49 -0300] "POST /cormun/servlet/solicitudot?gx-no-cache=1461079271367 HTTP/1.1" 200 30
191.112.25.11 - - [19/Apr/2016:12:20:49 -0300] "POST /cormun/servlet/solicitudot?gx-no-cache=1461079271469 HTTP/1.1" 200 30
191.112.25.11 - - [19/Apr/2016:12:20:49 -0300] "POST /cormun/servlet/solicitudot?gx-no-cache=1461079271610 HTTP/1.1" 200 1187
191.112.25.11 - - [19/Apr/2016:12:20:49 -0300] "GET /cormun/servlet/solicitudot?560cbdc1aa893c5ab99d088eba2469bc0f285dc62db33619d43a3bf7d565df7e0ba289ed9e892fe48fe67b938fdfc5a3e261d95cf4a7c7744f24d8f655e8aa7c73ea517fd40cd615ede4ce8c015c18792e8e388c937251846d526da786442b503e5f445988ba03fe79724964194097fc2448475dd3ff11553776548f2f7cda412ca1e36dbf7d69bfc1a84a3382716ad677f66b73250a6da9175bed1a54bbe171,gx-no-cache=1461079271819 HTTP/1.1" 200 41
186.78.39.237 - - [19/Apr/2016:12:20:54 -0300] "GET /cormun/servlet/solicitudot?d30be96dd9cdf9ca44a3752acd445fd7fe94fce21178a273af0dff16e2fb62965dfb3fd3b803a0093a7914c051624b5d12d21306445c337cae6660fedf4221f7d806d0300df7982fab6765e00b375c67acbde4de37b3e74e02d26cdbbc1a32bfc95691ddae4e637adb9d42b50755d726,gx-no-cache=1461079279307 HTTP/1.1" 200 29
186.78.39.237 - - [19/Apr/2016:12:20:56 -0300] "POST /cormun/servlet/solicitudot?gx-no-cache=1461079281479 HTTP/1.1" 200 1144
192.168.10.89 - - [19/Apr/2016:12:20:57 -0300] "GET /cormun/servlet/hlogin HTTP/1.1" 200 1731
192.168.10.89 - - [19/Apr/2016:12:20:57 -0300] "GET /cormun/servlet/hlogin HTTP/1.1" 200 1723
191.112.25.11 - - [19/Apr/2016:12:21:01 -0300] "GET /cormun/servlet/solicitudot?560cbdc1aa893c5ab99d088eba2469bc029d8fe8749a45f7d6c6537dadb3f5b37e9e3ec4549cc16460825747a97ad90162622b93ce6102f5a539121bbe1abf193c9d3a6bec40c22207f08fddb06fb79dac8fdc1f588b76a0f60d96a2e3684b94b83ea9bb53bea07181c6676147768f3aaa4b57597d4767694a9e9d55d06f9b67011c41d0895bf396401b92c672c5ba4b0b0c1c1b5d11ef52ec3a9ae7fdf8ccbe,gx-no-cache=1461079282982 HTTP/1.1" 200 29
191.112.25.11 - - [19/Apr/2016:12:21:01 -0300] "POST /cormun/servlet/solicitudot?gx-no-cache=1461079283085 HTTP/1.1" 200 1143
191.112.25.11 - - [19/Apr/2016:12:21:01 -0300] "GET /cormun/servlet/solicitudot?560cbdc1aa893c5ab99d088eba2469bcb88389502dbcb323a075c2c60ff0f1cbd448d669f88faa3777041e630874baa5a3c53d142257c7a8eb7782480a68ce6e308828400e046e4502b0b0de3124fd98b357fddec38b061897f355a31d51856f8f157f7de1a56fb0f1e759ef3a918b189f1ab49d7c99c1c54c7844f3c3a705e482fa54717b2f68de0ff80f64b7c91ebc42ce2ebd447704fa17a7c864f79d8ed2d653d204ce9724a3643728befe70f1ce,gx-no-cache=1461079283276 HTTP/1.1" 200 30
191.112.25.11 - - [19/Apr/2016:12:21:01 -0300] "POST /cormun/servlet/solicitudot?162df878243068b924b63ce781008dbf,UPD,2016,1430,,gx-no-cache=1461079283384 HTTP/1.1" 200 93
191.112.25.11 - - [19/Apr/2016:12:21:01 -0300] "GET /cormun/servlet/hpexe_return? HTTP/1.1" 200 1009
191.112.25.11 - - [19/Apr/2016:12:21:02 -0300] "GET /cormun/servlet/trsolicitudot HTTP/1.1" 200 7724
191.112.25.11 - - [19/Apr/2016:12:21:03 -0300] "GET /cormun/servlet/trsolicitudot HTTP/1.1" 200 7721
186.78.39.237 - - [19/Apr/2016:12:21:05 -0300] "GET /cormun/static/menuarrow.gif HTTP/1.1" 404 1015
191.112.25.11 - - [19/Apr/2016:12:21:09 -0300] "POST /cormun/servlet/trsolicitudot?162df878243068b924b63ce781008dbf,gx-no-cache=1461079290660 HTTP/1.1" 200 3797
191.112.25.11 - - [19/Apr/2016:12:21:09 -0300] "GET /cormun/static/Shared/jqueryui/images/ui-bg_highlight-soft_100_c6c2c8_1x100.png HTTP/1.1" 404 1117
191.112.25.11 - - [19/Apr/2016:12:21:09 -0300] "GET /cormun/static/Shared/jqueryui/images/ui-icons_82798d_256x240.png HTTP/1.1" 404 1089
191.112.25.11 - - [19/Apr/2016:12:21:09 -0300] "GET /cormun/static/Shared/jqueryui/images/ui-icons_8d78a5_256x240.png HTTP/1.1" 404 1089
191.112.25.11 - - [19/Apr/2016:12:21:09 -0300] "GET /cormun/static/Shared/jqueryui/images/ui-bg_flat_55_fafafa_40x100.png HTTP/1.1" 404 1097
191.112.25.11 - - [19/Apr/2016:12:21:10 -0300] "POST /cormun/servlet/trsolicitudot?162df878243068b924b63ce781008dbf,gx-no-cache=1461079292008 HTTP/1.1" 200 3652
192.168.10.89 - - [19/Apr/2016:12:21:20 -0300] "POST /cormun/servlet/hlogin?e04e3d166c140ba8b645ea7d8467cfd9,gx-no-cache=1461079015149 HTTP/1.1" 200 441
186.78.39.237 - - [19/Apr/2016:12:21:23 -0300] "GET /cormun/servlet/solicitudot?d30be96dd9cdf9ca44a3752acd445fd73a8b50675a3aafbb32fd40e4911b7cf95a820eb9a5c013735a5337e5b45300ac9ecc3369fd2e862631f305ce0c4df659388399f4d882cb86777bb3509d0bf5fe7d004d91f717b03e13862e4679c22a5914cf7333e61e4156b92d430cfac6eda0e1a7003cacd304d41b0c8d420b21d4cff554c645b005c18e2815c434b3a8d3d2cb798159740b4341d820caa9f838985e0bbd416dc2701e358e7145ab8d70c892,gx-no-cache=1461079307730 HTTP/1.1" 200 30
192.168.10.89 - - [19/Apr/2016:12:21:26 -0300] "POST /cormun/servlet/hlogin?e04e3d166c140ba8b645ea7d8467cfd9,gx-no-cache=1461079020683 HTTP/1.1" 200 90
192.168.10.89 - - [19/Apr/2016:12:21:26 -0300] "GET /cormun/servlet/hpexe_link HTTP/1.1" 200 945
192.168.10.89 - - [19/Apr/2016:12:21:28 -0300] "GET /cormun/servlet/hhome HTTP/1.1" 200 3587
192.168.10.89 - - [19/Apr/2016:12:21:34 -0300] "GET /cormun/servlet/trsolicitudot? HTTP/1.1" 200 6507
186.78.39.237 - - [19/Apr/2016:12:21:42 -0300] "POST /cormun/servlet/solicitudot?4b9240c8e7ec2ec2a8dd67f38ac51ebf,INS,0,0,,gx-no-cache=1461079325797 HTTP/1.1" 200 9412
192.168.10.89 - - [19/Apr/2016:12:22:04 -0300] "POST /cormun/servlet/trsolicitudot?e04e3d166c140ba8b645ea7d8467cfd9,,gx-no-cache=1461079057952 HTTP/1.1" 200 3714
192.168.10.89 - - [19/Apr/2016:12:22:05 -0300] "GET /cormun/static/menuarrow.gif HTTP/1.1" 404 1015
192.168.10.89 - - [19/Apr/2016:12:22:11 -0300] "POST /cormun/servlet/trsolicitudot?e04e3d166c140ba8b645ea7d8467cfd9,,gx-no-cache=1461079065740 HTTP/1.1" 200 3718
186.78.39.237 - - [19/Apr/2016:12:22:13 -0300] "POST /cormun/servlet/solicitudot?gx-no-cache=1461079349488 HTTP/1.1" 200 30
192.168.10.89 - - [19/Apr/2016:12:22:17 -0300] "POST /cormun/servlet/trsolicitudot?e04e3d166c140ba8b645ea7d8467cfd9,,gx-no-cache=1461079070854 HTTP/1.1" 200 3722
186.78.39.237 - - [19/Apr/2016:12:22:19 -0300] "GET /cormun/servlet/prcontratosol?6787232,,,,,MD,,gxPopupLevel%3D0%3B HTTP/1.1" 200 5400
186.78.39.237 - - [19/Apr/2016:12:22:19 -0300] "GET /cormun/static/gxcfg.js?2016141247819 HTTP/1.1" 200 953
192.168.10.89 - - [19/Apr/2016:12:22:21 -0300] "POST /cormun/servlet/trsolicitudot?e04e3d166c140ba8b645ea7d8467cfd9,,gx-no-cache=1461079074981 HTTP/1.1" 200 3721
186.78.39.237 - - [19/Apr/2016:12:22:22 -0300] "GET /cormun/static/prcontratosol.js?2016141247993 HTTP/1.1" 200 14084
186.78.39.237 - - [19/Apr/2016:12:22:22 -0300] "GET /cormun/static/Resources/Spanish/PXTools.css?1423257 HTTP/1.1" 200 89042
192.168.10.89 - - [19/Apr/2016:12:22:29 -0300] "POST /cormun/servlet/trsolicitudot?e04e3d166c140ba8b645ea7d8467cfd9,,gx-no-cache=1461079082487 HTTP/1.1" 200 5148
186.78.39.237 - - [19/Apr/2016:12:22:51 -0300] "POST /cormun/servlet/solicitudot?gx-no-cache=1461079393952 HTTP/1.1" 200 1182
186.78.39.237 - - [19/Apr/2016:12:22:52 -0300] "GET /cormun/servlet/solicitudot?d30be96dd9cdf9ca44a3752acd445fd7f95a3e2409f88a5ee63bb0f0fcf8b55b2b24b8fcf9c9a0987be06777b3e7685948b1a76edf58b7e2d3306bfb5e41266c0e366dfdea63c5f3d9ad7f86a43a5f8aa38a7a889113a327342f1cfd2a5b5b87002b3de1462f4a1935610bcc464901d03474bde2296cdaa611927a4f2cd75873148677abf17e9a49f6ec407d9381ef41f2cf6a61ede9fd1fffba3e6ab7e5458d,gx-no-cache=1461079396406 HTTP/1.1" 200 41
186.78.39.237 - - [19/Apr/2016:12:22:52 -0300] "POST /cormun/servlet/solicitudot?gx-no-cache=1461079397097 HTTP/1.1" 200 1144
186.78.39.237 - - [19/Apr/2016:12:23:10 -0300] "POST /cormun/servlet/solicitudot?gx-no-cache=1461079415214 HTTP/1.1" 200 30
186.78.39.237 - - [19/Apr/2016:12:23:15 -0300] "POST /cormun/servlet/solicitudot?gx-no-cache=1461079419594 HTTP/1.1" 200 1182
186.78.39.237 - - [19/Apr/2016:12:23:17 -0300] "GET /cormun/servlet/solicitudot?d30be96dd9cdf9ca44a3752acd445fd7f95a3e2409f88a5ee63bb0f0fcf8b55b2b24b8fcf9c9a0987be06777b3e7685948b1a76edf58b7e2d3306bfb5e41266c0e366dfdea63c5f3d9ad7f86a43a5f8aa38a7a889113a327342f1cfd2a5b5b87002b3de1462f4a1935610bcc464901d03474bde2296cdaa611927a4f2cd75873148677abf17e9a49f6ec407d9381ef41f2cf6a61ede9fd1fffba3e6ab7e5458d,gx-no-cache=1461079420538 HTTP/1.1" 200 41
186.78.39.237 - - [19/Apr/2016:12:23:18 -0300] "POST /cormun/servlet/solicitudot?gx-no-cache=1461079421634 HTTP/1.1" 200 1144
186.78.39.237 - - [19/Apr/2016:12:23:18 -0300] "GET /cormun/servlet/solicitudot?d30be96dd9cdf9ca44a3752acd445fd73a8b50675a3aafbb32fd40e4911b7cf95a820eb9a5c013735a5337e5b45300ac9ecc3369fd2e862631f305ce0c4df659388399f4d882cb86777bb3509d0bf5fe7d004d91f717b03e13862e4679c22a5914cf7333e61e4156b92d430cfac6eda0e1a7003cacd304d41b0c8d420b21d4cff554c645b005c18e2815c434b3a8d3d2cb798159740b4341d820caa9f838985e0bbd416dc2701e358e7145ab8d70c892,gx-no-cache=1461079422778 HTTP/1.1" 200 30
186.78.39.237 - - [19/Apr/2016:12:23:19 -0300] "POST /cormun/servlet/solicitudot?4b9240c8e7ec2ec2a8dd67f38ac51ebf,INS,0,0,,gx-no-cache=1461079423175 HTTP/1.1" 200 9438
186.78.39.237 - - [19/Apr/2016:12:23:29 -0300] "POST /cormun/servlet/solicitudot?gx-no-cache=1461079433648 HTTP/1.1" 200 30
191.112.25.11 - - [19/Apr/2016:12:23:32 -0300] "GET /cormun/servlet/hlogin HTTP/1.1" 200 1724
191.112.25.11 - - [19/Apr/2016:12:23:35 -0300] "POST /cormun/servlet/hlogin?3480654279e4687724ec209d7a9eb3f9,gx-no-cache=1461079436568 HTTP/1.1" 200 90
191.112.25.11 - - [19/Apr/2016:12:23:35 -0300] "GET /cormun/servlet/hpexe_link HTTP/1.1" 200 950
191.112.25.11 - - [19/Apr/2016:12:23:36 -0300] "GET /cormun/servlet/hhome HTTP/1.1" 200 3580
191.112.25.11 - - [19/Apr/2016:12:23:36 -0300] "GET /cormun/servlet/hhome HTTP/1.1" 200 3577
186.78.39.237 - - [19/Apr/2016:12:23:39 -0300] "POST /cormun/servlet/solicitudot?gx-no-cache=1461079442580 HTTP/1.1" 200 1182
186.78.39.237 - - [19/Apr/2016:12:23:40 -0300] "GET /cormun/servlet/solicitudot?d30be96dd9cdf9ca44a3752acd445fd7f95a3e2409f88a5ee63bb0f0fcf8b55b2b24b8fcf9c9a0987be06777b3e7685948b1a76edf58b7e2d3306bfb5e41266c0e366dfdea63c5f3d9ad7f86a43a5f8aa38a7a889113a327342f1cfd2a5b5b87002b3de1462f4a1935610bcc464901d03474bde2296cdaa611927a4f2cd75873148677abf17e9a49f6ec407d9381ef41f2cf6a61ede9fd1fffba3e6ab7e5458d,gx-no-cache=1461079443706 HTTP/1.1" 200 41
191.112.25.11 - - [19/Apr/2016:12:23:41 -0300] "GET /cormun/servlet/trautorizarsolicitud? HTTP/1.1" 200 10028
191.112.25.11 - - [19/Apr/2016:12:23:42 -0300] "GET /cormun/servlet/trautorizarsolicitud? HTTP/1.1" 200 10026
192.168.10.89 - - [19/Apr/2016:12:24:13 -0300] "POST /cormun/servlet/trsolicitudot?e04e3d166c140ba8b645ea7d8467cfd9,,gx-no-cache=1461079186672 HTTP/1.1" 200 3722
192.168.10.89 - - [19/Apr/2016:12:24:17 -0300] "GET /cormun/servlet/solicitudot?INS,0,0, HTTP/1.1" 200 11713
192.168.10.89 - - [19/Apr/2016:12:24:20 -0300] "GET /cormun/servlet/prfichaempleado?,MD,,gxPopupLevel%3D0%3B HTTP/1.1" 200 7962
192.168.10.89 - - [19/Apr/2016:12:24:20 -0300] "GET /cormun/static/scaMessage/css/jquery-ui.css?104140 HTTP/1.1" 404 1045
191.112.25.11 - - [19/Apr/2016:12:24:23 -0300] "POST /cormun/servlet/trautorizarsolicitud?3480654279e4687724ec209d7a9eb3f9,,gx-no-cache=1461079483871 HTTP/1.1" 200 5148
191.112.25.11 - - [19/Apr/2016:12:24:23 -0300] "GET /cormun/static/Shared/jqueryui/images/ui-bg_highlight-soft_100_c6c2c8_1x100.png HTTP/1.1" 404 1117
191.112.25.11 - - [19/Apr/2016:12:24:23 -0300] "GET /cormun/static/Shared/jqueryui/images/ui-icons_82798d_256x240.png HTTP/1.1" 404 1089
191.112.25.11 - - [19/Apr/2016:12:24:23 -0300] "GET /cormun/static/Shared/jqueryui/images/ui-bg_flat_55_fafafa_40x100.png HTTP/1.1" 404 1097
191.112.25.11 - - [19/Apr/2016:12:24:23 -0300] "GET /cormun/static/Shared/jqueryui/images/ui-icons_8d78a5_256x240.png HTTP/1.1" 404 1089
191.112.25.11 - - [19/Apr/2016:12:24:23 -0300] "POST /cormun/servlet/trautorizarsolicitud?3480654279e4687724ec209d7a9eb3f9,,gx-no-cache=1461079484545 HTTP/1.1" 200 5097
192.168.10.89 - - [19/Apr/2016:12:24:26 -0300] "POST /cormun/servlet/prfichaempleado?e04e3d166c140ba8b645ea7d8467cfd9,,MD,,gxPopupLevel%3D0%3B,gx-no-cache=1461079201191 HTTP/1.1" 200 2759
192.168.10.89 - - [19/Apr/2016:12:24:29 -0300] "POST /cormun/servlet/solicitudot?gx-no-cache=1461079204002 HTTP/1.1" 200 2780
192.168.10.89 - - [19/Apr/2016:12:24:29 -0300] "POST /cormun/servlet/solicitudot?e04e3d166c140ba8b645ea7d8467cfd9,INS,0,0,,gx-no-cache=1461079204134 HTTP/1.1" 200 8505
192.168.10.89 - - [19/Apr/2016:12:24:32 -0300] "GET /cormun/servlet/solicitudot?c50a37614a69eb55d40d9a9932bc91e5811822edeb15a182a22bb3768f2c3d64bdb683e63780b01a7bc30c42573673bd,gx-no-cache=1461079207344 HTTP/1.1" 200 30
192.168.10.89 - - [19/Apr/2016:12:24:32 -0300] "POST /cormun/servlet/solicitudot?gx-no-cache=1461079207384 HTTP/1.1" 200 30
192.168.10.89 - - [19/Apr/2016:12:24:35 -0300] "POST /cormun/servlet/solicitudot?gx-no-cache=1461079210469 HTTP/1.1" 200 30
192.168.10.89 - - [19/Apr/2016:12:24:39 -0300] "POST /cormun/servlet/solicitudot?gx-no-cache=1461079213924 HTTP/1.1" 200 452
192.168.10.89 - - [19/Apr/2016:12:24:39 -0300] "GET /cormun/servlet/solicitudot?c50a37614a69eb55d40d9a9932bc91e5afca29673bbe530f76c656200dbc8becc9d1ee00c016330b86da3cd8f8491ad442847b2fb70fa1c5766292cc29b7a1e12f0e4096c561457349d2f506bc42394df787c5acfa9366a1b60070f57612c49fe7b733122b592a9753ce1def638281a0068f44f1e9c86f02885d850f52619aa0a1b08f5d797280b5ba97b1c3afd38cea,gx-no-cache=1461079213956 HTTP/1.1" 200 38
191.112.25.11 - - [19/Apr/2016:12:24:43 -0300] "GET /cormun/servlet/trautorizarsolicitud? HTTP/1.1" 200 9719
191.112.25.11 - - [19/Apr/2016:12:24:44 -0300] "GET /cormun/servlet/trautorizarsolicitud? HTTP/1.1" 200 9719
192.168.10.89 - - [19/Apr/2016:12:24:46 -0300] "GET /cormun/servlet/solicitudot?c50a37614a69eb55d40d9a9932bc91e5a38830f9ae5718e2ae7b2fa2029363ef3936ff0d651c7092911b62af6aa7a8f9847f8c663c9103c339a321f59bcaadc6c08354daae2cde41c696a4ec829e19c86b67ebe5a6fb913bdd834e222486da215de08b4b9adb1203cbe5188598ee0ee9,gx-no-cache=1461079221102 HTTP/1.1" 200 29
192.168.10.89 - - [19/Apr/2016:12:24:47 -0300] "POST /cormun/servlet/solicitudot?gx-no-cache=1461079222236 HTTP/1.1" 200 1144
186.78.39.237 - - [19/Apr/2016:12:24:49 -0300] "POST /cormun/servlet/solicitudot?gx-no-cache=1461079513343 HTTP/1.1" 200 30
186.78.39.237 - - [19/Apr/2016:12:24:50 -0300] "POST /cormun/servlet/solicitudot?gx-no-cache=1461079514224 HTTP/1.1" 200 1182
191.112.25.11 - - [19/Apr/2016:12:24:50 -0300] "POST /cormun/servlet/trautorizarsolicitud?3480654279e4687724ec209d7a9eb3f9,,gx-no-cache=1461079510261 HTTP/1.1" 200 6869
186.78.39.237 - - [19/Apr/2016:12:24:50 -0300] "GET /cormun/servlet/solicitudot?d30be96dd9cdf9ca44a3752acd445fd7f95a3e2409f88a5ee63bb0f0fcf8b55b2b24b8fcf9c9a0987be06777b3e7685948b1a76edf58b7e2d3306bfb5e41266c0e366dfdea63c5f3d9ad7f86a43a5f8aa38a7a889113a327342f1cfd2a5b5b87002b3de1462f4a1935610bcc464901d03474bde2296cdaa611927a4f2cd75873148677abf17e9a49f6ec407d9381ef41f2cf6a61ede9fd1fffba3e6ab7e5458d,gx-no-cache=1461079515250 HTTP/1.1" 200 41
191.112.25.11 - - [19/Apr/2016:12:24:51 -0300] "POST /cormun/servlet/trautorizarsolicitud?3480654279e4687724ec209d7a9eb3f9,,gx-no-cache=1461079511292 HTTP/1.1" 200 6811
191.112.25.11 - - [19/Apr/2016:12:25:01 -0300] "POST /cormun/servlet/trautorizarsolicitud?3480654279e4687724ec209d7a9eb3f9,,gx-no-cache=1461079521869 HTTP/1.1" 200 6593
191.112.25.11 - - [19/Apr/2016:12:25:02 -0300] "POST /cormun/servlet/trautorizarsolicitud?3480654279e4687724ec209d7a9eb3f9,,gx-no-cache=1461079522562 HTTP/1.1" 200 6535
186.78.39.237 - - [19/Apr/2016:12:25:06 -0300] "POST /cormun/servlet/solicitudot?gx-no-cache=1461079530942 HTTP/1.1" 200 30
192.168.10.89 - - [19/Apr/2016:12:25:12 -0300] "GET /cormun/servlet/solicitudot?c50a37614a69eb55d40d9a9932bc91e5e9d9f062ccdf81190bfda7ca60d4b87314859cfa7ae9bbb61268b1f31b3cb256b4ccc91df59d9d04bdc45e754ca0655847ac5d9c30d0c70b3e4d76636254ee2ef5af2375a39cbeff181fc2d4a74160d6577bd031c160af33ea7f5c6db0086b45512cb511fd436b7ece34fe16f12b5de75f521e94e1b42fed012ed98dbaffd02a181c77b0c63bc835660aba92bd73ee67a87a81f178acd8b87302a8fc69b3cca3,gx-no-cache=1461079247186 HTTP/1.1" 200 30
186.78.39.237 - - [19/Apr/2016:12:25:14 -0300] "POST /cormun/servlet/solicitudot?gx-no-cache=1461079538781 HTTP/1.1" 200 30
191.112.25.11 - - [19/Apr/2016:12:25:14 -0300] "POST /cormun/servlet/trautorizarsolicitud?3480654279e4687724ec209d7a9eb3f9,,gx-no-cache=1461079534847 HTTP/1.1" 200 6105
191.112.25.11 - - [19/Apr/2016:12:25:14 -0300] "POST /cormun/servlet/trautorizarsolicitud?3480654279e4687724ec209d7a9eb3f9,,gx-no-cache=1461079535480 HTTP/1.1" 200 6049
192.168.10.89 - - [19/Apr/2016:12:25:15 -0300] "POST /cormun/servlet/solicitudot?e04e3d166c140ba8b645ea7d8467cfd9,INS,0,0,,gx-no-cache=1461079250390 HTTP/1.1" 200 93
192.168.10.89 - - [19/Apr/2016:12:25:16 -0300] "GET /cormun/servlet/hpexe_return? HTTP/1.1" 200 1002
192.168.10.89 - - [19/Apr/2016:12:25:17 -0300] "GET /cormun/servlet/trsolicitudot? HTTP/1.1" 200 6516
186.78.39.237 - - [19/Apr/2016:12:25:18 -0300] "POST /cormun/servlet/solicitudot?gx-no-cache=1461079542748 HTTP/1.1" 200 1182
186.78.39.237 - - [19/Apr/2016:12:25:18 -0300] "GET /cormun/servlet/solicitudot?d30be96dd9cdf9ca44a3752acd445fd7f95a3e2409f88a5ee63bb0f0fcf8b55b2b24b8fcf9c9a0987be06777b3e7685948b1a76edf58b7e2d3306bfb5e41266c0e366dfdea63c5f3d9ad7f86a43a5f8aa38a7a889113a327342f1cfd2a5b5b87002b3de1462f4a1935610bcc464901d03474bde2296cdaa611927a4f2cd75873148677abf17e9a49f6ec407d9381ef41f2cf6a61ede9fd1fffba3e6ab7e5458d,gx-no-cache=1461079543367 HTTP/1.1" 200 41
191.112.25.11 - - [19/Apr/2016:12:25:20 -0300] "POST /cormun/servlet/trautorizarsolicitud?3480654279e4687724ec209d7a9eb3f9,,gx-no-cache=1461079540983 HTTP/1.1" 200 6084
186.78.39.237 - - [19/Apr/2016:12:25:22 -0300] "POST /cormun/servlet/solicitudot?gx-no-cache=1461079547343 HTTP/1.1" 200 30
191.112.25.11 - - [19/Apr/2016:12:25:26 -0300] "POST /cormun/servlet/trautorizarsolicitud?3480654279e4687724ec209d7a9eb3f9,,gx-no-cache=1461079546841 HTTP/1.1" 200 6085
191.112.25.11 - - [19/Apr/2016:12:25:29 -0300] "POST /cormun/servlet/trautorizarsolicitud?3480654279e4687724ec209d7a9eb3f9,,gx-no-cache=1461079549882 HTTP/1.1" 200 6085
192.168.10.89 - - [19/Apr/2016:12:25:31 -0300] "POST /cormun/servlet/trsolicitudot?e04e3d166c140ba8b645ea7d8467cfd9,,gx-no-cache=1461079264816 HTTP/1.1" 200 5469
186.78.39.237 - - [19/Apr/2016:12:25:35 -0300] "POST /cormun/servlet/solicitudot?gx-no-cache=1461079559672 HTTP/1.1" 200 30
192.168.10.89 - - [19/Apr/2016:12:25:40 -0300] "POST /cormun/servlet/trsolicitudot?e04e3d166c140ba8b645ea7d8467cfd9,,gx-no-cache=1461079275048 HTTP/1.1" 200 105
192.168.10.89 - - [19/Apr/2016:12:25:40 -0300] "GET /cormun/servlet/solicitudot?DLT,2016,1437, HTTP/1.1" 200 8669
192.168.10.89 - - [19/Apr/2016:12:25:42 -0300] "GET /cormun/static/Shared/jqueryui/images/ui-icons_82798d_256x240.png HTTP/1.1" 404 1089
192.168.10.89 - - [19/Apr/2016:12:25:42 -0300] "GET /cormun/static/Shared/jqueryui/images/ui-bg_highlight-soft_100_c6c2c8_1x100.png HTTP/1.1" 404 1117
192.168.10.89 - - [19/Apr/2016:12:25:42 -0300] "GET /cormun/static/Shared/jqueryui/images/ui-bg_flat_55_fafafa_40x100.png HTTP/1.1" 404 1097
192.168.10.89 - - [19/Apr/2016:12:25:42 -0300] "GET /cormun/static/Shared/jqueryui/images/ui-icons_8d78a5_256x240.png HTTP/1.1" 404 1089
186.78.39.237 - - [19/Apr/2016:12:25:43 -0300] "POST /cormun/servlet/solicitudot?gx-no-cache=1461079567204 HTTP/1.1" 200 1182
186.78.39.237 - - [19/Apr/2016:12:25:43 -0300] "GET /cormun/servlet/solicitudot?d30be96dd9cdf9ca44a3752acd445fd7f95a3e2409f88a5ee63bb0f0fcf8b55b2b24b8fcf9c9a0987be06777b3e7685948b1a76edf58b7e2d3306bfb5e41266c0e366dfdea63c5f3d9ad7f86a43a5f8aa38a7a889113a327342f1cfd2a5b5b87002b3de1462f4a1935610bcc464901d03474bde2296cdaa611927a4f2cd75873148677abf17e9a49f6ec407d9381ef41f2cf6a61ede9fd1fffba3e6ab7e5458d,gx-no-cache=1461079568363 HTTP/1.1" 200 41
192.168.10.89 - - [19/Apr/2016:12:25:44 -0300] "POST /cormun/servlet/solicitudot?e04e3d166c140ba8b645ea7d8467cfd9,DLT,2016,1437,,gx-no-cache=1461079279308 HTTP/1.1" 200 93
192.168.10.89 - - [19/Apr/2016:12:25:44 -0300] "GET /cormun/servlet/hpexe_return? HTTP/1.1" 200 1009
192.168.10.89 - - [19/Apr/2016:12:25:46 -0300] "GET /cormun/servlet/trsolicitudot? HTTP/1.1" 200 7820
191.112.25.11 - - [19/Apr/2016:12:25:48 -0300] "POST /cormun/servlet/trautorizarsolicitud?3480654279e4687724ec209d7a9eb3f9,,gx-no-cache=1461079569536 HTTP/1.1" 200 6085
192.168.10.89 - - [19/Apr/2016:12:25:50 -0300] "POST /cormun/servlet/trsolicitudot?e04e3d166c140ba8b645ea7d8467cfd9,,gx-no-cache=1461079284841 HTTP/1.1" 200 105
192.168.10.89 - - [19/Apr/2016:12:25:50 -0300] "GET /cormun/servlet/solicitudot?UPD,2016,1200, HTTP/1.1" 200 12975
192.168.10.89 - - [19/Apr/2016:12:25:52 -0300] "POST /cormun/servlet/solicitudot?gx-no-cache=1461079287114 HTTP/1.1" 200 2782
192.168.10.89 - - [19/Apr/2016:12:25:52 -0300] "POST /cormun/servlet/solicitudot?e04e3d166c140ba8b645ea7d8467cfd9,UPD,2016,1200,,gx-no-cache=1461079287282 HTTP/1.1" 200 9215
192.168.10.89 - - [19/Apr/2016:12:25:53 -0300] "GET /cormun/servlet/solicitudot?c50a37614a69eb55d40d9a9932bc91e5811822edeb15a182a22bb3768f2c3d649024da0838d3f8998396229b4d502846,gx-no-cache=1461079287498 HTTP/1.1" 200 30
192.168.10.89 - - [19/Apr/2016:12:25:53 -0300] "POST /cormun/servlet/solicitudot?gx-no-cache=1461079287570 HTTP/1.1" 200 30
192.168.10.89 - - [19/Apr/2016:12:25:53 -0300] "POST /cormun/servlet/solicitudot?gx-no-cache=1461079287589 HTTP/1.1" 200 33
192.168.10.89 - - [19/Apr/2016:12:25:53 -0300] "POST /cormun/servlet/solicitudot?gx-no-cache=1461079287627 HTTP/1.1" 200 1182
192.168.10.89 - - [19/Apr/2016:12:25:53 -0300] "GET /cormun/servlet/solicitudot?c50a37614a69eb55d40d9a9932bc91e5afca29673bbe530f76c656200dbc8becc9d1ee00c016330b86da3cd8f8491ad442847b2fb70fa1c5766292cc29b7a1e12f0e4096c561457349d2f506bc42394df787c5acfa9366a1b60070f57612c49fe7b733122b592a9753ce1def638281a0068f44f1e9c86f02885d850f52619aa09cff883241e880e947b7e77ded2b5bbef8a3cf49653b856a0db95be18f345dc6,gx-no-cache=1461079287661 HTTP/1.1" 200 41
191.112.25.11 - - [19/Apr/2016:12:25:53 -0300] "POST /cormun/servlet/trautorizarsolicitud?3480654279e4687724ec209d7a9eb3f9,,gx-no-cache=1461079573809 HTTP/1.1" 200 6085
186.78.39.237 - - [19/Apr/2016:12:25:59 -0300] "POST /cormun/servlet/solicitudot?gx-no-cache=1461079584262 HTTP/1.1" 200 122
192.168.10.89 - - [19/Apr/2016:12:26:02 -0300] "POST /cormun/servlet/solicitudot?e04e3d166c140ba8b645ea7d8467cfd9,UPD,2016,1200,,gx-no-cache=1461079297394 HTTP/1.1" 200 93
192.168.10.89 - - [19/Apr/2016:12:26:02 -0300] "GET /cormun/servlet/hpexe_return? HTTP/1.1" 200 1009
192.168.10.89 - - [19/Apr/2016:12:26:04 -0300] "GET /cormun/servlet/trsolicitudot HTTP/1.1" 200 7820
186.78.39.237 - - [19/Apr/2016:12:26:09 -0300] "POST /cormun/servlet/solicitudot?gx-no-cache=1461079593785 HTTP/1.1" 200 30
192.168.10.89 - - [19/Apr/2016:12:26:12 -0300] "POST /cormun/servlet/trsolicitudot?e04e3d166c140ba8b645ea7d8467cfd9,gx-no-cache=1461079306773 HTTP/1.1" 200 105
192.168.10.89 - - [19/Apr/2016:12:26:12 -0300] "GET /cormun/servlet/solicitudot?DLT,2016,1200, HTTP/1.1" 200 8663
192.168.10.89 - - [19/Apr/2016:12:26:14 -0300] "GET /cormun/static/Shared/jqueryui/images/ui-bg_flat_55_fafafa_40x100.png HTTP/1.1" 404 1097
192.168.10.89 - - [19/Apr/2016:12:26:14 -0300] "GET /cormun/static/Shared/jqueryui/images/ui-bg_highlight-soft_100_c6c2c8_1x100.png HTTP/1.1" 404 1117
192.168.10.89 - - [19/Apr/2016:12:26:14 -0300] "GET /cormun/static/Shared/jqueryui/images/ui-icons_82798d_256x240.png HTTP/1.1" 404 1089
192.168.10.89 - - [19/Apr/2016:12:26:14 -0300] "GET /cormun/static/Shared/jqueryui/images/ui-icons_8d78a5_256x240.png HTTP/1.1" 404 1089
192.168.10.89 - - [19/Apr/2016:12:26:15 -0300] "POST /cormun/servlet/solicitudot?e04e3d166c140ba8b645ea7d8467cfd9,DLT,2016,1200,,gx-no-cache=1461079310153 HTTP/1.1" 200 93
192.168.10.89 - - [19/Apr/2016:12:26:15 -0300] "GET /cormun/servlet/hpexe_return? HTTP/1.1" 200 1009
192.168.10.89 - - [19/Apr/2016:12:26:17 -0300] "GET /cormun/servlet/trsolicitudot HTTP/1.1" 200 6513
192.168.10.89 - - [19/Apr/2016:12:26:20 -0300] "GET /cormun/servlet/solicitudot?INS,0,0, HTTP/1.1" 200 11712
192.168.10.89 - - [19/Apr/2016:12:26:22 -0300] "GET /cormun/servlet/prfichaempleado?,MD,,gxPopupLevel%3D0%3B HTTP/1.1" 200 7962
192.168.10.89 - - [19/Apr/2016:12:26:22 -0300] "GET /cormun/static/scaMessage/css/jquery-ui.css?104140 HTTP/1.1" 404 1045
191.112.25.11 - - [19/Apr/2016:12:26:23 -0300] "POST /cormun/servlet/trautorizarsolicitud?3480654279e4687724ec209d7a9eb3f9,,gx-no-cache=1461079603803 HTTP/1.1" 200 3694
192.168.10.89 - - [19/Apr/2016:12:26:29 -0300] "POST /cormun/servlet/prfichaempleado?e04e3d166c140ba8b645ea7d8467cfd9,,MD,,gxPopupLevel%3D0%3B,gx-no-cache=1461079324246 HTTP/1.1" 200 2759
192.168.10.89 - - [19/Apr/2016:12:26:33 -0300] "POST /cormun/servlet/solicitudot?gx-no-cache=1461079328002 HTTP/1.1" 200 2780
192.168.10.89 - - [19/Apr/2016:12:26:33 -0300] "POST /cormun/servlet/solicitudot?e04e3d166c140ba8b645ea7d8467cfd9,INS,0,0,,gx-no-cache=1461079328207 HTTP/1.1" 200 8505
192.168.10.89 - - [19/Apr/2016:12:26:35 -0300] "GET /cormun/servlet/solicitudot?c50a37614a69eb55d40d9a9932bc91e5811822edeb15a182a22bb3768f2c3d64bdb683e63780b01a7bc30c42573673bd,gx-no-cache=1461079330163 HTTP/1.1" 200 30
192.168.10.89 - - [19/Apr/2016:12:26:35 -0300] "POST /cormun/servlet/solicitudot?gx-no-cache=1461079330202 HTTP/1.1" 200 30
192.168.10.89 - - [19/Apr/2016:12:26:37 -0300] "POST /cormun/servlet/solicitudot?gx-no-cache=1461079331944 HTTP/1.1" 200 30
192.168.10.89 - - [19/Apr/2016:12:26:41 -0300] "POST /cormun/servlet/solicitudot?gx-no-cache=1461079336099 HTTP/1.1" 200 452
