191.112.114.98 - - [14/Apr/2016:13:05:58 -0300] "POST /cormun/servlet/trsolicitudot?82bdb35924cd128775eda6f217bdf158,,gx-no-cache=1460649991935 HTTP/1.1" 200 106
191.112.114.98 - - [14/Apr/2016:13:05:59 -0300] "GET /cormun/servlet/trsolicitudadjuntos?2016,1366, HTTP/1.1" 200 8048
191.112.114.98 - - [14/Apr/2016:13:06:00 -0300] "GET /cormun/servlet/trsolicitudadjuntos?2016,1366, HTTP/1.1" 200 8054
191.112.114.98 - - [14/Apr/2016:13:06:05 -0300] "GET /cormun/servlet/trsolicitudot? HTTP/1.1" 200 8073
191.112.114.98 - - [14/Apr/2016:13:06:05 -0300] "GET /cormun/servlet/trsolicitudot? HTTP/1.1" 200 8070
191.112.114.98 - - [14/Apr/2016:13:06:07 -0300] "POST /cormun/servlet/trsolicitudot?82bdb35924cd128775eda6f217bdf158,,gx-no-cache=1460650001151 HTTP/1.1" 200 5481
186.67.172.234 - - [14/Apr/2016:13:06:11 -0300] "GET /cormun/static/Resources/resize.gif HTTP/1.1" 200 77
186.67.172.234 - - [14/Apr/2016:13:06:11 -0300] "GET /cormun/servlet/prfichaempleado?,MD,,gxPopupLevel%3D0%3B HTTP/1.1" 200 7979
186.67.172.234 - - [14/Apr/2016:13:06:12 -0300] "GET /cormun/static/gxui/gxui-all.css?1917420 HTTP/1.1" 200 2179
186.67.172.234 - - [14/Apr/2016:13:06:12 -0300] "GET /cormun/static/scaMessage/css/jquery-ui.css?104140 HTTP/1.1" 404 1045
186.67.172.234 - - [14/Apr/2016:13:06:12 -0300] "GET /cormun/static/scaMessage/css/jquery.pnotify.default.css?1816380 HTTP/1.1" 200 1707
186.67.172.234 - - [14/Apr/2016:13:06:12 -0300] "GET /cormun/static/gxcfg.js?201511151625694 HTTP/1.1" 200 953
186.67.172.234 - - [14/Apr/2016:13:06:12 -0300] "GET /cormun/static/prfichaempleado.js?201511151625857 HTTP/1.1" 200 15035
186.67.172.234 - - [14/Apr/2016:13:06:12 -0300] "GET /cormun/static/menusearch.js?20163211930269 HTTP/1.1" 200 1424
186.67.172.234 - - [14/Apr/2016:13:06:12 -0300] "GET /cormun/static/hmpwkw01.js?201511211495945 HTTP/1.1" 200 2037
186.67.172.234 - - [14/Apr/2016:13:06:12 -0300] "GET /cormun/static/Resources/PXToolsMenuSearch.png HTTP/1.1" 200 2914
186.67.172.234 - - [14/Apr/2016:13:06:12 -0300] "GET /cormun/static/Resources/PXToolsMenuSearchCancel.png HTTP/1.1" 200 2972
186.67.172.234 - - [14/Apr/2016:13:06:12 -0300] "GET /cormun/static/Resources/PXToolsGridFirst.gif HTTP/1.1" 200 379
186.67.172.234 - - [14/Apr/2016:13:06:12 -0300] "GET /cormun/static/Resources/PXToolsGridPrevious.gif HTTP/1.1" 200 369
186.67.172.234 - - [14/Apr/2016:13:06:12 -0300] "GET /cormun/static/Resources/PXToolsGridNext.gif HTTP/1.1" 200 369
186.67.172.234 - - [14/Apr/2016:13:06:12 -0300] "GET /cormun/static/Resources/PXToolsGridLast.gif HTTP/1.1" 200 370
186.67.172.234 - - [14/Apr/2016:13:06:12 -0300] "GET /cormun/static/Resources/Spanish/PXTools.css?16184758 HTTP/1.1" 200 89042
186.67.172.234 - - [14/Apr/2016:13:06:12 -0300] "GET /cormun/static/Shared/jqueryui/jquery-ui.min-1.8.js HTTP/1.1" 200 213511
191.112.114.98 - - [14/Apr/2016:13:06:14 -0300] "GET /cormun/servlet/vesolicitudot?2016,1378,, HTTP/1.1" 200 7751
191.112.114.98 - - [14/Apr/2016:13:06:14 -0300] "GET /cormun/static/gxcfg.js?201631021474241 HTTP/1.1" 200 953
191.112.114.98 - - [14/Apr/2016:13:06:14 -0300] "GET /cormun/pexe_scrolldiv.js HTTP/1.1" 404 1009
191.112.114.98 - - [14/Apr/2016:13:06:14 -0300] "GET /cormun/static/hwcviewtabs.js?20151120014372 HTTP/1.1" 200 1074
191.112.114.98 - - [14/Apr/2016:13:06:14 -0300] "GET /cormun/static/hpexe_tabsview.js?20151120014350 HTTP/1.1" 200 1661
191.112.114.98 - - [14/Apr/2016:13:06:14 -0300] "GET /cormun/static/vesolicitudot.js?20163102147437 HTTP/1.1" 200 6091
191.112.114.98 - - [14/Apr/2016:13:06:14 -0300] "GET /cormun/static/Resources/PXToolsTabLastUnselected.png HTTP/1.1" 200 1291
191.112.114.98 - - [14/Apr/2016:13:06:14 -0300] "GET /cormun/static/Resources/PXToolsTabFirstSelected.png HTTP/1.1" 200 1259
191.112.114.98 - - [14/Apr/2016:13:06:14 -0300] "GET /cormun/static/Resources/PXToolsTabPrevious.gif HTTP/1.1" 200 172
191.112.114.98 - - [14/Apr/2016:13:06:14 -0300] "GET /cormun/static/Resources/PXToolsTabNext.gif HTTP/1.1" 200 168
191.112.114.98 - - [14/Apr/2016:13:06:14 -0300] "GET /cormun/static/tbsolicitudot01.js?20163102250452 HTTP/1.1" 200 28324
191.112.114.98 - - [14/Apr/2016:13:06:15 -0300] "GET /cormun/static/calendar-system.css HTTP/1.1" 200 5572
191.112.114.98 - - [14/Apr/2016:13:06:15 -0300] "GET /cormun/static/Resources/PXToolsTabBackSelected.png HTTP/1.1" 200 1157
191.112.114.98 - - [14/Apr/2016:13:06:15 -0300] "GET /cormun/static/Resources/PXToolsTabBackUnselected.png HTTP/1.1" 200 1175
191.112.114.98 - - [14/Apr/2016:13:06:15 -0300] "GET /cormun/static/Resources/PXToolsTabSelectedUnselected.png HTTP/1.1" 200 1428
191.112.114.98 - - [14/Apr/2016:13:06:15 -0300] "GET /cormun/static/Resources/PXToolsTabUnselectedUnselected.png HTTP/1.1" 200 1459
191.112.114.98 - - [14/Apr/2016:13:06:15 -0300] "GET /cormun/servlet/vesolicitudot?2016,1378,, HTTP/1.1" 200 7751
191.112.114.98 - - [14/Apr/2016:13:06:19 -0300] "POST /cormun/servlet/vesolicitudot?82bdb35924cd128775eda6f217bdf158,2016,1378,,,gx-no-cache=1460650012832 HTTP/1.1" 200 93
191.112.114.98 - - [14/Apr/2016:13:06:19 -0300] "GET /cormun/servlet/hpexe_return? HTTP/1.1" 200 1016
191.112.114.98 - - [14/Apr/2016:13:06:20 -0300] "GET /cormun/servlet/trsolicitudot? HTTP/1.1" 200 8074
191.112.114.98 - - [14/Apr/2016:13:06:20 -0300] "GET /cormun/servlet/trsolicitudot? HTTP/1.1" 200 8070
186.67.172.234 - - [14/Apr/2016:13:06:24 -0300] "POST /cormun/servlet/prfichaempleado?5e1edf4c4e58e4417353f22c0f6018ea,,MD,,gxPopupLevel%3D0%3B,gx-no-cache=1460653612439 HTTP/1.1" 200 4998
186.67.172.234 - - [14/Apr/2016:13:06:44 -0300] "POST /cormun/servlet/prfichaempleado?5e1edf4c4e58e4417353f22c0f6018ea,,MD,,gxPopupLevel%3D0%3B,gx-no-cache=1460653632368 HTTP/1.1" 200 2765
186.67.172.234 - - [14/Apr/2016:13:06:51 -0300] "POST /cormun/servlet/solicitudot?gx-no-cache=1460653640136 HTTP/1.1" 200 2770
186.67.172.234 - - [14/Apr/2016:13:06:52 -0300] "POST /cormun/servlet/solicitudot?5e1edf4c4e58e4417353f22c0f6018ea,INS,0,0,,gx-no-cache=1460653640259 HTTP/1.1" 200 8565
186.67.172.234 - - [14/Apr/2016:13:06:57 -0300] "GET /cormun/servlet/solicitudot?1d3d16a9d8032999422405fc6314bf2eb5a1d9fc85b985d5805cd7e0f1993a8b04744777306a1b1bc2e7b90f7a80a4ed,gx-no-cache=1460653645579 HTTP/1.1" 200 30
186.67.172.234 - - [14/Apr/2016:13:06:57 -0300] "POST /cormun/servlet/solicitudot?gx-no-cache=1460653645618 HTTP/1.1" 200 30
191.112.114.98 - - [14/Apr/2016:13:06:58 -0300] "POST /cormun/servlet/trsolicitudot?82bdb35924cd128775eda6f217bdf158,,gx-no-cache=1460650051942 HTTP/1.1" 200 5486
186.67.172.234 - - [14/Apr/2016:13:06:59 -0300] "POST /cormun/servlet/solicitudot?gx-no-cache=1460653647414 HTTP/1.1" 200 30
186.67.172.234 - - [14/Apr/2016:13:07:05 -0300] "POST /cormun/servlet/solicitudot?gx-no-cache=1460653654069 HTTP/1.1" 200 452
186.67.172.234 - - [14/Apr/2016:13:07:05 -0300] "GET /cormun/servlet/solicitudot?1d3d16a9d8032999422405fc6314bf2ef3f4137207b4081dce6cc7b4c71fc2e8df9e90a984b2c41af748d42e00a6e3d6ceed0bb348ac3c1c528edecdd76c4c03a9700d3afcb5979f90c6cd1db435ffbb5d431e03037302b43fbb70046725532b6f5b09f347088585f6c5491683e5d81d510617427ec978eebac184e9c298e0eacd9b54cc6d0c69f0a23fc7e664e9d4fd,gx-no-cache=1460653654123 HTTP/1.1" 200 38
191.112.114.98 - - [14/Apr/2016:13:07:11 -0300] "GET /cormun/servlet/treventos?2016,1378, HTTP/1.1" 200 5261
191.112.114.98 - - [14/Apr/2016:13:07:12 -0300] "GET /cormun/servlet/treventos?2016,1378, HTTP/1.1" 200 5261
191.112.114.98 - - [14/Apr/2016:13:07:15 -0300] "POST /cormun/servlet/treventos?82bdb35924cd128775eda6f217bdf158,2016,1378,,gx-no-cache=1460650068842 HTTP/1.1" 200 3173
191.112.114.98 - - [14/Apr/2016:13:07:17 -0300] "POST /cormun/servlet/treventos?82bdb35924cd128775eda6f217bdf158,2016,1378,,gx-no-cache=1460650070559 HTTP/1.1" 200 3173
186.67.172.234 - - [14/Apr/2016:13:07:17 -0300] "GET /cormun/servlet/solicitudot?1d3d16a9d8032999422405fc6314bf2ee6e1743acca9537624b300b8e51f5c20c6932d9b1dd1f796526f73b437b01132d93b187f71c44fe74d69aa8b8d19dc643c995fe04b99b5aa8a6e986b2b70e4eb5965f849cb1d64bb3cb0c6f75ec177c28116d673ce7a12e1c8cd3369fcdab6eaa31ade6335345410a5225baee34e21f89d2c45e01fbe9e6791ebb4f17aba800dc6292b486397e278253405efa1a9eb44264e7fb534821ac5d0640842ab8eb251abe5edc288053a226ec102361ebc1587660368db98458cf0e25b1f12ecc3a58f,gx-no-cache=1460653665981 HTTP/1.1" 200 29
186.67.172.234 - - [14/Apr/2016:13:07:17 -0300] "POST /cormun/servlet/solicitudot?gx-no-cache=1460653666014 HTTP/1.1" 200 404
191.112.114.98 - - [14/Apr/2016:13:07:20 -0300] "POST /cormun/servlet/acontrolpreferencessavestate?None,CD-12,true HTTP/1.1" 200 35
191.112.114.98 - - [14/Apr/2016:13:07:22 -0300] "GET /cormun/servlet/trsolicitudot? HTTP/1.1" 200 8051
191.112.114.98 - - [14/Apr/2016:13:07:22 -0300] "GET /cormun/servlet/trsolicitudot? HTTP/1.1" 200 8051
186.67.172.234 - - [14/Apr/2016:13:07:27 -0300] "GET /cormun/static/menuarrow.gif HTTP/1.1" 404 1015
191.112.114.98 - - [14/Apr/2016:13:07:34 -0300] "POST /cormun/servlet/trsolicitudot?82bdb35924cd128775eda6f217bdf158,,gx-no-cache=1460650087847 HTTP/1.1" 200 105
191.112.114.98 - - [14/Apr/2016:13:07:34 -0300] "GET /cormun/servlet/solicitudot?UPD,2016,1378, HTTP/1.1" 200 12955
191.112.114.98 - - [14/Apr/2016:13:07:35 -0300] "GET /cormun/servlet/solicitudot?UPD,2016,1378, HTTP/1.1" 200 12964
191.112.114.98 - - [14/Apr/2016:13:07:36 -0300] "POST /cormun/servlet/solicitudot?gx-no-cache=1460650089590 HTTP/1.1" 200 2784
191.112.114.98 - - [14/Apr/2016:13:07:36 -0300] "POST /cormun/servlet/solicitudot?82bdb35924cd128775eda6f217bdf158,UPD,2016,1378,,gx-no-cache=1460650089955 HTTP/1.1" 200 9208
191.112.114.98 - - [14/Apr/2016:13:07:36 -0300] "GET /cormun/servlet/solicitudot?0341b9b2fa666cf7bec9b24b417d511d251c8f8cfee16e6c8a8c7e2856e2ffe7600ff7d8755c2b04c4d88b9ad09d48be,gx-no-cache=1460650090489 HTTP/1.1" 200 30
191.112.114.98 - - [14/Apr/2016:13:07:37 -0300] "POST /cormun/servlet/solicitudot?gx-no-cache=1460650090661 HTTP/1.1" 200 30
191.112.114.98 - - [14/Apr/2016:13:07:37 -0300] "POST /cormun/servlet/solicitudot?gx-no-cache=1460650090821 HTTP/1.1" 200 30
191.112.114.98 - - [14/Apr/2016:13:07:37 -0300] "POST /cormun/servlet/solicitudot?gx-no-cache=1460650091022 HTTP/1.1" 200 1182
191.112.114.98 - - [14/Apr/2016:13:07:37 -0300] "GET /cormun/servlet/solicitudot?0341b9b2fa666cf7bec9b24b417d511d9cc930c35c4793060f0433940bec992b4515a20c2e7f9b22868b9cc9be6f88b7a6279ec6acbfa4a5f3a70a467bd1b1d8ecf6ad6c632f5e44e76737632c7917580b16a16fb3f4df790d94182a4a76c98581647ca66973ebc100d1fe298b908ab09a378fe557116db5213bcddbf535b5e08af7bf5435f3c9c91aebe85d265e3eda415ce69e6374d2d1047dc690a470c1f7,gx-no-cache=1460650091241 HTTP/1.1" 200 41
186.67.172.234 - - [14/Apr/2016:13:07:39 -0300] "GET /cormun/servlet/solicitudot?1d3d16a9d8032999422405fc6314bf2e5fa818fb33cdb0842e862c56a979fa9a31582c46bd70265e79a7fa70db6b073b5ab470d1355d5b75a327e50ed0eac5c1a29c59ad7cad458c2512de1362a9987eb8965291b6c2cf7977a363a907b61d9fafaf1184b6f9a10708e1249ca098df92acd166e30dc054ed954fc864a235a08f1d159f810515d9e5e41a3e265ab5e8d4d512bfafa17fae5029d8d436439a853cdc2fe7c4f5e7a7ba9d3cdad17ed1d285,gx-no-cache=1460653687861 HTTP/1.1" 200 30
191.112.114.98 - - [14/Apr/2016:13:07:40 -0300] "GET /cormun/servlet/solicitudot?0341b9b2fa666cf7bec9b24b417d511d17b266325c24fd6b242a8de4d890ad2d23b306230da2b9f9ae94d08bcef2ce7d03e78e080c06532c48c6ccaba151503cbb1598f9ffa741366720a20791d3a813ad54822418eb0a3173bd642d98adfa02104a4882bd020b3cfcd95294bc1ddccb,gx-no-cache=1460650094046 HTTP/1.1" 200 29
191.112.114.98 - - [14/Apr/2016:13:07:40 -0300] "POST /cormun/servlet/solicitudot?gx-no-cache=1460650094193 HTTP/1.1" 200 1144
191.112.114.98 - - [14/Apr/2016:13:07:40 -0300] "GET /cormun/servlet/solicitudot?0341b9b2fa666cf7bec9b24b417d511d7e6e8b56c623012918e93bf1de9b35aed18f2552fd403488944e677c200ab91d4677aacde32e4c0e7f9b6e0c94cb5c073dc12257bf1ad57e75860819b1b52b380ebd58324dfa42a54888a30fa2a1e09df674e5c07f8f6a5b08065f78be29a7d0ed8d2dbfe7cd90236c9ae9742433e3d728cdd5883682dacc7ebde4503e38f9d4966243183b9e750fdedf2e7408869a9b9412e4628af35788b85293e07e752ec0,gx-no-cache=1460650094379 HTTP/1.1" 200 30
191.112.114.98 - - [14/Apr/2016:13:07:41 -0300] "POST /cormun/servlet/solicitudot?82bdb35924cd128775eda6f217bdf158,UPD,2016,1378,,gx-no-cache=1460650094553 HTTP/1.1" 200 93
191.112.114.98 - - [14/Apr/2016:13:07:41 -0300] "GET /cormun/servlet/hpexe_return? HTTP/1.1" 200 1017
191.112.114.98 - - [14/Apr/2016:13:07:41 -0300] "GET /cormun/servlet/trsolicitudot HTTP/1.1" 200 8055
191.112.114.98 - - [14/Apr/2016:13:07:42 -0300] "GET /cormun/servlet/trsolicitudot HTTP/1.1" 200 8051
191.112.114.98 - - [14/Apr/2016:13:07:44 -0300] "POST /cormun/servlet/trsolicitudot?82bdb35924cd128775eda6f217bdf158,gx-no-cache=1460650097922 HTTP/1.1" 200 5485
186.67.172.234 - - [14/Apr/2016:13:07:58 -0300] "GET /cormun/servlet/solicitudot?1d3d16a9d8032999422405fc6314bf2e5fa818fb33cdb0842e862c56a979fa9a31582c46bd70265e79a7fa70db6b073b5ab470d1355d5b75a327e50ed0eac5c1a29c59ad7cad458c2512de1362a9987eb8965291b6c2cf7977a363a907b61d9fafaf1184b6f9a10708e1249ca098df92acd166e30dc054ed954fc864a235a08f1d159f810515d9e5e41a3e265ab5e8d4d512bfafa17fae5029d8d436439a853cdc2fe7c4f5e7a7ba9d3cdad17ed1d285,gx-no-cache=1460653706489 HTTP/1.1" 200 30
186.67.172.234 - - [14/Apr/2016:13:07:58 -0300] "POST /cormun/servlet/solicitudot?5e1edf4c4e58e4417353f22c0f6018ea,INS,0,0,,gx-no-cache=1460653706531 HTTP/1.1" 200 93
186.67.172.234 - - [14/Apr/2016:13:07:58 -0300] "GET /cormun/servlet/hpexe_return? HTTP/1.1" 200 1006
186.67.172.234 - - [14/Apr/2016:13:07:58 -0300] "GET /cormun/static/gxcfg.js?2015111312145050 HTTP/1.1" 200 953
186.67.172.234 - - [14/Apr/2016:13:07:58 -0300] "GET /cormun/static/hpexe_return.js?2015111312145056 HTTP/1.1" 200 1633
186.67.172.234 - - [14/Apr/2016:13:07:58 -0300] "GET /cormun/static/Resources/Spanish/PXTools.css?12112540 HTTP/1.1" 200 89042
186.67.172.234 - - [14/Apr/2016:13:07:58 -0300] "GET /cormun/servlet/trsolicitudot HTTP/1.1" 200 7836
186.67.172.234 - - [14/Apr/2016:13:07:59 -0300] "GET /cormun//static/Resources/PXToolsActionView.png HTTP/1.1" 200 2995
186.67.172.234 - - [14/Apr/2016:13:07:59 -0300] "GET /cormun//static/Resources/PXToolsGridUpdate.png HTTP/1.1" 200 2984
186.67.172.234 - - [14/Apr/2016:13:07:59 -0300] "GET /cormun//static/Resources/PXToolsGridDelete.png HTTP/1.1" 200 357
186.67.172.234 - - [14/Apr/2016:13:07:59 -0300] "GET /cormun//static/Resources/PXToolsRemoveAllAction.png HTTP/1.1" 200 3558
186.67.172.234 - - [14/Apr/2016:13:07:59 -0300] "GET /cormun//static/Resources/PXTools/ActionInsert.png HTTP/1.1" 200 1482
186.67.172.234 - - [14/Apr/2016:13:07:59 -0300] "GET /cormun/servlet/trsolicitudot HTTP/1.1" 200 7832
186.67.172.234 - - [14/Apr/2016:13:08:05 -0300] "GET /cormun/servlet/trsolicitudot? HTTP/1.1" 200 7832
186.67.172.234 - - [14/Apr/2016:13:08:05 -0300] "GET /cormun/servlet/trsolicitudot? HTTP/1.1" 200 7832
186.67.172.234 - - [14/Apr/2016:13:08:34 -0300] "POST /cormun/servlet/trsolicitudot?5e1edf4c4e58e4417353f22c0f6018ea,,gx-no-cache=1460653742951 HTTP/1.1" 200 3838
186.67.172.234 - - [14/Apr/2016:13:08:34 -0300] "GET /cormun/static/Shared/jqueryui/images/ui-bg_flat_55_fafafa_40x100.png HTTP/1.1" 404 1097
186.67.172.234 - - [14/Apr/2016:13:08:34 -0300] "GET /cormun/static/Shared/jqueryui/images/ui-icons_8d78a5_256x240.png HTTP/1.1" 404 1089
186.67.172.234 - - [14/Apr/2016:13:08:34 -0300] "POST /cormun/servlet/trsolicitudot?5e1edf4c4e58e4417353f22c0f6018ea,,gx-no-cache=1460653743159 HTTP/1.1" 200 3695
186.67.172.234 - - [14/Apr/2016:13:08:40 -0300] "GET /cormun/servlet/trautorizarsolicitud? HTTP/1.1" 200 7766
186.67.172.234 - - [14/Apr/2016:13:08:40 -0300] "GET /cormun/static/gxui/gxui-all.css?110300 HTTP/1.1" 200 2179
186.67.172.234 - - [14/Apr/2016:13:08:40 -0300] "GET /cormun/static/gxcfg.js?201632119361219 HTTP/1.1" 200 953
186.67.172.234 - - [14/Apr/2016:13:08:40 -0300] "GET /cormun/static/trautorizarsolicitud.js?20163211936186 HTTP/1.1" 200 44547
186.67.172.234 - - [14/Apr/2016:13:08:40 -0300] "GET /cormun/static/Resources/Spanish/PXTools.css?19284387 HTTP/1.1" 200 89042
186.67.172.234 - - [14/Apr/2016:13:08:41 -0300] "GET /cormun/static/Shared/ext/resources/css/ext-all.css?205870 HTTP/1.1" 200 416045
186.67.172.234 - - [14/Apr/2016:13:08:41 -0300] "GET /cormun/servlet/trautorizarsolicitud? HTTP/1.1" 200 7766
186.67.172.234 - - [14/Apr/2016:13:08:53 -0300] "POST /cormun/servlet/trautorizarsolicitud?5e1edf4c4e58e4417353f22c0f6018ea,,gx-no-cache=1460653762014 HTTP/1.1" 200 3812
186.67.172.234 - - [14/Apr/2016:13:08:53 -0300] "POST /cormun/servlet/trautorizarsolicitud?5e1edf4c4e58e4417353f22c0f6018ea,,gx-no-cache=1460653762176 HTTP/1.1" 200 3673
186.67.172.234 - - [14/Apr/2016:13:08:57 -0300] "GET /cormun/servlet/trsolicitudot? HTTP/1.1" 200 6532
186.67.172.234 - - [14/Apr/2016:13:08:58 -0300] "GET /cormun/servlet/trsolicitudot? HTTP/1.1" 200 6530
191.112.114.98 - - [14/Apr/2016:13:09:01 -0300] "POST /cormun/servlet/trsolicitudot?82bdb35924cd128775eda6f217bdf158,gx-no-cache=1460650174369 HTTP/1.1" 200 5485
191.112.114.98 - - [14/Apr/2016:13:09:20 -0300] "POST /cormun/servlet/trsolicitudot?82bdb35924cd128775eda6f217bdf158,gx-no-cache=1460650194167 HTTP/1.1" 200 5484
186.67.172.234 - - [14/Apr/2016:13:10:28 -0300] "GET /cormun/servlet/trsolicitudot? HTTP/1.1" 200 6530
186.67.172.234 - - [14/Apr/2016:13:10:29 -0300] "GET /cormun/servlet/trsolicitudot? HTTP/1.1" 200 6530
186.67.172.234 - - [14/Apr/2016:13:10:31 -0300] "GET /cormun/servlet/solicitudot?INS,0,0, HTTP/1.1" 200 11733
186.67.172.234 - - [14/Apr/2016:13:10:32 -0300] "GET /cormun/servlet/solicitudot?INS,0,0, HTTP/1.1" 200 11738
186.67.172.234 - - [14/Apr/2016:13:10:55 -0300] "POST /cormun/servlet/solicitudot?gx-no-cache=1460653884166 HTTP/1.1" 200 2769
186.67.172.234 - - [14/Apr/2016:13:10:56 -0300] "POST /cormun/servlet/solicitudot?5e1edf4c4e58e4417353f22c0f6018ea,INS,0,0,,gx-no-cache=1460653884316 HTTP/1.1" 200 8491
186.67.172.234 - - [14/Apr/2016:13:11:02 -0300] "GET /cormun/servlet/solicitudot?1d3d16a9d8032999422405fc6314bf2e371040e1c434a92f0aa6108320eb6a3d04744777306a1b1bc2e7b90f7a80a4ed,gx-no-cache=1460653890354 HTTP/1.1" 200 30
186.67.172.234 - - [14/Apr/2016:13:11:02 -0300] "POST /cormun/servlet/solicitudot?gx-no-cache=1460653890400 HTTP/1.1" 200 30
186.67.172.234 - - [14/Apr/2016:13:11:06 -0300] "POST /cormun/servlet/solicitudot?gx-no-cache=1460653895170 HTTP/1.1" 200 30
186.67.172.234 - - [14/Apr/2016:13:11:13 -0300] "POST /cormun/servlet/solicitudot?gx-no-cache=1460653901549 HTTP/1.1" 200 30
186.67.172.234 - - [14/Apr/2016:13:11:18 -0300] "POST /cormun/servlet/solicitudot?gx-no-cache=1460653906928 HTTP/1.1" 200 1186
186.67.172.234 - - [14/Apr/2016:13:11:18 -0300] "GET /cormun/servlet/solicitudot?1d3d16a9d8032999422405fc6314bf2ef3f4137207b4081dce6cc7b4c71fc2e8df9e90a984b2c41af748d42e00a6e3d6ceed0bb348ac3c1c528edecdd76c4c03a9700d3afcb5979f90c6cd1db435ffbb5d431e03037302b43fbb70046725532b6f5b09f347088585f6c5491683e5d81d510617427ec978eebac184e9c298e0eacd9b54cc6d0c69f0a23fc7e664e9d4fd,gx-no-cache=1460653906975 HTTP/1.1" 200 38
186.67.172.234 - - [14/Apr/2016:13:11:21 -0300] "GET /cormun/servlet/solicitudot?1d3d16a9d8032999422405fc6314bf2ee6e1743acca9537624b300b8e51f5c20c6932d9b1dd1f796526f73b437b01132d93b187f71c44fe74d69aa8b8d19dc641fec875cfa14d4214dc73ad91d90a48b21a6261c5a893afa993648351709d5d50e2dd7e991efd7a8de724a747debb3e1,gx-no-cache=1460653910251 HTTP/1.1" 200 29
186.67.172.234 - - [14/Apr/2016:13:11:21 -0300] "POST /cormun/servlet/solicitudot?gx-no-cache=1460653910266 HTTP/1.1" 200 1144
186.67.172.234 - - [14/Apr/2016:13:11:31 -0300] "GET /cormun/servlet/solicitudot?1d3d16a9d8032999422405fc6314bf2eefdce690ad7595c00628c27e49447a9d41e9fb0d3958930e7cda02ec3823da6d5ab470d1355d5b75a327e50ed0eac5c1a29c59ad7cad458c2512de1362a9987eb8965291b6c2cf7977a363a907b61d9fafaf1184b6f9a10708e1249ca098df92acd166e30dc054ed954fc864a235a08f1d159f810515d9e5e41a3e265ab5e8d4d512bfafa17fae5029d8d436439a853cdc2fe7c4f5e7a7ba9d3cdad17ed1d285,gx-no-cache=1460653919446 HTTP/1.1" 200 30
186.67.172.234 - - [14/Apr/2016:13:12:02 -0300] "GET /cormun/servlet/solicitudot?1d3d16a9d8032999422405fc6314bf2eefdce690ad7595c00628c27e49447a9d41e9fb0d3958930e7cda02ec3823da6d5ab470d1355d5b75a327e50ed0eac5c1a29c59ad7cad458c2512de1362a9987eb8965291b6c2cf7977a363a907b61d9fafaf1184b6f9a10708e1249ca098df92acd166e30dc054ed954fc864a235a08f1d159f810515d9e5e41a3e265ab5e8d4d512bfafa17fae5029d8d436439a853cdc2fe7c4f5e7a7ba9d3cdad17ed1d285,gx-no-cache=1460653950492 HTTP/1.1" 200 30
186.67.172.234 - - [14/Apr/2016:13:12:02 -0300] "POST /cormun/servlet/solicitudot?5e1edf4c4e58e4417353f22c0f6018ea,INS,0,0,,gx-no-cache=1460653950537 HTTP/1.1" 200 93
186.67.172.234 - - [14/Apr/2016:13:12:02 -0300] "GET /cormun/servlet/hpexe_return? HTTP/1.1" 200 1006
186.67.172.234 - - [14/Apr/2016:13:12:02 -0300] "GET /cormun/servlet/trsolicitudot HTTP/1.1" 200 7801
186.67.172.234 - - [14/Apr/2016:13:12:02 -0300] "GET /cormun/servlet/trsolicitudot HTTP/1.1" 200 7797
191.112.114.98 - - [14/Apr/2016:13:12:11 -0300] "POST /cormun/servlet/trsolicitudot?82bdb35924cd128775eda6f217bdf158,gx-no-cache=1460650364513 HTTP/1.1" 200 5485
186.67.172.234 - - [14/Apr/2016:13:12:12 -0300] "POST /cormun/servlet/trsolicitudot?5e1edf4c4e58e4417353f22c0f6018ea,gx-no-cache=1460653961106 HTTP/1.1" 200 3842
186.67.172.234 - - [14/Apr/2016:13:12:13 -0300] "POST /cormun/servlet/trsolicitudot?5e1edf4c4e58e4417353f22c0f6018ea,gx-no-cache=1460653961308 HTTP/1.1" 200 3696
186.67.172.234 - - [14/Apr/2016:13:12:17 -0300] "GET /cormun/servlet/trautorizarsolicitud? HTTP/1.1" 200 7737
186.67.172.234 - - [14/Apr/2016:13:12:18 -0300] "GET /cormun/servlet/trautorizarsolicitud? HTTP/1.1" 200 7737
186.67.172.234 - - [14/Apr/2016:13:12:23 -0300] "POST /cormun/servlet/trautorizarsolicitud?5e1edf4c4e58e4417353f22c0f6018ea,,gx-no-cache=1460653971647 HTTP/1.1" 200 3814
186.67.172.234 - - [14/Apr/2016:13:12:23 -0300] "POST /cormun/servlet/trautorizarsolicitud?5e1edf4c4e58e4417353f22c0f6018ea,,gx-no-cache=1460653971819 HTTP/1.1" 200 3674
186.67.172.234 - - [14/Apr/2016:13:12:27 -0300] "GET /cormun/servlet/trsolicitudot? HTTP/1.1" 200 6532
186.67.172.234 - - [14/Apr/2016:13:12:27 -0300] "GET /cormun/servlet/trsolicitudot? HTTP/1.1" 200 6530
191.112.114.98 - - [14/Apr/2016:13:12:33 -0300] "POST /cormun/servlet/trsolicitudot?82bdb35924cd128775eda6f217bdf158,gx-no-cache=1460650386903 HTTP/1.1" 200 106
186.67.172.234 - - [14/Apr/2016:13:12:34 -0300] "GET /cormun/servlet/solicitudot?INS,0,0, HTTP/1.1" 200 11734
191.112.114.98 - - [14/Apr/2016:13:12:34 -0300] "GET /cormun/servlet/trsolicitudadjuntos?2016,1366, HTTP/1.1" 200 8032
186.67.172.234 - - [14/Apr/2016:13:12:34 -0300] "GET /cormun/servlet/solicitudot?INS,0,0, HTTP/1.1" 200 11739
191.112.114.98 - - [14/Apr/2016:13:12:35 -0300] "GET /cormun/servlet/trsolicitudadjuntos?2016,1366, HTTP/1.1" 200 8033
191.112.114.98 - - [14/Apr/2016:13:12:40 -0300] "GET /cormun/servlet/trsolicitudot HTTP/1.1" 200 8055
191.112.114.98 - - [14/Apr/2016:13:12:41 -0300] "GET /cormun/servlet/trsolicitudot HTTP/1.1" 200 8051
191.112.114.98 - - [14/Apr/2016:13:12:43 -0300] "POST /cormun/servlet/trsolicitudot?82bdb35924cd128775eda6f217bdf158,gx-no-cache=1460650397002 HTTP/1.1" 200 5485
186.67.172.234 - - [14/Apr/2016:13:12:49 -0300] "POST /cormun/servlet/solicitudot?gx-no-cache=1460653997474 HTTP/1.1" 200 2668
186.67.172.234 - - [14/Apr/2016:13:12:49 -0300] "POST /cormun/servlet/solicitudot?5e1edf4c4e58e4417353f22c0f6018ea,INS,0,0,,gx-no-cache=1460653997599 HTTP/1.1" 200 8380
186.67.172.234 - - [14/Apr/2016:13:13:08 -0300] "POST /cormun/servlet/solicitudot?gx-no-cache=1460654016571 HTTP/1.1" 200 2772
186.67.172.234 - - [14/Apr/2016:13:13:08 -0300] "POST /cormun/servlet/solicitudot?5e1edf4c4e58e4417353f22c0f6018ea,INS,0,0,,gx-no-cache=1460654016691 HTTP/1.1" 200 8549
186.67.172.234 - - [14/Apr/2016:13:13:14 -0300] "GET /cormun/servlet/solicitudot?1d3d16a9d8032999422405fc6314bf2e088efa8bdc21dc5d88edb7a5890bebab04744777306a1b1bc2e7b90f7a80a4ed,gx-no-cache=1460654022584 HTTP/1.1" 200 30
186.67.172.234 - - [14/Apr/2016:13:13:14 -0300] "POST /cormun/servlet/solicitudot?gx-no-cache=1460654022629 HTTP/1.1" 200 30
186.67.172.234 - - [14/Apr/2016:13:13:19 -0300] "POST /cormun/servlet/solicitudot?gx-no-cache=1460654028244 HTTP/1.1" 200 30
186.67.172.234 - - [14/Apr/2016:13:13:28 -0300] "POST /cormun/servlet/solicitudot?gx-no-cache=1460654037021 HTTP/1.1" 200 1186
186.67.172.234 - - [14/Apr/2016:13:13:28 -0300] "GET /cormun/servlet/solicitudot?1d3d16a9d8032999422405fc6314bf2ef3f4137207b4081dce6cc7b4c71fc2e8df9e90a984b2c41af748d42e00a6e3d6ceed0bb348ac3c1c528edecdd76c4c03a9700d3afcb5979f90c6cd1db435ffbb5d431e03037302b43fbb70046725532b6f5b09f347088585f6c5491683e5d81d510617427ec978eebac184e9c298e0eacd9b54cc6d0c69f0a23fc7e664e9d4fd,gx-no-cache=1460654037066 HTTP/1.1" 200 38
186.67.172.234 - - [14/Apr/2016:13:13:28 -0300] "GET /cormun/servlet/solicitudot?1d3d16a9d8032999422405fc6314bf2ee6e1743acca9537624b300b8e51f5c20c6932d9b1dd1f796526f73b437b01132d93b187f71c44fe74d69aa8b8d19dc641fec875cfa14d4214dc73ad91d90a48b21a6261c5a893afa993648351709d5d50e2dd7e991efd7a8de724a747debb3e1,gx-no-cache=1460654037081 HTTP/1.1" 200 29
186.67.172.234 - - [14/Apr/2016:13:13:33 -0300] "POST /cormun/servlet/solicitudot?gx-no-cache=1460654041741 HTTP/1.1" 200 1144
186.67.172.234 - - [14/Apr/2016:13:13:45 -0300] "GET /cormun/servlet/solicitudot?1d3d16a9d8032999422405fc6314bf2ef78de01cee9d6ae11f20996ac69be7a141e9fb0d3958930e7cda02ec3823da6d5ab470d1355d5b75a327e50ed0eac5c1a29c59ad7cad458c2512de1362a9987eb8965291b6c2cf7977a363a907b61d9fafaf1184b6f9a10708e1249ca098df92acd166e30dc054ed954fc864a235a08f1d159f810515d9e5e41a3e265ab5e8d4d512bfafa17fae5029d8d436439a853cdc2fe7c4f5e7a7ba9d3cdad17ed1d285,gx-no-cache=1460654053530 HTTP/1.1" 200 30
186.67.172.234 - - [14/Apr/2016:13:13:45 -0300] "POST /cormun/servlet/solicitudot?5e1edf4c4e58e4417353f22c0f6018ea,INS,0,0,,gx-no-cache=1460654053574 HTTP/1.1" 200 9502
191.112.114.98 - - [14/Apr/2016:13:13:58 -0300] "GET /cormun/servlet/vesolicitudot?2016,1378,, HTTP/1.1" 200 7731
191.112.114.98 - - [14/Apr/2016:13:13:58 -0300] "GET /cormun/pexe_scrolldiv.js HTTP/1.1" 404 1009
191.112.114.98 - - [14/Apr/2016:13:13:59 -0300] "GET /cormun/servlet/vesolicitudot?2016,1378,, HTTP/1.1" 200 7731
191.112.114.98 - - [14/Apr/2016:13:14:01 -0300] "GET /cormun/servlet/vesolicitudot?2016,1378,,SolicitudOTAdjuntos HTTP/1.1" 200 6814
191.112.114.98 - - [14/Apr/2016:13:14:01 -0300] "GET /cormun/pexe_scrolldiv.js HTTP/1.1" 404 1009
191.112.114.98 - - [14/Apr/2016:13:14:01 -0300] "GET /cormun/static/tbsolicitudot02.js?201631022375715 HTTP/1.1" 200 15617
191.112.114.98 - - [14/Apr/2016:13:14:02 -0300] "GET /cormun/static/gxui/gxui-all.css HTTP/1.1" 200 2179
191.112.114.98 - - [14/Apr/2016:13:14:02 -0300] "GET /cormun/static/Resources/PXToolsTabFirstUnselected.png HTTP/1.1" 200 1264
191.112.114.98 - - [14/Apr/2016:13:14:02 -0300] "GET /cormun/static/Resources/PXToolsTabUnselectedSelected.png HTTP/1.1" 200 1444
191.112.114.98 - - [14/Apr/2016:13:14:02 -0300] "GET /cormun/servlet/vesolicitudot?2016,1378,,SolicitudOTAdjuntos HTTP/1.1" 200 6814
191.112.114.98 - - [14/Apr/2016:13:14:03 -0300] "POST /cormun/servlet/acontrolpreferencessavestate?None,CD-12,true HTTP/1.1" 200 35
191.112.114.98 - - [14/Apr/2016:13:14:05 -0300] "GET /cormun/static/Shared/ext/resources/css/ext-all.css HTTP/1.1" 200 416045
186.67.172.234 - - [14/Apr/2016:13:14:12 -0300] "POST /cormun/servlet/solicitudot?gx-no-cache=1460654080423 HTTP/1.1" 200 30
191.112.114.98 - - [14/Apr/2016:13:14:12 -0300] "GET /cormun/servlet/vesolicitudot?2016,1378,,General HTTP/1.1" 200 7737
191.112.114.98 - - [14/Apr/2016:13:14:12 -0300] "GET /cormun/pexe_scrolldiv.js HTTP/1.1" 404 1009
191.112.114.98 - - [14/Apr/2016:13:14:13 -0300] "GET /cormun/servlet/vesolicitudot?2016,1378,,General HTTP/1.1" 200 7737
186.67.172.234 - - [14/Apr/2016:13:14:14 -0300] "POST /cormun/servlet/solicitudot?gx-no-cache=1460654082279 HTTP/1.1" 200 1186
186.67.172.234 - - [14/Apr/2016:13:14:14 -0300] "GET /cormun/servlet/solicitudot?1d3d16a9d8032999422405fc6314bf2ef3f4137207b4081dce6cc7b4c71fc2e8df9e90a984b2c41af748d42e00a6e3d6ceed0bb348ac3c1c528edecdd76c4c03a9700d3afcb5979f90c6cd1db435ffbb5d431e03037302b43fbb70046725532b6f5b09f347088585f6c5491683e5d81d510617427ec978eebac184e9c298e0eab2138ec21fc76976eed0cf85e380dc036857660d215646ad958bf13b8f72ac6f,gx-no-cache=1460654082338 HTTP/1.1" 200 41
186.67.172.234 - - [14/Apr/2016:13:14:14 -0300] "POST /cormun/servlet/solicitudot?gx-no-cache=1460654082359 HTTP/1.1" 200 1144
186.67.172.234 - - [14/Apr/2016:13:14:14 -0300] "GET /cormun/servlet/solicitudot?1d3d16a9d8032999422405fc6314bf2ef78de01cee9d6ae11f20996ac69be7a141e9fb0d3958930e7cda02ec3823da6d5ab470d1355d5b75a327e50ed0eac5c1a29c59ad7cad458c2512de1362a9987eb8965291b6c2cf7977a363a907b61d9fafaf1184b6f9a10708e1249ca098df92acd166e30dc054ed954fc864a235a08f1d159f810515d9e5e41a3e265ab5e8d4d512bfafa17fae5029d8d436439a853cdc2fe7c4f5e7a7ba9d3cdad17ed1d285,gx-no-cache=1460654082393 HTTP/1.1" 200 30
186.67.172.234 - - [14/Apr/2016:13:14:14 -0300] "POST /cormun/servlet/solicitudot?5e1edf4c4e58e4417353f22c0f6018ea,INS,0,0,,gx-no-cache=1460654082415 HTTP/1.1" 200 93
186.67.172.234 - - [14/Apr/2016:13:14:14 -0300] "GET /cormun/servlet/hpexe_return? HTTP/1.1" 200 1006
186.67.172.234 - - [14/Apr/2016:13:14:14 -0300] "GET /cormun/servlet/trsolicitudot HTTP/1.1" 200 7813
186.67.172.234 - - [14/Apr/2016:13:14:14 -0300] "GET /cormun/servlet/trsolicitudot HTTP/1.1" 200 7809
191.112.114.98 - - [14/Apr/2016:13:14:38 -0300] "POST /cormun/servlet/vesolicitudot?82bdb35924cd128775eda6f217bdf158,2016,1378,,General,gx-no-cache=1460650512151 HTTP/1.1" 200 93
191.112.114.98 - - [14/Apr/2016:13:14:39 -0300] "GET /cormun/servlet/hpexe_return? HTTP/1.1" 200 1041
191.112.114.98 - - [14/Apr/2016:13:14:39 -0300] "GET /cormun/servlet/trsolicitudot?gx-no-cache=1460650397002 HTTP/1.1" 200 8055
191.112.114.98 - - [14/Apr/2016:13:14:40 -0300] "GET /cormun/servlet/trsolicitudot?gx-no-cache=1460650397002 HTTP/1.1" 200 8072
191.112.114.98 - - [14/Apr/2016:13:14:43 -0300] "POST /cormun/servlet/trsolicitudot?82bdb35924cd128775eda6f217bdf158,gx-no-cache=1460650397002,gx-no-cache=1460650516467 HTTP/1.1" 200 5485
186.67.172.234 - - [14/Apr/2016:13:14:46 -0300] "GET /cormun/servlet/trsolicitudot? HTTP/1.1" 200 7809
186.67.172.234 - - [14/Apr/2016:13:14:46 -0300] "GET /cormun/servlet/trsolicitudot? HTTP/1.1" 200 7809
186.67.172.234 - - [14/Apr/2016:13:14:56 -0300] "POST /cormun/servlet/trsolicitudot?5e1edf4c4e58e4417353f22c0f6018ea,,gx-no-cache=1460654125247 HTTP/1.1" 200 105
186.67.172.234 - - [14/Apr/2016:13:14:57 -0300] "GET /cormun/servlet/solicitudot?DLT,2016,1382, HTTP/1.1" 200 8683
186.67.172.234 - - [14/Apr/2016:13:14:58 -0300] "GET /cormun/servlet/solicitudot?DLT,2016,1382, HTTP/1.1" 200 8694
191.112.114.98 - - [14/Apr/2016:13:15:13 -0300] "POST /cormun/servlet/trsolicitudot?82bdb35924cd128775eda6f217bdf158,gx-no-cache=1460650397002,gx-no-cache=1460650546504 HTTP/1.1" 200 105
191.112.114.98 - - [14/Apr/2016:13:15:13 -0300] "GET /cormun/servlet/solicitudot?UPD,2016,1378, HTTP/1.1" 200 12977
191.112.114.98 - - [14/Apr/2016:13:15:14 -0300] "GET /cormun/servlet/solicitudot?UPD,2016,1378, HTTP/1.1" 200 12964
191.112.114.98 - - [14/Apr/2016:13:15:15 -0300] "POST /cormun/servlet/solicitudot?gx-no-cache=1460650548843 HTTP/1.1" 200 2784
191.112.114.98 - - [14/Apr/2016:13:15:16 -0300] "POST /cormun/servlet/solicitudot?82bdb35924cd128775eda6f217bdf158,UPD,2016,1378,,gx-no-cache=1460650549498 HTTP/1.1" 200 9231
191.112.114.98 - - [14/Apr/2016:13:15:16 -0300] "GET /cormun/servlet/solicitudot?0341b9b2fa666cf7bec9b24b417d511d251c8f8cfee16e6c8a8c7e2856e2ffe7600ff7d8755c2b04c4d88b9ad09d48be,gx-no-cache=1460650550165 HTTP/1.1" 200 30
191.112.114.98 - - [14/Apr/2016:13:15:16 -0300] "POST /cormun/servlet/solicitudot?gx-no-cache=1460650550321 HTTP/1.1" 200 30
191.112.114.98 - - [14/Apr/2016:13:15:16 -0300] "POST /cormun/servlet/solicitudot?gx-no-cache=1460650550534 HTTP/1.1" 200 30
191.112.114.98 - - [14/Apr/2016:13:15:17 -0300] "POST /cormun/servlet/solicitudot?gx-no-cache=1460650550718 HTTP/1.1" 200 1182
191.112.114.98 - - [14/Apr/2016:13:15:17 -0300] "GET /cormun/servlet/solicitudot?0341b9b2fa666cf7bec9b24b417d511d9cc930c35c4793060f0433940bec992b4515a20c2e7f9b22868b9cc9be6f88b7a6279ec6acbfa4a5f3a70a467bd1b1d8ecf6ad6c632f5e44e76737632c7917580b16a16fb3f4df790d94182a4a76c98581647ca66973ebc100d1fe298b908ab09a378fe557116db5213bcddbf535b5e08af7bf5435f3c9c91aebe85d265e3eda415ce69e6374d2d1047dc690a470c1f7,gx-no-cache=1460650550929 HTTP/1.1" 200 41
191.112.114.98 - - [14/Apr/2016:13:15:28 -0300] "GET /cormun/servlet/trsolicitudot? HTTP/1.1" 200 8058
191.112.114.98 - - [14/Apr/2016:13:15:29 -0300] "GET /cormun/servlet/trsolicitudot? HTTP/1.1" 200 8051
191.112.114.98 - - [14/Apr/2016:13:15:31 -0300] "GET /cormun/servlet/vesolicitudot?2016,1366,, HTTP/1.1" 200 7672
191.112.114.98 - - [14/Apr/2016:13:15:31 -0300] "GET /cormun/pexe_scrolldiv.js HTTP/1.1" 404 1009
191.112.114.98 - - [14/Apr/2016:13:15:32 -0300] "GET /cormun/servlet/vesolicitudot?2016,1366,, HTTP/1.1" 200 7672
186.67.172.234 - - [14/Apr/2016:13:15:41 -0300] "POST /cormun/servlet/solicitudot?5e1edf4c4e58e4417353f22c0f6018ea,DLT,2016,1382,,gx-no-cache=1460654169869 HTTP/1.1" 200 93
186.67.172.234 - - [14/Apr/2016:13:15:41 -0300] "GET /cormun/servlet/hpexe_return? HTTP/1.1" 200 1012
186.67.172.234 - - [14/Apr/2016:13:15:41 -0300] "GET /cormun/servlet/trsolicitudot HTTP/1.1" 200 6535
186.67.172.234 - - [14/Apr/2016:13:15:42 -0300] "GET /cormun/servlet/trsolicitudot HTTP/1.1" 200 6531
191.112.114.98 - - [14/Apr/2016:13:15:44 -0300] "POST /cormun/servlet/vesolicitudot?82bdb35924cd128775eda6f217bdf158,2016,1366,,,gx-no-cache=1460650577413 HTTP/1.1" 200 93
191.112.114.98 - - [14/Apr/2016:13:15:44 -0300] "GET /cormun/servlet/hpexe_return? HTTP/1.1" 200 1015
191.112.114.98 - - [14/Apr/2016:13:15:45 -0300] "GET /cormun/servlet/trsolicitudot HTTP/1.1" 200 8055
186.67.172.234 - - [14/Apr/2016:13:15:45 -0300] "GET /cormun/servlet/trsolicitudot? HTTP/1.1" 200 6531
191.112.114.98 - - [14/Apr/2016:13:15:45 -0300] "GET /cormun/servlet/trsolicitudot HTTP/1.1" 200 8051
186.67.172.234 - - [14/Apr/2016:13:15:45 -0300] "GET /cormun/servlet/trsolicitudot? HTTP/1.1" 200 6530
191.112.114.98 - - [14/Apr/2016:13:15:47 -0300] "POST /cormun/servlet/trsolicitudot?82bdb35924cd128775eda6f217bdf158,gx-no-cache=1460650581012 HTTP/1.1" 200 105
191.112.114.98 - - [14/Apr/2016:13:15:47 -0300] "GET /cormun/servlet/solicitudot?UPD,2016,1366, HTTP/1.1" 200 12893
191.112.114.98 - - [14/Apr/2016:13:15:48 -0300] "GET /cormun/servlet/solicitudot?UPD,2016,1366, HTTP/1.1" 200 12902
186.67.172.234 - - [14/Apr/2016:13:15:49 -0300] "GET /cormun/servlet/solicitudot?INS,0,0, HTTP/1.1" 200 11734
191.112.114.98 - - [14/Apr/2016:13:15:49 -0300] "POST /cormun/servlet/solicitudot?gx-no-cache=1460650582650 HTTP/1.1" 200 2760
186.67.172.234 - - [14/Apr/2016:13:15:50 -0300] "GET /cormun/servlet/solicitudot?INS,0,0, HTTP/1.1" 200 11739
191.112.114.98 - - [14/Apr/2016:13:15:50 -0300] "POST /cormun/servlet/solicitudot?82bdb35924cd128775eda6f217bdf158,UPD,2016,1366,,gx-no-cache=1460650583641 HTTP/1.1" 200 9161
191.112.114.98 - - [14/Apr/2016:13:15:50 -0300] "GET /cormun/servlet/solicitudot?0341b9b2fa666cf7bec9b24b417d511d7906ae8fc2fbe68c2761d8817a62be73600ff7d8755c2b04c4d88b9ad09d48be,gx-no-cache=1460650584293 HTTP/1.1" 200 30
191.112.114.98 - - [14/Apr/2016:13:15:50 -0300] "POST /cormun/servlet/solicitudot?gx-no-cache=1460650584397 HTTP/1.1" 200 30
191.112.114.98 - - [14/Apr/2016:13:15:50 -0300] "POST /cormun/servlet/solicitudot?gx-no-cache=1460650584559 HTTP/1.1" 200 30
191.112.114.98 - - [14/Apr/2016:13:15:51 -0300] "POST /cormun/servlet/solicitudot?gx-no-cache=1460650584790 HTTP/1.1" 200 1182
191.112.114.98 - - [14/Apr/2016:13:15:51 -0300] "GET /cormun/servlet/solicitudot?0341b9b2fa666cf7bec9b24b417d511d9cc930c35c4793060f0433940bec992b4515a20c2e7f9b22868b9cc9be6f88b7a6279ec6acbfa4a5f3a70a467bd1b1d8ecf6ad6c632f5e44e76737632c7917580b16a16fb3f4df790d94182a4a76c98581647ca66973ebc100d1fe298b908ab09a378fe557116db5213bcddbf535b5e08af7bf5435f3c9c91aebe85d265e3eda415ce69e6374d2d1047dc690a470c1f7,gx-no-cache=1460650585103 HTTP/1.1" 200 41
186.67.172.234 - - [14/Apr/2016:13:16:01 -0300] "POST /cormun/servlet/solicitudot?gx-no-cache=1460654189588 HTTP/1.1" 200 2772
186.67.172.234 - - [14/Apr/2016:13:16:01 -0300] "POST /cormun/servlet/solicitudot?5e1edf4c4e58e4417353f22c0f6018ea,INS,0,0,,gx-no-cache=1460654189739 HTTP/1.1" 200 8492
191.112.114.98 - - [14/Apr/2016:13:16:03 -0300] "POST /cormun/servlet/solicitudot?82bdb35924cd128775eda6f217bdf158,UPD,2016,1366,,gx-no-cache=1460650596394 HTTP/1.1" 200 93
191.112.114.98 - - [14/Apr/2016:13:16:03 -0300] "GET /cormun/servlet/hpexe_return? HTTP/1.1" 200 1018
191.112.114.98 - - [14/Apr/2016:13:16:04 -0300] "GET /cormun/servlet/trsolicitudot HTTP/1.1" 200 8055
191.112.114.98 - - [14/Apr/2016:13:16:05 -0300] "GET /cormun/servlet/trsolicitudot HTTP/1.1" 200 8051
186.67.172.234 - - [14/Apr/2016:13:16:06 -0300] "GET /cormun/servlet/solicitudot?1d3d16a9d8032999422405fc6314bf2e088efa8bdc21dc5d88edb7a5890bebab04744777306a1b1bc2e7b90f7a80a4ed,gx-no-cache=1460654195084 HTTP/1.1" 200 30
186.67.172.234 - - [14/Apr/2016:13:16:06 -0300] "POST /cormun/servlet/solicitudot?gx-no-cache=1460654195137 HTTP/1.1" 200 30
191.112.114.98 - - [14/Apr/2016:13:16:07 -0300] "POST /cormun/servlet/trsolicitudot?82bdb35924cd128775eda6f217bdf158,gx-no-cache=1460650600185 HTTP/1.1" 200 105
191.112.114.98 - - [14/Apr/2016:13:16:07 -0300] "GET /cormun/servlet/solicitudot?UPD,2016,1378, HTTP/1.1" 200 12955
191.112.114.98 - - [14/Apr/2016:13:16:08 -0300] "GET /cormun/servlet/solicitudot?UPD,2016,1378, HTTP/1.1" 200 12964
191.112.114.98 - - [14/Apr/2016:13:16:08 -0300] "POST /cormun/servlet/solicitudot?gx-no-cache=1460650602315 HTTP/1.1" 200 2784
191.112.114.98 - - [14/Apr/2016:13:16:09 -0300] "POST /cormun/servlet/solicitudot?82bdb35924cd128775eda6f217bdf158,UPD,2016,1378,,gx-no-cache=1460650602833 HTTP/1.1" 200 9209
191.112.114.98 - - [14/Apr/2016:13:16:09 -0300] "GET /cormun/servlet/solicitudot?0341b9b2fa666cf7bec9b24b417d511d251c8f8cfee16e6c8a8c7e2856e2ffe7600ff7d8755c2b04c4d88b9ad09d48be,gx-no-cache=1460650603379 HTTP/1.1" 200 30
191.112.114.98 - - [14/Apr/2016:13:16:09 -0300] "POST /cormun/servlet/solicitudot?gx-no-cache=1460650603546 HTTP/1.1" 200 30
191.112.114.98 - - [14/Apr/2016:13:16:10 -0300] "POST /cormun/servlet/solicitudot?gx-no-cache=1460650603708 HTTP/1.1" 200 30
191.112.114.98 - - [14/Apr/2016:13:16:10 -0300] "POST /cormun/servlet/solicitudot?gx-no-cache=1460650603897 HTTP/1.1" 200 1182
191.112.114.98 - - [14/Apr/2016:13:16:10 -0300] "GET /cormun/servlet/solicitudot?0341b9b2fa666cf7bec9b24b417d511d9cc930c35c4793060f0433940bec992b4515a20c2e7f9b22868b9cc9be6f88b7a6279ec6acbfa4a5f3a70a467bd1b1d8ecf6ad6c632f5e44e76737632c7917580b16a16fb3f4df790d94182a4a76c98581647ca66973ebc100d1fe298b908ab09a378fe557116db5213bcddbf535b5e08af7bf5435f3c9c91aebe85d265e3eda415ce69e6374d2d1047dc690a470c1f7,gx-no-cache=1460650604109 HTTP/1.1" 200 41
191.112.114.98 - - [14/Apr/2016:13:16:26 -0300] "POST /cormun/servlet/solicitudot?gx-no-cache=1460650620316 HTTP/1.1" 200 30
191.112.114.98 - - [14/Apr/2016:13:16:29 -0300] "POST /cormun/servlet/solicitudot?gx-no-cache=1460650623038 HTTP/1.1" 200 1182
191.112.114.98 - - [14/Apr/2016:13:16:29 -0300] "GET /cormun/servlet/solicitudot?0341b9b2fa666cf7bec9b24b417d511d9cc930c35c4793060f0433940bec992b4515a20c2e7f9b22868b9cc9be6f88b7a6279ec6acbfa4a5f3a70a467bd1b1d8ecf6ad6c632f5e44e76737632c7917580b16a16fb3f4df790d94182a4a76c98581647ca66973ebc100d1fe298b908ab09a378fe557116db5213bcddbf535b5e08af7bf5435f3c9c91aebe85d265e3eda415ce69e6374d2d1047dc690a470c1f7,gx-no-cache=1460650623345 HTTP/1.1" 200 41
191.112.114.98 - - [14/Apr/2016:13:16:29 -0300] "GET /cormun/servlet/solicitudot?0341b9b2fa666cf7bec9b24b417d511d17b266325c24fd6b242a8de4d890ad2d23b306230da2b9f9ae94d08bcef2ce7d03e78e080c06532c48c6ccaba151503cbb1598f9ffa741366720a20791d3a813ad54822418eb0a3173bd642d98adfa02104a4882bd020b3cfcd95294bc1ddccb,gx-no-cache=1460650623485 HTTP/1.1" 200 29
191.112.114.98 - - [14/Apr/2016:13:16:30 -0300] "POST /cormun/servlet/solicitudot?gx-no-cache=1460650623676 HTTP/1.1" 200 1144
191.112.114.98 - - [14/Apr/2016:13:16:30 -0300] "GET /cormun/servlet/solicitudot?0341b9b2fa666cf7bec9b24b417d511d7e6e8b56c623012918e93bf1de9b35aed18f2552fd403488944e677c200ab91d4677aacde32e4c0e7f9b6e0c94cb5c073dc12257bf1ad57e75860819b1b52b380ebd58324dfa42a54888a30fa2a1e09df674e5c07f8f6a5b08065f78be29a7d0ed8d2dbfe7cd90236c9ae9742433e3d728cdd5883682dacc7ebde4503e38f9d4966243183b9e750fdedf2e7408869a9b9412e4628af35788b85293e07e752ec0,gx-no-cache=1460650623884 HTTP/1.1" 200 30
191.112.114.98 - - [14/Apr/2016:13:16:30 -0300] "POST /cormun/servlet/solicitudot?82bdb35924cd128775eda6f217bdf158,UPD,2016,1378,,gx-no-cache=1460650624061 HTTP/1.1" 200 93
191.112.114.98 - - [14/Apr/2016:13:16:31 -0300] "GET /cormun/servlet/hpexe_return? HTTP/1.1" 200 1017
191.112.114.98 - - [14/Apr/2016:13:16:31 -0300] "GET /cormun/servlet/trsolicitudot HTTP/1.1" 200 8052
191.112.114.98 - - [14/Apr/2016:13:16:32 -0300] "GET /cormun/servlet/trsolicitudot HTTP/1.1" 200 8049
191.112.114.98 - - [14/Apr/2016:13:16:34 -0300] "POST /cormun/servlet/trsolicitudot?82bdb35924cd128775eda6f217bdf158,gx-no-cache=1460650627838 HTTP/1.1" 200 107
191.112.114.98 - - [14/Apr/2016:13:16:34 -0300] "GET /cormun/servlet/trsolicitudadjuntos?2016,1378, HTTP/1.1" 200 5433
191.112.114.98 - - [14/Apr/2016:13:16:35 -0300] "GET /cormun/servlet/trsolicitudadjuntos?2016,1378, HTTP/1.1" 200 5433
191.112.114.98 - - [14/Apr/2016:13:16:40 -0300] "GET /cormun/servlet/solicitudotadjuntos?INS,2016,1378,,1, HTTP/1.1" 200 5521
191.112.114.98 - - [14/Apr/2016:13:16:41 -0300] "GET /cormun/static/about:blank HTTP/1.1" 404 1011
191.112.114.98 - - [14/Apr/2016:13:16:41 -0300] "GET /cormun/servlet/solicitudotadjuntos?INS,2016,1378,,1, HTTP/1.1" 200 5515
191.112.114.98 - - [14/Apr/2016:13:16:41 -0300] "GET /cormun/servlet/solicitudotadjuntos?0341b9b2fa666cf7bec9b24b417d511df960374fe716df469a64e9c0fe83aaf7a707d4e4ede9f8cb85e5e5bb38a046dc,gx-no-cache=1460650635318 HTTP/1.1" 200 30
191.112.114.98 - - [14/Apr/2016:13:16:42 -0300] "POST /cormun/servlet/solicitudotadjuntos?82bdb35924cd128775eda6f217bdf158,INS,2016,1378,,1,,gx-no-cache=1460650635492 HTTP/1.1" 200 3388
186.67.172.234 - - [14/Apr/2016:13:16:58 -0300] "POST /cormun/servlet/solicitudot?gx-no-cache=1460654246997 HTTP/1.1" 200 2760
186.67.172.234 - - [14/Apr/2016:13:16:58 -0300] "POST /cormun/servlet/solicitudot?5e1edf4c4e58e4417353f22c0f6018ea,INS,0,0,,gx-no-cache=1460654247131 HTTP/1.1" 200 8561
186.67.172.234 - - [14/Apr/2016:13:17:03 -0300] "GET /cormun/servlet/solicitudot?1d3d16a9d8032999422405fc6314bf2ec514e28dcf0327f5be58af5011785605c2fd2f55b14744a83eb9928ba244a261,gx-no-cache=1460654251589 HTTP/1.1" 200 30
186.67.172.234 - - [14/Apr/2016:13:17:03 -0300] "POST /cormun/servlet/solicitudot?gx-no-cache=1460654251628 HTTP/1.1" 200 30
186.67.172.234 - - [14/Apr/2016:13:17:06 -0300] "POST /cormun/servlet/solicitudot?gx-no-cache=1460654254998 HTTP/1.1" 200 30
186.67.172.234 - - [14/Apr/2016:13:17:10 -0300] "POST /cormun/servlet/solicitudot?gx-no-cache=1460654258956 HTTP/1.1" 200 452
186.67.172.234 - - [14/Apr/2016:13:17:10 -0300] "GET /cormun/servlet/solicitudot?1d3d16a9d8032999422405fc6314bf2ef3f4137207b4081dce6cc7b4c71fc2e8df9e90a984b2c41af748d42e00a6e3d6ceed0bb348ac3c1c528edecdd76c4c03a9700d3afcb5979f90c6cd1db435ffbb5d431e03037302b43fbb70046725532b6f5b09f347088585f6c5491683e5d81d510617427ec978eebac184e9c298e0eacd9b54cc6d0c69f0a23fc7e664e9d4fd,gx-no-cache=1460654259006 HTTP/1.1" 200 38
186.67.172.234 - - [14/Apr/2016:13:17:21 -0300] "GET /cormun/servlet/solicitudot?1d3d16a9d8032999422405fc6314bf2ee6e1743acca9537624b300b8e51f5c20c6932d9b1dd1f796526f73b437b01132d93b187f71c44fe74d69aa8b8d19dc643c995fe04b99b5aa8a6e986b2b70e4eb5965f849cb1d64bb3cb0c6f75ec177c28116d673ce7a12e1c8cd3369fcdab6eaa31ade6335345410a5225baee34e21f89d2c45e01fbe9e6791ebb4f17aba800dc6292b486397e278253405efa1a9eb44264e7fb534821ac5d0640842ab8eb251abe5edc288053a226ec102361ebc1587660368db98458cf0e25b1f12ecc3a58f,gx-no-cache=1460654269652 HTTP/1.1" 200 29
186.67.172.234 - - [14/Apr/2016:13:17:21 -0300] "POST /cormun/servlet/solicitudot?gx-no-cache=1460654269715 HTTP/1.1" 200 404
186.67.172.234 - - [14/Apr/2016:13:17:33 -0300] "GET /cormun/servlet/solicitudot?1d3d16a9d8032999422405fc6314bf2e7042d7b2a4de2792397c32375539d2c231582c46bd70265e79a7fa70db6b073b5ab470d1355d5b75a327e50ed0eac5c1a29c59ad7cad458c2512de1362a9987eb8965291b6c2cf7977a363a907b61d9fafaf1184b6f9a10708e1249ca098df92acd166e30dc054ed954fc864a235a08f1d159f810515d9e5e41a3e265ab5e8d4d512bfafa17fae5029d8d436439a853cdc2fe7c4f5e7a7ba9d3cdad17ed1d285,gx-no-cache=1460654282017 HTTP/1.1" 200 30
186.67.172.234 - - [14/Apr/2016:13:17:52 -0300] "POST /cormun/servlet/solicitudot?gx-no-cache=1460654300617 HTTP/1.1" 200 1144
191.112.114.98 - - [14/Apr/2016:13:17:55 -0300] "POST /cormun/servlet/solicitudotadjuntos?gx-no-cache=1460650709309 HTTP/1.1" 200 26
186.67.172.234 - - [14/Apr/2016:13:18:29 -0300] "GET /cormun/servlet/solicitudot?1d3d16a9d8032999422405fc6314bf2e7042d7b2a4de2792397c32375539d2c231582c46bd70265e79a7fa70db6b073b5ab470d1355d5b75a327e50ed0eac5c1a29c59ad7cad458c2512de1362a9987eb8965291b6c2cf7977a363a907b61d9fafaf1184b6f9a10708e1249ca098df92acd166e30dc054ed954fc864a235a08f1d159f810515d9e5e41a3e265ab5e8d4d512bfafa17fae5029d8d436439a853cdc2fe7c4f5e7a7ba9d3cdad17ed1d285,gx-no-cache=1460654337341 HTTP/1.1" 200 30
186.67.172.234 - - [14/Apr/2016:13:18:29 -0300] "POST /cormun/servlet/solicitudot?5e1edf4c4e58e4417353f22c0f6018ea,INS,0,0,,gx-no-cache=1460654337391 HTTP/1.1" 200 93
186.67.172.234 - - [14/Apr/2016:13:18:29 -0300] "GET /cormun/servlet/hpexe_return? HTTP/1.1" 200 1006
186.67.172.234 - - [14/Apr/2016:13:18:29 -0300] "GET /cormun/servlet/trsolicitudot HTTP/1.1" 200 7841
186.67.172.234 - - [14/Apr/2016:13:18:29 -0300] "GET /cormun/servlet/trsolicitudot HTTP/1.1" 200 7837
186.67.172.234 - - [14/Apr/2016:13:18:35 -0300] "POST /cormun/servlet/trsolicitudot?5e1edf4c4e58e4417353f22c0f6018ea,gx-no-cache=1460654343702 HTTP/1.1" 200 105
186.67.172.234 - - [14/Apr/2016:13:18:35 -0300] "GET /cormun/servlet/solicitudot?UPD,2016,1383, HTTP/1.1" 200 12973
186.67.172.234 - - [14/Apr/2016:13:18:36 -0300] "GET /cormun/servlet/solicitudot?UPD,2016,1383, HTTP/1.1" 200 12981
186.67.172.234 - - [14/Apr/2016:13:18:36 -0300] "POST /cormun/servlet/solicitudot?gx-no-cache=1460654344796 HTTP/1.1" 200 2760
186.67.172.234 - - [14/Apr/2016:13:18:36 -0300] "POST /cormun/servlet/solicitudot?5e1edf4c4e58e4417353f22c0f6018ea,UPD,2016,1383,,gx-no-cache=1460654344923 HTTP/1.1" 200 9203
186.67.172.234 - - [14/Apr/2016:13:18:37 -0300] "GET /cormun/servlet/solicitudot?1d3d16a9d8032999422405fc6314bf2ec514e28dcf0327f5be58af5011785605c2fd2f55b14744a83eb9928ba244a261,gx-no-cache=1460654345811 HTTP/1.1" 200 30
186.67.172.234 - - [14/Apr/2016:13:18:37 -0300] "POST /cormun/servlet/solicitudot?gx-no-cache=1460654345833 HTTP/1.1" 200 30
186.67.172.234 - - [14/Apr/2016:13:18:37 -0300] "POST /cormun/servlet/solicitudot?gx-no-cache=1460654345847 HTTP/1.1" 200 30
186.67.172.234 - - [14/Apr/2016:13:18:37 -0300] "POST /cormun/servlet/solicitudot?gx-no-cache=1460654345869 HTTP/1.1" 200 1182
186.67.172.234 - - [14/Apr/2016:13:18:37 -0300] "GET /cormun/servlet/solicitudot?1d3d16a9d8032999422405fc6314bf2ef3f4137207b4081dce6cc7b4c71fc2e8df9e90a984b2c41af748d42e00a6e3d6ceed0bb348ac3c1c528edecdd76c4c03a9700d3afcb5979f90c6cd1db435ffbb5d431e03037302b43fbb70046725532b6f5b09f347088585f6c5491683e5d81d510617427ec978eebac184e9c298e0eab2138ec21fc76976eed0cf85e380dc036857660d215646ad958bf13b8f72ac6f,gx-no-cache=1460654345899 HTTP/1.1" 200 41
191.112.114.98 - - [14/Apr/2016:13:18:44 -0300] "GET /cormun/servlet/solicitudotadjuntos?0341b9b2fa666cf7bec9b24b417d511d42669150a1e78f887a7d078c21081739,gx-no-cache=1460650757646 HTTP/1.1" 200 30
191.112.114.98 - - [14/Apr/2016:13:18:44 -0300] "GET /cormun/servlet/solicitudotadjuntos?0341b9b2fa666cf7bec9b24b417d511d42669150a1e78f887a7d078c21081739,gx-no-cache=1460650757927 HTTP/1.1" 200 30
186.67.172.234 - - [14/Apr/2016:13:18:44 -0300] "GET /cormun/servlet/solicitudot?1d3d16a9d8032999422405fc6314bf2ef64d861ba9b0d6fb32ca601a675deea8a492ddff62e90696605993cf722ebfb7a70604935c759c7c1ffc2968d24074dd31f7c51035fa8f55f6244a3b15e4325f67a9e4a1df51708219aead50e07db0d402ad4fb8060f189daa00c845d03bf97968785c2e9efe814a4695d2e2699a3818c394e9a8ae9be4063099abdf0b396892ecc9748d0ca4bf5a60804f99074752de356dcc1b562f7ec561216fa9bb4b92b67a8298d944d1c085800a0ce8db5cf838e78771e73e3cf87a9ddeb6bebad10d21,gx-no-cache=1460654352907 HTTP/1.1" 200 29
186.67.172.234 - - [14/Apr/2016:13:18:44 -0300] "POST /cormun/servlet/solicitudot?gx-no-cache=1460654352928 HTTP/1.1" 200 1144
186.67.172.234 - - [14/Apr/2016:13:18:44 -0300] "GET /cormun/servlet/solicitudot?1d3d16a9d8032999422405fc6314bf2e7042d7b2a4de2792397c32375539d2c231582c46bd70265e79a7fa70db6b073b5ab470d1355d5b75a327e50ed0eac5c1a29c59ad7cad458c2512de1362a9987eb8965291b6c2cf7977a363a907b61d9fafaf1184b6f9a10708e1249ca098df92acd166e30dc054ed954fc864a235a08f1d159f810515d9e5e41a3e265ab5e8d4d512bfafa17fae5029d8d436439a853cdc2fe7c4f5e7a7ba9d3cdad17ed1d285,gx-no-cache=1460654352978 HTTP/1.1" 200 30
186.67.172.234 - - [14/Apr/2016:13:18:45 -0300] "POST /cormun/servlet/solicitudot?5e1edf4c4e58e4417353f22c0f6018ea,UPD,2016,1383,,gx-no-cache=1460654353011 HTTP/1.1" 200 93
186.67.172.234 - - [14/Apr/2016:13:18:45 -0300] "GET /cormun/servlet/hpexe_return? HTTP/1.1" 200 1012
186.67.172.234 - - [14/Apr/2016:13:18:45 -0300] "GET /cormun/servlet/trsolicitudot HTTP/1.1" 200 7841
186.67.172.234 - - [14/Apr/2016:13:18:45 -0300] "GET /cormun/servlet/trsolicitudot HTTP/1.1" 200 7837
186.67.172.234 - - [14/Apr/2016:13:18:52 -0300] "GET /cormun/servlet/trautorizarsolicitud? HTTP/1.1" 200 6472
186.67.172.234 - - [14/Apr/2016:13:18:53 -0300] "GET /cormun/servlet/trautorizarsolicitud? HTTP/1.1" 200 6471
