191.112.114.98 - - [14/Apr/2016:09:29:50 -0300] "GET /cormun/static/trsolicitudot.js?201631022393178 HTTP/1.1" 304 -
191.112.114.98 - - [14/Apr/2016:09:29:50 -0300] "GET /cormun/servlet/trsolicitudot? HTTP/1.1" 200 6404
192.168.10.89 - - [14/Apr/2016:09:29:52 -0300] "POST /cormun/servlet/trsolicitudgral?e42758514e0a4440c95586de061c0cf1,gx-no-cache=1460636726984 HTTP/1.1" 200 6213
191.112.114.98 - - [14/Apr/2016:09:29:53 -0300] "GET /cormun/servlet/solicitudot?INS,0,0, HTTP/1.1" 200 11614
191.112.114.98 - - [14/Apr/2016:09:29:53 -0300] "GET /cormun/static/gxcfg.js?201631710541238 HTTP/1.1" 304 -
195.62.53.168 - - [14/Apr/2016:09:29:54 -0300] "GET /admin/login HTTP/1.0" 404 983
191.112.114.98 - - [14/Apr/2016:09:29:54 -0300] "GET /cormun/servlet/solicitudot?INS,0,0, HTTP/1.1" 200 11619
192.168.10.89 - - [14/Apr/2016:09:29:58 -0300] "POST /cormun/servlet/trsolicitudgral?e42758514e0a4440c95586de061c0cf1,gx-no-cache=1460636733240 HTTP/1.1" 200 4776
186.103.159.204 - - [14/Apr/2016:09:30:02 -0300] "GET /cormun/servlet/solicitudot?470e23458e2a2d4673833fc27d48321d15cd6e89f07c8c03b546e525bd847bf4b329c95e70e79bebc54cf8e478f9ce2a34dcaa62cc51c9e4e29d6f0753e5cc1b8241538d3b0e3118bd550a771eea95f06f06fdd4f492fe5e02bd705bdf16eb813617fd9f25a0dd138a8fa1e7db318b889bf0c33d30523d78afff671bd246f2a0927bb937a985ee662bc1eac8eb5c80238cd477c626f50b829bc9616023b99d286b823e192238c0e30b79c410d6d49e3b,gx-no-cache=1460637023809 HTTP/1.1" 200 30
191.112.114.98 - - [14/Apr/2016:09:30:07 -0300] "POST /cormun/servlet/solicitudot?a4b57e0e215c091925706e2b22cc52aa,INS,0,0,,gx-no-cache=1460637040728 HTTP/1.1" 200 90
191.112.114.98 - - [14/Apr/2016:09:30:07 -0300] "GET /cormun/servlet/hpexe_link HTTP/1.1" 200 960
191.112.114.98 - - [14/Apr/2016:09:30:07 -0300] "GET /cormun/servlet/trsolicitudot HTTP/1.1" 200 6406
191.112.114.98 - - [14/Apr/2016:09:30:08 -0300] "GET /cormun/servlet/trsolicitudot HTTP/1.1" 200 6404
191.112.114.98 - - [14/Apr/2016:09:30:11 -0300] "GET /cormun/servlet/solicitudot?INS,0,0, HTTP/1.1" 200 11614
191.112.114.98 - - [14/Apr/2016:09:30:12 -0300] "GET /cormun/servlet/solicitudot?INS,0,0, HTTP/1.1" 200 11619
191.112.114.98 - - [14/Apr/2016:09:30:22 -0300] "GET /cormun/servlet/trvisualizadoreventos? HTTP/1.1" 200 6221
191.112.114.98 - - [14/Apr/2016:09:30:22 -0300] "GET /cormun/static/gxcfg.js?201631021481342 HTTP/1.1" 304 -
191.112.114.98 - - [14/Apr/2016:09:30:22 -0300] "GET /cormun/static/trvisualizadoreventos.js?201631021481717 HTTP/1.1" 304 -
191.112.114.98 - - [14/Apr/2016:09:30:23 -0300] "GET /cormun/servlet/trvisualizadoreventos? HTTP/1.1" 200 6217
191.112.114.98 - - [14/Apr/2016:09:30:26 -0300] "POST /cormun/servlet/trvisualizadoreventos?a4b57e0e215c091925706e2b22cc52aa,,gx-no-cache=1460637059242 HTTP/1.1" 200 111
191.112.114.98 - - [14/Apr/2016:09:30:26 -0300] "GET /cormun/VisualizadorEventos-5346.xls HTTP/1.1" 200 4096
191.112.114.98 - - [14/Apr/2016:09:30:49 -0300] "GET /cormun/servlet/hlogin HTTP/1.1" 200 1714
191.112.114.98 - - [14/Apr/2016:09:30:51 -0300] "POST /cormun/servlet/hlogin?7046298953b4dc16dce9d9fc8f729843,gx-no-cache=1460637085177 HTTP/1.1" 200 90
191.112.114.98 - - [14/Apr/2016:09:30:51 -0300] "GET /cormun/servlet/hpexe_link HTTP/1.1" 200 947
191.112.114.98 - - [14/Apr/2016:09:30:52 -0300] "GET /cormun/servlet/hhome HTTP/1.1" 200 3485
191.112.114.98 - - [14/Apr/2016:09:30:53 -0300] "GET /cormun/servlet/hhome HTTP/1.1" 200 3482
186.103.159.204 - - [14/Apr/2016:09:30:54 -0300] "POST /cormun/servlet/solicitudot?6576ae6ac9e17bb5ad7558992f0e67f4,INS,0,0,,gx-no-cache=1460637075495 HTTP/1.1" 200 93
186.103.159.204 - - [14/Apr/2016:09:30:54 -0300] "GET /cormun/servlet/hpexe_return? HTTP/1.1" 200 1011
186.103.159.204 - - [14/Apr/2016:09:30:54 -0300] "GET /cormun/static/gxcfg.js?2015111312145050 HTTP/1.1" 200 953
186.103.159.204 - - [14/Apr/2016:09:30:54 -0300] "GET /cormun/static/hpexe_return.js?2015111312145056 HTTP/1.1" 200 1633
186.103.159.204 - - [14/Apr/2016:09:30:54 -0300] "GET /cormun/static/Resources/Spanish/PXTools.css?12112540 HTTP/1.1" 200 89042
186.103.159.204 - - [14/Apr/2016:09:30:54 -0300] "GET /cormun/servlet/trsolicitudot HTTP/1.1" 200 7697
186.103.159.204 - - [14/Apr/2016:09:30:55 -0300] "GET /cormun//static/Resources/PXToolsRemoveAllAction.png HTTP/1.1" 200 3558
186.103.159.204 - - [14/Apr/2016:09:30:55 -0300] "GET /cormun//static/Resources/PXTools/ActionInsert.png HTTP/1.1" 200 1482
186.103.159.204 - - [14/Apr/2016:09:30:55 -0300] "GET /cormun//static/Resources/PXToolsGridDelete.png HTTP/1.1" 200 357
186.103.159.204 - - [14/Apr/2016:09:30:55 -0300] "GET /cormun//static/Resources/PXToolsActionView.png HTTP/1.1" 200 2995
186.103.159.204 - - [14/Apr/2016:09:30:55 -0300] "GET /cormun//static/Resources/PXToolsGridUpdate.png HTTP/1.1" 200 2984
186.103.159.204 - - [14/Apr/2016:09:30:55 -0300] "GET /cormun/servlet/trsolicitudot HTTP/1.1" 200 7694
191.112.114.98 - - [14/Apr/2016:09:30:59 -0300] "GET /cormun/servlet/trsolicitudot? HTTP/1.1" 200 6402
191.112.114.98 - - [14/Apr/2016:09:31:00 -0300] "GET /cormun/servlet/trsolicitudot? HTTP/1.1" 200 6402
186.103.159.204 - - [14/Apr/2016:09:31:00 -0300] "GET /cormun/servlet/solicitudot?INS,0,0, HTTP/1.1" 200 11719
186.103.159.204 - - [14/Apr/2016:09:31:01 -0300] "GET /cormun/servlet/solicitudot?INS,0,0, HTTP/1.1" 200 11724
191.112.114.98 - - [14/Apr/2016:09:31:04 -0300] "POST /cormun/servlet/trsolicitudot?7046298953b4dc16dce9d9fc8f729843,,gx-no-cache=1460637096971 HTTP/1.1" 200 103
191.112.114.98 - - [14/Apr/2016:09:31:04 -0300] "GET /cormun/SolicitudOT-9599.xls HTTP/1.1" 200 4608
186.103.159.204 - - [14/Apr/2016:09:31:13 -0300] "POST /cormun/servlet/solicitudot?gx-no-cache=1460637095453 HTTP/1.1" 200 2775
186.103.159.204 - - [14/Apr/2016:09:31:14 -0300] "POST /cormun/servlet/solicitudot?6576ae6ac9e17bb5ad7558992f0e67f4,INS,0,0,,gx-no-cache=1460637095705 HTTP/1.1" 200 8525
191.112.114.98 - - [14/Apr/2016:09:31:16 -0300] "GET /cormun/servlet/solicitudot?INS,0,0, HTTP/1.1" 200 11615
191.112.114.98 - - [14/Apr/2016:09:31:17 -0300] "GET /cormun/servlet/solicitudot?INS,0,0, HTTP/1.1" 200 11620
186.103.159.204 - - [14/Apr/2016:09:31:20 -0300] "GET /cormun/servlet/solicitudot?470e23458e2a2d4673833fc27d48321d1f024c12b3d3ac2044d06f92a808aa084b294068ce8d9af9af03a8d2525e8ad1,gx-no-cache=1460637102376 HTTP/1.1" 200 30
186.103.159.204 - - [14/Apr/2016:09:31:20 -0300] "POST /cormun/servlet/solicitudot?gx-no-cache=1460637102446 HTTP/1.1" 200 30
186.103.159.204 - - [14/Apr/2016:09:31:24 -0300] "POST /cormun/servlet/solicitudot?gx-no-cache=1460637106316 HTTP/1.1" 200 30
186.103.159.204 - - [14/Apr/2016:09:31:26 -0300] "GET /cormun/servlet/prcontratosol?17134794,,,,,MD,,gxPopupLevel%3D0%3B HTTP/1.1" 200 5748
191.112.114.98 - - [14/Apr/2016:09:31:28 -0300] "POST /cormun/servlet/solicitudot?7046298953b4dc16dce9d9fc8f729843,INS,0,0,,gx-no-cache=1460637121697 HTTP/1.1" 200 93
191.112.114.98 - - [14/Apr/2016:09:31:28 -0300] "GET /cormun/servlet/hpexe_return? HTTP/1.1" 200 1005
191.112.114.98 - - [14/Apr/2016:09:31:28 -0300] "GET /cormun/static/gxcfg.js?2015111312145050 HTTP/1.1" 304 -
191.112.114.98 - - [14/Apr/2016:09:31:29 -0300] "GET /cormun/servlet/trsolicitudot HTTP/1.1" 200 6405
191.112.114.98 - - [14/Apr/2016:09:31:29 -0300] "GET /cormun/servlet/trsolicitudot HTTP/1.1" 200 6402
186.103.159.204 - - [14/Apr/2016:09:31:32 -0300] "POST /cormun/servlet/solicitudot?gx-no-cache=1460637113946 HTTP/1.1" 200 1187
186.103.159.204 - - [14/Apr/2016:09:31:32 -0300] "GET /cormun/servlet/solicitudot?470e23458e2a2d4673833fc27d48321d130a3b47685c8712fb75c529765fc6a5c6f1894c6bb8e20a962b799f72003c3ccf089d81951c9f96621f7b444aace3b638ef7cb510637f01c9568fdb8e8de75d14cd8baa6fd9d856ff0f3b134b995f93e1a2954aaaf5e9fb2dd55d6cb89f7855ca225f2987092488f62fe7ce07aa524703685a5ffed82964e6581ebb54a7b46b,gx-no-cache=1460637114069 HTTP/1.1" 200 38
186.103.159.204 - - [14/Apr/2016:09:31:32 -0300] "GET /cormun/servlet/solicitudot?470e23458e2a2d4673833fc27d48321d03df3743a15786fc79ae89de0a8699da7b5bfe7c23d2cfa37e4813f1a793420f3f0a82fea06f559a02dce818505996ae0b4421962d78dd6cf38ae1d19442c53bc910d086cb115c38944f8814e4d6660f26c0080fdbc4d0f692410d5e573313db3b3597b8cbef4487b8ce3be3769c54fe,gx-no-cache=1460637114137 HTTP/1.1" 200 29
186.103.159.204 - - [14/Apr/2016:09:31:32 -0300] "POST /cormun/servlet/solicitudot?gx-no-cache=1460637114174 HTTP/1.1" 200 1143
191.112.114.98 - - [14/Apr/2016:09:31:34 -0300] "GET /cormun/servlet/solicitudot?INS,0,0, HTTP/1.1" 200 11616
191.112.114.98 - - [14/Apr/2016:09:31:34 -0300] "GET /cormun/servlet/solicitudot?INS,0,0, HTTP/1.1" 200 11621
186.103.159.204 - - [14/Apr/2016:09:31:42 -0300] "POST /cormun/servlet/solicitudot?gx-no-cache=1460637123940 HTTP/1.1" 200 1187
186.103.159.204 - - [14/Apr/2016:09:31:42 -0300] "GET /cormun/servlet/solicitudot?470e23458e2a2d4673833fc27d48321d130a3b47685c8712fb75c529765fc6a5c6f1894c6bb8e20a962b799f72003c3ccf089d81951c9f96621f7b444aace3b638ef7cb510637f01c9568fdb8e8de75d14cd8baa6fd9d856ff0f3b134b995f93e1a2954aaaf5e9fb2dd55d6cb89f7855ca225f2987092488f62fe7ce07aa524703685a5ffed82964e6581ebb54a7b46b,gx-no-cache=1460637124045 HTTP/1.1" 200 38
186.103.159.204 - - [14/Apr/2016:09:32:18 -0300] "POST /cormun/servlet/solicitudot?gx-no-cache=1460637160237 HTTP/1.1" 200 1143
186.103.159.204 - - [14/Apr/2016:09:33:17 -0300] "GET /cormun/static/menuarrow.gif HTTP/1.1" 404 1015
186.103.159.204 - - [14/Apr/2016:09:33:26 -0300] "GET /cormun/servlet/solicitudot?470e23458e2a2d4673833fc27d48321d0ef90e043308b54369a483a164d58232f441826815a459d8ddc6ddae0d2e07ee681df87e7def8ab12de23db85ec40eef3311bde4ca1683747e32db66ad24a6e995b91c50d1f96b29cda52683edf48bb95c83a3d1e59e8b45a9012c517c5fd9bd4fa00ad62539315d5023ecb0d9ca93b78798b4fa5121a8caea5994138be8656331e776b5e362c5b75cfeab59c83369ad1c410cb2939c093ebe875462e926493e,gx-no-cache=1460637228391 HTTP/1.1" 200 30
191.112.36.83 - - [14/Apr/2016:09:33:48 -0300] "GET /cormun/servlet/trautorizarsolicitud? HTTP/1.1" 200 5911
191.112.36.83 - - [14/Apr/2016:09:33:49 -0300] "GET /cormun/static/Resources/Spanish/PXTools.css?19284387 HTTP/1.1" 304 -
191.112.36.83 - - [14/Apr/2016:09:33:49 -0300] "GET /cormun/static/gxcfg.js?201632119361219 HTTP/1.1" 304 -
191.112.36.83 - - [14/Apr/2016:09:33:49 -0300] "GET /cormun/static/messages.spa.js?85251 HTTP/1.1" 304 -
191.112.36.83 - - [14/Apr/2016:09:33:50 -0300] "GET /cormun/static/trautorizarsolicitud.js?20163211936186 HTTP/1.1" 304 -
191.112.36.83 - - [14/Apr/2016:09:33:50 -0300] "GET /cormun/static/hwchdr01.js?20162241650484 HTTP/1.1" 304 -
191.112.36.83 - - [14/Apr/2016:09:33:50 -0300] "GET /cormun/static/hpexe_recentlink.js?2015111312121342 HTTP/1.1" 304 -
191.112.36.83 - - [14/Apr/2016:09:33:50 -0300] "GET /cormun/static/hpexe_scripts.js?20151120014546 HTTP/1.1" 304 -
191.112.36.83 - - [14/Apr/2016:09:33:50 -0300] "GET /cormun/static/hpexe_messagecontroller.js?2015112210524422 HTTP/1.1" 304 -
191.112.36.83 - - [14/Apr/2016:09:33:50 -0300] "GET /cormun/static/hpexe_messagepopupcomponent.js?201632119295953 HTTP/1.1" 304 -
191.112.36.83 - - [14/Apr/2016:09:33:50 -0300] "GET /cormun/static/hpexe_messagegenexuscomponent.js?20151120014314 HTTP/1.1" 304 -
191.112.36.83 - - [14/Apr/2016:09:33:50 -0300] "GET /cormun/static/cmcontrolpreferences.js?20151120014525 HTTP/1.1" 304 -
191.112.36.83 - - [14/Apr/2016:09:33:50 -0300] "GET /cormun/static/Resources/PXToolsHeaderBackground2.png HTTP/1.1" 304 -
191.112.36.83 - - [14/Apr/2016:09:33:50 -0300] "GET /cormun/static/hmpwkw03.js?201631622503633 HTTP/1.1" 304 -
191.112.36.83 - - [14/Apr/2016:09:33:50 -0300] "GET /cormun/static/Resources/PXTools/calendar.png HTTP/1.1" 304 -
191.112.36.83 - - [14/Apr/2016:09:33:50 -0300] "GET /cormun/static/Resources/logo4.png HTTP/1.1" 304 -
191.112.36.83 - - [14/Apr/2016:09:33:51 -0300] "GET /cormun/servlet/trautorizarsolicitud? HTTP/1.1" 200 5921
191.112.36.83 - - [14/Apr/2016:09:33:51 -0300] "GET /cormun/servlet/hlogin HTTP/1.1" 200 1742
191.112.36.83 - - [14/Apr/2016:09:33:51 -0300] "GET /cormun/static/Resources/Spanish/PXTools.css?005343 HTTP/1.1" 304 -
191.112.36.83 - - [14/Apr/2016:09:33:51 -0300] "GET /cormun/static/gxcfg.js?20151120045111 HTTP/1.1" 304 -
191.112.36.83 - - [14/Apr/2016:09:33:51 -0300] "GET /cormun/static/hlogin.js?20151120045126 HTTP/1.1" 304 -
191.112.36.83 - - [14/Apr/2016:09:33:51 -0300] "GET /cormun/static/Resources/PXToolsButtonLeft21.png HTTP/1.1" 304 -
191.112.36.83 - - [14/Apr/2016:09:33:51 -0300] "GET /cormun/static/Resources/PXToolsButtonRight21.png HTTP/1.1" 304 -
191.112.36.83 - - [14/Apr/2016:09:33:51 -0300] "GET /cormun/static/Resources/PXToolsButtonBackground2.png HTTP/1.1" 304 -
191.112.36.83 - - [14/Apr/2016:09:33:54 -0300] "POST /cormun/servlet/hlogin?a1ea8396c91747bea50adea06be14964,gx-no-cache=1460640855830 HTTP/1.1" 200 90
191.112.36.83 - - [14/Apr/2016:09:33:54 -0300] "GET /cormun/servlet/hpexe_link HTTP/1.1" 200 964
191.112.36.83 - - [14/Apr/2016:09:33:54 -0300] "GET /cormun/static/hpexe_link.js?20151120044398 HTTP/1.1" 304 -
191.112.36.83 - - [14/Apr/2016:09:33:54 -0300] "GET /cormun/static/gxcfg.js?20151120044395 HTTP/1.1" 304 -
191.112.36.83 - - [14/Apr/2016:09:33:54 -0300] "GET /cormun/servlet/trautorizarsolicitud HTTP/1.1" 200 6205
191.112.36.83 - - [14/Apr/2016:09:33:56 -0300] "GET /cormun/servlet/trautorizarsolicitud HTTP/1.1" 200 6204
191.112.36.83 - - [14/Apr/2016:09:33:59 -0300] "GET /cormun/static/menuarrow.gif HTTP/1.1" 404 1015
186.103.159.204 - - [14/Apr/2016:09:34:04 -0300] "POST /cormun/servlet/solicitudot?6576ae6ac9e17bb5ad7558992f0e67f4,INS,0,0,,gx-no-cache=1460637266296 HTTP/1.1" 200 9505
186.103.159.204 - - [14/Apr/2016:09:34:05 -0300] "GET /cormun/static/Shared/jqueryui/images/ui-bg_highlight-soft_100_c6c2c8_1x100.png HTTP/1.1" 404 1117
186.103.159.204 - - [14/Apr/2016:09:34:05 -0300] "GET /cormun/static/Shared/jqueryui/images/ui-icons_82798d_256x240.png HTTP/1.1" 404 1089
186.103.159.204 - - [14/Apr/2016:09:34:05 -0300] "GET /cormun/static/Shared/jqueryui/images/ui-icons_ebccce_256x240.png HTTP/1.1" 404 1089
186.103.159.204 - - [14/Apr/2016:09:34:05 -0300] "GET /cormun/static/Shared/jqueryui/images/ui-bg_flat_55_994d53_40x100.png HTTP/1.1" 404 1097
191.112.36.83 - - [14/Apr/2016:09:34:07 -0300] "POST /cormun/servlet/trautorizarsolicitud?a1ea8396c91747bea50adea06be14964,gx-no-cache=1460640868192 HTTP/1.1" 200 6642
191.112.36.83 - - [14/Apr/2016:09:34:07 -0300] "GET /cormun//static/Resources/PXTools/ActionInsert.png HTTP/1.1" 304 -
186.103.159.204 - - [14/Apr/2016:09:34:28 -0300] "GET /cormun/servlet/prcontratosol?17134794,,,,,MD,,gxPopupLevel%3D0%3B HTTP/1.1" 200 5748
115.239.228.8 - - [14/Apr/2016:09:34:31 -0300] "GET /cgi-bin/common/attr?id=260714&r=0.2105279896259562 HTTP/1.1" 404 999
191.112.36.83 - - [14/Apr/2016:09:34:37 -0300] "POST /cormun/servlet/trautorizarsolicitud?a1ea8396c91747bea50adea06be14964,gx-no-cache=1460640897665 HTTP/1.1" 200 6389
191.112.36.83 - - [14/Apr/2016:09:34:38 -0300] "GET /cormun/static/Shared/jqueryui/images/ui-icons_82798d_256x240.png HTTP/1.1" 404 1089
191.112.36.83 - - [14/Apr/2016:09:34:39 -0300] "GET /cormun/static/Shared/jqueryui/images/ui-bg_flat_55_fafafa_40x100.png HTTP/1.1" 404 1097
191.112.36.83 - - [14/Apr/2016:09:34:39 -0300] "GET /cormun/static/Shared/jqueryui/images/ui-bg_highlight-soft_100_c6c2c8_1x100.png HTTP/1.1" 404 1117
191.112.36.83 - - [14/Apr/2016:09:34:39 -0300] "GET /cormun/static/Shared/jqueryui/images/ui-icons_8d78a5_256x240.png HTTP/1.1" 404 1089
191.112.36.83 - - [14/Apr/2016:09:34:41 -0300] "POST /cormun/servlet/trautorizarsolicitud?a1ea8396c91747bea50adea06be14964,gx-no-cache=1460640900085 HTTP/1.1" 200 6332
186.103.159.204 - - [14/Apr/2016:09:34:44 -0300] "POST /cormun/servlet/solicitudot?gx-no-cache=1460637306295 HTTP/1.1" 200 1187
186.103.159.204 - - [14/Apr/2016:09:34:44 -0300] "GET /cormun/servlet/solicitudot?470e23458e2a2d4673833fc27d48321d130a3b47685c8712fb75c529765fc6a5c6f1894c6bb8e20a962b799f72003c3ccf089d81951c9f96621f7b444aace3b638ef7cb510637f01c9568fdb8e8de75d14cd8baa6fd9d856ff0f3b134b995f93e1a2954aaaf5e9fb2dd55d6cb89f7855ca225f2987092488f62fe7ce07aa5247da9cb6539694147199138b2eab1a211e27034d92f0ac54a5962a71dd469edcbd,gx-no-cache=1460637306422 HTTP/1.1" 200 41
186.103.159.204 - - [14/Apr/2016:09:34:44 -0300] "POST /cormun/servlet/solicitudot?gx-no-cache=1460637306492 HTTP/1.1" 200 1143
186.103.159.204 - - [14/Apr/2016:09:34:58 -0300] "GET /cormun/servlet/solicitudot?470e23458e2a2d4673833fc27d48321d0ef90e043308b54369a483a164d58232f441826815a459d8ddc6ddae0d2e07ee681df87e7def8ab12de23db85ec40eef3311bde4ca1683747e32db66ad24a6e995b91c50d1f96b29cda52683edf48bb95c83a3d1e59e8b45a9012c517c5fd9bd4fa00ad62539315d5023ecb0d9ca93b78798b4fa5121a8caea5994138be8656331e776b5e362c5b75cfeab59c83369ad50584f7962d7a1bb6134e9e11ee4e7d1,gx-no-cache=1460637320592 HTTP/1.1" 200 30
186.103.159.204 - - [14/Apr/2016:09:34:59 -0300] "POST /cormun/servlet/solicitudot?6576ae6ac9e17bb5ad7558992f0e67f4,INS,0,0,,gx-no-cache=1460637320651 HTTP/1.1" 200 9551
186.103.159.204 - - [14/Apr/2016:09:35:52 -0300] "GET /cormun/servlet/solicitudot?470e23458e2a2d4673833fc27d48321d0ef90e043308b54369a483a164d58232f441826815a459d8ddc6ddae0d2e07ee681df87e7def8ab12de23db85ec40eef3311bde4ca1683747e32db66ad24a6e995b91c50d1f96b29cda52683edf48bb95c83a3d1e59e8b45a9012c517c5fd9bd4fa00ad62539315d5023ecb0d9ca93b78798b4fa5121a8caea5994138be8656331e776b5e362c5b75cfeab59c83369ad5dc4ffc0cac8c611ec2e1f695302c015,gx-no-cache=1460637373877 HTTP/1.1" 200 30
186.103.159.204 - - [14/Apr/2016:09:35:52 -0300] "POST /cormun/servlet/solicitudot?6576ae6ac9e17bb5ad7558992f0e67f4,INS,0,0,,gx-no-cache=1460637373948 HTTP/1.1" 200 9606
191.112.114.98 - - [14/Apr/2016:09:36:16 -0300] "GET /cormun/servlet/trvisualizadoreventos? HTTP/1.1" 200 6221
191.112.114.98 - - [14/Apr/2016:09:36:17 -0300] "GET /cormun/servlet/trvisualizadoreventos? HTTP/1.1" 200 6215
186.103.159.204 - - [14/Apr/2016:09:36:22 -0300] "POST /cormun/servlet/solicitudot?6576ae6ac9e17bb5ad7558992f0e67f4,INS,0,0,,gx-no-cache=1460637403686 HTTP/1.1" 200 93
186.103.159.204 - - [14/Apr/2016:09:36:22 -0300] "GET /cormun/servlet/hpexe_return? HTTP/1.1" 200 1011
186.103.159.204 - - [14/Apr/2016:09:36:22 -0300] "GET /cormun/servlet/trsolicitudot HTTP/1.1" 200 7697
186.103.159.204 - - [14/Apr/2016:09:36:23 -0300] "GET /cormun/servlet/trsolicitudot HTTP/1.1" 200 7694
191.112.114.98 - - [14/Apr/2016:09:36:24 -0300] "GET /cormun/static/menuarrow.gif HTTP/1.1" 404 1015
186.103.159.204 - - [14/Apr/2016:09:36:27 -0300] "GET /cormun/servlet/solicitudot?INS,0,0, HTTP/1.1" 200 11720
186.103.159.204 - - [14/Apr/2016:09:36:27 -0300] "GET /cormun/servlet/solicitudot?INS,0,0, HTTP/1.1" 200 11725
191.112.114.98 - - [14/Apr/2016:09:36:28 -0300] "POST /cormun/servlet/trvisualizadoreventos?7046298953b4dc16dce9d9fc8f729843,,gx-no-cache=1460637421361 HTTP/1.1" 200 3514
191.112.114.98 - - [14/Apr/2016:09:36:35 -0300] "POST /cormun/servlet/trvisualizadoreventos?7046298953b4dc16dce9d9fc8f729843,,gx-no-cache=1460637428678 HTTP/1.1" 200 3517
191.112.114.98 - - [14/Apr/2016:09:36:58 -0300] "GET /cormun/servlet/hhome HTTP/1.1" 200 3481
191.112.114.98 - - [14/Apr/2016:09:36:59 -0300] "GET /cormun/servlet/hhome HTTP/1.1" 200 3482
186.103.159.204 - - [14/Apr/2016:09:36:59 -0300] "POST /cormun/servlet/solicitudot?gx-no-cache=1460637441207 HTTP/1.1" 200 2786
186.103.159.204 - - [14/Apr/2016:09:36:59 -0300] "POST /cormun/servlet/solicitudot?6576ae6ac9e17bb5ad7558992f0e67f4,INS,0,0,,gx-no-cache=1460637441537 HTTP/1.1" 200 8538
186.103.159.204 - - [14/Apr/2016:09:37:02 -0300] "GET /cormun/servlet/solicitudot?470e23458e2a2d4673833fc27d48321d5c736e9aacebf895878d39dc642216a74b294068ce8d9af9af03a8d2525e8ad1,gx-no-cache=1460637444746 HTTP/1.1" 200 30
186.103.159.204 - - [14/Apr/2016:09:37:03 -0300] "POST /cormun/servlet/solicitudot?gx-no-cache=1460637444841 HTTP/1.1" 200 30
186.103.159.204 - - [14/Apr/2016:09:37:07 -0300] "POST /cormun/servlet/solicitudot?gx-no-cache=1460637448925 HTTP/1.1" 200 30
186.103.159.204 - - [14/Apr/2016:09:37:08 -0300] "GET /cormun/servlet/prcontratosol?18647240,,,,,MD,,gxPopupLevel%3D0%3B HTTP/1.1" 200 5749
186.103.159.204 - - [14/Apr/2016:09:37:15 -0300] "POST /cormun/servlet/solicitudot?gx-no-cache=1460637457373 HTTP/1.1" 200 1187
186.103.159.204 - - [14/Apr/2016:09:37:15 -0300] "GET /cormun/servlet/solicitudot?470e23458e2a2d4673833fc27d48321d130a3b47685c8712fb75c529765fc6a5c6f1894c6bb8e20a962b799f72003c3ccf089d81951c9f96621f7b444aace3b638ef7cb510637f01c9568fdb8e8de75d14cd8baa6fd9d856ff0f3b134b995f93e1a2954aaaf5e9fb2dd55d6cb89f7855ca225f2987092488f62fe7ce07aa524703685a5ffed82964e6581ebb54a7b46b,gx-no-cache=1460637457539 HTTP/1.1" 200 38
186.103.159.204 - - [14/Apr/2016:09:37:15 -0300] "GET /cormun/servlet/solicitudot?470e23458e2a2d4673833fc27d48321d03df3743a15786fc79ae89de0a8699da7b5bfe7c23d2cfa37e4813f1a793420f3f0a82fea06f559a02dce818505996ae0b4421962d78dd6cf38ae1d19442c53bc910d086cb115c38944f8814e4d6660f26c0080fdbc4d0f692410d5e573313db3b3597b8cbef4487b8ce3be3769c54fe,gx-no-cache=1460637457618 HTTP/1.1" 200 29
186.103.159.204 - - [14/Apr/2016:09:37:15 -0300] "POST /cormun/servlet/solicitudot?gx-no-cache=1460637457666 HTTP/1.1" 200 1143
186.103.159.204 - - [14/Apr/2016:09:37:27 -0300] "POST /cormun/servlet/solicitudot?gx-no-cache=1460637469286 HTTP/1.1" 200 1187
186.103.159.204 - - [14/Apr/2016:09:37:27 -0300] "GET /cormun/servlet/solicitudot?470e23458e2a2d4673833fc27d48321d130a3b47685c8712fb75c529765fc6a5c6f1894c6bb8e20a962b799f72003c3ccf089d81951c9f96621f7b444aace3b638ef7cb510637f01c9568fdb8e8de75d14cd8baa6fd9d856ff0f3b134b995f93e1a2954aaaf5e9fb2dd55d6cb89f7855ca225f2987092488f62fe7ce07aa524703685a5ffed82964e6581ebb54a7b46b,gx-no-cache=1460637469421 HTTP/1.1" 200 38
191.112.114.98 - - [14/Apr/2016:09:37:38 -0300] "GET /cormun/servlet/trvisualizadoreventos? HTTP/1.1" 200 6217
191.112.114.98 - - [14/Apr/2016:09:37:39 -0300] "GET /cormun/servlet/trvisualizadoreventos? HTTP/1.1" 200 6217
186.103.159.204 - - [14/Apr/2016:09:38:16 -0300] "POST /cormun/servlet/solicitudot?gx-no-cache=1460637517775 HTTP/1.1" 200 1143
186.103.159.204 - - [14/Apr/2016:09:38:22 -0300] "GET /cormun/static/menuarrow.gif HTTP/1.1" 404 1015
186.103.159.204 - - [14/Apr/2016:09:38:31 -0300] "GET /cormun/servlet/solicitudot?470e23458e2a2d4673833fc27d48321d19164229dd6937d0a5e9152d552ba70e0d8ce38640636f2d8265cfa9b3e42229681df87e7def8ab12de23db85ec40eef3311bde4ca1683747e32db66ad24a6e995b91c50d1f96b29cda52683edf48bb95c83a3d1e59e8b45a9012c517c5fd9bd4fa00ad62539315d5023ecb0d9ca93b78798b4fa5121a8caea5994138be8656331e776b5e362c5b75cfeab59c83369ad1c410cb2939c093ebe875462e926493e,gx-no-cache=1460637533691 HTTP/1.1" 200 30
186.103.159.204 - - [14/Apr/2016:09:38:58 -0300] "POST /cormun/servlet/solicitudot?6576ae6ac9e17bb5ad7558992f0e67f4,INS,0,0,,gx-no-cache=1460637560426 HTTP/1.1" 200 93
186.103.159.204 - - [14/Apr/2016:09:38:58 -0300] "GET /cormun/servlet/hpexe_return? HTTP/1.1" 200 1011
186.103.159.204 - - [14/Apr/2016:09:38:59 -0300] "GET /cormun/servlet/trsolicitudot HTTP/1.1" 200 8022
186.103.159.204 - - [14/Apr/2016:09:39:00 -0300] "GET /cormun/servlet/trsolicitudot HTTP/1.1" 200 8019
186.103.159.204 - - [14/Apr/2016:09:39:15 -0300] "GET /cormun/servlet/solicitudot?INS,0,0, HTTP/1.1" 200 11721
186.103.159.204 - - [14/Apr/2016:09:39:16 -0300] "GET /cormun/servlet/solicitudot?INS,0,0, HTTP/1.1" 200 11725
186.103.159.204 - - [14/Apr/2016:09:39:29 -0300] "POST /cormun/servlet/solicitudot?gx-no-cache=1460637591101 HTTP/1.1" 200 2771
186.103.159.204 - - [14/Apr/2016:09:39:29 -0300] "POST /cormun/servlet/solicitudot?6576ae6ac9e17bb5ad7558992f0e67f4,INS,0,0,,gx-no-cache=1460637591291 HTTP/1.1" 200 8518
186.103.159.204 - - [14/Apr/2016:09:39:31 -0300] "GET /cormun/servlet/solicitudot?470e23458e2a2d4673833fc27d48321dcadd20f1ac7ebda76a9fe837090b83a94b294068ce8d9af9af03a8d2525e8ad1,gx-no-cache=1460637593415 HTTP/1.1" 200 30
186.103.159.204 - - [14/Apr/2016:09:39:31 -0300] "POST /cormun/servlet/solicitudot?gx-no-cache=1460637593489 HTTP/1.1" 200 30
186.103.159.204 - - [14/Apr/2016:09:39:35 -0300] "POST /cormun/servlet/solicitudot?gx-no-cache=1460637596953 HTTP/1.1" 200 30
186.103.159.204 - - [14/Apr/2016:09:39:36 -0300] "GET /cormun/servlet/prcontratosol?18646747,,,,,MD,,gxPopupLevel%3D0%3B HTTP/1.1" 200 5748
186.103.159.204 - - [14/Apr/2016:09:39:41 -0300] "POST /cormun/servlet/solicitudot?gx-no-cache=1460637603048 HTTP/1.1" 200 1187
186.103.159.204 - - [14/Apr/2016:09:39:41 -0300] "GET /cormun/servlet/solicitudot?470e23458e2a2d4673833fc27d48321d130a3b47685c8712fb75c529765fc6a5c6f1894c6bb8e20a962b799f72003c3ccf089d81951c9f96621f7b444aace3b638ef7cb510637f01c9568fdb8e8de75d14cd8baa6fd9d856ff0f3b134b995f93e1a2954aaaf5e9fb2dd55d6cb89f7855ca225f2987092488f62fe7ce07aa524703685a5ffed82964e6581ebb54a7b46b,gx-no-cache=1460637603184 HTTP/1.1" 200 38
186.103.159.204 - - [14/Apr/2016:09:39:41 -0300] "GET /cormun/servlet/solicitudot?470e23458e2a2d4673833fc27d48321d03df3743a15786fc79ae89de0a8699da7b5bfe7c23d2cfa37e4813f1a793420f3f0a82fea06f559a02dce818505996ae0b4421962d78dd6cf38ae1d19442c53bc910d086cb115c38944f8814e4d6660f26c0080fdbc4d0f692410d5e573313db3b3597b8cbef4487b8ce3be3769c54fe,gx-no-cache=1460637603272 HTTP/1.1" 200 29
186.103.159.204 - - [14/Apr/2016:09:39:41 -0300] "POST /cormun/servlet/solicitudot?gx-no-cache=1460637603329 HTTP/1.1" 200 1143
186.103.159.204 - - [14/Apr/2016:09:39:48 -0300] "POST /cormun/servlet/solicitudot?gx-no-cache=1460637610424 HTTP/1.1" 200 1187
186.103.159.204 - - [14/Apr/2016:09:39:48 -0300] "GET /cormun/servlet/solicitudot?470e23458e2a2d4673833fc27d48321d130a3b47685c8712fb75c529765fc6a5c6f1894c6bb8e20a962b799f72003c3ccf089d81951c9f96621f7b444aace3b638ef7cb510637f01c9568fdb8e8de75d14cd8baa6fd9d856ff0f3b134b995f93e1a2954aaaf5e9fb2dd55d6cb89f7855ca225f2987092488f62fe7ce07aa524703685a5ffed82964e6581ebb54a7b46b,gx-no-cache=1460637610552 HTTP/1.1" 200 38
186.103.159.204 - - [14/Apr/2016:09:40:10 -0300] "POST /cormun/servlet/solicitudot?gx-no-cache=1460637632296 HTTP/1.1" 200 1143
186.103.159.204 - - [14/Apr/2016:09:40:16 -0300] "GET /cormun/static/menuarrow.gif HTTP/1.1" 404 1015
186.103.159.204 - - [14/Apr/2016:09:40:25 -0300] "GET /cormun/servlet/solicitudot?470e23458e2a2d4673833fc27d48321d96a93f796dee2155c9ab8a06f3f3be8ae6604b1d4d6374ad7d518e152a0b1d77681df87e7def8ab12de23db85ec40eef3311bde4ca1683747e32db66ad24a6e995b91c50d1f96b29cda52683edf48bb95c83a3d1e59e8b45a9012c517c5fd9bd4fa00ad62539315d5023ecb0d9ca93b78798b4fa5121a8caea5994138be8656331e776b5e362c5b75cfeab59c83369ad1c410cb2939c093ebe875462e926493e,gx-no-cache=1460637646925 HTTP/1.1" 200 30
186.103.159.204 - - [14/Apr/2016:09:40:38 -0300] "POST /cormun/servlet/solicitudot?6576ae6ac9e17bb5ad7558992f0e67f4,INS,0,0,,gx-no-cache=1460637660126 HTTP/1.1" 200 9481
186.103.159.204 - - [14/Apr/2016:09:40:38 -0300] "GET /cormun/static/Shared/jqueryui/images/ui-bg_highlight-soft_100_c6c2c8_1x100.png HTTP/1.1" 404 1117
186.103.159.204 - - [14/Apr/2016:09:40:38 -0300] "GET /cormun/static/Shared/jqueryui/images/ui-bg_flat_55_994d53_40x100.png HTTP/1.1" 404 1097
186.103.159.204 - - [14/Apr/2016:09:40:38 -0300] "GET /cormun/static/Shared/jqueryui/images/ui-icons_82798d_256x240.png HTTP/1.1" 404 1089
186.103.159.204 - - [14/Apr/2016:09:40:38 -0300] "GET /cormun/static/Shared/jqueryui/images/ui-icons_ebccce_256x240.png HTTP/1.1" 404 1089
192.168.10.89 - - [14/Apr/2016:09:40:45 -0300] "POST /cormun/servlet/trsolicitudgral?e42758514e0a4440c95586de061c0cf1,gx-no-cache=1460637379360 HTTP/1.1" 200 7046
186.103.159.204 - - [14/Apr/2016:09:40:55 -0300] "GET /cormun/servlet/solicitudot?470e23458e2a2d4673833fc27d48321d96a93f796dee2155c9ab8a06f3f3be8ae6604b1d4d6374ad7d518e152a0b1d77681df87e7def8ab12de23db85ec40eef3311bde4ca1683747e32db66ad24a6e995b91c50d1f96b29cda52683edf48bb95c83a3d1e59e8b45a9012c517c5fd9bd4fa00ad62539315d5023ecb0d9ca93b78798b4fa5121a8caea5994138be8656331e776b5e362c5b75cfeab59c83369ad1c410cb2939c093ebe875462e926493e,gx-no-cache=1460637677666 HTTP/1.1" 200 30
186.103.159.204 - - [14/Apr/2016:09:40:56 -0300] "POST /cormun/servlet/solicitudot?6576ae6ac9e17bb5ad7558992f0e67f4,INS,0,0,,gx-no-cache=1460637677707 HTTP/1.1" 200 9526
186.103.159.204 - - [14/Apr/2016:09:41:14 -0300] "GET /cormun/servlet/prcontratosol?18646747,,,,,MD,,gxPopupLevel%3D0%3B HTTP/1.1" 200 5748
191.112.35.53 - - [14/Apr/2016:09:41:20 -0300] "POST /cormun/servlet/trsolicitudot?55bed2cc774f56eff07190086dbd34cc,gx-no-cache=1460637705722 HTTP/1.1" 200 106
191.112.35.53 - - [14/Apr/2016:09:41:21 -0300] "GET /cormun/servlet/trsolicitudadjuntos?2016,1362, HTTP/1.1" 200 5532
191.112.114.98 - - [14/Apr/2016:09:41:21 -0300] "GET /cormun/servlet/hlogin HTTP/1.1" 200 1715
191.112.114.98 - - [14/Apr/2016:09:41:23 -0300] "POST /cormun/servlet/hlogin?821898caa112861c77f31e7169638833,gx-no-cache=1460637716357 HTTP/1.1" 200 90
191.112.35.53 - - [14/Apr/2016:09:41:23 -0300] "GET /cormun/servlet/trsolicitudadjuntos?2016,1362, HTTP/1.1" 200 5532
191.112.114.98 - - [14/Apr/2016:09:41:23 -0300] "GET /cormun/servlet/hpexe_link HTTP/1.1" 200 946
191.112.36.83 - - [14/Apr/2016:09:41:23 -0300] "GET /cormun/servlet/trautorizarsolicitud? HTTP/1.1" 200 8927
191.112.114.98 - - [14/Apr/2016:09:41:23 -0300] "GET /cormun/servlet/hhome HTTP/1.1" 200 3485
191.112.114.98 - - [14/Apr/2016:09:41:24 -0300] "GET /cormun/servlet/hhome HTTP/1.1" 200 3482
191.112.36.83 - - [14/Apr/2016:09:41:25 -0300] "GET /cormun/servlet/trautorizarsolicitud? HTTP/1.1" 200 8927
186.103.159.204 - - [14/Apr/2016:09:41:26 -0300] "POST /cormun/servlet/solicitudot?6576ae6ac9e17bb5ad7558992f0e67f4,INS,0,0,,gx-no-cache=1460637708239 HTTP/1.1" 200 93
186.103.159.204 - - [14/Apr/2016:09:41:26 -0300] "GET /cormun/servlet/hpexe_return? HTTP/1.1" 200 1011
186.103.159.204 - - [14/Apr/2016:09:41:26 -0300] "GET /cormun/servlet/trsolicitudot HTTP/1.1" 200 8022
191.112.36.83 - - [14/Apr/2016:09:41:27 -0300] "GET /cormun/servlet/trautorizarsolicitud? HTTP/1.1" 200 8937
186.103.159.204 - - [14/Apr/2016:09:41:27 -0300] "GET /cormun/servlet/trsolicitudot HTTP/1.1" 200 8019
191.112.114.98 - - [14/Apr/2016:09:41:30 -0300] "GET /cormun/servlet/trvisualizadoreventos? HTTP/1.1" 200 6209
191.112.114.98 - - [14/Apr/2016:09:41:31 -0300] "GET /cormun/servlet/trvisualizadoreventos? HTTP/1.1" 200 6209
191.112.35.53 - - [14/Apr/2016:09:41:34 -0300] "GET /cormun/servlet/solicitudotadjuntos?INS,2016,1362,,1, HTTP/1.1" 200 5621
191.112.35.53 - - [14/Apr/2016:09:41:35 -0300] "GET /cormun/static/about:blank HTTP/1.1" 404 1011
191.112.35.53 - - [14/Apr/2016:09:41:36 -0300] "GET /cormun/servlet/solicitudotadjuntos?INS,2016,1362,,1, HTTP/1.1" 200 5615
191.112.35.53 - - [14/Apr/2016:09:41:37 -0300] "GET /cormun/servlet/solicitudotadjuntos?8dc28ce61bfab43cd04a3abb3a60ae7bae26853b4b4e3b62474fda9a9f5735d2232598bf564070ef88742af2cc98e055,gx-no-cache=1460637721490 HTTP/1.1" 200 30
191.112.35.53 - - [14/Apr/2016:09:41:38 -0300] "POST /cormun/servlet/solicitudotadjuntos?55bed2cc774f56eff07190086dbd34cc,INS,2016,1362,,1,,gx-no-cache=1460637722319 HTTP/1.1" 200 3470
191.112.114.98 - - [14/Apr/2016:09:41:39 -0300] "GET /cormun/static/menuarrow.gif HTTP/1.1" 404 1015
191.112.114.98 - - [14/Apr/2016:09:41:43 -0300] "POST /cormun/servlet/trvisualizadoreventos?821898caa112861c77f31e7169638833,,gx-no-cache=1460637736248 HTTP/1.1" 200 3497
191.112.35.53 - - [14/Apr/2016:09:42:04 -0300] "POST /cormun/servlet/solicitudotadjuntos?gx-no-cache=1460637748367 HTTP/1.1" 200 26
191.112.114.98 - - [14/Apr/2016:09:42:12 -0300] "GET /cormun/Manuales/ManualSolicitud.pdf HTTP/1.1" 200 850295
191.112.35.53 - - [14/Apr/2016:09:42:33 -0300] "GET /cormun/servlet/solicitudotadjuntos?8dc28ce61bfab43cd04a3abb3a60ae7b7994bed6ba303d8fdd9aef0b8f28f605,gx-no-cache=1460637778328 HTTP/1.1" 200 30
191.112.35.53 - - [14/Apr/2016:09:42:33 -0300] "GET /cormun/servlet/solicitudotadjuntos?8dc28ce61bfab43cd04a3abb3a60ae7b7994bed6ba303d8fdd9aef0b8f28f605,gx-no-cache=1460637778447 HTTP/1.1" 200 30
191.112.114.98 - - [14/Apr/2016:09:42:34 -0300] "GET /cormun/servlet/hlogin HTTP/1.1" 200 1715
191.112.114.98 - - [14/Apr/2016:09:42:36 -0300] "POST /cormun/servlet/hlogin?821898caa112861c77f31e7169638833,gx-no-cache=1460637789368 HTTP/1.1" 200 90
191.112.114.98 - - [14/Apr/2016:09:42:36 -0300] "GET /cormun/servlet/hpexe_link HTTP/1.1" 200 957
191.112.114.98 - - [14/Apr/2016:09:42:36 -0300] "GET /cormun/servlet/trvisualizadoreventos? HTTP/1.1" 200 6213
191.112.114.98 - - [14/Apr/2016:09:42:37 -0300] "GET /cormun/servlet/trvisualizadoreventos? HTTP/1.1" 200 6212
191.112.35.53 - - [14/Apr/2016:09:42:38 -0300] "POST /cormun/servlet/solicitudotadjuntos?55bed2cc774f56eff07190086dbd34cc,INS,2016,1362,,1, HTTP/1.1" 200 116
191.112.35.53 - - [14/Apr/2016:09:42:38 -0300] "GET /cormun/servlet/hpexe_return? HTTP/1.1" 200 1029
191.112.35.53 - - [14/Apr/2016:09:42:39 -0300] "GET /cormun/servlet/trsolicitudadjuntos?2016,1362, HTTP/1.1" 200 7408
191.112.35.53 - - [14/Apr/2016:09:42:40 -0300] "GET /cormun/servlet/trsolicitudadjuntos?2016,1362, HTTP/1.1" 200 7404
191.112.35.53 - - [14/Apr/2016:09:42:45 -0300] "GET /cormun/servlet/solicitudotadjuntos?INS,2016,1362,,1, HTTP/1.1" 200 5621
191.112.35.53 - - [14/Apr/2016:09:42:45 -0300] "GET /cormun/static/about:blank HTTP/1.1" 404 1011
191.112.35.53 - - [14/Apr/2016:09:42:46 -0300] "GET /cormun/servlet/solicitudotadjuntos?INS,2016,1362,,1, HTTP/1.1" 200 5615
191.112.35.53 - - [14/Apr/2016:09:42:47 -0300] "GET /cormun/servlet/solicitudotadjuntos?8dc28ce61bfab43cd04a3abb3a60ae7bae26853b4b4e3b62474fda9a9f5735d2232598bf564070ef88742af2cc98e055,gx-no-cache=1460637792185 HTTP/1.1" 200 30
191.112.35.53 - - [14/Apr/2016:09:42:47 -0300] "POST /cormun/servlet/solicitudotadjuntos?55bed2cc774f56eff07190086dbd34cc,INS,2016,1362,,1,,gx-no-cache=1460637792345 HTTP/1.1" 200 3470
191.112.114.98 - - [14/Apr/2016:09:42:49 -0300] "GET /cormun/servlet/trsolicitudot? HTTP/1.1" 200 6399
191.112.114.98 - - [14/Apr/2016:09:42:50 -0300] "GET /cormun/servlet/trsolicitudot? HTTP/1.1" 200 6398
191.112.35.53 - - [14/Apr/2016:09:42:51 -0300] "POST /cormun/servlet/solicitudotadjuntos?gx-no-cache=1460637795982 HTTP/1.1" 200 26
191.112.114.98 - - [14/Apr/2016:09:42:59 -0300] "GET /cormun/servlet/solicitudot?INS,0,0, HTTP/1.1" 200 11616
191.112.35.53 - - [14/Apr/2016:09:42:59 -0300] "GET /cormun/servlet/solicitudotadjuntos?8dc28ce61bfab43cd04a3abb3a60ae7b7994bed6ba303d8fdd9aef0b8f28f605,gx-no-cache=1460637804341 HTTP/1.1" 200 30
191.112.35.53 - - [14/Apr/2016:09:42:59 -0300] "GET /cormun/servlet/solicitudotadjuntos?8dc28ce61bfab43cd04a3abb3a60ae7b7994bed6ba303d8fdd9aef0b8f28f605,gx-no-cache=1460637804451 HTTP/1.1" 200 30
191.112.114.98 - - [14/Apr/2016:09:42:59 -0300] "GET /cormun/servlet/solicitudot?INS,0,0, HTTP/1.1" 200 11620
191.112.35.53 - - [14/Apr/2016:09:43:04 -0300] "POST /cormun/servlet/solicitudotadjuntos?55bed2cc774f56eff07190086dbd34cc,INS,2016,1362,,1, HTTP/1.1" 200 116
191.112.35.53 - - [14/Apr/2016:09:43:04 -0300] "GET /cormun/servlet/hpexe_return? HTTP/1.1" 200 1029
191.112.35.53 - - [14/Apr/2016:09:43:04 -0300] "GET /cormun/servlet/trsolicitudadjuntos?2016,1362, HTTP/1.1" 200 7573
191.112.35.53 - - [14/Apr/2016:09:43:06 -0300] "GET /cormun/servlet/trsolicitudadjuntos?2016,1362, HTTP/1.1" 200 7568
191.112.35.53 - - [14/Apr/2016:09:43:11 -0300] "GET /cormun/servlet/solicitudotadjuntos?INS,2016,1362,,1, HTTP/1.1" 200 5621
191.112.35.53 - - [14/Apr/2016:09:43:12 -0300] "GET /cormun/static/about:blank HTTP/1.1" 404 1011
191.112.35.53 - - [14/Apr/2016:09:43:12 -0300] "GET /cormun/servlet/solicitudotadjuntos?INS,2016,1362,,1, HTTP/1.1" 200 5615
191.112.35.53 - - [14/Apr/2016:09:43:13 -0300] "GET /cormun/servlet/solicitudotadjuntos?8dc28ce61bfab43cd04a3abb3a60ae7bae26853b4b4e3b62474fda9a9f5735d2232598bf564070ef88742af2cc98e055,gx-no-cache=1460637818015 HTTP/1.1" 200 30
191.112.35.53 - - [14/Apr/2016:09:43:13 -0300] "POST /cormun/servlet/solicitudotadjuntos?55bed2cc774f56eff07190086dbd34cc,INS,2016,1362,,1,,gx-no-cache=1460637818115 HTTP/1.1" 200 3470
191.112.114.98 - - [14/Apr/2016:09:43:14 -0300] "GET /cormun/servlet/trcontratoobservacion? HTTP/1.1" 200 6130
191.112.114.98 - - [14/Apr/2016:09:43:15 -0300] "GET /cormun/static/gxui/gxui-all.css?110300 HTTP/1.1" 200 2179
191.112.114.98 - - [14/Apr/2016:09:43:15 -0300] "GET /cormun/static/gxcfg.js?20164513505065 HTTP/1.1" 200 953
191.112.114.98 - - [14/Apr/2016:09:43:15 -0300] "GET /cormun/static/trcontratoobservacion.js?20164513505425 HTTP/1.1" 200 25085
191.112.114.98 - - [14/Apr/2016:09:43:15 -0300] "GET /cormun/static/Resources/Spanish/PXTools.css?19284387 HTTP/1.1" 200 89042
191.112.114.98 - - [14/Apr/2016:09:43:16 -0300] "GET /cormun/static/Shared/ext/resources/css/ext-all.css?205870 HTTP/1.1" 200 416045
191.112.114.98 - - [14/Apr/2016:09:43:16 -0300] "GET /cormun/servlet/trcontratoobservacion? HTTP/1.1" 200 6125
191.112.35.53 - - [14/Apr/2016:09:43:17 -0300] "POST /cormun/servlet/solicitudotadjuntos?gx-no-cache=1460637822406 HTTP/1.1" 200 26
191.112.35.53 - - [14/Apr/2016:09:43:26 -0300] "GET /cormun/servlet/solicitudotadjuntos?8dc28ce61bfab43cd04a3abb3a60ae7b7994bed6ba303d8fdd9aef0b8f28f605,gx-no-cache=1460637830893 HTTP/1.1" 200 30
191.112.35.53 - - [14/Apr/2016:09:43:26 -0300] "GET /cormun/servlet/solicitudotadjuntos?8dc28ce61bfab43cd04a3abb3a60ae7b7994bed6ba303d8fdd9aef0b8f28f605,gx-no-cache=1460637831064 HTTP/1.1" 200 30
191.112.35.53 - - [14/Apr/2016:09:43:32 -0300] "POST /cormun/servlet/solicitudotadjuntos?55bed2cc774f56eff07190086dbd34cc,INS,2016,1362,,1, HTTP/1.1" 200 116
191.112.35.53 - - [14/Apr/2016:09:43:32 -0300] "GET /cormun/servlet/hpexe_return? HTTP/1.1" 200 1029
191.112.35.53 - - [14/Apr/2016:09:43:33 -0300] "GET /cormun/servlet/trsolicitudadjuntos?2016,1362, HTTP/1.1" 200 7718
191.112.35.53 - - [14/Apr/2016:09:43:34 -0300] "GET /cormun/servlet/trsolicitudadjuntos?2016,1362, HTTP/1.1" 200 7710
191.112.35.53 - - [14/Apr/2016:09:43:36 -0300] "GET /cormun/servlet/solicitudotadjuntos?INS,2016,1362,,1, HTTP/1.1" 200 5621
191.112.114.98 - - [14/Apr/2016:09:43:36 -0300] "GET /cormun/servlet/trsolicitudot? HTTP/1.1" 200 6399
191.112.35.53 - - [14/Apr/2016:09:43:36 -0300] "GET /cormun/static/about:blank HTTP/1.1" 404 1011
191.112.114.98 - - [14/Apr/2016:09:43:37 -0300] "GET /cormun/servlet/trsolicitudot? HTTP/1.1" 200 6398
191.112.35.53 - - [14/Apr/2016:09:43:37 -0300] "GET /cormun/servlet/solicitudotadjuntos?INS,2016,1362,,1, HTTP/1.1" 200 5615
191.112.35.53 - - [14/Apr/2016:09:43:38 -0300] "GET /cormun/servlet/solicitudotadjuntos?8dc28ce61bfab43cd04a3abb3a60ae7bae26853b4b4e3b62474fda9a9f5735d2232598bf564070ef88742af2cc98e055,gx-no-cache=1460637843371 HTTP/1.1" 200 30
191.112.35.53 - - [14/Apr/2016:09:43:38 -0300] "POST /cormun/servlet/solicitudotadjuntos?55bed2cc774f56eff07190086dbd34cc,INS,2016,1362,,1,,gx-no-cache=1460637843625 HTTP/1.1" 200 3471
191.112.114.98 - - [14/Apr/2016:09:43:40 -0300] "GET /cormun/static/menuarrow.gif HTTP/1.1" 404 1015
191.112.35.53 - - [14/Apr/2016:09:43:42 -0300] "POST /cormun/servlet/solicitudotadjuntos?gx-no-cache=1460637847676 HTTP/1.1" 200 26
191.112.35.53 - - [14/Apr/2016:09:43:50 -0300] "GET /cormun/servlet/solicitudotadjuntos?8dc28ce61bfab43cd04a3abb3a60ae7b7994bed6ba303d8fdd9aef0b8f28f605,gx-no-cache=1460637854964 HTTP/1.1" 200 30
191.112.35.53 - - [14/Apr/2016:09:43:50 -0300] "GET /cormun/servlet/solicitudotadjuntos?8dc28ce61bfab43cd04a3abb3a60ae7b7994bed6ba303d8fdd9aef0b8f28f605,gx-no-cache=1460637855058 HTTP/1.1" 200 30
191.112.114.98 - - [14/Apr/2016:09:43:55 -0300] "GET /cormun/servlet/solicitudot?INS,0,0, HTTP/1.1" 200 11616
191.112.114.98 - - [14/Apr/2016:09:43:55 -0300] "GET /cormun/servlet/solicitudot?INS,0,0, HTTP/1.1" 200 11620
191.112.35.53 - - [14/Apr/2016:09:43:58 -0300] "POST /cormun/servlet/solicitudotadjuntos?55bed2cc774f56eff07190086dbd34cc,INS,2016,1362,,1, HTTP/1.1" 200 116
191.112.35.53 - - [14/Apr/2016:09:43:59 -0300] "GET /cormun/servlet/hpexe_return? HTTP/1.1" 200 1029
191.112.35.53 - - [14/Apr/2016:09:43:59 -0300] "GET /cormun/servlet/trsolicitudadjuntos?2016,1362, HTTP/1.1" 200 7825
191.112.35.53 - - [14/Apr/2016:09:44:01 -0300] "GET /cormun/servlet/trsolicitudadjuntos?2016,1362, HTTP/1.1" 200 7824
191.112.114.98 - - [14/Apr/2016:09:44:04 -0300] "POST /cormun/servlet/solicitudot?821898caa112861c77f31e7169638833,INS,0,0,,gx-no-cache=1460637877360 HTTP/1.1" 200 8650
191.112.114.98 - - [14/Apr/2016:09:44:04 -0300] "GET /cormun/static/Shared/jqueryui/images/ui-bg_highlight-soft_100_c6c2c8_1x100.png HTTP/1.1" 404 1117
191.112.114.98 - - [14/Apr/2016:09:44:04 -0300] "GET /cormun/static/Shared/jqueryui/images/ui-icons_ebccce_256x240.png HTTP/1.1" 404 1089
191.112.114.98 - - [14/Apr/2016:09:44:04 -0300] "GET /cormun/static/Shared/jqueryui/images/ui-icons_82798d_256x240.png HTTP/1.1" 404 1089
191.112.114.98 - - [14/Apr/2016:09:44:04 -0300] "GET /cormun/static/Shared/jqueryui/images/ui-bg_flat_55_994d53_40x100.png HTTP/1.1" 404 1097
191.112.114.98 - - [14/Apr/2016:09:44:07 -0300] "POST /cormun/servlet/solicitudot?gx-no-cache=1460637880604 HTTP/1.1" 200 2668
191.112.114.98 - - [14/Apr/2016:09:44:07 -0300] "POST /cormun/servlet/solicitudot?821898caa112861c77f31e7169638833,INS,0,0,,gx-no-cache=1460637881014 HTTP/1.1" 200 8391
191.112.114.98 - - [14/Apr/2016:09:44:10 -0300] "GET /cormun/servlet/solicitudot?f2a985896ff55b43c508916affeb08c0771086ed0694b731d652e7c2d197343b1403e71e5680efc1734a786b3787c838,gx-no-cache=1460637884049 HTTP/1.1" 200 30
191.112.114.98 - - [14/Apr/2016:09:44:22 -0300] "GET /cormun/static/Resources/resize.gif HTTP/1.1" 200 77
191.112.114.98 - - [14/Apr/2016:09:44:22 -0300] "GET /cormun/servlet/prfichaempleado?,MD,,gxPopupLevel%3D0%3B HTTP/1.1" 200 7901
191.112.114.98 - - [14/Apr/2016:09:44:22 -0300] "GET /cormun/static/gxui/gxui-all.css?1917420 HTTP/1.1" 200 2179
191.112.114.98 - - [14/Apr/2016:09:44:22 -0300] "GET /cormun/static/scaMessage/css/jquery.pnotify.default.css?1816380 HTTP/1.1" 200 1707
191.112.114.98 - - [14/Apr/2016:09:44:22 -0300] "GET /cormun/static/scaMessage/css/jquery-ui.css?104140 HTTP/1.1" 404 1045
191.112.114.98 - - [14/Apr/2016:09:44:22 -0300] "GET /cormun/static/gxcfg.js?201511151625694 HTTP/1.1" 200 953
191.112.114.98 - - [14/Apr/2016:09:44:22 -0300] "GET /cormun/static/prfichaempleado.js?201511151625857 HTTP/1.1" 200 15035
191.112.114.98 - - [14/Apr/2016:09:44:22 -0300] "GET /cormun/static/menusearch.js?20163211930269 HTTP/1.1" 200 1424
191.112.114.98 - - [14/Apr/2016:09:44:23 -0300] "GET /cormun/static/hmpwkw01.js?201511211495945 HTTP/1.1" 200 2037
191.112.114.98 - - [14/Apr/2016:09:44:23 -0300] "GET /cormun/static/Resources/PXToolsMenuSearch.png HTTP/1.1" 200 2914
191.112.114.98 - - [14/Apr/2016:09:44:23 -0300] "GET /cormun/static/Resources/Spanish/PXTools.css?16184758 HTTP/1.1" 200 89042
191.112.114.98 - - [14/Apr/2016:09:44:23 -0300] "GET /cormun/static/Resources/PXToolsMenuSearchCancel.png HTTP/1.1" 200 2972
191.112.114.98 - - [14/Apr/2016:09:44:23 -0300] "GET /cormun/static/Resources/PXToolsGridFirst.gif HTTP/1.1" 200 379
191.112.114.98 - - [14/Apr/2016:09:44:23 -0300] "GET /cormun/static/Resources/PXToolsGridPrevious.gif HTTP/1.1" 200 369
191.112.114.98 - - [14/Apr/2016:09:44:23 -0300] "GET /cormun/static/Resources/PXToolsGridNext.gif HTTP/1.1" 200 369
191.112.114.98 - - [14/Apr/2016:09:44:23 -0300] "GET /cormun/static/Resources/PXToolsGridLast.gif HTTP/1.1" 200 370
191.112.114.98 - - [14/Apr/2016:09:44:23 -0300] "GET /cormun/static/Shared/jqueryui/jquery-ui.min-1.8.js HTTP/1.1" 200 213511
191.112.114.98 - - [14/Apr/2016:09:44:44 -0300] "POST /cormun/servlet/prfichaempleado?821898caa112861c77f31e7169638833,,MD,,gxPopupLevel%3D0%3B,gx-no-cache=1460637917138 HTTP/1.1" 200 4236
191.112.114.98 - - [14/Apr/2016:09:44:54 -0300] "POST /cormun/servlet/prfichaempleado?821898caa112861c77f31e7169638833,,MD,,gxPopupLevel%3D0%3B,gx-no-cache=1460637927909 HTTP/1.1" 200 2765
191.112.35.53 - - [14/Apr/2016:09:44:55 -0300] "GET /cormun/servlet/solicitudotadjuntos?INS,2016,1362,,1, HTTP/1.1" 200 5622
191.112.35.53 - - [14/Apr/2016:09:44:56 -0300] "GET /cormun/static/about:blank HTTP/1.1" 404 1011
191.112.35.53 - - [14/Apr/2016:09:44:57 -0300] "GET /cormun/servlet/solicitudotadjuntos?INS,2016,1362,,1, HTTP/1.1" 200 5616
191.112.35.53 - - [14/Apr/2016:09:44:57 -0300] "GET /cormun/servlet/solicitudotadjuntos?8dc28ce61bfab43cd04a3abb3a60ae7bae26853b4b4e3b62474fda9a9f5735d2232598bf564070ef88742af2cc98e055,gx-no-cache=1460637922837 HTTP/1.1" 200 30
191.112.35.53 - - [14/Apr/2016:09:44:58 -0300] "POST /cormun/servlet/solicitudotadjuntos?55bed2cc774f56eff07190086dbd34cc,INS,2016,1362,,1,,gx-no-cache=1460637923086 HTTP/1.1" 200 3470
191.112.35.53 - - [14/Apr/2016:09:45:06 -0300] "POST /cormun/servlet/solicitudotadjuntos?gx-no-cache=1460637931910 HTTP/1.1" 200 26
191.112.114.98 - - [14/Apr/2016:09:45:10 -0300] "GET /cormun/servlet/solicitudot?f2a985896ff55b43c508916affeb08c0771086ed0694b731d652e7c2d197343b7fc391d340b5b897b7500bdc8f1c5361,gx-no-cache=1460637943812 HTTP/1.1" 200 30
191.112.35.53 - - [14/Apr/2016:09:45:14 -0300] "GET /cormun/servlet/solicitudotadjuntos?8dc28ce61bfab43cd04a3abb3a60ae7b7994bed6ba303d8fdd9aef0b8f28f605,gx-no-cache=1460637939548 HTTP/1.1" 200 30
191.112.35.53 - - [14/Apr/2016:09:45:14 -0300] "GET /cormun/servlet/solicitudotadjuntos?8dc28ce61bfab43cd04a3abb3a60ae7b7994bed6ba303d8fdd9aef0b8f28f605,gx-no-cache=1460637939706 HTTP/1.1" 200 30
191.112.35.53 - - [14/Apr/2016:09:45:21 -0300] "POST /cormun/servlet/solicitudotadjuntos?55bed2cc774f56eff07190086dbd34cc,INS,2016,1362,,1, HTTP/1.1" 200 116
191.112.35.53 - - [14/Apr/2016:09:45:21 -0300] "GET /cormun/servlet/hpexe_return? HTTP/1.1" 200 1029
191.112.35.53 - - [14/Apr/2016:09:45:22 -0300] "GET /cormun/servlet/trsolicitudadjuntos?2016,1362, HTTP/1.1" 200 7957
191.112.35.53 - - [14/Apr/2016:09:45:23 -0300] "GET /cormun/servlet/trsolicitudadjuntos?2016,1362, HTTP/1.1" 200 7956
191.112.35.53 - - [14/Apr/2016:09:45:26 -0300] "GET /cormun/servlet/solicitudotadjuntos?INS,2016,1362,,1, HTTP/1.1" 200 5621
191.112.35.53 - - [14/Apr/2016:09:45:27 -0300] "GET /cormun/static/about:blank HTTP/1.1" 404 1011
191.112.35.53 - - [14/Apr/2016:09:45:28 -0300] "GET /cormun/servlet/solicitudotadjuntos?INS,2016,1362,,1, HTTP/1.1" 200 5615
191.112.35.53 - - [14/Apr/2016:09:45:28 -0300] "GET /cormun/servlet/solicitudotadjuntos?8dc28ce61bfab43cd04a3abb3a60ae7bae26853b4b4e3b62474fda9a9f5735d2232598bf564070ef88742af2cc98e055,gx-no-cache=1460637953339 HTTP/1.1" 200 30
191.112.35.53 - - [14/Apr/2016:09:45:28 -0300] "POST /cormun/servlet/solicitudotadjuntos?55bed2cc774f56eff07190086dbd34cc,INS,2016,1362,,1,,gx-no-cache=1460637953586 HTTP/1.1" 200 3470
191.112.35.53 - - [14/Apr/2016:09:45:32 -0300] "POST /cormun/servlet/solicitudotadjuntos?gx-no-cache=1460637957110 HTTP/1.1" 200 26
191.112.35.53 - - [14/Apr/2016:09:45:42 -0300] "GET /cormun/servlet/solicitudotadjuntos?8dc28ce61bfab43cd04a3abb3a60ae7b7994bed6ba303d8fdd9aef0b8f28f605,gx-no-cache=1460637967024 HTTP/1.1" 200 30
191.112.35.53 - - [14/Apr/2016:09:45:42 -0300] "GET /cormun/servlet/solicitudotadjuntos?8dc28ce61bfab43cd04a3abb3a60ae7b7994bed6ba303d8fdd9aef0b8f28f605,gx-no-cache=1460637967187 HTTP/1.1" 200 30
191.112.35.53 - - [14/Apr/2016:09:45:48 -0300] "POST /cormun/servlet/solicitudotadjuntos?55bed2cc774f56eff07190086dbd34cc,INS,2016,1362,,1, HTTP/1.1" 200 116
191.112.35.53 - - [14/Apr/2016:09:45:48 -0300] "GET /cormun/servlet/hpexe_return? HTTP/1.1" 200 1029
191.112.35.53 - - [14/Apr/2016:09:45:48 -0300] "GET /cormun/servlet/trsolicitudadjuntos?2016,1362, HTTP/1.1" 200 8067
191.112.35.53 - - [14/Apr/2016:09:45:50 -0300] "GET /cormun/servlet/trsolicitudadjuntos?2016,1362, HTTP/1.1" 200 8062
191.112.35.53 - - [14/Apr/2016:09:46:43 -0300] "GET /cormun/servlet/trautorizarsolicitud? HTTP/1.1" 200 6452
191.112.35.53 - - [14/Apr/2016:09:46:46 -0300] "GET /cormun/servlet/trautorizarsolicitud? HTTP/1.1" 200 6440
191.112.35.53 - - [14/Apr/2016:09:46:54 -0300] "POST /cormun/servlet/trautorizarsolicitud?55bed2cc774f56eff07190086dbd34cc,,gx-no-cache=1460638036715 HTTP/1.1" 200 5142
191.112.35.53 - - [14/Apr/2016:09:47:05 -0300] "POST /cormun/servlet/trautorizarsolicitud?55bed2cc774f56eff07190086dbd34cc,,gx-no-cache=1460638049760 HTTP/1.1" 200 106
191.112.35.53 - - [14/Apr/2016:09:47:05 -0300] "GET /cormun/servlet/trsolicitudadjuntos?2016,1356, HTTP/1.1" 200 8052
191.112.35.53 - - [14/Apr/2016:09:47:07 -0300] "GET /cormun/servlet/trsolicitudadjuntos?2016,1356, HTTP/1.1" 200 8057
191.112.35.53 - - [14/Apr/2016:09:47:10 -0300] "GET /cormun/servlet/trautorizarsolicitud? HTTP/1.1" 200 7761
191.112.35.53 - - [14/Apr/2016:09:47:11 -0300] "GET /cormun/servlet/trautorizarsolicitud? HTTP/1.1" 200 7755
191.112.35.53 - - [14/Apr/2016:09:47:29 -0300] "POST /cormun/servlet/trautorizarsolicitud?55bed2cc774f56eff07190086dbd34cc,,gx-no-cache=1460638074163 HTTP/1.1" 200 5150
191.112.35.53 - - [14/Apr/2016:09:47:29 -0300] "GET /cormun/static/Shared/jqueryui/images/ui-bg_highlight-soft_100_c6c2c8_1x100.png HTTP/1.1" 404 1117
191.112.35.53 - - [14/Apr/2016:09:47:29 -0300] "GET /cormun/static/Shared/jqueryui/images/ui-icons_82798d_256x240.png HTTP/1.1" 404 1089
191.112.35.53 - - [14/Apr/2016:09:47:29 -0300] "GET /cormun/static/Shared/jqueryui/images/ui-bg_flat_55_fafafa_40x100.png HTTP/1.1" 404 1097
191.112.35.53 - - [14/Apr/2016:09:47:29 -0300] "GET /cormun/static/Shared/jqueryui/images/ui-icons_8d78a5_256x240.png HTTP/1.1" 404 1089
191.112.114.98 - - [14/Apr/2016:09:47:37 -0300] "POST /cormun/servlet/solicitudot?gx-no-cache=1460638090588 HTTP/1.1" 200 120
191.112.114.98 - - [14/Apr/2016:09:47:38 -0300] "POST /cormun/servlet/solicitudot?gx-no-cache=1460638092139 HTTP/1.1" 200 120
191.112.35.53 - - [14/Apr/2016:09:47:43 -0300] "GET /cormun/servlet/trautorizarsolicitud? HTTP/1.1" 200 7755
191.112.35.53 - - [14/Apr/2016:09:47:45 -0300] "GET /cormun/servlet/trautorizarsolicitud? HTTP/1.1" 200 7755
191.112.114.98 - - [14/Apr/2016:09:47:49 -0300] "POST /cormun/servlet/solicitudot?gx-no-cache=1460638102777 HTTP/1.1" 200 30
191.112.35.53 - - [14/Apr/2016:09:47:53 -0300] "POST /cormun/servlet/trautorizarsolicitud?55bed2cc774f56eff07190086dbd34cc,,gx-no-cache=1460638098368 HTTP/1.1" 200 5142
