191.112.114.98 - - [14/Apr/2016:13:18:53 -0300] "POST /cormun/servlet/solicitudotadjuntos?82bdb35924cd128775eda6f217bdf158,INS,2016,1378,,1, HTTP/1.1" 200 116
191.112.114.98 - - [14/Apr/2016:13:18:53 -0300] "GET /cormun/servlet/hpexe_return? HTTP/1.1" 200 1029
191.112.114.98 - - [14/Apr/2016:13:18:53 -0300] "GET /cormun/servlet/trsolicitudadjuntos?2016,1378, HTTP/1.1" 200 7335
191.112.114.98 - - [14/Apr/2016:13:18:54 -0300] "GET /cormun/servlet/trsolicitudadjuntos?2016,1378, HTTP/1.1" 200 7330
186.67.172.234 - - [14/Apr/2016:13:18:59 -0300] "GET /cormun/servlet/trautorizarsolicitud? HTTP/1.1" 200 6471
186.67.172.234 - - [14/Apr/2016:13:18:59 -0300] "GET /cormun/servlet/trautorizarsolicitud? HTTP/1.1" 200 6471
186.67.172.234 - - [14/Apr/2016:13:19:03 -0300] "GET /cormun/servlet/trsolicitudot? HTTP/1.1" 200 7837
186.67.172.234 - - [14/Apr/2016:13:19:04 -0300] "GET /cormun/servlet/trsolicitudot? HTTP/1.1" 200 7837
191.112.114.98 - - [14/Apr/2016:13:19:04 -0300] "GET /cormun/servlet/solicitudotadjuntos?INS,2016,1378,,1, HTTP/1.1" 200 5522
191.112.114.98 - - [14/Apr/2016:13:19:05 -0300] "GET /cormun/static/about:blank HTTP/1.1" 404 1011
191.112.114.98 - - [14/Apr/2016:13:19:05 -0300] "GET /cormun/servlet/solicitudotadjuntos?INS,2016,1378,,1, HTTP/1.1" 200 5516
191.112.114.98 - - [14/Apr/2016:13:19:06 -0300] "GET /cormun/servlet/solicitudotadjuntos?0341b9b2fa666cf7bec9b24b417d511df960374fe716df469a64e9c0fe83aaf7a707d4e4ede9f8cb85e5e5bb38a046dc,gx-no-cache=1460650779714 HTTP/1.1" 200 30
191.112.114.98 - - [14/Apr/2016:13:19:07 -0300] "POST /cormun/servlet/solicitudotadjuntos?82bdb35924cd128775eda6f217bdf158,INS,2016,1378,,1,,gx-no-cache=1460650779885 HTTP/1.1" 200 3389
186.67.172.234 - - [14/Apr/2016:13:19:09 -0300] "POST /cormun/servlet/trsolicitudot?5e1edf4c4e58e4417353f22c0f6018ea,,gx-no-cache=1460654377600 HTTP/1.1" 200 3851
186.67.172.234 - - [14/Apr/2016:13:19:09 -0300] "POST /cormun/servlet/trsolicitudot?5e1edf4c4e58e4417353f22c0f6018ea,,gx-no-cache=1460654377800 HTTP/1.1" 200 3699
186.67.172.234 - - [14/Apr/2016:13:19:13 -0300] "GET /cormun/servlet/trautorizarsolicitud? HTTP/1.1" 200 7771
186.67.172.234 - - [14/Apr/2016:13:19:14 -0300] "GET /cormun/servlet/trautorizarsolicitud? HTTP/1.1" 200 7771
186.67.172.234 - - [14/Apr/2016:13:19:19 -0300] "POST /cormun/servlet/trautorizarsolicitud?5e1edf4c4e58e4417353f22c0f6018ea,,gx-no-cache=1460654388008 HTTP/1.1" 200 3818
186.67.172.234 - - [14/Apr/2016:13:19:20 -0300] "POST /cormun/servlet/trautorizarsolicitud?5e1edf4c4e58e4417353f22c0f6018ea,,gx-no-cache=1460654388180 HTTP/1.1" 200 3674
186.67.172.234 - - [14/Apr/2016:13:19:24 -0300] "GET /cormun/servlet/trsolicitudot? HTTP/1.1" 200 6532
186.67.172.234 - - [14/Apr/2016:13:19:24 -0300] "GET /cormun/servlet/trsolicitudot? HTTP/1.1" 200 6530
191.112.114.98 - - [14/Apr/2016:13:19:26 -0300] "POST /cormun/servlet/solicitudotadjuntos?gx-no-cache=1460650799975 HTTP/1.1" 200 26
186.67.172.234 - - [14/Apr/2016:13:19:44 -0300] "GET /cormun/servlet/trsolicitudot? HTTP/1.1" 200 6530
186.67.172.234 - - [14/Apr/2016:13:19:45 -0300] "GET /cormun/servlet/trsolicitudot? HTTP/1.1" 200 6530
186.67.172.234 - - [14/Apr/2016:13:19:48 -0300] "GET /cormun/servlet/solicitudot?INS,0,0, HTTP/1.1" 200 11734
186.67.172.234 - - [14/Apr/2016:13:19:49 -0300] "GET /cormun/servlet/solicitudot?INS,0,0, HTTP/1.1" 200 11739
186.67.172.234 - - [14/Apr/2016:13:20:02 -0300] "POST /cormun/servlet/solicitudot?gx-no-cache=1460654430943 HTTP/1.1" 200 2764
186.67.172.234 - - [14/Apr/2016:13:20:02 -0300] "POST /cormun/servlet/solicitudot?5e1edf4c4e58e4417353f22c0f6018ea,INS,0,0,,gx-no-cache=1460654431090 HTTP/1.1" 200 8484
186.67.172.234 - - [14/Apr/2016:13:20:06 -0300] "GET /cormun/servlet/solicitudot?1d3d16a9d8032999422405fc6314bf2eb3020f921e39ba91e55922353a6e97f204744777306a1b1bc2e7b90f7a80a4ed,gx-no-cache=1460654434996 HTTP/1.1" 200 30
186.67.172.234 - - [14/Apr/2016:13:20:06 -0300] "POST /cormun/servlet/solicitudot?gx-no-cache=1460654435049 HTTP/1.1" 200 30
186.67.172.234 - - [14/Apr/2016:13:20:08 -0300] "POST /cormun/servlet/solicitudot?gx-no-cache=1460654436913 HTTP/1.1" 200 30
186.67.172.234 - - [14/Apr/2016:13:20:12 -0300] "POST /cormun/servlet/solicitudot?gx-no-cache=1460654440596 HTTP/1.1" 200 452
186.67.172.234 - - [14/Apr/2016:13:20:12 -0300] "GET /cormun/servlet/solicitudot?1d3d16a9d8032999422405fc6314bf2ef3f4137207b4081dce6cc7b4c71fc2e8df9e90a984b2c41af748d42e00a6e3d6ceed0bb348ac3c1c528edecdd76c4c03a9700d3afcb5979f90c6cd1db435ffbb5d431e03037302b43fbb70046725532b6f5b09f347088585f6c5491683e5d81d510617427ec978eebac184e9c298e0eacd9b54cc6d0c69f0a23fc7e664e9d4fd,gx-no-cache=1460654440646 HTTP/1.1" 200 38
191.112.114.98 - - [14/Apr/2016:13:20:15 -0300] "GET /cormun/servlet/solicitudotadjuntos?0341b9b2fa666cf7bec9b24b417d511d42669150a1e78f887a7d078c21081739,gx-no-cache=1460650848666 HTTP/1.1" 200 30
191.112.114.98 - - [14/Apr/2016:13:20:15 -0300] "GET /cormun/servlet/solicitudotadjuntos?0341b9b2fa666cf7bec9b24b417d511d42669150a1e78f887a7d078c21081739,gx-no-cache=1460650848874 HTTP/1.1" 200 30
186.67.172.234 - - [14/Apr/2016:13:20:18 -0300] "GET /cormun/servlet/solicitudot?1d3d16a9d8032999422405fc6314bf2ee6e1743acca9537624b300b8e51f5c20c6932d9b1dd1f796526f73b437b01132d93b187f71c44fe74d69aa8b8d19dc641fec875cfa14d4214dc73ad91d90a48b21a6261c5a893afa993648351709d5d50e2dd7e991efd7a8de724a747debb3e1,gx-no-cache=1460654446484 HTTP/1.1" 200 29
186.67.172.234 - - [14/Apr/2016:13:20:19 -0300] "POST /cormun/servlet/solicitudot?gx-no-cache=1460654447577 HTTP/1.1" 200 1144
191.112.114.98 - - [14/Apr/2016:13:20:22 -0300] "POST /cormun/servlet/solicitudotadjuntos?82bdb35924cd128775eda6f217bdf158,INS,2016,1378,,1, HTTP/1.1" 200 5396
191.112.114.98 - - [14/Apr/2016:13:20:23 -0300] "GET /home/sistema/apache-tomcat-7.0.65/webapps/cormun/PrivateTempStorage/upload_00002491.pdf HTTP/1.1" 404 1135
191.112.114.98 - - [14/Apr/2016:13:20:23 -0300] "GET /cormun/static/Shared/jqueryui/images/ui-icons_ebccce_256x240.png HTTP/1.1" 404 1089
191.112.114.98 - - [14/Apr/2016:13:20:23 -0300] "GET /cormun/static/Shared/jqueryui/images/ui-bg_flat_55_994d53_40x100.png HTTP/1.1" 404 1097
191.112.114.98 - - [14/Apr/2016:13:20:26 -0300] "GET /cormun/PrivateTempStorage/upload_00002491.pdf HTTP/1.1" 200 327680
191.112.114.98 - - [14/Apr/2016:13:20:26 -0300] "GET /cormun/PrivateTempStorage/upload_00002491.pdf HTTP/1.1" 206 54297
186.67.172.234 - - [14/Apr/2016:13:20:40 -0300] "GET /cormun/servlet/solicitudot?1d3d16a9d8032999422405fc6314bf2e0afbd52da07890fef7922517bb72d64a51675ea25888178653bcdcb161e632865ab470d1355d5b75a327e50ed0eac5c1a29c59ad7cad458c2512de1362a9987eb8965291b6c2cf7977a363a907b61d9fafaf1184b6f9a10708e1249ca098df92acd166e30dc054ed954fc864a235a08f1d159f810515d9e5e41a3e265ab5e8d4d512bfafa17fae5029d8d436439a853cdc2fe7c4f5e7a7ba9d3cdad17ed1d285,gx-no-cache=1460654468360 HTTP/1.1" 200 30
186.67.172.234 - - [14/Apr/2016:13:20:51 -0300] "POST /cormun/servlet/solicitudot?5e1edf4c4e58e4417353f22c0f6018ea,INS,0,0,,gx-no-cache=1460654479481 HTTP/1.1" 200 93
186.67.172.234 - - [14/Apr/2016:13:20:51 -0300] "GET /cormun/servlet/hpexe_return? HTTP/1.1" 200 1006
186.67.172.234 - - [14/Apr/2016:13:20:51 -0300] "GET /cormun/servlet/trsolicitudot HTTP/1.1" 200 7803
186.67.172.234 - - [14/Apr/2016:13:20:52 -0300] "GET /cormun/servlet/trsolicitudot HTTP/1.1" 200 7799
186.67.172.234 - - [14/Apr/2016:13:20:57 -0300] "POST /cormun/servlet/trsolicitudot?5e1edf4c4e58e4417353f22c0f6018ea,gx-no-cache=1460654485250 HTTP/1.1" 200 3842
186.67.172.234 - - [14/Apr/2016:13:20:57 -0300] "POST /cormun/servlet/trsolicitudot?5e1edf4c4e58e4417353f22c0f6018ea,gx-no-cache=1460654485421 HTTP/1.1" 200 3696
186.67.172.234 - - [14/Apr/2016:13:21:00 -0300] "GET /cormun/servlet/trautorizarsolicitud? HTTP/1.1" 200 7737
186.67.172.234 - - [14/Apr/2016:13:21:00 -0300] "GET /cormun/servlet/trautorizarsolicitud? HTTP/1.1" 200 7737
186.67.172.234 - - [14/Apr/2016:13:21:09 -0300] "POST /cormun/servlet/trautorizarsolicitud?5e1edf4c4e58e4417353f22c0f6018ea,,gx-no-cache=1460654497621 HTTP/1.1" 200 3813
186.67.172.234 - - [14/Apr/2016:13:21:09 -0300] "POST /cormun/servlet/trautorizarsolicitud?5e1edf4c4e58e4417353f22c0f6018ea,,gx-no-cache=1460654497790 HTTP/1.1" 200 3675
186.67.172.234 - - [14/Apr/2016:13:21:13 -0300] "GET /cormun/servlet/trsolicitudot? HTTP/1.1" 200 6532
186.67.172.234 - - [14/Apr/2016:13:21:13 -0300] "GET /cormun/servlet/trsolicitudot? HTTP/1.1" 200 6530
186.67.172.234 - - [14/Apr/2016:13:21:50 -0300] "GET /cormun/servlet/trsolicitudot? HTTP/1.1" 200 6530
186.67.172.234 - - [14/Apr/2016:13:21:50 -0300] "GET /cormun/servlet/trsolicitudot? HTTP/1.1" 200 6530
186.67.172.234 - - [14/Apr/2016:13:21:53 -0300] "GET /cormun/servlet/solicitudot?INS,0,0, HTTP/1.1" 200 11734
191.112.114.98 - - [14/Apr/2016:13:21:54 -0300] "GET /cormun/servlet/solicitudotadjuntos?0341b9b2fa666cf7bec9b24b417d511d6b8fedede1e72dd44f00e5203dc44673415ce69e6374d2d1047dc690a470c1f7,gx-no-cache=1460650947400 HTTP/1.1" 200 30
186.67.172.234 - - [14/Apr/2016:13:21:54 -0300] "GET /cormun/servlet/solicitudot?INS,0,0, HTTP/1.1" 200 11739
191.112.114.98 - - [14/Apr/2016:13:21:54 -0300] "GET /cormun/servlet/solicitudotadjuntos?0341b9b2fa666cf7bec9b24b417d511d6daad936382bf976d5860bea56d0db7f415ce69e6374d2d1047dc690a470c1f7,gx-no-cache=1460650947815 HTTP/1.1" 200 30
191.112.114.98 - - [14/Apr/2016:13:22:01 -0300] "POST /cormun/servlet/solicitudotadjuntos?82bdb35924cd128775eda6f217bdf158,INS,2016,1378,,1, HTTP/1.1" 200 5394
191.112.114.98 - - [14/Apr/2016:13:22:01 -0300] "GET /home/sistema/apache-tomcat-7.0.65/webapps/cormun/PrivateTempStorage/upload_00002503.pdf HTTP/1.1" 404 1135
191.112.114.98 - - [14/Apr/2016:13:22:02 -0300] "GET /cormun/PrivateTempStorage/upload_00002503.pdf HTTP/1.1" 200 343859
186.67.172.234 - - [14/Apr/2016:13:22:03 -0300] "POST /cormun/servlet/solicitudot?gx-no-cache=1460654551513 HTTP/1.1" 200 2771
186.67.172.234 - - [14/Apr/2016:13:22:03 -0300] "POST /cormun/servlet/solicitudot?5e1edf4c4e58e4417353f22c0f6018ea,INS,0,0,,gx-no-cache=1460654551659 HTTP/1.1" 200 8517
186.67.172.234 - - [14/Apr/2016:13:22:13 -0300] "GET /cormun/servlet/solicitudot?1d3d16a9d8032999422405fc6314bf2e3ef0c01687de8debe81e4efa76a8e022c53d47866e225bdc49a35c2dddf310bb,gx-no-cache=1460654562180 HTTP/1.1" 200 30
186.67.172.234 - - [14/Apr/2016:13:22:13 -0300] "POST /cormun/servlet/solicitudot?gx-no-cache=1460654562222 HTTP/1.1" 200 30
186.67.172.234 - - [14/Apr/2016:13:22:13 -0300] "POST /cormun/servlet/solicitudot?gx-no-cache=1460654562238 HTTP/1.1" 200 33
186.67.172.234 - - [14/Apr/2016:13:22:13 -0300] "POST /cormun/servlet/solicitudot?gx-no-cache=1460654562257 HTTP/1.1" 200 1187
186.67.172.234 - - [14/Apr/2016:13:22:13 -0300] "GET /cormun/servlet/solicitudot?1d3d16a9d8032999422405fc6314bf2ef3f4137207b4081dce6cc7b4c71fc2e8df9e90a984b2c41af748d42e00a6e3d6ceed0bb348ac3c1c528edecdd76c4c03a9700d3afcb5979f90c6cd1db435ffbb5d431e03037302b43fbb70046725532b6f5b09f347088585f6c5491683e5d81d510617427ec978eebac184e9c298e0eacd9b54cc6d0c69f0a23fc7e664e9d4fd,gx-no-cache=1460654562285 HTTP/1.1" 200 38
191.112.114.98 - - [14/Apr/2016:13:22:16 -0300] "POST /cormun/servlet/solicitudotadjuntos?gx-no-cache=1460650970095 HTTP/1.1" 200 26
186.67.172.234 - - [14/Apr/2016:13:22:22 -0300] "GET /cormun/servlet/solicitudot?1d3d16a9d8032999422405fc6314bf2ee6e1743acca9537624b300b8e51f5c20c6932d9b1dd1f796526f73b437b01132c0f71102b5b47441ed6ed22015a514fa3c995fe04b99b5aa8a6e986b2b70e4eb5965f849cb1d64bb3cb0c6f75ec177c28116d673ce7a12e1c8cd3369fcdab6eaa31ade6335345410a5225baee34e21f89d2c45e01fbe9e6791ebb4f17aba800dc6292b486397e278253405efa1a9eb44264e7fb534821ac5d0640842ab8eb251abe5edc288053a226ec102361ebc1587660368db98458cf0e25b1f12ecc3a58f,gx-no-cache=1460654570815 HTTP/1.1" 200 29
186.67.172.234 - - [14/Apr/2016:13:22:22 -0300] "POST /cormun/servlet/solicitudot?gx-no-cache=1460654570830 HTTP/1.1" 200 1144
186.67.172.234 - - [14/Apr/2016:13:22:48 -0300] "GET /cormun/servlet/solicitudot?1d3d16a9d8032999422405fc6314bf2e92bdacca7b757b493e01d2d04dbe016dff462c70cad587c6462327e140aaa51991a663cbec8f12dde117aa5e7a02405a1443cc291def307203e057a2d24a14fa88e73f76672929ea170def731a0d54954362eb2aa5651aee4fc19c53945ae034aa496fdef74030e506aaf558e12060f35ab423f946d9bbbf5334859602ef8590a862a446fc2891d60d7eb460b012fc4dcea3b34379c17d7e5e2cd7955134aaac,gx-no-cache=1460654596246 HTTP/1.1" 200 30
186.67.172.234 - - [14/Apr/2016:13:22:48 -0300] "POST /cormun/servlet/solicitudot?5e1edf4c4e58e4417353f22c0f6018ea,INS,0,0,,gx-no-cache=1460654596434 HTTP/1.1" 200 93
186.67.172.234 - - [14/Apr/2016:13:22:48 -0300] "GET /cormun/servlet/hpexe_return? HTTP/1.1" 200 1006
186.67.172.234 - - [14/Apr/2016:13:22:48 -0300] "GET /cormun/servlet/trsolicitudot HTTP/1.1" 200 7832
186.67.172.234 - - [14/Apr/2016:13:22:48 -0300] "GET /cormun/servlet/trsolicitudot HTTP/1.1" 200 7829
186.67.172.234 - - [14/Apr/2016:13:23:00 -0300] "POST /cormun/servlet/trsolicitudot?5e1edf4c4e58e4417353f22c0f6018ea,gx-no-cache=1460654608931 HTTP/1.1" 200 105
186.67.172.234 - - [14/Apr/2016:13:23:00 -0300] "GET /cormun/servlet/solicitudot?UPD,2016,1385, HTTP/1.1" 200 12968
186.67.172.234 - - [14/Apr/2016:13:23:01 -0300] "GET /cormun/servlet/solicitudot?UPD,2016,1385, HTTP/1.1" 200 12976
186.67.172.234 - - [14/Apr/2016:13:23:01 -0300] "POST /cormun/servlet/solicitudot?gx-no-cache=1460654610019 HTTP/1.1" 200 2771
186.67.172.234 - - [14/Apr/2016:13:23:02 -0300] "POST /cormun/servlet/solicitudot?5e1edf4c4e58e4417353f22c0f6018ea,UPD,2016,1385,,gx-no-cache=1460654610151 HTTP/1.1" 200 9209
186.67.172.234 - - [14/Apr/2016:13:23:02 -0300] "GET /cormun/servlet/solicitudot?1d3d16a9d8032999422405fc6314bf2e3ef0c01687de8debe81e4efa76a8e022385b6da459f3705f8314133e374a257c,gx-no-cache=1460654610629 HTTP/1.1" 200 30
186.67.172.234 - - [14/Apr/2016:13:23:02 -0300] "POST /cormun/servlet/solicitudot?gx-no-cache=1460654610650 HTTP/1.1" 200 30
186.67.172.234 - - [14/Apr/2016:13:23:02 -0300] "POST /cormun/servlet/solicitudot?gx-no-cache=1460654610665 HTTP/1.1" 200 33
186.67.172.234 - - [14/Apr/2016:13:23:02 -0300] "POST /cormun/servlet/solicitudot?gx-no-cache=1460654610695 HTTP/1.1" 200 1187
186.67.172.234 - - [14/Apr/2016:13:23:02 -0300] "GET /cormun/servlet/solicitudot?1d3d16a9d8032999422405fc6314bf2ef3f4137207b4081dce6cc7b4c71fc2e8df9e90a984b2c41af748d42e00a6e3d6ceed0bb348ac3c1c528edecdd76c4c03a9700d3afcb5979f90c6cd1db435ffbb5d431e03037302b43fbb70046725532b6f5b09f347088585f6c5491683e5d81d510617427ec978eebac184e9c298e0eab2138ec21fc76976eed0cf85e380dc036857660d215646ad958bf13b8f72ac6f,gx-no-cache=1460654610731 HTTP/1.1" 200 41
186.67.172.234 - - [14/Apr/2016:13:23:15 -0300] "POST /cormun/servlet/solicitudot?gx-no-cache=1460654623432 HTTP/1.1" 200 30
186.67.172.234 - - [14/Apr/2016:13:23:17 -0300] "POST /cormun/servlet/solicitudot?gx-no-cache=1460654625397 HTTP/1.1" 200 1187
186.67.172.234 - - [14/Apr/2016:13:23:17 -0300] "GET /cormun/servlet/solicitudot?1d3d16a9d8032999422405fc6314bf2ef3f4137207b4081dce6cc7b4c71fc2e8df9e90a984b2c41af748d42e00a6e3d6ceed0bb348ac3c1c528edecdd76c4c03a9700d3afcb5979f90c6cd1db435ffbb5d431e03037302b43fbb70046725532b6f5b09f347088585f6c5491683e5d81d510617427ec978eebac184e9c298e0eab2138ec21fc76976eed0cf85e380dc036857660d215646ad958bf13b8f72ac6f,gx-no-cache=1460654625434 HTTP/1.1" 200 41
186.67.172.234 - - [14/Apr/2016:13:23:20 -0300] "GET /cormun/servlet/solicitudot?1d3d16a9d8032999422405fc6314bf2e796f11b00618a8e981240813db53a2daa492ddff62e90696605993cf722ebfb762806aadc331cdfdee0abc029c5d5fae31f7c51035fa8f55f6244a3b15e4325f67a9e4a1df51708219aead50e07db0d402ad4fb8060f189daa00c845d03bf97968785c2e9efe814a4695d2e2699a3818c394e9a8ae9be4063099abdf0b396892ecc9748d0ca4bf5a60804f99074752de356dcc1b562f7ec561216fa9bb4b92b67a8298d944d1c085800a0ce8db5cf838e78771e73e3cf87a9ddeb6bebad10d21,gx-no-cache=1460654628382 HTTP/1.1" 200 30
186.67.172.234 - - [14/Apr/2016:13:23:25 -0300] "POST /cormun/servlet/solicitudot?gx-no-cache=1460654634136 HTTP/1.1" 200 1144
191.112.114.98 - - [14/Apr/2016:13:23:29 -0300] "GET /cormun/servlet/solicitudotadjuntos?0341b9b2fa666cf7bec9b24b417d511d6daad936382bf976d5860bea56d0db7f415ce69e6374d2d1047dc690a470c1f7,gx-no-cache=1460651042852 HTTP/1.1" 200 30
191.112.114.98 - - [14/Apr/2016:13:23:29 -0300] "GET /cormun/servlet/solicitudotadjuntos?0341b9b2fa666cf7bec9b24b417d511d6daad936382bf976d5860bea56d0db7f415ce69e6374d2d1047dc690a470c1f7,gx-no-cache=1460651043160 HTTP/1.1" 200 30
186.67.172.234 - - [14/Apr/2016:13:23:33 -0300] "GET /cormun/servlet/solicitudot?1d3d16a9d8032999422405fc6314bf2e92bdacca7b757b493e01d2d04dbe016dff462c70cad587c6462327e140aaa51991a663cbec8f12dde117aa5e7a02405a1443cc291def307203e057a2d24a14fa88e73f76672929ea170def731a0d54954362eb2aa5651aee4fc19c53945ae034aa496fdef74030e506aaf558e12060f35ab423f946d9bbbf5334859602ef8590a862a446fc2891d60d7eb460b012fc4dcea3b34379c17d7e5e2cd7955134aaac,gx-no-cache=1460654641647 HTTP/1.1" 200 30
191.112.114.98 - - [14/Apr/2016:13:23:36 -0300] "POST /cormun/servlet/solicitudotadjuntos?82bdb35924cd128775eda6f217bdf158,INS,2016,1378,,1, HTTP/1.1" 200 116
191.112.114.98 - - [14/Apr/2016:13:23:36 -0300] "GET /cormun/servlet/hpexe_return? HTTP/1.1" 200 1029
191.112.114.98 - - [14/Apr/2016:13:23:37 -0300] "GET /cormun/servlet/trsolicitudadjuntos?2016,1378, HTTP/1.1" 200 7498
191.112.114.98 - - [14/Apr/2016:13:23:38 -0300] "GET /cormun/servlet/trsolicitudadjuntos?2016,1378, HTTP/1.1" 200 7492
186.67.172.234 - - [14/Apr/2016:13:23:43 -0300] "POST /cormun/servlet/solicitudot?5e1edf4c4e58e4417353f22c0f6018ea,UPD,2016,1385,,gx-no-cache=1460654651330 HTTP/1.1" 200 93
186.67.172.234 - - [14/Apr/2016:13:23:43 -0300] "GET /cormun/servlet/hpexe_return? HTTP/1.1" 200 1012
186.67.172.234 - - [14/Apr/2016:13:23:43 -0300] "GET /cormun/servlet/trsolicitudot HTTP/1.1" 200 7836
186.67.172.234 - - [14/Apr/2016:13:23:43 -0300] "GET /cormun/servlet/trsolicitudot HTTP/1.1" 200 7832
186.67.172.234 - - [14/Apr/2016:13:23:49 -0300] "POST /cormun/servlet/trsolicitudot?5e1edf4c4e58e4417353f22c0f6018ea,gx-no-cache=1460654657389 HTTP/1.1" 200 3843
186.67.172.234 - - [14/Apr/2016:13:23:49 -0300] "POST /cormun/servlet/trsolicitudot?5e1edf4c4e58e4417353f22c0f6018ea,gx-no-cache=1460654657552 HTTP/1.1" 200 3696
191.112.114.98 - - [14/Apr/2016:13:23:51 -0300] "GET /cormun/servlet/solicitudotadjuntos?INS,2016,1378,,1, HTTP/1.1" 200 5522
191.112.114.98 - - [14/Apr/2016:13:23:52 -0300] "GET /cormun/static/about:blank HTTP/1.1" 404 1011
191.112.114.98 - - [14/Apr/2016:13:23:52 -0300] "GET /cormun/servlet/solicitudotadjuntos?INS,2016,1378,,1, HTTP/1.1" 200 5516
191.112.114.98 - - [14/Apr/2016:13:23:52 -0300] "GET /cormun/servlet/solicitudotadjuntos?0341b9b2fa666cf7bec9b24b417d511df960374fe716df469a64e9c0fe83aaf7a707d4e4ede9f8cb85e5e5bb38a046dc,gx-no-cache=1460651066374 HTTP/1.1" 200 30
191.112.114.98 - - [14/Apr/2016:13:23:53 -0300] "POST /cormun/servlet/solicitudotadjuntos?82bdb35924cd128775eda6f217bdf158,INS,2016,1378,,1,,gx-no-cache=1460651066572 HTTP/1.1" 200 3390
186.67.172.234 - - [14/Apr/2016:13:23:56 -0300] "GET /cormun/servlet/trautorizarsolicitud? HTTP/1.1" 200 7766
186.67.172.234 - - [14/Apr/2016:13:23:56 -0300] "GET /cormun/servlet/trautorizarsolicitud? HTTP/1.1" 200 7767
186.67.172.234 - - [14/Apr/2016:13:24:02 -0300] "POST /cormun/servlet/trautorizarsolicitud?5e1edf4c4e58e4417353f22c0f6018ea,,gx-no-cache=1460654670425 HTTP/1.1" 200 3818
186.67.172.234 - - [14/Apr/2016:13:24:02 -0300] "POST /cormun/servlet/trautorizarsolicitud?5e1edf4c4e58e4417353f22c0f6018ea,,gx-no-cache=1460654670606 HTTP/1.1" 200 3672
191.112.114.98 - - [14/Apr/2016:13:24:04 -0300] "POST /cormun/servlet/solicitudotadjuntos?gx-no-cache=1460651078458 HTTP/1.1" 200 26
186.67.172.234 - - [14/Apr/2016:13:24:07 -0300] "GET /cormun/servlet/trsolicitudot? HTTP/1.1" 200 6532
186.67.172.234 - - [14/Apr/2016:13:24:07 -0300] "GET /cormun/servlet/trsolicitudot? HTTP/1.1" 200 6530
186.67.172.234 - - [14/Apr/2016:13:24:35 -0300] "GET /cormun/servlet/trsolicitudot? HTTP/1.1" 200 6530
186.67.172.234 - - [14/Apr/2016:13:24:36 -0300] "GET /cormun/servlet/trsolicitudot? HTTP/1.1" 200 6530
186.67.172.234 - - [14/Apr/2016:13:24:38 -0300] "GET /cormun/servlet/solicitudot?INS,0,0, HTTP/1.1" 200 11733
186.67.172.234 - - [14/Apr/2016:13:24:38 -0300] "GET /cormun/servlet/solicitudot?INS,0,0, HTTP/1.1" 200 11738
186.67.172.234 - - [14/Apr/2016:13:24:50 -0300] "POST /cormun/servlet/solicitudot?gx-no-cache=1460654719151 HTTP/1.1" 200 2770
186.67.172.234 - - [14/Apr/2016:13:24:51 -0300] "POST /cormun/servlet/solicitudot?5e1edf4c4e58e4417353f22c0f6018ea,INS,0,0,,gx-no-cache=1460654719271 HTTP/1.1" 200 8481
186.67.172.234 - - [14/Apr/2016:13:24:57 -0300] "GET /cormun/servlet/solicitudot?1d3d16a9d8032999422405fc6314bf2eb4a0d0dbcbb619615700caa0015d720d04744777306a1b1bc2e7b90f7a80a4ed,gx-no-cache=1460654725533 HTTP/1.1" 200 30
186.67.172.234 - - [14/Apr/2016:13:24:57 -0300] "POST /cormun/servlet/solicitudot?gx-no-cache=1460654725591 HTTP/1.1" 200 30
186.67.172.234 - - [14/Apr/2016:13:24:57 -0300] "POST /cormun/servlet/solicitudot?gx-no-cache=1460654725630 HTTP/1.1" 200 33
186.67.172.234 - - [14/Apr/2016:13:24:57 -0300] "POST /cormun/servlet/solicitudot?gx-no-cache=1460654725691 HTTP/1.1" 200 452
186.67.172.234 - - [14/Apr/2016:13:24:57 -0300] "GET /cormun/servlet/solicitudot?1d3d16a9d8032999422405fc6314bf2ef3f4137207b4081dce6cc7b4c71fc2e8df9e90a984b2c41af748d42e00a6e3d6ceed0bb348ac3c1c528edecdd76c4c03a9700d3afcb5979f90c6cd1db435ffbb5d431e03037302b43fbb70046725532b6f5b09f347088585f6c5491683e5d81d510617427ec978eebac184e9c298e0eacd9b54cc6d0c69f0a23fc7e664e9d4fd,gx-no-cache=1460654725749 HTTP/1.1" 200 38
191.112.114.98 - - [14/Apr/2016:13:24:57 -0300] "GET /cormun/servlet/solicitudotadjuntos?0341b9b2fa666cf7bec9b24b417d511d42669150a1e78f887a7d078c21081739,gx-no-cache=1460651131153 HTTP/1.1" 200 30
191.112.114.98 - - [14/Apr/2016:13:24:57 -0300] "GET /cormun/servlet/solicitudotadjuntos?0341b9b2fa666cf7bec9b24b417d511d42669150a1e78f887a7d078c21081739,gx-no-cache=1460651131335 HTTP/1.1" 200 30
191.112.114.98 - - [14/Apr/2016:13:25:02 -0300] "POST /cormun/servlet/solicitudotadjuntos?82bdb35924cd128775eda6f217bdf158,INS,2016,1378,,1, HTTP/1.1" 200 116
191.112.114.98 - - [14/Apr/2016:13:25:02 -0300] "GET /cormun/servlet/hpexe_return? HTTP/1.1" 200 1029
191.112.114.98 - - [14/Apr/2016:13:25:03 -0300] "GET /cormun/servlet/trsolicitudadjuntos?2016,1378, HTTP/1.1" 200 7669
191.112.114.98 - - [14/Apr/2016:13:25:04 -0300] "GET /cormun/servlet/trsolicitudadjuntos?2016,1378, HTTP/1.1" 200 7666
186.67.172.234 - - [14/Apr/2016:13:25:04 -0300] "GET /cormun/servlet/solicitudot?1d3d16a9d8032999422405fc6314bf2ee6e1743acca9537624b300b8e51f5c20c6932d9b1dd1f796526f73b437b01132d93b187f71c44fe74d69aa8b8d19dc641fec875cfa14d4214dc73ad91d90a48b21a6261c5a893afa993648351709d5d50e2dd7e991efd7a8de724a747debb3e1,gx-no-cache=1460654733052 HTTP/1.1" 200 29
186.67.172.234 - - [14/Apr/2016:13:25:05 -0300] "POST /cormun/servlet/solicitudot?gx-no-cache=1460654734287 HTTP/1.1" 200 1144
191.112.114.98 - - [14/Apr/2016:13:25:10 -0300] "GET /cormun/servlet/solicitudotadjuntos?INS,2016,1378,,1, HTTP/1.1" 200 5523
191.112.114.98 - - [14/Apr/2016:13:25:10 -0300] "GET /cormun/static/about:blank HTTP/1.1" 404 1011
191.112.114.98 - - [14/Apr/2016:13:25:11 -0300] "GET /cormun/servlet/solicitudotadjuntos?INS,2016,1378,,1, HTTP/1.1" 200 5517
191.112.114.98 - - [14/Apr/2016:13:25:11 -0300] "GET /cormun/servlet/solicitudotadjuntos?0341b9b2fa666cf7bec9b24b417d511df960374fe716df469a64e9c0fe83aaf7a707d4e4ede9f8cb85e5e5bb38a046dc,gx-no-cache=1460651145176 HTTP/1.1" 200 30
191.112.114.98 - - [14/Apr/2016:13:25:11 -0300] "POST /cormun/servlet/solicitudotadjuntos?82bdb35924cd128775eda6f217bdf158,INS,2016,1378,,1,,gx-no-cache=1460651145314 HTTP/1.1" 200 3390
191.112.114.98 - - [14/Apr/2016:13:25:27 -0300] "POST /cormun/servlet/solicitudotadjuntos?gx-no-cache=1460651160733 HTTP/1.1" 200 26
186.67.172.234 - - [14/Apr/2016:13:25:28 -0300] "GET /cormun/servlet/solicitudot?1d3d16a9d8032999422405fc6314bf2e695724895648511e3170de88e1820f6ec7e702cb6b6a0236f8879897185382ab5ab470d1355d5b75a327e50ed0eac5c1a29c59ad7cad458c2512de1362a9987eb8965291b6c2cf7977a363a907b61d9fafaf1184b6f9a10708e1249ca098df92acd166e30dc054ed954fc864a235a08f1d159f810515d9e5e41a3e265ab5e8d4d512bfafa17fae5029d8d436439a853cdc2fe7c4f5e7a7ba9d3cdad17ed1d285,gx-no-cache=1460654756358 HTTP/1.1" 200 30
186.67.172.234 - - [14/Apr/2016:13:25:38 -0300] "POST /cormun/servlet/solicitudot?5e1edf4c4e58e4417353f22c0f6018ea,INS,0,0,,gx-no-cache=1460654766784 HTTP/1.1" 200 93
186.67.172.234 - - [14/Apr/2016:13:25:38 -0300] "GET /cormun/servlet/hpexe_return? HTTP/1.1" 200 1006
186.67.172.234 - - [14/Apr/2016:13:25:39 -0300] "GET /cormun/servlet/trsolicitudot HTTP/1.1" 200 7804
186.67.172.234 - - [14/Apr/2016:13:25:39 -0300] "GET /cormun/servlet/trsolicitudot HTTP/1.1" 200 7801
191.112.114.98 - - [14/Apr/2016:13:25:42 -0300] "GET /cormun/servlet/solicitudotadjuntos?0341b9b2fa666cf7bec9b24b417d511d42669150a1e78f887a7d078c21081739,gx-no-cache=1460651175987 HTTP/1.1" 200 30
191.112.114.98 - - [14/Apr/2016:13:25:42 -0300] "GET /cormun/servlet/solicitudotadjuntos?0341b9b2fa666cf7bec9b24b417d511d42669150a1e78f887a7d078c21081739,gx-no-cache=1460651176071 HTTP/1.1" 200 30
186.67.172.234 - - [14/Apr/2016:13:25:44 -0300] "POST /cormun/servlet/trsolicitudot?5e1edf4c4e58e4417353f22c0f6018ea,gx-no-cache=1460654773077 HTTP/1.1" 200 5330
191.112.114.98 - - [14/Apr/2016:13:25:54 -0300] "POST /cormun/servlet/solicitudotadjuntos?82bdb35924cd128775eda6f217bdf158,INS,2016,1378,,1, HTTP/1.1" 200 116
191.112.114.98 - - [14/Apr/2016:13:25:54 -0300] "GET /cormun/servlet/hpexe_return? HTTP/1.1" 200 1029
191.112.114.98 - - [14/Apr/2016:13:25:55 -0300] "GET /cormun/servlet/trsolicitudadjuntos?2016,1378, HTTP/1.1" 200 7793
191.112.114.98 - - [14/Apr/2016:13:25:56 -0300] "GET /cormun/servlet/trsolicitudadjuntos?2016,1378, HTTP/1.1" 200 7792
191.112.114.98 - - [14/Apr/2016:13:26:03 -0300] "GET /cormun/servlet/solicitudotadjuntos?INS,2016,1378,,1, HTTP/1.1" 200 5521
191.112.114.98 - - [14/Apr/2016:13:26:03 -0300] "GET /cormun/static/about:blank HTTP/1.1" 404 1011
191.112.114.98 - - [14/Apr/2016:13:26:04 -0300] "GET /cormun/servlet/solicitudotadjuntos?INS,2016,1378,,1, HTTP/1.1" 200 5515
191.112.114.98 - - [14/Apr/2016:13:26:04 -0300] "GET /cormun/servlet/solicitudotadjuntos?0341b9b2fa666cf7bec9b24b417d511df960374fe716df469a64e9c0fe83aaf7a707d4e4ede9f8cb85e5e5bb38a046dc,gx-no-cache=1460651198401 HTTP/1.1" 200 30
191.112.114.98 - - [14/Apr/2016:13:26:04 -0300] "POST /cormun/servlet/solicitudotadjuntos?82bdb35924cd128775eda6f217bdf158,INS,2016,1378,,1,,gx-no-cache=1460651198476 HTTP/1.1" 200 3390
186.67.172.234 - - [14/Apr/2016:13:26:11 -0300] "POST /cormun/servlet/trsolicitudot?5e1edf4c4e58e4417353f22c0f6018ea,gx-no-cache=1460654799496 HTTP/1.1" 200 105
186.67.172.234 - - [14/Apr/2016:13:26:11 -0300] "GET /cormun/servlet/solicitudot?DLT,2016,1386, HTTP/1.1" 200 8667
186.67.172.234 - - [14/Apr/2016:13:26:11 -0300] "GET /cormun/servlet/solicitudot?DLT,2016,1386, HTTP/1.1" 200 8677
191.112.114.98 - - [14/Apr/2016:13:26:16 -0300] "POST /cormun/servlet/solicitudotadjuntos?gx-no-cache=1460651210243 HTTP/1.1" 200 26
191.112.114.98 - - [14/Apr/2016:13:26:32 -0300] "GET /cormun/servlet/solicitudotadjuntos?0341b9b2fa666cf7bec9b24b417d511d42669150a1e78f887a7d078c21081739,gx-no-cache=1460651225769 HTTP/1.1" 200 30
191.112.114.98 - - [14/Apr/2016:13:26:32 -0300] "GET /cormun/servlet/solicitudotadjuntos?0341b9b2fa666cf7bec9b24b417d511d42669150a1e78f887a7d078c21081739,gx-no-cache=1460651225888 HTTP/1.1" 200 30
191.112.114.98 - - [14/Apr/2016:13:26:36 -0300] "POST /cormun/servlet/solicitudotadjuntos?82bdb35924cd128775eda6f217bdf158,INS,2016,1378,,1, HTTP/1.1" 200 116
191.112.114.98 - - [14/Apr/2016:13:26:36 -0300] "GET /cormun/servlet/hpexe_return? HTTP/1.1" 200 1029
191.112.114.98 - - [14/Apr/2016:13:26:36 -0300] "GET /cormun/servlet/trsolicitudadjuntos?2016,1378, HTTP/1.1" 200 7931
191.112.114.98 - - [14/Apr/2016:13:26:37 -0300] "GET /cormun/servlet/trsolicitudadjuntos?2016,1378, HTTP/1.1" 200 7930
191.112.114.98 - - [14/Apr/2016:13:26:44 -0300] "GET /cormun/servlet/solicitudotadjuntos?INS,2016,1378,,1, HTTP/1.1" 200 5521
191.112.114.98 - - [14/Apr/2016:13:26:45 -0300] "GET /cormun/static/about:blank HTTP/1.1" 404 1011
191.112.114.98 - - [14/Apr/2016:13:26:45 -0300] "GET /cormun/servlet/solicitudotadjuntos?INS,2016,1378,,1, HTTP/1.1" 200 5515
191.112.114.98 - - [14/Apr/2016:13:26:45 -0300] "GET /cormun/servlet/solicitudotadjuntos?0341b9b2fa666cf7bec9b24b417d511df960374fe716df469a64e9c0fe83aaf7a707d4e4ede9f8cb85e5e5bb38a046dc,gx-no-cache=1460651239363 HTTP/1.1" 200 30
191.112.114.98 - - [14/Apr/2016:13:26:46 -0300] "POST /cormun/servlet/solicitudotadjuntos?82bdb35924cd128775eda6f217bdf158,INS,2016,1378,,1,,gx-no-cache=1460651239485 HTTP/1.1" 200 3389
191.112.114.98 - - [14/Apr/2016:13:27:11 -0300] "POST /cormun/servlet/solicitudotadjuntos?gx-no-cache=1460651264695 HTTP/1.1" 200 26
191.112.114.98 - - [14/Apr/2016:13:28:11 -0300] "GET /cormun/servlet/solicitudotadjuntos?0341b9b2fa666cf7bec9b24b417d511d42669150a1e78f887a7d078c21081739,gx-no-cache=1460651325385 HTTP/1.1" 200 30
191.112.114.98 - - [14/Apr/2016:13:28:11 -0300] "GET /cormun/servlet/solicitudotadjuntos?0341b9b2fa666cf7bec9b24b417d511d42669150a1e78f887a7d078c21081739,gx-no-cache=1460651325528 HTTP/1.1" 200 30
191.112.114.98 - - [14/Apr/2016:13:28:13 -0300] "POST /cormun/servlet/solicitudotadjuntos?82bdb35924cd128775eda6f217bdf158,INS,2016,1378,,1, HTTP/1.1" 200 116
191.112.114.98 - - [14/Apr/2016:13:28:14 -0300] "GET /cormun/servlet/hpexe_return? HTTP/1.1" 200 1029
191.112.114.98 - - [14/Apr/2016:13:28:14 -0300] "GET /cormun/servlet/trsolicitudadjuntos?2016,1378, HTTP/1.1" 200 8037
191.112.114.98 - - [14/Apr/2016:13:28:16 -0300] "GET /cormun/servlet/trsolicitudadjuntos?2016,1378, HTTP/1.1" 200 8035
186.103.159.204 - - [14/Apr/2016:13:28:20 -0300] "GET /cormun/servlet/hpexe_return? HTTP/1.1" 200 988
186.103.159.204 - - [14/Apr/2016:13:28:20 -0300] "GET /cormun/static/gxtimezone.js?85251 HTTP/1.1" 200 5781
186.103.159.204 - - [14/Apr/2016:13:28:20 -0300] "GET /cormun/static/gxcfg.js?2015111312145050 HTTP/1.1" 200 953
186.103.159.204 - - [14/Apr/2016:13:28:20 -0300] "GET /cormun/static/RunJS/RunJS.js HTTP/1.1" 200 288
186.103.159.204 - - [14/Apr/2016:13:28:20 -0300] "GET /cormun/static/messages.spa.js?85251 HTTP/1.1" 200 32693
186.103.159.204 - - [14/Apr/2016:13:28:20 -0300] "GET /cormun/static/hpexe_return.js?2015111312145056 HTTP/1.1" 200 1633
186.103.159.204 - - [14/Apr/2016:13:28:20 -0300] "GET /cormun/static/Resources/Spanish/PXTools.css?12112540 HTTP/1.1" 200 89042
186.103.159.204 - - [14/Apr/2016:13:28:20 -0300] "GET /cormun/static/gxgral.js?85251 HTTP/1.1" 200 384558
186.103.159.204 - - [14/Apr/2016:13:28:20 -0300] "GET /cormun/servlet/hhome HTTP/1.1" 200 3279
186.67.172.234 - - [14/Apr/2016:13:29:03 -0300] "POST /cormun/servlet/solicitudot?5e1edf4c4e58e4417353f22c0f6018ea,DLT,2016,1386,,gx-no-cache=1460654971719 HTTP/1.1" 200 93
186.67.172.234 - - [14/Apr/2016:13:29:03 -0300] "GET /cormun/servlet/hpexe_return? HTTP/1.1" 200 1034
186.67.172.234 - - [14/Apr/2016:13:29:03 -0300] "GET /cormun/servlet/trsolicitudot?gx-no-cache=1460654773077 HTTP/1.1" 200 6535
186.67.172.234 - - [14/Apr/2016:13:29:04 -0300] "GET /cormun/servlet/trsolicitudot?gx-no-cache=1460654773077 HTTP/1.1" 200 6553
186.67.172.234 - - [14/Apr/2016:13:29:07 -0300] "GET /cormun/servlet/trsolicitudot? HTTP/1.1" 200 6553
186.67.172.234 - - [14/Apr/2016:13:29:07 -0300] "GET /cormun/servlet/trsolicitudot? HTTP/1.1" 200 6530
186.67.172.234 - - [14/Apr/2016:13:29:09 -0300] "GET /cormun/servlet/solicitudot?INS,0,0, HTTP/1.1" 200 11734
186.67.172.234 - - [14/Apr/2016:13:29:10 -0300] "GET /cormun/servlet/solicitudot?INS,0,0, HTTP/1.1" 200 11739
186.67.172.234 - - [14/Apr/2016:13:29:22 -0300] "POST /cormun/servlet/solicitudot?gx-no-cache=1460654991046 HTTP/1.1" 200 2782
186.67.172.234 - - [14/Apr/2016:13:29:23 -0300] "POST /cormun/servlet/solicitudot?5e1edf4c4e58e4417353f22c0f6018ea,INS,0,0,,gx-no-cache=1460654991211 HTTP/1.1" 200 8529
186.67.172.234 - - [14/Apr/2016:13:29:26 -0300] "GET /cormun/servlet/solicitudot?1d3d16a9d8032999422405fc6314bf2ec97ae410b14b7db4e16b00e746c7e70b04744777306a1b1bc2e7b90f7a80a4ed,gx-no-cache=1460654995208 HTTP/1.1" 200 30
186.67.172.234 - - [14/Apr/2016:13:29:26 -0300] "POST /cormun/servlet/solicitudot?gx-no-cache=1460654995259 HTTP/1.1" 200 30
186.67.172.234 - - [14/Apr/2016:13:29:29 -0300] "POST /cormun/servlet/solicitudot?gx-no-cache=1460654997713 HTTP/1.1" 200 30
186.67.172.234 - - [14/Apr/2016:13:29:31 -0300] "POST /cormun/servlet/solicitudot?gx-no-cache=1460655000263 HTTP/1.1" 200 452
186.67.172.234 - - [14/Apr/2016:13:29:31 -0300] "GET /cormun/servlet/solicitudot?1d3d16a9d8032999422405fc6314bf2ef3f4137207b4081dce6cc7b4c71fc2e8df9e90a984b2c41af748d42e00a6e3d6ceed0bb348ac3c1c528edecdd76c4c03a9700d3afcb5979f90c6cd1db435ffbb5d431e03037302b43fbb70046725532b6f5b09f347088585f6c5491683e5d81d510617427ec978eebac184e9c298e0eacd9b54cc6d0c69f0a23fc7e664e9d4fd,gx-no-cache=1460655000296 HTTP/1.1" 200 38
186.67.172.234 - - [14/Apr/2016:13:29:39 -0300] "GET /cormun/servlet/solicitudot?1d3d16a9d8032999422405fc6314bf2ee6e1743acca9537624b300b8e51f5c20c6932d9b1dd1f796526f73b437b01132019e9156fa83d291c129784c5edfa87f3c995fe04b99b5aa8a6e986b2b70e4eb5965f849cb1d64bb3cb0c6f75ec177c28116d673ce7a12e1c8cd3369fcdab6eaa31ade6335345410a5225baee34e21f89d2c45e01fbe9e6791ebb4f17aba800dc6292b486397e278253405efa1a9eb44264e7fb534821ac5d0640842ab8eb251abe5edc288053a226ec102361ebc1587660368db98458cf0e25b1f12ecc3a58f,gx-no-cache=1460655007755 HTTP/1.1" 200 29
186.67.172.234 - - [14/Apr/2016:13:29:42 -0300] "POST /cormun/servlet/solicitudot?gx-no-cache=1460655010451 HTTP/1.1" 200 1144
186.67.172.234 - - [14/Apr/2016:13:30:04 -0300] "GET /cormun/servlet/solicitudot?1d3d16a9d8032999422405fc6314bf2e187af6aa1c9cb2aae0b1ce052f606b7887eea6e67442aa44e939028ce57e88875ab470d1355d5b75a327e50ed0eac5c1a29c59ad7cad458c2512de1362a9987eb8965291b6c2cf7977a363a907b61d9fafaf1184b6f9a10708e1249ca098df92acd166e30dc054ed954fc864a235a08f1d159f810515d9e5e41a3e265ab5e8d4d512bfafa17fae5029d8d436439a853cdc2fe7c4f5e7a7ba9d3cdad17ed1d285,gx-no-cache=1460655032489 HTTP/1.1" 200 30
186.67.172.234 - - [14/Apr/2016:13:30:16 -0300] "POST /cormun/servlet/solicitudot?5e1edf4c4e58e4417353f22c0f6018ea,INS,0,0,,gx-no-cache=1460655044169 HTTP/1.1" 200 93
186.67.172.234 - - [14/Apr/2016:13:30:16 -0300] "GET /cormun/servlet/hpexe_return? HTTP/1.1" 200 1006
186.67.172.234 - - [14/Apr/2016:13:30:16 -0300] "GET /cormun/servlet/trsolicitudot HTTP/1.1" 200 7852
186.67.172.234 - - [14/Apr/2016:13:30:16 -0300] "GET /cormun/servlet/trsolicitudot HTTP/1.1" 200 7849
186.67.172.234 - - [14/Apr/2016:13:30:20 -0300] "POST /cormun/servlet/trsolicitudot?5e1edf4c4e58e4417353f22c0f6018ea,gx-no-cache=1460655049147 HTTP/1.1" 200 3859
186.67.172.234 - - [14/Apr/2016:13:30:21 -0300] "POST /cormun/servlet/trsolicitudot?5e1edf4c4e58e4417353f22c0f6018ea,gx-no-cache=1460655049307 HTTP/1.1" 200 3695
186.67.172.234 - - [14/Apr/2016:13:30:24 -0300] "GET /cormun/servlet/trautorizarsolicitud? HTTP/1.1" 200 7782
186.67.172.234 - - [14/Apr/2016:13:30:25 -0300] "GET /cormun/servlet/trautorizarsolicitud? HTTP/1.1" 200 7781
186.67.172.234 - - [14/Apr/2016:13:30:32 -0300] "POST /cormun/servlet/trautorizarsolicitud?5e1edf4c4e58e4417353f22c0f6018ea,,gx-no-cache=1460655060458 HTTP/1.1" 200 3828
186.67.172.234 - - [14/Apr/2016:13:30:32 -0300] "POST /cormun/servlet/trautorizarsolicitud?5e1edf4c4e58e4417353f22c0f6018ea,,gx-no-cache=1460655060624 HTTP/1.1" 200 3672
186.67.172.234 - - [14/Apr/2016:13:31:00 -0300] "GET /cormun/servlet/trsolicitudot? HTTP/1.1" 200 6532
186.67.172.234 - - [14/Apr/2016:13:31:00 -0300] "GET /cormun/servlet/trsolicitudot? HTTP/1.1" 200 6530
186.67.172.234 - - [14/Apr/2016:13:31:03 -0300] "GET /cormun/servlet/solicitudot?INS,0,0, HTTP/1.1" 200 11733
186.67.172.234 - - [14/Apr/2016:13:31:03 -0300] "GET /cormun/servlet/solicitudot?INS,0,0, HTTP/1.1" 200 11738
186.67.172.234 - - [14/Apr/2016:13:31:15 -0300] "POST /cormun/servlet/solicitudot?gx-no-cache=1460655103770 HTTP/1.1" 200 2770
186.67.172.234 - - [14/Apr/2016:13:31:15 -0300] "POST /cormun/servlet/solicitudot?5e1edf4c4e58e4417353f22c0f6018ea,INS,0,0,,gx-no-cache=1460655103962 HTTP/1.1" 200 8481
186.67.172.234 - - [14/Apr/2016:13:31:19 -0300] "GET /cormun/servlet/solicitudot?1d3d16a9d8032999422405fc6314bf2eb4a0d0dbcbb619615700caa0015d720d04744777306a1b1bc2e7b90f7a80a4ed,gx-no-cache=1460655108095 HTTP/1.1" 200 30
186.67.172.234 - - [14/Apr/2016:13:31:19 -0300] "POST /cormun/servlet/solicitudot?gx-no-cache=1460655108160 HTTP/1.1" 200 30
186.67.172.234 - - [14/Apr/2016:13:31:29 -0300] "POST /cormun/servlet/solicitudot?gx-no-cache=1460655118138 HTTP/1.1" 200 30
186.67.172.234 - - [14/Apr/2016:13:31:32 -0300] "POST /cormun/servlet/solicitudot?gx-no-cache=1460655121159 HTTP/1.1" 200 452
186.67.172.234 - - [14/Apr/2016:13:31:32 -0300] "GET /cormun/servlet/solicitudot?1d3d16a9d8032999422405fc6314bf2ef3f4137207b4081dce6cc7b4c71fc2e8df9e90a984b2c41af748d42e00a6e3d6ceed0bb348ac3c1c528edecdd76c4c03a9700d3afcb5979f90c6cd1db435ffbb5d431e03037302b43fbb70046725532b6f5b09f347088585f6c5491683e5d81d510617427ec978eebac184e9c298e0eacd9b54cc6d0c69f0a23fc7e664e9d4fd,gx-no-cache=1460655121198 HTTP/1.1" 200 38
186.67.172.234 - - [14/Apr/2016:13:31:40 -0300] "GET /cormun/servlet/solicitudot?1d3d16a9d8032999422405fc6314bf2ee6e1743acca9537624b300b8e51f5c20c6932d9b1dd1f796526f73b437b01132d93b187f71c44fe74d69aa8b8d19dc641fec875cfa14d4214dc73ad91d90a48b21a6261c5a893afa993648351709d5d50e2dd7e991efd7a8de724a747debb3e1,gx-no-cache=1460655128825 HTTP/1.1" 200 29
186.67.172.234 - - [14/Apr/2016:13:31:41 -0300] "POST /cormun/servlet/solicitudot?gx-no-cache=1460655130180 HTTP/1.1" 200 1144
186.67.172.234 - - [14/Apr/2016:13:31:57 -0300] "GET /cormun/servlet/solicitudot?1d3d16a9d8032999422405fc6314bf2e695724895648511e3170de88e1820f6ec7e702cb6b6a0236f8879897185382ab5ab470d1355d5b75a327e50ed0eac5c1a29c59ad7cad458c2512de1362a9987eb8965291b6c2cf7977a363a907b61d9fafaf1184b6f9a10708e1249ca098df92acd166e30dc054ed954fc864a235a08f1d159f810515d9e5e41a3e265ab5e8d4d512bfafa17fae5029d8d436439a853cdc2fe7c4f5e7a7ba9d3cdad17ed1d285,gx-no-cache=1460655145478 HTTP/1.1" 200 30
186.67.172.234 - - [14/Apr/2016:13:32:04 -0300] "POST /cormun/servlet/solicitudot?5e1edf4c4e58e4417353f22c0f6018ea,INS,0,0,,gx-no-cache=1460655152620 HTTP/1.1" 200 93
186.67.172.234 - - [14/Apr/2016:13:32:04 -0300] "GET /cormun/servlet/hpexe_return? HTTP/1.1" 200 1006
186.67.172.234 - - [14/Apr/2016:13:32:04 -0300] "GET /cormun/servlet/trsolicitudot HTTP/1.1" 200 7801
186.67.172.234 - - [14/Apr/2016:13:32:05 -0300] "GET /cormun/servlet/trsolicitudot HTTP/1.1" 200 7798
186.67.172.234 - - [14/Apr/2016:13:32:10 -0300] "POST /cormun/servlet/trsolicitudot?5e1edf4c4e58e4417353f22c0f6018ea,gx-no-cache=1460655158354 HTTP/1.1" 200 3847
186.67.172.234 - - [14/Apr/2016:13:32:10 -0300] "POST /cormun/servlet/trsolicitudot?5e1edf4c4e58e4417353f22c0f6018ea,gx-no-cache=1460655158815 HTTP/1.1" 200 3696
186.67.172.234 - - [14/Apr/2016:13:32:14 -0300] "GET /cormun/servlet/trautorizarsolicitud? HTTP/1.1" 200 7736
186.67.172.234 - - [14/Apr/2016:13:32:15 -0300] "GET /cormun/servlet/trautorizarsolicitud? HTTP/1.1" 200 7736
186.67.172.234 - - [14/Apr/2016:13:32:24 -0300] "POST /cormun/servlet/trautorizarsolicitud?5e1edf4c4e58e4417353f22c0f6018ea,,gx-no-cache=1460655172665 HTTP/1.1" 200 3816
186.67.172.234 - - [14/Apr/2016:13:32:24 -0300] "POST /cormun/servlet/trautorizarsolicitud?5e1edf4c4e58e4417353f22c0f6018ea,,gx-no-cache=1460655172850 HTTP/1.1" 200 3671
186.67.172.234 - - [14/Apr/2016:13:32:46 -0300] "GET /cormun/servlet/trsolicitudot? HTTP/1.1" 200 6532
186.67.172.234 - - [14/Apr/2016:13:32:47 -0300] "GET /cormun/servlet/trsolicitudot? HTTP/1.1" 200 6530
186.67.172.234 - - [14/Apr/2016:13:32:49 -0300] "GET /cormun/servlet/solicitudot?INS,0,0, HTTP/1.1" 200 11734
186.67.172.234 - - [14/Apr/2016:13:32:50 -0300] "GET /cormun/servlet/solicitudot?INS,0,0, HTTP/1.1" 200 11739
186.67.172.234 - - [14/Apr/2016:13:33:06 -0300] "POST /cormun/servlet/solicitudot?gx-no-cache=1460655214664 HTTP/1.1" 200 2772
186.67.172.234 - - [14/Apr/2016:13:33:06 -0300] "POST /cormun/servlet/solicitudot?5e1edf4c4e58e4417353f22c0f6018ea,INS,0,0,,gx-no-cache=1460655214808 HTTP/1.1" 200 8491
186.67.172.234 - - [14/Apr/2016:13:33:10 -0300] "GET /cormun/servlet/solicitudot?1d3d16a9d8032999422405fc6314bf2e088efa8bdc21dc5d88edb7a5890bebab04744777306a1b1bc2e7b90f7a80a4ed,gx-no-cache=1460655218356 HTTP/1.1" 200 30
186.67.172.234 - - [14/Apr/2016:13:33:10 -0300] "POST /cormun/servlet/solicitudot?gx-no-cache=1460655218405 HTTP/1.1" 200 30
186.67.172.234 - - [14/Apr/2016:13:33:12 -0300] "POST /cormun/servlet/solicitudot?gx-no-cache=1460655220587 HTTP/1.1" 200 30
186.67.172.234 - - [14/Apr/2016:13:33:15 -0300] "POST /cormun/servlet/solicitudot?gx-no-cache=1460655223616 HTTP/1.1" 200 1186
186.67.172.234 - - [14/Apr/2016:13:33:15 -0300] "GET /cormun/servlet/solicitudot?1d3d16a9d8032999422405fc6314bf2ef3f4137207b4081dce6cc7b4c71fc2e8df9e90a984b2c41af748d42e00a6e3d6ceed0bb348ac3c1c528edecdd76c4c03a9700d3afcb5979f90c6cd1db435ffbb5d431e03037302b43fbb70046725532b6f5b09f347088585f6c5491683e5d81d510617427ec978eebac184e9c298e0eacd9b54cc6d0c69f0a23fc7e664e9d4fd,gx-no-cache=1460655223721 HTTP/1.1" 200 38
186.67.172.234 - - [14/Apr/2016:13:33:25 -0300] "GET /cormun/servlet/solicitudot?1d3d16a9d8032999422405fc6314bf2ee6e1743acca9537624b300b8e51f5c20c6932d9b1dd1f796526f73b437b01132d93b187f71c44fe74d69aa8b8d19dc641fec875cfa14d4214dc73ad91d90a48b21a6261c5a893afa993648351709d5d50e2dd7e991efd7a8de724a747debb3e1,gx-no-cache=1460655234237 HTTP/1.1" 200 29
186.67.172.234 - - [14/Apr/2016:13:33:25 -0300] "POST /cormun/servlet/solicitudot?gx-no-cache=1460655234253 HTTP/1.1" 200 1144
186.67.172.234 - - [14/Apr/2016:13:33:35 -0300] "GET /cormun/servlet/solicitudot?1d3d16a9d8032999422405fc6314bf2ef78de01cee9d6ae11f20996ac69be7a141e9fb0d3958930e7cda02ec3823da6d5ab470d1355d5b75a327e50ed0eac5c1a29c59ad7cad458c2512de1362a9987eb8965291b6c2cf7977a363a907b61d9fafaf1184b6f9a10708e1249ca098df92acd166e30dc054ed954fc864a235a08f1d159f810515d9e5e41a3e265ab5e8d4d512bfafa17fae5029d8d436439a853cdc2fe7c4f5e7a7ba9d3cdad17ed1d285,gx-no-cache=1460655244117 HTTP/1.1" 200 30
186.67.172.234 - - [14/Apr/2016:13:33:43 -0300] "GET /cormun/servlet/hlogin HTTP/1.1" 200 1722
186.67.172.234 - - [14/Apr/2016:13:33:57 -0300] "POST /cormun/servlet/solicitudot?gx-no-cache=1460655265536 HTTP/1.1" 200 30
186.67.172.234 - - [14/Apr/2016:13:34:07 -0300] "POST /cormun/servlet/solicitudot?gx-no-cache=1460655276206 HTTP/1.1" 200 30
186.67.172.234 - - [14/Apr/2016:13:34:13 -0300] "POST /cormun/servlet/solicitudot?gx-no-cache=1460655281871 HTTP/1.1" 200 1186
186.67.172.234 - - [14/Apr/2016:13:34:13 -0300] "GET /cormun/servlet/solicitudot?1d3d16a9d8032999422405fc6314bf2ef3f4137207b4081dce6cc7b4c71fc2e8df9e90a984b2c41af748d42e00a6e3d6ceed0bb348ac3c1c528edecdd76c4c03a9700d3afcb5979f90c6cd1db435ffbb5d431e03037302b43fbb70046725532b6f5b09f347088585f6c5491683e5d81d510617427ec978eebac184e9c298e0eab2138ec21fc76976eed0cf85e380dc036857660d215646ad958bf13b8f72ac6f,gx-no-cache=1460655281917 HTTP/1.1" 200 41
186.67.172.234 - - [14/Apr/2016:13:34:13 -0300] "POST /cormun/servlet/solicitudot?gx-no-cache=1460655281933 HTTP/1.1" 200 1144
186.67.172.234 - - [14/Apr/2016:13:34:13 -0300] "GET /cormun/servlet/solicitudot?1d3d16a9d8032999422405fc6314bf2ef78de01cee9d6ae11f20996ac69be7a141e9fb0d3958930e7cda02ec3823da6d5ab470d1355d5b75a327e50ed0eac5c1a29c59ad7cad458c2512de1362a9987eb8965291b6c2cf7977a363a907b61d9fafaf1184b6f9a10708e1249ca098df92acd166e30dc054ed954fc864a235a08f1d159f810515d9e5e41a3e265ab5e8d4d512bfafa17fae5029d8d436439a853cdc2fe7c4f5e7a7ba9d3cdad17ed1d285,gx-no-cache=1460655281960 HTTP/1.1" 200 30
186.67.172.234 - - [14/Apr/2016:13:34:14 -0300] "POST /cormun/servlet/solicitudot?5e1edf4c4e58e4417353f22c0f6018ea,INS,0,0,,gx-no-cache=1460655281979 HTTP/1.1" 200 93
186.67.172.234 - - [14/Apr/2016:13:34:15 -0300] "GET /cormun/servlet/hpexe_return? HTTP/1.1" 200 1006
186.67.172.234 - - [14/Apr/2016:13:34:15 -0300] "GET /cormun/servlet/trsolicitudot HTTP/1.1" 200 7811
186.67.172.234 - - [14/Apr/2016:13:34:15 -0300] "GET /cormun/servlet/trsolicitudot HTTP/1.1" 200 7807
186.67.172.234 - - [14/Apr/2016:13:34:20 -0300] "POST /cormun/servlet/trsolicitudot?5e1edf4c4e58e4417353f22c0f6018ea,gx-no-cache=1460655288979 HTTP/1.1" 200 3854
186.67.172.234 - - [14/Apr/2016:13:34:20 -0300] "POST /cormun/servlet/trsolicitudot?5e1edf4c4e58e4417353f22c0f6018ea,gx-no-cache=1460655289165 HTTP/1.1" 200 3697
186.67.172.234 - - [14/Apr/2016:13:34:24 -0300] "GET /cormun/servlet/trautorizarsolicitud? HTTP/1.1" 200 7745
186.67.172.234 - - [14/Apr/2016:13:34:24 -0300] "GET /cormun/servlet/trautorizarsolicitud? HTTP/1.1" 200 7745
186.67.172.234 - - [14/Apr/2016:13:34:34 -0300] "POST /cormun/servlet/trautorizarsolicitud?5e1edf4c4e58e4417353f22c0f6018ea,,gx-no-cache=1460655302547 HTTP/1.1" 200 3823
186.67.172.234 - - [14/Apr/2016:13:34:34 -0300] "POST /cormun/servlet/trautorizarsolicitud?5e1edf4c4e58e4417353f22c0f6018ea,,gx-no-cache=1460655302699 HTTP/1.1" 200 3674
186.67.172.234 - - [14/Apr/2016:13:35:00 -0300] "GET /cormun/servlet/trsolicitudot? HTTP/1.1" 200 6532
186.67.172.234 - - [14/Apr/2016:13:35:01 -0300] "GET /cormun/servlet/trsolicitudot? HTTP/1.1" 200 6530
186.67.172.234 - - [14/Apr/2016:13:35:05 -0300] "GET /cormun/servlet/solicitudot?INS,0,0, HTTP/1.1" 200 11734
186.67.172.234 - - [14/Apr/2016:13:35:05 -0300] "GET /cormun/servlet/solicitudot?INS,0,0, HTTP/1.1" 200 11738
186.67.172.234 - - [14/Apr/2016:13:35:14 -0300] "POST /cormun/servlet/solicitudot?gx-no-cache=1460655342916 HTTP/1.1" 200 2781
186.67.172.234 - - [14/Apr/2016:13:35:14 -0300] "POST /cormun/servlet/solicitudot?5e1edf4c4e58e4417353f22c0f6018ea,INS,0,0,,gx-no-cache=1460655343063 HTTP/1.1" 200 8526
186.67.172.234 - - [14/Apr/2016:13:35:17 -0300] "GET /cormun/servlet/solicitudot?1d3d16a9d8032999422405fc6314bf2ecdecca3bae2069050ee1cb60d2a8e47304744777306a1b1bc2e7b90f7a80a4ed,gx-no-cache=1460655346221 HTTP/1.1" 200 30
186.67.172.234 - - [14/Apr/2016:13:35:17 -0300] "POST /cormun/servlet/solicitudot?gx-no-cache=1460655346240 HTTP/1.1" 200 30
186.67.172.234 - - [14/Apr/2016:13:35:20 -0300] "POST /cormun/servlet/solicitudot?gx-no-cache=1460655348792 HTTP/1.1" 200 30
186.67.172.234 - - [14/Apr/2016:13:35:23 -0300] "POST /cormun/servlet/solicitudot?gx-no-cache=1460655351504 HTTP/1.1" 200 1186
186.67.172.234 - - [14/Apr/2016:13:35:23 -0300] "GET /cormun/servlet/solicitudot?1d3d16a9d8032999422405fc6314bf2ef3f4137207b4081dce6cc7b4c71fc2e8df9e90a984b2c41af748d42e00a6e3d6ceed0bb348ac3c1c528edecdd76c4c03a9700d3afcb5979f90c6cd1db435ffbb5d431e03037302b43fbb70046725532b6f5b09f347088585f6c5491683e5d81d510617427ec978eebac184e9c298e0eacd9b54cc6d0c69f0a23fc7e664e9d4fd,gx-no-cache=1460655351581 HTTP/1.1" 200 38
186.67.172.234 - - [14/Apr/2016:13:35:32 -0300] "GET /cormun/servlet/solicitudot?1d3d16a9d8032999422405fc6314bf2ee6e1743acca9537624b300b8e51f5c20c6932d9b1dd1f796526f73b437b01132019e9156fa83d291c129784c5edfa87f3c995fe04b99b5aa8a6e986b2b70e4eb5965f849cb1d64bb3cb0c6f75ec177c28116d673ce7a12e1c8cd3369fcdab6eaa31ade6335345410a5225baee34e21f89d2c45e01fbe9e6791ebb4f17aba800dc6292b486397e278253405efa1a9eb44264e7fb534821ac5d0640842ab8eb251abe5edc288053a226ec102361ebc1587660368db98458cf0e25b1f12ecc3a58f,gx-no-cache=1460655360458 HTTP/1.1" 200 29
186.67.172.234 - - [14/Apr/2016:13:35:36 -0300] "POST /cormun/servlet/solicitudot?gx-no-cache=1460655364580 HTTP/1.1" 200 1144
186.67.172.234 - - [14/Apr/2016:13:35:44 -0300] "GET /cormun/servlet/solicitudot?1d3d16a9d8032999422405fc6314bf2e71907dc1156c0a329b47c2bade52eaf6c666a1faf668009b6c066bcd777356645ab470d1355d5b75a327e50ed0eac5c1a29c59ad7cad458c2512de1362a9987eb8965291b6c2cf7977a363a907b61d9fafaf1184b6f9a10708e1249ca098df92acd166e30dc054ed954fc864a235a08f1d159f810515d9e5e41a3e265ab5e8d4d512bfafa17fae5029d8d436439a853cdc2fe7c4f5e7a7ba9d3cdad17ed1d285,gx-no-cache=1460655372838 HTTP/1.1" 200 30
186.67.172.234 - - [14/Apr/2016:13:36:29 -0300] "GET /cormun/servlet/solicitudot?1d3d16a9d8032999422405fc6314bf2e71907dc1156c0a329b47c2bade52eaf6c666a1faf668009b6c066bcd777356645ab470d1355d5b75a327e50ed0eac5c1a29c59ad7cad458c2512de1362a9987eb8965291b6c2cf7977a363a907b61d9fafaf1184b6f9a10708e1249ca098df92acd166e30dc054ed954fc864a235a08f1d159f810515d9e5e41a3e265ab5e8d4d512bfafa17fae5029d8d436439a853cdc2fe7c4f5e7a7ba9d3cdad17ed1d285,gx-no-cache=1460655418068 HTTP/1.1" 200 30
186.67.172.234 - - [14/Apr/2016:13:36:29 -0300] "POST /cormun/servlet/solicitudot?5e1edf4c4e58e4417353f22c0f6018ea,INS,0,0,,gx-no-cache=1460655418097 HTTP/1.1" 200 93
186.67.172.234 - - [14/Apr/2016:13:36:29 -0300] "GET /cormun/servlet/hpexe_return? HTTP/1.1" 200 1006
186.67.172.234 - - [14/Apr/2016:13:36:30 -0300] "GET /cormun/servlet/trsolicitudot HTTP/1.1" 200 7846
186.67.172.234 - - [14/Apr/2016:13:36:30 -0300] "GET /cormun/servlet/trsolicitudot HTTP/1.1" 200 7842
186.67.172.234 - - [14/Apr/2016:13:36:34 -0300] "POST /cormun/servlet/trsolicitudot?5e1edf4c4e58e4417353f22c0f6018ea,gx-no-cache=1460655423058 HTTP/1.1" 200 3846
186.67.172.234 - - [14/Apr/2016:13:36:34 -0300] "POST /cormun/servlet/trsolicitudot?5e1edf4c4e58e4417353f22c0f6018ea,gx-no-cache=1460655423216 HTTP/1.1" 200 3695
186.67.172.234 - - [14/Apr/2016:13:36:41 -0300] "GET /cormun/servlet/trautorizarsolicitud? HTTP/1.1" 200 7776
186.67.172.234 - - [14/Apr/2016:13:36:42 -0300] "GET /cormun/servlet/trautorizarsolicitud? HTTP/1.1" 200 7775
186.67.172.234 - - [14/Apr/2016:13:36:47 -0300] "POST /cormun/servlet/trautorizarsolicitud?5e1edf4c4e58e4417353f22c0f6018ea,,gx-no-cache=1460655435523 HTTP/1.1" 200 3818
186.67.172.234 - - [14/Apr/2016:13:36:47 -0300] "POST /cormun/servlet/trautorizarsolicitud?5e1edf4c4e58e4417353f22c0f6018ea,,gx-no-cache=1460655435686 HTTP/1.1" 200 3674
