191.112.35.53 - - [14/Apr/2016:09:48:11 -0300] "POST /cormun/servlet/trautorizarsolicitud?55bed2cc774f56eff07190086dbd34cc,,gx-no-cache=1460638116133 HTTP/1.1" 200 3693
191.112.35.53 - - [14/Apr/2016:09:48:14 -0300] "GET /cormun/static/menuarrow.gif HTTP/1.1" 404 1015
191.112.35.53 - - [14/Apr/2016:09:48:22 -0300] "POST /cormun/servlet/trautorizarsolicitud?55bed2cc774f56eff07190086dbd34cc,,gx-no-cache=1460638126879 HTTP/1.1" 200 5125
191.112.35.53 - - [14/Apr/2016:09:48:28 -0300] "POST /cormun/servlet/trautorizarsolicitud?55bed2cc774f56eff07190086dbd34cc,,gx-no-cache=1460638133427 HTTP/1.1" 200 106
191.112.35.53 - - [14/Apr/2016:09:48:29 -0300] "GET /cormun/servlet/trsolicitudadjuntos?2016,1362, HTTP/1.1" 200 8062
191.112.35.53 - - [14/Apr/2016:09:48:31 -0300] "GET /cormun/servlet/trsolicitudadjuntos?2016,1362, HTTP/1.1" 200 8062
191.112.35.53 - - [14/Apr/2016:09:48:38 -0300] "GET /cormun/servlet/trautorizarsolicitud? HTTP/1.1" 200 7743
191.112.35.53 - - [14/Apr/2016:09:48:40 -0300] "GET /cormun/servlet/trautorizarsolicitud? HTTP/1.1" 200 7737
191.112.35.53 - - [14/Apr/2016:09:48:45 -0300] "POST /cormun/servlet/trautorizarsolicitud?55bed2cc774f56eff07190086dbd34cc,,gx-no-cache=1460638150192 HTTP/1.1" 200 3705
191.112.35.53 - - [14/Apr/2016:09:48:54 -0300] "GET /cormun/servlet/trautorizarsolicitud? HTTP/1.1" 200 6440
191.112.35.53 - - [14/Apr/2016:09:48:56 -0300] "GET /cormun/servlet/trautorizarsolicitud? HTTP/1.1" 200 6440
191.112.35.53 - - [14/Apr/2016:09:48:59 -0300] "POST /cormun/servlet/trautorizarsolicitud?55bed2cc774f56eff07190086dbd34cc,,gx-no-cache=1460638164509 HTTP/1.1" 200 3693
191.112.35.53 - - [14/Apr/2016:09:49:03 -0300] "POST /cormun/servlet/trautorizarsolicitud?55bed2cc774f56eff07190086dbd34cc,,gx-no-cache=1460638168141 HTTP/1.1" 200 3693
191.112.35.53 - - [14/Apr/2016:09:49:10 -0300] "POST /cormun/servlet/trautorizarsolicitud?55bed2cc774f56eff07190086dbd34cc,,gx-no-cache=1460638175244 HTTP/1.1" 200 5125
191.112.35.53 - - [14/Apr/2016:09:49:13 -0300] "POST /cormun/servlet/trautorizarsolicitud?55bed2cc774f56eff07190086dbd34cc,,gx-no-cache=1460638177951 HTTP/1.1" 200 5138
191.112.114.98 - - [14/Apr/2016:09:49:19 -0300] "POST /cormun/servlet/solicitudot?gx-no-cache=1460638192777 HTTP/1.1" 200 30
191.112.114.98 - - [14/Apr/2016:09:49:22 -0300] "POST /cormun/servlet/solicitudot?gx-no-cache=1460638195821 HTTP/1.1" 200 452
191.112.114.98 - - [14/Apr/2016:09:49:22 -0300] "GET /cormun/servlet/solicitudot?f2a985896ff55b43c508916affeb08c0805cb7f25d87152a0056f1cb8861697b12a28c70368b7bce94708b3ef51afd4859af877edef9995809eca8229e9abf0ca23d2fa7538f64e2b6b53b0ba29453a316249837067c8847e66bb3692e04d53fcc7f51799c16137eaf0100097bb67b05a78c70bacdb84f4558590fa40eff144105be4a6043cc849a6f43013487ae9721,gx-no-cache=1460638195971 HTTP/1.1" 200 38
191.112.35.53 - - [14/Apr/2016:09:49:29 -0300] "POST /cormun/servlet/trautorizarsolicitud?55bed2cc774f56eff07190086dbd34cc,,gx-no-cache=1460638194380 HTTP/1.1" 200 5137
191.112.35.53 - - [14/Apr/2016:09:49:35 -0300] "POST /cormun/servlet/trautorizarsolicitud?55bed2cc774f56eff07190086dbd34cc,,gx-no-cache=1460638200367 HTTP/1.1" 200 3693
191.112.35.53 - - [14/Apr/2016:09:49:45 -0300] "POST /cormun/servlet/trautorizarsolicitud?55bed2cc774f56eff07190086dbd34cc,,gx-no-cache=1460638209971 HTTP/1.1" 200 3694
191.112.35.53 - - [14/Apr/2016:09:49:52 -0300] "POST /cormun/servlet/trautorizarsolicitud?55bed2cc774f56eff07190086dbd34cc,,gx-no-cache=1460638217417 HTTP/1.1" 200 5125
191.112.35.53 - - [14/Apr/2016:09:49:59 -0300] "POST /cormun/servlet/trautorizarsolicitud?55bed2cc774f56eff07190086dbd34cc,,gx-no-cache=1460638223928 HTTP/1.1" 200 3693
191.112.35.53 - - [14/Apr/2016:09:50:04 -0300] "GET /cormun/servlet/trvisualizadoreventos? HTTP/1.1" 200 6317
191.112.35.53 - - [14/Apr/2016:09:50:06 -0300] "GET /cormun/servlet/trvisualizadoreventos? HTTP/1.1" 200 6317
191.112.35.53 - - [14/Apr/2016:09:50:09 -0300] "POST /cormun/servlet/trvisualizadoreventos?55bed2cc774f56eff07190086dbd34cc,,gx-no-cache=1460638234034 HTTP/1.1" 200 3558
191.112.35.53 - - [14/Apr/2016:09:50:16 -0300] "POST /cormun/servlet/trvisualizadoreventos?55bed2cc774f56eff07190086dbd34cc,,gx-no-cache=1460638241478 HTTP/1.1" 200 3553
191.112.35.53 - - [14/Apr/2016:09:50:21 -0300] "POST /cormun/servlet/trvisualizadoreventos?55bed2cc774f56eff07190086dbd34cc,,gx-no-cache=1460638246625 HTTP/1.1" 200 3551
191.112.35.53 - - [14/Apr/2016:09:50:22 -0300] "POST /cormun/servlet/trvisualizadoreventos?55bed2cc774f56eff07190086dbd34cc,,gx-no-cache=1460638247561 HTTP/1.1" 200 3551
191.112.35.53 - - [14/Apr/2016:09:50:26 -0300] "GET /cormun/servlet/trautorizarsolicitud? HTTP/1.1" 200 6441
191.112.35.53 - - [14/Apr/2016:09:50:28 -0300] "GET /cormun/servlet/trautorizarsolicitud? HTTP/1.1" 200 6440
191.112.35.53 - - [14/Apr/2016:09:50:33 -0300] "POST /cormun/servlet/trautorizarsolicitud?55bed2cc774f56eff07190086dbd34cc,,gx-no-cache=1460638258621 HTTP/1.1" 200 5131
191.112.114.98 - - [14/Apr/2016:09:50:35 -0300] "GET /cormun/servlet/solicitudot?f2a985896ff55b43c508916affeb08c06649eb590ede04e0f4531216c772161dd51d49f696d4109616354071bff6f2b0f94145749cf7f370ae479f371cb8223582bff0df0d145c14bd4e86e6211e7b99f9723496177ff05d97398fb9cd4b57224e2a3fa631073b3a0a11bf1138124ebe,gx-no-cache=1460638268892 HTTP/1.1" 200 29
191.112.114.98 - - [14/Apr/2016:09:50:37 -0300] "POST /cormun/servlet/solicitudot?gx-no-cache=1460638270547 HTTP/1.1" 200 1144
191.112.35.53 - - [14/Apr/2016:09:51:02 -0300] "GET /cormun/servlet/treventos?2016,1362, HTTP/1.1" 200 5329
191.112.35.53 - - [14/Apr/2016:09:51:03 -0300] "GET /cormun/servlet/treventos?2016,1362, HTTP/1.1" 200 5329
191.112.114.98 - - [14/Apr/2016:09:51:04 -0300] "GET /cormun/servlet/hlogin HTTP/1.1" 200 1726
191.112.35.53 - - [14/Apr/2016:09:51:10 -0300] "GET /cormun/servlet/trautorizarsolicitud? HTTP/1.1" 200 7737
191.112.114.98 - - [14/Apr/2016:09:51:11 -0300] "POST /cormun/servlet/hlogin?f4147981431f8ec8008d485fc3d8da76,gx-no-cache=1460638291248 HTTP/1.1" 200 90
191.112.35.53 - - [14/Apr/2016:09:51:11 -0300] "GET /cormun/servlet/trautorizarsolicitud? HTTP/1.1" 200 7737
191.112.114.98 - - [14/Apr/2016:09:51:11 -0300] "GET /cormun/servlet/hpexe_link HTTP/1.1" 200 951
191.112.114.98 - - [14/Apr/2016:09:51:11 -0300] "GET /cormun/servlet/hhome HTTP/1.1" 200 3581
191.112.114.98 - - [14/Apr/2016:09:51:12 -0300] "GET /cormun/servlet/hhome HTTP/1.1" 200 3578
191.112.35.53 - - [14/Apr/2016:09:51:19 -0300] "POST /cormun/servlet/trautorizarsolicitud?55bed2cc774f56eff07190086dbd34cc,,gx-no-cache=1460638304135 HTTP/1.1" 200 5139
191.112.114.98 - - [14/Apr/2016:09:51:28 -0300] "GET /cormun/servlet/trcontratouno? HTTP/1.1" 200 12848
191.112.114.98 - - [14/Apr/2016:09:51:29 -0300] "GET /cormun/static/gxcfg.js?20163221610935 HTTP/1.1" 304 -
191.112.114.98 - - [14/Apr/2016:09:51:29 -0300] "GET /cormun/servlet/trcontratouno? HTTP/1.1" 200 12856
191.112.35.53 - - [14/Apr/2016:09:51:32 -0300] "POST /cormun/servlet/trautorizarsolicitud?55bed2cc774f56eff07190086dbd34cc,,gx-no-cache=1460638316876 HTTP/1.1" 200 5141
191.112.114.98 - - [14/Apr/2016:09:51:48 -0300] "POST /cormun/servlet/trcontratouno?f4147981431f8ec8008d485fc3d8da76,,gx-no-cache=1460638326936 HTTP/1.1" 200 11822
191.112.114.98 - - [14/Apr/2016:09:51:57 -0300] "POST /cormun/servlet/trcontratouno?f4147981431f8ec8008d485fc3d8da76,,gx-no-cache=1460638334511 HTTP/1.1" 200 12077
66.249.83.135 - - [14/Apr/2016:09:52:32 -0300] "GET /cormun/servlet/hlogin HTTP/1.1" 200 1717
66.249.83.131 - - [14/Apr/2016:09:52:32 -0300] "GET /cormun/servlet/hlogin?_escaped_fragment_= HTTP/1.1" 200 1720
66.249.83.135 - - [14/Apr/2016:09:52:33 -0300] "GET /favicon.ico HTTP/1.1" 200 21630
191.112.114.98 - - [14/Apr/2016:09:52:39 -0300] "GET /cormun/servlet/solicitudot?f2a985896ff55b43c508916affeb08c0732cb119d418d3d6c2fe25f3dee480eea27bb3774d8b6f346d2401826690efd161a103faa26a9e002e9177629881cdcdcce8f2e2cdc0d513f20ea459439a370bbca7c897452e1e7eb4c0a4e7f3578540b09d615c7f3f82afba2804d6349aa177f0490cebef2c1e035a2eedf0af49d5766786b8de8bc00fec5eeb8b1c350a05307d72f9268dc7a13450a200675b65ce93df1c7ebf1428948f8f4048260e94e59d,gx-no-cache=1460638392130 HTTP/1.1" 200 30
191.112.114.98 - - [14/Apr/2016:09:53:46 -0300] "POST /cormun/servlet/solicitudot?gx-no-cache=1460638459925 HTTP/1.1" 200 120
191.112.114.98 - - [14/Apr/2016:09:53:54 -0300] "POST /cormun/servlet/solicitudot?gx-no-cache=1460638467979 HTTP/1.1" 200 30
191.112.114.98 - - [14/Apr/2016:09:54:19 -0300] "POST /cormun/servlet/solicitudot?gx-no-cache=1460638492806 HTTP/1.1" 200 30
191.112.114.98 - - [14/Apr/2016:09:54:19 -0300] "POST /cormun/servlet/solicitudot?gx-no-cache=1460638493081 HTTP/1.1" 200 1182
191.112.114.98 - - [14/Apr/2016:09:54:21 -0300] "GET /cormun/servlet/solicitudot?f2a985896ff55b43c508916affeb08c0805cb7f25d87152a0056f1cb8861697b12a28c70368b7bce94708b3ef51afd4859af877edef9995809eca8229e9abf0ca23d2fa7538f64e2b6b53b0ba29453a316249837067c8847e66bb3692e04d53fcc7f51799c16137eaf0100097bb67b05a78c70bacdb84f4558590fa40eff14412f6c28e951b77910a042753f69145bd601a0b1f0e108c3d5f218416ff99fbf46,gx-no-cache=1460638494470 HTTP/1.1" 200 41
191.112.114.98 - - [14/Apr/2016:09:54:21 -0300] "POST /cormun/servlet/solicitudot?gx-no-cache=1460638494667 HTTP/1.1" 200 1144
186.103.159.204 - - [14/Apr/2016:09:54:52 -0300] "GET /cormun/servlet/solicitudot?INS,0,0, HTTP/1.1" 200 11719
186.103.159.204 - - [14/Apr/2016:09:54:53 -0300] "GET /cormun/servlet/solicitudot?INS,0,0, HTTP/1.1" 200 11724
191.112.114.98 - - [14/Apr/2016:09:55:10 -0300] "GET /cormun/servlet/solicitudot?f2a985896ff55b43c508916affeb08c0732cb119d418d3d6c2fe25f3dee480eea27bb3774d8b6f346d2401826690efd161a103faa26a9e002e9177629881cdcdcce8f2e2cdc0d513f20ea459439a370bbca7c897452e1e7eb4c0a4e7f3578540b09d615c7f3f82afba2804d6349aa177f0490cebef2c1e035a2eedf0af49d5766786b8de8bc00fec5eeb8b1c350a05307d72f9268dc7a13450a200675b65ce93df1c7ebf1428948f8f4048260e94e59d,gx-no-cache=1460638543814 HTTP/1.1" 200 30
186.103.159.204 - - [14/Apr/2016:09:55:14 -0300] "POST /cormun/servlet/solicitudot?gx-no-cache=1460638536249 HTTP/1.1" 200 2777
186.103.159.204 - - [14/Apr/2016:09:55:14 -0300] "POST /cormun/servlet/solicitudot?6576ae6ac9e17bb5ad7558992f0e67f4,INS,0,0,,gx-no-cache=1460638536410 HTTP/1.1" 200 8521
186.103.159.204 - - [14/Apr/2016:09:55:16 -0300] "GET /cormun/servlet/solicitudot?470e23458e2a2d4673833fc27d48321dde10f2058f2d6d73aaaa24cbc7a169794b294068ce8d9af9af03a8d2525e8ad1,gx-no-cache=1460638538592 HTTP/1.1" 200 30
186.103.159.204 - - [14/Apr/2016:09:55:16 -0300] "POST /cormun/servlet/solicitudot?gx-no-cache=1460638538652 HTTP/1.1" 200 30
186.103.159.204 - - [14/Apr/2016:09:55:19 -0300] "POST /cormun/servlet/solicitudot?gx-no-cache=1460638541223 HTTP/1.1" 200 30
186.103.159.204 - - [14/Apr/2016:09:55:20 -0300] "GET /cormun/servlet/prcontratosol?17134268,,,,,MD,,gxPopupLevel%3D0%3B HTTP/1.1" 200 5749
186.103.159.204 - - [14/Apr/2016:09:55:28 -0300] "POST /cormun/servlet/solicitudot?gx-no-cache=1460638550644 HTTP/1.1" 200 1187
186.103.159.204 - - [14/Apr/2016:09:55:29 -0300] "GET /cormun/servlet/solicitudot?470e23458e2a2d4673833fc27d48321d130a3b47685c8712fb75c529765fc6a5c6f1894c6bb8e20a962b799f72003c3ccf089d81951c9f96621f7b444aace3b638ef7cb510637f01c9568fdb8e8de75d14cd8baa6fd9d856ff0f3b134b995f93e1a2954aaaf5e9fb2dd55d6cb89f7855ca225f2987092488f62fe7ce07aa524703685a5ffed82964e6581ebb54a7b46b,gx-no-cache=1460638550819 HTTP/1.1" 200 38
186.103.159.204 - - [14/Apr/2016:09:55:29 -0300] "GET /cormun/servlet/solicitudot?470e23458e2a2d4673833fc27d48321d03df3743a15786fc79ae89de0a8699da7b5bfe7c23d2cfa37e4813f1a793420f3f0a82fea06f559a02dce818505996ae0b4421962d78dd6cf38ae1d19442c53bc910d086cb115c38944f8814e4d6660f26c0080fdbc4d0f692410d5e573313db3b3597b8cbef4487b8ce3be3769c54fe,gx-no-cache=1460638550906 HTTP/1.1" 200 29
186.103.159.204 - - [14/Apr/2016:09:55:29 -0300] "POST /cormun/servlet/solicitudot?gx-no-cache=1460638550968 HTTP/1.1" 200 1143
186.103.159.204 - - [14/Apr/2016:09:55:39 -0300] "POST /cormun/servlet/solicitudot?gx-no-cache=1460638561229 HTTP/1.1" 200 1187
186.103.159.204 - - [14/Apr/2016:09:55:39 -0300] "GET /cormun/servlet/solicitudot?470e23458e2a2d4673833fc27d48321d130a3b47685c8712fb75c529765fc6a5c6f1894c6bb8e20a962b799f72003c3ccf089d81951c9f96621f7b444aace3b638ef7cb510637f01c9568fdb8e8de75d14cd8baa6fd9d856ff0f3b134b995f93e1a2954aaaf5e9fb2dd55d6cb89f7855ca225f2987092488f62fe7ce07aa524703685a5ffed82964e6581ebb54a7b46b,gx-no-cache=1460638561319 HTTP/1.1" 200 38
186.103.159.204 - - [14/Apr/2016:09:55:46 -0300] "POST /cormun/servlet/solicitudot?gx-no-cache=1460638567910 HTTP/1.1" 200 1143
186.103.159.204 - - [14/Apr/2016:09:55:51 -0300] "GET /cormun/static/menuarrow.gif HTTP/1.1" 404 1015
186.103.159.204 - - [14/Apr/2016:09:56:00 -0300] "GET /cormun/servlet/solicitudot?470e23458e2a2d4673833fc27d48321deea3157b13d23c9b698b9894c7fc818268aa6bd2ed695b15f8b391420ddda4763c0b4ce972abecab50d483c6359ea328397c8f6d2b68d9582a906d7c4a00463f6fdd48104da8195b9ab55d6280ee392c35e8421d5ceaedfeccee13ae0111a6263259a422d557379b53263b3be88df6f21574b2d17f718a38e2c130f27d416bcda23a9e7039af86349a486c6e517b304fc6eff6645050c323c2939f5d3a3f2f99,gx-no-cache=1460638582499 HTTP/1.1" 200 30
186.103.159.204 - - [14/Apr/2016:09:56:21 -0300] "POST /cormun/servlet/solicitudot?6576ae6ac9e17bb5ad7558992f0e67f4,INS,0,0,,gx-no-cache=1460638603172 HTTP/1.1" 200 93
186.103.159.204 - - [14/Apr/2016:09:56:21 -0300] "GET /cormun/servlet/hpexe_return? HTTP/1.1" 200 1011
186.103.159.204 - - [14/Apr/2016:09:56:21 -0300] "GET /cormun/servlet/trsolicitudot HTTP/1.1" 200 8338
186.103.159.204 - - [14/Apr/2016:09:56:22 -0300] "GET /cormun/servlet/trsolicitudot HTTP/1.1" 200 8334
191.112.114.98 - - [14/Apr/2016:09:56:38 -0300] "POST /cormun/servlet/solicitudot?821898caa112861c77f31e7169638833,INS,0,0,,gx-no-cache=1460638631489 HTTP/1.1" 200 93
191.112.114.98 - - [14/Apr/2016:09:56:38 -0300] "GET /cormun/servlet/hpexe_return? HTTP/1.1" 200 1003
191.112.114.98 - - [14/Apr/2016:09:56:39 -0300] "GET /cormun/servlet/trsolicitudot HTTP/1.1" 200 7702
191.112.114.98 - - [14/Apr/2016:09:56:40 -0300] "GET /cormun/servlet/trsolicitudot HTTP/1.1" 200 7698
191.112.114.98 - - [14/Apr/2016:09:56:48 -0300] "POST /cormun/servlet/trsolicitudot?821898caa112861c77f31e7169638833,gx-no-cache=1460638641652 HTTP/1.1" 200 106
191.112.114.98 - - [14/Apr/2016:09:56:48 -0300] "GET /cormun/servlet/trsolicitudadjuntos?2016,1366, HTTP/1.1" 200 5426
191.112.114.98 - - [14/Apr/2016:09:56:48 -0300] "GET /cormun/static/gxcfg.js?2016311731090 HTTP/1.1" 200 953
191.112.114.98 - - [14/Apr/2016:09:56:49 -0300] "GET /cormun/static/trsolicitudadjuntos.js?2016311731342 HTTP/1.1" 200 17913
191.112.114.98 - - [14/Apr/2016:09:56:49 -0300] "GET /cormun/static/Resources/Spanish/PXTools.css?171692 HTTP/1.1" 200 89042
191.112.114.98 - - [14/Apr/2016:09:56:50 -0300] "GET /cormun/servlet/trsolicitudadjuntos?2016,1366, HTTP/1.1" 200 5426
191.112.114.98 - - [14/Apr/2016:09:57:08 -0300] "GET /cormun/servlet/solicitudotadjuntos?INS,2016,1366,,1, HTTP/1.1" 200 5513
191.112.114.98 - - [14/Apr/2016:09:57:08 -0300] "GET /cormun/static/gxcfg.js?201631622493247 HTTP/1.1" 200 953
191.112.114.98 - - [14/Apr/2016:09:57:08 -0300] "GET /cormun/static/solicitudotadjuntos.js?201631622493267 HTTP/1.1" 200 11762
191.112.114.98 - - [14/Apr/2016:09:57:09 -0300] "GET /cormun/static/about:blank HTTP/1.1" 404 1011
191.112.114.98 - - [14/Apr/2016:09:57:09 -0300] "GET /cormun/servlet/solicitudotadjuntos?INS,2016,1366,,1, HTTP/1.1" 200 5507
191.112.114.98 - - [14/Apr/2016:09:57:09 -0300] "GET /cormun/servlet/solicitudotadjuntos?f2a985896ff55b43c508916affeb08c065668c3791cc7626d90a0b986677bba99d79950fc565f652ded04342c661afdd,gx-no-cache=1460638663265 HTTP/1.1" 200 30
191.112.114.98 - - [14/Apr/2016:09:57:10 -0300] "POST /cormun/servlet/solicitudotadjuntos?821898caa112861c77f31e7169638833,INS,2016,1366,,1,,gx-no-cache=1460638663395 HTTP/1.1" 200 3412
186.103.159.204 - - [14/Apr/2016:09:58:06 -0300] "GET /cormun/servlet/solicitudot?INS,0,0, HTTP/1.1" 200 11721
186.103.159.204 - - [14/Apr/2016:09:58:07 -0300] "GET /cormun/servlet/solicitudot?INS,0,0, HTTP/1.1" 200 11725
191.112.114.98 - - [14/Apr/2016:09:58:22 -0300] "POST /cormun/servlet/solicitudotadjuntos?gx-no-cache=1460638735595 HTTP/1.1" 200 26
186.103.159.204 - - [14/Apr/2016:09:59:09 -0300] "POST /cormun/servlet/solicitudot?gx-no-cache=1460638770774 HTTP/1.1" 200 2775
186.103.159.204 - - [14/Apr/2016:09:59:09 -0300] "POST /cormun/servlet/solicitudot?6576ae6ac9e17bb5ad7558992f0e67f4,INS,0,0,,gx-no-cache=1460638770989 HTTP/1.1" 200 8525
186.103.159.204 - - [14/Apr/2016:09:59:13 -0300] "GET /cormun/servlet/solicitudot?470e23458e2a2d4673833fc27d48321d1f024c12b3d3ac2044d06f92a808aa084b294068ce8d9af9af03a8d2525e8ad1,gx-no-cache=1460638774969 HTTP/1.1" 200 30
186.103.159.204 - - [14/Apr/2016:09:59:13 -0300] "POST /cormun/servlet/solicitudot?gx-no-cache=1460638775036 HTTP/1.1" 200 30
186.103.159.204 - - [14/Apr/2016:09:59:19 -0300] "POST /cormun/servlet/solicitudot?gx-no-cache=1460638781389 HTTP/1.1" 200 30
186.103.159.204 - - [14/Apr/2016:09:59:21 -0300] "GET /cormun/servlet/prcontratosol?17134794,,,,,MD,,gxPopupLevel%3D0%3B HTTP/1.1" 200 5748
186.103.159.204 - - [14/Apr/2016:09:59:40 -0300] "POST /cormun/servlet/solicitudot?gx-no-cache=1460638802194 HTTP/1.1" 200 1187
186.103.159.204 - - [14/Apr/2016:09:59:40 -0300] "GET /cormun/servlet/solicitudot?470e23458e2a2d4673833fc27d48321d130a3b47685c8712fb75c529765fc6a5c6f1894c6bb8e20a962b799f72003c3ccf089d81951c9f96621f7b444aace3b638ef7cb510637f01c9568fdb8e8de75d14cd8baa6fd9d856ff0f3b134b995f93e1a2954aaaf5e9fb2dd55d6cb89f7855ca225f2987092488f62fe7ce07aa524703685a5ffed82964e6581ebb54a7b46b,gx-no-cache=1460638802305 HTTP/1.1" 200 38
186.103.159.204 - - [14/Apr/2016:09:59:40 -0300] "GET /cormun/servlet/solicitudot?470e23458e2a2d4673833fc27d48321d03df3743a15786fc79ae89de0a8699da7b5bfe7c23d2cfa37e4813f1a793420f3f0a82fea06f559a02dce818505996ae0b4421962d78dd6cf38ae1d19442c53bc910d086cb115c38944f8814e4d6660f26c0080fdbc4d0f692410d5e573313db3b3597b8cbef4487b8ce3be3769c54fe,gx-no-cache=1460638802374 HTTP/1.1" 200 29
186.103.159.204 - - [14/Apr/2016:09:59:40 -0300] "POST /cormun/servlet/solicitudot?gx-no-cache=1460638802412 HTTP/1.1" 200 1143
186.103.159.204 - - [14/Apr/2016:09:59:50 -0300] "POST /cormun/servlet/solicitudot?gx-no-cache=1460638811794 HTTP/1.1" 200 1187
186.103.159.204 - - [14/Apr/2016:09:59:50 -0300] "GET /cormun/servlet/solicitudot?470e23458e2a2d4673833fc27d48321d130a3b47685c8712fb75c529765fc6a5c6f1894c6bb8e20a962b799f72003c3ccf089d81951c9f96621f7b444aace3b638ef7cb510637f01c9568fdb8e8de75d14cd8baa6fd9d856ff0f3b134b995f93e1a2954aaaf5e9fb2dd55d6cb89f7855ca225f2987092488f62fe7ce07aa524703685a5ffed82964e6581ebb54a7b46b,gx-no-cache=1460638811933 HTTP/1.1" 200 38
186.103.159.204 - - [14/Apr/2016:10:00:10 -0300] "POST /cormun/servlet/solicitudot?gx-no-cache=1460638832218 HTTP/1.1" 200 1143
186.103.159.204 - - [14/Apr/2016:10:00:14 -0300] "GET /cormun/static/menuarrow.gif HTTP/1.1" 404 1015
186.103.159.204 - - [14/Apr/2016:10:00:18 -0300] "GET /cormun/servlet/solicitudot?470e23458e2a2d4673833fc27d48321d0ef90e043308b54369a483a164d58232df3bfb760d27acb083688644fb65a080681df87e7def8ab12de23db85ec40eef3311bde4ca1683747e32db66ad24a6e995b91c50d1f96b29cda52683edf48bb95c83a3d1e59e8b45a9012c517c5fd9bd4fa00ad62539315d5023ecb0d9ca93b78798b4fa5121a8caea5994138be8656331e776b5e362c5b75cfeab59c83369adb78bad225eec782ac1efaca09f9b3d3f,gx-no-cache=1460638839789 HTTP/1.1" 200 30
186.103.159.204 - - [14/Apr/2016:10:00:52 -0300] "GET /cormun/servlet/solicitudot?470e23458e2a2d4673833fc27d48321d0ef90e043308b54369a483a164d58232df3bfb760d27acb083688644fb65a080681df87e7def8ab12de23db85ec40eef3311bde4ca1683747e32db66ad24a6e995b91c50d1f96b29cda52683edf48bb95c83a3d1e59e8b45a9012c517c5fd9bd4fa00ad62539315d5023ecb0d9ca93b78798b4fa5121a8caea5994138be8656331e776b5e362c5b75cfeab59c83369ad1c410cb2939c093ebe875462e926493e,gx-no-cache=1460638874605 HTTP/1.1" 200 30
186.103.159.204 - - [14/Apr/2016:10:00:56 -0300] "POST /cormun/servlet/solicitudot?6576ae6ac9e17bb5ad7558992f0e67f4,INS,0,0,,gx-no-cache=1460638877372 HTTP/1.1" 200 9507
186.103.159.204 - - [14/Apr/2016:10:00:56 -0300] "GET /cormun/static/Shared/jqueryui/images/ui-bg_highlight-soft_100_c6c2c8_1x100.png HTTP/1.1" 404 1117
186.103.159.204 - - [14/Apr/2016:10:00:56 -0300] "GET /cormun/static/Shared/jqueryui/images/ui-icons_82798d_256x240.png HTTP/1.1" 404 1089
186.103.159.204 - - [14/Apr/2016:10:00:56 -0300] "GET /cormun/static/Shared/jqueryui/images/ui-bg_flat_55_994d53_40x100.png HTTP/1.1" 404 1097
186.103.159.204 - - [14/Apr/2016:10:00:56 -0300] "GET /cormun/static/Shared/jqueryui/images/ui-icons_ebccce_256x240.png HTTP/1.1" 404 1089
186.103.159.204 - - [14/Apr/2016:10:01:13 -0300] "GET /cormun/servlet/solicitudot?470e23458e2a2d4673833fc27d48321d0ef90e043308b54369a483a164d58232df3bfb760d27acb083688644fb65a080681df87e7def8ab12de23db85ec40eef3311bde4ca1683747e32db66ad24a6e995b91c50d1f96b29cda52683edf48bb95c83a3d1e59e8b45a9012c517c5fd9bd4fa00ad62539315d5023ecb0d9ca93b78798b4fa5121a8caea5994138be8656331e776b5e362c5b75cfeab59c83369ad50584f7962d7a1bb6134e9e11ee4e7d1,gx-no-cache=1460638894866 HTTP/1.1" 200 30
186.103.159.204 - - [14/Apr/2016:10:01:13 -0300] "POST /cormun/servlet/solicitudot?6576ae6ac9e17bb5ad7558992f0e67f4,INS,0,0,,gx-no-cache=1460638894908 HTTP/1.1" 200 93
186.103.159.204 - - [14/Apr/2016:10:01:13 -0300] "GET /cormun/servlet/hpexe_return? HTTP/1.1" 200 1011
186.103.159.204 - - [14/Apr/2016:10:01:13 -0300] "GET /cormun/servlet/trsolicitudot HTTP/1.1" 200 8606
186.103.159.204 - - [14/Apr/2016:10:01:14 -0300] "GET /cormun/servlet/trsolicitudot HTTP/1.1" 200 8601
186.103.159.204 - - [14/Apr/2016:10:01:22 -0300] "GET /cormun/servlet/solicitudot?INS,0,0, HTTP/1.1" 200 11719
186.103.159.204 - - [14/Apr/2016:10:01:23 -0300] "GET /cormun/servlet/solicitudot?INS,0,0, HTTP/1.1" 200 11724
191.112.114.98 - - [14/Apr/2016:10:02:04 -0300] "GET /cormun/servlet/solicitudotadjuntos?f2a985896ff55b43c508916affeb08c0dfede72f237d15e113d1bee03112f66a,gx-no-cache=1460638958257 HTTP/1.1" 200 30
191.112.114.98 - - [14/Apr/2016:10:02:05 -0300] "GET /cormun/servlet/solicitudotadjuntos?f2a985896ff55b43c508916affeb08c0dfede72f237d15e113d1bee03112f66a,gx-no-cache=1460638958447 HTTP/1.1" 200 30
191.112.114.98 - - [14/Apr/2016:10:02:05 -0300] "POST /cormun/servlet/solicitudotadjuntos?821898caa112861c77f31e7169638833,INS,2016,1366,,1,,gx-no-cache=1460638958617 HTTP/1.1" 200 93
191.112.114.98 - - [14/Apr/2016:10:02:05 -0300] "GET /cormun/servlet/hpexe_return? HTTP/1.1" 200 1022
191.112.114.98 - - [14/Apr/2016:10:02:06 -0300] "GET /cormun/servlet/trsolicitudadjuntos?2016,1366, HTTP/1.1" 200 7198
191.112.114.98 - - [14/Apr/2016:10:02:06 -0300] "GET /cormun/servlet/trsolicitudadjuntos?2016,1366, HTTP/1.1" 200 7194
191.112.114.98 - - [14/Apr/2016:10:02:09 -0300] "GET /cormun/servlet/solicitudotadjuntos?INS,2016,1366,,1, HTTP/1.1" 200 5515
191.112.114.98 - - [14/Apr/2016:10:02:09 -0300] "GET /cormun/static/about:blank HTTP/1.1" 404 1011
191.112.114.98 - - [14/Apr/2016:10:02:09 -0300] "GET /cormun/servlet/solicitudotadjuntos?INS,2016,1366,,1, HTTP/1.1" 200 5509
191.112.114.98 - - [14/Apr/2016:10:02:10 -0300] "GET /cormun/servlet/solicitudotadjuntos?f2a985896ff55b43c508916affeb08c065668c3791cc7626d90a0b986677bba99d79950fc565f652ded04342c661afdd,gx-no-cache=1460638963813 HTTP/1.1" 200 30
191.112.114.98 - - [14/Apr/2016:10:02:10 -0300] "POST /cormun/servlet/solicitudotadjuntos?821898caa112861c77f31e7169638833,INS,2016,1366,,1,,gx-no-cache=1460638963912 HTTP/1.1" 200 3414
191.112.114.98 - - [14/Apr/2016:10:02:12 -0300] "POST /cormun/servlet/solicitudotadjuntos?gx-no-cache=1460638966136 HTTP/1.1" 200 26
191.112.114.98 - - [14/Apr/2016:10:02:30 -0300] "GET /cormun/servlet/trsolicitudadjuntos?2016,1366, HTTP/1.1" 200 7198
191.112.114.98 - - [14/Apr/2016:10:02:31 -0300] "GET /cormun/servlet/trsolicitudadjuntos?2016,1366, HTTP/1.1" 200 7194
191.112.114.98 - - [14/Apr/2016:10:02:36 -0300] "GET /cormun/servlet/solicitudotadjuntos?DLT,2016,1366,TITULO,0, HTTP/1.1" 200 5412
191.112.114.98 - - [14/Apr/2016:10:02:36 -0300] "GET /cormun/static/about:blank HTTP/1.1" 404 1011
191.112.114.98 - - [14/Apr/2016:10:02:36 -0300] "GET /cormun/static/Shared/jqueryui/images/ui-bg_flat_55_fafafa_40x100.png HTTP/1.1" 404 1097
191.112.114.98 - - [14/Apr/2016:10:02:36 -0300] "GET /cormun/static/Shared/jqueryui/images/ui-icons_8d78a5_256x240.png HTTP/1.1" 404 1089
191.112.114.98 - - [14/Apr/2016:10:02:36 -0300] "GET /cormun/servlet/solicitudotadjuntos?DLT,2016,1366,TITULO,0, HTTP/1.1" 200 5406
191.112.114.98 - - [14/Apr/2016:10:02:38 -0300] "GET /cormun/servlet/trsolicitudadjuntos?2016,1366, HTTP/1.1" 200 7198
191.112.114.98 - - [14/Apr/2016:10:02:39 -0300] "GET /cormun/servlet/trsolicitudadjuntos?2016,1366, HTTP/1.1" 200 7194
191.112.114.98 - - [14/Apr/2016:10:02:39 -0300] "GET /cormun/servlet/solicitudotadjuntos?INS,2016,1366,,1, HTTP/1.1" 200 5514
191.112.114.98 - - [14/Apr/2016:10:02:40 -0300] "GET /cormun/servlet/solicitudotadjuntos?INS,2016,1366,,1, HTTP/1.1" 200 5508
191.112.114.98 - - [14/Apr/2016:10:02:41 -0300] "GET /cormun/servlet/solicitudotadjuntos?f2a985896ff55b43c508916affeb08c065668c3791cc7626d90a0b986677bba99d79950fc565f652ded04342c661afdd,gx-no-cache=1460638994470 HTTP/1.1" 200 30
191.112.114.98 - - [14/Apr/2016:10:02:41 -0300] "POST /cormun/servlet/solicitudotadjuntos?821898caa112861c77f31e7169638833,INS,2016,1366,,1,,gx-no-cache=1460638994570 HTTP/1.1" 200 3414
191.112.114.98 - - [14/Apr/2016:10:02:41 -0300] "GET /cormun/servlet/trsolicitudadjuntos?2016,1366, HTTP/1.1" 200 7194
191.112.114.98 - - [14/Apr/2016:10:02:42 -0300] "GET /cormun/servlet/trsolicitudadjuntos?2016,1366, HTTP/1.1" 200 7194
191.112.114.98 - - [14/Apr/2016:10:02:43 -0300] "GET /cormun/servlet/trsolicitudot HTTP/1.1" 200 7702
191.112.114.98 - - [14/Apr/2016:10:02:43 -0300] "GET /cormun/servlet/trsolicitudot HTTP/1.1" 200 7698
191.112.114.98 - - [14/Apr/2016:10:02:44 -0300] "GET /cormun/servlet/solicitudot?INS,0,0, HTTP/1.1" 200 11615
191.112.114.98 - - [14/Apr/2016:10:02:45 -0300] "GET /cormun/servlet/solicitudot?INS,0,0, HTTP/1.1" 200 11620
191.112.114.98 - - [14/Apr/2016:10:02:46 -0300] "GET /cormun/servlet/trsolicitudot HTTP/1.1" 200 7702
191.112.114.98 - - [14/Apr/2016:10:02:47 -0300] "GET /cormun/servlet/trsolicitudot HTTP/1.1" 200 7698
191.112.114.98 - - [14/Apr/2016:10:03:00 -0300] "POST /cormun/servlet/trsolicitudot?821898caa112861c77f31e7169638833,gx-no-cache=1460639014030 HTTP/1.1" 200 106
191.112.114.98 - - [14/Apr/2016:10:03:00 -0300] "GET /cormun/servlet/trsolicitudadjuntos?2016,1366, HTTP/1.1" 200 7194
191.112.114.98 - - [14/Apr/2016:10:03:01 -0300] "GET /cormun/servlet/trsolicitudadjuntos?2016,1366, HTTP/1.1" 200 7194
191.112.114.98 - - [14/Apr/2016:10:03:13 -0300] "GET /cormun/servlet/solicitudotadjuntos?INS,2016,1366,,1, HTTP/1.1" 200 5514
191.112.114.98 - - [14/Apr/2016:10:03:14 -0300] "GET /cormun/static/about:blank HTTP/1.1" 404 1011
191.112.114.98 - - [14/Apr/2016:10:03:14 -0300] "GET /cormun/servlet/solicitudotadjuntos?INS,2016,1366,,1, HTTP/1.1" 200 5508
191.112.114.98 - - [14/Apr/2016:10:03:14 -0300] "GET /cormun/servlet/solicitudotadjuntos?f2a985896ff55b43c508916affeb08c065668c3791cc7626d90a0b986677bba99d79950fc565f652ded04342c661afdd,gx-no-cache=1460639028270 HTTP/1.1" 200 30
191.112.114.98 - - [14/Apr/2016:10:03:15 -0300] "POST /cormun/servlet/solicitudotadjuntos?821898caa112861c77f31e7169638833,INS,2016,1366,,1,,gx-no-cache=1460639028352 HTTP/1.1" 200 3414
191.112.114.98 - - [14/Apr/2016:10:03:20 -0300] "POST /cormun/servlet/solicitudotadjuntos?gx-no-cache=1460639033703 HTTP/1.1" 200 26
191.112.114.98 - - [14/Apr/2016:10:03:52 -0300] "GET /cormun/servlet/solicitudotadjuntos?f2a985896ff55b43c508916affeb08c0dfede72f237d15e113d1bee03112f66a,gx-no-cache=1460639065769 HTTP/1.1" 200 30
191.112.114.98 - - [14/Apr/2016:10:03:52 -0300] "GET /cormun/servlet/solicitudotadjuntos?f2a985896ff55b43c508916affeb08c0dfede72f237d15e113d1bee03112f66a,gx-no-cache=1460639065920 HTTP/1.1" 200 30
191.112.114.98 - - [14/Apr/2016:10:04:06 -0300] "POST /cormun/servlet/solicitudotadjuntos?821898caa112861c77f31e7169638833,INS,2016,1366,,1, HTTP/1.1" 200 5381
191.112.114.98 - - [14/Apr/2016:10:04:06 -0300] "GET /home/sistema/apache-tomcat-7.0.65/webapps/cormun/PrivateTempStorage/upload_00002131.pdf HTTP/1.1" 404 1135
191.112.114.98 - - [14/Apr/2016:10:04:09 -0300] "GET /cormun/PrivateTempStorage/upload_00002131.pdf HTTP/1.1" 200 625945
191.112.114.98 - - [14/Apr/2016:10:04:17 -0300] "GET /cormun/servlet/solicitudotadjuntos?f2a985896ff55b43c508916affeb08c045cc6a6ddb54d17cdb842b9c91e9ce7e01a0b1f0e108c3d5f218416ff99fbf46,gx-no-cache=1460639091000 HTTP/1.1" 200 30
191.112.114.98 - - [14/Apr/2016:10:04:29 -0300] "POST /cormun/servlet/solicitudotadjuntos?821898caa112861c77f31e7169638833,INS,2016,1366,,1, HTTP/1.1" 200 5382
191.112.114.98 - - [14/Apr/2016:10:04:29 -0300] "GET /home/sistema/apache-tomcat-7.0.65/webapps/cormun/PrivateTempStorage/upload_00002143.pdf HTTP/1.1" 404 1135
191.112.114.98 - - [14/Apr/2016:10:04:30 -0300] "GET /cormun/PrivateTempStorage/upload_00002143.pdf HTTP/1.1" 200 625945
191.112.114.98 - - [14/Apr/2016:10:04:47 -0300] "POST /cormun/servlet/solicitudotadjuntos?gx-no-cache=1460639120749 HTTP/1.1" 200 26
191.112.114.98 - - [14/Apr/2016:10:04:50 -0300] "GET /cormun/servlet/solicitudotadjuntos?f2a985896ff55b43c508916affeb08c024449d1ab985d269cd76339031f5968401a0b1f0e108c3d5f218416ff99fbf46,gx-no-cache=1460639123619 HTTP/1.1" 200 30
191.112.114.98 - - [14/Apr/2016:10:04:50 -0300] "GET /cormun/servlet/solicitudotadjuntos?f2a985896ff55b43c508916affeb08c024449d1ab985d269cd76339031f5968401a0b1f0e108c3d5f218416ff99fbf46,gx-no-cache=1460639123696 HTTP/1.1" 200 30
191.112.114.98 - - [14/Apr/2016:10:05:02 -0300] "POST /cormun/servlet/solicitudotadjuntos?821898caa112861c77f31e7169638833,INS,2016,1366,,1, HTTP/1.1" 200 116
191.112.114.98 - - [14/Apr/2016:10:05:02 -0300] "GET /cormun/servlet/hpexe_return? HTTP/1.1" 200 1022
191.112.114.98 - - [14/Apr/2016:10:05:02 -0300] "GET /cormun/servlet/trsolicitudadjuntos?2016,1366, HTTP/1.1" 200 7421
191.112.114.98 - - [14/Apr/2016:10:05:03 -0300] "GET /cormun/servlet/trsolicitudadjuntos?2016,1366, HTTP/1.1" 200 7416
191.112.114.98 - - [14/Apr/2016:10:05:12 -0300] "GET /cormun/servlet/solicitudotadjuntos?DLT,2016,1366,CARNET,0, HTTP/1.1" 200 5516
191.112.114.98 - - [14/Apr/2016:10:05:13 -0300] "GET /cormun/servlet/solicitudotadjuntos?DLT,2016,1366,CARNET,0, HTTP/1.1" 200 5510
191.112.114.98 - - [14/Apr/2016:10:05:14 -0300] "GET /cormun/PublicTempStorage/titulo__nicolasimg0258970604.pdf HTTP/1.1" 200 625945
191.112.114.98 - - [14/Apr/2016:10:05:29 -0300] "GET /cormun/servlet/trsolicitudot? HTTP/1.1" 200 7717
191.112.114.98 - - [14/Apr/2016:10:05:29 -0300] "GET /cormun/servlet/trsolicitudot? HTTP/1.1" 200 7698
191.112.114.98 - - [14/Apr/2016:10:05:35 -0300] "POST /cormun/servlet/trsolicitudot?821898caa112861c77f31e7169638833,,gx-no-cache=1460639168442 HTTP/1.1" 200 106
191.112.114.98 - - [14/Apr/2016:10:05:35 -0300] "GET /cormun/servlet/trsolicitudadjuntos?2016,1366, HTTP/1.1" 200 7417
191.112.114.98 - - [14/Apr/2016:10:05:36 -0300] "GET /cormun/servlet/trsolicitudadjuntos?2016,1366, HTTP/1.1" 200 7418
191.112.114.98 - - [14/Apr/2016:10:05:52 -0300] "GET /cormun/servlet/solicitudotadjuntos?DLT,2016,1366,CARNET,0, HTTP/1.1" 200 5517
191.112.114.98 - - [14/Apr/2016:10:05:53 -0300] "GET /cormun/servlet/solicitudotadjuntos?DLT,2016,1366,CARNET,0, HTTP/1.1" 200 5511
191.112.114.98 - - [14/Apr/2016:10:05:53 -0300] "GET /cormun/PublicTempStorage/titulo__nicolasimg0254935199.pdf HTTP/1.1" 200 625945
191.112.114.98 - - [14/Apr/2016:10:05:56 -0300] "POST /cormun/servlet/solicitudotadjuntos?821898caa112861c77f31e7169638833,DLT,2016,1366,CARNET,0,,gx-no-cache=1460639189507 HTTP/1.1" 200 93
191.112.114.98 - - [14/Apr/2016:10:05:56 -0300] "GET /cormun/servlet/hpexe_return? HTTP/1.1" 200 1027
191.112.114.98 - - [14/Apr/2016:10:05:56 -0300] "GET /cormun/servlet/trsolicitudadjuntos?2016,1366, HTTP/1.1" 200 7198
191.112.114.98 - - [14/Apr/2016:10:05:57 -0300] "GET /cormun/servlet/trsolicitudadjuntos?2016,1366, HTTP/1.1" 200 7194
191.112.114.98 - - [14/Apr/2016:10:06:00 -0300] "GET /cormun/servlet/solicitudotadjuntos?DLT,2016,1366,TITULO,0, HTTP/1.1" 200 5414
191.112.114.98 - - [14/Apr/2016:10:06:00 -0300] "GET /cormun/static/about:blank HTTP/1.1" 404 1011
191.112.114.98 - - [14/Apr/2016:10:06:00 -0300] "GET /cormun/servlet/solicitudotadjuntos?DLT,2016,1366,TITULO,0, HTTP/1.1" 200 5408
191.112.114.98 - - [14/Apr/2016:10:06:02 -0300] "POST /cormun/servlet/solicitudotadjuntos?821898caa112861c77f31e7169638833,DLT,2016,1366,TITULO,0,,gx-no-cache=1460639195656 HTTP/1.1" 200 93
191.112.114.98 - - [14/Apr/2016:10:06:02 -0300] "GET /cormun/servlet/hpexe_return? HTTP/1.1" 200 1027
191.112.114.98 - - [14/Apr/2016:10:06:02 -0300] "GET /cormun/servlet/trsolicitudadjuntos?2016,1366, HTTP/1.1" 200 5429
191.112.114.98 - - [14/Apr/2016:10:06:03 -0300] "GET /cormun/servlet/trsolicitudadjuntos?2016,1366, HTTP/1.1" 200 5426
191.112.114.98 - - [14/Apr/2016:10:06:13 -0300] "GET /cormun/servlet/solicitudotadjuntos?INS,2016,1366,,1, HTTP/1.1" 200 5514
191.112.114.98 - - [14/Apr/2016:10:06:13 -0300] "GET /cormun/static/about:blank HTTP/1.1" 404 1011
191.112.114.98 - - [14/Apr/2016:10:06:13 -0300] "GET /cormun/servlet/solicitudotadjuntos?INS,2016,1366,,1, HTTP/1.1" 200 5508
191.112.114.98 - - [14/Apr/2016:10:06:14 -0300] "GET /cormun/servlet/solicitudotadjuntos?f2a985896ff55b43c508916affeb08c065668c3791cc7626d90a0b986677bba99d79950fc565f652ded04342c661afdd,gx-no-cache=1460639207749 HTTP/1.1" 200 30
191.112.114.98 - - [14/Apr/2016:10:06:14 -0300] "POST /cormun/servlet/solicitudotadjuntos?821898caa112861c77f31e7169638833,INS,2016,1366,,1,,gx-no-cache=1460639207862 HTTP/1.1" 200 3414
191.112.114.98 - - [14/Apr/2016:10:06:22 -0300] "POST /cormun/servlet/solicitudotadjuntos?gx-no-cache=1460639216021 HTTP/1.1" 200 26
186.103.159.204 - - [14/Apr/2016:10:06:41 -0300] "POST /cormun/servlet/solicitudot?gx-no-cache=1460639223467 HTTP/1.1" 200 2771
186.103.159.204 - - [14/Apr/2016:10:06:41 -0300] "POST /cormun/servlet/solicitudot?6576ae6ac9e17bb5ad7558992f0e67f4,INS,0,0,,gx-no-cache=1460639223684 HTTP/1.1" 200 8518
186.103.159.204 - - [14/Apr/2016:10:06:44 -0300] "GET /cormun/servlet/solicitudot?470e23458e2a2d4673833fc27d48321dcadd20f1ac7ebda76a9fe837090b83a94b294068ce8d9af9af03a8d2525e8ad1,gx-no-cache=1460639225903 HTTP/1.1" 200 30
186.103.159.204 - - [14/Apr/2016:10:06:44 -0300] "POST /cormun/servlet/solicitudot?gx-no-cache=1460639225967 HTTP/1.1" 200 30
186.103.159.204 - - [14/Apr/2016:10:06:46 -0300] "POST /cormun/servlet/solicitudot?gx-no-cache=1460639228298 HTTP/1.1" 200 30
186.103.159.204 - - [14/Apr/2016:10:06:47 -0300] "GET /cormun/servlet/prcontratosol?18646747,,,,,MD,,gxPopupLevel%3D0%3B HTTP/1.1" 200 5748
186.103.159.204 - - [14/Apr/2016:10:06:52 -0300] "POST /cormun/servlet/solicitudot?gx-no-cache=1460639234183 HTTP/1.1" 200 1187
186.103.159.204 - - [14/Apr/2016:10:06:52 -0300] "GET /cormun/servlet/solicitudot?470e23458e2a2d4673833fc27d48321d130a3b47685c8712fb75c529765fc6a5c6f1894c6bb8e20a962b799f72003c3ccf089d81951c9f96621f7b444aace3b638ef7cb510637f01c9568fdb8e8de75d14cd8baa6fd9d856ff0f3b134b995f93e1a2954aaaf5e9fb2dd55d6cb89f7855ca225f2987092488f62fe7ce07aa524703685a5ffed82964e6581ebb54a7b46b,gx-no-cache=1460639234297 HTTP/1.1" 200 38
186.103.159.204 - - [14/Apr/2016:10:06:52 -0300] "GET /cormun/servlet/solicitudot?470e23458e2a2d4673833fc27d48321d03df3743a15786fc79ae89de0a8699da7b5bfe7c23d2cfa37e4813f1a793420f3f0a82fea06f559a02dce818505996ae0b4421962d78dd6cf38ae1d19442c53bc910d086cb115c38944f8814e4d6660f26c0080fdbc4d0f692410d5e573313db3b3597b8cbef4487b8ce3be3769c54fe,gx-no-cache=1460639234370 HTTP/1.1" 200 29
186.103.159.204 - - [14/Apr/2016:10:06:52 -0300] "POST /cormun/servlet/solicitudot?gx-no-cache=1460639234403 HTTP/1.1" 200 1143
186.103.159.204 - - [14/Apr/2016:10:06:59 -0300] "GET /cormun/servlet/prcontratosol?18646747,,,,,MD,,gxPopupLevel%3D0%3B HTTP/1.1" 200 5748
186.103.159.204 - - [14/Apr/2016:10:07:02 -0300] "POST /cormun/servlet/solicitudot?gx-no-cache=1460639243949 HTTP/1.1" 200 1187
186.103.159.204 - - [14/Apr/2016:10:07:02 -0300] "GET /cormun/servlet/solicitudot?470e23458e2a2d4673833fc27d48321d130a3b47685c8712fb75c529765fc6a5c6f1894c6bb8e20a962b799f72003c3ccf089d81951c9f96621f7b444aace3b638ef7cb510637f01c9568fdb8e8de75d14cd8baa6fd9d856ff0f3b134b995f93e1a2954aaaf5e9fb2dd55d6cb89f7855ca225f2987092488f62fe7ce07aa524703685a5ffed82964e6581ebb54a7b46b,gx-no-cache=1460639244052 HTTP/1.1" 200 38
186.103.159.204 - - [14/Apr/2016:10:07:02 -0300] "POST /cormun/servlet/solicitudot?gx-no-cache=1460639244353 HTTP/1.1" 200 1143
186.103.159.204 - - [14/Apr/2016:10:07:10 -0300] "POST /cormun/servlet/solicitudot?gx-no-cache=1460639252448 HTTP/1.1" 200 1187
186.103.159.204 - - [14/Apr/2016:10:07:10 -0300] "GET /cormun/servlet/solicitudot?470e23458e2a2d4673833fc27d48321d130a3b47685c8712fb75c529765fc6a5c6f1894c6bb8e20a962b799f72003c3ccf089d81951c9f96621f7b444aace3b638ef7cb510637f01c9568fdb8e8de75d14cd8baa6fd9d856ff0f3b134b995f93e1a2954aaaf5e9fb2dd55d6cb89f7855ca225f2987092488f62fe7ce07aa524703685a5ffed82964e6581ebb54a7b46b,gx-no-cache=1460639252544 HTTP/1.1" 200 38
191.112.114.98 - - [14/Apr/2016:10:07:19 -0300] "GET /cormun/servlet/solicitudotadjuntos?f2a985896ff55b43c508916affeb08c0dfede72f237d15e113d1bee03112f66a,gx-no-cache=1460639273071 HTTP/1.1" 200 30
191.112.114.98 - - [14/Apr/2016:10:07:19 -0300] "GET /cormun/servlet/solicitudotadjuntos?f2a985896ff55b43c508916affeb08c0dfede72f237d15e113d1bee03112f66a,gx-no-cache=1460639273190 HTTP/1.1" 200 30
191.112.114.98 - - [14/Apr/2016:10:07:31 -0300] "POST /cormun/servlet/solicitudotadjuntos?821898caa112861c77f31e7169638833,INS,2016,1366,,1, HTTP/1.1" 200 116
191.112.114.98 - - [14/Apr/2016:10:07:31 -0300] "GET /cormun/servlet/hpexe_return? HTTP/1.1" 200 1022
191.112.114.98 - - [14/Apr/2016:10:07:31 -0300] "GET /cormun/servlet/trsolicitudadjuntos?2016,1366, HTTP/1.1" 200 7317
186.103.159.204 - - [14/Apr/2016:10:07:32 -0300] "POST /cormun/servlet/solicitudot?gx-no-cache=1460639273861 HTTP/1.1" 200 1143
186.103.159.204 - - [14/Apr/2016:10:07:32 -0300] "GET /cormun/static/menuarrow.gif HTTP/1.1" 404 1015
191.112.114.98 - - [14/Apr/2016:10:07:32 -0300] "GET /cormun/servlet/trsolicitudadjuntos?2016,1366, HTTP/1.1" 200 7313
191.112.114.98 - - [14/Apr/2016:10:07:38 -0300] "GET /cormun/servlet/solicitudotadjuntos?INS,2016,1366,,1, HTTP/1.1" 200 5514
191.112.114.98 - - [14/Apr/2016:10:07:38 -0300] "GET /cormun/static/about:blank HTTP/1.1" 404 1011
191.112.114.98 - - [14/Apr/2016:10:07:39 -0300] "GET /cormun/servlet/solicitudotadjuntos?INS,2016,1366,,1, HTTP/1.1" 200 5508
191.112.114.98 - - [14/Apr/2016:10:07:39 -0300] "GET /cormun/servlet/solicitudotadjuntos?f2a985896ff55b43c508916affeb08c065668c3791cc7626d90a0b986677bba99d79950fc565f652ded04342c661afdd,gx-no-cache=1460639293161 HTTP/1.1" 200 30
191.112.114.98 - - [14/Apr/2016:10:07:39 -0300] "POST /cormun/servlet/solicitudotadjuntos?821898caa112861c77f31e7169638833,INS,2016,1366,,1,,gx-no-cache=1460639293249 HTTP/1.1" 200 3414
186.103.159.204 - - [14/Apr/2016:10:07:42 -0300] "GET /cormun/servlet/solicitudot?470e23458e2a2d4673833fc27d48321d96a93f796dee2155c9ab8a06f3f3be8ae6604b1d4d6374ad7d518e152a0b1d77681df87e7def8ab12de23db85ec40eef3311bde4ca1683747e32db66ad24a6e995b91c50d1f96b29cda52683edf48bb95c83a3d1e59e8b45a9012c517c5fd9bd4fa00ad62539315d5023ecb0d9ca93b78798b4fa5121a8caea5994138be8656331e776b5e362c5b75cfeab59c83369ad1c410cb2939c093ebe875462e926493e,gx-no-cache=1460639284502 HTTP/1.1" 200 30
186.103.159.204 - - [14/Apr/2016:10:08:12 -0300] "GET /cormun/servlet/solicitudot?470e23458e2a2d4673833fc27d48321d96a93f796dee2155c9ab8a06f3f3be8ae6604b1d4d6374ad7d518e152a0b1d77681df87e7def8ab12de23db85ec40eef3311bde4ca1683747e32db66ad24a6e995b91c50d1f96b29cda52683edf48bb95c83a3d1e59e8b45a9012c517c5fd9bd4fa00ad62539315d5023ecb0d9ca93b78798b4fa5121a8caea5994138be8656331e776b5e362c5b75cfeab59c83369ad50584f7962d7a1bb6134e9e11ee4e7d1,gx-no-cache=1460639313926 HTTP/1.1" 200 30
186.103.159.204 - - [14/Apr/2016:10:08:12 -0300] "POST /cormun/servlet/solicitudot?6576ae6ac9e17bb5ad7558992f0e67f4,INS,0,0,,gx-no-cache=1460639313981 HTTP/1.1" 200 93
186.103.159.204 - - [14/Apr/2016:10:08:12 -0300] "GET /cormun/servlet/hpexe_return? HTTP/1.1" 200 1011
186.103.159.204 - - [14/Apr/2016:10:08:12 -0300] "GET /cormun/servlet/trsolicitudot HTTP/1.1" 200 8865
191.112.114.98 - - [14/Apr/2016:10:08:12 -0300] "POST /cormun/servlet/solicitudotadjuntos?gx-no-cache=1460639326227 HTTP/1.1" 200 26
186.103.159.204 - - [14/Apr/2016:10:08:13 -0300] "GET /cormun/servlet/trsolicitudot HTTP/1.1" 200 8861
191.112.114.98 - - [14/Apr/2016:10:08:31 -0300] "GET /cormun/servlet/solicitudotadjuntos?f2a985896ff55b43c508916affeb08c0dfede72f237d15e113d1bee03112f66a,gx-no-cache=1460639344658 HTTP/1.1" 200 30
191.112.114.98 - - [14/Apr/2016:10:08:31 -0300] "GET /cormun/servlet/solicitudotadjuntos?f2a985896ff55b43c508916affeb08c0dfede72f237d15e113d1bee03112f66a,gx-no-cache=1460639344743 HTTP/1.1" 200 30
191.112.114.98 - - [14/Apr/2016:10:08:35 -0300] "POST /cormun/servlet/solicitudotadjuntos?821898caa112861c77f31e7169638833,INS,2016,1366,,1, HTTP/1.1" 200 116
191.112.114.98 - - [14/Apr/2016:10:08:35 -0300] "GET /cormun/servlet/hpexe_return? HTTP/1.1" 200 1022
191.112.114.98 - - [14/Apr/2016:10:08:36 -0300] "GET /cormun/servlet/trsolicitudadjuntos?2016,1366, HTTP/1.1" 200 7473
191.112.114.98 - - [14/Apr/2016:10:08:37 -0300] "GET /cormun/servlet/trsolicitudadjuntos?2016,1366, HTTP/1.1" 200 7469
191.112.114.98 - - [14/Apr/2016:10:08:49 -0300] "GET /cormun/servlet/solicitudotadjuntos?INS,2016,1366,,1, HTTP/1.1" 200 5514
191.112.114.98 - - [14/Apr/2016:10:08:49 -0300] "GET /cormun/static/about:blank HTTP/1.1" 404 1011
191.112.114.98 - - [14/Apr/2016:10:08:49 -0300] "GET /cormun/servlet/solicitudotadjuntos?INS,2016,1366,,1, HTTP/1.1" 200 5508
191.112.114.98 - - [14/Apr/2016:10:08:50 -0300] "GET /cormun/servlet/solicitudotadjuntos?f2a985896ff55b43c508916affeb08c065668c3791cc7626d90a0b986677bba99d79950fc565f652ded04342c661afdd,gx-no-cache=1460639363642 HTTP/1.1" 200 30
191.112.114.98 - - [14/Apr/2016:10:08:50 -0300] "POST /cormun/servlet/solicitudotadjuntos?821898caa112861c77f31e7169638833,INS,2016,1366,,1,,gx-no-cache=1460639363772 HTTP/1.1" 200 3414
191.112.114.98 - - [14/Apr/2016:10:09:08 -0300] "POST /cormun/servlet/solicitudotadjuntos?gx-no-cache=1460639381925 HTTP/1.1" 200 26
191.112.35.53 - - [14/Apr/2016:10:09:27 -0300] "GET /cormun/servlet/hlogin HTTP/1.1" 200 1723
191.112.35.53 - - [14/Apr/2016:10:09:38 -0300] "POST /cormun/servlet/hlogin?55bed2cc774f56eff07190086dbd34cc,gx-no-cache=1460639403844 HTTP/1.1" 200 90
191.112.35.53 - - [14/Apr/2016:10:09:39 -0300] "GET /cormun/servlet/hpexe_link HTTP/1.1" 200 967
191.112.35.53 - - [14/Apr/2016:10:09:39 -0300] "GET /cormun/servlet/trautorizarsolicitud? HTTP/1.1" 200 7738
191.112.35.53 - - [14/Apr/2016:10:09:41 -0300] "GET /cormun/servlet/trautorizarsolicitud? HTTP/1.1" 200 7737
191.112.35.53 - - [14/Apr/2016:10:09:50 -0300] "POST /cormun/servlet/trautorizarsolicitud?55bed2cc774f56eff07190086dbd34cc,,gx-no-cache=1460639415133 HTTP/1.1" 200 3693
191.112.114.98 - - [14/Apr/2016:10:10:17 -0300] "GET /cormun/servlet/solicitudotadjuntos?f2a985896ff55b43c508916affeb08c0dfede72f237d15e113d1bee03112f66a,gx-no-cache=1460639450509 HTTP/1.1" 200 30
191.112.114.98 - - [14/Apr/2016:10:10:17 -0300] "GET /cormun/servlet/solicitudotadjuntos?f2a985896ff55b43c508916affeb08c0dfede72f237d15e113d1bee03112f66a,gx-no-cache=1460639450735 HTTP/1.1" 200 30
191.112.35.53 - - [14/Apr/2016:10:10:17 -0300] "POST /cormun/servlet/trautorizarsolicitud?55bed2cc774f56eff07190086dbd34cc,,gx-no-cache=1460639442100 HTTP/1.1" 200 3692
191.112.114.98 - - [14/Apr/2016:10:10:20 -0300] "POST /cormun/servlet/solicitudotadjuntos?821898caa112861c77f31e7169638833,INS,2016,1366,,1, HTTP/1.1" 200 116
191.112.114.98 - - [14/Apr/2016:10:10:20 -0300] "GET /cormun/servlet/hpexe_return? HTTP/1.1" 200 1022
191.112.114.98 - - [14/Apr/2016:10:10:21 -0300] "GET /cormun/servlet/trsolicitudadjuntos?2016,1366, HTTP/1.1" 200 7645
191.112.114.98 - - [14/Apr/2016:10:10:22 -0300] "GET /cormun/servlet/trsolicitudadjuntos?2016,1366, HTTP/1.1" 200 7641
191.112.114.98 - - [14/Apr/2016:10:10:35 -0300] "GET /cormun/servlet/solicitudotadjuntos?INS,2016,1366,,1, HTTP/1.1" 200 5513
191.112.114.98 - - [14/Apr/2016:10:10:36 -0300] "GET /cormun/static/about:blank HTTP/1.1" 404 1011
191.112.114.98 - - [14/Apr/2016:10:10:36 -0300] "GET /cormun/servlet/solicitudotadjuntos?INS,2016,1366,,1, HTTP/1.1" 200 5507
191.112.114.98 - - [14/Apr/2016:10:10:37 -0300] "GET /cormun/servlet/solicitudotadjuntos?f2a985896ff55b43c508916affeb08c065668c3791cc7626d90a0b986677bba99d79950fc565f652ded04342c661afdd,gx-no-cache=1460639470511 HTTP/1.1" 200 30
191.112.114.98 - - [14/Apr/2016:10:10:37 -0300] "POST /cormun/servlet/solicitudotadjuntos?821898caa112861c77f31e7169638833,INS,2016,1366,,1,,gx-no-cache=1460639470634 HTTP/1.1" 200 3413
191.112.114.98 - - [14/Apr/2016:10:10:44 -0300] "POST /cormun/servlet/solicitudotadjuntos?gx-no-cache=1460639477686 HTTP/1.1" 200 26
191.112.35.53 - - [14/Apr/2016:10:11:29 -0300] "GET /cormun/servlet/hlogin HTTP/1.1" 200 1723
191.112.35.53 - - [14/Apr/2016:10:11:41 -0300] "POST /cormun/servlet/hlogin?55bed2cc774f56eff07190086dbd34cc,gx-no-cache=1460639526827 HTTP/1.1" 200 433
191.112.114.98 - - [14/Apr/2016:10:11:46 -0300] "GET /cormun/servlet/solicitudotadjuntos?f2a985896ff55b43c508916affeb08c0dfede72f237d15e113d1bee03112f66a,gx-no-cache=1460639540052 HTTP/1.1" 200 30
191.112.114.98 - - [14/Apr/2016:10:11:46 -0300] "GET /cormun/servlet/solicitudotadjuntos?f2a985896ff55b43c508916affeb08c0dfede72f237d15e113d1bee03112f66a,gx-no-cache=1460639540167 HTTP/1.1" 200 30
191.112.114.98 - - [14/Apr/2016:10:11:55 -0300] "POST /cormun/servlet/solicitudotadjuntos?821898caa112861c77f31e7169638833,INS,2016,1366,,1, HTTP/1.1" 200 116
191.112.114.98 - - [14/Apr/2016:10:11:55 -0300] "GET /cormun/servlet/hpexe_return? HTTP/1.1" 200 1022
191.112.114.98 - - [14/Apr/2016:10:11:56 -0300] "GET /cormun/servlet/trsolicitudadjuntos?2016,1366, HTTP/1.1" 200 7769
191.112.114.98 - - [14/Apr/2016:10:11:57 -0300] "GET /cormun/servlet/trsolicitudadjuntos?2016,1366, HTTP/1.1" 200 7769
191.112.35.53 - - [14/Apr/2016:10:12:01 -0300] "POST /cormun/servlet/hlogin?55bed2cc774f56eff07190086dbd34cc,gx-no-cache=1460639546336 HTTP/1.1" 200 90
191.112.35.53 - - [14/Apr/2016:10:12:01 -0300] "GET /cormun/servlet/hpexe_link HTTP/1.1" 200 967
191.112.35.53 - - [14/Apr/2016:10:12:01 -0300] "GET /cormun/servlet/trautorizarsolicitud? HTTP/1.1" 200 6442
191.112.35.53 - - [14/Apr/2016:10:12:03 -0300] "GET /cormun/servlet/trautorizarsolicitud? HTTP/1.1" 200 6440
191.112.114.98 - - [14/Apr/2016:10:12:06 -0300] "GET /cormun/servlet/solicitudotadjuntos?INS,2016,1366,,1, HTTP/1.1" 200 5514
191.112.114.98 - - [14/Apr/2016:10:12:06 -0300] "GET /cormun/static/about:blank HTTP/1.1" 404 1011
191.112.35.53 - - [14/Apr/2016:10:12:07 -0300] "POST /cormun/servlet/trautorizarsolicitud?55bed2cc774f56eff07190086dbd34cc,,gx-no-cache=1460639551771 HTTP/1.1" 200 3692
191.112.114.98 - - [14/Apr/2016:10:12:07 -0300] "GET /cormun/servlet/solicitudotadjuntos?INS,2016,1366,,1, HTTP/1.1" 200 5508
191.112.114.98 - - [14/Apr/2016:10:12:07 -0300] "GET /cormun/servlet/solicitudotadjuntos?f2a985896ff55b43c508916affeb08c065668c3791cc7626d90a0b986677bba99d79950fc565f652ded04342c661afdd,gx-no-cache=1460639560996 HTTP/1.1" 200 30
191.112.114.98 - - [14/Apr/2016:10:12:07 -0300] "POST /cormun/servlet/solicitudotadjuntos?821898caa112861c77f31e7169638833,INS,2016,1366,,1,,gx-no-cache=1460639561109 HTTP/1.1" 200 3414
191.112.35.53 - - [14/Apr/2016:10:12:21 -0300] "POST /cormun/servlet/trautorizarsolicitud?55bed2cc774f56eff07190086dbd34cc,,gx-no-cache=1460639566234 HTTP/1.1" 200 5125
191.112.114.98 - - [14/Apr/2016:10:12:36 -0300] "POST /cormun/servlet/solicitudotadjuntos?821898caa112861c77f31e7169638833,INS,2016,1366,,1,,gx-no-cache=1460639589490 HTTP/1.1" 200 93
191.112.114.98 - - [14/Apr/2016:10:12:36 -0300] "GET /cormun/servlet/hpexe_return? HTTP/1.1" 200 1022
191.112.114.98 - - [14/Apr/2016:10:12:36 -0300] "GET /cormun/servlet/trsolicitudadjuntos?2016,1366, HTTP/1.1" 200 7771
191.112.114.98 - - [14/Apr/2016:10:12:37 -0300] "GET /cormun/servlet/trsolicitudadjuntos?2016,1366, HTTP/1.1" 200 7769
191.112.35.53 - - [14/Apr/2016:10:12:41 -0300] "POST /cormun/servlet/trautorizarsolicitud?55bed2cc774f56eff07190086dbd34cc,,gx-no-cache=1460639585863 HTTP/1.1" 200 5137
191.112.35.53 - - [14/Apr/2016:10:12:41 -0300] "GET /cormun/static/Shared/jqueryui/images/ui-bg_highlight-soft_100_c6c2c8_1x100.png HTTP/1.1" 404 1117
191.112.35.53 - - [14/Apr/2016:10:12:41 -0300] "GET /cormun/static/Shared/jqueryui/images/ui-icons_82798d_256x240.png HTTP/1.1" 404 1089
191.112.35.53 - - [14/Apr/2016:10:12:41 -0300] "GET /cormun/static/Shared/jqueryui/images/ui-bg_flat_55_fafafa_40x100.png HTTP/1.1" 404 1097
191.112.35.53 - - [14/Apr/2016:10:12:41 -0300] "GET /cormun/static/Shared/jqueryui/images/ui-icons_8d78a5_256x240.png HTTP/1.1" 404 1089
191.112.114.98 - - [14/Apr/2016:10:12:46 -0300] "GET /cormun/servlet/solicitudotadjuntos?INS,2016,1366,,1, HTTP/1.1" 200 5514
191.112.114.98 - - [14/Apr/2016:10:12:46 -0300] "GET /cormun/static/about:blank HTTP/1.1" 404 1011
191.112.114.98 - - [14/Apr/2016:10:12:46 -0300] "GET /cormun/servlet/solicitudotadjuntos?INS,2016,1366,,1, HTTP/1.1" 200 5508
191.112.114.98 - - [14/Apr/2016:10:12:47 -0300] "GET /cormun/servlet/solicitudotadjuntos?f2a985896ff55b43c508916affeb08c065668c3791cc7626d90a0b986677bba99d79950fc565f652ded04342c661afdd,gx-no-cache=1460639600858 HTTP/1.1" 200 30
191.112.114.98 - - [14/Apr/2016:10:12:48 -0300] "POST /cormun/servlet/solicitudotadjuntos?821898caa112861c77f31e7169638833,INS,2016,1366,,1,,gx-no-cache=1460639601018 HTTP/1.1" 200 3414
191.112.114.98 - - [14/Apr/2016:10:12:54 -0300] "POST /cormun/servlet/solicitudotadjuntos?gx-no-cache=1460639608362 HTTP/1.1" 200 26
