200.112.233.47 - - [13/Apr/2016:10:50:36 -0300] "GET /cormun/static/cmcontrolpreferences.js?20151120014525 HTTP/1.1" 304 -
200.112.233.47 - - [13/Apr/2016:10:50:36 -0300] "GET /cormun/static/Shared/jquery/jquery-1.4.2.min.js HTTP/1.1" 304 -
200.112.233.47 - - [13/Apr/2016:10:50:36 -0300] "GET /cormun/static/Shared/jquery/jquery-1.10.2.min.js HTTP/1.1" 304 -
200.112.233.47 - - [13/Apr/2016:10:50:36 -0300] "GET /cormun/static/Shared/jqueryui/jquery-ui.min.js HTTP/1.1" 304 -
200.112.233.47 - - [13/Apr/2016:10:50:36 -0300] "GET /cormun/static/SmoothNavMenu/resources/ddsmoothmenu.js HTTP/1.1" 304 -
200.112.233.47 - - [13/Apr/2016:10:50:36 -0300] "GET /cormun/static/SmoothNavMenu/resources/SmoothNavMenuRender.js HTTP/1.1" 304 -
200.112.233.47 - - [13/Apr/2016:10:50:36 -0300] "GET /cormun/static/scaMessage/js/jquery.pnotify.min.js HTTP/1.1" 304 -
200.112.233.47 - - [13/Apr/2016:10:50:36 -0300] "GET /cormun/static/scaMessage/scaMessageRender.js HTTP/1.1" 304 -
200.112.233.47 - - [13/Apr/2016:10:50:36 -0300] "GET /cormun/static/hmpwkw03.js?201631622503633 HTTP/1.1" 304 -
200.112.233.47 - - [13/Apr/2016:10:50:36 -0300] "GET /cormun/static/Resources/indicator.gif HTTP/1.1" 304 -
200.112.233.47 - - [13/Apr/2016:10:50:36 -0300] "GET /cormun/servlet/solicitudot?INS,0,0, HTTP/1.1" 200 11169
200.112.233.47 - - [13/Apr/2016:10:50:37 -0300] "GET /cormun/servlet/hlogin HTTP/1.1" 200 1737
200.112.233.47 - - [13/Apr/2016:10:50:37 -0300] "GET /cormun/static/Resources/Spanish/PXTools.css?005343 HTTP/1.1" 304 -
200.112.233.47 - - [13/Apr/2016:10:50:37 -0300] "GET /cormun/static/gxcfg.js?20151120045111 HTTP/1.1" 304 -
200.112.233.47 - - [13/Apr/2016:10:50:37 -0300] "GET /cormun/static/hlogin.js?20151120045126 HTTP/1.1" 304 -
200.112.233.47 - - [13/Apr/2016:10:50:37 -0300] "GET /cormun/static/Resources/ComunLogin.png HTTP/1.1" 304 -
200.112.233.47 - - [13/Apr/2016:10:50:37 -0300] "GET /cormun/static/Resources/PXToolsLoginTop.png HTTP/1.1" 304 -
200.112.233.47 - - [13/Apr/2016:10:50:37 -0300] "GET /cormun/static/Resources/PXToolsLoginBackground.png HTTP/1.1" 304 -
200.112.233.47 - - [13/Apr/2016:10:50:37 -0300] "GET /cormun/static/Resources/PXToolsLoginBottom.png HTTP/1.1" 304 -
200.112.233.47 - - [13/Apr/2016:10:50:45 -0300] "POST /cormun/servlet/hlogin?25937df8c7fb91f4a8f35e4216a65848,gx-no-cache=1460559071133 HTTP/1.1" 200 90
200.112.233.47 - - [13/Apr/2016:10:50:45 -0300] "GET /cormun/servlet/hpexe_link HTTP/1.1" 200 959
200.112.233.47 - - [13/Apr/2016:10:50:45 -0300] "GET /cormun/static/gxcfg.js?20151120044395 HTTP/1.1" 304 -
200.112.233.47 - - [13/Apr/2016:10:50:45 -0300] "GET /cormun/static/hpexe_link.js?20151120044398 HTTP/1.1" 304 -
200.112.233.47 - - [13/Apr/2016:10:50:45 -0300] "GET /cormun/servlet/solicitudot?INS,0,0, HTTP/1.1" 200 11483
200.112.233.47 - - [13/Apr/2016:10:50:46 -0300] "GET /cormun/static/SmoothNavMenu/resources/images/down.gif HTTP/1.1" 304 -
200.112.233.47 - - [13/Apr/2016:10:50:57 -0300] "POST /cormun/servlet/solicitudot?gx-no-cache=1460559083324 HTTP/1.1" 200 2668
200.112.233.47 - - [13/Apr/2016:10:50:57 -0300] "POST /cormun/servlet/solicitudot?25937df8c7fb91f4a8f35e4216a65848,INS,0,0,,gx-no-cache=1460559083548 HTTP/1.1" 200 8064
200.112.233.47 - - [13/Apr/2016:10:50:59 -0300] "GET /cormun/servlet/solicitudot?24e4a0d9208767e3060585039f10baca841ed3545bb87e1957c3c0fa7e7c3d9f4c23b8984ca056e4d0c36a16dca44071,gx-no-cache=1460559085374 HTTP/1.1" 200 30
191.112.58.249 - - [13/Apr/2016:10:54:48 -0300] "GET /cormun/servlet/hlogin HTTP/1.1" 200 1715
191.112.58.249 - - [13/Apr/2016:10:54:54 -0300] "POST /cormun/servlet/hlogin?63aec46c26a79bbc963e1685caad0a11,gx-no-cache=1460555727857 HTTP/1.1" 200 424
191.112.58.249 - - [13/Apr/2016:10:55:11 -0300] "POST /cormun/servlet/hlogin?63aec46c26a79bbc963e1685caad0a11,gx-no-cache=1460555744813 HTTP/1.1" 200 424
115.231.222.40 - - [13/Apr/2016:10:55:17 -0300] "GET /cgi-bin/common/attr?id=260714&r=0.0480800486793452 HTTP/1.1" 404 999
191.112.58.249 - - [13/Apr/2016:10:55:20 -0300] "POST /cormun/servlet/hlogin?63aec46c26a79bbc963e1685caad0a11,gx-no-cache=1460555753398 HTTP/1.1" 200 424
191.112.58.249 - - [13/Apr/2016:10:55:32 -0300] "POST /cormun/servlet/hlogin?63aec46c26a79bbc963e1685caad0a11,gx-no-cache=1460555766220 HTTP/1.1" 200 424
191.112.58.249 - - [13/Apr/2016:10:55:50 -0300] "POST /cormun/servlet/hlogin?63aec46c26a79bbc963e1685caad0a11,gx-no-cache=1460555783929 HTTP/1.1" 200 430
191.112.58.249 - - [13/Apr/2016:10:55:59 -0300] "POST /cormun/servlet/hlogin?63aec46c26a79bbc963e1685caad0a11,gx-no-cache=1460555792644 HTTP/1.1" 200 430
191.112.58.249 - - [13/Apr/2016:10:56:08 -0300] "POST /cormun/servlet/hlogin?63aec46c26a79bbc963e1685caad0a11,gx-no-cache=1460555802162 HTTP/1.1" 200 424
191.112.58.249 - - [13/Apr/2016:10:56:30 -0300] "POST /cormun/servlet/hlogin?63aec46c26a79bbc963e1685caad0a11,gx-no-cache=1460555823561 HTTP/1.1" 200 424
191.112.58.249 - - [13/Apr/2016:10:56:36 -0300] "POST /cormun/servlet/hlogin?63aec46c26a79bbc963e1685caad0a11,gx-no-cache=1460555829968 HTTP/1.1" 200 424
186.103.156.24 - - [13/Apr/2016:10:57:06 -0300] "GET /cormun/servlet/trsolicitudot? HTTP/1.1" 200 5971
186.103.156.24 - - [13/Apr/2016:10:57:07 -0300] "GET /cormun/static/gxui/gxui-all.css?120300 HTTP/1.1" 200 2179
186.103.156.24 - - [13/Apr/2016:10:57:07 -0300] "GET /cormun/static/gxcfg.js?201631022392470 HTTP/1.1" 304 -
186.103.156.24 - - [13/Apr/2016:10:57:07 -0300] "GET /cormun/static/gxui/gxui-all.js HTTP/1.1" 200 107772
186.103.156.24 - - [13/Apr/2016:10:57:08 -0300] "GET /cormun/static/messages.spa.js?85251 HTTP/1.1" 304 -
186.103.156.24 - - [13/Apr/2016:10:57:09 -0300] "GET /cormun/servlet/trsolicitudot? HTTP/1.1" 200 5981
186.103.156.24 - - [13/Apr/2016:10:57:09 -0300] "GET /cormun/servlet/hlogin HTTP/1.1" 200 1736
186.103.156.24 - - [13/Apr/2016:10:57:09 -0300] "GET /cormun/static/gxcfg.js?20151120045111 HTTP/1.1" 304 -
186.103.156.24 - - [13/Apr/2016:10:57:12 -0300] "POST /cormun/servlet/hlogin?2062b45dfe96923745046d1f9c6c8f3b,gx-no-cache=1460555918047 HTTP/1.1" 200 90
186.103.156.24 - - [13/Apr/2016:10:57:12 -0300] "GET /cormun/servlet/hpexe_link HTTP/1.1" 200 955
186.103.156.24 - - [13/Apr/2016:10:57:12 -0300] "GET /cormun/static/gxcfg.js?20151120044395 HTTP/1.1" 304 -
186.103.156.24 - - [13/Apr/2016:10:57:12 -0300] "GET /cormun/servlet/trsolicitudot HTTP/1.1" 200 6304
186.103.156.24 - - [13/Apr/2016:10:57:13 -0300] "GET /cormun/servlet/trsolicitudot HTTP/1.1" 200 6302
186.103.156.24 - - [13/Apr/2016:10:57:31 -0300] "GET /cormun/servlet/trvisualizadoreventos? HTTP/1.1" 200 6294
186.103.156.24 - - [13/Apr/2016:10:57:31 -0300] "GET /cormun/static/gxcfg.js?201631021481342 HTTP/1.1" 200 953
186.103.156.24 - - [13/Apr/2016:10:57:31 -0300] "GET /cormun/static/Resources/PXToolsActionPrint.png HTTP/1.1" 200 3317
186.103.156.24 - - [13/Apr/2016:10:57:31 -0300] "GET /cormun/static/trvisualizadoreventos.js?201631021481717 HTTP/1.1" 200 19288
186.103.156.24 - - [13/Apr/2016:10:57:32 -0300] "GET /cormun/servlet/trvisualizadoreventos? HTTP/1.1" 200 6293
200.112.233.47 - - [13/Apr/2016:10:57:40 -0300] "POST /cormun/servlet/solicitudot?gx-no-cache=1460559486668 HTTP/1.1" 200 30
186.103.156.24 - - [13/Apr/2016:10:57:45 -0300] "POST /cormun/servlet/trvisualizadoreventos?2062b45dfe96923745046d1f9c6c8f3b,,gx-no-cache=1460555955478 HTTP/1.1" 200 3893
200.112.233.47 - - [13/Apr/2016:10:57:59 -0300] "POST /cormun/servlet/solicitudot?gx-no-cache=1460559505980 HTTP/1.1" 200 30
200.112.233.47 - - [13/Apr/2016:10:58:03 -0300] "POST /cormun/servlet/solicitudot?gx-no-cache=1460559509540 HTTP/1.1" 200 452
200.112.233.47 - - [13/Apr/2016:10:58:03 -0300] "GET /cormun/servlet/solicitudot?24e4a0d9208767e3060585039f10bacae57350a213e1f066befe2ff0b26b938dd4077b8d8221efb0ef0835c7eba1280c3f0e17f1e287bd50b0a7e5edc4ba225b439382a50619d13b8f8aa0572ae2a8462680fb2284b322d7dda1c0f0e26e098ed3288c283c1a1172f98ba23513f21b9646b609cd1f8147c6227f4dfc179d53865135d74e57fa997a89f94ea052578af6,gx-no-cache=1460559509623 HTTP/1.1" 200 38
186.103.156.24 - - [13/Apr/2016:10:58:13 -0300] "POST /cormun/servlet/trvisualizadoreventos?2062b45dfe96923745046d1f9c6c8f3b,,gx-no-cache=1460555982185 HTTP/1.1" 200 111
186.103.156.24 - - [13/Apr/2016:10:58:13 -0300] "GET /cormun/VisualizadorEventos-7611.xls HTTP/1.1" 200 4608
186.78.49.148 - - [13/Apr/2016:10:58:19 -0300] "GET /cormun/servlet/hlogin HTTP/1.1" 200 1722
186.78.49.148 - - [13/Apr/2016:10:58:19 -0300] "GET /cormun/static/gxtimezone.js?85251 HTTP/1.1" 200 5781
186.78.49.148 - - [13/Apr/2016:10:58:19 -0300] "GET /cormun/static/gxcfg.js?20151120045111 HTTP/1.1" 200 953
186.78.49.148 - - [13/Apr/2016:10:58:19 -0300] "GET /cormun/static/Resources/ComunLogin.png HTTP/1.1" 200 17326
186.78.49.148 - - [13/Apr/2016:10:58:19 -0300] "GET /cormun/static/messages.spa.js?85251 HTTP/1.1" 200 32693
186.78.49.148 - - [13/Apr/2016:10:58:19 -0300] "GET /cormun/static/hlogin.js?20151120045126 HTTP/1.1" 200 2136
186.78.49.148 - - [13/Apr/2016:10:58:19 -0300] "GET /cormun/static/Resources/Spanish/PXTools.css?005343 HTTP/1.1" 200 89042
186.78.49.148 - - [13/Apr/2016:10:58:20 -0300] "GET /cormun/static/gxgral.js?85251 HTTP/1.1" 200 384558
186.78.49.148 - - [13/Apr/2016:10:58:21 -0300] "GET /cormun/static/Resources/PXToolsLoginTop.png HTTP/1.1" 200 1337
186.78.49.148 - - [13/Apr/2016:10:58:21 -0300] "GET /cormun/static/Resources/PXToolsLoginBackground.png HTTP/1.1" 200 1164
186.78.49.148 - - [13/Apr/2016:10:58:21 -0300] "GET /cormun/static/Resources/PXToolsButtonLeft21.png HTTP/1.1" 200 1287
186.78.49.148 - - [13/Apr/2016:10:58:21 -0300] "GET /cormun/static/Resources/PXToolsButtonRight21.png HTTP/1.1" 200 1283
186.78.49.148 - - [13/Apr/2016:10:58:21 -0300] "GET /cormun/static/Resources/PXToolsButtonBackground2.png HTTP/1.1" 200 1181
186.78.49.148 - - [13/Apr/2016:10:58:21 -0300] "GET /cormun/static/Resources/PXToolsLoginBottom.png HTTP/1.1" 200 1389
186.78.49.148 - - [13/Apr/2016:10:58:21 -0300] "GET /cormun/static/Resources/indicator.gif HTTP/1.1" 200 1553
186.78.49.148 - - [13/Apr/2016:10:58:21 -0300] "GET /cormun/servlet/hlogin HTTP/1.1" 200 1728
186.78.49.148 - - [13/Apr/2016:10:58:22 -0300] "GET /favicon.ico HTTP/1.1" 200 21630
186.103.156.24 - - [13/Apr/2016:10:58:43 -0300] "GET /cormun/servlet/trautorizarsolicitud? HTTP/1.1" 200 6406
186.103.156.24 - - [13/Apr/2016:10:58:43 -0300] "GET /cormun/static/gxcfg.js?201632119361219 HTTP/1.1" 304 -
186.78.49.148 - - [13/Apr/2016:10:58:44 -0300] "POST /cormun/servlet/hlogin?5306a3debae235bf8e6d6bc28773d523,gx-no-cache=1460555947520 HTTP/1.1" 200 90
186.78.49.148 - - [13/Apr/2016:10:58:44 -0300] "GET /cormun/servlet/hpexe_link HTTP/1.1" 200 951
186.103.156.24 - - [13/Apr/2016:10:58:44 -0300] "GET /cormun/servlet/trautorizarsolicitud? HTTP/1.1" 200 6406
186.78.49.148 - - [13/Apr/2016:10:58:44 -0300] "GET /cormun/static/gxcfg.js?20151120044395 HTTP/1.1" 200 953
186.78.49.148 - - [13/Apr/2016:10:58:44 -0300] "GET /cormun/static/hpexe_link.js?20151120044398 HTTP/1.1" 200 625
186.78.49.148 - - [13/Apr/2016:10:58:45 -0300] "GET /cormun/servlet/hhome HTTP/1.1" 200 3582
186.78.49.148 - - [13/Apr/2016:10:58:45 -0300] "GET /cormun/static/SmoothNavMenu/resources/ddsmoothmenu.css?1012540 HTTP/1.1" 200 2223
186.78.49.148 - - [13/Apr/2016:10:58:45 -0300] "GET /cormun/static/gxcfg.js?2015112210564248 HTTP/1.1" 200 953
186.78.49.148 - - [13/Apr/2016:10:58:45 -0300] "GET /cormun/static/SmoothNavMenu/resources/ddsmoothmenu-v.css?1012540 HTTP/1.1" 200 1188
186.78.49.148 - - [13/Apr/2016:10:58:45 -0300] "GET /cormun/static/scaMessage/css/jquery.pnotify.default.css?1716380 HTTP/1.1" 200 1707
186.78.49.148 - - [13/Apr/2016:10:58:45 -0300] "GET /cormun/static/Shared/jqueryui/jquery-ui.min.css?1245370 HTTP/1.1" 200 30288
186.78.49.148 - - [13/Apr/2016:10:58:45 -0300] "GET /cormun/static/PXToolsJavascripts/pexe_autoreload.js HTTP/1.1" 200 1762
186.78.49.148 - - [13/Apr/2016:10:58:45 -0300] "GET /cormun/static/PXToolsJavascripts/pexe_cookies.js HTTP/1.1" 200 792
186.78.49.148 - - [13/Apr/2016:10:58:45 -0300] "GET /cormun/static/PXToolsJavascripts/pexe_windows.js HTTP/1.1" 200 15207
186.78.49.148 - - [13/Apr/2016:10:58:45 -0300] "GET /cormun/static/PXToolsJavascripts/pexe_grid.js HTTP/1.1" 200 7559
186.78.49.148 - - [13/Apr/2016:10:58:45 -0300] "GET /cormun/static/Resources/Spanish/PXTools.css?10515224 HTTP/1.1" 200 89042
186.78.49.148 - - [13/Apr/2016:10:58:45 -0300] "GET /cormun/static/PXToolsJavascripts/pexe_griddivfix.js HTTP/1.1" 200 6644
186.78.49.148 - - [13/Apr/2016:10:58:45 -0300] "GET /cormun/static/PXToolsJavascripts/pexe_link.js HTTP/1.1" 200 5671
186.78.49.148 - - [13/Apr/2016:10:58:45 -0300] "GET /cormun/static/PXToolsJavascripts/pexe_menudivfix.js HTTP/1.1" 200 333
186.78.49.148 - - [13/Apr/2016:10:58:45 -0300] "GET /cormun/static/PXToolsJavascripts/pexe_menus.js HTTP/1.1" 200 1286
186.78.49.148 - - [13/Apr/2016:10:58:45 -0300] "GET /cormun/static/PXToolsJavascripts/pexe_layers.js HTTP/1.1" 200 4114
186.78.49.148 - - [13/Apr/2016:10:58:45 -0300] "GET /cormun/static/PXToolsJavascripts/pexe_oav.js HTTP/1.1" 200 645
186.78.49.148 - - [13/Apr/2016:10:58:45 -0300] "GET /cormun/static/PXToolsJavascripts/pexe_oavdivfix.js HTTP/1.1" 200 639
186.78.49.148 - - [13/Apr/2016:10:58:45 -0300] "GET /cormun/static/PXToolsJavascripts/pexe_picture.js HTTP/1.1" 200 689
186.78.49.148 - - [13/Apr/2016:10:58:45 -0300] "GET /cormun/static/PXToolsJavascripts/pexe_popup.js HTTP/1.1" 200 13458
186.78.49.148 - - [13/Apr/2016:10:58:45 -0300] "GET /cormun/static/PXToolsJavascripts/pexe_scrolldiv.js HTTP/1.1" 200 4138
186.78.49.148 - - [13/Apr/2016:10:58:45 -0300] "GET /cormun/static/PXToolsJavascripts/pexe_tabdivfix.js HTTP/1.1" 200 876
186.78.49.148 - - [13/Apr/2016:10:58:45 -0300] "GET /cormun/static/PXToolsJavascripts/pexe_tabs.js HTTP/1.1" 200 3748
186.78.49.148 - - [13/Apr/2016:10:58:45 -0300] "GET /cormun/static/PXToolsJavascripts/pexe_upload.js HTTP/1.1" 200 1423
186.78.49.148 - - [13/Apr/2016:10:58:45 -0300] "GET /cormun/static/PXToolsJavascripts/PXToolsJavascriptsRender.js HTTP/1.1" 200 367
186.78.49.148 - - [13/Apr/2016:10:58:45 -0300] "GET /cormun/static/RunJS/RunJS.js HTTP/1.1" 200 288
186.78.49.148 - - [13/Apr/2016:10:58:45 -0300] "GET /cormun/static/Shared/ext/locale/ext-lang-en.js HTTP/1.1" 200 10940
186.78.49.148 - - [13/Apr/2016:10:58:45 -0300] "GET /cormun/static/hhome.js?2015112210564255 HTTP/1.1" 200 777
186.78.49.148 - - [13/Apr/2016:10:58:45 -0300] "GET /cormun/static/hwchdr01.js?20162241650484 HTTP/1.1" 200 1183
186.78.49.148 - - [13/Apr/2016:10:58:45 -0300] "GET /cormun/static/hpexe_recentlink.js?2015111312121342 HTTP/1.1" 200 2144
186.78.49.148 - - [13/Apr/2016:10:58:46 -0300] "GET /cormun/static/hpexe_scripts.js?20151120014546 HTTP/1.1" 200 1544
186.78.49.148 - - [13/Apr/2016:10:58:46 -0300] "GET /cormun/static/hpexe_messagecontroller.js?2015112210524422 HTTP/1.1" 200 870
186.78.49.148 - - [13/Apr/2016:10:58:46 -0300] "GET /cormun/static/hpexe_messagepopupcomponent.js?201632119295953 HTTP/1.1" 200 605
186.78.49.148 - - [13/Apr/2016:10:58:46 -0300] "GET /cormun/static/hpexe_messagegenexuscomponent.js?20151120014314 HTTP/1.1" 200 587
186.78.49.148 - - [13/Apr/2016:10:58:46 -0300] "GET /cormun/static/cmcontrolpreferences.js?20151120014525 HTTP/1.1" 200 1375
186.78.49.148 - - [13/Apr/2016:10:58:46 -0300] "GET /cormun/static/gxui/gxui-all.js HTTP/1.1" 200 107772
186.78.49.148 - - [13/Apr/2016:10:58:46 -0300] "GET /cormun/static/SmoothNavMenu/resources/ddsmoothmenu.js HTTP/1.1" 200 12712
186.78.49.148 - - [13/Apr/2016:10:58:46 -0300] "GET /cormun/static/SmoothNavMenu/resources/SmoothNavMenuRender.js HTTP/1.1" 200 5951
186.78.49.148 - - [13/Apr/2016:10:58:46 -0300] "GET /cormun/static/scaMessage/js/jquery.pnotify.min.js HTTP/1.1" 200 13038
186.78.49.148 - - [13/Apr/2016:10:58:46 -0300] "GET /cormun/static/Shared/jquery/jquery-1.4.2.min.js HTTP/1.1" 200 72174
186.78.49.148 - - [13/Apr/2016:10:58:47 -0300] "GET /cormun/static/scaMessage/scaMessageRender.js HTTP/1.1" 200 11977
186.78.49.148 - - [13/Apr/2016:10:58:47 -0300] "GET /cormun/static/hmpwkw03.js?201631622503633 HTTP/1.1" 200 3898
186.78.49.148 - - [13/Apr/2016:10:58:47 -0300] "GET /cormun/static/Resources/PXToolsFooterBackground2.png HTTP/1.1" 200 1172
186.78.49.148 - - [13/Apr/2016:10:58:47 -0300] "GET /cormun/static/Resources/PXToolsHeaderBackground2.png HTTP/1.1" 200 1174
186.78.49.148 - - [13/Apr/2016:10:58:48 -0300] "GET /cormun/static/Resources/PXToolsDataTitle.png HTTP/1.1" 200 1173
186.78.49.148 - - [13/Apr/2016:10:58:48 -0300] "GET /cormun/static/Resources/PXToolsHeaderActionsBackground.png HTTP/1.1" 200 484
186.78.49.148 - - [13/Apr/2016:10:58:48 -0300] "GET /cormun/static/Resources/logo4.png HTTP/1.1" 200 6582
186.78.49.148 - - [13/Apr/2016:10:58:48 -0300] "GET /cormun/static/Shared/jquery/jquery-1.10.2.min.js HTTP/1.1" 200 273199
186.78.49.148 - - [13/Apr/2016:10:58:48 -0300] "GET /cormun/static/Shared/jqueryui/jquery-ui.min.js HTTP/1.1" 200 240427
186.78.49.148 - - [13/Apr/2016:10:58:48 -0300] "GET /cormun/static/Shared/ext/ext-all.js HTTP/1.1" 200 1289687
186.78.49.148 - - [13/Apr/2016:10:58:48 -0300] "GET /cormun/static/Resources/PXToolsHeaderSecurity.png HTTP/1.1" 200 4166
186.78.49.148 - - [13/Apr/2016:10:58:48 -0300] "GET /cormun/static/Resources/PXToolsHeaderActionsRight.png HTTP/1.1" 200 1201
186.78.49.148 - - [13/Apr/2016:10:58:49 -0300] "GET /cormun/static/Resources/PXToolsHeaderPreferences.png HTTP/1.1" 200 4189
186.103.156.24 - - [13/Apr/2016:10:58:49 -0300] "POST /cormun/servlet/trautorizarsolicitud?2062b45dfe96923745046d1f9c6c8f3b,,gx-no-cache=1460556025941 HTTP/1.1" 200 109
186.103.156.24 - - [13/Apr/2016:10:58:49 -0300] "POST /cormun/servlet/trautorizarsolicitud?2062b45dfe96923745046d1f9c6c8f3b,,gx-no-cache=1460556026099 HTTP/1.1" 200 3667
186.103.156.24 - - [13/Apr/2016:10:58:49 -0300] "GET /cormun/AutorizarSolicitud-6666.xls HTTP/1.1" 200 4608
186.78.49.148 - - [13/Apr/2016:10:58:49 -0300] "GET /cormun/static/Resources/PXToolsHeaderActionsLeft.png HTTP/1.1" 200 1118
186.78.49.148 - - [13/Apr/2016:10:58:49 -0300] "GET /cormun/static/Resources/PXToolsHeaderHome.png HTTP/1.1" 200 4147
186.78.49.148 - - [13/Apr/2016:10:58:49 -0300] "GET /cormun/static/Resources/PXToolsHeaderLogin.png HTTP/1.1" 200 4279
186.78.49.148 - - [13/Apr/2016:10:58:52 -0300] "GET /cormun/servlet/hhome HTTP/1.1" 200 3579
186.78.49.148 - - [13/Apr/2016:10:58:52 -0300] "GET /cormun/static/SmoothNavMenu/resources/images/down.gif HTTP/1.1" 200 854
200.112.233.47 - - [13/Apr/2016:10:58:57 -0300] "GET /cormun/servlet/solicitudot?24e4a0d9208767e3060585039f10baca46880c75f0009fc1796f9c6f5b9ce682a386bff890ccfa48f3efa5798c16649c35ec894c448c41cb5d12bdb826fd1353bd3d7c0530de4a9b936240ea93831f7671e45dc050da26f4e662d9f2522285a0a4a2ef70488e7362d64e0d317d64e65c,gx-no-cache=1460559564051 HTTP/1.1" 200 29
200.112.233.47 - - [13/Apr/2016:10:58:59 -0300] "POST /cormun/servlet/solicitudot?gx-no-cache=1460559566105 HTTP/1.1" 200 1144
186.103.156.24 - - [13/Apr/2016:10:59:02 -0300] "GET /cormun/servlet/trautorizarsolicitud? HTTP/1.1" 200 6406
186.103.156.24 - - [13/Apr/2016:10:59:03 -0300] "GET /cormun/servlet/trautorizarsolicitud? HTTP/1.1" 200 6406
186.103.156.24 - - [13/Apr/2016:10:59:06 -0300] "POST /cormun/servlet/trautorizarsolicitud?2062b45dfe96923745046d1f9c6c8f3b,,gx-no-cache=1460556045185 HTTP/1.1" 200 110
186.103.156.24 - - [13/Apr/2016:10:59:06 -0300] "POST /cormun/servlet/trautorizarsolicitud?2062b45dfe96923745046d1f9c6c8f3b,,gx-no-cache=1460556045288 HTTP/1.1" 200 3665
186.103.156.24 - - [13/Apr/2016:10:59:06 -0300] "GET /cormun/AutorizarSolicitud-2573.xls HTTP/1.1" 200 4608
200.112.233.47 - - [13/Apr/2016:10:59:20 -0300] "GET /cormun/servlet/solicitudot?24e4a0d9208767e3060585039f10baca56ec5fe08903e905702974612b4677586d8233f4b973271e4bd4a8c5cae7894e949d56b098841410077fa8d1a3868000ff1a0cf18961d4bdcf4623e148d9a8a6b0226a657858f37129832cd1096c2a203ae9660679a9cd6e5f367aa422d75d3036ecbec1669438632a1c2343e50ae81ffa145413ad82620b08578dad1aa7d2168e413267df8c8f529f6d51c331a26edb51214b60e453550b58dac5f27be30b96,gx-no-cache=1460559586824 HTTP/1.1" 200 30
186.103.156.24 - - [13/Apr/2016:10:59:23 -0300] "GET /cormun/servlet/trsolicitudot? HTTP/1.1" 200 6302
186.103.156.24 - - [13/Apr/2016:10:59:24 -0300] "GET /cormun/servlet/trsolicitudot? HTTP/1.1" 200 6302
186.103.156.24 - - [13/Apr/2016:10:59:28 -0300] "POST /cormun/servlet/trsolicitudot?2062b45dfe96923745046d1f9c6c8f3b,,gx-no-cache=1460556069079 HTTP/1.1" 200 3458
186.103.156.24 - - [13/Apr/2016:10:59:32 -0300] "POST /cormun/servlet/trsolicitudot?2062b45dfe96923745046d1f9c6c8f3b,,gx-no-cache=1460556073147 HTTP/1.1" 200 103
186.103.156.24 - - [13/Apr/2016:10:59:32 -0300] "POST /cormun/servlet/trsolicitudot?2062b45dfe96923745046d1f9c6c8f3b,,gx-no-cache=1460556073291 HTTP/1.1" 200 3438
186.103.156.24 - - [13/Apr/2016:10:59:32 -0300] "GET /cormun/SolicitudOT-6911.xls HTTP/1.1" 200 4608
186.103.156.24 - - [13/Apr/2016:10:59:51 -0300] "GET /cormun/servlet/solicitudot?INS,0,0, HTTP/1.1" 200 11684
186.103.156.24 - - [13/Apr/2016:10:59:51 -0300] "GET /cormun/static/gxcfg.js?201631710541238 HTTP/1.1" 304 -
186.103.156.24 - - [13/Apr/2016:10:59:52 -0300] "GET /cormun/servlet/solicitudot?INS,0,0, HTTP/1.1" 200 11689
186.78.49.148 - - [13/Apr/2016:10:59:56 -0300] "GET /cormun/servlet/trsolicitudot? HTTP/1.1" 200 6499
186.78.49.148 - - [13/Apr/2016:10:59:56 -0300] "GET /cormun/static/calendar-system.css?85620 HTTP/1.1" 200 5572
186.78.49.148 - - [13/Apr/2016:10:59:56 -0300] "GET /cormun/static/gxui/gxui-all.css?120300 HTTP/1.1" 200 2179
186.78.49.148 - - [13/Apr/2016:10:59:56 -0300] "GET /cormun/static/gxcfg.js?201631022392470 HTTP/1.1" 200 953
186.78.49.148 - - [13/Apr/2016:10:59:56 -0300] "GET /cormun/static/calendar-setup.js?85251 HTTP/1.1" 200 2588
186.78.49.148 - - [13/Apr/2016:10:59:56 -0300] "GET /cormun/static/calendar.js?85251 HTTP/1.1" 200 26246
186.78.49.148 - - [13/Apr/2016:10:59:56 -0300] "GET /cormun/static/calendar-es.js?85251 HTTP/1.1" 200 1901
186.78.49.148 - - [13/Apr/2016:10:59:57 -0300] "GET /cormun/static/Resources/Spanish/PXTools.css?2139548 HTTP/1.1" 200 89042
186.78.49.148 - - [13/Apr/2016:10:59:57 -0300] "GET /cormun/static/Resources/PXTools/calendar.png HTTP/1.1" 200 1306
186.78.49.148 - - [13/Apr/2016:10:59:57 -0300] "GET /cormun/static/gxdec.js?85251 HTTP/1.1" 200 19579
186.78.49.148 - - [13/Apr/2016:10:59:57 -0300] "GET /cormun/static/trsolicitudot.js?201631022393178 HTTP/1.1" 200 44568
186.78.49.148 - - [13/Apr/2016:10:59:57 -0300] "GET /cormun/static/Resources/PXToolsDataSearch.png HTTP/1.1" 200 419
186.78.49.148 - - [13/Apr/2016:10:59:57 -0300] "GET /cormun/static/Resources/PXToolsGridFirstDisabled.gif HTTP/1.1" 200 100
186.78.49.148 - - [13/Apr/2016:10:59:58 -0300] "GET /cormun/static/Resources/PXToolsGridPreviousDisabled.gif HTTP/1.1" 200 90
186.78.49.148 - - [13/Apr/2016:10:59:58 -0300] "GET /cormun/static/Shared/ext/resources/css/ext-all.css?215870 HTTP/1.1" 200 416045
186.78.49.148 - - [13/Apr/2016:10:59:58 -0300] "GET /cormun/static/Resources/PXToolsGridNextDisabled.gif HTTP/1.1" 200 90
186.78.49.148 - - [13/Apr/2016:10:59:59 -0300] "GET /cormun/static/Resources/PXToolsGridLastDisabled.gif HTTP/1.1" 200 98
186.78.49.148 - - [13/Apr/2016:10:59:59 -0300] "GET /cormun/static/Resources/PXToolsGridPage.gif HTTP/1.1" 200 725
186.78.49.148 - - [13/Apr/2016:10:59:59 -0300] "GET /cormun/static/Resources/PXToolsActionExcel.png HTTP/1.1" 200 3187
186.78.49.148 - - [13/Apr/2016:10:59:59 -0300] "GET /cormun/static/Resources/PXToolsGridNew.png HTTP/1.1" 200 2949
200.112.233.47 - - [13/Apr/2016:11:00:00 -0300] "POST /cormun/servlet/solicitudot?25937df8c7fb91f4a8f35e4216a65848,INS,0,0,,gx-no-cache=1460559626281 HTTP/1.1" 200 93
200.112.233.47 - - [13/Apr/2016:11:00:00 -0300] "GET /cormun/servlet/hpexe_return? HTTP/1.1" 200 1003
200.112.233.47 - - [13/Apr/2016:11:00:00 -0300] "GET /cormun/static/Resources/Spanish/PXTools.css?12112540 HTTP/1.1" 304 -
200.112.233.47 - - [13/Apr/2016:11:00:00 -0300] "GET /cormun/static/hpexe_return.js?2015111312145056 HTTP/1.1" 304 -
200.112.233.47 - - [13/Apr/2016:11:00:00 -0300] "GET /cormun/static/gxcfg.js?2015111312145050 HTTP/1.1" 304 -
200.112.233.47 - - [13/Apr/2016:11:00:00 -0300] "GET /cormun/servlet/hhome HTTP/1.1" 200 3533
200.112.233.47 - - [13/Apr/2016:11:00:00 -0300] "GET /cormun/static/Resources/Spanish/PXTools.css?10515224 HTTP/1.1" 304 -
200.112.233.47 - - [13/Apr/2016:11:00:00 -0300] "GET /cormun/static/gxcfg.js?2015112210564248 HTTP/1.1" 304 -
200.112.233.47 - - [13/Apr/2016:11:00:00 -0300] "GET /cormun/static/hhome.js?2015112210564255 HTTP/1.1" 304 -
186.78.49.148 - - [13/Apr/2016:11:00:01 -0300] "GET /cormun/static/Resources/asc.gif HTTP/1.1" 200 67
186.78.49.148 - - [13/Apr/2016:11:00:01 -0300] "GET /cormun/static/Resources/desc.gif HTTP/1.1" 200 65
186.78.49.148 - - [13/Apr/2016:11:00:01 -0300] "GET /cormun/servlet/trsolicitudot? HTTP/1.1" 200 6498
186.78.49.148 - - [13/Apr/2016:11:00:02 -0300] "GET /cormun/static/Shared/ext/resources/themes/images/default/panel/bg-headersPanel.png HTTP/1.1" 200 255
186.78.49.148 - - [13/Apr/2016:11:00:02 -0300] "GET /cormun/static/Shared/ext/resources/themes/images/default/tools/tool-sprites.gif HTTP/1.1" 200 5434
200.112.233.47 - - [13/Apr/2016:11:00:07 -0300] "GET /cormun/servlet/trsolicitudot? HTTP/1.1" 200 7749
200.112.233.47 - - [13/Apr/2016:11:00:07 -0300] "GET /cormun/static/Shared/ext/resources/css/ext-all.css?215870 HTTP/1.1" 304 -
200.112.233.47 - - [13/Apr/2016:11:00:07 -0300] "GET /cormun/static/gxui/gxui-all.css?120300 HTTP/1.1" 304 -
200.112.233.47 - - [13/Apr/2016:11:00:07 -0300] "GET /cormun/static/calendar-system.css?85620 HTTP/1.1" 304 -
200.112.233.47 - - [13/Apr/2016:11:00:07 -0300] "GET /cormun/static/Resources/Spanish/PXTools.css?2139548 HTTP/1.1" 304 -
200.112.233.47 - - [13/Apr/2016:11:00:07 -0300] "GET /cormun/static/gxcfg.js?201631022392470 HTTP/1.1" 304 -
200.112.233.47 - - [13/Apr/2016:11:00:08 -0300] "GET /cormun/static/Resources/PXToolsDataSearch.png HTTP/1.1" 304 -
200.112.233.47 - - [13/Apr/2016:11:00:08 -0300] "GET /cormun/static/Resources/PXToolsGridFirstDisabled.gif HTTP/1.1" 304 -
200.112.233.47 - - [13/Apr/2016:11:00:08 -0300] "GET /cormun/static/Resources/PXToolsGridPreviousDisabled.gif HTTP/1.1" 304 -
200.112.233.47 - - [13/Apr/2016:11:00:08 -0300] "GET /cormun/static/Resources/PXToolsGridNextDisabled.gif HTTP/1.1" 304 -
200.112.233.47 - - [13/Apr/2016:11:00:08 -0300] "GET /cormun/static/Resources/PXToolsGridLastDisabled.gif HTTP/1.1" 304 -
200.112.233.47 - - [13/Apr/2016:11:00:08 -0300] "GET /cormun/static/Resources/PXToolsGridPage.gif HTTP/1.1" 304 -
200.112.233.47 - - [13/Apr/2016:11:00:08 -0300] "GET /cormun/static/Resources/PXToolsActionExcel.png HTTP/1.1" 304 -
200.112.233.47 - - [13/Apr/2016:11:00:08 -0300] "GET /cormun/static/Resources/PXToolsGridNew.png HTTP/1.1" 304 -
200.112.233.47 - - [13/Apr/2016:11:00:08 -0300] "GET /cormun/static/trsolicitudot.js?201631022393178 HTTP/1.1" 304 -
200.112.233.47 - - [13/Apr/2016:11:00:08 -0300] "GET /cormun/static/Resources/asc.gif HTTP/1.1" 304 -
200.112.233.47 - - [13/Apr/2016:11:00:08 -0300] "GET /cormun/static/Resources/desc.gif HTTP/1.1" 304 -
200.112.233.47 - - [13/Apr/2016:11:00:08 -0300] "GET /cormun//static/Resources/PXToolsGridUpdate.png HTTP/1.1" 304 -
200.112.233.47 - - [13/Apr/2016:11:00:08 -0300] "GET /cormun//static/Resources/PXToolsGridDelete.png HTTP/1.1" 304 -
200.112.233.47 - - [13/Apr/2016:11:00:08 -0300] "GET /cormun//static/Resources/PXToolsRemoveAllAction.png HTTP/1.1" 304 -
200.112.233.47 - - [13/Apr/2016:11:00:08 -0300] "GET /cormun//static/Resources/PXToolsActionView.png HTTP/1.1" 304 -
200.112.233.47 - - [13/Apr/2016:11:00:08 -0300] "GET /cormun//static/Resources/PXTools/ActionInsert.png HTTP/1.1" 304 -
200.112.233.47 - - [13/Apr/2016:11:00:08 -0300] "GET /cormun/static/Shared/ext/resources/themes/images/default/panel/bg-headersPanel.png HTTP/1.1" 304 -
200.112.233.47 - - [13/Apr/2016:11:00:08 -0300] "GET /cormun/static/Shared/ext/resources/themes/images/default/tools/tool-sprites.gif HTTP/1.1" 304 -
200.112.233.47 - - [13/Apr/2016:11:00:09 -0300] "GET /cormun/static/Shared/ext/resources/themes/images/default/tip/tip-corners.gif HTTP/1.1" 304 -
200.112.233.47 - - [13/Apr/2016:11:00:09 -0300] "GET /cormun/static/Shared/ext/resources/themes/images/default/tip/tip-sides.gif HTTP/1.1" 304 -
200.112.233.47 - - [13/Apr/2016:11:00:12 -0300] "POST /cormun/servlet/trsolicitudot?25937df8c7fb91f4a8f35e4216a65848,,gx-no-cache=1460559638802 HTTP/1.1" 200 107
200.112.233.47 - - [13/Apr/2016:11:00:12 -0300] "GET /cormun/servlet/trsolicitudadjuntos?2016,1349, HTTP/1.1" 200 5470
200.112.233.47 - - [13/Apr/2016:11:00:12 -0300] "GET /cormun/static/Resources/Spanish/PXTools.css?171692 HTTP/1.1" 304 -
200.112.233.47 - - [13/Apr/2016:11:00:12 -0300] "GET /cormun/static/gxcfg.js?2016311731090 HTTP/1.1" 200 953
200.112.233.47 - - [13/Apr/2016:11:00:13 -0300] "GET /cormun/static/Resources/PXToolsGridFirst.gif HTTP/1.1" 304 -
200.112.233.47 - - [13/Apr/2016:11:00:13 -0300] "GET /cormun/static/Resources/PXToolsGridPrevious.gif HTTP/1.1" 304 -
200.112.233.47 - - [13/Apr/2016:11:00:13 -0300] "GET /cormun/static/Resources/PXToolsGridNext.gif HTTP/1.1" 304 -
200.112.233.47 - - [13/Apr/2016:11:00:13 -0300] "GET /cormun/static/Resources/PXToolsGridLast.gif HTTP/1.1" 304 -
186.78.49.148 - - [13/Apr/2016:11:00:14 -0300] "GET /cormun/servlet/solicitudot?INS,0,0, HTTP/1.1" 200 11705
186.78.49.148 - - [13/Apr/2016:11:00:14 -0300] "GET /cormun/static/calendar-system.css?75620 HTTP/1.1" 200 5572
186.78.49.148 - - [13/Apr/2016:11:00:14 -0300] "GET /cormun/static/gxcfg.js?201631710541238 HTTP/1.1" 200 953
186.78.49.148 - - [13/Apr/2016:11:00:14 -0300] "GET /cormun/static/Resources/prompt.gif HTTP/1.1" 200 902
186.78.49.148 - - [13/Apr/2016:11:00:14 -0300] "GET /cormun/static/solicitudot.js?201631710541292 HTTP/1.1" 200 45515
186.78.49.148 - - [13/Apr/2016:11:00:14 -0300] "GET /cormun/static/Resources/Spanish/PXTools.css?22445990 HTTP/1.1" 200 89042
186.103.156.24 - - [13/Apr/2016:11:00:15 -0300] "GET /cormun/static/Resources/resize.gif HTTP/1.1" 200 77
186.103.156.24 - - [13/Apr/2016:11:00:15 -0300] "GET /cormun/servlet/prfichaempleado?,MD,,gxPopupLevel%3D0%3B HTTP/1.1" 200 7924
186.103.156.24 - - [13/Apr/2016:11:00:15 -0300] "GET /cormun/static/Resources/Spanish/PXTools.css?16184758 HTTP/1.1" 304 -
186.103.156.24 - - [13/Apr/2016:11:00:15 -0300] "GET /cormun/static/gxcfg.js?201511151625694 HTTP/1.1" 200 953
186.103.156.24 - - [13/Apr/2016:11:00:15 -0300] "GET /cormun/static/scaMessage/css/jquery-ui.css?104140 HTTP/1.1" 404 1045
186.103.156.24 - - [13/Apr/2016:11:00:15 -0300] "GET /cormun/static/menusearch.js?20163211930269 HTTP/1.1" 304 -
186.103.156.24 - - [13/Apr/2016:11:00:15 -0300] "GET /cormun/static/prfichaempleado.js?201511151625857 HTTP/1.1" 304 -
186.103.156.24 - - [13/Apr/2016:11:00:15 -0300] "GET /cormun/static/hmpwkw01.js?201511211495945 HTTP/1.1" 304 -
200.112.233.47 - - [13/Apr/2016:11:00:16 -0300] "GET /cormun/static/trsolicitudadjuntos.js?2016311731342 HTTP/1.1" 200 17913
186.78.49.148 - - [13/Apr/2016:11:00:17 -0300] "GET /cormun/servlet/solicitudot?INS,0,0, HTTP/1.1" 200 11709
200.112.233.47 - - [13/Apr/2016:11:00:21 -0300] "GET /cormun/servlet/solicitudotadjuntos?INS,2016,1349,,1, HTTP/1.1" 200 5558
200.112.233.47 - - [13/Apr/2016:11:00:21 -0300] "GET /cormun/static/gxcfg.js?201631622493247 HTTP/1.1" 200 953
200.112.233.47 - - [13/Apr/2016:11:00:21 -0300] "GET /cormun/static/about:blank HTTP/1.1" 404 1011
200.112.233.47 - - [13/Apr/2016:11:00:21 -0300] "GET /cormun/static/about:blank HTTP/1.1" 404 1011
200.112.233.47 - - [13/Apr/2016:11:00:22 -0300] "GET /cormun/static/solicitudotadjuntos.js?201631622493267 HTTP/1.1" 200 11762
200.112.233.47 - - [13/Apr/2016:11:00:23 -0300] "GET /cormun/servlet/solicitudotadjuntos?24e4a0d9208767e3060585039f10baca56ec43f618985d497101b36fb6953e9e3d0d86e4b2d6c5d63d29f85bfab3fc5d,gx-no-cache=1460559649194 HTTP/1.1" 200 30
200.112.233.47 - - [13/Apr/2016:11:00:23 -0300] "POST /cormun/servlet/solicitudotadjuntos?25937df8c7fb91f4a8f35e4216a65848,INS,2016,1349,,1,,gx-no-cache=1460559649241 HTTP/1.1" 200 3423
200.112.233.47 - - [13/Apr/2016:11:00:26 -0300] "POST /cormun/servlet/solicitudotadjuntos?gx-no-cache=1460559652754 HTTP/1.1" 200 26
191.112.58.249 - - [13/Apr/2016:11:00:27 -0300] "POST /cormun/servlet/hlogin?63aec46c26a79bbc963e1685caad0a11,gx-no-cache=1460556059828 HTTP/1.1" 200 424
186.103.156.24 - - [13/Apr/2016:11:00:29 -0300] "POST /cormun/servlet/prfichaempleado?2062b45dfe96923745046d1f9c6c8f3b,,MD,,gxPopupLevel%3D0%3B,gx-no-cache=1460556135300 HTTP/1.1" 200 2763
186.103.156.24 - - [13/Apr/2016:11:00:35 -0300] "POST /cormun/servlet/solicitudot?gx-no-cache=1460556140900 HTTP/1.1" 200 2771
186.103.156.24 - - [13/Apr/2016:11:00:35 -0300] "POST /cormun/servlet/solicitudot?2062b45dfe96923745046d1f9c6c8f3b,INS,0,0,,gx-no-cache=1460556141719 HTTP/1.1" 200 8523
191.112.58.249 - - [13/Apr/2016:11:00:36 -0300] "GET /cormun/servlet/hlogin HTTP/1.1" 200 1715
191.112.58.249 - - [13/Apr/2016:11:00:38 -0300] "POST /cormun/servlet/hlogin?63aec46c26a79bbc963e1685caad0a11,gx-no-cache=1460556072037 HTTP/1.1" 200 424
186.103.156.24 - - [13/Apr/2016:11:00:41 -0300] "GET /cormun/servlet/solicitudot?1d920aed79eefe4b97b35c1ab85af8da2f5e0ed05a5eaa08ffc02ddb06e705ad95db817be0a9ddbf7b70f5371c0bc7e4,gx-no-cache=1460556148083 HTTP/1.1" 200 30
186.103.156.24 - - [13/Apr/2016:11:00:41 -0300] "POST /cormun/servlet/solicitudot?gx-no-cache=1460556148124 HTTP/1.1" 200 30
200.112.233.47 - - [13/Apr/2016:11:00:47 -0300] "GET /cormun/servlet/solicitudotadjuntos?24e4a0d9208767e3060585039f10bacafbe8d26be58e89ffb454b45cbde54204,gx-no-cache=1460559673283 HTTP/1.1" 200 30
200.112.233.47 - - [13/Apr/2016:11:00:47 -0300] "GET /cormun/servlet/solicitudotadjuntos?24e4a0d9208767e3060585039f10bacafbe8d26be58e89ffb454b45cbde54204,gx-no-cache=1460559673319 HTTP/1.1" 200 30
191.112.58.249 - - [13/Apr/2016:11:00:47 -0300] "POST /cormun/servlet/hlogin?63aec46c26a79bbc963e1685caad0a11,gx-no-cache=1460556081044 HTTP/1.1" 200 424
200.112.233.47 - - [13/Apr/2016:11:00:48 -0300] "POST /cormun/servlet/solicitudotadjuntos?25937df8c7fb91f4a8f35e4216a65848,INS,2016,1349,,1, HTTP/1.1" 200 116
200.112.233.47 - - [13/Apr/2016:11:00:48 -0300] "GET /cormun/servlet/hpexe_return? HTTP/1.1" 200 1021
200.112.233.47 - - [13/Apr/2016:11:00:48 -0300] "GET /cormun/servlet/trsolicitudadjuntos?2016,1349, HTTP/1.1" 200 7387
191.112.58.249 - - [13/Apr/2016:11:00:51 -0300] "POST /cormun/servlet/hlogin?63aec46c26a79bbc963e1685caad0a11,gx-no-cache=1460556084493 HTTP/1.1" 200 424
200.112.233.47 - - [13/Apr/2016:11:00:51 -0300] "GET /cormun/servlet/solicitudotadjuntos?INS,2016,1349,,1, HTTP/1.1" 200 5558
200.112.233.47 - - [13/Apr/2016:11:00:51 -0300] "GET /cormun/static/about:blank HTTP/1.1" 404 1011
200.112.233.47 - - [13/Apr/2016:11:00:52 -0300] "GET /cormun/static/about:blank HTTP/1.1" 404 1011
200.112.233.47 - - [13/Apr/2016:11:00:53 -0300] "GET /cormun/servlet/solicitudotadjuntos?24e4a0d9208767e3060585039f10baca56ec43f618985d497101b36fb6953e9e3d0d86e4b2d6c5d63d29f85bfab3fc5d,gx-no-cache=1460559679380 HTTP/1.1" 200 30
191.112.58.249 - - [13/Apr/2016:11:00:53 -0300] "POST /cormun/servlet/hlogin?63aec46c26a79bbc963e1685caad0a11,gx-no-cache=1460556086580 HTTP/1.1" 200 424
200.112.233.47 - - [13/Apr/2016:11:00:53 -0300] "POST /cormun/servlet/solicitudotadjuntos?25937df8c7fb91f4a8f35e4216a65848,INS,2016,1349,,1,,gx-no-cache=1460559679485 HTTP/1.1" 200 3422
191.112.58.249 - - [13/Apr/2016:11:00:56 -0300] "POST /cormun/servlet/hlogin?63aec46c26a79bbc963e1685caad0a11,gx-no-cache=1460556089540 HTTP/1.1" 200 424
186.103.156.24 - - [13/Apr/2016:11:00:57 -0300] "POST /cormun/servlet/solicitudot?gx-no-cache=1460556165843 HTTP/1.1" 200 30
200.112.233.47 - - [13/Apr/2016:11:00:58 -0300] "POST /cormun/servlet/solicitudotadjuntos?gx-no-cache=1460559684631 HTTP/1.1" 200 26
186.103.156.24 - - [13/Apr/2016:11:01:00 -0300] "POST /cormun/servlet/solicitudot?gx-no-cache=1460556169882 HTTP/1.1" 200 1187
186.103.156.24 - - [13/Apr/2016:11:01:00 -0300] "GET /cormun/servlet/solicitudot?1d920aed79eefe4b97b35c1ab85af8dac958b2e7524232894d7e1121943bedea03033352dcab04eb38545dede26f453fe72c79df14a34f71ccc191b272506b2422f960023fae577f7d23539e0a303e08d257a0579af157c19c1b3f9d95873add9ebb592fea27b23442f50ee180d5798f9efd27726800c946dc3404f937022406f826bfbdb5f30d4778022a1b214f4317,gx-no-cache=1460556169933 HTTP/1.1" 200 38
200.112.233.47 - - [13/Apr/2016:11:01:10 -0300] "GET /cormun/servlet/solicitudotadjuntos?24e4a0d9208767e3060585039f10bacafbe8d26be58e89ffb454b45cbde54204,gx-no-cache=1460559697014 HTTP/1.1" 200 30
200.112.233.47 - - [13/Apr/2016:11:01:10 -0300] "GET /cormun/servlet/solicitudotadjuntos?24e4a0d9208767e3060585039f10bacafbe8d26be58e89ffb454b45cbde54204,gx-no-cache=1460559697043 HTTP/1.1" 200 30
200.112.233.47 - - [13/Apr/2016:11:01:11 -0300] "POST /cormun/servlet/solicitudotadjuntos?25937df8c7fb91f4a8f35e4216a65848,INS,2016,1349,,1, HTTP/1.1" 200 116
200.112.233.47 - - [13/Apr/2016:11:01:11 -0300] "GET /cormun/servlet/hpexe_return? HTTP/1.1" 200 1021
200.112.233.47 - - [13/Apr/2016:11:01:12 -0300] "GET /cormun/servlet/trsolicitudadjuntos?2016,1349, HTTP/1.1" 200 7562
200.112.233.47 - - [13/Apr/2016:11:01:15 -0300] "GET /cormun/servlet/solicitudotadjuntos?INS,2016,1349,,1, HTTP/1.1" 200 5558
200.112.233.47 - - [13/Apr/2016:11:01:15 -0300] "GET /cormun/static/about:blank HTTP/1.1" 404 1011
200.112.233.47 - - [13/Apr/2016:11:01:15 -0300] "GET /cormun/static/about:blank HTTP/1.1" 404 1011
200.112.233.47 - - [13/Apr/2016:11:01:16 -0300] "GET /cormun/servlet/solicitudotadjuntos?24e4a0d9208767e3060585039f10baca56ec43f618985d497101b36fb6953e9e3d0d86e4b2d6c5d63d29f85bfab3fc5d,gx-no-cache=1460559702985 HTTP/1.1" 200 30
200.112.233.47 - - [13/Apr/2016:11:01:16 -0300] "POST /cormun/servlet/solicitudotadjuntos?25937df8c7fb91f4a8f35e4216a65848,INS,2016,1349,,1,,gx-no-cache=1460559703035 HTTP/1.1" 200 3422
186.103.156.24 - - [13/Apr/2016:11:01:18 -0300] "GET /cormun/servlet/solicitudot?1d920aed79eefe4b97b35c1ab85af8da155886be0e2e5e794d83e264cc033db182fe0193cca2feb5e446e1df7df8da59d2a4f7d3e696ae67efe2153c861b6b73f030e921eb8f47105b39fb80c6b547c1e46df7b99c70af2c121b3cd356b644bba8f950a68ac5b05c9f73c077e9b4e9dcea68282f908f0d3cd9bc74bd73551babcdb7ce0df743880b772b10e4f84b63a8aa940197eccf93744f6bc88899cf2c2bda1fd0e1440b7206e8bda72014709355785562a90eceaa635e224492c282048a9b514f7ccfa3f6cb40c254f0dda927d5,gx-no-cache=1460556189603 HTTP/1.1" 200 29
186.103.156.24 - - [13/Apr/2016:11:01:18 -0300] "POST /cormun/servlet/solicitudot?gx-no-cache=1460556189667 HTTP/1.1" 200 1143
200.112.233.47 - - [13/Apr/2016:11:01:20 -0300] "POST /cormun/servlet/solicitudotadjuntos?gx-no-cache=1460559706522 HTTP/1.1" 200 26
200.112.233.47 - - [13/Apr/2016:11:01:28 -0300] "GET /cormun/servlet/solicitudotadjuntos?24e4a0d9208767e3060585039f10bacafbe8d26be58e89ffb454b45cbde54204,gx-no-cache=1460559714921 HTTP/1.1" 200 30
200.112.233.47 - - [13/Apr/2016:11:01:28 -0300] "GET /cormun/servlet/solicitudotadjuntos?24e4a0d9208767e3060585039f10bacafbe8d26be58e89ffb454b45cbde54204,gx-no-cache=1460559714947 HTTP/1.1" 200 30
200.112.233.47 - - [13/Apr/2016:11:01:29 -0300] "POST /cormun/servlet/solicitudotadjuntos?25937df8c7fb91f4a8f35e4216a65848,INS,2016,1349,,1, HTTP/1.1" 200 116
200.112.233.47 - - [13/Apr/2016:11:01:29 -0300] "GET /cormun/servlet/hpexe_return? HTTP/1.1" 200 1021
200.112.233.47 - - [13/Apr/2016:11:01:30 -0300] "GET /cormun/servlet/trsolicitudadjuntos?2016,1349, HTTP/1.1" 200 7734
200.112.233.47 - - [13/Apr/2016:11:01:33 -0300] "GET /cormun/servlet/solicitudotadjuntos?INS,2016,1349,,1, HTTP/1.1" 200 5558
200.112.233.47 - - [13/Apr/2016:11:01:33 -0300] "GET /cormun/static/about:blank HTTP/1.1" 404 1011
200.112.233.47 - - [13/Apr/2016:11:01:33 -0300] "GET /cormun/static/about:blank HTTP/1.1" 404 1011
200.112.233.47 - - [13/Apr/2016:11:01:35 -0300] "GET /cormun/servlet/solicitudotadjuntos?24e4a0d9208767e3060585039f10baca56ec43f618985d497101b36fb6953e9e3d0d86e4b2d6c5d63d29f85bfab3fc5d,gx-no-cache=1460559721299 HTTP/1.1" 200 30
200.112.233.47 - - [13/Apr/2016:11:01:35 -0300] "POST /cormun/servlet/solicitudotadjuntos?25937df8c7fb91f4a8f35e4216a65848,INS,2016,1349,,1,,gx-no-cache=1460559721349 HTTP/1.1" 200 3423
200.112.233.47 - - [13/Apr/2016:11:01:38 -0300] "POST /cormun/servlet/solicitudotadjuntos?gx-no-cache=1460559724670 HTTP/1.1" 200 26
200.112.233.47 - - [13/Apr/2016:11:01:46 -0300] "GET /cormun/servlet/solicitudotadjuntos?24e4a0d9208767e3060585039f10bacafbe8d26be58e89ffb454b45cbde54204,gx-no-cache=1460559733032 HTTP/1.1" 200 30
200.112.233.47 - - [13/Apr/2016:11:01:46 -0300] "GET /cormun/servlet/solicitudotadjuntos?24e4a0d9208767e3060585039f10bacafbe8d26be58e89ffb454b45cbde54204,gx-no-cache=1460559733064 HTTP/1.1" 200 30
200.112.233.47 - - [13/Apr/2016:11:01:47 -0300] "POST /cormun/servlet/solicitudotadjuntos?25937df8c7fb91f4a8f35e4216a65848,INS,2016,1349,,1, HTTP/1.1" 200 116
200.112.233.47 - - [13/Apr/2016:11:01:47 -0300] "GET /cormun/servlet/hpexe_return? HTTP/1.1" 200 1021
200.112.233.47 - - [13/Apr/2016:11:01:48 -0300] "GET /cormun/servlet/trsolicitudadjuntos?2016,1349, HTTP/1.1" 200 7852
186.103.156.24 - - [13/Apr/2016:11:01:52 -0300] "GET /cormun/servlet/solicitudot?1d920aed79eefe4b97b35c1ab85af8dad922411cccb4d959aaa9cb46e7f587430b073da99105606b88b1714271069535605097d157ec40a0bb5a6c50630dcad2ddc8052b91fc3781ec383f7f61040a5e6bf394eb8de43caa69c6e5f0a0ab86da412d546406c2e07705541fd7752dce713c886e33082e9d138cd98aef507d89f42753d57f48085c4207cb53665dec8cfecaa377f9e65c288ee6227716f2a022c64bc74bc87cb09817813bec67e2e9df46,gx-no-cache=1460556228343 HTTP/1.1" 200 30
191.112.58.249 - - [13/Apr/2016:11:01:54 -0300] "GET /cormun/servlet/hlogin HTTP/1.1" 200 1715
191.112.58.249 - - [13/Apr/2016:11:01:58 -0300] "POST /cormun/servlet/hlogin?63aec46c26a79bbc963e1685caad0a11,gx-no-cache=1460556151354 HTTP/1.1" 200 424
186.103.156.24 - - [13/Apr/2016:11:02:33 -0300] "POST /cormun/servlet/solicitudot?2062b45dfe96923745046d1f9c6c8f3b,INS,0,0,,gx-no-cache=1460556171238 HTTP/1.1" 200 93
186.103.156.24 - - [13/Apr/2016:11:02:33 -0300] "GET /cormun/servlet/hpexe_return? HTTP/1.1" 200 1006
186.103.156.24 - - [13/Apr/2016:11:02:35 -0300] "GET /cormun/static/gxcfg.js?2015111312145050 HTTP/1.1" 304 -
186.103.156.24 - - [13/Apr/2016:11:02:36 -0300] "GET /cormun/servlet/trsolicitudot? HTTP/1.1" 200 7656
186.103.156.24 - - [13/Apr/2016:11:02:37 -0300] "GET /cormun/servlet/trsolicitudot? HTTP/1.1" 200 7652
191.112.58.249 - - [13/Apr/2016:11:02:42 -0300] "GET /cormun/servlet/hlogin HTTP/1.1" 200 1718
186.103.156.24 - - [13/Apr/2016:11:02:48 -0300] "GET /cormun/servlet/solicitudot?INS,0,0, HTTP/1.1" 200 11683
186.103.156.24 - - [13/Apr/2016:11:02:50 -0300] "GET /cormun/servlet/solicitudot?INS,0,0, HTTP/1.1" 200 11688
186.103.156.24 - - [13/Apr/2016:11:03:00 -0300] "GET /cormun/servlet/prfichaempleado?,MD,,gxPopupLevel%3D0%3B HTTP/1.1" 200 7924
186.103.156.24 - - [13/Apr/2016:11:03:00 -0300] "GET /cormun/static/scaMessage/css/jquery-ui.css?104140 HTTP/1.1" 404 1045
186.103.156.24 - - [13/Apr/2016:11:03:13 -0300] "POST /cormun/servlet/prfichaempleado?2062b45dfe96923745046d1f9c6c8f3b,,MD,,gxPopupLevel%3D0%3B,gx-no-cache=1460556216132 HTTP/1.1" 200 2764
186.103.156.24 - - [13/Apr/2016:11:03:19 -0300] "POST /cormun/servlet/solicitudot?gx-no-cache=1460556221322 HTTP/1.1" 200 2770
186.103.156.24 - - [13/Apr/2016:11:03:19 -0300] "POST /cormun/servlet/solicitudot?2062b45dfe96923745046d1f9c6c8f3b,INS,0,0,,gx-no-cache=1460556222122 HTTP/1.1" 200 8516
186.103.156.24 - - [13/Apr/2016:11:03:22 -0300] "GET /cormun/servlet/solicitudot?1d920aed79eefe4b97b35c1ab85af8da7925b33532d259e285518aba2290e4be8c66251bf6670e4c2c79e487acfea7a1,gx-no-cache=1460556225627 HTTP/1.1" 200 30
186.103.156.24 - - [13/Apr/2016:11:03:22 -0300] "POST /cormun/servlet/solicitudot?gx-no-cache=1460556225664 HTTP/1.1" 200 30
186.103.156.24 - - [13/Apr/2016:11:03:26 -0300] "POST /cormun/servlet/solicitudot?gx-no-cache=1460556229547 HTTP/1.1" 200 30
200.112.233.47 - - [13/Apr/2016:11:03:28 -0300] "GET /cormun/servlet/solicitudotadjuntos?INS,2016,1349,,1, HTTP/1.1" 200 5557
200.112.233.47 - - [13/Apr/2016:11:03:28 -0300] "GET /cormun/static/about:blank HTTP/1.1" 404 1011
200.112.233.47 - - [13/Apr/2016:11:03:28 -0300] "GET /cormun/static/about:blank HTTP/1.1" 404 1011
186.103.156.24 - - [13/Apr/2016:11:03:28 -0300] "POST /cormun/servlet/solicitudot?gx-no-cache=1460556232266 HTTP/1.1" 200 1187
186.103.156.24 - - [13/Apr/2016:11:03:28 -0300] "GET /cormun/servlet/solicitudot?1d920aed79eefe4b97b35c1ab85af8dac958b2e7524232894d7e1121943bedea03033352dcab04eb38545dede26f453fe72c79df14a34f71ccc191b272506b2422f960023fae577f7d23539e0a303e08d257a0579af157c19c1b3f9d95873add9ebb592fea27b23442f50ee180d5798f9efd27726800c946dc3404f937022406f826bfbdb5f30d4778022a1b214f4317,gx-no-cache=1460556232339 HTTP/1.1" 200 38
200.112.233.47 - - [13/Apr/2016:11:03:29 -0300] "GET /cormun/servlet/solicitudotadjuntos?24e4a0d9208767e3060585039f10baca56ec43f618985d497101b36fb6953e9e3d0d86e4b2d6c5d63d29f85bfab3fc5d,gx-no-cache=1460559835710 HTTP/1.1" 200 30
200.112.233.47 - - [13/Apr/2016:11:03:29 -0300] "POST /cormun/servlet/solicitudotadjuntos?25937df8c7fb91f4a8f35e4216a65848,INS,2016,1349,,1,,gx-no-cache=1460559835759 HTTP/1.1" 200 3422
200.112.233.47 - - [13/Apr/2016:11:03:32 -0300] "POST /cormun/servlet/solicitudotadjuntos?gx-no-cache=1460559839157 HTTP/1.1" 200 26
186.103.156.24 - - [13/Apr/2016:11:03:42 -0300] "GET /cormun/servlet/solicitudot?1d920aed79eefe4b97b35c1ab85af8da155886be0e2e5e794d83e264cc033db182fe0193cca2feb5e446e1df7df8da59d2a4f7d3e696ae67efe2153c861b6b73f030e921eb8f47105b39fb80c6b547c1e46df7b99c70af2c121b3cd356b644bba8f950a68ac5b05c9f73c077e9b4e9dcea68282f908f0d3cd9bc74bd73551babcdb7ce0df743880b772b10e4f84b63a8aa940197eccf93744f6bc88899cf2c2bda1fd0e1440b7206e8bda72014709355785562a90eceaa635e224492c282048a9b514f7ccfa3f6cb40c254f0dda927d5,gx-no-cache=1460556247638 HTTP/1.1" 200 29
186.103.156.24 - - [13/Apr/2016:11:03:42 -0300] "POST /cormun/servlet/solicitudot?gx-no-cache=1460556247688 HTTP/1.1" 200 1144
200.112.233.47 - - [13/Apr/2016:11:03:42 -0300] "GET /cormun/servlet/solicitudotadjuntos?24e4a0d9208767e3060585039f10bacafbe8d26be58e89ffb454b45cbde54204,gx-no-cache=1460559848980 HTTP/1.1" 200 30
200.112.233.47 - - [13/Apr/2016:11:03:42 -0300] "GET /cormun/servlet/solicitudotadjuntos?24e4a0d9208767e3060585039f10bacafbe8d26be58e89ffb454b45cbde54204,gx-no-cache=1460559849011 HTTP/1.1" 200 30
200.112.233.47 - - [13/Apr/2016:11:03:43 -0300] "POST /cormun/servlet/solicitudotadjuntos?25937df8c7fb91f4a8f35e4216a65848,INS,2016,1349,,1, HTTP/1.1" 200 116
200.112.233.47 - - [13/Apr/2016:11:03:43 -0300] "GET /cormun/servlet/hpexe_return? HTTP/1.1" 200 1021
200.112.233.47 - - [13/Apr/2016:11:03:44 -0300] "GET /cormun/servlet/trsolicitudadjuntos?2016,1349, HTTP/1.1" 200 7993
200.112.233.47 - - [13/Apr/2016:11:03:47 -0300] "GET /cormun/servlet/solicitudotadjuntos?INS,2016,1349,,1, HTTP/1.1" 200 5557
200.112.233.47 - - [13/Apr/2016:11:03:47 -0300] "GET /cormun/static/about:blank HTTP/1.1" 404 1011
200.112.233.47 - - [13/Apr/2016:11:03:47 -0300] "GET /cormun/static/about:blank HTTP/1.1" 404 1011
200.112.233.47 - - [13/Apr/2016:11:03:48 -0300] "GET /cormun/servlet/solicitudotadjuntos?24e4a0d9208767e3060585039f10baca56ec43f618985d497101b36fb6953e9e3d0d86e4b2d6c5d63d29f85bfab3fc5d,gx-no-cache=1460559854782 HTTP/1.1" 200 30
200.112.233.47 - - [13/Apr/2016:11:03:48 -0300] "POST /cormun/servlet/solicitudotadjuntos?25937df8c7fb91f4a8f35e4216a65848,INS,2016,1349,,1,,gx-no-cache=1460559854832 HTTP/1.1" 200 3422
200.112.233.47 - - [13/Apr/2016:11:03:51 -0300] "POST /cormun/servlet/solicitudotadjuntos?gx-no-cache=1460559857726 HTTP/1.1" 200 26
186.103.156.24 - - [13/Apr/2016:11:04:01 -0300] "GET /cormun/servlet/solicitudot?1d920aed79eefe4b97b35c1ab85af8da6753bbe134ab3e678c9174b65c260cc1813f9bf952d0a581c5ea11bd0294e9c1e6de835a8297f43c4f79cc9b500c8299ee713b0c3bb1f833e1a9bb4d923441c6e3e6b84f6dd797be9948d18ffc7081c25fba42a293547c90b9390450ece7488ed49e69c153c564f4c9e76b33b9d6114f96ec8ca04bd334c5dd05de74863999fffe369d1f358c09adb1a0cb4474fb2bebe518671bbeae1551ac46c5418daf8f4b,gx-no-cache=1460556270142 HTTP/1.1" 200 30
186.103.156.24 - - [13/Apr/2016:11:04:21 -0300] "POST /cormun/servlet/solicitudot?2062b45dfe96923745046d1f9c6c8f3b,INS,0,0,,gx-no-cache=1460556292167 HTTP/1.1" 200 93
186.103.156.24 - - [13/Apr/2016:11:04:21 -0300] "GET /cormun/servlet/hpexe_return? HTTP/1.1" 200 1006
186.103.156.24 - - [13/Apr/2016:11:04:22 -0300] "GET /cormun/servlet/trsolicitudot HTTP/1.1" 200 7973
200.112.233.47 - - [13/Apr/2016:11:04:22 -0300] "GET /cormun/servlet/solicitudotadjuntos?24e4a0d9208767e3060585039f10bacafbe8d26be58e89ffb454b45cbde54204,gx-no-cache=1460559888525 HTTP/1.1" 200 30
200.112.233.47 - - [13/Apr/2016:11:04:22 -0300] "GET /cormun/servlet/solicitudotadjuntos?24e4a0d9208767e3060585039f10bacafbe8d26be58e89ffb454b45cbde54204,gx-no-cache=1460559888679 HTTP/1.1" 200 30
186.103.156.24 - - [13/Apr/2016:11:04:23 -0300] "GET /cormun/servlet/trsolicitudot HTTP/1.1" 200 7969
200.112.233.47 - - [13/Apr/2016:11:04:23 -0300] "POST /cormun/servlet/solicitudotadjuntos?25937df8c7fb91f4a8f35e4216a65848,INS,2016,1349,,1, HTTP/1.1" 200 116
200.112.233.47 - - [13/Apr/2016:11:04:23 -0300] "GET /cormun/servlet/hpexe_return? HTTP/1.1" 200 1021
200.112.233.47 - - [13/Apr/2016:11:04:24 -0300] "GET /cormun/servlet/trsolicitudadjuntos?2016,1349, HTTP/1.1" 200 8104
186.103.156.24 - - [13/Apr/2016:11:04:27 -0300] "POST /cormun/servlet/trsolicitudot?2062b45dfe96923745046d1f9c6c8f3b,gx-no-cache=1460556298533 HTTP/1.1" 200 4987
186.103.156.24 - - [13/Apr/2016:11:04:27 -0300] "GET /cormun/static/Shared/jqueryui/images/ui-bg_highlight-soft_100_c6c2c8_1x100.png HTTP/1.1" 404 1117
186.103.156.24 - - [13/Apr/2016:11:04:27 -0300] "GET /cormun/static/Shared/jqueryui/images/ui-icons_82798d_256x240.png HTTP/1.1" 404 1089
186.103.156.24 - - [13/Apr/2016:11:04:27 -0300] "GET /cormun/static/Shared/jqueryui/images/ui-icons_8d78a5_256x240.png HTTP/1.1" 404 1089
