186.103.159.46 - - [13/Apr/2016:16:53:41 -0300] "GET /cormun/static/gxcfg.js?201631021481342 HTTP/1.1" 200 953
186.103.159.46 - - [13/Apr/2016:16:53:42 -0300] "GET /cormun/static/Resources/PXToolsActionPrint.png HTTP/1.1" 304 -
186.103.159.46 - - [13/Apr/2016:16:53:42 -0300] "GET /cormun/static/trvisualizadoreventos.js?201631021481717 HTTP/1.1" 304 -
186.103.159.46 - - [13/Apr/2016:16:53:47 -0300] "POST /cormun/servlet/trvisualizadoreventos?fe53d9d1e81c7e0c6d2bbf85a3a43477,,gx-no-cache=1460577240835 HTTP/1.1" 200 3538
186.103.159.189 - - [13/Apr/2016:16:53:54 -0300] "GET /cormun/servlet/solicitudot?3a71777d04c448598530ef4f41631ffaa5e8b361fb675c519b05c25497fd2ffedc007e23e51a785248264fded301608b81ecd5d6890f42525106b637685369de6db031ad290ba3d6c566238c2684aaabc0479dee781494b184ad5923e40f909da55905b5a6adcbd9ebd0d9d43607babad7cfdad70a2cd22ac13c477a68d26e5691d7008841c748fa11d4cb9475beac417d1cc9aa3a627570b7ca8c61aff2ea57,gx-no-cache=1460577241486 HTTP/1.1" 200 41
186.103.159.189 - - [13/Apr/2016:16:53:54 -0300] "POST /cormun/servlet/solicitudot?gx-no-cache=1460577241893 HTTP/1.1" 200 1143
186.103.159.189 - - [13/Apr/2016:16:53:54 -0300] "GET /cormun/servlet/solicitudot?3a71777d04c448598530ef4f41631ffa976730c09889f8c42686accaea7beba28eba853865df1ac7c018868f168f99d52f04bb659776a541f71edc79c3163fb1a0d8e207565bce3069d9d2d494d74ce3a731d2ca5555dfc1cb6bb772f69a15dc13fd4ea82236200a2751d96bf34bf6e5b0bed3234fe77ba166443fbb0973d727edc7467c19383afa479826b482ff53ab472d63cddbc33ecd407462241ada93bf29888c31149a57e67b7e710e4280a0f321321e3a10a188644c0b8f499d51c500,gx-no-cache=1460577242127 HTTP/1.1" 200 30
186.103.159.46 - - [13/Apr/2016:16:53:54 -0300] "GET /cormun/servlet/trautorizarsolicitud? HTTP/1.1" 200 6388
186.103.159.46 - - [13/Apr/2016:16:54:00 -0300] "GET /cormun/static/menuarrow.gif HTTP/1.1" 404 1015
186.103.159.46 - - [13/Apr/2016:16:54:05 -0300] "POST /cormun/servlet/trautorizarsolicitud?fe53d9d1e81c7e0c6d2bbf85a3a43477,,gx-no-cache=1460577259013 HTTP/1.1" 200 3698
186.103.159.46 - - [13/Apr/2016:16:54:12 -0300] "GET /cormun/servlet/trautorizarsolicitud? HTTP/1.1" 200 6388
186.103.159.46 - - [13/Apr/2016:16:54:16 -0300] "GET /cormun/servlet/trvisualizadoreventos? HTTP/1.1" 200 6251
186.103.159.46 - - [13/Apr/2016:16:54:22 -0300] "POST /cormun/servlet/trvisualizadoreventos?fe53d9d1e81c7e0c6d2bbf85a3a43477,,gx-no-cache=1460577275665 HTTP/1.1" 200 3538
186.103.159.46 - - [13/Apr/2016:16:54:27 -0300] "POST /cormun/servlet/trvisualizadoreventos?fe53d9d1e81c7e0c6d2bbf85a3a43477,,gx-no-cache=1460577281212 HTTP/1.1" 200 111
186.103.159.46 - - [13/Apr/2016:16:54:27 -0300] "GET /cormun/VisualizadorEventos-1809.xls HTTP/1.1" 200 4096
186.103.159.46 - - [13/Apr/2016:16:54:42 -0300] "GET /cormun/servlet/trautorizarsolicitud? HTTP/1.1" 200 6388
186.103.159.46 - - [13/Apr/2016:16:54:46 -0300] "GET /cormun/static/menuarrow.gif HTTP/1.1" 404 1015
186.103.159.46 - - [13/Apr/2016:16:55:10 -0300] "POST /cormun/servlet/trautorizarsolicitud?fe53d9d1e81c7e0c6d2bbf85a3a43477,,gx-no-cache=1460577323930 HTTP/1.1" 200 3703
186.103.159.189 - - [13/Apr/2016:16:55:10 -0300] "POST /cormun/servlet/solicitudot?gx-no-cache=1460577318154 HTTP/1.1" 200 30
186.103.159.189 - - [13/Apr/2016:16:55:10 -0300] "POST /cormun/servlet/solicitudot?gx-no-cache=1460577318349 HTTP/1.1" 200 1185
186.103.159.189 - - [13/Apr/2016:16:55:10 -0300] "GET /cormun/servlet/solicitudot?3a71777d04c448598530ef4f41631ffaa5e8b361fb675c519b05c25497fd2ffedc007e23e51a785248264fded301608b81ecd5d6890f42525106b637685369de6db031ad290ba3d6c566238c2684aaabc0479dee781494b184ad5923e40f909da55905b5a6adcbd9ebd0d9d43607babad7cfdad70a2cd22ac13c477a68d26e5691d7008841c748fa11d4cb9475beac417d1cc9aa3a627570b7ca8c61aff2ea57,gx-no-cache=1460577318592 HTTP/1.1" 200 41
186.103.159.189 - - [13/Apr/2016:16:55:11 -0300] "POST /cormun/servlet/solicitudot?gx-no-cache=1460577318703 HTTP/1.1" 200 1143
186.103.159.189 - - [13/Apr/2016:16:55:11 -0300] "GET /cormun/servlet/solicitudot?3a71777d04c448598530ef4f41631ffa976730c09889f8c42686accaea7beba28eba853865df1ac7c018868f168f99d52f04bb659776a541f71edc79c3163fb1a0d8e207565bce3069d9d2d494d74ce3a731d2ca5555dfc1cb6bb772f69a15dc13fd4ea82236200a2751d96bf34bf6e5b0bed3234fe77ba166443fbb0973d727edc7467c19383afa479826b482ff53ab472d63cddbc33ecd407462241ada93bf29888c31149a57e67b7e710e4280a0f321321e3a10a188644c0b8f499d51c500,gx-no-cache=1460577319277 HTTP/1.1" 200 30
186.103.159.189 - - [13/Apr/2016:16:55:12 -0300] "POST /cormun/servlet/solicitudot?1300f98671e36397ef54fec30183087f,INS,0,0,,gx-no-cache=1460577319380 HTTP/1.1" 200 9454
186.103.159.189 - - [13/Apr/2016:16:55:12 -0300] "GET /cormun/static/Shared/jqueryui/images/ui-bg_highlight-soft_100_c6c2c8_1x100.png HTTP/1.1" 404 1117
186.103.159.189 - - [13/Apr/2016:16:55:12 -0300] "GET /cormun/static/Shared/jqueryui/images/ui-icons_82798d_256x240.png HTTP/1.1" 404 1089
186.103.159.189 - - [13/Apr/2016:16:55:12 -0300] "GET /cormun/static/Shared/jqueryui/images/ui-bg_flat_55_994d53_40x100.png HTTP/1.1" 404 1097
186.103.159.189 - - [13/Apr/2016:16:55:12 -0300] "GET /cormun/static/Shared/jqueryui/images/ui-icons_ebccce_256x240.png HTTP/1.1" 404 1089
186.103.159.46 - - [13/Apr/2016:16:55:17 -0300] "POST /cormun/servlet/trautorizarsolicitud?fe53d9d1e81c7e0c6d2bbf85a3a43477,,gx-no-cache=1460577328897 HTTP/1.1" 200 3703
186.103.159.189 - - [13/Apr/2016:16:55:28 -0300] "GET /cormun/servlet/solicitudot?3a71777d04c448598530ef4f41631ffaa5e8b361fb675c519b05c25497fd2ffedc007e23e51a785248264fded301608b81ecd5d6890f42525106b637685369de6db031ad290ba3d6c566238c2684aaabc0479dee781494b184ad5923e40f909da55905b5a6adcbd9ebd0d9d43607babad7cfdad70a2cd22ac13c477a68d26e5691d7008841c748fa11d4cb9475beac41e9f2d65ef8958e78d9f0f77f3f340071,gx-no-cache=1460577336083 HTTP/1.1" 200 41
186.103.159.189 - - [13/Apr/2016:16:55:28 -0300] "GET /cormun/servlet/solicitudot?3a71777d04c448598530ef4f41631ffa976730c09889f8c42686accaea7beba28eba853865df1ac7c018868f168f99d56e9ac4f771106fe9d4bb69e21ae779a0a0d8e207565bce3069d9d2d494d74ce3a731d2ca5555dfc1cb6bb772f69a15dc13fd4ea82236200a2751d96bf34bf6e5b0bed3234fe77ba166443fbb0973d727edc7467c19383afa479826b482ff53ab472d63cddbc33ecd407462241ada93bf29888c31149a57e67b7e710e4280a0f321321e3a10a188644c0b8f499d51c500,gx-no-cache=1460577336180 HTTP/1.1" 200 30
186.103.159.189 - - [13/Apr/2016:16:55:28 -0300] "POST /cormun/servlet/solicitudot?1300f98671e36397ef54fec30183087f,INS,0,0,,gx-no-cache=1460577336254 HTTP/1.1" 200 93
186.103.159.189 - - [13/Apr/2016:16:55:29 -0300] "GET /cormun/servlet/hpexe_return? HTTP/1.1" 200 1010
186.103.159.189 - - [13/Apr/2016:16:55:29 -0300] "GET /cormun/static/Resources/Spanish/PXTools.css?12112540 HTTP/1.1" 304 -
186.103.159.189 - - [13/Apr/2016:16:55:29 -0300] "GET /cormun/static/gxcfg.js?2015111312145050 HTTP/1.1" 304 -
186.103.159.189 - - [13/Apr/2016:16:55:29 -0300] "GET /cormun/static/hpexe_return.js?2015111312145056 HTTP/1.1" 304 -
186.103.159.189 - - [13/Apr/2016:16:55:29 -0300] "GET /cormun/servlet/trsolicitudot HTTP/1.1" 200 7773
186.103.159.46 - - [13/Apr/2016:16:55:29 -0300] "GET /cormun/servlet/trautorizarsolicitud? HTTP/1.1" 200 6397
191.112.58.249 - - [13/Apr/2016:16:55:30 -0300] "POST /cormun/servlet/solicitudot?3d7f95b6d4767ab28f4933cce9e8b023,INS,0,0,,gx-no-cache=1460577363905 HTTP/1.1" 200 93
191.112.58.249 - - [13/Apr/2016:16:55:30 -0300] "GET /cormun/servlet/hpexe_return? HTTP/1.1" 200 1000
191.112.31.193 - - [13/Apr/2016:16:55:31 -0300] "GET /cormun/servlet/solicitudot?6258ae1e9e8c4f332e398ec782a71d423dfcc67680624ff57c18fc08e48372be727f48fb7651d1f81baca05bc85ba066c621974f89f2230952a0de7f061aa619d1659d25536a7d7e946c90356c6b0b87dabc0fd31b8819dc0b784c292f56ef4907cbeafc01a1441b83cae56be5dfce9ce1696789bfba1c6b0e220c6360617158445d0b2fe557b01017614754405706999be6b0615ffac1c1c452a61af46e60bae1c76f067f39b0b7b10b378b8c4ce931,gx-no-cache=1460577351166 HTTP/1.1" 200 30
191.112.58.249 - - [13/Apr/2016:16:55:31 -0300] "GET /cormun/servlet/trsolicitudot HTTP/1.1" 200 8429
191.112.58.249 - - [13/Apr/2016:16:55:32 -0300] "GET /cormun/servlet/trsolicitudot HTTP/1.1" 200 8425
186.103.159.189 - - [13/Apr/2016:16:55:32 -0300] "GET /cormun/servlet/trsolicitudot HTTP/1.1" 200 7770
191.112.31.193 - - [13/Apr/2016:16:55:40 -0300] "POST /cormun/servlet/solicitudot?c089c90973deb91b189bd624d008e8cd,INS,0,0,,gx-no-cache=1460577360693 HTTP/1.1" 200 93
191.112.31.193 - - [13/Apr/2016:16:55:40 -0300] "GET /cormun/servlet/hpexe_return? HTTP/1.1" 200 1010
191.112.31.193 - - [13/Apr/2016:16:55:40 -0300] "GET /cormun/static/Resources/Spanish/PXTools.css?12112540 HTTP/1.1" 304 -
191.112.31.193 - - [13/Apr/2016:16:55:40 -0300] "GET /cormun/static/gxcfg.js?2015111312145050 HTTP/1.1" 304 -
191.112.31.193 - - [13/Apr/2016:16:55:41 -0300] "GET /cormun/static/hpexe_return.js?2015111312145056 HTTP/1.1" 304 -
191.112.31.193 - - [13/Apr/2016:16:55:41 -0300] "GET /cormun/servlet/trsolicitudot HTTP/1.1" 200 7703
191.112.31.193 - - [13/Apr/2016:16:55:43 -0300] "GET /cormun/servlet/trsolicitudot HTTP/1.1" 200 7699
191.112.31.193 - - [13/Apr/2016:16:55:54 -0300] "POST /cormun/servlet/trsolicitudot?c089c90973deb91b189bd624d008e8cd,gx-no-cache=1460577374846 HTTP/1.1" 200 3817
191.112.31.193 - - [13/Apr/2016:16:55:54 -0300] "GET /cormun/static/Shared/jqueryui/images/ui-bg_highlight-soft_100_c6c2c8_1x100.png HTTP/1.1" 404 1117
191.112.31.193 - - [13/Apr/2016:16:55:54 -0300] "GET /cormun/static/Shared/jqueryui/images/ui-icons_82798d_256x240.png HTTP/1.1" 404 1089
191.112.31.193 - - [13/Apr/2016:16:55:54 -0300] "GET /cormun/static/Shared/jqueryui/images/ui-bg_flat_55_fafafa_40x100.png HTTP/1.1" 404 1097
191.112.31.193 - - [13/Apr/2016:16:55:54 -0300] "GET /cormun/static/Shared/jqueryui/images/ui-icons_8d78a5_256x240.png HTTP/1.1" 404 1089
191.112.31.193 - - [13/Apr/2016:16:55:55 -0300] "POST /cormun/servlet/trsolicitudot?c089c90973deb91b189bd624d008e8cd,gx-no-cache=1460577375497 HTTP/1.1" 200 3655
186.103.159.189 - - [13/Apr/2016:16:56:06 -0300] "POST /cormun/servlet/trsolicitudot?1300f98671e36397ef54fec30183087f,gx-no-cache=1460577372356 HTTP/1.1" 200 105
186.103.159.189 - - [13/Apr/2016:16:56:06 -0300] "GET /cormun/servlet/solicitudot?UPD,2016,1358, HTTP/1.1" 200 12937
191.112.31.193 - - [13/Apr/2016:16:56:07 -0300] "GET /cormun/servlet/hlogin HTTP/1.1" 200 1721
186.103.159.46 - - [13/Apr/2016:16:56:15 -0300] "GET /cormun/servlet/trvisualizadoreventos? HTTP/1.1" 200 6251
186.103.159.189 - - [13/Apr/2016:16:56:16 -0300] "GET /cormun/servlet/solicitudot?UPD,2016,1358, HTTP/1.1" 200 12946
186.103.159.189 - - [13/Apr/2016:16:56:17 -0300] "POST /cormun/servlet/solicitudot?gx-no-cache=1460577384942 HTTP/1.1" 200 2742
186.103.159.189 - - [13/Apr/2016:16:56:18 -0300] "POST /cormun/servlet/solicitudot?1300f98671e36397ef54fec30183087f,UPD,2016,1358,,gx-no-cache=1460577385517 HTTP/1.1" 200 9181
186.103.159.189 - - [13/Apr/2016:16:56:18 -0300] "GET /cormun/servlet/solicitudot?3a71777d04c448598530ef4f41631ffaa92c2eaa9fac948472b271e3207ade7d0bd708de65852a88ffdb5329e1751053,gx-no-cache=1460577386558 HTTP/1.1" 200 30
186.103.159.189 - - [13/Apr/2016:16:56:19 -0300] "POST /cormun/servlet/solicitudot?gx-no-cache=1460577386673 HTTP/1.1" 200 30
186.103.159.189 - - [13/Apr/2016:16:56:19 -0300] "POST /cormun/servlet/solicitudot?gx-no-cache=1460577387160 HTTP/1.1" 200 30
186.103.159.189 - - [13/Apr/2016:16:56:19 -0300] "POST /cormun/servlet/solicitudot?gx-no-cache=1460577387453 HTTP/1.1" 200 1185
186.103.159.189 - - [13/Apr/2016:16:56:20 -0300] "GET /cormun/servlet/solicitudot?3a71777d04c448598530ef4f41631ffaa5e8b361fb675c519b05c25497fd2ffedc007e23e51a785248264fded301608b81ecd5d6890f42525106b637685369de6db031ad290ba3d6c566238c2684aaabc0479dee781494b184ad5923e40f909da55905b5a6adcbd9ebd0d9d43607babad7cfdad70a2cd22ac13c477a68d26e5691d7008841c748fa11d4cb9475beac41595b99d60f2092c514cec14fc3b6b594,gx-no-cache=1460577387780 HTTP/1.1" 200 41
191.112.31.193 - - [13/Apr/2016:16:56:24 -0300] "POST /cormun/servlet/hlogin?c089c90973deb91b189bd624d008e8cd,gx-no-cache=1460577405306 HTTP/1.1" 200 429
186.103.159.46 - - [13/Apr/2016:16:56:27 -0300] "GET /cormun/servlet/trautorizarsolicitud? HTTP/1.1" 200 6397
186.103.159.46 - - [13/Apr/2016:16:56:32 -0300] "POST /cormun/servlet/trautorizarsolicitud?fe53d9d1e81c7e0c6d2bbf85a3a43477,,gx-no-cache=1460577406919 HTTP/1.1" 200 3703
191.112.31.193 - - [13/Apr/2016:16:56:38 -0300] "POST /cormun/servlet/hlogin?c089c90973deb91b189bd624d008e8cd,gx-no-cache=1460577418699 HTTP/1.1" 200 90
191.112.31.193 - - [13/Apr/2016:16:56:38 -0300] "GET /cormun/servlet/hpexe_link HTTP/1.1" 200 954
191.112.31.193 - - [13/Apr/2016:16:56:38 -0300] "GET /cormun/servlet/hhome HTTP/1.1" 200 3575
191.112.31.193 - - [13/Apr/2016:16:56:41 -0300] "GET /cormun/servlet/hhome HTTP/1.1" 200 3574
191.112.31.193 - - [13/Apr/2016:16:56:48 -0300] "GET /cormun/servlet/trautorizarsolicitud? HTTP/1.1" 200 7718
191.112.31.193 - - [13/Apr/2016:16:56:49 -0300] "GET /cormun/static/gxui/gxui-all.css?110300 HTTP/1.1" 200 2179
191.112.31.193 - - [13/Apr/2016:16:56:49 -0300] "GET /cormun/static/gxcfg.js?201632119361219 HTTP/1.1" 200 953
191.112.31.193 - - [13/Apr/2016:16:56:49 -0300] "GET /cormun/static/Resources/Spanish/PXTools.css?19284387 HTTP/1.1" 200 89042
191.112.31.193 - - [13/Apr/2016:16:56:49 -0300] "GET /cormun/static/trautorizarsolicitud.js?20163211936186 HTTP/1.1" 304 -
191.112.31.193 - - [13/Apr/2016:16:56:49 -0300] "GET /cormun/static/Shared/ext/resources/css/ext-all.css?205870 HTTP/1.1" 200 416045
191.112.31.193 - - [13/Apr/2016:16:56:52 -0300] "GET /cormun/servlet/trautorizarsolicitud? HTTP/1.1" 200 7717
186.103.159.46 - - [13/Apr/2016:16:56:57 -0300] "POST /cormun/servlet/hlogin?c35e969a52d41c1f4bb169fbc6d15b4d,gx-no-cache=1460577431148 HTTP/1.1" 200 90
186.103.159.46 - - [13/Apr/2016:16:56:57 -0300] "GET /cormun/servlet/hpexe_link HTTP/1.1" 200 968
186.103.159.46 - - [13/Apr/2016:16:56:57 -0300] "GET /cormun/static/hpexe_link.js?20151120044398 HTTP/1.1" 304 -
186.103.159.46 - - [13/Apr/2016:16:56:57 -0300] "GET /cormun/servlet/trautorizarsolicitud HTTP/1.1" 200 6219
186.103.159.46 - - [13/Apr/2016:16:56:58 -0300] "GET /cormun/servlet/trautorizarsolicitud HTTP/1.1" 200 6218
191.112.31.193 - - [13/Apr/2016:16:57:02 -0300] "POST /cormun/servlet/trautorizarsolicitud?c089c90973deb91b189bd624d008e8cd,,gx-no-cache=1460577442128 HTTP/1.1" 200 3824
191.112.31.193 - - [13/Apr/2016:16:57:02 -0300] "GET /cormun/static/Shared/jqueryui/images/ui-bg_highlight-soft_100_c6c2c8_1x100.png HTTP/1.1" 404 1117
191.112.31.193 - - [13/Apr/2016:16:57:02 -0300] "GET /cormun/static/Shared/jqueryui/images/ui-icons_82798d_256x240.png HTTP/1.1" 404 1089
191.112.31.193 - - [13/Apr/2016:16:57:02 -0300] "GET /cormun/static/Shared/jqueryui/images/ui-bg_flat_55_fafafa_40x100.png HTTP/1.1" 404 1097
191.112.31.193 - - [13/Apr/2016:16:57:02 -0300] "GET /cormun/static/Shared/jqueryui/images/ui-icons_8d78a5_256x240.png HTTP/1.1" 404 1089
186.103.159.46 - - [13/Apr/2016:16:57:02 -0300] "GET /cormun/servlet/trautorizarsolicitud? HTTP/1.1" 200 6218
191.112.31.193 - - [13/Apr/2016:16:57:02 -0300] "POST /cormun/servlet/trautorizarsolicitud?c089c90973deb91b189bd624d008e8cd,,gx-no-cache=1460577442765 HTTP/1.1" 200 3665
186.103.159.46 - - [13/Apr/2016:16:57:03 -0300] "GET /cormun/servlet/trautorizarsolicitud? HTTP/1.1" 200 6218
186.103.159.46 - - [13/Apr/2016:16:57:09 -0300] "POST /cormun/servlet/trautorizarsolicitud?c35e969a52d41c1f4bb169fbc6d15b4d,,gx-no-cache=1460577443884 HTTP/1.1" 200 3438
186.103.159.46 - - [13/Apr/2016:16:57:13 -0300] "GET /cormun/servlet/trautorizarsolicitud? HTTP/1.1" 200 6227
186.103.159.46 - - [13/Apr/2016:16:57:13 -0300] "GET /cormun/servlet/trautorizarsolicitud? HTTP/1.1" 200 6227
186.103.159.46 - - [13/Apr/2016:16:57:20 -0300] "POST /cormun/servlet/trautorizarsolicitud?c35e969a52d41c1f4bb169fbc6d15b4d,,gx-no-cache=1460577454069 HTTP/1.1" 200 3442
186.103.159.46 - - [13/Apr/2016:16:57:22 -0300] "POST /cormun/servlet/trautorizarsolicitud?c35e969a52d41c1f4bb169fbc6d15b4d,,gx-no-cache=1460577456709 HTTP/1.1" 200 3442
186.103.159.46 - - [13/Apr/2016:16:57:24 -0300] "POST /cormun/servlet/trautorizarsolicitud?c35e969a52d41c1f4bb169fbc6d15b4d,,gx-no-cache=1460577458438 HTTP/1.1" 200 3441
186.103.159.46 - - [13/Apr/2016:16:57:42 -0300] "GET /cormun/servlet/trvisualizadoreventos? HTTP/1.1" 200 6267
186.103.159.46 - - [13/Apr/2016:16:57:42 -0300] "GET /cormun/static/Resources/Spanish/PXTools.css?2139548 HTTP/1.1" 304 -
186.103.159.46 - - [13/Apr/2016:16:57:43 -0300] "GET /cormun/servlet/trvisualizadoreventos? HTTP/1.1" 200 6267
186.103.159.189 - - [13/Apr/2016:16:57:47 -0300] "GET /cormun/servlet/solicitudot?3a71777d04c448598530ef4f41631ffa121bc8a143b68272f11da2f40f08fd87dcfa20302191a5182c740cc21770e065d0b1222717f41f113a7f370291fe0fb3c800015893475b63359e04f71299ff6f12c28eca4cedca28f4196b4beef828ffbc07842cf2309c122a222b1343e206d5d165d72e6a099603794d80a96c0215cd1850eab14c64b6c03cc32b94f0a988cdb6411becb1d169be5be12f4a72976e21,gx-no-cache=1460577475190 HTTP/1.1" 200 29
186.103.159.46 - - [13/Apr/2016:16:57:48 -0300] "GET /cormun/servlet/trautorizarsolicitud? HTTP/1.1" 200 6230
186.103.159.189 - - [13/Apr/2016:16:57:48 -0300] "POST /cormun/servlet/solicitudot?gx-no-cache=1460577475796 HTTP/1.1" 200 1143
186.103.159.189 - - [13/Apr/2016:16:57:48 -0300] "GET /cormun/servlet/solicitudot?3a71777d04c448598530ef4f41631ffa976730c09889f8c42686accaea7beba28eba853865df1ac7c018868f168f99d56e9ac4f771106fe9d4bb69e21ae779a0a0d8e207565bce3069d9d2d494d74ce3a731d2ca5555dfc1cb6bb772f69a15dc13fd4ea82236200a2751d96bf34bf6e5b0bed3234fe77ba166443fbb0973d727edc7467c19383afa479826b482ff53ab472d63cddbc33ecd407462241ada93bf1d0b6ad034b9564b76c8e97783b3173edb7178d11843aa322945b446b4b464c8,gx-no-cache=1460577476031 HTTP/1.1" 200 32
186.103.159.46 - - [13/Apr/2016:16:57:48 -0300] "GET /cormun/servlet/trautorizarsolicitud? HTTP/1.1" 200 6230
186.103.159.189 - - [13/Apr/2016:16:57:48 -0300] "POST /cormun/servlet/solicitudot?1300f98671e36397ef54fec30183087f,UPD,2016,1358,,gx-no-cache=1460577476137 HTTP/1.1" 200 93
186.103.159.189 - - [13/Apr/2016:16:57:49 -0300] "GET /cormun/servlet/hpexe_return? HTTP/1.1" 200 1016
186.103.159.189 - - [13/Apr/2016:16:57:49 -0300] "GET /cormun/servlet/trsolicitudot HTTP/1.1" 200 7773
186.103.159.189 - - [13/Apr/2016:16:57:52 -0300] "GET /cormun/servlet/trsolicitudot HTTP/1.1" 200 7770
186.103.159.189 - - [13/Apr/2016:16:57:55 -0300] "POST /cormun/servlet/trsolicitudot?1300f98671e36397ef54fec30183087f,gx-no-cache=1460577482968 HTTP/1.1" 200 107
186.103.159.189 - - [13/Apr/2016:16:57:55 -0300] "GET /cormun/servlet/trsolicitudadjuntos?2016,1358, HTTP/1.1" 200 5455
186.103.159.189 - - [13/Apr/2016:16:57:55 -0300] "GET /cormun/static/Resources/Spanish/PXTools.css?171692 HTTP/1.1" 304 -
186.103.159.189 - - [13/Apr/2016:16:57:55 -0300] "GET /cormun/static/gxcfg.js?2016311731090 HTTP/1.1" 304 -
186.103.159.189 - - [13/Apr/2016:16:57:55 -0300] "GET /cormun/static/trsolicitudadjuntos.js?2016311731342 HTTP/1.1" 304 -
186.103.159.189 - - [13/Apr/2016:16:57:57 -0300] "GET /cormun/servlet/trsolicitudadjuntos?2016,1358, HTTP/1.1" 200 5455
186.103.159.46 - - [13/Apr/2016:16:57:58 -0300] "GET /cormun/servlet/trcontratouno? HTTP/1.1" 200 13034
186.103.159.46 - - [13/Apr/2016:16:57:59 -0300] "GET /cormun/servlet/trcontratouno? HTTP/1.1" 200 13046
186.103.159.189 - - [13/Apr/2016:16:58:07 -0300] "GET /cormun/servlet/solicitudotadjuntos?INS,2016,1358,,1, HTTP/1.1" 200 5544
186.103.159.189 - - [13/Apr/2016:16:58:08 -0300] "GET /cormun/static/gxcfg.js?201631622493247 HTTP/1.1" 304 -
186.103.159.189 - - [13/Apr/2016:16:58:08 -0300] "GET /cormun/static/solicitudotadjuntos.js?201631622493267 HTTP/1.1" 304 -
186.103.159.189 - - [13/Apr/2016:16:58:08 -0300] "GET /cormun/static/about:blank HTTP/1.1" 404 1011
186.103.159.46 - - [13/Apr/2016:16:58:09 -0300] "GET /cormun/servlet/trautorizarsolicitud? HTTP/1.1" 200 6230
186.103.159.189 - - [13/Apr/2016:16:58:10 -0300] "GET /cormun/servlet/solicitudotadjuntos?INS,2016,1358,,1, HTTP/1.1" 200 5538
186.103.159.46 - - [13/Apr/2016:16:58:10 -0300] "GET /cormun/servlet/trautorizarsolicitud? HTTP/1.1" 200 6230
186.103.159.189 - - [13/Apr/2016:16:58:10 -0300] "GET /cormun/servlet/solicitudotadjuntos?3a71777d04c448598530ef4f41631ffa8c8ea2fa273ac21913d3d08c9a5e8e8158a7f9d8c952a705460f25f972eb183a,gx-no-cache=1460577498411 HTTP/1.1" 200 30
186.103.159.189 - - [13/Apr/2016:16:58:10 -0300] "POST /cormun/servlet/solicitudotadjuntos?1300f98671e36397ef54fec30183087f,INS,2016,1358,,1,,gx-no-cache=1460577498532 HTTP/1.1" 200 3417
186.103.159.46 - - [13/Apr/2016:16:58:13 -0300] "POST /cormun/servlet/trautorizarsolicitud?c35e969a52d41c1f4bb169fbc6d15b4d,,gx-no-cache=1460577507437 HTTP/1.1" 200 3444
186.103.159.189 - - [13/Apr/2016:16:58:14 -0300] "POST /cormun/servlet/solicitudotadjuntos?gx-no-cache=1460577502394 HTTP/1.1" 200 26
186.103.159.46 - - [13/Apr/2016:16:58:18 -0300] "POST /cormun/servlet/trautorizarsolicitud?c35e969a52d41c1f4bb169fbc6d15b4d,,gx-no-cache=1460577511766 HTTP/1.1" 200 3444
186.103.159.46 - - [13/Apr/2016:16:58:22 -0300] "GET /cormun/servlet/trsolicitudot? HTTP/1.1" 200 6455
186.103.159.46 - - [13/Apr/2016:16:58:22 -0300] "GET /cormun/static/trsolicitudot.js?201631022393178 HTTP/1.1" 304 -
186.103.159.46 - - [13/Apr/2016:16:58:23 -0300] "GET /cormun/servlet/trsolicitudot? HTTP/1.1" 200 6455
186.103.159.46 - - [13/Apr/2016:16:58:28 -0300] "GET /cormun/static/menuarrow.gif HTTP/1.1" 404 1015
186.103.159.46 - - [13/Apr/2016:16:58:34 -0300] "POST /cormun/servlet/trsolicitudot?c35e969a52d41c1f4bb169fbc6d15b4d,,gx-no-cache=1460577528963 HTTP/1.1" 200 5157
186.103.159.46 - - [13/Apr/2016:16:58:51 -0300] "POST /cormun/servlet/trsolicitudot?c35e969a52d41c1f4bb169fbc6d15b4d,,gx-no-cache=1460577546032 HTTP/1.1" 200 105
186.103.159.46 - - [13/Apr/2016:16:58:52 -0300] "GET /cormun/servlet/solicitudot?UPD,2016,1302, HTTP/1.1" 200 12972
186.103.159.46 - - [13/Apr/2016:16:58:52 -0300] "GET /cormun/static/gxcfg.js?201631710541238 HTTP/1.1" 200 953
186.103.159.46 - - [13/Apr/2016:16:58:52 -0300] "GET /cormun/static/solicitudot.js?201631710541292 HTTP/1.1" 304 -
186.103.159.46 - - [13/Apr/2016:16:58:52 -0300] "GET /cormun/static/Resources/prompt.gif HTTP/1.1" 200 902
186.103.159.46 - - [13/Apr/2016:16:58:52 -0300] "GET /cormun/static/Resources/Spanish/PXTools.css?22445990 HTTP/1.1" 200 89042
186.103.159.46 - - [13/Apr/2016:16:58:53 -0300] "GET /cormun/servlet/solicitudot?UPD,2016,1302, HTTP/1.1" 200 12981
186.103.159.46 - - [13/Apr/2016:16:58:53 -0300] "POST /cormun/servlet/solicitudot?gx-no-cache=1460577547980 HTTP/1.1" 200 2793
186.103.159.46 - - [13/Apr/2016:16:58:54 -0300] "POST /cormun/servlet/solicitudot?c35e969a52d41c1f4bb169fbc6d15b4d,UPD,2016,1302,,gx-no-cache=1460577548173 HTTP/1.1" 200 9234
186.103.159.46 - - [13/Apr/2016:16:58:54 -0300] "GET /cormun/servlet/solicitudot?a2cfa4379f958d181df596a3b25d78c1d19b6b90f89f485e3bdb60ff1a8a6017f70b3d3ad69b0b3a96093dfb56ac8010,gx-no-cache=1460577548492 HTTP/1.1" 200 30
186.103.159.46 - - [13/Apr/2016:16:58:54 -0300] "POST /cormun/servlet/solicitudot?gx-no-cache=1460577548545 HTTP/1.1" 200 30
186.103.159.46 - - [13/Apr/2016:16:58:54 -0300] "POST /cormun/servlet/solicitudot?gx-no-cache=1460577548688 HTTP/1.1" 200 30
186.103.159.46 - - [13/Apr/2016:16:58:54 -0300] "POST /cormun/servlet/solicitudot?gx-no-cache=1460577548760 HTTP/1.1" 200 1182
186.103.159.46 - - [13/Apr/2016:16:58:54 -0300] "GET /cormun/servlet/solicitudot?a2cfa4379f958d181df596a3b25d78c1edf6d9c102560c9011b36c181756902752db4654f616edba4c8e84b92e2fbf29dc01b8de624314c9fe60f75af2299db8c78e8eb8c72fecc5bf506e1ef0376a39670315097884cf02297813db06ae5c2d0da46f8c49bd37f4cc246c6b3a810a6e39039f1e0b951f37b7d19afb09353ed3e01389a0aab521a021c7255b04d782e966a400957e906d8e99eda56ffd2787f2,gx-no-cache=1460577548846 HTTP/1.1" 200 41
186.103.159.46 - - [13/Apr/2016:16:59:03 -0300] "GET /cormun/servlet/solicitudot?a2cfa4379f958d181df596a3b25d78c1f2c6dedbf1985259f521b7664c27950d66e5a5e65ab6f8203383e73e989dfa74ed08c826f28226b39b77537bf40665f9d20b7774e8838912178d126001ea54f94d47b8f7db8ca3066dfe33f13a22b80f0e2d2b273bf602d8eed6934feb9fcb0914b1b634280bc0bdd5ddca3ee7303f2181423cc8c2565ce608214237c8a6ad9d088ff246e5e29fc2a85699739ac97e70,gx-no-cache=1460577557188 HTTP/1.1" 200 29
186.103.159.46 - - [13/Apr/2016:16:59:03 -0300] "POST /cormun/servlet/solicitudot?gx-no-cache=1460577557266 HTTP/1.1" 200 1144
186.103.159.46 - - [13/Apr/2016:16:59:12 -0300] "GET /cormun/servlet/solicitudot?a2cfa4379f958d181df596a3b25d78c1ab92ebd8c69c7084964b77fd8c8e2e889e19ec752512a055d22e77181ea672e46b3ca2fa5abcb7a098460f3fe5542dcc2a12736763a99dae227177d043e3ac79a4fed9af0515887292e1ebb800f5e9d933dd1ca55d23c7a66a98e2b4a91b8ec48d47dce94dd4853528093c008777cdc21f952dd417dc82784779f70e2792e35f7dad873b710158e47ca9ca92ea535ab5d7250e9af3117a9e105e9eecf07aa0bb,gx-no-cache=1460577567056 HTTP/1.1" 200 30
186.103.159.46 - - [13/Apr/2016:16:59:13 -0300] "POST /cormun/servlet/solicitudot?c35e969a52d41c1f4bb169fbc6d15b4d,UPD,2016,1302,,gx-no-cache=1460577567123 HTTP/1.1" 200 93
186.103.159.46 - - [13/Apr/2016:16:59:13 -0300] "GET /cormun/servlet/hpexe_return? HTTP/1.1" 200 1019
186.103.159.46 - - [13/Apr/2016:16:59:13 -0300] "GET /cormun/static/gxcfg.js?2015111312145050 HTTP/1.1" 200 953
186.103.159.46 - - [13/Apr/2016:16:59:13 -0300] "GET /cormun/static/hpexe_return.js?2015111312145056 HTTP/1.1" 304 -
186.103.159.46 - - [13/Apr/2016:16:59:13 -0300] "GET /cormun/static/Resources/Spanish/PXTools.css?12112540 HTTP/1.1" 200 89042
186.103.159.46 - - [13/Apr/2016:16:59:13 -0300] "GET /cormun/servlet/trsolicitudot? HTTP/1.1" 200 7762
186.103.159.46 - - [13/Apr/2016:16:59:14 -0300] "GET /cormun/servlet/trsolicitudot? HTTP/1.1" 200 7758
186.103.159.46 - - [13/Apr/2016:16:59:52 -0300] "POST /cormun/servlet/trsolicitudot?c35e969a52d41c1f4bb169fbc6d15b4d,,gx-no-cache=1460577606798 HTTP/1.1" 200 105
186.103.159.46 - - [13/Apr/2016:16:59:52 -0300] "GET /cormun/servlet/solicitudot?UPD,2016,1302, HTTP/1.1" 200 12970
186.103.159.46 - - [13/Apr/2016:16:59:53 -0300] "GET /cormun/servlet/solicitudot?UPD,2016,1302, HTTP/1.1" 200 12979
186.103.159.46 - - [13/Apr/2016:16:59:54 -0300] "POST /cormun/servlet/solicitudot?gx-no-cache=1460577608439 HTTP/1.1" 200 2793
186.103.159.46 - - [13/Apr/2016:16:59:54 -0300] "POST /cormun/servlet/solicitudot?c35e969a52d41c1f4bb169fbc6d15b4d,UPD,2016,1302,,gx-no-cache=1460577608581 HTTP/1.1" 200 9232
186.103.159.46 - - [13/Apr/2016:16:59:54 -0300] "GET /cormun/servlet/solicitudot?a2cfa4379f958d181df596a3b25d78c1d19b6b90f89f485e3bdb60ff1a8a6017f70b3d3ad69b0b3a96093dfb56ac8010,gx-no-cache=1460577608797 HTTP/1.1" 200 30
186.103.159.46 - - [13/Apr/2016:16:59:54 -0300] "POST /cormun/servlet/solicitudot?gx-no-cache=1460577608873 HTTP/1.1" 200 30
186.103.159.46 - - [13/Apr/2016:16:59:54 -0300] "POST /cormun/servlet/solicitudot?gx-no-cache=1460577608964 HTTP/1.1" 200 30
186.103.159.46 - - [13/Apr/2016:16:59:54 -0300] "POST /cormun/servlet/solicitudot?gx-no-cache=1460577609044 HTTP/1.1" 200 1182
186.103.159.46 - - [13/Apr/2016:16:59:55 -0300] "GET /cormun/servlet/solicitudot?a2cfa4379f958d181df596a3b25d78c1edf6d9c102560c9011b36c181756902752db4654f616edba4c8e84b92e2fbf29dc01b8de624314c9fe60f75af2299db8c78e8eb8c72fecc5bf506e1ef0376a39670315097884cf02297813db06ae5c2d0da46f8c49bd37f4cc246c6b3a810a6e39039f1e0b951f37b7d19afb09353ed3e01389a0aab521a021c7255b04d782e966a400957e906d8e99eda56ffd2787f2,gx-no-cache=1460577609141 HTTP/1.1" 200 41
186.103.159.189 - - [13/Apr/2016:17:00:07 -0300] "GET /cormun/servlet/solicitudotadjuntos?3a71777d04c448598530ef4f41631ffab58dacd346ee4f887d385580ea225551,gx-no-cache=1460577614770 HTTP/1.1" 200 30
186.103.159.189 - - [13/Apr/2016:17:00:07 -0300] "GET /cormun/servlet/solicitudotadjuntos?3a71777d04c448598530ef4f41631ffab58dacd346ee4f887d385580ea225551,gx-no-cache=1460577614831 HTTP/1.1" 200 30
186.103.159.46 - - [13/Apr/2016:17:00:07 -0300] "GET /cormun/servlet/solicitudot?a2cfa4379f958d181df596a3b25d78c1f2c6dedbf1985259f521b7664c27950d66e5a5e65ab6f8203383e73e989dfa74ed08c826f28226b39b77537bf40665f9d20b7774e8838912178d126001ea54f94d47b8f7db8ca3066dfe33f13a22b80f0e2d2b273bf602d8eed6934feb9fcb0914b1b634280bc0bdd5ddca3ee7303f2181423cc8c2565ce608214237c8a6ad9d088ff246e5e29fc2a85699739ac97e70,gx-no-cache=1460577621259 HTTP/1.1" 200 29
186.103.159.46 - - [13/Apr/2016:17:00:07 -0300] "POST /cormun/servlet/solicitudot?gx-no-cache=1460577621291 HTTP/1.1" 200 1144
186.103.159.46 - - [13/Apr/2016:17:00:07 -0300] "GET /cormun/servlet/solicitudot?a2cfa4379f958d181df596a3b25d78c1ab92ebd8c69c7084964b77fd8c8e2e889e19ec752512a055d22e77181ea672e46b3ca2fa5abcb7a098460f3fe5542dcc2a12736763a99dae227177d043e3ac79a4fed9af0515887292e1ebb800f5e9d933dd1ca55d23c7a66a98e2b4a91b8ec48d47dce94dd4853528093c008777cdc21f952dd417dc82784779f70e2792e35f7dad873b710158e47ca9ca92ea535ab5d7250e9af3117a9e105e9eecf07aa0bb,gx-no-cache=1460577621354 HTTP/1.1" 200 30
186.103.159.46 - - [13/Apr/2016:17:00:07 -0300] "POST /cormun/servlet/solicitudot?c35e969a52d41c1f4bb169fbc6d15b4d,UPD,2016,1302,,gx-no-cache=1460577621412 HTTP/1.1" 200 93
186.103.159.46 - - [13/Apr/2016:17:00:07 -0300] "GET /cormun/servlet/hpexe_return? HTTP/1.1" 200 1019
186.103.159.46 - - [13/Apr/2016:17:00:07 -0300] "GET /cormun/servlet/trsolicitudot HTTP/1.1" 200 7762
186.103.159.189 - - [13/Apr/2016:17:00:08 -0300] "POST /cormun/servlet/solicitudotadjuntos?1300f98671e36397ef54fec30183087f,INS,2016,1358,,1, HTTP/1.1" 200 116
186.103.159.46 - - [13/Apr/2016:17:00:08 -0300] "GET /cormun/servlet/trsolicitudot HTTP/1.1" 200 7758
186.103.159.189 - - [13/Apr/2016:17:00:08 -0300] "GET /cormun/servlet/hpexe_return? HTTP/1.1" 200 1029
186.103.159.189 - - [13/Apr/2016:17:00:09 -0300] "GET /cormun/servlet/trsolicitudadjuntos?2016,1358, HTTP/1.1" 200 7360
186.103.159.189 - - [13/Apr/2016:17:00:11 -0300] "GET /cormun/servlet/trsolicitudadjuntos?2016,1358, HTTP/1.1" 200 7357
186.103.159.189 - - [13/Apr/2016:17:00:14 -0300] "GET /cormun/servlet/solicitudotadjuntos?INS,2016,1358,,1, HTTP/1.1" 200 5544
186.103.159.189 - - [13/Apr/2016:17:00:15 -0300] "GET /cormun/static/about:blank HTTP/1.1" 404 1011
186.103.159.189 - - [13/Apr/2016:17:00:16 -0300] "GET /cormun/servlet/solicitudotadjuntos?INS,2016,1358,,1, HTTP/1.1" 200 5538
186.103.159.189 - - [13/Apr/2016:17:00:17 -0300] "GET /cormun/servlet/solicitudotadjuntos?3a71777d04c448598530ef4f41631ffa8c8ea2fa273ac21913d3d08c9a5e8e8158a7f9d8c952a705460f25f972eb183a,gx-no-cache=1460577625101 HTTP/1.1" 200 30
186.103.159.189 - - [13/Apr/2016:17:00:17 -0300] "POST /cormun/servlet/solicitudotadjuntos?1300f98671e36397ef54fec30183087f,INS,2016,1358,,1,,gx-no-cache=1460577625240 HTTP/1.1" 200 3417
191.112.47.227 - - [13/Apr/2016:17:00:18 -0300] "GET /cormun/servlet/solicitudot?INS,0,0, HTTP/1.1" 200 11656
191.112.47.227 - - [13/Apr/2016:17:00:21 -0300] "GET /cormun/servlet/solicitudot?INS,0,0, HTTP/1.1" 200 11661
186.103.159.189 - - [13/Apr/2016:17:00:23 -0300] "POST /cormun/servlet/solicitudotadjuntos?gx-no-cache=1460577631250 HTTP/1.1" 200 26
191.112.47.227 - - [13/Apr/2016:17:00:30 -0300] "POST /cormun/servlet/solicitudot?gx-no-cache=1460577651479 HTTP/1.1" 200 2668
191.112.47.227 - - [13/Apr/2016:17:00:31 -0300] "POST /cormun/servlet/solicitudot?b18db93dcdd0964063d36eddd5910bcc,INS,0,0,,gx-no-cache=1460577651906 HTTP/1.1" 200 8335
186.103.159.189 - - [13/Apr/2016:17:00:43 -0300] "GET /cormun/servlet/solicitudotadjuntos?3a71777d04c448598530ef4f41631ffab58dacd346ee4f887d385580ea225551,gx-no-cache=1460577651538 HTTP/1.1" 200 30
186.103.159.189 - - [13/Apr/2016:17:00:43 -0300] "GET /cormun/servlet/solicitudotadjuntos?3a71777d04c448598530ef4f41631ffab58dacd346ee4f887d385580ea225551,gx-no-cache=1460577651627 HTTP/1.1" 200 30
186.103.159.189 - - [13/Apr/2016:17:00:45 -0300] "POST /cormun/servlet/solicitudotadjuntos?1300f98671e36397ef54fec30183087f,INS,2016,1358,,1, HTTP/1.1" 200 116
186.103.159.189 - - [13/Apr/2016:17:00:45 -0300] "GET /cormun/servlet/hpexe_return? HTTP/1.1" 200 1029
186.103.159.189 - - [13/Apr/2016:17:00:46 -0300] "GET /cormun/servlet/trsolicitudadjuntos?2016,1358, HTTP/1.1" 200 7525
186.103.159.189 - - [13/Apr/2016:17:00:48 -0300] "GET /cormun/servlet/trsolicitudadjuntos?2016,1358, HTTP/1.1" 200 7525
186.103.159.189 - - [13/Apr/2016:17:00:50 -0300] "GET /cormun/servlet/solicitudotadjuntos?INS,2016,1358,,1, HTTP/1.1" 200 5544
186.103.159.189 - - [13/Apr/2016:17:00:51 -0300] "GET /cormun/static/about:blank HTTP/1.1" 404 1011
186.103.159.189 - - [13/Apr/2016:17:00:53 -0300] "GET /cormun/servlet/solicitudotadjuntos?INS,2016,1358,,1, HTTP/1.1" 200 5538
186.103.159.189 - - [13/Apr/2016:17:00:53 -0300] "GET /cormun/servlet/solicitudotadjuntos?3a71777d04c448598530ef4f41631ffa8c8ea2fa273ac21913d3d08c9a5e8e8158a7f9d8c952a705460f25f972eb183a,gx-no-cache=1460577661577 HTTP/1.1" 200 30
186.103.159.189 - - [13/Apr/2016:17:00:54 -0300] "POST /cormun/servlet/solicitudotadjuntos?1300f98671e36397ef54fec30183087f,INS,2016,1358,,1,,gx-no-cache=1460577661674 HTTP/1.1" 200 3416
191.112.47.227 - - [13/Apr/2016:17:00:55 -0300] "GET /cormun/servlet/solicitudot?d783a6a94d48b32f11311a1758131fdf19fb1f28401662f5a919e80f6419598f30c1e71b42e2a4b81c5caf3c454dcd00,gx-no-cache=1460577676587 HTTP/1.1" 200 30
186.103.159.189 - - [13/Apr/2016:17:00:59 -0300] "POST /cormun/servlet/solicitudotadjuntos?gx-no-cache=1460577667204 HTTP/1.1" 200 26
186.103.159.189 - - [13/Apr/2016:17:01:14 -0300] "GET /cormun/servlet/solicitudotadjuntos?3a71777d04c448598530ef4f41631ffab58dacd346ee4f887d385580ea225551,gx-no-cache=1460577682712 HTTP/1.1" 200 30
186.103.159.189 - - [13/Apr/2016:17:01:15 -0300] "GET /cormun/servlet/solicitudotadjuntos?3a71777d04c448598530ef4f41631ffab58dacd346ee4f887d385580ea225551,gx-no-cache=1460577682780 HTTP/1.1" 200 30
186.103.159.189 - - [13/Apr/2016:17:01:18 -0300] "POST /cormun/servlet/solicitudotadjuntos?1300f98671e36397ef54fec30183087f,INS,2016,1358,,1, HTTP/1.1" 200 116
186.103.159.189 - - [13/Apr/2016:17:01:19 -0300] "GET /cormun/servlet/hpexe_return? HTTP/1.1" 200 1029
186.103.159.189 - - [13/Apr/2016:17:01:19 -0300] "GET /cormun/servlet/trsolicitudadjuntos?2016,1358, HTTP/1.1" 200 7689
186.103.159.189 - - [13/Apr/2016:17:01:21 -0300] "GET /cormun/servlet/trsolicitudadjuntos?2016,1358, HTTP/1.1" 200 7684
186.103.159.189 - - [13/Apr/2016:17:01:26 -0300] "GET /cormun/servlet/solicitudotadjuntos?INS,2016,1358,,1, HTTP/1.1" 200 5544
186.103.159.189 - - [13/Apr/2016:17:01:26 -0300] "GET /cormun/static/about:blank HTTP/1.1" 404 1011
186.103.159.189 - - [13/Apr/2016:17:01:28 -0300] "GET /cormun/servlet/solicitudotadjuntos?INS,2016,1358,,1, HTTP/1.1" 200 5538
186.103.159.189 - - [13/Apr/2016:17:01:29 -0300] "GET /cormun/servlet/solicitudotadjuntos?3a71777d04c448598530ef4f41631ffa8c8ea2fa273ac21913d3d08c9a5e8e8158a7f9d8c952a705460f25f972eb183a,gx-no-cache=1460577697049 HTTP/1.1" 200 30
186.103.159.189 - - [13/Apr/2016:17:01:29 -0300] "POST /cormun/servlet/solicitudotadjuntos?1300f98671e36397ef54fec30183087f,INS,2016,1358,,1,,gx-no-cache=1460577697226 HTTP/1.1" 200 3417
192.168.10.89 - - [13/Apr/2016:17:01:30 -0300] "GET /cormun/servlet/hhome HTTP/1.1" 200 3241
192.168.10.89 - - [13/Apr/2016:17:01:30 -0300] "GET /cormun/static/Resources/Spanish/PXTools.css?10515224 HTTP/1.1" 304 -
192.168.10.89 - - [13/Apr/2016:17:01:30 -0300] "GET /cormun/static/gxgral.js?85251 HTTP/1.1" 200 384558
192.168.10.89 - - [13/Apr/2016:17:01:30 -0300] "GET /cormun/static/gxcfg.js?2015112210564248 HTTP/1.1" 304 -
192.168.10.89 - - [13/Apr/2016:17:01:30 -0300] "GET /cormun/static/PXToolsJavascripts/pexe_popup.js HTTP/1.1" 304 -
192.168.10.89 - - [13/Apr/2016:17:01:31 -0300] "GET /cormun/static/messages.spa.js?85251 HTTP/1.1" 304 -
192.168.10.89 - - [13/Apr/2016:17:01:31 -0300] "GET /cormun/static/hhome.js?2015112210564255 HTTP/1.1" 304 -
192.168.10.89 - - [13/Apr/2016:17:01:31 -0300] "GET /cormun/static/hwchdr01.js?20162241650484 HTTP/1.1" 304 -
192.168.10.89 - - [13/Apr/2016:17:01:31 -0300] "GET /cormun/static/hpexe_recentlink.js?2015111312121342 HTTP/1.1" 304 -
192.168.10.89 - - [13/Apr/2016:17:01:31 -0300] "GET /cormun/static/hpexe_scripts.js?20151120014546 HTTP/1.1" 304 -
192.168.10.89 - - [13/Apr/2016:17:01:31 -0300] "GET /cormun/static/hpexe_messagecontroller.js?2015112210524422 HTTP/1.1" 304 -
192.168.10.89 - - [13/Apr/2016:17:01:31 -0300] "GET /cormun/static/hpexe_messagepopupcomponent.js?201632119295953 HTTP/1.1" 304 -
192.168.10.89 - - [13/Apr/2016:17:01:31 -0300] "GET /cormun/static/hpexe_messagegenexuscomponent.js?20151120014314 HTTP/1.1" 304 -
192.168.10.89 - - [13/Apr/2016:17:01:31 -0300] "GET /cormun/static/cmcontrolpreferences.js?20151120014525 HTTP/1.1" 304 -
192.168.10.89 - - [13/Apr/2016:17:01:31 -0300] "GET /cormun/static/hmpwkw03.js?201631622503633 HTTP/1.1" 304 -
192.168.10.89 - - [13/Apr/2016:17:01:31 -0300] "GET /cormun/servlet/hhome HTTP/1.1" 200 3252
192.168.10.89 - - [13/Apr/2016:17:01:32 -0300] "GET /cormun/servlet/hlogin HTTP/1.1" 200 1724
192.168.10.89 - - [13/Apr/2016:17:01:32 -0300] "GET /cormun/static/Resources/Spanish/PXTools.css?005343 HTTP/1.1" 304 -
192.168.10.89 - - [13/Apr/2016:17:01:32 -0300] "GET /cormun/static/gxcfg.js?20151120045111 HTTP/1.1" 304 -
192.168.10.89 - - [13/Apr/2016:17:01:32 -0300] "GET /cormun/static/hlogin.js?20151120045126 HTTP/1.1" 304 -
186.103.159.189 - - [13/Apr/2016:17:01:34 -0300] "POST /cormun/servlet/solicitudotadjuntos?gx-no-cache=1460577702506 HTTP/1.1" 200 26
192.168.10.89 - - [13/Apr/2016:17:01:38 -0300] "POST /cormun/servlet/hlogin?b45ff6ce0f672fc8afc4e3b85dec4b62,gx-no-cache=1460577434817 HTTP/1.1" 200 90
192.168.10.89 - - [13/Apr/2016:17:01:38 -0300] "GET /cormun/servlet/hpexe_link HTTP/1.1" 200 945
192.168.10.89 - - [13/Apr/2016:17:01:38 -0300] "GET /cormun/static/gxcfg.js?20151120044395 HTTP/1.1" 304 -
192.168.10.89 - - [13/Apr/2016:17:01:38 -0300] "GET /cormun/static/hpexe_link.js?20151120044398 HTTP/1.1" 304 -
192.168.10.89 - - [13/Apr/2016:17:01:38 -0300] "GET /cormun/servlet/hhome HTTP/1.1" 200 4037
192.168.10.89 - - [13/Apr/2016:17:01:38 -0300] "GET /cormun/static/SmoothNavMenu/resources/images/down.gif HTTP/1.1" 200 854
192.168.10.89 - - [13/Apr/2016:17:01:38 -0300] "GET /cormun/static/SmoothNavMenu/resources/images/right.gif HTTP/1.1" 200 860
192.168.10.89 - - [13/Apr/2016:17:01:41 -0300] "GET /cormun/servlet/trsolicitudgral? HTTP/1.1" 200 8781
192.168.10.89 - - [13/Apr/2016:17:01:41 -0300] "GET /cormun/static/Resources/Spanish/PXTools.css?2139548 HTTP/1.1" 304 -
192.168.10.89 - - [13/Apr/2016:17:01:41 -0300] "GET /cormun/static/gxcfg.js?201631022384633 HTTP/1.1" 304 -
186.103.159.189 - - [13/Apr/2016:17:01:43 -0300] "GET /cormun/servlet/solicitudotadjuntos?3a71777d04c448598530ef4f41631ffab58dacd346ee4f887d385580ea225551,gx-no-cache=1460577711545 HTTP/1.1" 200 30
186.103.159.189 - - [13/Apr/2016:17:01:43 -0300] "GET /cormun/servlet/solicitudotadjuntos?3a71777d04c448598530ef4f41631ffab58dacd346ee4f887d385580ea225551,gx-no-cache=1460577711639 HTTP/1.1" 200 30
186.103.159.189 - - [13/Apr/2016:17:01:47 -0300] "POST /cormun/servlet/solicitudotadjuntos?1300f98671e36397ef54fec30183087f,INS,2016,1358,,1, HTTP/1.1" 200 116
186.103.159.189 - - [13/Apr/2016:17:01:47 -0300] "GET /cormun/servlet/hpexe_return? HTTP/1.1" 200 1029
186.103.159.189 - - [13/Apr/2016:17:01:47 -0300] "GET /cormun/servlet/trsolicitudadjuntos?2016,1358, HTTP/1.1" 200 7802
192.168.10.89 - - [13/Apr/2016:17:01:48 -0300] "POST /cormun/servlet/trsolicitudgral?b45ff6ce0f672fc8afc4e3b85dec4b62,,gx-no-cache=1460577444971 HTTP/1.1" 200 4752
192.168.10.89 - - [13/Apr/2016:17:01:49 -0300] "GET /cormun/static/menuarrow.gif HTTP/1.1" 404 1015
186.103.159.189 - - [13/Apr/2016:17:01:50 -0300] "GET /cormun/servlet/trsolicitudadjuntos?2016,1358, HTTP/1.1" 200 7800
186.103.159.189 - - [13/Apr/2016:17:01:54 -0300] "GET /cormun/servlet/solicitudotadjuntos?INS,2016,1358,,1, HTTP/1.1" 200 5544
186.103.159.189 - - [13/Apr/2016:17:01:54 -0300] "GET /cormun/static/about:blank HTTP/1.1" 404 1011
192.168.10.89 - - [13/Apr/2016:17:01:56 -0300] "POST /cormun/servlet/trsolicitudgral?b45ff6ce0f672fc8afc4e3b85dec4b62,,gx-no-cache=1460577453190 HTTP/1.1" 200 4762
186.103.159.189 - - [13/Apr/2016:17:01:56 -0300] "GET /cormun/servlet/solicitudotadjuntos?INS,2016,1358,,1, HTTP/1.1" 200 5538
186.103.159.189 - - [13/Apr/2016:17:01:57 -0300] "GET /cormun/servlet/solicitudotadjuntos?3a71777d04c448598530ef4f41631ffa8c8ea2fa273ac21913d3d08c9a5e8e8158a7f9d8c952a705460f25f972eb183a,gx-no-cache=1460577725045 HTTP/1.1" 200 30
186.103.159.189 - - [13/Apr/2016:17:01:57 -0300] "POST /cormun/servlet/solicitudotadjuntos?1300f98671e36397ef54fec30183087f,INS,2016,1358,,1,,gx-no-cache=1460577725146 HTTP/1.1" 200 3417
192.168.10.89 - - [13/Apr/2016:17:01:59 -0300] "POST /cormun/servlet/trsolicitudgral?b45ff6ce0f672fc8afc4e3b85dec4b62,,gx-no-cache=1460577455607 HTTP/1.1" 200 4762
186.103.159.189 - - [13/Apr/2016:17:02:01 -0300] "POST /cormun/servlet/solicitudotadjuntos?gx-no-cache=1460577729592 HTTP/1.1" 200 26
192.168.10.89 - - [13/Apr/2016:17:02:03 -0300] "POST /cormun/servlet/trsolicitudgral?b45ff6ce0f672fc8afc4e3b85dec4b62,,gx-no-cache=1460577459619 HTTP/1.1" 200 4761
192.168.10.89 - - [13/Apr/2016:17:02:04 -0300] "POST /cormun/servlet/trsolicitudgral?b45ff6ce0f672fc8afc4e3b85dec4b62,,gx-no-cache=1460577460672 HTTP/1.1" 200 4760
192.168.10.89 - - [13/Apr/2016:17:02:08 -0300] "POST /cormun/servlet/trsolicitudgral?b45ff6ce0f672fc8afc4e3b85dec4b62,,gx-no-cache=1460577465478 HTTP/1.1" 200 4762
66.249.83.135 - - [13/Apr/2016:17:02:09 -0300] "GET /cormun/servlet/hlogin HTTP/1.1" 200 1714
66.249.83.135 - - [13/Apr/2016:17:02:09 -0300] "GET /cormun/servlet/hlogin?_escaped_fragment_= HTTP/1.1" 200 1719
186.103.159.189 - - [13/Apr/2016:17:02:10 -0300] "GET /cormun/servlet/solicitudotadjuntos?3a71777d04c448598530ef4f41631ffab58dacd346ee4f887d385580ea225551,gx-no-cache=1460577737821 HTTP/1.1" 200 30
186.103.159.189 - - [13/Apr/2016:17:02:10 -0300] "GET /cormun/servlet/solicitudotadjuntos?3a71777d04c448598530ef4f41631ffab58dacd346ee4f887d385580ea225551,gx-no-cache=1460577737887 HTTP/1.1" 200 30
186.103.159.189 - - [13/Apr/2016:17:02:16 -0300] "POST /cormun/servlet/solicitudotadjuntos?1300f98671e36397ef54fec30183087f,INS,2016,1358,,1, HTTP/1.1" 200 116
186.103.159.189 - - [13/Apr/2016:17:02:16 -0300] "GET /cormun/servlet/hpexe_return? HTTP/1.1" 200 1029
186.103.159.189 - - [13/Apr/2016:17:02:17 -0300] "GET /cormun/servlet/trsolicitudadjuntos?2016,1358, HTTP/1.1" 200 7941
186.103.159.189 - - [13/Apr/2016:17:02:20 -0300] "GET /cormun/servlet/trsolicitudadjuntos?2016,1358, HTTP/1.1" 200 7940
192.168.10.89 - - [13/Apr/2016:17:02:22 -0300] "POST /cormun/servlet/trsolicitudgral?b45ff6ce0f672fc8afc4e3b85dec4b62,,gx-no-cache=1460577479095 HTTP/1.1" 200 6208
186.103.159.189 - - [13/Apr/2016:17:02:23 -0300] "GET /cormun/servlet/solicitudotadjuntos?INS,2016,1358,,1, HTTP/1.1" 200 5542
186.103.159.189 - - [13/Apr/2016:17:02:23 -0300] "GET /cormun/static/about:blank HTTP/1.1" 404 1011
186.103.159.189 - - [13/Apr/2016:17:02:25 -0300] "GET /cormun/servlet/solicitudotadjuntos?INS,2016,1358,,1, HTTP/1.1" 200 5536
192.168.10.89 - - [13/Apr/2016:17:02:25 -0300] "GET /cormun/servlet/vesolicitudgral?2016,1312,, HTTP/1.1" 200 8258
192.168.10.89 - - [13/Apr/2016:17:02:25 -0300] "GET /cormun/static/gxcfg.js?201631021481867 HTTP/1.1" 304 -
192.168.10.89 - - [13/Apr/2016:17:02:25 -0300] "GET /cormun/pexe_scrolldiv.js HTTP/1.1" 404 1009
186.103.159.189 - - [13/Apr/2016:17:02:26 -0300] "GET /cormun/servlet/solicitudotadjuntos?3a71777d04c448598530ef4f41631ffa8c8ea2fa273ac21913d3d08c9a5e8e8158a7f9d8c952a705460f25f972eb183a,gx-no-cache=1460577753773 HTTP/1.1" 200 30
186.103.159.189 - - [13/Apr/2016:17:02:26 -0300] "POST /cormun/servlet/solicitudotadjuntos?1300f98671e36397ef54fec30183087f,INS,2016,1358,,1,,gx-no-cache=1460577753856 HTTP/1.1" 200 3414
192.168.10.89 - - [13/Apr/2016:17:02:27 -0300] "GET /cormun/servlet/vesolicitudgral?2016,1312,,SolicitudOTAdjuntos HTTP/1.1" 200 7249
192.168.10.89 - - [13/Apr/2016:17:02:27 -0300] "GET /cormun/pexe_scrolldiv.js HTTP/1.1" 404 1009
192.168.10.89 - - [13/Apr/2016:17:02:29 -0300] "POST /cormun/servlet/acontrolpreferencessavestate?None,CDROGUETT,true HTTP/1.1" 200 35
192.168.10.89 - - [13/Apr/2016:17:02:30 -0300] "GET /cormun/servlet/vesolicitudgral?2016,1312,, HTTP/1.1" 200 8258
192.168.10.89 - - [13/Apr/2016:17:02:30 -0300] "GET /cormun/pexe_scrolldiv.js HTTP/1.1" 404 1009
186.103.159.189 - - [13/Apr/2016:17:02:32 -0300] "POST /cormun/servlet/solicitudotadjuntos?gx-no-cache=1460577760346 HTTP/1.1" 200 26
186.103.159.189 - - [13/Apr/2016:17:02:40 -0300] "GET /cormun/servlet/solicitudotadjuntos?3a71777d04c448598530ef4f41631ffab58dacd346ee4f887d385580ea225551,gx-no-cache=1460577768112 HTTP/1.1" 200 30
186.103.159.189 - - [13/Apr/2016:17:02:40 -0300] "GET /cormun/servlet/solicitudotadjuntos?3a71777d04c448598530ef4f41631ffab58dacd346ee4f887d385580ea225551,gx-no-cache=1460577768196 HTTP/1.1" 200 30
186.103.159.189 - - [13/Apr/2016:17:03:02 -0300] "POST /cormun/servlet/solicitudotadjuntos?1300f98671e36397ef54fec30183087f,INS,2016,1358,,1, HTTP/1.1" 200 116
186.103.159.189 - - [13/Apr/2016:17:03:02 -0300] "GET /cormun/servlet/hpexe_return? HTTP/1.1" 200 1029
186.103.159.189 - - [13/Apr/2016:17:03:04 -0300] "GET /cormun/servlet/trsolicitudadjuntos?2016,1358, HTTP/1.1" 200 8055
186.103.159.189 - - [13/Apr/2016:17:03:06 -0300] "GET /cormun/servlet/trsolicitudadjuntos?2016,1358, HTTP/1.1" 200 8051
186.103.159.189 - - [13/Apr/2016:17:03:09 -0300] "GET /cormun/servlet/solicitudotadjuntos?INS,2016,1358,,2, HTTP/1.1" 200 5541
186.103.159.189 - - [13/Apr/2016:17:03:10 -0300] "GET /cormun/static/about:blank HTTP/1.1" 404 1011
186.103.159.189 - - [13/Apr/2016:17:03:12 -0300] "GET /cormun/servlet/solicitudotadjuntos?3a71777d04c448598530ef4f41631ffa8c8ea2fa273ac21913d3d08c9a5e8e8158a7f9d8c952a705460f25f972eb183a,gx-no-cache=1460577799833 HTTP/1.1" 200 30
186.103.159.189 - - [13/Apr/2016:17:03:12 -0300] "POST /cormun/servlet/solicitudotadjuntos?1300f98671e36397ef54fec30183087f,INS,2016,1358,,2,,gx-no-cache=1460577799967 HTTP/1.1" 200 3558
186.103.159.189 - - [13/Apr/2016:17:03:13 -0300] "GET /cormun/servlet/solicitudotadjuntos?INS,2016,1358,,2, HTTP/1.1" 200 5535
186.103.159.189 - - [13/Apr/2016:17:03:19 -0300] "POST /cormun/servlet/solicitudotadjuntos?gx-no-cache=1460577807126 HTTP/1.1" 200 26
186.103.159.189 - - [13/Apr/2016:17:03:29 -0300] "GET /cormun/servlet/solicitudotadjuntos?3a71777d04c448598530ef4f41631ffab58dacd346ee4f887d385580ea225551,gx-no-cache=1460577817693 HTTP/1.1" 200 30
186.103.159.189 - - [13/Apr/2016:17:03:29 -0300] "GET /cormun/servlet/solicitudotadjuntos?3a71777d04c448598530ef4f41631ffab58dacd346ee4f887d385580ea225551,gx-no-cache=1460577817738 HTTP/1.1" 200 30
186.103.159.189 - - [13/Apr/2016:17:03:31 -0300] "POST /cormun/servlet/solicitudotadjuntos?1300f98671e36397ef54fec30183087f,INS,2016,1358,,2, HTTP/1.1" 200 116
186.103.159.189 - - [13/Apr/2016:17:03:31 -0300] "GET /cormun/servlet/hpexe_return? HTTP/1.1" 200 1029
186.103.159.189 - - [13/Apr/2016:17:03:31 -0300] "GET /cormun/servlet/trsolicitudadjuntos?2016,1358, HTTP/1.1" 200 8332
186.103.159.189 - - [13/Apr/2016:17:03:34 -0300] "GET /cormun/servlet/trsolicitudadjuntos?2016,1358, HTTP/1.1" 200 8334
186.103.159.189 - - [13/Apr/2016:17:03:45 -0300] "GET /cormun/servlet/trsolicitudot? HTTP/1.1" 200 7775
186.103.159.189 - - [13/Apr/2016:17:03:48 -0300] "GET /cormun/servlet/trsolicitudot? HTTP/1.1" 200 7770
186.103.159.189 - - [13/Apr/2016:17:03:59 -0300] "POST /cormun/servlet/trsolicitudot?1300f98671e36397ef54fec30183087f,,gx-no-cache=1460577847268 HTTP/1.1" 200 3848
186.103.159.189 - - [13/Apr/2016:17:03:59 -0300] "GET /cormun/static/Shared/jqueryui/images/ui-bg_flat_55_fafafa_40x100.png HTTP/1.1" 404 1097
186.103.159.189 - - [13/Apr/2016:17:03:59 -0300] "GET /cormun/static/Shared/jqueryui/images/ui-icons_8d78a5_256x240.png HTTP/1.1" 404 1089
186.103.159.189 - - [13/Apr/2016:17:04:00 -0300] "POST /cormun/servlet/trsolicitudot?1300f98671e36397ef54fec30183087f,,gx-no-cache=1460577847826 HTTP/1.1" 200 3665
103.37.45.94 - - [13/Apr/2016:17:06:21 -0300] "POST /login.action HTTP/1.1" 404 985
186.103.157.42 - - [13/Apr/2016:17:07:49 -0300] "GET /cormun/servlet/trsolicitudot? HTTP/1.1" 200 5996
186.103.157.42 - - [13/Apr/2016:17:07:49 -0300] "GET /cormun/static/Shared/ext/resources/css/ext-all.css?215870 HTTP/1.1" 304 -
186.103.157.42 - - [13/Apr/2016:17:07:49 -0300] "GET /cormun/static/gxui/gxui-all.css?120300 HTTP/1.1" 304 -
186.103.157.42 - - [13/Apr/2016:17:07:49 -0300] "GET /cormun/static/calendar-system.css?85620 HTTP/1.1" 304 -
186.103.157.42 - - [13/Apr/2016:17:07:49 -0300] "GET /cormun/static/Shared/jqueryui/jquery-ui.min.css?1245370 HTTP/1.1" 304 -
186.103.157.42 - - [13/Apr/2016:17:07:49 -0300] "GET /cormun/static/Resources/Spanish/PXTools.css?2139548 HTTP/1.1" 304 -
186.103.157.42 - - [13/Apr/2016:17:07:49 -0300] "GET /cormun/static/SmoothNavMenu/resources/ddsmoothmenu.css?1012540 HTTP/1.1" 304 -
186.103.157.42 - - [13/Apr/2016:17:07:49 -0300] "GET /cormun/static/SmoothNavMenu/resources/ddsmoothmenu-v.css?1012540 HTTP/1.1" 304 -
186.103.157.42 - - [13/Apr/2016:17:07:49 -0300] "GET /cormun/static/scaMessage/css/jquery.pnotify.default.css?1716380 HTTP/1.1" 304 -
186.103.157.42 - - [13/Apr/2016:17:07:49 -0300] "GET /cormun/static/gxtimezone.js?85251 HTTP/1.1" 304 -
186.103.157.42 - - [13/Apr/2016:17:07:49 -0300] "GET /cormun/static/gxgral.js?85251 HTTP/1.1" 304 -
186.103.157.42 - - [13/Apr/2016:17:07:49 -0300] "GET /cormun/static/calendar.js?85251 HTTP/1.1" 304 -
186.103.157.42 - - [13/Apr/2016:17:07:49 -0300] "GET /cormun/static/gxcfg.js?201631022392470 HTTP/1.1" 304 -
186.103.157.42 - - [13/Apr/2016:17:07:49 -0300] "GET /cormun/static/calendar-setup.js?85251 HTTP/1.1" 304 -
186.103.157.42 - - [13/Apr/2016:17:07:49 -0300] "GET /cormun/static/calendar-es.js?85251 HTTP/1.1" 304 -
186.103.157.42 - - [13/Apr/2016:17:07:49 -0300] "GET /cormun/static/Shared/ext/ext-all.js HTTP/1.1" 304 -
186.103.157.42 - - [13/Apr/2016:17:07:49 -0300] "GET /cormun/static/gxui/gxui-all.js HTTP/1.1" 304 -
186.103.157.42 - - [13/Apr/2016:17:07:49 -0300] "GET /cormun/static/RunJS/RunJS.js HTTP/1.1" 304 -
