186.103.159.230 - - [11/Apr/2016:08:59:58 -0300] "GET /cormun/servlet/solicitudot?900304ffbaa090fc9c787ba2180ed8dc32ced8ea33d2df6c79a413041547c8de7d0f24608c6409fc961fe15dfe6a4c2aefeeddfcc62c68833369d4dbb15a324d503148ba7318404b500c6dc8752fc7768021693449b00c2134dbcf80e720ce212ef92250266ed7df61093ca73d46a5a045985feacd475b90048cdc5295730be0e52e6231970fe5e177d09d0b26f7b10f7d133e8cdb606756b6a7734efd2f62312a0a5e19ff4b6c9c1e0a871ef2f85a0aa442637a584ebb4220d5503e7a5b4e28,gx-no-cache=1460376010742 HTTP/1.1" 200 30
186.103.159.230 - - [11/Apr/2016:08:59:58 -0300] "POST /cormun/servlet/solicitudot?2f150979ed98894a72e63ae544671911,INS,0,0,,gx-no-cache=1460376010767 HTTP/1.1" 200 9642
186.103.159.230 - - [11/Apr/2016:09:01:08 -0300] "POST /cormun/servlet/solicitudot?2f150979ed98894a72e63ae544671911,INS,0,0,,gx-no-cache=1460376081098 HTTP/1.1" 200 9695
186.103.159.230 - - [11/Apr/2016:09:01:10 -0300] "POST /cormun/servlet/solicitudot?2f150979ed98894a72e63ae544671911,INS,0,0,,gx-no-cache=1460376082638 HTTP/1.1" 200 9734
186.103.159.230 - - [11/Apr/2016:09:01:10 -0300] "POST /cormun/servlet/solicitudot?2f150979ed98894a72e63ae544671911,INS,0,0,,gx-no-cache=1460376082929 HTTP/1.1" 200 9781
186.103.159.230 - - [11/Apr/2016:09:02:00 -0300] "POST /cormun/servlet/solicitudot?gx-no-cache=1460376132500 HTTP/1.1" 200 30
186.103.159.230 - - [11/Apr/2016:09:02:10 -0300] "POST /cormun/servlet/solicitudot?gx-no-cache=1460376142393 HTTP/1.1" 200 1185
186.103.159.230 - - [11/Apr/2016:09:02:10 -0300] "GET /cormun/servlet/solicitudot?900304ffbaa090fc9c787ba2180ed8dc2d13a58fa57c0d5bb4de97400a585f980a5b0229798530bb1895bad499bd9145500243f269c1196ca6da5e8dceb98f01c1c90c453b2399fd6534733565c9668e98520c1ab44f8ed4f6e90ad7e9fbfc173bbfe1ef24f76b66845f72df43514b497ee193d9dce2f0e1649256df07320082f126ae5000c87b665d9fd68a9441bf9b641c5566bd8e6d5d4d4a8abb29a50d9c,gx-no-cache=1460376142545 HTTP/1.1" 200 41
186.103.159.230 - - [11/Apr/2016:09:02:10 -0300] "POST /cormun/servlet/solicitudot?gx-no-cache=1460376142624 HTTP/1.1" 200 1142
186.103.159.230 - - [11/Apr/2016:09:02:10 -0300] "GET /cormun/servlet/solicitudot?900304ffbaa090fc9c787ba2180ed8dc32ced8ea33d2df6c79a413041547c8de7d0f24608c6409fc961fe15dfe6a4c2aefeeddfcc62c68833369d4dbb15a324d503148ba7318404b500c6dc8752fc7768021693449b00c2134dbcf80e720ce212ef92250266ed7df61093ca73d46a5a045985feacd475b90048cdc5295730be0e52e6231970fe5e177d09d0b26f7b10f7d133e8cdb606756b6a7734efd2f62312a0a5e19ff4b6c9c1e0a871ef2f85a0aa442637a584ebb4220d5503e7a5b4e28,gx-no-cache=1460376142682 HTTP/1.1" 200 30
186.103.159.230 - - [11/Apr/2016:09:02:10 -0300] "POST /cormun/servlet/solicitudot?2f150979ed98894a72e63ae544671911,INS,0,0,,gx-no-cache=1460376142734 HTTP/1.1" 200 93
186.103.159.230 - - [11/Apr/2016:09:02:10 -0300] "GET /cormun/servlet/hpexe_return? HTTP/1.1" 200 1004
186.103.159.230 - - [11/Apr/2016:09:02:10 -0300] "GET /cormun/static/Resources/Spanish/PXTools.css?12112540 HTTP/1.1" 304 -
186.103.159.230 - - [11/Apr/2016:09:02:10 -0300] "GET /cormun/static/gxcfg.js?2015111312145050 HTTP/1.1" 200 953
186.103.159.230 - - [11/Apr/2016:09:02:10 -0300] "GET /cormun/static/hpexe_return.js?2015111312145056 HTTP/1.1" 304 -
186.103.159.230 - - [11/Apr/2016:09:02:10 -0300] "GET /cormun/servlet/trsolicitudot HTTP/1.1" 200 7765
186.103.159.230 - - [11/Apr/2016:09:02:11 -0300] "GET /cormun/servlet/trsolicitudot HTTP/1.1" 200 7761
186.103.159.230 - - [11/Apr/2016:09:02:17 -0300] "POST /cormun/servlet/trsolicitudot?2f150979ed98894a72e63ae544671911,gx-no-cache=1460376149803 HTTP/1.1" 200 5352
186.103.159.230 - - [11/Apr/2016:09:03:22 -0300] "POST /cormun/servlet/trsolicitudot?2f150979ed98894a72e63ae544671911,gx-no-cache=1460376214586 HTTP/1.1" 200 5351
186.103.159.230 - - [11/Apr/2016:09:08:18 -0300] "POST /cormun/servlet/trsolicitudot?2f150979ed98894a72e63ae544671911,gx-no-cache=1460376508719 HTTP/1.1" 200 106
186.103.159.230 - - [11/Apr/2016:09:08:18 -0300] "GET /cormun/servlet/trsolicitudadjuntos?2016,1289, HTTP/1.1" 200 5491
186.103.159.230 - - [11/Apr/2016:09:08:18 -0300] "GET /cormun/static/gxcfg.js?2016311731090 HTTP/1.1" 200 953
186.103.159.230 - - [11/Apr/2016:09:08:19 -0300] "GET /cormun/static/trsolicitudadjuntos.js?2016311731342 HTTP/1.1" 200 17913
186.103.159.230 - - [11/Apr/2016:09:08:19 -0300] "GET /cormun/static/Resources/Spanish/PXTools.css?171692 HTTP/1.1" 200 89042
186.103.159.230 - - [11/Apr/2016:09:08:19 -0300] "GET /cormun/servlet/trsolicitudadjuntos?2016,1289, HTTP/1.1" 200 5492
186.103.159.230 - - [11/Apr/2016:09:08:32 -0300] "GET /cormun/servlet/solicitudotadjuntos?INS,2016,1289,,1, HTTP/1.1" 200 5581
186.103.159.230 - - [11/Apr/2016:09:08:32 -0300] "GET /cormun/static/gxcfg.js?201631622493247 HTTP/1.1" 200 953
186.103.159.230 - - [11/Apr/2016:09:08:32 -0300] "GET /cormun/static/solicitudotadjuntos.js?201631622493267 HTTP/1.1" 200 11762
186.103.159.230 - - [11/Apr/2016:09:08:33 -0300] "GET /cormun/static/about:blank HTTP/1.1" 404 1011
186.103.159.230 - - [11/Apr/2016:09:08:33 -0300] "GET /cormun/servlet/solicitudotadjuntos?INS,2016,1289,,1, HTTP/1.1" 200 5575
186.103.159.230 - - [11/Apr/2016:09:08:33 -0300] "GET /cormun/servlet/solicitudotadjuntos?900304ffbaa090fc9c787ba2180ed8dc5776b872fc8ff676662286515a928af73eb253d25391ede71f33b9cca8a25019,gx-no-cache=1460376526118 HTTP/1.1" 200 30
186.103.159.230 - - [11/Apr/2016:09:08:33 -0300] "POST /cormun/servlet/solicitudotadjuntos?2f150979ed98894a72e63ae544671911,INS,2016,1289,,1,,gx-no-cache=1460376526171 HTTP/1.1" 200 3423
186.103.159.182 - - [11/Apr/2016:09:09:58 -0300] "GET /cormun/servlet/prcontratosol?11067642,,,,,MD,,gxPopupLevel%3D0%3B HTTP/1.1" 200 5666
186.103.159.230 - - [11/Apr/2016:09:10:06 -0300] "POST /cormun/servlet/solicitudotadjuntos?gx-no-cache=1460376619039 HTTP/1.1" 200 26
186.103.159.182 - - [11/Apr/2016:09:10:19 -0300] "POST /cormun/servlet/solicitudot?gx-no-cache=1460376642712 HTTP/1.1" 200 1187
186.103.159.182 - - [11/Apr/2016:09:10:19 -0300] "GET /cormun/servlet/solicitudot?2cea777ec9956b54b7518e8f1c2d67ff28050087e0dd999bddeb22ea67c833e9287b363666435fc42febe58d5006d0188947fcf8a7a92fd535f61d8bcd57ae67d89bcdfc2dad61e957a99a679600a46ad9a844461a21aa630fef618c3201c6aa47e605a9a007fd238e161585643da6d7c1b7d0e601b59e03ea886e5673f5515751d101eed90dbd662e6b0a91073fef69c5bab03e172c821f2568cc3229bdee9d,gx-no-cache=1460376642852 HTTP/1.1" 200 41
186.103.159.182 - - [11/Apr/2016:09:10:19 -0300] "POST /cormun/servlet/solicitudot?gx-no-cache=1460376642917 HTTP/1.1" 200 1143
186.103.159.189 - - [11/Apr/2016:09:11:12 -0300] "GET /cormun/servlet/hlogin HTTP/1.1" 200 1720
186.103.159.189 - - [11/Apr/2016:09:11:12 -0300] "GET /cormun/static/Resources/Spanish/PXTools.css?005343 HTTP/1.1" 304 -
186.103.159.189 - - [11/Apr/2016:09:11:12 -0300] "GET /cormun/static/gxcfg.js?20151120045111 HTTP/1.1" 304 -
186.103.159.189 - - [11/Apr/2016:09:11:13 -0300] "GET /cormun/static/messages.spa.js?85251 HTTP/1.1" 304 -
186.103.159.189 - - [11/Apr/2016:09:11:13 -0300] "GET /cormun/static/hlogin.js?20151120045126 HTTP/1.1" 304 -
186.103.159.189 - - [11/Apr/2016:09:11:13 -0300] "GET /cormun/servlet/hlogin HTTP/1.1" 200 1730
186.103.159.230 - - [11/Apr/2016:09:11:15 -0300] "GET /cormun/servlet/solicitudotadjuntos?900304ffbaa090fc9c787ba2180ed8dc175239c9b218d87d9311c434b628ff30,gx-no-cache=1460376687305 HTTP/1.1" 200 30
186.103.159.230 - - [11/Apr/2016:09:11:15 -0300] "GET /cormun/servlet/solicitudotadjuntos?900304ffbaa090fc9c787ba2180ed8dc175239c9b218d87d9311c434b628ff30,gx-no-cache=1460376687416 HTTP/1.1" 200 30
186.103.159.230 - - [11/Apr/2016:09:11:15 -0300] "POST /cormun/servlet/solicitudotadjuntos?2f150979ed98894a72e63ae544671911,INS,2016,1289,,1, HTTP/1.1" 200 116
186.103.159.230 - - [11/Apr/2016:09:11:16 -0300] "GET /cormun/servlet/hpexe_return? HTTP/1.1" 200 1023
186.103.159.230 - - [11/Apr/2016:09:11:16 -0300] "GET /cormun/servlet/trsolicitudadjuntos?2016,1289, HTTP/1.1" 200 7359
186.103.159.230 - - [11/Apr/2016:09:11:16 -0300] "GET /cormun/servlet/trsolicitudadjuntos?2016,1289, HTTP/1.1" 200 7355
186.103.159.230 - - [11/Apr/2016:09:11:27 -0300] "GET /cormun/servlet/solicitudotadjuntos?INS,2016,1289,,1, HTTP/1.1" 200 5581
186.103.159.230 - - [11/Apr/2016:09:11:27 -0300] "GET /cormun/static/about:blank HTTP/1.1" 404 1011
186.103.159.230 - - [11/Apr/2016:09:11:27 -0300] "GET /cormun/servlet/solicitudotadjuntos?INS,2016,1289,,1, HTTP/1.1" 200 5575
186.103.159.230 - - [11/Apr/2016:09:11:28 -0300] "GET /cormun/servlet/solicitudotadjuntos?900304ffbaa090fc9c787ba2180ed8dc5776b872fc8ff676662286515a928af73eb253d25391ede71f33b9cca8a25019,gx-no-cache=1460376700717 HTTP/1.1" 200 30
186.103.159.230 - - [11/Apr/2016:09:11:28 -0300] "POST /cormun/servlet/solicitudotadjuntos?2f150979ed98894a72e63ae544671911,INS,2016,1289,,1,,gx-no-cache=1460376700758 HTTP/1.1" 200 3423
186.103.159.230 - - [11/Apr/2016:09:11:33 -0300] "POST /cormun/servlet/solicitudotadjuntos?gx-no-cache=1460376705557 HTTP/1.1" 200 26
186.103.159.230 - - [11/Apr/2016:09:11:35 -0300] "GET /cormun/servlet/solicitudotadjuntos?900304ffbaa090fc9c787ba2180ed8dc175239c9b218d87d9311c434b628ff30,gx-no-cache=1460376707869 HTTP/1.1" 200 30
186.103.159.230 - - [11/Apr/2016:09:11:35 -0300] "GET /cormun/servlet/solicitudotadjuntos?900304ffbaa090fc9c787ba2180ed8dc175239c9b218d87d9311c434b628ff30,gx-no-cache=1460376707909 HTTP/1.1" 200 30
186.103.159.230 - - [11/Apr/2016:09:11:35 -0300] "POST /cormun/servlet/solicitudotadjuntos?2f150979ed98894a72e63ae544671911,INS,2016,1289,,1,,gx-no-cache=1460376707940 HTTP/1.1" 200 93
186.103.159.230 - - [11/Apr/2016:09:11:35 -0300] "GET /cormun/servlet/hpexe_return? HTTP/1.1" 200 1023
186.103.159.230 - - [11/Apr/2016:09:11:35 -0300] "GET /cormun/servlet/trsolicitudadjuntos?2016,1289, HTTP/1.1" 200 7453
186.103.159.230 - - [11/Apr/2016:09:11:36 -0300] "GET /cormun/servlet/trsolicitudadjuntos?2016,1289, HTTP/1.1" 200 7449
186.103.159.230 - - [11/Apr/2016:09:11:38 -0300] "GET /cormun/servlet/solicitudotadjuntos?INS,2016,1289,,2, HTTP/1.1" 200 5581
186.103.159.230 - - [11/Apr/2016:09:11:39 -0300] "GET /cormun/static/about:blank HTTP/1.1" 404 1011
186.103.159.230 - - [11/Apr/2016:09:11:39 -0300] "GET /cormun/servlet/solicitudotadjuntos?INS,2016,1289,,2, HTTP/1.1" 200 5575
186.103.159.230 - - [11/Apr/2016:09:11:39 -0300] "GET /cormun/servlet/solicitudotadjuntos?900304ffbaa090fc9c787ba2180ed8dc5776b872fc8ff676662286515a928af73eb253d25391ede71f33b9cca8a25019,gx-no-cache=1460376712029 HTTP/1.1" 200 30
186.103.159.230 - - [11/Apr/2016:09:11:39 -0300] "POST /cormun/servlet/solicitudotadjuntos?2f150979ed98894a72e63ae544671911,INS,2016,1289,,2,,gx-no-cache=1460376712062 HTTP/1.1" 200 3639
186.103.159.230 - - [11/Apr/2016:09:11:44 -0300] "POST /cormun/servlet/solicitudotadjuntos?gx-no-cache=1460376716488 HTTP/1.1" 200 26
186.103.159.230 - - [11/Apr/2016:09:11:46 -0300] "GET /cormun/servlet/solicitudotadjuntos?900304ffbaa090fc9c787ba2180ed8dc175239c9b218d87d9311c434b628ff30,gx-no-cache=1460376718108 HTTP/1.1" 200 30
186.103.159.230 - - [11/Apr/2016:09:11:46 -0300] "GET /cormun/servlet/solicitudotadjuntos?900304ffbaa090fc9c787ba2180ed8dc175239c9b218d87d9311c434b628ff30,gx-no-cache=1460376718446 HTTP/1.1" 200 30
186.103.159.230 - - [11/Apr/2016:09:11:46 -0300] "POST /cormun/servlet/solicitudotadjuntos?2f150979ed98894a72e63ae544671911,INS,2016,1289,,2,,gx-no-cache=1460376718484 HTTP/1.1" 200 93
186.103.159.230 - - [11/Apr/2016:09:11:46 -0300] "GET /cormun/servlet/hpexe_return? HTTP/1.1" 200 1023
186.103.159.230 - - [11/Apr/2016:09:11:46 -0300] "GET /cormun/servlet/trsolicitudadjuntos?2016,1289, HTTP/1.1" 200 7592
186.103.159.230 - - [11/Apr/2016:09:11:46 -0300] "GET /cormun/servlet/trsolicitudadjuntos?2016,1289, HTTP/1.1" 200 7589
186.103.159.230 - - [11/Apr/2016:09:11:56 -0300] "GET /cormun/servlet/solicitudotadjuntos?DLT,2016,1289,CERTIF7,0, HTTP/1.1" 200 5477
186.103.159.230 - - [11/Apr/2016:09:11:56 -0300] "GET /cormun/static/about:blank HTTP/1.1" 404 1011
186.103.159.230 - - [11/Apr/2016:09:11:56 -0300] "GET /cormun/servlet/solicitudotadjuntos?DLT,2016,1289,CERTIF7,0, HTTP/1.1" 200 5471
186.103.159.230 - - [11/Apr/2016:09:12:01 -0300] "POST /cormun/servlet/solicitudotadjuntos?2f150979ed98894a72e63ae544671911,DLT,2016,1289,CERTIF7,0,,gx-no-cache=1460376733817 HTTP/1.1" 200 93
186.103.159.230 - - [11/Apr/2016:09:12:01 -0300] "GET /cormun/servlet/hpexe_return? HTTP/1.1" 200 1029
186.103.159.230 - - [11/Apr/2016:09:12:01 -0300] "GET /cormun/servlet/trsolicitudadjuntos?2016,1289, HTTP/1.1" 200 7453
186.103.159.230 - - [11/Apr/2016:09:12:02 -0300] "GET /cormun/servlet/trsolicitudadjuntos?2016,1289, HTTP/1.1" 200 7449
186.103.159.230 - - [11/Apr/2016:09:12:04 -0300] "GET /cormun/servlet/solicitudotadjuntos?INS,2016,1289,,2, HTTP/1.1" 200 5581
186.103.159.230 - - [11/Apr/2016:09:12:04 -0300] "GET /cormun/servlet/solicitudotadjuntos?INS,2016,1289,,2, HTTP/1.1" 200 5575
186.103.159.230 - - [11/Apr/2016:09:12:04 -0300] "GET /cormun/static/about:blank HTTP/1.1" 404 1011
186.103.159.230 - - [11/Apr/2016:09:12:04 -0300] "GET /cormun/servlet/solicitudotadjuntos?900304ffbaa090fc9c787ba2180ed8dc5776b872fc8ff676662286515a928af73eb253d25391ede71f33b9cca8a25019,gx-no-cache=1460376737363 HTTP/1.1" 200 30
186.103.159.230 - - [11/Apr/2016:09:12:05 -0300] "POST /cormun/servlet/solicitudotadjuntos?2f150979ed98894a72e63ae544671911,INS,2016,1289,,2,,gx-no-cache=1460376737421 HTTP/1.1" 200 3639
186.103.159.182 - - [11/Apr/2016:09:12:05 -0300] "GET /cormun/servlet/solicitudot?2cea777ec9956b54b7518e8f1c2d67ff3648a4eb97309f6ff0c64e6c068055d56dfbe64e32d29b8acf9504e61d41a5e30de0d04b384a26769836bda54b89e1cb8c20f35a1141da14016316a23ba9226fafed5e189050d5935b67c41736a723792f7a997f8e07edb12c94ae884b6b89b36a7d93bd8f821304143b1ec062537e12efa49b4f963b5abb89991b80eed11f42daf0adf65dfbb8daadc5089c7792bc36b5b51e78bcfb9fc3acb30ba03052e3c8,gx-no-cache=1460376748529 HTTP/1.1" 200 30
186.103.159.230 - - [11/Apr/2016:09:12:14 -0300] "POST /cormun/servlet/solicitudotadjuntos?gx-no-cache=1460376747201 HTTP/1.1" 200 26
186.103.159.230 - - [11/Apr/2016:09:12:16 -0300] "GET /cormun/servlet/solicitudotadjuntos?900304ffbaa090fc9c787ba2180ed8dc175239c9b218d87d9311c434b628ff30,gx-no-cache=1460376748944 HTTP/1.1" 200 30
186.103.159.230 - - [11/Apr/2016:09:12:16 -0300] "GET /cormun/servlet/solicitudotadjuntos?900304ffbaa090fc9c787ba2180ed8dc175239c9b218d87d9311c434b628ff30,gx-no-cache=1460376749007 HTTP/1.1" 200 30
186.103.159.230 - - [11/Apr/2016:09:12:16 -0300] "POST /cormun/servlet/solicitudotadjuntos?2f150979ed98894a72e63ae544671911,INS,2016,1289,,2,,gx-no-cache=1460376749064 HTTP/1.1" 200 93
186.103.159.230 - - [11/Apr/2016:09:12:16 -0300] "GET /cormun/servlet/hpexe_return? HTTP/1.1" 200 1023
186.103.159.230 - - [11/Apr/2016:09:12:17 -0300] "GET /cormun/servlet/trsolicitudadjuntos?2016,1289, HTTP/1.1" 200 7595
186.103.159.230 - - [11/Apr/2016:09:12:17 -0300] "GET /cormun/servlet/trsolicitudadjuntos?2016,1289, HTTP/1.1" 200 7591
186.103.159.182 - - [11/Apr/2016:09:12:18 -0300] "POST /cormun/servlet/solicitudot?bdf14f15f7ec6e3905e90a7fd6522f87,INS,0,0,,gx-no-cache=1460376761138 HTTP/1.1" 200 93
186.103.159.182 - - [11/Apr/2016:09:12:18 -0300] "GET /cormun/servlet/hpexe_return? HTTP/1.1" 200 1006
186.103.159.182 - - [11/Apr/2016:09:12:18 -0300] "GET /cormun/static/gxcfg.js?2015111312145050 HTTP/1.1" 200 953
186.103.159.182 - - [11/Apr/2016:09:12:18 -0300] "GET /cormun/static/hpexe_return.js?2015111312145056 HTTP/1.1" 200 1633
186.103.159.182 - - [11/Apr/2016:09:12:18 -0300] "GET /cormun/static/Resources/Spanish/PXTools.css?12112540 HTTP/1.1" 200 89042
186.103.159.182 - - [11/Apr/2016:09:12:19 -0300] "GET /cormun/servlet/trsolicitudot HTTP/1.1" 200 7678
186.103.159.230 - - [11/Apr/2016:09:12:20 -0300] "GET /cormun/servlet/solicitudotadjuntos?INS,2016,1289,,2, HTTP/1.1" 200 5581
186.103.159.230 - - [11/Apr/2016:09:12:20 -0300] "GET /cormun/static/about:blank HTTP/1.1" 404 1011
186.103.159.230 - - [11/Apr/2016:09:12:20 -0300] "GET /cormun/servlet/solicitudotadjuntos?INS,2016,1289,,2, HTTP/1.1" 200 5575
186.103.159.182 - - [11/Apr/2016:09:12:21 -0300] "GET /cormun/servlet/trsolicitudot HTTP/1.1" 200 7674
186.103.159.182 - - [11/Apr/2016:09:12:21 -0300] "GET /cormun//static/Resources/PXToolsGridUpdate.png HTTP/1.1" 200 2984
186.103.159.182 - - [11/Apr/2016:09:12:21 -0300] "GET /cormun//static/Resources/PXToolsGridDelete.png HTTP/1.1" 200 357
186.103.159.182 - - [11/Apr/2016:09:12:21 -0300] "GET /cormun//static/Resources/PXToolsActionView.png HTTP/1.1" 200 2995
186.103.159.182 - - [11/Apr/2016:09:12:21 -0300] "GET /cormun//static/Resources/PXTools/ActionInsert.png HTTP/1.1" 200 1482
186.103.159.182 - - [11/Apr/2016:09:12:21 -0300] "GET /cormun//static/Resources/PXToolsRemoveAllAction.png HTTP/1.1" 200 3558
186.103.159.230 - - [11/Apr/2016:09:12:21 -0300] "GET /cormun/servlet/solicitudotadjuntos?900304ffbaa090fc9c787ba2180ed8dc5776b872fc8ff676662286515a928af73eb253d25391ede71f33b9cca8a25019,gx-no-cache=1460376753626 HTTP/1.1" 200 30
186.103.159.230 - - [11/Apr/2016:09:12:21 -0300] "POST /cormun/servlet/solicitudotadjuntos?2f150979ed98894a72e63ae544671911,INS,2016,1289,,2,,gx-no-cache=1460376753699 HTTP/1.1" 200 3639
186.103.159.182 - - [11/Apr/2016:09:12:42 -0300] "POST /cormun/servlet/trsolicitudot?bdf14f15f7ec6e3905e90a7fd6522f87,gx-no-cache=1460376786006 HTTP/1.1" 200 3799
186.103.159.182 - - [11/Apr/2016:09:12:43 -0300] "GET /cormun/static/Shared/jqueryui/images/ui-bg_highlight-soft_100_c6c2c8_1x100.png HTTP/1.1" 404 1117
186.103.159.182 - - [11/Apr/2016:09:12:43 -0300] "GET /cormun/static/Shared/jqueryui/images/ui-icons_82798d_256x240.png HTTP/1.1" 404 1089
186.103.159.182 - - [11/Apr/2016:09:12:43 -0300] "GET /cormun/static/Shared/jqueryui/images/ui-bg_flat_55_fafafa_40x100.png HTTP/1.1" 404 1097
186.103.159.182 - - [11/Apr/2016:09:12:43 -0300] "GET /cormun/static/Shared/jqueryui/images/ui-icons_8d78a5_256x240.png HTTP/1.1" 404 1089
186.103.159.182 - - [11/Apr/2016:09:12:43 -0300] "POST /cormun/servlet/trsolicitudot?bdf14f15f7ec6e3905e90a7fd6522f87,gx-no-cache=1460376786454 HTTP/1.1" 200 3650
186.103.159.182 - - [11/Apr/2016:09:12:47 -0300] "GET /cormun/servlet/solicitudot?INS,0,0, HTTP/1.1" 200 11592
186.103.159.182 - - [11/Apr/2016:09:12:49 -0300] "GET /cormun/servlet/solicitudot?INS,0,0, HTTP/1.1" 200 11597
186.103.159.182 - - [11/Apr/2016:09:13:00 -0300] "POST /cormun/servlet/solicitudot?gx-no-cache=1460376803305 HTTP/1.1" 200 2753
186.103.159.182 - - [11/Apr/2016:09:13:00 -0300] "POST /cormun/servlet/solicitudot?bdf14f15f7ec6e3905e90a7fd6522f87,INS,0,0,,gx-no-cache=1460376803526 HTTP/1.1" 200 8446
186.103.159.182 - - [11/Apr/2016:09:13:06 -0300] "GET /cormun/servlet/solicitudot?2cea777ec9956b54b7518e8f1c2d67ff5cfcfa8b48ef2de8930f45b5fca2c943e0584d9582bea01c45facc4489a68dad,gx-no-cache=1460376809636 HTTP/1.1" 200 30
186.103.159.182 - - [11/Apr/2016:09:13:06 -0300] "POST /cormun/servlet/solicitudot?gx-no-cache=1460376809725 HTTP/1.1" 200 30
186.103.159.182 - - [11/Apr/2016:09:13:09 -0300] "POST /cormun/servlet/solicitudot?gx-no-cache=1460376813103 HTTP/1.1" 200 30
186.103.159.182 - - [11/Apr/2016:09:13:11 -0300] "GET /cormun/servlet/prcontratosol?7120399,,,,,MD,,gxPopupLevel%3D0%3B HTTP/1.1" 200 5664
186.103.159.230 - - [11/Apr/2016:09:13:15 -0300] "POST /cormun/servlet/solicitudotadjuntos?gx-no-cache=1460376807583 HTTP/1.1" 200 26
186.103.159.230 - - [11/Apr/2016:09:13:17 -0300] "GET /cormun/servlet/solicitudotadjuntos?900304ffbaa090fc9c787ba2180ed8dc175239c9b218d87d9311c434b628ff30,gx-no-cache=1460376809369 HTTP/1.1" 200 30
186.103.159.230 - - [11/Apr/2016:09:13:17 -0300] "GET /cormun/servlet/solicitudotadjuntos?900304ffbaa090fc9c787ba2180ed8dc175239c9b218d87d9311c434b628ff30,gx-no-cache=1460376809425 HTTP/1.1" 200 30
186.103.159.230 - - [11/Apr/2016:09:13:17 -0300] "POST /cormun/servlet/solicitudotadjuntos?2f150979ed98894a72e63ae544671911,INS,2016,1289,,2,,gx-no-cache=1460376809481 HTTP/1.1" 200 93
186.103.159.230 - - [11/Apr/2016:09:13:17 -0300] "GET /cormun/servlet/hpexe_return? HTTP/1.1" 200 1023
186.103.159.230 - - [11/Apr/2016:09:13:17 -0300] "GET /cormun/servlet/trsolicitudadjuntos?2016,1289, HTTP/1.1" 200 7702
186.103.159.230 - - [11/Apr/2016:09:13:18 -0300] "GET /cormun/servlet/trsolicitudadjuntos?2016,1289, HTTP/1.1" 200 7700
186.103.159.182 - - [11/Apr/2016:09:13:26 -0300] "POST /cormun/servlet/solicitudot?gx-no-cache=1460376829957 HTTP/1.1" 200 1187
186.103.159.182 - - [11/Apr/2016:09:13:26 -0300] "GET /cormun/servlet/solicitudot?2cea777ec9956b54b7518e8f1c2d67ff28050087e0dd999bddeb22ea67c833e9287b363666435fc42febe58d5006d0188947fcf8a7a92fd535f61d8bcd57ae67d89bcdfc2dad61e957a99a679600a46ad9a844461a21aa630fef618c3201c6aa47e605a9a007fd238e161585643da6d7c1b7d0e601b59e03ea886e5673f55157551fc68260143508dfc5925642be0f92,gx-no-cache=1460376830057 HTTP/1.1" 200 38
186.103.159.182 - - [11/Apr/2016:09:13:26 -0300] "GET /cormun/servlet/solicitudot?2cea777ec9956b54b7518e8f1c2d67ffdac903e1080056838ce076284402a8203b86f35060347e9f42f4d4edb2fbc8874173cbc53ff639ff74961d316cfcb687081fcb1554f97c8bba4ad051a41b7b54fd0af12822b02689c0cc932be6513b28393b6a52f633a9d66da78e317dc99150bcac92d0f5bc8ef56cd2f9be6339229a4bfbf449d0e1f96272d7236cc0ebd0cf32197ff30b923d806ca7d0e5f8373046,gx-no-cache=1460376830097 HTTP/1.1" 200 29
186.103.159.182 - - [11/Apr/2016:09:13:27 -0300] "POST /cormun/servlet/solicitudot?gx-no-cache=1460376830134 HTTP/1.1" 200 1143
186.103.159.230 - - [11/Apr/2016:09:13:27 -0300] "GET /cormun/servlet/solicitudotadjuntos?INS,2016,1289,,2, HTTP/1.1" 200 5580
186.103.159.230 - - [11/Apr/2016:09:13:28 -0300] "GET /cormun/static/about:blank HTTP/1.1" 404 1011
186.103.159.230 - - [11/Apr/2016:09:13:28 -0300] "GET /cormun/servlet/solicitudotadjuntos?INS,2016,1289,,2, HTTP/1.1" 200 5574
186.103.159.230 - - [11/Apr/2016:09:13:28 -0300] "GET /cormun/servlet/solicitudotadjuntos?900304ffbaa090fc9c787ba2180ed8dc5776b872fc8ff676662286515a928af73eb253d25391ede71f33b9cca8a25019,gx-no-cache=1460376821279 HTTP/1.1" 200 30
186.103.159.230 - - [11/Apr/2016:09:13:28 -0300] "POST /cormun/servlet/solicitudotadjuntos?2f150979ed98894a72e63ae544671911,INS,2016,1289,,2,,gx-no-cache=1460376821308 HTTP/1.1" 200 3638
186.103.159.182 - - [11/Apr/2016:09:13:29 -0300] "GET /cormun/servlet/prsolicitudot?7120399,,,,,MD,,gxPopupLevel%3D0%3B HTTP/1.1" 200 5515
186.103.159.182 - - [11/Apr/2016:09:13:29 -0300] "GET /cormun/static/gxcfg.js?201631022393559 HTTP/1.1" 200 953
186.103.159.182 - - [11/Apr/2016:09:13:29 -0300] "GET /cormun/static/prsolicitudot.js?201631022393730 HTTP/1.1" 200 12855
186.103.159.182 - - [11/Apr/2016:09:13:36 -0300] "GET /cormun/servlet/prpersonalsolicitud?7120399,,,,,MD,,gxPopupLevel%3D0%3B HTTP/1.1" 200 5370
186.103.159.182 - - [11/Apr/2016:09:13:36 -0300] "GET /cormun/static/gxcfg.js?20163117361395 HTTP/1.1" 200 953
186.103.159.182 - - [11/Apr/2016:09:13:36 -0300] "GET /cormun/static/prpersonalsolicitud.js?20163117361535 HTTP/1.1" 200 13873
186.103.159.182 - - [11/Apr/2016:09:13:36 -0300] "GET /cormun/static/Resources/Spanish/PXTools.css?171692 HTTP/1.1" 200 89042
186.103.159.182 - - [11/Apr/2016:09:13:38 -0300] "POST /cormun/servlet/acontrolpreferencessavestate?None,CD-06,true HTTP/1.1" 200 35
186.103.159.182 - - [11/Apr/2016:09:13:43 -0300] "GET /cormun/servlet/prcontratosol?7120399,,,,,MD,,gxPopupLevel%3D0%3B HTTP/1.1" 200 5676
186.103.159.182 - - [11/Apr/2016:09:13:46 -0300] "POST /cormun/servlet/solicitudot?gx-no-cache=1460376849838 HTTP/1.1" 200 1187
186.103.159.182 - - [11/Apr/2016:09:13:46 -0300] "GET /cormun/servlet/solicitudot?2cea777ec9956b54b7518e8f1c2d67ff28050087e0dd999bddeb22ea67c833e9287b363666435fc42febe58d5006d0188947fcf8a7a92fd535f61d8bcd57ae67d89bcdfc2dad61e957a99a679600a46ad9a844461a21aa630fef618c3201c6aa47e605a9a007fd238e161585643da6d7c1b7d0e601b59e03ea886e5673f55157551fc68260143508dfc5925642be0f92,gx-no-cache=1460376849902 HTTP/1.1" 200 38
186.103.159.182 - - [11/Apr/2016:09:13:46 -0300] "POST /cormun/servlet/solicitudot?gx-no-cache=1460376849938 HTTP/1.1" 200 1143
186.103.159.230 - - [11/Apr/2016:09:14:08 -0300] "POST /cormun/servlet/solicitudotadjuntos?gx-no-cache=1460376860763 HTTP/1.1" 200 26
186.103.159.230 - - [11/Apr/2016:09:14:08 -0300] "GET /cormun/servlet/solicitudotadjuntos?900304ffbaa090fc9c787ba2180ed8dc175239c9b218d87d9311c434b628ff30,gx-no-cache=1460376860803 HTTP/1.1" 200 30
186.103.159.230 - - [11/Apr/2016:09:14:08 -0300] "GET /cormun/servlet/solicitudotadjuntos?900304ffbaa090fc9c787ba2180ed8dc175239c9b218d87d9311c434b628ff30,gx-no-cache=1460376860825 HTTP/1.1" 200 30
186.103.159.230 - - [11/Apr/2016:09:14:08 -0300] "POST /cormun/servlet/solicitudotadjuntos?2f150979ed98894a72e63ae544671911,INS,2016,1289,,2,,gx-no-cache=1460376860857 HTTP/1.1" 200 93
186.103.159.230 - - [11/Apr/2016:09:14:08 -0300] "GET /cormun/servlet/hpexe_return? HTTP/1.1" 200 1023
186.103.159.230 - - [11/Apr/2016:09:14:08 -0300] "GET /cormun/servlet/trsolicitudadjuntos?2016,1289, HTTP/1.1" 200 7817
186.103.159.230 - - [11/Apr/2016:09:14:09 -0300] "GET /cormun/servlet/trsolicitudadjuntos?2016,1289, HTTP/1.1" 200 7817
186.103.159.182 - - [11/Apr/2016:09:14:19 -0300] "GET /cormun/servlet/solicitudot?2cea777ec9956b54b7518e8f1c2d67ffb67d83c906b41f2143a1364ddb468f26dc00033f68249eff067b06cc335b90af2e87a39450e40892a2f12b980c0a4d8187ceba332f170ade0d37b930eb24b0845058c0244f0244f16d095743c51c9843f2894bddb1189251bced04386cb8ee704aed465b7ee898ee9f56424da5b40e3259dbe4fa8f159b9e21e1218f2742b084e4d468bc1428bcaef99dde67a5d84d7c668f2e102b22684c10dd1a12dfc9e501,gx-no-cache=1460376882224 HTTP/1.1" 200 30
186.103.159.182 - - [11/Apr/2016:09:14:19 -0300] "POST /cormun/servlet/solicitudot?bdf14f15f7ec6e3905e90a7fd6522f87,INS,0,0,,gx-no-cache=1460376882353 HTTP/1.1" 200 93
186.103.159.182 - - [11/Apr/2016:09:14:19 -0300] "GET /cormun/servlet/hpexe_return? HTTP/1.1" 200 1028
186.103.159.182 - - [11/Apr/2016:09:14:20 -0300] "GET /cormun/servlet/trsolicitudot?gx-no-cache=1460376786454 HTTP/1.1" 200 7678
186.103.159.182 - - [11/Apr/2016:09:14:21 -0300] "GET /cormun/servlet/trsolicitudot?gx-no-cache=1460376786454 HTTP/1.1" 200 7697
186.103.159.230 - - [11/Apr/2016:09:14:32 -0300] "GET /cormun/servlet/solicitudotadjuntos?INS,2016,1289,,1, HTTP/1.1" 200 5580
186.103.159.230 - - [11/Apr/2016:09:14:32 -0300] "GET /cormun/static/about:blank HTTP/1.1" 404 1011
186.103.159.230 - - [11/Apr/2016:09:14:33 -0300] "GET /cormun/servlet/solicitudotadjuntos?INS,2016,1289,,1, HTTP/1.1" 200 5574
186.103.159.230 - - [11/Apr/2016:09:14:33 -0300] "GET /cormun/servlet/solicitudotadjuntos?900304ffbaa090fc9c787ba2180ed8dc5776b872fc8ff676662286515a928af73eb253d25391ede71f33b9cca8a25019,gx-no-cache=1460376885966 HTTP/1.1" 200 30
186.103.159.230 - - [11/Apr/2016:09:14:33 -0300] "POST /cormun/servlet/solicitudotadjuntos?2f150979ed98894a72e63ae544671911,INS,2016,1289,,1,,gx-no-cache=1460376886010 HTTP/1.1" 200 3423
186.103.159.230 - - [11/Apr/2016:09:14:40 -0300] "POST /cormun/servlet/solicitudotadjuntos?gx-no-cache=1460376893030 HTTP/1.1" 200 26
186.103.159.230 - - [11/Apr/2016:09:14:42 -0300] "GET /cormun/servlet/solicitudotadjuntos?900304ffbaa090fc9c787ba2180ed8dc175239c9b218d87d9311c434b628ff30,gx-no-cache=1460376894983 HTTP/1.1" 200 30
186.103.159.230 - - [11/Apr/2016:09:14:42 -0300] "GET /cormun/servlet/solicitudotadjuntos?900304ffbaa090fc9c787ba2180ed8dc175239c9b218d87d9311c434b628ff30,gx-no-cache=1460376895019 HTTP/1.1" 200 30
186.103.159.230 - - [11/Apr/2016:09:14:42 -0300] "POST /cormun/servlet/solicitudotadjuntos?2f150979ed98894a72e63ae544671911,INS,2016,1289,,1,,gx-no-cache=1460376895045 HTTP/1.1" 200 93
186.103.159.230 - - [11/Apr/2016:09:14:42 -0300] "GET /cormun/servlet/hpexe_return? HTTP/1.1" 200 1023
186.103.159.230 - - [11/Apr/2016:09:14:42 -0300] "GET /cormun/servlet/trsolicitudadjuntos?2016,1289, HTTP/1.1" 200 7909
186.103.159.230 - - [11/Apr/2016:09:14:43 -0300] "GET /cormun/servlet/trsolicitudadjuntos?2016,1289, HTTP/1.1" 200 7909
186.103.159.182 - - [11/Apr/2016:09:14:49 -0300] "GET /cormun/servlet/solicitudot?INS,0,0, HTTP/1.1" 200 11622
186.103.159.182 - - [11/Apr/2016:09:14:50 -0300] "GET /cormun/servlet/solicitudot?INS,0,0, HTTP/1.1" 200 11604
186.103.159.182 - - [11/Apr/2016:09:14:58 -0300] "POST /cormun/servlet/solicitudot?gx-no-cache=1460376921345 HTTP/1.1" 200 2778
186.103.159.182 - - [11/Apr/2016:09:14:58 -0300] "POST /cormun/servlet/solicitudot?bdf14f15f7ec6e3905e90a7fd6522f87,INS,0,0,,gx-no-cache=1460376921582 HTTP/1.1" 200 8497
186.103.159.182 - - [11/Apr/2016:09:15:02 -0300] "GET /cormun/servlet/solicitudot?2cea777ec9956b54b7518e8f1c2d67ff3a2e13de96ca64ff13bbe4055555768ae0584d9582bea01c45facc4489a68dad,gx-no-cache=1460376925276 HTTP/1.1" 200 30
186.103.159.182 - - [11/Apr/2016:09:15:02 -0300] "POST /cormun/servlet/solicitudot?gx-no-cache=1460376925351 HTTP/1.1" 200 30
186.103.159.230 - - [11/Apr/2016:09:15:02 -0300] "GET /cormun/servlet/solicitudotadjuntos?INS,2016,1289,,1, HTTP/1.1" 200 5580
186.103.159.230 - - [11/Apr/2016:09:15:03 -0300] "GET /cormun/static/about:blank HTTP/1.1" 404 1011
186.103.159.230 - - [11/Apr/2016:09:15:03 -0300] "GET /cormun/servlet/solicitudotadjuntos?INS,2016,1289,,1, HTTP/1.1" 200 5574
186.103.159.230 - - [11/Apr/2016:09:15:03 -0300] "GET /cormun/servlet/solicitudotadjuntos?900304ffbaa090fc9c787ba2180ed8dc5776b872fc8ff676662286515a928af73eb253d25391ede71f33b9cca8a25019,gx-no-cache=1460376916112 HTTP/1.1" 200 30
186.103.159.230 - - [11/Apr/2016:09:15:03 -0300] "POST /cormun/servlet/solicitudotadjuntos?2f150979ed98894a72e63ae544671911,INS,2016,1289,,1,,gx-no-cache=1460376916145 HTTP/1.1" 200 3423
186.103.159.182 - - [11/Apr/2016:09:15:04 -0300] "POST /cormun/servlet/solicitudot?gx-no-cache=1460376927447 HTTP/1.1" 200 30
186.103.159.182 - - [11/Apr/2016:09:15:06 -0300] "GET /cormun/servlet/prcontratosol?8915356,,,,,MD,,gxPopupLevel%3D0%3B HTTP/1.1" 200 5676
186.103.159.230 - - [11/Apr/2016:09:15:06 -0300] "POST /cormun/servlet/solicitudotadjuntos?gx-no-cache=1460376919315 HTTP/1.1" 200 26
186.103.159.230 - - [11/Apr/2016:09:15:08 -0300] "GET /cormun/servlet/solicitudotadjuntos?900304ffbaa090fc9c787ba2180ed8dc175239c9b218d87d9311c434b628ff30,gx-no-cache=1460376921287 HTTP/1.1" 200 30
186.103.159.230 - - [11/Apr/2016:09:15:08 -0300] "GET /cormun/servlet/solicitudotadjuntos?900304ffbaa090fc9c787ba2180ed8dc175239c9b218d87d9311c434b628ff30,gx-no-cache=1460376921320 HTTP/1.1" 200 30
186.103.159.230 - - [11/Apr/2016:09:15:09 -0300] "POST /cormun/servlet/solicitudotadjuntos?2f150979ed98894a72e63ae544671911,INS,2016,1289,,1,,gx-no-cache=1460376921356 HTTP/1.1" 200 93
186.103.159.230 - - [11/Apr/2016:09:15:09 -0300] "GET /cormun/servlet/hpexe_return? HTTP/1.1" 200 1023
186.103.159.230 - - [11/Apr/2016:09:15:09 -0300] "GET /cormun/servlet/trsolicitudadjuntos?2016,1289, HTTP/1.1" 200 8084
186.103.159.230 - - [11/Apr/2016:09:15:09 -0300] "GET /cormun/servlet/trsolicitudadjuntos?2016,1289, HTTP/1.1" 200 8082
186.103.159.182 - - [11/Apr/2016:09:15:10 -0300] "POST /cormun/servlet/solicitudot?gx-no-cache=1460376933307 HTTP/1.1" 200 1187
186.103.159.182 - - [11/Apr/2016:09:15:10 -0300] "GET /cormun/servlet/solicitudot?2cea777ec9956b54b7518e8f1c2d67ff28050087e0dd999bddeb22ea67c833e9287b363666435fc42febe58d5006d0188947fcf8a7a92fd535f61d8bcd57ae67d89bcdfc2dad61e957a99a679600a46ad9a844461a21aa630fef618c3201c6aa47e605a9a007fd238e161585643da6d7c1b7d0e601b59e03ea886e5673f55157551fc68260143508dfc5925642be0f92,gx-no-cache=1460376933399 HTTP/1.1" 200 38
186.103.159.182 - - [11/Apr/2016:09:15:10 -0300] "GET /cormun/servlet/solicitudot?2cea777ec9956b54b7518e8f1c2d67ffdac903e1080056838ce076284402a8203b86f35060347e9f42f4d4edb2fbc8874173cbc53ff639ff74961d316cfcb687081fcb1554f97c8bba4ad051a41b7b54fd0af12822b02689c0cc932be6513b28393b6a52f633a9d66da78e317dc99150bcac92d0f5bc8ef56cd2f9be6339229a4bfbf449d0e1f96272d7236cc0ebd0cf32197ff30b923d806ca7d0e5f8373046,gx-no-cache=1460376933439 HTTP/1.1" 200 29
186.103.159.182 - - [11/Apr/2016:09:15:10 -0300] "POST /cormun/servlet/solicitudot?gx-no-cache=1460376933470 HTTP/1.1" 200 1143
186.103.159.230 - - [11/Apr/2016:09:15:29 -0300] "GET /cormun/servlet/trautorizarsolicitud? HTTP/1.1" 200 6404
186.103.159.230 - - [11/Apr/2016:09:15:29 -0300] "GET /cormun/static/Resources/Spanish/PXTools.css?19284387 HTTP/1.1" 304 -
186.103.159.230 - - [11/Apr/2016:09:15:29 -0300] "GET /cormun/static/gxcfg.js?201632119361219 HTTP/1.1" 200 953
186.103.159.230 - - [11/Apr/2016:09:15:29 -0300] "GET /cormun/static/trautorizarsolicitud.js?20163211936186 HTTP/1.1" 304 -
186.103.159.230 - - [11/Apr/2016:09:15:29 -0300] "GET /cormun/servlet/trautorizarsolicitud? HTTP/1.1" 200 6392
186.103.159.230 - - [11/Apr/2016:09:15:39 -0300] "POST /cormun/servlet/trautorizarsolicitud?2f150979ed98894a72e63ae544671911,,gx-no-cache=1460376952298 HTTP/1.1" 200 90
186.103.159.230 - - [11/Apr/2016:09:15:40 -0300] "GET /cormun/servlet/hpexe_link HTTP/1.1" 200 971
186.103.159.230 - - [11/Apr/2016:09:15:40 -0300] "GET /cormun/servlet/trsolicitudadjuntos?2016,1289, HTTP/1.1" 200 8081
186.103.159.230 - - [11/Apr/2016:09:15:41 -0300] "GET /cormun/servlet/trsolicitudadjuntos?2016,1289, HTTP/1.1" 200 8082
186.103.159.182 - - [11/Apr/2016:09:15:44 -0300] "GET /cormun/servlet/solicitudot?2cea777ec9956b54b7518e8f1c2d67ff7ceb1ed9735dcd4e2b5d40689e3e1140c63e9e972ebb415a974a778e6bc648f60de0d04b384a26769836bda54b89e1cb8c20f35a1141da14016316a23ba9226fafed5e189050d5935b67c41736a723792f7a997f8e07edb12c94ae884b6b89b36a7d93bd8f821304143b1ec062537e12efa49b4f963b5abb89991b80eed11f42daf0adf65dfbb8daadc5089c7792bc36b5b51e78bcfb9fc3acb30ba03052e3c8,gx-no-cache=1460376967743 HTTP/1.1" 200 30
186.103.159.182 - - [11/Apr/2016:09:15:44 -0300] "POST /cormun/servlet/solicitudot?bdf14f15f7ec6e3905e90a7fd6522f87,INS,0,0,,gx-no-cache=1460376967861 HTTP/1.1" 200 93
186.103.159.182 - - [11/Apr/2016:09:15:45 -0300] "GET /cormun/servlet/hpexe_return? HTTP/1.1" 200 1028
186.103.159.182 - - [11/Apr/2016:09:15:45 -0300] "GET /cormun/servlet/trsolicitudot?gx-no-cache=1460376786454 HTTP/1.1" 200 8009
186.103.159.182 - - [11/Apr/2016:09:15:47 -0300] "GET /cormun/servlet/trsolicitudot?gx-no-cache=1460376786454 HTTP/1.1" 200 8027
186.103.159.230 - - [11/Apr/2016:09:15:48 -0300] "POST /cormun/servlet/trsolicitudadjuntos?2f150979ed98894a72e63ae544671911,2016,1289,,gx-no-cache=1460376960684 HTTP/1.1" 200 90
186.103.159.230 - - [11/Apr/2016:09:15:48 -0300] "GET /cormun/servlet/hpexe_link HTTP/1.1" 200 986
186.103.159.230 - - [11/Apr/2016:09:15:48 -0300] "GET /cormun/servlet/trsolicitudot?gx-no-cache=1460376214586 HTTP/1.1" 200 7762
186.103.159.230 - - [11/Apr/2016:09:15:48 -0300] "GET /cormun/servlet/trsolicitudot?gx-no-cache=1460376214586 HTTP/1.1" 200 7783
186.103.159.230 - - [11/Apr/2016:09:15:56 -0300] "POST /cormun/servlet/trsolicitudot?2f150979ed98894a72e63ae544671911,gx-no-cache=1460376214586,gx-no-cache=1460376968362 HTTP/1.1" 200 5254
186.103.159.182 - - [11/Apr/2016:09:16:01 -0300] "GET /cormun/servlet/solicitudot?INS,0,0, HTTP/1.1" 200 11623
186.103.159.182 - - [11/Apr/2016:09:16:03 -0300] "GET /cormun/servlet/solicitudot?INS,0,0, HTTP/1.1" 200 11605
186.103.159.230 - - [11/Apr/2016:09:16:06 -0300] "GET /cormun/static/Shared/jqueryui/images/ui-bg_highlight-soft_100_eae6ea_1x100.png HTTP/1.1" 404 1117
186.103.159.182 - - [11/Apr/2016:09:16:08 -0300] "POST /cormun/servlet/solicitudot?gx-no-cache=1460376991597 HTTP/1.1" 200 2772
186.103.159.182 - - [11/Apr/2016:09:16:08 -0300] "POST /cormun/servlet/solicitudot?bdf14f15f7ec6e3905e90a7fd6522f87,INS,0,0,,gx-no-cache=1460376991835 HTTP/1.1" 200 8487
186.103.159.230 - - [11/Apr/2016:09:16:09 -0300] "POST /cormun/servlet/trsolicitudot?2f150979ed98894a72e63ae544671911,gx-no-cache=1460376214586,gx-no-cache=1460376981570 HTTP/1.1" 200 106
186.103.159.230 - - [11/Apr/2016:09:16:09 -0300] "GET /cormun/servlet/trsolicitudadjuntos?2016,1289, HTTP/1.1" 200 8100
186.103.159.230 - - [11/Apr/2016:09:16:10 -0300] "GET /cormun/servlet/trsolicitudadjuntos?2016,1289, HTTP/1.1" 200 8083
186.103.159.182 - - [11/Apr/2016:09:16:11 -0300] "GET /cormun/servlet/solicitudot?2cea777ec9956b54b7518e8f1c2d67ffd69f63db236ec7466f02b02868248602422cd6dff65a776a3d4e47193816122f,gx-no-cache=1460376994724 HTTP/1.1" 200 30
186.103.159.182 - - [11/Apr/2016:09:16:11 -0300] "POST /cormun/servlet/solicitudot?gx-no-cache=1460376994807 HTTP/1.1" 200 30
186.103.159.182 - - [11/Apr/2016:09:16:13 -0300] "POST /cormun/servlet/solicitudot?gx-no-cache=1460376996893 HTTP/1.1" 200 30
186.103.159.230 - - [11/Apr/2016:09:16:14 -0300] "POST /cormun/servlet/trsolicitudadjuntos?2f150979ed98894a72e63ae544671911,2016,1289,,gx-no-cache=1460376987003 HTTP/1.1" 200 90
186.103.159.230 - - [11/Apr/2016:09:16:14 -0300] "GET /cormun/servlet/hpexe_link HTTP/1.1" 200 986
186.103.159.230 - - [11/Apr/2016:09:16:14 -0300] "GET /cormun/servlet/trsolicitudot?gx-no-cache=1460376214586 HTTP/1.1" 200 7762
186.103.159.182 - - [11/Apr/2016:09:16:14 -0300] "GET /cormun/servlet/prcontratosol?17139607,,,,,MD,,gxPopupLevel%3D0%3B HTTP/1.1" 200 5678
186.103.159.230 - - [11/Apr/2016:09:16:15 -0300] "GET /cormun/servlet/trsolicitudot?gx-no-cache=1460376214586 HTTP/1.1" 200 7783
186.103.159.230 - - [11/Apr/2016:09:16:18 -0300] "POST /cormun/servlet/trsolicitudot?2f150979ed98894a72e63ae544671911,gx-no-cache=1460376214586,gx-no-cache=1460376990784 HTTP/1.1" 200 5254
186.103.159.182 - - [11/Apr/2016:09:16:18 -0300] "POST /cormun/servlet/solicitudot?gx-no-cache=1460377001728 HTTP/1.1" 200 1187
186.103.159.182 - - [11/Apr/2016:09:16:18 -0300] "GET /cormun/servlet/solicitudot?2cea777ec9956b54b7518e8f1c2d67ff28050087e0dd999bddeb22ea67c833e9287b363666435fc42febe58d5006d0188947fcf8a7a92fd535f61d8bcd57ae67d89bcdfc2dad61e957a99a679600a46ad9a844461a21aa630fef618c3201c6aa47e605a9a007fd238e161585643da6d7c1b7d0e601b59e03ea886e5673f55157551fc68260143508dfc5925642be0f92,gx-no-cache=1460377001813 HTTP/1.1" 200 38
186.103.159.182 - - [11/Apr/2016:09:16:18 -0300] "GET /cormun/servlet/solicitudot?2cea777ec9956b54b7518e8f1c2d67ffdac903e1080056838ce076284402a8203b86f35060347e9f42f4d4edb2fbc8874173cbc53ff639ff74961d316cfcb687081fcb1554f97c8bba4ad051a41b7b54fd0af12822b02689c0cc932be6513b28393b6a52f633a9d66da78e317dc99150bcac92d0f5bc8ef56cd2f9be6339229a4bfbf449d0e1f96272d7236cc0ebd0cf32197ff30b923d806ca7d0e5f8373046,gx-no-cache=1460377001851 HTTP/1.1" 200 29
186.103.159.182 - - [11/Apr/2016:09:16:18 -0300] "POST /cormun/servlet/solicitudot?gx-no-cache=1460377001881 HTTP/1.1" 200 1143
186.103.159.182 - - [11/Apr/2016:09:16:35 -0300] "GET /cormun/servlet/solicitudot?2cea777ec9956b54b7518e8f1c2d67ff472dfb90fffbfb555db6728e6daf0d1e471e8ea9c04d08915cc7ff8251ec060f5818d3084d46ed82781dbf944d1a4d065c60becdc5ef8e3175048e5cb0cc2d9abb9f8e0b1cfa1aca3d27ff6f06671069e4c1a30c72b19f2045367476b68b9c46f2bfe58cd128196e9ffe336caa3afe1eca9dcc9c9d0ea08b5f7103b78ebaf69beb14771e6cd0336969a7097d40f3cccdd87f68654c73341c64b0b990aa07135e,gx-no-cache=1460377018715 HTTP/1.1" 200 30
186.103.159.182 - - [11/Apr/2016:09:16:37 -0300] "POST /cormun/servlet/solicitudot?bdf14f15f7ec6e3905e90a7fd6522f87,INS,0,0,,gx-no-cache=1460377020499 HTTP/1.1" 200 93
186.103.159.182 - - [11/Apr/2016:09:16:37 -0300] "GET /cormun/servlet/hpexe_return? HTTP/1.1" 200 1028
186.103.159.182 - - [11/Apr/2016:09:16:37 -0300] "GET /cormun/servlet/trsolicitudot?gx-no-cache=1460376786454 HTTP/1.1" 200 8311
186.103.159.182 - - [11/Apr/2016:09:16:39 -0300] "GET /cormun/servlet/trsolicitudot?gx-no-cache=1460376786454 HTTP/1.1" 200 8329
186.103.159.230 - - [11/Apr/2016:09:16:41 -0300] "POST /cormun/servlet/trsolicitudot?2f150979ed98894a72e63ae544671911,gx-no-cache=1460376214586,gx-no-cache=1460377013526 HTTP/1.1" 200 106
186.103.159.230 - - [11/Apr/2016:09:16:41 -0300] "GET /cormun/servlet/trsolicitudadjuntos?2016,1289, HTTP/1.1" 200 8101
186.103.159.230 - - [11/Apr/2016:09:16:42 -0300] "GET /cormun/servlet/trsolicitudadjuntos?2016,1289, HTTP/1.1" 200 8082
186.103.159.182 - - [11/Apr/2016:09:16:49 -0300] "GET /cormun/servlet/solicitudot?INS,0,0, HTTP/1.1" 200 11623
186.103.159.182 - - [11/Apr/2016:09:16:51 -0300] "GET /cormun/servlet/solicitudot?INS,0,0, HTTP/1.1" 200 11605
186.103.159.230 - - [11/Apr/2016:09:16:51 -0300] "POST /cormun/servlet/trsolicitudadjuntos?2f150979ed98894a72e63ae544671911,2016,1289,,gx-no-cache=1460377024209 HTTP/1.1" 200 90
186.103.159.230 - - [11/Apr/2016:09:16:51 -0300] "GET /cormun/servlet/hpexe_link HTTP/1.1" 200 986
186.103.159.230 - - [11/Apr/2016:09:16:52 -0300] "GET /cormun/servlet/trsolicitudot?gx-no-cache=1460376214586 HTTP/1.1" 200 7762
186.103.159.230 - - [11/Apr/2016:09:16:52 -0300] "GET /cormun/servlet/trsolicitudot?gx-no-cache=1460376214586 HTTP/1.1" 200 7783
186.103.159.230 - - [11/Apr/2016:09:16:59 -0300] "POST /cormun/servlet/trsolicitudot?2f150979ed98894a72e63ae544671911,gx-no-cache=1460376214586,gx-no-cache=1460377031459 HTTP/1.1" 200 5254
186.103.159.182 - - [11/Apr/2016:09:17:03 -0300] "POST /cormun/servlet/solicitudot?gx-no-cache=1460377046771 HTTP/1.1" 200 2751
186.103.159.182 - - [11/Apr/2016:09:17:03 -0300] "POST /cormun/servlet/solicitudot?bdf14f15f7ec6e3905e90a7fd6522f87,INS,0,0,,gx-no-cache=1460377047002 HTTP/1.1" 200 8463
186.103.159.182 - - [11/Apr/2016:09:17:09 -0300] "GET /cormun/servlet/solicitudot?2cea777ec9956b54b7518e8f1c2d67ff61667391b4af1bc618c76206a83b84dd422cd6dff65a776a3d4e47193816122f,gx-no-cache=1460377052283 HTTP/1.1" 200 30
186.103.159.182 - - [11/Apr/2016:09:17:09 -0300] "POST /cormun/servlet/solicitudot?gx-no-cache=1460377052362 HTTP/1.1" 200 30
186.103.159.182 - - [11/Apr/2016:09:17:10 -0300] "POST /cormun/servlet/solicitudot?gx-no-cache=1460377053833 HTTP/1.1" 200 30
186.103.159.182 - - [11/Apr/2016:09:17:12 -0300] "GET /cormun/servlet/prcontratosol?16253381,,,,,MD,,gxPopupLevel%3D0%3B HTTP/1.1" 200 5676
186.103.159.230 - - [11/Apr/2016:09:17:30 -0300] "POST /cormun/servlet/trsolicitudot?2f150979ed98894a72e63ae544671911,gx-no-cache=1460376214586,gx-no-cache=1460377062809 HTTP/1.1" 200 106
186.103.159.230 - - [11/Apr/2016:09:17:30 -0300] "GET /cormun/servlet/trsolicitudadjuntos?2016,1289, HTTP/1.1" 200 8100
186.103.159.230 - - [11/Apr/2016:09:17:31 -0300] "GET /cormun/servlet/trsolicitudadjuntos?2016,1289, HTTP/1.1" 200 8082
186.103.159.230 - - [11/Apr/2016:09:17:34 -0300] "GET /cormun/servlet/solicitudotadjuntos?INS,2016,1289,,1, HTTP/1.1" 200 5581
186.103.159.182 - - [11/Apr/2016:09:17:34 -0300] "POST /cormun/servlet/solicitudot?gx-no-cache=1460377077465 HTTP/1.1" 200 1187
186.103.159.182 - - [11/Apr/2016:09:17:34 -0300] "GET /cormun/servlet/solicitudot?2cea777ec9956b54b7518e8f1c2d67ff28050087e0dd999bddeb22ea67c833e9287b363666435fc42febe58d5006d0188947fcf8a7a92fd535f61d8bcd57ae67d89bcdfc2dad61e957a99a679600a46ad9a844461a21aa630fef618c3201c6aa47e605a9a007fd238e161585643da6d7c1b7d0e601b59e03ea886e5673f55157551fc68260143508dfc5925642be0f92,gx-no-cache=1460377077895 HTTP/1.1" 200 38
186.103.159.182 - - [11/Apr/2016:09:17:34 -0300] "GET /cormun/servlet/solicitudot?2cea777ec9956b54b7518e8f1c2d67ffdac903e1080056838ce076284402a8203b86f35060347e9f42f4d4edb2fbc8874173cbc53ff639ff74961d316cfcb687081fcb1554f97c8bba4ad051a41b7b54fd0af12822b02689c0cc932be6513b28393b6a52f633a9d66da78e317dc99150bcac92d0f5bc8ef56cd2f9be6339229a4bfbf449d0e1f96272d7236cc0ebd0cf32197ff30b923d806ca7d0e5f8373046,gx-no-cache=1460377077932 HTTP/1.1" 200 29
186.103.159.182 - - [11/Apr/2016:09:17:34 -0300] "POST /cormun/servlet/solicitudot?gx-no-cache=1460377077965 HTTP/1.1" 200 1143
186.103.159.230 - - [11/Apr/2016:09:17:34 -0300] "GET /cormun/static/about:blank HTTP/1.1" 404 1011
186.103.159.230 - - [11/Apr/2016:09:17:34 -0300] "GET /cormun/servlet/solicitudotadjuntos?INS,2016,1289,,1, HTTP/1.1" 200 5575
186.103.159.230 - - [11/Apr/2016:09:17:35 -0300] "GET /cormun/servlet/solicitudotadjuntos?900304ffbaa090fc9c787ba2180ed8dc5776b872fc8ff676662286515a928af73eb253d25391ede71f33b9cca8a25019,gx-no-cache=1460377067834 HTTP/1.1" 200 30
186.103.159.230 - - [11/Apr/2016:09:17:35 -0300] "POST /cormun/servlet/solicitudotadjuntos?2f150979ed98894a72e63ae544671911,INS,2016,1289,,1,,gx-no-cache=1460377067874 HTTP/1.1" 200 3423
186.103.159.230 - - [11/Apr/2016:09:17:52 -0300] "POST /cormun/servlet/solicitudotadjuntos?gx-no-cache=1460377084925 HTTP/1.1" 200 26
186.103.159.182 - - [11/Apr/2016:09:17:53 -0300] "GET /cormun/servlet/solicitudot?2cea777ec9956b54b7518e8f1c2d67ff010aa11b471a9fb46d5d524e8f0f51c29e66fcd5a0af2bf8f6bf932c95e4fa5a5818d3084d46ed82781dbf944d1a4d065c60becdc5ef8e3175048e5cb0cc2d9abb9f8e0b1cfa1aca3d27ff6f06671069e4c1a30c72b19f2045367476b68b9c46f2bfe58cd128196e9ffe336caa3afe1eca9dcc9c9d0ea08b5f7103b78ebaf69beb14771e6cd0336969a7097d40f3cccdd87f68654c73341c64b0b990aa07135e,gx-no-cache=1460377096657 HTTP/1.1" 200 30
186.103.159.182 - - [11/Apr/2016:09:17:53 -0300] "POST /cormun/servlet/solicitudot?bdf14f15f7ec6e3905e90a7fd6522f87,INS,0,0,,gx-no-cache=1460377096707 HTTP/1.1" 200 93
186.103.159.182 - - [11/Apr/2016:09:17:53 -0300] "GET /cormun/servlet/hpexe_return? HTTP/1.1" 200 1028
186.103.159.182 - - [11/Apr/2016:09:17:54 -0300] "GET /cormun/servlet/trsolicitudot?gx-no-cache=1460376786454 HTTP/1.1" 200 8589
186.103.159.230 - - [11/Apr/2016:09:17:54 -0300] "GET /cormun/servlet/solicitudotadjuntos?900304ffbaa090fc9c787ba2180ed8dc175239c9b218d87d9311c434b628ff30,gx-no-cache=1460377086566 HTTP/1.1" 200 30
186.103.159.230 - - [11/Apr/2016:09:17:54 -0300] "GET /cormun/servlet/solicitudotadjuntos?900304ffbaa090fc9c787ba2180ed8dc175239c9b218d87d9311c434b628ff30,gx-no-cache=1460377086595 HTTP/1.1" 200 30
186.103.159.230 - - [11/Apr/2016:09:17:54 -0300] "POST /cormun/servlet/solicitudotadjuntos?2f150979ed98894a72e63ae544671911,INS,2016,1289,,1,,gx-no-cache=1460377086620 HTTP/1.1" 200 93
186.103.159.230 - - [11/Apr/2016:09:17:54 -0300] "GET /cormun/servlet/hpexe_return? HTTP/1.1" 200 1023
186.103.159.230 - - [11/Apr/2016:09:17:54 -0300] "GET /cormun/servlet/trsolicitudadjuntos?2016,1289, HTTP/1.1" 200 8299
186.103.159.230 - - [11/Apr/2016:09:17:54 -0300] "GET /cormun/servlet/trsolicitudadjuntos?2016,1289, HTTP/1.1" 200 8298
186.103.159.182 - - [11/Apr/2016:09:17:55 -0300] "GET /cormun/servlet/trsolicitudot?gx-no-cache=1460376786454 HTTP/1.1" 200 8606
186.103.159.182 - - [11/Apr/2016:09:18:09 -0300] "GET /cormun/servlet/solicitudot?INS,0,0, HTTP/1.1" 200 11623
186.103.159.182 - - [11/Apr/2016:09:18:11 -0300] "GET /cormun/servlet/solicitudot?INS,0,0, HTTP/1.1" 200 11605
186.103.159.182 - - [11/Apr/2016:09:18:19 -0300] "POST /cormun/servlet/solicitudot?gx-no-cache=1460377122393 HTTP/1.1" 200 2776
186.103.159.182 - - [11/Apr/2016:09:18:19 -0300] "POST /cormun/servlet/solicitudot?bdf14f15f7ec6e3905e90a7fd6522f87,INS,0,0,,gx-no-cache=1460377122691 HTTP/1.1" 200 8487
186.103.159.182 - - [11/Apr/2016:09:18:23 -0300] "GET /cormun/servlet/solicitudot?2cea777ec9956b54b7518e8f1c2d67ff3cc8c6324277f680611b781af6105ffb422cd6dff65a776a3d4e47193816122f,gx-no-cache=1460377126355 HTTP/1.1" 200 30
186.103.159.182 - - [11/Apr/2016:09:18:23 -0300] "POST /cormun/servlet/solicitudot?gx-no-cache=1460377126450 HTTP/1.1" 200 30
186.103.159.182 - - [11/Apr/2016:09:18:23 -0300] "POST /cormun/servlet/solicitudot?gx-no-cache=1460377126488 HTTP/1.1" 200 33
186.103.159.182 - - [11/Apr/2016:09:18:23 -0300] "POST /cormun/servlet/solicitudot?gx-no-cache=1460377126534 HTTP/1.1" 200 1187
186.103.159.182 - - [11/Apr/2016:09:18:23 -0300] "GET /cormun/servlet/solicitudot?2cea777ec9956b54b7518e8f1c2d67ff28050087e0dd999bddeb22ea67c833e9287b363666435fc42febe58d5006d0188947fcf8a7a92fd535f61d8bcd57ae67d89bcdfc2dad61e957a99a679600a46ad9a844461a21aa630fef618c3201c6aa47e605a9a007fd238e161585643da6d7c1b7d0e601b59e03ea886e5673f55157551fc68260143508dfc5925642be0f92,gx-no-cache=1460377126619 HTTP/1.1" 200 38
186.103.159.182 - - [11/Apr/2016:09:18:28 -0300] "POST /cormun/servlet/solicitudot?gx-no-cache=1460377132023 HTTP/1.1" 200 30
186.103.159.182 - - [11/Apr/2016:09:18:30 -0300] "GET /cormun/servlet/prcontratosol?14202165,,,,,MD,,gxPopupLevel%3D0%3B HTTP/1.1" 200 5676
186.103.159.182 - - [11/Apr/2016:09:18:35 -0300] "POST /cormun/servlet/solicitudot?gx-no-cache=1460377138626 HTTP/1.1" 200 1187
186.103.159.182 - - [11/Apr/2016:09:18:35 -0300] "GET /cormun/servlet/solicitudot?2cea777ec9956b54b7518e8f1c2d67ff28050087e0dd999bddeb22ea67c833e9287b363666435fc42febe58d5006d0188947fcf8a7a92fd535f61d8bcd57ae67d89bcdfc2dad61e957a99a679600a46ad9a844461a21aa630fef618c3201c6aa47e605a9a007fd238e161585643da6d7c1b7d0e601b59e03ea886e5673f55157551fc68260143508dfc5925642be0f92,gx-no-cache=1460377138739 HTTP/1.1" 200 38
186.103.159.182 - - [11/Apr/2016:09:18:35 -0300] "GET /cormun/servlet/solicitudot?2cea777ec9956b54b7518e8f1c2d67ffdac903e1080056838ce076284402a8203b86f35060347e9f42f4d4edb2fbc8874173cbc53ff639ff74961d316cfcb687081fcb1554f97c8bba4ad051a41b7b54fd0af12822b02689c0cc932be6513b28393b6a52f633a9d66da78e317dc99150bcac92d0f5bc8ef56cd2f9be6339229a4bfbf449d0e1f96272d7236cc0ebd0cf32197ff30b923d806ca7d0e5f8373046,gx-no-cache=1460377138782 HTTP/1.1" 200 29
186.103.159.182 - - [11/Apr/2016:09:18:35 -0300] "POST /cormun/servlet/solicitudot?gx-no-cache=1460377138813 HTTP/1.1" 200 1143
186.103.159.182 - - [11/Apr/2016:09:18:53 -0300] "GET /cormun/servlet/solicitudot?2cea777ec9956b54b7518e8f1c2d67fff5cebb40a9550c0e981be37aaa392005b78858023fc655e1dfd01b3a82d5e1745818d3084d46ed82781dbf944d1a4d065c60becdc5ef8e3175048e5cb0cc2d9abb9f8e0b1cfa1aca3d27ff6f06671069e4c1a30c72b19f2045367476b68b9c46f2bfe58cd128196e9ffe336caa3afe1eca9dcc9c9d0ea08b5f7103b78ebaf69beb14771e6cd0336969a7097d40f3cccdd87f68654c73341c64b0b990aa07135e,gx-no-cache=1460377156395 HTTP/1.1" 200 30
186.103.159.182 - - [11/Apr/2016:09:18:53 -0300] "POST /cormun/servlet/solicitudot?bdf14f15f7ec6e3905e90a7fd6522f87,INS,0,0,,gx-no-cache=1460377156447 HTTP/1.1" 200 93
186.103.159.182 - - [11/Apr/2016:09:18:53 -0300] "GET /cormun/servlet/hpexe_return? HTTP/1.1" 200 1028
186.103.159.182 - - [11/Apr/2016:09:18:53 -0300] "GET /cormun/servlet/trsolicitudot?gx-no-cache=1460376786454 HTTP/1.1" 200 8869
186.103.159.182 - - [11/Apr/2016:09:18:55 -0300] "GET /cormun/servlet/trsolicitudot?gx-no-cache=1460376786454 HTTP/1.1" 200 8886
186.103.159.182 - - [11/Apr/2016:09:19:11 -0300] "GET /cormun/servlet/solicitudot?INS,0,0, HTTP/1.1" 200 11623
