186.103.159.183 - - [11/Apr/2016:15:31:17 -0300] "GET /cormun/static/Shared/ext/resources/themes/images/default/panel/bg-headersPanel.png HTTP/1.1" 200 255
186.103.159.183 - - [11/Apr/2016:15:31:17 -0300] "GET /cormun/static/Shared/ext/resources/themes/images/default/tools/tool-sprites.gif HTTP/1.1" 200 5434
186.103.159.183 - - [11/Apr/2016:15:31:17 -0300] "GET /cormun/servlet/trsolicitudot? HTTP/1.1" 200 6458
186.103.159.189 - - [11/Apr/2016:15:31:20 -0300] "POST /cormun/servlet/trsolicitudot?7d67820135d8efc811c532d0e9343864,gx-no-cache=1460399488742 HTTP/1.1" 200 3673
186.103.159.189 - - [11/Apr/2016:15:31:23 -0300] "POST /cormun/servlet/trsolicitudot?7d67820135d8efc811c532d0e9343864,gx-no-cache=1460399492538 HTTP/1.1" 200 3674
186.103.159.189 - - [11/Apr/2016:15:31:25 -0300] "POST /cormun/servlet/trsolicitudot?7d67820135d8efc811c532d0e9343864,gx-no-cache=1460399494157 HTTP/1.1" 200 3674
186.103.159.189 - - [11/Apr/2016:15:31:29 -0300] "GET /cormun/servlet/solicitudot?INS,0,0, HTTP/1.1" 200 11629
186.103.159.189 - - [11/Apr/2016:15:31:32 -0300] "GET /cormun/servlet/solicitudot?INS,0,0, HTTP/1.1" 200 11634
186.103.159.189 - - [11/Apr/2016:15:31:41 -0300] "POST /cormun/servlet/solicitudot?gx-no-cache=1460399510613 HTTP/1.1" 200 2778
186.103.159.189 - - [11/Apr/2016:15:31:42 -0300] "POST /cormun/servlet/solicitudot?7d67820135d8efc811c532d0e9343864,INS,0,0,,gx-no-cache=1460399511183 HTTP/1.1" 200 8470
186.103.159.189 - - [11/Apr/2016:15:31:48 -0300] "GET /cormun/servlet/solicitudot?b213b0f9a6d2667bf487967aa9c050d0fac29b4495c28fc5d4f721e691eeaa06a5cb5e456797c01f226d4bd9ad195507,gx-no-cache=1460399517772 HTTP/1.1" 200 30
186.103.159.189 - - [11/Apr/2016:15:31:48 -0300] "POST /cormun/servlet/solicitudot?gx-no-cache=1460399517916 HTTP/1.1" 200 30
186.103.159.189 - - [11/Apr/2016:15:31:49 -0300] "POST /cormun/servlet/solicitudot?gx-no-cache=1460399518051 HTTP/1.1" 200 33
186.103.159.189 - - [11/Apr/2016:15:31:49 -0300] "POST /cormun/servlet/solicitudot?gx-no-cache=1460399518244 HTTP/1.1" 200 1187
186.103.159.189 - - [11/Apr/2016:15:31:49 -0300] "GET /cormun/servlet/solicitudot?b213b0f9a6d2667bf487967aa9c050d0fd47e1b1f6b5942c4c4cc7d1a1b49aa511512be55940aceb9705f3775467879d73d2540144703d3521ec977d9419314b663a21ad09bd1bc05a0a5f80f760653fa18c6e9614cf9ac9b3853e4c914d872d43ff7e4fe5325b542afca9e67030ff931f161bade55d3c99de73dca978fc0bc04c58f2f286f3ec8c1cf7bacdee6a8a22,gx-no-cache=1460399518444 HTTP/1.1" 200 38
186.103.159.189 - - [11/Apr/2016:15:32:00 -0300] "POST /cormun/servlet/solicitudot?gx-no-cache=1460399529554 HTTP/1.1" 200 30
186.103.159.189 - - [11/Apr/2016:15:32:06 -0300] "POST /cormun/servlet/solicitudot?gx-no-cache=1460399535616 HTTP/1.1" 200 1187
186.103.159.189 - - [11/Apr/2016:15:32:07 -0300] "GET /cormun/servlet/solicitudot?b213b0f9a6d2667bf487967aa9c050d0fd47e1b1f6b5942c4c4cc7d1a1b49aa511512be55940aceb9705f3775467879d73d2540144703d3521ec977d9419314b663a21ad09bd1bc05a0a5f80f760653fa18c6e9614cf9ac9b3853e4c914d872d43ff7e4fe5325b542afca9e67030ff931f161bade55d3c99de73dca978fc0bc04c58f2f286f3ec8c1cf7bacdee6a8a22,gx-no-cache=1460399536213 HTTP/1.1" 200 38
186.103.159.189 - - [11/Apr/2016:15:32:07 -0300] "GET /cormun/servlet/solicitudot?b213b0f9a6d2667bf487967aa9c050d08988bcad8ecdb54af0d8a3597275103fa0d79ff2fd47c17f0860e646904a0fbd57740fe0b7be404acb8bf0ff81d37a7f7b7c378b36984984e2c5450982d1a546db2a9e05b689c6c66b9f527a1c2b1292ee23453e952aa1643de3ed934f4d6fa2ed7a019525501db33ae9e2c678c3c9b0339fec608f9508941d358580e70eb48aa88dbdd98d0596fcae5fee366a0d8d4f,gx-no-cache=1460399536391 HTTP/1.1" 200 29
186.103.159.189 - - [11/Apr/2016:15:32:07 -0300] "POST /cormun/servlet/solicitudot?gx-no-cache=1460399536813 HTTP/1.1" 200 1143
186.103.159.189 - - [11/Apr/2016:15:32:08 -0300] "GET /cormun/static/menuarrow.gif HTTP/1.1" 404 1015
186.103.159.189 - - [11/Apr/2016:15:32:30 -0300] "GET /cormun/servlet/solicitudot?b213b0f9a6d2667bf487967aa9c050d0005385423d1d90b1ba3356761fee41b3521190459299df69e5aea31b2751fbe498a8c07d0ebc7b2b7a2322f43b30a213592ceb402803a85c964330e089b510361faadafd278a82e1f524d0289e5d493d4247fec5293c423d878e03d7dcf547d9013e82c2eb6ba8379ccdc1c61ddeae4722a1dbff97adf74af9bcec162c8286d3abeaa876ee9feb1b6e154fc9e2370a2c61998731d5fdffc249df70b2234f5051,gx-no-cache=1460399559455 HTTP/1.1" 200 30
186.103.159.183 - - [11/Apr/2016:15:32:37 -0300] "GET /cormun/servlet/solicitudot?INS,0,0, HTTP/1.1" 200 11655
186.103.159.183 - - [11/Apr/2016:15:32:37 -0300] "GET /cormun/static/calendar-system.css?75620 HTTP/1.1" 200 5572
186.103.159.183 - - [11/Apr/2016:15:32:37 -0300] "GET /cormun/static/gxcfg.js?201631710541238 HTTP/1.1" 200 953
186.103.159.183 - - [11/Apr/2016:15:32:37 -0300] "GET /cormun/static/solicitudot.js?201631710541292 HTTP/1.1" 200 45515
186.103.159.183 - - [11/Apr/2016:15:32:37 -0300] "GET /cormun/static/Resources/Spanish/PXTools.css?22445990 HTTP/1.1" 200 89042
186.103.159.183 - - [11/Apr/2016:15:32:37 -0300] "GET /cormun/static/Resources/prompt.gif HTTP/1.1" 200 902
186.103.159.183 - - [11/Apr/2016:15:32:39 -0300] "GET /cormun/servlet/solicitudot?INS,0,0, HTTP/1.1" 200 11660
186.103.159.183 - - [11/Apr/2016:15:32:48 -0300] "POST /cormun/servlet/solicitudot?gx-no-cache=1460403249001 HTTP/1.1" 200 2778
186.103.159.183 - - [11/Apr/2016:15:32:49 -0300] "POST /cormun/servlet/solicitudot?f29a7f53026b4bd78d80c1a1595234e3,INS,0,0,,gx-no-cache=1460403249317 HTTP/1.1" 200 8461
186.103.159.189 - - [11/Apr/2016:15:32:52 -0300] "POST /cormun/servlet/solicitudot?7d67820135d8efc811c532d0e9343864,INS,0,0,,gx-no-cache=1460399580559 HTTP/1.1" 200 93
186.103.159.189 - - [11/Apr/2016:15:32:52 -0300] "GET /cormun/servlet/hpexe_return? HTTP/1.1" 200 1029
186.103.159.189 - - [11/Apr/2016:15:32:53 -0300] "GET /cormun/servlet/trsolicitudot?gx-no-cache=1460399494157 HTTP/1.1" 200 6433
186.103.159.183 - - [11/Apr/2016:15:32:54 -0300] "GET /cormun/servlet/solicitudot?942a4ea0bd224fb61c13d6034c774241229158b9fdcac6b08224c1d7e2c7f33c5b977828f5395699d2115e1ff54b97c9,gx-no-cache=1460403255323 HTTP/1.1" 200 30
186.103.159.183 - - [11/Apr/2016:15:32:55 -0300] "POST /cormun/servlet/solicitudot?gx-no-cache=1460403255437 HTTP/1.1" 200 30
186.103.159.183 - - [11/Apr/2016:15:32:55 -0300] "POST /cormun/servlet/solicitudot?gx-no-cache=1460403255488 HTTP/1.1" 200 33
186.103.159.183 - - [11/Apr/2016:15:32:55 -0300] "POST /cormun/servlet/solicitudot?gx-no-cache=1460403255622 HTTP/1.1" 200 1187
186.103.159.189 - - [11/Apr/2016:15:32:55 -0300] "GET /cormun/servlet/trsolicitudot?gx-no-cache=1460399494157 HTTP/1.1" 200 6451
186.103.159.183 - - [11/Apr/2016:15:32:55 -0300] "GET /cormun/servlet/solicitudot?942a4ea0bd224fb61c13d6034c7742417aa9cdd47e76fa28d4c1d4ab245b80167d0c6220fa6c836a41dd9ec3171152033cdd165fd63ed421922ca83964cd4609dda55db41d5fe574480849aaaa85913de21e9dd25f799b0565c6872836ae4181ea584b67c60e8de67f02855f783a525687e3d1a18f6a026c34132f0a8f27938fecd9bfcd25e06763bf32938876c240d1,gx-no-cache=1460403255824 HTTP/1.1" 200 38
186.103.159.183 - - [11/Apr/2016:15:32:55 -0300] "GET /cormun/servlet/solicitudot?942a4ea0bd224fb61c13d6034c774241b854572ae0ca9e0d02ca77cb4f379f12b500085aa826dd5f66dc2c9420cbc8784fbf7b906df69f54c37dde622b8039b5764dd221b6b69fb18471dd54205667f7f8b140d8988c4e260ae92e05fd231297b477673dd6876cf605f7dc6f37a74938,gx-no-cache=1460403255952 HTTP/1.1" 200 29
186.103.159.183 - - [11/Apr/2016:15:32:59 -0300] "POST /cormun/servlet/solicitudot?gx-no-cache=1460403259363 HTTP/1.1" 200 1144
186.103.159.189 - - [11/Apr/2016:15:33:02 -0300] "POST /cormun/servlet/trsolicitudot?7d67820135d8efc811c532d0e9343864,gx-no-cache=1460399494157,gx-no-cache=1460399591719 HTTP/1.1" 200 3674
186.103.159.189 - - [11/Apr/2016:15:33:15 -0300] "POST /cormun/servlet/trsolicitudot?7d67820135d8efc811c532d0e9343864,gx-no-cache=1460399494157,gx-no-cache=1460399604717 HTTP/1.1" 200 3677
186.103.159.189 - - [11/Apr/2016:15:33:22 -0300] "GET /cormun/servlet/solicitudot?INS,0,0, HTTP/1.1" 200 11651
186.103.159.189 - - [11/Apr/2016:15:33:24 -0300] "GET /cormun/servlet/solicitudot?INS,0,0, HTTP/1.1" 200 11633
186.103.159.189 - - [11/Apr/2016:15:33:29 -0300] "GET /cormun/servlet/trvisualizadoreventos? HTTP/1.1" 200 6247
186.103.159.189 - - [11/Apr/2016:15:33:29 -0300] "GET /cormun/static/gxcfg.js?201631021481342 HTTP/1.1" 304 -
186.103.159.189 - - [11/Apr/2016:15:33:29 -0300] "GET /cormun/static/trvisualizadoreventos.js?201631021481717 HTTP/1.1" 304 -
186.103.159.189 - - [11/Apr/2016:15:33:31 -0300] "GET /cormun/servlet/trvisualizadoreventos? HTTP/1.1" 200 6242
186.103.159.189 - - [11/Apr/2016:15:33:38 -0300] "POST /cormun/servlet/trvisualizadoreventos?7d67820135d8efc811c532d0e9343864,,gx-no-cache=1460399627056 HTTP/1.1" 200 3507
186.103.159.183 - - [11/Apr/2016:15:33:42 -0300] "GET /cormun/static/menuarrow.gif HTTP/1.1" 404 1015
186.103.159.183 - - [11/Apr/2016:15:33:54 -0300] "GET /cormun/servlet/solicitudot?942a4ea0bd224fb61c13d6034c77424112c821f9e0056e3aeea1f24865fa665ee8a72fe307604f8ed93ecd8017f89b072b4a4e6fed8d05dbf3b06595ba705390f505d5887b57be54905483d67c854a0de35fad20a96514135c75d7b657b6652b5e2f3429092ddfc8dc212a8cc8826c56ab293faa03c7ff1ce75d1e8210fa8269dbd38aba6ab42ad7b9df1c6d91c19d36dafdc9f4954381a1a3662a6cc95d8638bdc72cb0fd0539a2e9adc1d918f2d06b,gx-no-cache=1460403315252 HTTP/1.1" 200 30
186.103.159.189 - - [11/Apr/2016:15:34:05 -0300] "POST /cormun/servlet/trvisualizadoreventos?7d67820135d8efc811c532d0e9343864,,gx-no-cache=1460399654183 HTTP/1.1" 200 3837
186.103.159.183 - - [11/Apr/2016:15:34:19 -0300] "GET /cormun/servlet/solicitudot?942a4ea0bd224fb61c13d6034c77424112c821f9e0056e3aeea1f24865fa665ee8a72fe307604f8ed93ecd8017f89b072b4a4e6fed8d05dbf3b06595ba705390f505d5887b57be54905483d67c854a0de35fad20a96514135c75d7b657b6652b5e2f3429092ddfc8dc212a8cc8826c56ab293faa03c7ff1ce75d1e8210fa8269dbd38aba6ab42ad7b9df1c6d91c19d36dafdc9f4954381a1a3662a6cc95d8638bdc72cb0fd0539a2e9adc1d918f2d06b,gx-no-cache=1460403339772 HTTP/1.1" 200 30
186.103.159.189 - - [11/Apr/2016:15:34:19 -0300] "POST /cormun/servlet/trvisualizadoreventos?7d67820135d8efc811c532d0e9343864,,gx-no-cache=1460399667993 HTTP/1.1" 200 3837
186.103.159.189 - - [11/Apr/2016:15:34:30 -0300] "POST /cormun/servlet/trvisualizadoreventos?7d67820135d8efc811c532d0e9343864,,gx-no-cache=1460399679486 HTTP/1.1" 200 3509
186.103.159.189 - - [11/Apr/2016:15:34:32 -0300] "POST /cormun/servlet/trvisualizadoreventos?7d67820135d8efc811c532d0e9343864,,gx-no-cache=1460399681750 HTTP/1.1" 200 3509
186.103.159.189 - - [11/Apr/2016:15:34:35 -0300] "POST /cormun/servlet/trvisualizadoreventos?7d67820135d8efc811c532d0e9343864,,gx-no-cache=1460399684029 HTTP/1.1" 200 3874
186.103.159.183 - - [11/Apr/2016:15:36:07 -0300] "POST /cormun/servlet/solicitudot?gx-no-cache=1460403448096 HTTP/1.1" 200 30
186.103.159.183 - - [11/Apr/2016:15:36:13 -0300] "POST /cormun/servlet/solicitudot?gx-no-cache=1460403451869 HTTP/1.1" 200 1187
186.103.159.183 - - [11/Apr/2016:15:36:14 -0300] "GET /cormun/servlet/solicitudot?942a4ea0bd224fb61c13d6034c7742417aa9cdd47e76fa28d4c1d4ab245b80167d0c6220fa6c836a41dd9ec3171152033cdd165fd63ed421922ca83964cd4609dda55db41d5fe574480849aaaa85913de21e9dd25f799b0565c6872836ae4181ea584b67c60e8de67f02855f783a525687e3d1a18f6a026c34132f0a8f27938fe3e2587543a3f016a46836ddfea8d0a3d0119069ae4e0362f30ed1f6ab3a8897,gx-no-cache=1460403454462 HTTP/1.1" 200 41
186.103.159.183 - - [11/Apr/2016:15:38:23 -0300] "POST /cormun/servlet/solicitudot?gx-no-cache=1460403584853 HTTP/1.1" 200 1144
186.103.159.183 - - [11/Apr/2016:15:38:23 -0300] "GET /cormun/servlet/solicitudot?942a4ea0bd224fb61c13d6034c77424112c821f9e0056e3aeea1f24865fa665ee8a72fe307604f8ed93ecd8017f89b072b4a4e6fed8d05dbf3b06595ba705390f505d5887b57be54905483d67c854a0de35fad20a96514135c75d7b657b6652b5e2f3429092ddfc8dc212a8cc8826c56ab293faa03c7ff1ce75d1e8210fa8269dbd38aba6ab42ad7b9df1c6d91c19d36dafdc9f4954381a1a3662a6cc95d8638bdc72cb0fd0539a2e9adc1d918f2d06b,gx-no-cache=1460403585056 HTTP/1.1" 200 30
186.103.159.183 - - [11/Apr/2016:15:38:23 -0300] "POST /cormun/servlet/solicitudot?f29a7f53026b4bd78d80c1a1595234e3,INS,0,0,,gx-no-cache=1460403585141 HTTP/1.1" 200 9423
186.103.159.183 - - [11/Apr/2016:15:38:23 -0300] "GET /cormun/static/Shared/jqueryui/images/ui-bg_highlight-soft_100_c6c2c8_1x100.png HTTP/1.1" 404 1117
186.103.159.183 - - [11/Apr/2016:15:38:23 -0300] "GET /cormun/static/Shared/jqueryui/images/ui-icons_82798d_256x240.png HTTP/1.1" 404 1089
186.103.159.183 - - [11/Apr/2016:15:38:23 -0300] "GET /cormun/static/Shared/jqueryui/images/ui-bg_flat_55_994d53_40x100.png HTTP/1.1" 404 1097
186.103.159.183 - - [11/Apr/2016:15:38:23 -0300] "GET /cormun/static/Shared/jqueryui/images/ui-icons_ebccce_256x240.png HTTP/1.1" 404 1089
186.103.159.183 - - [11/Apr/2016:15:38:39 -0300] "GET /cormun/servlet/solicitudot?942a4ea0bd224fb61c13d6034c77424112c821f9e0056e3aeea1f24865fa665ee8a72fe307604f8ed93ecd8017f89b072b4a4e6fed8d05dbf3b06595ba705390f505d5887b57be54905483d67c854a0de35fad20a96514135c75d7b657b6652b5e2f3429092ddfc8dc212a8cc8826c56ab293faa03c7ff1ce75d1e8210fa8269dbd38aba6ab42ad7b9df1c6d91c19d36dafdc9f4954381a1a3662a6cc95d8638bdc72cb0fd0539a2e9adc1d918f2d06b,gx-no-cache=1460403601774 HTTP/1.1" 200 30
186.103.159.183 - - [11/Apr/2016:15:38:39 -0300] "POST /cormun/servlet/solicitudot?f29a7f53026b4bd78d80c1a1595234e3,INS,0,0,,gx-no-cache=1460403601846 HTTP/1.1" 200 9472
186.103.159.189 - - [11/Apr/2016:15:38:58 -0300] "POST /cormun/servlet/trvisualizadoreventos?7d67820135d8efc811c532d0e9343864,,gx-no-cache=1460399946544 HTTP/1.1" 200 3509
186.103.159.183 - - [11/Apr/2016:15:39:22 -0300] "GET /cormun/servlet/solicitudot?942a4ea0bd224fb61c13d6034c77424112c821f9e0056e3aeea1f24865fa665ee8a72fe307604f8ed93ecd8017f89b072b4a4e6fed8d05dbf3b06595ba705390f505d5887b57be54905483d67c854a0de35fad20a96514135c75d7b657b6652b5e2f3429092ddfc8dc212a8cc8826c56ab293faa03c7ff1ce75d1e8210fa8269dbd38aba6ab42ad7b9df1c6d91c19d36dafdc9f4954381a1a3662a6cc95d8638bdc72cb0fd0539a2e9adc1d918f2d06b,gx-no-cache=1460403646700 HTTP/1.1" 200 30
186.103.159.183 - - [11/Apr/2016:15:39:33 -0300] "POST /cormun/servlet/solicitudot?f29a7f53026b4bd78d80c1a1595234e3,INS,0,0,,gx-no-cache=1460403657422 HTTP/1.1" 200 9524
186.103.159.189 - - [11/Apr/2016:15:40:31 -0300] "GET /cormun/servlet/trsolicitudot? HTTP/1.1" 200 6432
186.103.159.189 - - [11/Apr/2016:15:40:33 -0300] "GET /cormun/servlet/trsolicitudot? HTTP/1.1" 200 6432
186.103.159.183 - - [11/Apr/2016:15:40:40 -0300] "GET /cormun/servlet/solicitudot?942a4ea0bd224fb61c13d6034c77424112c821f9e0056e3aeea1f24865fa665ee8a72fe307604f8ed93ecd8017f89b072b4a4e6fed8d05dbf3b06595ba705390f505d5887b57be54905483d67c854a0de35fad20a96514135c75d7b657b6652b5e2f3429092ddfc8dc212a8cc8826c56ab293faa03c7ff1ce75d1e8210fa8269dbd38aba6ab42ad7b9df1c6d91c19d36dafdc9f4954381a1a3662a6cc95d8638bdc72cb0fd0539a2e9adc1d918f2d06b,gx-no-cache=1460403727064 HTTP/1.1" 200 30
186.103.159.183 - - [11/Apr/2016:15:40:40 -0300] "POST /cormun/servlet/solicitudot?f29a7f53026b4bd78d80c1a1595234e3,INS,0,0,,gx-no-cache=1460403727278 HTTP/1.1" 200 9568
186.103.159.189 - - [11/Apr/2016:15:40:45 -0300] "GET /cormun/servlet/solicitudot?INS,0,0, HTTP/1.1" 200 11627
186.103.159.189 - - [11/Apr/2016:15:40:48 -0300] "GET /cormun/servlet/solicitudot?INS,0,0, HTTP/1.1" 200 11632
186.103.159.189 - - [11/Apr/2016:15:41:06 -0300] "POST /cormun/servlet/solicitudot?gx-no-cache=1460400075739 HTTP/1.1" 200 2778
186.103.159.189 - - [11/Apr/2016:15:41:07 -0300] "POST /cormun/servlet/solicitudot?7d67820135d8efc811c532d0e9343864,INS,0,0,,gx-no-cache=1460400076226 HTTP/1.1" 200 8469
186.103.159.189 - - [11/Apr/2016:15:41:10 -0300] "GET /cormun/servlet/solicitudot?b213b0f9a6d2667bf487967aa9c050d0fac29b4495c28fc5d4f721e691eeaa06a5cb5e456797c01f226d4bd9ad195507,gx-no-cache=1460400079667 HTTP/1.1" 200 30
186.103.159.189 - - [11/Apr/2016:15:41:10 -0300] "POST /cormun/servlet/solicitudot?gx-no-cache=1460400079809 HTTP/1.1" 200 30
186.103.159.189 - - [11/Apr/2016:15:41:13 -0300] "POST /cormun/servlet/solicitudot?gx-no-cache=1460400082714 HTTP/1.1" 200 30
186.103.159.189 - - [11/Apr/2016:15:41:16 -0300] "GET /cormun/servlet/prcontratosol?15993780,,,,,MD,,gxPopupLevel%3D0%3B HTTP/1.1" 200 5715
186.103.159.183 - - [11/Apr/2016:15:41:18 -0300] "GET /cormun/servlet/solicitudot?INS,0,0, HTTP/1.1" 200 11653
186.103.159.183 - - [11/Apr/2016:15:41:19 -0300] "GET /cormun/static/calendar-system.css?75620 HTTP/1.1" 304 -
186.103.159.183 - - [11/Apr/2016:15:41:19 -0300] "GET /cormun/static/Resources/Spanish/PXTools.css?22445990 HTTP/1.1" 304 -
186.103.159.183 - - [11/Apr/2016:15:41:19 -0300] "GET /cormun/static/gxtimezone.js?85251 HTTP/1.1" 304 -
186.103.159.183 - - [11/Apr/2016:15:41:19 -0300] "GET /cormun/static/Shared/jqueryui/jquery-ui.min.css?1245370 HTTP/1.1" 304 -
186.103.159.183 - - [11/Apr/2016:15:41:19 -0300] "GET /cormun/static/SmoothNavMenu/resources/ddsmoothmenu.css?1012540 HTTP/1.1" 304 -
186.103.159.183 - - [11/Apr/2016:15:41:19 -0300] "GET /cormun/static/SmoothNavMenu/resources/ddsmoothmenu-v.css?1012540 HTTP/1.1" 304 -
186.103.159.183 - - [11/Apr/2016:15:41:19 -0300] "GET /cormun/static/scaMessage/css/jquery.pnotify.default.css?1716380 HTTP/1.1" 304 -
186.103.159.183 - - [11/Apr/2016:15:41:19 -0300] "GET /cormun/static/gxgral.js?85251 HTTP/1.1" 304 -
186.103.159.183 - - [11/Apr/2016:15:41:19 -0300] "GET /cormun/static/gxcfg.js?201631710541238 HTTP/1.1" 304 -
186.103.159.183 - - [11/Apr/2016:15:41:19 -0300] "GET /cormun/static/calendar.js?85251 HTTP/1.1" 304 -
186.103.159.183 - - [11/Apr/2016:15:41:19 -0300] "GET /cormun/static/calendar-setup.js?85251 HTTP/1.1" 304 -
186.103.159.183 - - [11/Apr/2016:15:41:19 -0300] "GET /cormun/static/calendar-es.js?85251 HTTP/1.1" 304 -
186.103.159.183 - - [11/Apr/2016:15:41:19 -0300] "GET /cormun/static/RunJS/RunJS.js HTTP/1.1" 304 -
186.103.159.183 - - [11/Apr/2016:15:41:19 -0300] "GET /cormun/static/PXToolsJavascripts/pexe_autoreload.js HTTP/1.1" 304 -
186.103.159.183 - - [11/Apr/2016:15:41:19 -0300] "GET /cormun/static/PXToolsJavascripts/pexe_cookies.js HTTP/1.1" 304 -
186.103.159.183 - - [11/Apr/2016:15:41:19 -0300] "GET /cormun/static/PXToolsJavascripts/pexe_windows.js HTTP/1.1" 304 -
186.103.159.183 - - [11/Apr/2016:15:41:19 -0300] "GET /cormun/static/PXToolsJavascripts/pexe_grid.js HTTP/1.1" 304 -
186.103.159.183 - - [11/Apr/2016:15:41:19 -0300] "GET /cormun/static/PXToolsJavascripts/pexe_griddivfix.js HTTP/1.1" 304 -
186.103.159.183 - - [11/Apr/2016:15:41:19 -0300] "GET /cormun/static/PXToolsJavascripts/pexe_link.js HTTP/1.1" 304 -
186.103.159.183 - - [11/Apr/2016:15:41:19 -0300] "GET /cormun/static/PXToolsJavascripts/pexe_menudivfix.js HTTP/1.1" 304 -
186.103.159.183 - - [11/Apr/2016:15:41:19 -0300] "GET /cormun/static/PXToolsJavascripts/pexe_menus.js HTTP/1.1" 304 -
186.103.159.183 - - [11/Apr/2016:15:41:19 -0300] "GET /cormun/static/PXToolsJavascripts/pexe_layers.js HTTP/1.1" 304 -
186.103.159.183 - - [11/Apr/2016:15:41:19 -0300] "GET /cormun/static/PXToolsJavascripts/pexe_oav.js HTTP/1.1" 304 -
186.103.159.183 - - [11/Apr/2016:15:41:19 -0300] "GET /cormun/static/PXToolsJavascripts/pexe_oavdivfix.js HTTP/1.1" 304 -
186.103.159.183 - - [11/Apr/2016:15:41:19 -0300] "GET /cormun/static/PXToolsJavascripts/pexe_popup.js HTTP/1.1" 304 -
186.103.159.183 - - [11/Apr/2016:15:41:19 -0300] "GET /cormun/static/PXToolsJavascripts/pexe_picture.js HTTP/1.1" 304 -
186.103.159.183 - - [11/Apr/2016:15:41:19 -0300] "GET /cormun/static/PXToolsJavascripts/pexe_scrolldiv.js HTTP/1.1" 304 -
186.103.159.183 - - [11/Apr/2016:15:41:19 -0300] "GET /cormun/static/PXToolsJavascripts/pexe_tabdivfix.js HTTP/1.1" 304 -
186.103.159.183 - - [11/Apr/2016:15:41:19 -0300] "GET /cormun/static/PXToolsJavascripts/pexe_upload.js HTTP/1.1" 304 -
186.103.159.183 - - [11/Apr/2016:15:41:19 -0300] "GET /cormun/static/PXToolsJavascripts/pexe_tabs.js HTTP/1.1" 304 -
186.103.159.183 - - [11/Apr/2016:15:41:19 -0300] "GET /cormun/static/PXToolsJavascripts/PXToolsJavascriptsRender.js HTTP/1.1" 304 -
186.103.159.183 - - [11/Apr/2016:15:41:19 -0300] "GET /cormun/static/Shared/ext/ext-all.js HTTP/1.1" 304 -
186.103.159.183 - - [11/Apr/2016:15:41:19 -0300] "GET /cormun/static/gxui/gxui-all.js HTTP/1.1" 304 -
186.103.159.183 - - [11/Apr/2016:15:41:19 -0300] "GET /cormun/static/Shared/ext/locale/ext-lang-en.js HTTP/1.1" 304 -
186.103.159.183 - - [11/Apr/2016:15:41:19 -0300] "GET /cormun/static/messages.spa.js?85251 HTTP/1.1" 304 -
186.103.159.183 - - [11/Apr/2016:15:41:19 -0300] "GET /cormun/static/solicitudot.js?201631710541292 HTTP/1.1" 304 -
186.103.159.183 - - [11/Apr/2016:15:41:19 -0300] "GET /cormun/static/gxdec.js?85251 HTTP/1.1" 304 -
186.103.159.183 - - [11/Apr/2016:15:41:19 -0300] "GET /cormun/static/hwchdr01.js?20162241650484 HTTP/1.1" 304 -
186.103.159.183 - - [11/Apr/2016:15:41:19 -0300] "GET /cormun/static/hpexe_recentlink.js?2015111312121342 HTTP/1.1" 304 -
186.103.159.183 - - [11/Apr/2016:15:41:19 -0300] "GET /cormun/static/hpexe_scripts.js?20151120014546 HTTP/1.1" 304 -
186.103.159.183 - - [11/Apr/2016:15:41:19 -0300] "GET /cormun/static/hpexe_messagecontroller.js?2015112210524422 HTTP/1.1" 304 -
186.103.159.183 - - [11/Apr/2016:15:41:19 -0300] "GET /cormun/static/hpexe_messagepopupcomponent.js?201632119295953 HTTP/1.1" 304 -
186.103.159.183 - - [11/Apr/2016:15:41:19 -0300] "GET /cormun/static/cmcontrolpreferences.js?20151120014525 HTTP/1.1" 304 -
186.103.159.183 - - [11/Apr/2016:15:41:19 -0300] "GET /cormun/static/hpexe_messagegenexuscomponent.js?20151120014314 HTTP/1.1" 304 -
186.103.159.183 - - [11/Apr/2016:15:41:19 -0300] "GET /cormun/static/Shared/jquery/jquery-1.4.2.min.js HTTP/1.1" 304 -
186.103.159.183 - - [11/Apr/2016:15:41:19 -0300] "GET /cormun/static/Shared/jqueryui/jquery-ui.min.js HTTP/1.1" 304 -
186.103.159.183 - - [11/Apr/2016:15:41:19 -0300] "GET /cormun/static/Shared/jquery/jquery-1.10.2.min.js HTTP/1.1" 304 -
186.103.159.183 - - [11/Apr/2016:15:41:19 -0300] "GET /cormun/static/SmoothNavMenu/resources/ddsmoothmenu.js HTTP/1.1" 304 -
186.103.159.183 - - [11/Apr/2016:15:41:19 -0300] "GET /cormun/static/scaMessage/js/jquery.pnotify.min.js HTTP/1.1" 304 -
186.103.159.183 - - [11/Apr/2016:15:41:19 -0300] "GET /cormun/static/SmoothNavMenu/resources/SmoothNavMenuRender.js HTTP/1.1" 304 -
186.103.159.183 - - [11/Apr/2016:15:41:19 -0300] "GET /cormun/static/hmpwkw03.js?201631622503633 HTTP/1.1" 304 -
186.103.159.183 - - [11/Apr/2016:15:41:19 -0300] "GET /cormun/static/scaMessage/scaMessageRender.js HTTP/1.1" 304 -
186.103.159.183 - - [11/Apr/2016:15:41:20 -0300] "GET /cormun/static/Resources/logo4.png HTTP/1.1" 304 -
186.103.159.183 - - [11/Apr/2016:15:41:20 -0300] "GET /cormun/static/Resources/PXToolsHeaderHome.png HTTP/1.1" 304 -
186.103.159.183 - - [11/Apr/2016:15:41:20 -0300] "GET /cormun/static/Resources/PXToolsHeaderLogin.png HTTP/1.1" 304 -
186.103.159.183 - - [11/Apr/2016:15:41:20 -0300] "GET /cormun/static/Resources/PXToolsHeaderPreferences.png HTTP/1.1" 304 -
186.103.159.183 - - [11/Apr/2016:15:41:20 -0300] "GET /cormun/static/Resources/PXToolsHeaderSecurity.png HTTP/1.1" 304 -
186.103.159.183 - - [11/Apr/2016:15:41:20 -0300] "GET /cormun/static/Resources/PXToolsHeaderActionsRight.png HTTP/1.1" 304 -
186.103.159.183 - - [11/Apr/2016:15:41:20 -0300] "GET /cormun/static/Resources/PXTools/calendar.png HTTP/1.1" 304 -
186.103.159.183 - - [11/Apr/2016:15:41:20 -0300] "GET /cormun/static/Resources/prompt.gif HTTP/1.1" 304 -
186.103.159.183 - - [11/Apr/2016:15:41:20 -0300] "GET /cormun/static/Resources/PXToolsHeaderBackground2.png HTTP/1.1" 304 -
186.103.159.183 - - [11/Apr/2016:15:41:20 -0300] "GET /cormun/static/Resources/PXToolsFooterBackground2.png HTTP/1.1" 304 -
186.103.159.183 - - [11/Apr/2016:15:41:20 -0300] "GET /cormun/static/Resources/PXToolsHeaderActionsBackground.png HTTP/1.1" 304 -
186.103.159.183 - - [11/Apr/2016:15:41:20 -0300] "GET /cormun/static/Resources/PXToolsDataTitle.png HTTP/1.1" 304 -
186.103.159.183 - - [11/Apr/2016:15:41:20 -0300] "GET /cormun/static/Resources/PXToolsButtonBackground2.png HTTP/1.1" 304 -
186.103.159.183 - - [11/Apr/2016:15:41:20 -0300] "GET /cormun/static/Resources/PXToolsButtonLeft21.png HTTP/1.1" 304 -
186.103.159.183 - - [11/Apr/2016:15:41:20 -0300] "GET /cormun/static/Resources/PXToolsButtonRight21.png HTTP/1.1" 304 -
186.103.159.183 - - [11/Apr/2016:15:41:20 -0300] "GET /cormun/static/Resources/indicator.gif HTTP/1.1" 304 -
186.103.159.183 - - [11/Apr/2016:15:41:20 -0300] "GET /cormun/static/SmoothNavMenu/resources/images/down.gif HTTP/1.1" 304 -
186.103.159.183 - - [11/Apr/2016:15:41:20 -0300] "GET /cormun/servlet/solicitudot?INS,0,0, HTTP/1.1" 200 11659
186.103.159.183 - - [11/Apr/2016:15:41:20 -0300] "GET /cormun/static/Resources/PXToolsHeaderActionsLeft.png HTTP/1.1" 304 -
186.103.159.189 - - [11/Apr/2016:15:41:22 -0300] "POST /cormun/servlet/solicitudot?gx-no-cache=1460400091374 HTTP/1.1" 200 1187
186.103.159.189 - - [11/Apr/2016:15:41:23 -0300] "GET /cormun/servlet/solicitudot?b213b0f9a6d2667bf487967aa9c050d0fd47e1b1f6b5942c4c4cc7d1a1b49aa511512be55940aceb9705f3775467879d73d2540144703d3521ec977d9419314b663a21ad09bd1bc05a0a5f80f760653fa18c6e9614cf9ac9b3853e4c914d872d43ff7e4fe5325b542afca9e67030ff931f161bade55d3c99de73dca978fc0bc04c58f2f286f3ec8c1cf7bacdee6a8a22,gx-no-cache=1460400092078 HTTP/1.1" 200 38
186.103.159.189 - - [11/Apr/2016:15:41:23 -0300] "GET /cormun/servlet/solicitudot?b213b0f9a6d2667bf487967aa9c050d08988bcad8ecdb54af0d8a3597275103fa0d79ff2fd47c17f0860e646904a0fbd57740fe0b7be404acb8bf0ff81d37a7f7b7c378b36984984e2c5450982d1a546db2a9e05b689c6c66b9f527a1c2b1292ee23453e952aa1643de3ed934f4d6fa2ed7a019525501db33ae9e2c678c3c9b0339fec608f9508941d358580e70eb48aa88dbdd98d0596fcae5fee366a0d8d4f,gx-no-cache=1460400092225 HTTP/1.1" 200 29
186.103.159.189 - - [11/Apr/2016:15:41:23 -0300] "POST /cormun/servlet/solicitudot?gx-no-cache=1460400092295 HTTP/1.1" 200 1143
192.168.10.89 - - [11/Apr/2016:15:41:25 -0300] "GET /cormun/servlet/hhome HTTP/1.1" 200 3244
192.168.10.89 - - [11/Apr/2016:15:41:26 -0300] "GET /cormun/servlet/hlogin HTTP/1.1" 200 1728
186.103.159.189 - - [11/Apr/2016:15:41:28 -0300] "GET /cormun/servlet/prsolicitudot?15993780,,,,,MD,,gxPopupLevel%3D0%3B HTTP/1.1" 200 5841
192.168.10.89 - - [11/Apr/2016:15:41:35 -0300] "POST /cormun/servlet/hlogin?74edad7f153a060393039674c790ed7a,gx-no-cache=1460399832869 HTTP/1.1" 200 449
192.168.10.89 - - [11/Apr/2016:15:41:41 -0300] "POST /cormun/servlet/hlogin?74edad7f153a060393039674c790ed7a,gx-no-cache=1460399838814 HTTP/1.1" 200 449
186.103.159.189 - - [11/Apr/2016:15:41:45 -0300] "POST /cormun/servlet/solicitudot?gx-no-cache=1460400114016 HTTP/1.1" 200 1187
186.103.159.189 - - [11/Apr/2016:15:41:45 -0300] "GET /cormun/servlet/solicitudot?b213b0f9a6d2667bf487967aa9c050d0fd47e1b1f6b5942c4c4cc7d1a1b49aa511512be55940aceb9705f3775467879d73d2540144703d3521ec977d9419314b663a21ad09bd1bc05a0a5f80f760653fa18c6e9614cf9ac9b3853e4c914d872d43ff7e4fe5325b542afca9e67030ff931f161bade55d3c99de73dca978fc0bc04c58f2f286f3ec8c1cf7bacdee6a8a22,gx-no-cache=1460400114700 HTTP/1.1" 200 38
186.103.159.189 - - [11/Apr/2016:15:41:46 -0300] "POST /cormun/servlet/solicitudot?gx-no-cache=1460400115062 HTTP/1.1" 200 1143
192.168.10.89 - - [11/Apr/2016:15:41:46 -0300] "POST /cormun/servlet/hlogin?74edad7f153a060393039674c790ed7a,gx-no-cache=1460399844032 HTTP/1.1" 200 449
192.168.10.89 - - [11/Apr/2016:15:41:51 -0300] "POST /cormun/servlet/hlogin?74edad7f153a060393039674c790ed7a,gx-no-cache=1460399848746 HTTP/1.1" 200 449
192.168.10.89 - - [11/Apr/2016:15:41:56 -0300] "POST /cormun/servlet/hlogin?74edad7f153a060393039674c790ed7a,gx-no-cache=1460399854006 HTTP/1.1" 200 449
186.103.159.183 - - [11/Apr/2016:15:41:58 -0300] "POST /cormun/servlet/solicitudot?gx-no-cache=1460403807631 HTTP/1.1" 200 2778
186.103.159.183 - - [11/Apr/2016:15:42:00 -0300] "POST /cormun/servlet/solicitudot?f29a7f53026b4bd78d80c1a1595234e3,INS,0,0,,gx-no-cache=1460403808044 HTTP/1.1" 200 8461
186.103.159.183 - - [11/Apr/2016:15:42:05 -0300] "GET /cormun/servlet/solicitudot?942a4ea0bd224fb61c13d6034c774241229158b9fdcac6b08224c1d7e2c7f33c5b977828f5395699d2115e1ff54b97c9,gx-no-cache=1460403815252 HTTP/1.1" 200 30
186.103.159.183 - - [11/Apr/2016:15:42:05 -0300] "POST /cormun/servlet/solicitudot?gx-no-cache=1460403815351 HTTP/1.1" 200 30
186.103.159.183 - - [11/Apr/2016:15:42:05 -0300] "POST /cormun/servlet/solicitudot?gx-no-cache=1460403815430 HTTP/1.1" 200 33
186.103.159.183 - - [11/Apr/2016:15:42:05 -0300] "POST /cormun/servlet/solicitudot?gx-no-cache=1460403815554 HTTP/1.1" 200 1187
186.103.159.183 - - [11/Apr/2016:15:42:06 -0300] "GET /cormun/servlet/solicitudot?942a4ea0bd224fb61c13d6034c7742417aa9cdd47e76fa28d4c1d4ab245b80167d0c6220fa6c836a41dd9ec3171152033cdd165fd63ed421922ca83964cd4609dda55db41d5fe574480849aaaa85913de21e9dd25f799b0565c6872836ae4181ea584b67c60e8de67f02855f783a525687e3d1a18f6a026c34132f0a8f27938fecd9bfcd25e06763bf32938876c240d1,gx-no-cache=1460403815717 HTTP/1.1" 200 38
186.103.159.183 - - [11/Apr/2016:15:42:12 -0300] "GET /cormun/servlet/solicitudot?942a4ea0bd224fb61c13d6034c774241b854572ae0ca9e0d02ca77cb4f379f12b500085aa826dd5f66dc2c9420cbc8784fbf7b906df69f54c37dde622b8039b5764dd221b6b69fb18471dd54205667f7f8b140d8988c4e260ae92e05fd231297b477673dd6876cf605f7dc6f37a74938,gx-no-cache=1460403822065 HTTP/1.1" 200 29
186.103.159.183 - - [11/Apr/2016:15:42:12 -0300] "POST /cormun/servlet/solicitudot?gx-no-cache=1460403822101 HTTP/1.1" 200 1144
186.103.159.183 - - [11/Apr/2016:15:42:12 -0300] "GET /cormun/static/menuarrow.gif HTTP/1.1" 404 1015
186.103.159.189 - - [11/Apr/2016:15:42:16 -0300] "GET /cormun/servlet/solicitudot?b213b0f9a6d2667bf487967aa9c050d0005385423d1d90b1ba3356761fee41b31dfecfe07a23d68a7d259574904cac0bd35591b95848fdd3e11f8404316e13d2f0096145debc2d7b30a006f0996bbd445d1697fb7dd7189be4d0d79a545ce2a3552f7e532a401b957dcc9ad5fc1e9af63a80d39f2779afc4d27298c8816d289cca724cdeec506f5144a5701cfa545c94235f91c5e5acc244e07920be101119f884a320ed85b351dc9fb1af715d227abe,gx-no-cache=1460400146032 HTTP/1.1" 200 30
186.103.159.189 - - [11/Apr/2016:15:42:30 -0300] "POST /cormun/servlet/solicitudot?7d67820135d8efc811c532d0e9343864,INS,0,0,,gx-no-cache=1460400159148 HTTP/1.1" 200 93
186.103.159.189 - - [11/Apr/2016:15:42:30 -0300] "GET /cormun/servlet/hpexe_return? HTTP/1.1" 200 1007
186.103.159.189 - - [11/Apr/2016:15:42:31 -0300] "GET /cormun/servlet/trsolicitudot HTTP/1.1" 200 6435
186.103.159.183 - - [11/Apr/2016:15:42:31 -0300] "POST /cormun/servlet/solicitudot?gx-no-cache=1460403842122 HTTP/1.1" 200 30
186.103.159.189 - - [11/Apr/2016:15:42:33 -0300] "GET /cormun/servlet/trsolicitudot HTTP/1.1" 200 6432
192.168.10.89 - - [11/Apr/2016:15:42:36 -0300] "POST /cormun/servlet/hlogin?74edad7f153a060393039674c790ed7a,gx-no-cache=1460399893556 HTTP/1.1" 200 449
186.103.159.183 - - [11/Apr/2016:15:42:41 -0300] "POST /cormun/servlet/solicitudot?gx-no-cache=1460403851848 HTTP/1.1" 200 1187
186.103.159.183 - - [11/Apr/2016:15:42:41 -0300] "GET /cormun/servlet/solicitudot?942a4ea0bd224fb61c13d6034c7742417aa9cdd47e76fa28d4c1d4ab245b80167d0c6220fa6c836a41dd9ec3171152033cdd165fd63ed421922ca83964cd4609dda55db41d5fe574480849aaaa85913de21e9dd25f799b0565c6872836ae4181ea584b67c60e8de67f02855f783a525687e3d1a18f6a026c34132f0a8f27938fe3e2587543a3f016a46836ddfea8d0a3d0119069ae4e0362f30ed1f6ab3a8897,gx-no-cache=1460403852056 HTTP/1.1" 200 41
186.103.159.189 - - [11/Apr/2016:15:42:42 -0300] "POST /cormun/servlet/trsolicitudot?7d67820135d8efc811c532d0e9343864,gx-no-cache=1460400171786 HTTP/1.1" 200 3675
192.168.10.89 - - [11/Apr/2016:15:42:43 -0300] "POST /cormun/servlet/hlogin?74edad7f153a060393039674c790ed7a,gx-no-cache=1460399901132 HTTP/1.1" 200 449
186.103.159.183 - - [11/Apr/2016:15:42:45 -0300] "POST /cormun/servlet/solicitudot?gx-no-cache=1460403856428 HTTP/1.1" 200 1144
186.103.159.183 - - [11/Apr/2016:15:42:45 -0300] "GET /cormun/servlet/solicitudot?942a4ea0bd224fb61c13d6034c77424112c821f9e0056e3aeea1f24865fa665ee8a72fe307604f8ed93ecd8017f89b072b4a4e6fed8d05dbf3b06595ba705390f505d5887b57be54905483d67c854a0de35fad20a96514135c75d7b657b6652b5e2f3429092ddfc8dc212a8cc8826c56ab293faa03c7ff1ce75d1e8210fa8269dbd38aba6ab42ad7b9df1c6d91c19d36dafdc9f4954381a1a3662a6cc95d8638bdc72cb0fd0539a2e9adc1d918f2d06b,gx-no-cache=1460403856480 HTTP/1.1" 200 30
186.103.159.183 - - [11/Apr/2016:15:42:45 -0300] "POST /cormun/servlet/solicitudot?f29a7f53026b4bd78d80c1a1595234e3,INS,0,0,,gx-no-cache=1460403856521 HTTP/1.1" 200 9422
186.103.159.183 - - [11/Apr/2016:15:42:45 -0300] "GET /cormun/static/Shared/jqueryui/images/ui-bg_highlight-soft_100_c6c2c8_1x100.png HTTP/1.1" 404 1117
186.103.159.183 - - [11/Apr/2016:15:42:45 -0300] "GET /cormun/static/Shared/jqueryui/images/ui-icons_ebccce_256x240.png HTTP/1.1" 404 1089
186.103.159.183 - - [11/Apr/2016:15:42:48 -0300] "GET /cormun/static/Shared/jqueryui/images/ui-icons_82798d_256x240.png HTTP/1.1" 404 1089
186.103.159.183 - - [11/Apr/2016:15:42:48 -0300] "GET /cormun/static/Shared/jqueryui/images/ui-bg_flat_55_994d53_40x100.png HTTP/1.1" 404 1097
186.103.159.189 - - [11/Apr/2016:15:42:49 -0300] "GET /cormun/servlet/trvisualizadoreventos? HTTP/1.1" 200 6243
186.103.159.189 - - [11/Apr/2016:15:42:51 -0300] "GET /cormun/servlet/trvisualizadoreventos? HTTP/1.1" 200 6243
186.103.159.189 - - [11/Apr/2016:15:42:56 -0300] "POST /cormun/servlet/trvisualizadoreventos?7d67820135d8efc811c532d0e9343864,,gx-no-cache=1460400185014 HTTP/1.1" 200 3832
186.103.159.189 - - [11/Apr/2016:15:43:00 -0300] "POST /cormun/servlet/trvisualizadoreventos?7d67820135d8efc811c532d0e9343864,,gx-no-cache=1460400188988 HTTP/1.1" 200 3832
192.168.10.89 - - [11/Apr/2016:15:43:00 -0300] "POST /cormun/servlet/hlogin?74edad7f153a060393039674c790ed7a,gx-no-cache=1460399917585 HTTP/1.1" 200 445
192.168.10.89 - - [11/Apr/2016:15:43:07 -0300] "POST /cormun/servlet/hlogin?74edad7f153a060393039674c790ed7a,gx-no-cache=1460399924471 HTTP/1.1" 200 90
192.168.10.89 - - [11/Apr/2016:15:43:07 -0300] "GET /cormun/servlet/hpexe_link HTTP/1.1" 200 949
192.168.10.89 - - [11/Apr/2016:15:43:07 -0300] "GET /cormun/servlet/hhome HTTP/1.1" 200 3541
192.168.10.89 - - [11/Apr/2016:15:43:10 -0300] "GET /cormun/servlet/trsolicitudot? HTTP/1.1" 200 6456
192.168.10.89 - - [11/Apr/2016:15:43:13 -0300] "GET /cormun/static/menuarrow.gif HTTP/1.1" 404 1015
192.168.10.89 - - [11/Apr/2016:15:43:17 -0300] "POST /cormun/servlet/trsolicitudot?74edad7f153a060393039674c790ed7a,,gx-no-cache=1460399934561 HTTP/1.1" 200 3717
192.168.10.89 - - [11/Apr/2016:15:43:19 -0300] "GET /cormun/servlet/trautorizarsolicitud? HTTP/1.1" 200 6397
192.168.10.89 - - [11/Apr/2016:15:43:21 -0300] "GET /cormun/static/menuarrow.gif HTTP/1.1" 404 1015
192.168.10.89 - - [11/Apr/2016:15:43:24 -0300] "POST /cormun/servlet/trautorizarsolicitud?74edad7f153a060393039674c790ed7a,,gx-no-cache=1460399942237 HTTP/1.1" 200 3701
192.168.10.89 - - [11/Apr/2016:15:43:31 -0300] "GET /cormun/servlet/hlogin HTTP/1.1" 200 1738
191.112.85.129 - - [11/Apr/2016:15:43:36 -0300] "GET /cormun/servlet/trautorizarsolicitud? HTTP/1.1" 200 5908
191.112.85.129 - - [11/Apr/2016:15:43:37 -0300] "GET /cormun/servlet/trautorizarsolicitud? HTTP/1.1" 200 5918
191.112.85.129 - - [11/Apr/2016:15:43:38 -0300] "GET /cormun/servlet/hlogin HTTP/1.1" 200 1743
192.168.10.89 - - [11/Apr/2016:15:43:39 -0300] "POST /cormun/servlet/hlogin?74edad7f153a060393039674c790ed7a,gx-no-cache=1460399956397 HTTP/1.1" 200 90
192.168.10.89 - - [11/Apr/2016:15:43:39 -0300] "GET /cormun/servlet/hpexe_link HTTP/1.1" 200 949
192.168.10.89 - - [11/Apr/2016:15:43:39 -0300] "GET /cormun/servlet/hhome HTTP/1.1" 200 4040
191.112.85.129 - - [11/Apr/2016:15:43:40 -0300] "POST /cormun/servlet/hlogin?ac9dc4f1a97e5c8f96f5e9a8200ee0e3,gx-no-cache=1460403841432 HTTP/1.1" 200 90
191.112.85.129 - - [11/Apr/2016:15:43:41 -0300] "GET /cormun/servlet/hpexe_link HTTP/1.1" 200 964
191.112.85.129 - - [11/Apr/2016:15:43:41 -0300] "GET /cormun/static/hpexe_link.js?20151120044398 HTTP/1.1" 304 -
191.112.85.129 - - [11/Apr/2016:15:43:41 -0300] "GET /cormun/static/gxcfg.js?20151120044395 HTTP/1.1" 304 -
191.112.85.129 - - [11/Apr/2016:15:43:42 -0300] "GET /cormun/servlet/trautorizarsolicitud HTTP/1.1" 200 6202
191.112.85.129 - - [11/Apr/2016:15:43:43 -0300] "GET /cormun/servlet/trautorizarsolicitud HTTP/1.1" 200 6201
192.168.10.89 - - [11/Apr/2016:15:43:43 -0300] "GET /cormun/servlet/trsolicitudgral? HTTP/1.1" 200 10968
192.168.10.89 - - [11/Apr/2016:15:43:43 -0300] "GET /cormun/static/gxcfg.js?201631022384633 HTTP/1.1" 200 953
192.168.10.89 - - [11/Apr/2016:15:43:43 -0300] "GET /cormun/static/trsolicitudgral.js?201631022385371 HTTP/1.1" 304 -
192.168.10.89 - - [11/Apr/2016:15:43:45 -0300] "GET /cormun/static/menuarrow.gif HTTP/1.1" 404 1015
191.112.85.129 - - [11/Apr/2016:15:43:49 -0300] "GET /cormun/static/menuarrow.gif HTTP/1.1" 404 1015
192.168.10.89 - - [11/Apr/2016:15:43:53 -0300] "POST /cormun/servlet/trsolicitudgral?74edad7f153a060393039674c790ed7a,,gx-no-cache=1460399970342 HTTP/1.1" 200 4766
192.168.10.89 - - [11/Apr/2016:15:43:56 -0300] "POST /cormun/servlet/trsolicitudgral?74edad7f153a060393039674c790ed7a,,gx-no-cache=1460399973304 HTTP/1.1" 200 4762
192.168.10.89 - - [11/Apr/2016:15:43:57 -0300] "POST /cormun/servlet/trsolicitudgral?74edad7f153a060393039674c790ed7a,,gx-no-cache=1460399974820 HTTP/1.1" 200 4764
191.112.85.129 - - [11/Apr/2016:15:43:57 -0300] "POST /cormun/servlet/trautorizarsolicitud?ac9dc4f1a97e5c8f96f5e9a8200ee0e3,gx-no-cache=1460403858023 HTTP/1.1" 200 6638
191.112.85.129 - - [11/Apr/2016:15:43:58 -0300] "GET /cormun//static/Resources/PXToolsActionView.png HTTP/1.1" 304 -
191.112.85.129 - - [11/Apr/2016:15:43:58 -0300] "GET /cormun//static/Resources/PXToolsRemoveAllAction.png HTTP/1.1" 304 -
191.112.85.129 - - [11/Apr/2016:15:43:58 -0300] "GET /cormun//static/Resources/PXToolsGridDelete.png HTTP/1.1" 304 -
191.112.85.129 - - [11/Apr/2016:15:43:58 -0300] "GET /cormun//static/Resources/PXToolsGridUpdate.png HTTP/1.1" 304 -
192.168.10.89 - - [11/Apr/2016:15:43:59 -0300] "POST /cormun/servlet/trsolicitudgral?74edad7f153a060393039674c790ed7a,,gx-no-cache=1460399977050 HTTP/1.1" 200 4765
192.168.10.89 - - [11/Apr/2016:15:44:01 -0300] "POST /cormun/servlet/trsolicitudgral?74edad7f153a060393039674c790ed7a,,gx-no-cache=1460399978741 HTTP/1.1" 200 4766
192.168.10.89 - - [11/Apr/2016:15:44:03 -0300] "POST /cormun/servlet/trsolicitudgral?74edad7f153a060393039674c790ed7a,,gx-no-cache=1460399980766 HTTP/1.1" 200 4766
192.168.10.89 - - [11/Apr/2016:15:44:05 -0300] "POST /cormun/servlet/trsolicitudgral?74edad7f153a060393039674c790ed7a,,gx-no-cache=1460399982884 HTTP/1.1" 200 4766
192.168.10.89 - - [11/Apr/2016:15:44:07 -0300] "POST /cormun/servlet/trsolicitudgral?74edad7f153a060393039674c790ed7a,,gx-no-cache=1460399984587 HTTP/1.1" 200 6167
192.168.10.89 - - [11/Apr/2016:15:44:11 -0300] "POST /cormun/servlet/trsolicitudgral?74edad7f153a060393039674c790ed7a,,gx-no-cache=1460399988263 HTTP/1.1" 200 5880
192.168.10.89 - - [11/Apr/2016:15:44:14 -0300] "POST /cormun/servlet/trsolicitudgral?74edad7f153a060393039674c790ed7a,,gx-no-cache=1460399992014 HTTP/1.1" 200 7876
186.103.159.189 - - [11/Apr/2016:15:44:38 -0300] "GET /cormun/servlet/hlogin HTTP/1.1" 200 1716
186.103.159.183 - - [11/Apr/2016:15:44:49 -0300] "GET /cormun/servlet/solicitudot?942a4ea0bd224fb61c13d6034c77424112c821f9e0056e3aeea1f24865fa665ee8a72fe307604f8ed93ecd8017f89b072b4a4e6fed8d05dbf3b06595ba705390f505d5887b57be54905483d67c854a0de35fad20a96514135c75d7b657b6652b5e2f3429092ddfc8dc212a8cc8826c56ab293faa03c7ff1ce75d1e8210fa8269dbd38aba6ab42ad7b9df1c6d91c19d36dafdc9f4954381a1a3662a6cc95d8638bdc72cb0fd0539a2e9adc1d918f2d06b,gx-no-cache=1460403985388 HTTP/1.1" 200 30
186.103.159.183 - - [11/Apr/2016:15:44:49 -0300] "POST /cormun/servlet/solicitudot?f29a7f53026b4bd78d80c1a1595234e3,INS,0,0,,gx-no-cache=1460403985591 HTTP/1.1" 200 9471
186.103.159.183 - - [11/Apr/2016:15:44:52 -0300] "GET /cormun/servlet/prsolicitudot?12365897,,,,,MD,,gxPopupLevel%3D0%3B HTTP/1.1" 200 5827
186.103.159.183 - - [11/Apr/2016:15:44:52 -0300] "GET /cormun/static/Shared/jqueryui/jquery-ui.min.css?1345370 HTTP/1.1" 200 30288
186.103.159.183 - - [11/Apr/2016:15:44:52 -0300] "GET /cormun/static/scaMessage/css/jquery.pnotify.default.css?1816380 HTTP/1.1" 200 1707
186.103.159.183 - - [11/Apr/2016:15:44:52 -0300] "GET /cormun/static/gxcfg.js?201631022393559 HTTP/1.1" 200 953
186.103.159.183 - - [11/Apr/2016:15:44:52 -0300] "GET /cormun/static/prsolicitudot.js?201631022393730 HTTP/1.1" 200 12855
186.103.159.183 - - [11/Apr/2016:15:44:52 -0300] "GET /cormun/static/menusearch.js?20163211930269 HTTP/1.1" 200 1424
186.103.159.183 - - [11/Apr/2016:15:44:52 -0300] "GET /cormun/static/hmpwkw011.js?201631021445036 HTTP/1.1" 200 1968
186.103.159.183 - - [11/Apr/2016:15:44:53 -0300] "GET /cormun/static/Resources/resize.gif HTTP/1.1" 200 77
186.103.159.183 - - [11/Apr/2016:15:44:53 -0300] "GET /cormun/static/Resources/PXToolsMenuSearch.png HTTP/1.1" 200 2914
186.103.159.183 - - [11/Apr/2016:15:44:53 -0300] "GET /cormun/static/Resources/PXToolsMenuSearchCancel.png HTTP/1.1" 200 2972
186.103.159.183 - - [11/Apr/2016:15:44:53 -0300] "GET /cormun/static/Resources/PXToolsGridPrevious.gif HTTP/1.1" 200 369
186.103.159.183 - - [11/Apr/2016:15:44:53 -0300] "GET /cormun/static/Resources/PXToolsGridFirst.gif HTTP/1.1" 200 379
186.103.159.183 - - [11/Apr/2016:15:44:53 -0300] "GET /cormun/static/Resources/PXToolsGridNext.gif HTTP/1.1" 200 369
186.103.159.183 - - [11/Apr/2016:15:44:53 -0300] "GET /cormun/static/Resources/PXToolsGridLast.gif HTTP/1.1" 200 370
186.103.159.189 - - [11/Apr/2016:15:44:53 -0300] "POST /cormun/servlet/hlogin?9a9149786246eb7bf4818e9024931389,gx-no-cache=1460400302674 HTTP/1.1" 200 90
186.103.159.189 - - [11/Apr/2016:15:44:53 -0300] "GET /cormun/servlet/hpexe_link HTTP/1.1" 200 950
186.103.159.189 - - [11/Apr/2016:15:44:54 -0300] "GET /cormun/servlet/hhome HTTP/1.1" 200 3574
186.103.159.189 - - [11/Apr/2016:15:44:57 -0300] "GET /cormun/servlet/hhome HTTP/1.1" 200 3571
186.103.159.183 - - [11/Apr/2016:15:44:58 -0300] "POST /cormun/servlet/solicitudot?gx-no-cache=1460403994844 HTTP/1.1" 200 1187
186.103.159.183 - - [11/Apr/2016:15:44:58 -0300] "GET /cormun/servlet/solicitudot?942a4ea0bd224fb61c13d6034c7742417aa9cdd47e76fa28d4c1d4ab245b80167d0c6220fa6c836a41dd9ec3171152033cdd165fd63ed421922ca83964cd4609dda55db41d5fe574480849aaaa85913de21e9dd25f799b0565c6872836ae4181ea584b67c60e8de67f02855f783a525687e3d1a18f6a026c34132f0a8f27938fe3e2587543a3f016a46836ddfea8d0a3d0119069ae4e0362f30ed1f6ab3a8897,gx-no-cache=1460403995095 HTTP/1.1" 200 41
186.103.159.183 - - [11/Apr/2016:15:44:58 -0300] "POST /cormun/servlet/solicitudot?gx-no-cache=1460403995247 HTTP/1.1" 200 1144
186.103.159.189 - - [11/Apr/2016:15:45:10 -0300] "GET /cormun/servlet/trautorizarsolicitud? HTTP/1.1" 200 6431
186.103.159.189 - - [11/Apr/2016:15:45:13 -0300] "GET /cormun/servlet/trautorizarsolicitud? HTTP/1.1" 200 6430
186.103.159.189 - - [11/Apr/2016:15:45:20 -0300] "POST /cormun/servlet/trautorizarsolicitud?9a9149786246eb7bf4818e9024931389,,gx-no-cache=1460400329160 HTTP/1.1" 200 3686
186.103.159.189 - - [11/Apr/2016:15:45:32 -0300] "POST /cormun/servlet/trautorizarsolicitud?9a9149786246eb7bf4818e9024931389,,gx-no-cache=1460400340900 HTTP/1.1" 200 3690
186.103.159.183 - - [11/Apr/2016:15:45:41 -0300] "GET /cormun/servlet/solicitudot?942a4ea0bd224fb61c13d6034c77424112c821f9e0056e3aeea1f24865fa665ef3087ef1e9b63f1ff68d8802e98194e122ea1f735038d2c70c76172512b876e129d833050b4f483e2e504806a28d21eb0387fb92c7a5ee41df2b64e5e97b3962f6619a8a53f79b72d0eb6753d373a50a76f2fc086145c944e41001ce02994595fdad2d6746145ff22c1b14b42a517a439d3eb684a548fa2b21c657a3cb777b13014e409271c2a84cf071ec00da1471a2,gx-no-cache=1460404039486 HTTP/1.1" 200 30
186.103.159.189 - - [11/Apr/2016:15:45:56 -0300] "POST /cormun/servlet/trautorizarsolicitud?9a9149786246eb7bf4818e9024931389,,gx-no-cache=1460400365642 HTTP/1.1" 200 5412
186.103.159.183 - - [11/Apr/2016:15:46:12 -0300] "GET /cormun/servlet/solicitudot?942a4ea0bd224fb61c13d6034c77424112c821f9e0056e3aeea1f24865fa665ef3087ef1e9b63f1ff68d8802e98194e122ea1f735038d2c70c76172512b876e129d833050b4f483e2e504806a28d21eb0387fb92c7a5ee41df2b64e5e97b3962f6619a8a53f79b72d0eb6753d373a50a76f2fc086145c944e41001ce02994595fdad2d6746145ff22c1b14b42a517a439d3eb684a548fa2b21c657a3cb777b13014e409271c2a84cf071ec00da1471a2,gx-no-cache=1460404071968 HTTP/1.1" 200 30
186.103.159.183 - - [11/Apr/2016:15:46:12 -0300] "POST /cormun/servlet/solicitudot?f29a7f53026b4bd78d80c1a1595234e3,INS,0,0,,gx-no-cache=1460404072113 HTTP/1.1" 200 93
186.103.159.183 - - [11/Apr/2016:15:46:12 -0300] "GET /cormun/servlet/hpexe_return? HTTP/1.1" 200 1011
186.103.159.183 - - [11/Apr/2016:15:46:13 -0300] "GET /cormun/static/gxcfg.js?2015111312145050 HTTP/1.1" 200 953
186.103.159.183 - - [11/Apr/2016:15:46:13 -0300] "GET /cormun/static/hpexe_return.js?2015111312145056 HTTP/1.1" 200 1633
186.103.159.183 - - [11/Apr/2016:15:46:13 -0300] "GET /cormun/static/Resources/Spanish/PXTools.css?12112540 HTTP/1.1" 200 89042
186.103.159.183 - - [11/Apr/2016:15:46:13 -0300] "GET /cormun/servlet/trsolicitudot HTTP/1.1" 200 7736
186.103.159.183 - - [11/Apr/2016:15:46:15 -0300] "GET /cormun//static/Resources/PXToolsGridUpdate.png HTTP/1.1" 200 2984
186.103.159.183 - - [11/Apr/2016:15:46:15 -0300] "GET /cormun//static/Resources/PXToolsGridDelete.png HTTP/1.1" 200 357
186.103.159.183 - - [11/Apr/2016:15:46:15 -0300] "GET /cormun//static/Resources/PXToolsRemoveAllAction.png HTTP/1.1" 200 3558
186.103.159.183 - - [11/Apr/2016:15:46:15 -0300] "GET /cormun//static/Resources/PXToolsActionView.png HTTP/1.1" 200 2995
186.103.159.183 - - [11/Apr/2016:15:46:15 -0300] "GET /cormun//static/Resources/PXTools/ActionInsert.png HTTP/1.1" 200 1482
186.103.159.183 - - [11/Apr/2016:15:46:15 -0300] "GET /cormun/servlet/trsolicitudot HTTP/1.1" 200 7732
186.103.159.183 - - [11/Apr/2016:15:46:40 -0300] "GET /cormun/servlet/vesolicitudot?2016,1319,, HTTP/1.1" 200 7743
186.103.159.183 - - [11/Apr/2016:15:46:40 -0300] "GET /cormun/static/gxcfg.js?201631021474241 HTTP/1.1" 200 953
186.103.159.183 - - [11/Apr/2016:15:46:40 -0300] "GET /cormun/pexe_scrolldiv.js HTTP/1.1" 404 1009
186.103.159.183 - - [11/Apr/2016:15:46:40 -0300] "GET /cormun/static/Resources/PXToolsTabFirstSelected.png HTTP/1.1" 200 1259
186.103.159.183 - - [11/Apr/2016:15:46:40 -0300] "GET /cormun/static/vesolicitudot.js?20163102147437 HTTP/1.1" 200 6091
186.103.159.183 - - [11/Apr/2016:15:46:40 -0300] "GET /cormun/static/hpexe_tabsview.js?20151120014350 HTTP/1.1" 200 1661
186.103.159.183 - - [11/Apr/2016:15:46:40 -0300] "GET /cormun/static/hwcviewtabs.js?20151120014372 HTTP/1.1" 200 1074
186.103.159.183 - - [11/Apr/2016:15:46:40 -0300] "GET /cormun/static/tbsolicitudot01.js?20163102250452 HTTP/1.1" 200 28324
186.103.159.183 - - [11/Apr/2016:15:46:40 -0300] "GET /cormun/static/Resources/PXToolsTabLastUnselected.png HTTP/1.1" 200 1291
186.103.159.183 - - [11/Apr/2016:15:46:40 -0300] "GET /cormun/static/Resources/PXToolsTabPrevious.gif HTTP/1.1" 200 172
186.103.159.183 - - [11/Apr/2016:15:46:40 -0300] "GET /cormun/static/Resources/PXToolsTabNext.gif HTTP/1.1" 200 168
186.103.159.183 - - [11/Apr/2016:15:46:40 -0300] "GET /cormun/pexe_scrolldiv.js HTTP/1.1" 404 1009
186.103.159.183 - - [11/Apr/2016:15:46:41 -0300] "GET /cormun/static/calendar-system.css HTTP/1.1" 200 5572
186.103.159.183 - - [11/Apr/2016:15:46:41 -0300] "GET /cormun/static/Resources/PXToolsTabBackUnselected.png HTTP/1.1" 200 1175
186.103.159.183 - - [11/Apr/2016:15:46:41 -0300] "GET /cormun/static/Resources/PXToolsTabUnselectedUnselected.png HTTP/1.1" 200 1459
186.103.159.183 - - [11/Apr/2016:15:46:41 -0300] "GET /cormun/static/Resources/PXToolsTabSelectedUnselected.png HTTP/1.1" 200 1428
186.103.159.183 - - [11/Apr/2016:15:46:41 -0300] "GET /cormun/static/Resources/PXToolsTabBackSelected.png HTTP/1.1" 200 1157
186.103.159.183 - - [11/Apr/2016:15:46:42 -0300] "GET /cormun/servlet/vesolicitudot?2016,1319,, HTTP/1.1" 200 7744
186.103.159.189 - - [11/Apr/2016:15:46:45 -0300] "POST /cormun/servlet/trautorizarsolicitud?9a9149786246eb7bf4818e9024931389,,gx-no-cache=1460400413972 HTTP/1.1" 200 3690
186.103.159.183 - - [11/Apr/2016:15:46:49 -0300] "POST /cormun/servlet/vesolicitudot?f29a7f53026b4bd78d80c1a1595234e3,2016,1319,,,gx-no-cache=1460404110247 HTTP/1.1" 200 93
186.103.159.183 - - [11/Apr/2016:15:46:49 -0300] "GET /cormun/servlet/hpexe_return? HTTP/1.1" 200 1014
186.103.159.183 - - [11/Apr/2016:15:46:50 -0300] "GET /cormun/servlet/trsolicitudot HTTP/1.1" 200 7736
186.103.159.183 - - [11/Apr/2016:15:46:51 -0300] "GET /cormun/servlet/trsolicitudot HTTP/1.1" 200 7732
186.103.159.189 - - [11/Apr/2016:15:46:54 -0300] "POST /cormun/servlet/trautorizarsolicitud?9a9149786246eb7bf4818e9024931389,,gx-no-cache=1460400423403 HTTP/1.1" 200 5102
186.103.159.183 - - [11/Apr/2016:15:46:56 -0300] "POST /cormun/servlet/trsolicitudot?f29a7f53026b4bd78d80c1a1595234e3,gx-no-cache=1460404117424 HTTP/1.1" 200 3811
186.103.159.183 - - [11/Apr/2016:15:46:56 -0300] "GET /cormun/static/Shared/jqueryui/images/ui-bg_highlight-soft_100_c6c2c8_1x100.png HTTP/1.1" 404 1117
186.103.159.183 - - [11/Apr/2016:15:46:56 -0300] "GET /cormun/static/Shared/jqueryui/images/ui-icons_82798d_256x240.png HTTP/1.1" 404 1089
186.103.159.183 - - [11/Apr/2016:15:46:56 -0300] "GET /cormun/static/Shared/jqueryui/images/ui-icons_8d78a5_256x240.png HTTP/1.1" 404 1089
186.103.159.183 - - [11/Apr/2016:15:46:56 -0300] "GET /cormun/static/Shared/jqueryui/images/ui-bg_flat_55_fafafa_40x100.png HTTP/1.1" 404 1097
186.103.159.183 - - [11/Apr/2016:15:46:56 -0300] "POST /cormun/servlet/trsolicitudot?f29a7f53026b4bd78d80c1a1595234e3,gx-no-cache=1460404117847 HTTP/1.1" 200 3657
186.103.159.189 - - [11/Apr/2016:15:47:09 -0300] "POST /cormun/servlet/trautorizarsolicitud?9a9149786246eb7bf4818e9024931389,,gx-no-cache=1460400438006 HTTP/1.1" 200 3690
186.103.159.189 - - [11/Apr/2016:15:47:27 -0300] "POST /cormun/servlet/trautorizarsolicitud?9a9149786246eb7bf4818e9024931389,,gx-no-cache=1460400456315 HTTP/1.1" 200 5125
186.103.159.189 - - [11/Apr/2016:15:47:51 -0300] "POST /cormun/servlet/trautorizarsolicitud?9a9149786246eb7bf4818e9024931389,,gx-no-cache=1460400479672 HTTP/1.1" 200 3692
