200.86.98.101 - - [07/Apr/2016:14:26:48 -0300] "POST /cormun/servlet/solicitudot?gx-no-cache=1460050030565 HTTP/1.1" 200 1187
200.86.98.101 - - [07/Apr/2016:14:26:48 -0300] "GET /cormun/servlet/solicitudot?73e552c6a491cf87c1af1312caee49dace72c4392fa69b28817827cd81c8eb6c7df8ffec27c1cbbfcb9ae42869ab2f04cf2e36f5b3585d62f924128ebe5d187e047c8e6f03db002e5eaf5bd26f9b02d9e0c21afaa35f2a63d1ac5b29317807b624278ec3db2b7e5b53b3eccb66b8d550fdd6a568943fe3b27b1dd1caa971ac5bddb66a047beb699357ef79721fb024af,gx-no-cache=1460050030644 HTTP/1.1" 200 38
200.86.98.101 - - [07/Apr/2016:14:26:49 -0300] "POST /cormun/servlet/solicitudot?gx-no-cache=1460050030700 HTTP/1.1" 200 1143
200.112.233.47 - - [07/Apr/2016:14:27:13 -0300] "POST /cormun/servlet/solicitudot?245eb2479d372bb2fa7754969fa9c028,INS,0,0,,gx-no-cache=1459967100809 HTTP/1.1" 200 93
200.112.233.47 - - [07/Apr/2016:14:27:13 -0300] "GET /cormun/servlet/hpexe_return? HTTP/1.1" 200 1001
200.112.233.47 - - [07/Apr/2016:14:27:13 -0300] "GET /cormun/servlet/trsolicitudot HTTP/1.1" 200 8606
200.86.98.101 - - [07/Apr/2016:14:27:19 -0300] "GET /cormun/servlet/solicitudot?73e552c6a491cf87c1af1312caee49da134d521dc6047edf44c5c5a390cba005e01323cb462d08bee9cb6ba38310057a2b9ade3d27ae70dac317d35449e790761e51de1e67c8613173114dc70fd19cf1ae25ec7f44d544180ea716809bdead5d086f2a8fc875dee4ae4bfab8a91ecc8f4827d407ee168da0d63843d7c0bef9913c8ed09bd0c58b82c27e9749924e4b2d2371f9fd0d78e02a2a0348062cb92b332e42d8fba89a13c144bdddbfeeb4fe40,gx-no-cache=1460050061556 HTTP/1.1" 200 30
200.112.233.47 - - [07/Apr/2016:14:27:29 -0300] "GET /cormun/servlet/solicitudot?INS,0,0, HTTP/1.1" 200 11650
200.86.98.101 - - [07/Apr/2016:14:29:02 -0300] "POST /cormun/servlet/solicitudot?f66c1ea58c7b7976f8cd376cdbc18507,INS,0,0,,gx-no-cache=1460050163944 HTTP/1.1" 200 9663
200.86.98.101 - - [07/Apr/2016:14:29:02 -0300] "GET /cormun/static/Shared/jqueryui/images/ui-bg_highlight-soft_100_c6c2c8_1x100.png HTTP/1.1" 404 1117
200.86.98.101 - - [07/Apr/2016:14:29:02 -0300] "GET /cormun/static/Shared/jqueryui/images/ui-icons_82798d_256x240.png HTTP/1.1" 404 1089
200.86.98.101 - - [07/Apr/2016:14:29:02 -0300] "GET /cormun/static/Shared/jqueryui/images/ui-bg_flat_55_994d53_40x100.png HTTP/1.1" 404 1097
200.86.98.101 - - [07/Apr/2016:14:29:02 -0300] "GET /cormun/static/Shared/jqueryui/images/ui-icons_ebccce_256x240.png HTTP/1.1" 404 1089
200.86.98.101 - - [07/Apr/2016:14:29:15 -0300] "POST /cormun/servlet/solicitudot?f66c1ea58c7b7976f8cd376cdbc18507,INS,0,0,,gx-no-cache=1460050176383 HTTP/1.1" 200 9701
200.112.233.47 - - [07/Apr/2016:14:29:25 -0300] "POST /cormun/servlet/solicitudot?gx-no-cache=1459967233244 HTTP/1.1" 200 2771
200.112.233.47 - - [07/Apr/2016:14:29:25 -0300] "POST /cormun/servlet/solicitudot?245eb2479d372bb2fa7754969fa9c028,INS,0,0,,gx-no-cache=1459967233517 HTTP/1.1" 200 8464
200.112.233.47 - - [07/Apr/2016:14:29:30 -0300] "GET /cormun/servlet/solicitudot?7fb3e2eb0359de34e82d34e9095880765b18706989f3064fe65d9f792a1e157584872651bc311254cd185760fc34244c,gx-no-cache=1459967237660 HTTP/1.1" 200 30
200.112.233.47 - - [07/Apr/2016:14:29:30 -0300] "POST /cormun/servlet/solicitudot?gx-no-cache=1459967237726 HTTP/1.1" 200 30
200.112.233.47 - - [07/Apr/2016:14:29:33 -0300] "POST /cormun/servlet/solicitudot?gx-no-cache=1459967241083 HTTP/1.1" 200 122
200.112.233.47 - - [07/Apr/2016:14:29:33 -0300] "GET /cormun/static/Shared/jqueryui/images/ui-bg_highlight-soft_100_c6c2c8_1x100.png HTTP/1.1" 404 1117
200.112.233.47 - - [07/Apr/2016:14:29:33 -0300] "GET /cormun/static/Shared/jqueryui/images/ui-icons_82798d_256x240.png HTTP/1.1" 404 1089
200.112.233.47 - - [07/Apr/2016:14:29:33 -0300] "GET /cormun/static/Shared/jqueryui/images/ui-icons_8d78a5_256x240.png HTTP/1.1" 404 1089
200.112.233.47 - - [07/Apr/2016:14:29:33 -0300] "GET /cormun/static/Shared/jqueryui/images/ui-bg_flat_55_fafafa_40x100.png HTTP/1.1" 404 1097
200.86.98.101 - - [07/Apr/2016:14:29:43 -0300] "POST /cormun/servlet/solicitudot?gx-no-cache=1460050205427 HTTP/1.1" 200 30
200.112.233.47 - - [07/Apr/2016:14:29:47 -0300] "GET /cormun/servlet/prpersonalsolicitud?17139091,,,,,MD,,gxPopupLevel%3D0%3B HTTP/1.1" 200 5417
200.112.233.47 - - [07/Apr/2016:14:29:51 -0300] "GET /cormun/servlet/solicitudot?19085fd4293da6b299c4797b15b9e15dd58bc84f67d1d405d6cf249a080f0d92,gx-no-cache=1459967258758 HTTP/1.1" 200 20
200.112.233.47 - - [07/Apr/2016:14:29:51 -0300] "POST /cormun/servlet/solicitudot?gx-no-cache=1459967258870 HTTP/1.1" 200 1187
200.112.233.47 - - [07/Apr/2016:14:29:51 -0300] "GET /cormun/servlet/solicitudot?7fb3e2eb0359de34e82d34e909588076c8d17d3a601a3836a390c1442b55beae69fa1b965d1f0385dcb81aa4488f9604c2a0e93ffe871ac23b0dbb6aa4ff4640d3272a54aa9fbe8c08e784b3cae614844a17dc73165c0b25569899621e37fbf13ebffbcde9bd59029693d2982c759dbe67f48388748b48b29a8b6c77003b102a513deb17fbe0aa8663ad7852561a627b,gx-no-cache=1459967258983 HTTP/1.1" 200 38
200.86.98.101 - - [07/Apr/2016:14:29:51 -0300] "POST /cormun/servlet/solicitudot?gx-no-cache=1460050213064 HTTP/1.1" 200 30
200.112.233.47 - - [07/Apr/2016:14:29:51 -0300] "GET /cormun/servlet/solicitudot?7fb3e2eb0359de34e82d34e909588076ecf01974f258cbada2e68b03559304eff4157b9ba8fd439b07d6e6bdf3d360abfc3956b7e47b1249d48dc910e6903fb7edff6d8446cce22c433e5555a2867d16b1d92e84af4f873ac19bfafb5982a5eeefe1b1664fd72bf259bca3f642326d42ed81acca21b323c8ccbe0ee9d087fbeaddf99ae00acb1811ff78998549bb10825ba529db3584e3589ec785c164e40451,gx-no-cache=1459967259051 HTTP/1.1" 200 29
200.112.233.47 - - [07/Apr/2016:14:29:51 -0300] "POST /cormun/servlet/solicitudot?gx-no-cache=1459967259107 HTTP/1.1" 200 1144
200.86.98.101 - - [07/Apr/2016:14:29:53 -0300] "POST /cormun/servlet/solicitudot?gx-no-cache=1460050215417 HTTP/1.1" 200 1187
200.86.98.101 - - [07/Apr/2016:14:29:53 -0300] "GET /cormun/servlet/solicitudot?73e552c6a491cf87c1af1312caee49dace72c4392fa69b28817827cd81c8eb6c7df8ffec27c1cbbfcb9ae42869ab2f04cf2e36f5b3585d62f924128ebe5d187e047c8e6f03db002e5eaf5bd26f9b02d9e0c21afaa35f2a63d1ac5b29317807b624278ec3db2b7e5b53b3eccb66b8d550fdd6a568943fe3b27b1dd1caa971ac5bc2d575a3618a2f16c1f936884f068e1ab9bab21e25e82009205875e833fea18e,gx-no-cache=1460050215550 HTTP/1.1" 200 41
200.86.98.101 - - [07/Apr/2016:14:29:53 -0300] "POST /cormun/servlet/solicitudot?gx-no-cache=1460050215621 HTTP/1.1" 200 1143
200.86.98.101 - - [07/Apr/2016:14:29:54 -0300] "GET /cormun/servlet/solicitudot?73e552c6a491cf87c1af1312caee49da134d521dc6047edf44c5c5a390cba005e01323cb462d08bee9cb6ba38310057a2b9ade3d27ae70dac317d35449e790761e51de1e67c8613173114dc70fd19cf1ae25ec7f44d544180ea716809bdead5d086f2a8fc875dee4ae4bfab8a91ecc8f4827d407ee168da0d63843d7c0bef9913c8ed09bd0c58b82c27e9749924e4b2d2371f9fd0d78e02a2a0348062cb92b332e42d8fba89a13c144bdddbfeeb4fe40,gx-no-cache=1460050215693 HTTP/1.1" 200 30
200.86.98.101 - - [07/Apr/2016:14:29:54 -0300] "POST /cormun/servlet/solicitudot?f66c1ea58c7b7976f8cd376cdbc18507,INS,0,0,,gx-no-cache=1460050215756 HTTP/1.1" 200 93
200.86.98.101 - - [07/Apr/2016:14:29:54 -0300] "GET /cormun/servlet/hpexe_return? HTTP/1.1" 200 1009
200.86.98.101 - - [07/Apr/2016:14:29:54 -0300] "GET /cormun/static/Resources/Spanish/PXTools.css?12112540 HTTP/1.1" 304 -
200.86.98.101 - - [07/Apr/2016:14:29:54 -0300] "GET /cormun/static/gxcfg.js?2015111312145050 HTTP/1.1" 200 953
200.86.98.101 - - [07/Apr/2016:14:29:54 -0300] "GET /cormun/static/hpexe_return.js?2015111312145056 HTTP/1.1" 304 -
200.86.98.101 - - [07/Apr/2016:14:29:54 -0300] "GET /cormun/servlet/trsolicitudot HTTP/1.1" 200 7881
200.86.98.101 - - [07/Apr/2016:14:29:55 -0300] "GET /cormun/servlet/trsolicitudot HTTP/1.1" 200 7878
186.103.159.189 - - [07/Apr/2016:14:30:30 -0300] "POST /cormun/servlet/trsolicitudot?eb0bd5c98d4e2fff45c3abd1817c4a1f,gx-no-cache=1460050232782 HTTP/1.1" 200 5499
186.103.159.189 - - [07/Apr/2016:14:30:30 -0300] "GET /cormun/static/Shared/jqueryui/images/ui-bg_highlight-soft_100_c6c2c8_1x100.png HTTP/1.1" 404 1117
186.103.159.189 - - [07/Apr/2016:14:30:30 -0300] "GET /cormun/static/Shared/jqueryui/images/ui-icons_82798d_256x240.png HTTP/1.1" 404 1089
186.103.159.189 - - [07/Apr/2016:14:30:30 -0300] "GET /cormun/static/Shared/jqueryui/images/ui-bg_flat_55_fafafa_40x100.png HTTP/1.1" 404 1097
186.103.159.189 - - [07/Apr/2016:14:30:31 -0300] "GET /cormun/static/Shared/jqueryui/images/ui-icons_8d78a5_256x240.png HTTP/1.1" 404 1089
186.103.159.189 - - [07/Apr/2016:14:30:31 -0300] "POST /cormun/servlet/trsolicitudot?eb0bd5c98d4e2fff45c3abd1817c4a1f,gx-no-cache=1460050244251 HTTP/1.1" 200 5440
186.103.159.189 - - [07/Apr/2016:14:30:35 -0300] "POST /cormun/servlet/trsolicitudot?eb0bd5c98d4e2fff45c3abd1817c4a1f,gx-no-cache=1460050248340 HTTP/1.1" 200 5112
186.103.159.189 - - [07/Apr/2016:14:30:37 -0300] "POST /cormun/servlet/trsolicitudot?eb0bd5c98d4e2fff45c3abd1817c4a1f,gx-no-cache=1460050249884 HTTP/1.1" 200 5053
200.112.233.47 - - [07/Apr/2016:14:30:37 -0300] "GET /cormun/servlet/solicitudot?7fb3e2eb0359de34e82d34e909588076eef2c47b5005eeb3d20d77e703b5fdc2211306088eba2f30ca6d09b9499986d18b5867bc79445b9f67e1fd7b954e58becf4bfc22a3df1bb69325898e1297e0dc2926ffa9c359fc9d058f80fa9b0919b974d9274d339c4b7841f8061883f6a700383c043da01ca4aa6b47cd93c000479fbc00ecd44f9a23ff1c9208b485290fa45544ca7c8bc2507e9fa4b62826034ea6edb30338d3fb0b1998a5fe720955363d,gx-no-cache=1459967305309 HTTP/1.1" 200 30
200.86.98.101 - - [07/Apr/2016:14:30:55 -0300] "POST /cormun/servlet/trsolicitudot?f66c1ea58c7b7976f8cd376cdbc18507,gx-no-cache=1460050276985 HTTP/1.1" 200 3870
200.86.98.101 - - [07/Apr/2016:14:30:55 -0300] "GET /cormun/static/Shared/jqueryui/images/ui-bg_flat_55_fafafa_40x100.png HTTP/1.1" 404 1097
200.86.98.101 - - [07/Apr/2016:14:30:55 -0300] "GET /cormun/static/Shared/jqueryui/images/ui-icons_8d78a5_256x240.png HTTP/1.1" 404 1089
200.86.98.101 - - [07/Apr/2016:14:30:55 -0300] "POST /cormun/servlet/trsolicitudot?f66c1ea58c7b7976f8cd376cdbc18507,gx-no-cache=1460050277336 HTTP/1.1" 200 3705
200.86.98.101 - - [07/Apr/2016:14:31:01 -0300] "GET /cormun/servlet/trautorizarsolicitud? HTTP/1.1" 200 7813
200.86.98.101 - - [07/Apr/2016:14:31:01 -0300] "GET /cormun/static/Resources/Spanish/PXTools.css?19284387 HTTP/1.1" 304 -
200.86.98.101 - - [07/Apr/2016:14:31:01 -0300] "GET /cormun/static/gxcfg.js?201632119361219 HTTP/1.1" 200 953
200.86.98.101 - - [07/Apr/2016:14:31:01 -0300] "GET /cormun/static/trautorizarsolicitud.js?20163211936186 HTTP/1.1" 304 -
200.86.98.101 - - [07/Apr/2016:14:31:02 -0300] "GET /cormun/servlet/trautorizarsolicitud? HTTP/1.1" 200 7813
200.86.98.101 - - [07/Apr/2016:14:31:05 -0300] "POST /cormun/servlet/trautorizarsolicitud?f66c1ea58c7b7976f8cd376cdbc18507,,gx-no-cache=1460050286638 HTTP/1.1" 200 3838
200.86.98.101 - - [07/Apr/2016:14:31:05 -0300] "POST /cormun/servlet/trautorizarsolicitud?f66c1ea58c7b7976f8cd376cdbc18507,,gx-no-cache=1460050286901 HTTP/1.1" 200 3681
200.86.98.101 - - [07/Apr/2016:14:31:17 -0300] "GET /cormun/servlet/trsolicitudot? HTTP/1.1" 200 6564
200.86.98.101 - - [07/Apr/2016:14:31:18 -0300] "GET /cormun/servlet/trsolicitudot? HTTP/1.1" 200 6564
200.112.233.47 - - [07/Apr/2016:14:31:20 -0300] "POST /cormun/servlet/solicitudot?245eb2479d372bb2fa7754969fa9c028,INS,0,0,,gx-no-cache=1459967347711 HTTP/1.1" 200 9479
200.112.233.47 - - [07/Apr/2016:14:31:20 -0300] "GET /cormun/static/Shared/jqueryui/images/ui-bg_flat_55_994d53_40x100.png HTTP/1.1" 404 1097
200.112.233.47 - - [07/Apr/2016:14:31:20 -0300] "GET /cormun/static/Shared/jqueryui/images/ui-icons_ebccce_256x240.png HTTP/1.1" 404 1089
200.86.98.101 - - [07/Apr/2016:14:31:20 -0300] "GET /cormun/servlet/solicitudot?INS,0,0, HTTP/1.1" 200 11778
200.86.98.101 - - [07/Apr/2016:14:31:21 -0300] "GET /cormun/servlet/solicitudot?INS,0,0, HTTP/1.1" 200 11783
200.112.233.47 - - [07/Apr/2016:14:31:23 -0300] "GET /cormun/servlet/prpersonalsolicitud?17139091,,,,,MD,,gxPopupLevel%3D0%3B HTTP/1.1" 200 5417
200.112.233.47 - - [07/Apr/2016:14:31:43 -0300] "GET /cormun/servlet/solicitudot?19085fd4293da6b299c4797b15b9e15dd58bc84f67d1d405d6cf249a080f0d92,gx-no-cache=1459967371430 HTTP/1.1" 200 20
200.112.233.47 - - [07/Apr/2016:14:31:56 -0300] "POST /cormun/servlet/solicitudot?245eb2479d372bb2fa7754969fa9c028,INS,0,0,,gx-no-cache=1459967383550 HTTP/1.1" 200 93
200.112.233.47 - - [07/Apr/2016:14:31:56 -0300] "GET /cormun/servlet/hpexe_return? HTTP/1.1" 200 1001
200.112.233.47 - - [07/Apr/2016:14:31:56 -0300] "GET /cormun/servlet/trsolicitudot HTTP/1.1" 200 8606
200.86.98.101 - - [07/Apr/2016:14:32:00 -0300] "POST /cormun/servlet/solicitudot?gx-no-cache=1460050341622 HTTP/1.1" 200 2772
200.86.98.101 - - [07/Apr/2016:14:32:00 -0300] "POST /cormun/servlet/solicitudot?f66c1ea58c7b7976f8cd376cdbc18507,INS,0,0,,gx-no-cache=1460050341939 HTTP/1.1" 200 8512
108.9.139.156 - - [07/Apr/2016:14:32:03 -0300] "GET / HTTP/1.1" 200 11217
200.86.98.101 - - [07/Apr/2016:14:32:23 -0300] "GET /cormun/servlet/solicitudot?73e552c6a491cf87c1af1312caee49daf7b015846f34c05c9162bf7c9fec91db5d297f472d5a23510d17254611fc75b9,gx-no-cache=1460050365213 HTTP/1.1" 200 30
200.86.98.101 - - [07/Apr/2016:14:32:52 -0300] "POST /cormun/servlet/solicitudot?gx-no-cache=1460050393916 HTTP/1.1" 200 30
200.86.98.101 - - [07/Apr/2016:14:32:55 -0300] "POST /cormun/servlet/solicitudot?gx-no-cache=1460050397006 HTTP/1.1" 200 30
200.112.233.47 - - [07/Apr/2016:14:33:03 -0300] "GET /cormun/servlet/solicitudot?INS,0,0, HTTP/1.1" 200 11650
200.86.98.101 - - [07/Apr/2016:14:33:09 -0300] "POST /cormun/servlet/solicitudot?gx-no-cache=1460050410741 HTTP/1.1" 200 1187
200.86.98.101 - - [07/Apr/2016:14:33:09 -0300] "GET /cormun/servlet/solicitudot?73e552c6a491cf87c1af1312caee49dace72c4392fa69b28817827cd81c8eb6c7df8ffec27c1cbbfcb9ae42869ab2f04cf2e36f5b3585d62f924128ebe5d187e047c8e6f03db002e5eaf5bd26f9b02d9e0c21afaa35f2a63d1ac5b29317807b624278ec3db2b7e5b53b3eccb66b8d550fdd6a568943fe3b27b1dd1caa971ac5bddb66a047beb699357ef79721fb024af,gx-no-cache=1460050410878 HTTP/1.1" 200 38
200.112.233.47 - - [07/Apr/2016:14:33:13 -0300] "POST /cormun/servlet/solicitudot?gx-no-cache=1459967461479 HTTP/1.1" 200 2776
200.112.233.47 - - [07/Apr/2016:14:33:14 -0300] "POST /cormun/servlet/solicitudot?245eb2479d372bb2fa7754969fa9c028,INS,0,0,,gx-no-cache=1459967461768 HTTP/1.1" 200 8466
200.112.233.47 - - [07/Apr/2016:14:33:16 -0300] "GET /cormun/servlet/solicitudot?7fb3e2eb0359de34e82d34e909588076fc4bf289626ff11598a1c430d6f1f658972d2a1feb2e303772e2fd95ebb04f91,gx-no-cache=1459967463705 HTTP/1.1" 200 30
200.112.233.47 - - [07/Apr/2016:14:33:16 -0300] "POST /cormun/servlet/solicitudot?gx-no-cache=1459967463795 HTTP/1.1" 200 30
200.112.233.47 - - [07/Apr/2016:14:33:17 -0300] "POST /cormun/servlet/solicitudot?gx-no-cache=1459967465457 HTTP/1.1" 200 30
200.112.233.47 - - [07/Apr/2016:14:33:20 -0300] "POST /cormun/servlet/solicitudot?gx-no-cache=1459967467857 HTTP/1.1" 200 1187
200.112.233.47 - - [07/Apr/2016:14:33:20 -0300] "GET /cormun/servlet/solicitudot?7fb3e2eb0359de34e82d34e909588076c8d17d3a601a3836a390c1442b55beae69fa1b965d1f0385dcb81aa4488f9604c2a0e93ffe871ac23b0dbb6aa4ff4640d3272a54aa9fbe8c08e784b3cae614844a17dc73165c0b25569899621e37fbf13ebffbcde9bd59029693d2982c759dbe67f48388748b48b29a8b6c77003b102a513deb17fbe0aa8663ad7852561a627b,gx-no-cache=1459967468009 HTTP/1.1" 200 38
186.103.158.250 - - [07/Apr/2016:14:33:23 -0300] "GET /cormun/servlet/hlogin HTTP/1.1" 200 1719
186.103.158.250 - - [07/Apr/2016:14:33:23 -0300] "GET /cormun/static/gxcfg.js?20151120045111 HTTP/1.1" 304 -
186.103.158.250 - - [07/Apr/2016:14:33:24 -0300] "GET /cormun/static/messages.spa.js?85251 HTTP/1.1" 304 -
200.112.233.47 - - [07/Apr/2016:14:33:29 -0300] "GET /cormun/servlet/solicitudot?7fb3e2eb0359de34e82d34e909588076ecf01974f258cbada2e68b03559304eff4157b9ba8fd439b07d6e6bdf3d360abfc3956b7e47b1249d48dc910e6903fb7edff6d8446cce22c433e5555a2867d16b1d92e84af4f873ac19bfafb5982a5eeefe1b1664fd72bf259bca3f642326d42ed81acca21b323c8ccbe0ee9d087fbeaddf99ae00acb1811ff78998549bb10825ba529db3584e3589ec785c164e40451,gx-no-cache=1459967477507 HTTP/1.1" 200 29
200.112.233.47 - - [07/Apr/2016:14:33:29 -0300] "POST /cormun/servlet/solicitudot?gx-no-cache=1459967477571 HTTP/1.1" 200 1143
200.86.98.101 - - [07/Apr/2016:14:33:33 -0300] "GET /cormun/servlet/solicitudot?73e552c6a491cf87c1af1312caee49dab483111892bcf4c63b50b8425494b8be76afdb7d7b2115bd323bf5919bb9fcbc45bff0f7d489c4078be6af78fc3d7cf572f3b7e49c6f933757b22663df2cd47f0ffe7c7dbecd0eee0f41c7c33e60403bd94e0b008f4983a35e67ce2712d0322a932701d2f99b29c68a84b7c530cd7802e9d519f769afbda689398d900663918ac583080c6b3148c74d9725ed576fd75e,gx-no-cache=1460050435309 HTTP/1.1" 200 29
200.86.98.101 - - [07/Apr/2016:14:33:33 -0300] "POST /cormun/servlet/solicitudot?gx-no-cache=1460050435433 HTTP/1.1" 200 1144
186.103.158.250 - - [07/Apr/2016:14:33:40 -0300] "POST /cormun/servlet/hlogin?5fd4394986b3518fbc97d12f78dcaa72,gx-no-cache=1460050443374 HTTP/1.1" 200 90
186.103.158.250 - - [07/Apr/2016:14:33:40 -0300] "GET /cormun/servlet/hpexe_link HTTP/1.1" 200 952
186.103.158.250 - - [07/Apr/2016:14:33:40 -0300] "GET /cormun/static/gxcfg.js?20151120044395 HTTP/1.1" 304 -
186.103.158.250 - - [07/Apr/2016:14:33:40 -0300] "GET /cormun/servlet/hhome HTTP/1.1" 200 3525
200.112.233.47 - - [07/Apr/2016:14:33:40 -0300] "GET /cormun/servlet/solicitudot?7fb3e2eb0359de34e82d34e9095880763e36df2d18825d64f823cdedc228e95acedf497254fcfa70e5bae3a7bf768188d9ac2261925543ffa6d030de98d5decf2d378bf560e1c69d13f7119affb99f6cb622ca7c4a5ae829d1dd1cb19c1e63105cbba6169516514af96aa8cb4f0a176a06dd72a776e2a73dfd08cc5bae8db76c44b68464b48459a045af65f870f14f0b01435cb4e178005733b2ba2c9d80fc3eef2594ef89d2bdedaba6559dea3e68da,gx-no-cache=1459967488157 HTTP/1.1" 200 30
186.103.158.250 - - [07/Apr/2016:14:33:40 -0300] "GET /cormun/static/gxcfg.js?2015112210564248 HTTP/1.1" 304 -
186.103.158.250 - - [07/Apr/2016:14:33:47 -0300] "GET /cormun/servlet/hhome HTTP/1.1" 200 3524
186.103.158.250 - - [07/Apr/2016:14:34:07 -0300] "GET /cormun/servlet/hlogin HTTP/1.1" 200 1710
200.112.233.47 - - [07/Apr/2016:14:34:20 -0300] "POST /cormun/servlet/solicitudot?gx-no-cache=1459967528028 HTTP/1.1" 200 30
186.103.158.250 - - [07/Apr/2016:14:34:24 -0300] "POST /cormun/servlet/hlogin?b26333697141bc95fe67d48ef62fc785,gx-no-cache=1460050487659 HTTP/1.1" 200 90
186.103.158.250 - - [07/Apr/2016:14:34:24 -0300] "GET /cormun/servlet/hpexe_link HTTP/1.1" 200 945
186.103.158.250 - - [07/Apr/2016:14:34:24 -0300] "GET /cormun/static/hpexe_link.js?20151120044398 HTTP/1.1" 304 -
186.103.158.250 - - [07/Apr/2016:14:34:24 -0300] "GET /cormun/servlet/hhome HTTP/1.1" 200 3480
186.103.158.250 - - [07/Apr/2016:14:34:27 -0300] "GET /cormun/servlet/hhome HTTP/1.1" 200 3477
200.112.233.47 - - [07/Apr/2016:14:34:30 -0300] "POST /cormun/servlet/solicitudot?gx-no-cache=1459967538113 HTTP/1.1" 200 1187
200.112.233.47 - - [07/Apr/2016:14:34:30 -0300] "GET /cormun/servlet/solicitudot?7fb3e2eb0359de34e82d34e909588076c8d17d3a601a3836a390c1442b55beae69fa1b965d1f0385dcb81aa4488f9604c2a0e93ffe871ac23b0dbb6aa4ff4640d3272a54aa9fbe8c08e784b3cae614844a17dc73165c0b25569899621e37fbf13ebffbcde9bd59029693d2982c759dbe67f48388748b48b29a8b6c77003b102a2ffdcc50cfe56385cc09ef5201577a27f17546a7311135bd2a3bcaff6ab5e81a,gx-no-cache=1459967538223 HTTP/1.1" 200 41
200.112.233.47 - - [07/Apr/2016:14:34:30 -0300] "POST /cormun/servlet/solicitudot?gx-no-cache=1459967538288 HTTP/1.1" 200 1143
200.112.233.47 - - [07/Apr/2016:14:34:30 -0300] "GET /cormun/servlet/solicitudot?7fb3e2eb0359de34e82d34e9095880763e36df2d18825d64f823cdedc228e95a66c5847fbe1d4af3d17caa0fcad3e7506fa3d7d7b071ecc63afc64600227b3ccf4f65fad11a44887eb9812da787f348f88e9c584484a7556bb3056ade199b9b43b38bff634b321bf3adf25195ee24f30a8b1e58a9fc7ae4660889a98ae5bbeda5c453e6069891d658af820576e529e1c8afba919abe42df330b1318fa698b88039a385ea1b65ba5a1fb1f4e05f268780,gx-no-cache=1459967538393 HTTP/1.1" 200 30
200.112.233.47 - - [07/Apr/2016:14:34:31 -0300] "POST /cormun/servlet/solicitudot?245eb2479d372bb2fa7754969fa9c028,INS,0,0,,gx-no-cache=1459967538447 HTTP/1.1" 200 93
200.112.233.47 - - [07/Apr/2016:14:34:31 -0300] "GET /cormun/servlet/hpexe_return? HTTP/1.1" 200 1001
200.112.233.47 - - [07/Apr/2016:14:34:31 -0300] "GET /cormun/servlet/trsolicitudot HTTP/1.1" 200 8881
186.103.158.250 - - [07/Apr/2016:14:34:32 -0300] "GET /cormun/servlet/trsolicitudot? HTTP/1.1" 200 6392
186.103.158.250 - - [07/Apr/2016:14:34:32 -0300] "GET /cormun/static/calendar-system.css?85620 HTTP/1.1" 200 5572
186.103.158.250 - - [07/Apr/2016:14:34:32 -0300] "GET /cormun/static/gxui/gxui-all.css?120300 HTTP/1.1" 200 2179
186.103.158.250 - - [07/Apr/2016:14:34:32 -0300] "GET /cormun/static/gxcfg.js?201631022392470 HTTP/1.1" 200 953
186.103.158.250 - - [07/Apr/2016:14:34:32 -0300] "GET /cormun/static/Resources/Spanish/PXTools.css?2139548 HTTP/1.1" 200 89042
186.103.158.250 - - [07/Apr/2016:14:34:32 -0300] "GET /cormun/static/Shared/ext/resources/css/ext-all.css?215870 HTTP/1.1" 200 416045
186.103.158.250 - - [07/Apr/2016:14:34:32 -0300] "GET /cormun/static/trsolicitudot.js?201631022393178 HTTP/1.1" 200 44568
186.103.158.250 - - [07/Apr/2016:14:34:32 -0300] "GET /cormun/static/calendar.js?85251 HTTP/1.1" 304 -
186.103.158.250 - - [07/Apr/2016:14:34:32 -0300] "GET /cormun/static/Resources/PXToolsGridNew.png HTTP/1.1" 200 2949
186.103.158.250 - - [07/Apr/2016:14:34:33 -0300] "GET /cormun/static/calendar-setup.js?85251 HTTP/1.1" 304 -
186.103.158.250 - - [07/Apr/2016:14:34:33 -0300] "GET /cormun/static/calendar-es.js?85251 HTTP/1.1" 304 -
186.103.158.250 - - [07/Apr/2016:14:34:34 -0300] "GET /cormun/static/gxdec.js?85251 HTTP/1.1" 304 -
186.103.158.250 - - [07/Apr/2016:14:34:36 -0300] "GET /cormun/servlet/trsolicitudot? HTTP/1.1" 200 6391
200.112.233.47 - - [07/Apr/2016:14:34:44 -0300] "GET /cormun/servlet/solicitudot?INS,0,0, HTTP/1.1" 200 11649
186.103.158.250 - - [07/Apr/2016:14:34:50 -0300] "GET /cormun/static/menuarrow.gif HTTP/1.1" 404 1015
200.112.233.47 - - [07/Apr/2016:14:34:55 -0300] "POST /cormun/servlet/solicitudot?gx-no-cache=1459967563119 HTTP/1.1" 200 2776
200.112.233.47 - - [07/Apr/2016:14:34:55 -0300] "POST /cormun/servlet/solicitudot?245eb2479d372bb2fa7754969fa9c028,INS,0,0,,gx-no-cache=1459967563348 HTTP/1.1" 200 8460
200.112.233.47 - - [07/Apr/2016:14:34:57 -0300] "GET /cormun/servlet/solicitudot?7fb3e2eb0359de34e82d34e9095880761b4c31f8f344989911b9bec726fff0fe84872651bc311254cd185760fc34244c,gx-no-cache=1459967565138 HTTP/1.1" 200 30
200.112.233.47 - - [07/Apr/2016:14:34:57 -0300] "POST /cormun/servlet/solicitudot?gx-no-cache=1459967565219 HTTP/1.1" 200 30
200.112.233.47 - - [07/Apr/2016:14:35:00 -0300] "POST /cormun/servlet/solicitudot?gx-no-cache=1459967567907 HTTP/1.1" 200 30
200.112.233.47 - - [07/Apr/2016:14:35:08 -0300] "POST /cormun/servlet/solicitudot?gx-no-cache=1459967576434 HTTP/1.1" 200 1187
200.112.233.47 - - [07/Apr/2016:14:35:08 -0300] "GET /cormun/servlet/solicitudot?7fb3e2eb0359de34e82d34e909588076c8d17d3a601a3836a390c1442b55beae69fa1b965d1f0385dcb81aa4488f9604c2a0e93ffe871ac23b0dbb6aa4ff4640d3272a54aa9fbe8c08e784b3cae614844a17dc73165c0b25569899621e37fbf13ebffbcde9bd59029693d2982c759dbe67f48388748b48b29a8b6c77003b102a513deb17fbe0aa8663ad7852561a627b,gx-no-cache=1459967576536 HTTP/1.1" 200 38
200.112.233.47 - - [07/Apr/2016:14:35:13 -0300] "GET /cormun/servlet/solicitudot?7fb3e2eb0359de34e82d34e909588076ecf01974f258cbada2e68b03559304eff4157b9ba8fd439b07d6e6bdf3d360abfc3956b7e47b1249d48dc910e6903fb7edff6d8446cce22c433e5555a2867d16b1d92e84af4f873ac19bfafb5982a5eeefe1b1664fd72bf259bca3f642326d42ed81acca21b323c8ccbe0ee9d087fbeaddf99ae00acb1811ff78998549bb10825ba529db3584e3589ec785c164e40451,gx-no-cache=1459967581499 HTTP/1.1" 200 29
200.112.233.47 - - [07/Apr/2016:14:35:13 -0300] "POST /cormun/servlet/solicitudot?gx-no-cache=1459967581560 HTTP/1.1" 200 1143
200.86.98.101 - - [07/Apr/2016:14:35:17 -0300] "POST /cormun/servlet/solicitudot?gx-no-cache=1460050539352 HTTP/1.1" 200 30
200.86.98.101 - - [07/Apr/2016:14:35:17 -0300] "POST /cormun/servlet/solicitudot?gx-no-cache=1460050539491 HTTP/1.1" 200 30
200.86.98.101 - - [07/Apr/2016:14:35:17 -0300] "POST /cormun/servlet/solicitudot?gx-no-cache=1460050539577 HTTP/1.1" 200 1187
200.86.98.101 - - [07/Apr/2016:14:35:18 -0300] "GET /cormun/servlet/solicitudot?73e552c6a491cf87c1af1312caee49dace72c4392fa69b28817827cd81c8eb6c7df8ffec27c1cbbfcb9ae42869ab2f04cf2e36f5b3585d62f924128ebe5d187e047c8e6f03db002e5eaf5bd26f9b02d9e0c21afaa35f2a63d1ac5b29317807b624278ec3db2b7e5b53b3eccb66b8d550fdd6a568943fe3b27b1dd1caa971ac5bddb66a047beb699357ef79721fb024af,gx-no-cache=1460050539692 HTTP/1.1" 200 38
200.86.98.101 - - [07/Apr/2016:14:35:18 -0300] "POST /cormun/servlet/solicitudot?gx-no-cache=1460050539744 HTTP/1.1" 200 1144
200.86.98.101 - - [07/Apr/2016:14:35:19 -0300] "POST /cormun/servlet/solicitudot?gx-no-cache=1460050541503 HTTP/1.1" 200 30
200.86.98.101 - - [07/Apr/2016:14:35:19 -0300] "POST /cormun/servlet/solicitudot?gx-no-cache=1460050541563 HTTP/1.1" 200 30
200.86.98.101 - - [07/Apr/2016:14:35:19 -0300] "POST /cormun/servlet/solicitudot?gx-no-cache=1460050541619 HTTP/1.1" 200 1187
200.86.98.101 - - [07/Apr/2016:14:35:20 -0300] "GET /cormun/servlet/solicitudot?73e552c6a491cf87c1af1312caee49dace72c4392fa69b28817827cd81c8eb6c7df8ffec27c1cbbfcb9ae42869ab2f04cf2e36f5b3585d62f924128ebe5d187e047c8e6f03db002e5eaf5bd26f9b02d9e0c21afaa35f2a63d1ac5b29317807b624278ec3db2b7e5b53b3eccb66b8d550fdd6a568943fe3b27b1dd1caa971ac5bddb66a047beb699357ef79721fb024af,gx-no-cache=1460050541715 HTTP/1.1" 200 38
200.86.98.101 - - [07/Apr/2016:14:35:20 -0300] "POST /cormun/servlet/solicitudot?gx-no-cache=1460050541765 HTTP/1.1" 200 1144
200.86.98.101 - - [07/Apr/2016:14:35:25 -0300] "GET /cormun/servlet/solicitudot?73e552c6a491cf87c1af1312caee49da45f8729bc619387f970b366b852e817d10a1ae2d4f3b7b04a6248e8ff5cd82ea2b9ade3d27ae70dac317d35449e790761e51de1e67c8613173114dc70fd19cf1ae25ec7f44d544180ea716809bdead5d086f2a8fc875dee4ae4bfab8a91ecc8f4827d407ee168da0d63843d7c0bef9913c8ed09bd0c58b82c27e9749924e4b2d2371f9fd0d78e02a2a0348062cb92b332e42d8fba89a13c144bdddbfeeb4fe40,gx-no-cache=1460050547330 HTTP/1.1" 200 30
200.112.233.47 - - [07/Apr/2016:14:35:26 -0300] "GET /cormun/servlet/solicitudot?7fb3e2eb0359de34e82d34e9095880766b59dd380fc546908da45d3dc631adccd9d9eabab45c60bf89ef2b71d44ca4586fa3d7d7b071ecc63afc64600227b3ccf4f65fad11a44887eb9812da787f348f88e9c584484a7556bb3056ade199b9b43b38bff634b321bf3adf25195ee24f30a8b1e58a9fc7ae4660889a98ae5bbeda5c453e6069891d658af820576e529e1c8afba919abe42df330b1318fa698b88039a385ea1b65ba5a1fb1f4e05f268780,gx-no-cache=1459967594371 HTTP/1.1" 200 30
200.112.233.47 - - [07/Apr/2016:14:35:58 -0300] "POST /cormun/servlet/solicitudot?245eb2479d372bb2fa7754969fa9c028,INS,0,0,,gx-no-cache=1459967626274 HTTP/1.1" 200 93
200.112.233.47 - - [07/Apr/2016:14:35:58 -0300] "GET /cormun/servlet/hpexe_return? HTTP/1.1" 200 1001
200.112.233.47 - - [07/Apr/2016:14:35:59 -0300] "GET /cormun/servlet/trsolicitudot HTTP/1.1" 200 9144
200.112.233.47 - - [07/Apr/2016:14:36:05 -0300] "POST /cormun/servlet/trsolicitudot?245eb2479d372bb2fa7754969fa9c028,gx-no-cache=1459967632888 HTTP/1.1" 200 105
200.112.233.47 - - [07/Apr/2016:14:36:05 -0300] "GET /cormun/servlet/solicitudot?UPD,2016,1260, HTTP/1.1" 200 12937
200.112.233.47 - - [07/Apr/2016:14:36:07 -0300] "POST /cormun/servlet/solicitudot?gx-no-cache=1459967635210 HTTP/1.1" 200 2776
200.112.233.47 - - [07/Apr/2016:14:36:07 -0300] "POST /cormun/servlet/solicitudot?245eb2479d372bb2fa7754969fa9c028,UPD,2016,1260,,gx-no-cache=1459967635447 HTTP/1.1" 200 9190
200.112.233.47 - - [07/Apr/2016:14:36:08 -0300] "GET /cormun/servlet/solicitudot?7fb3e2eb0359de34e82d34e9095880761b4c31f8f344989911b9bec726fff0fe15563971b7214b09be224008b400020e,gx-no-cache=1459967635787 HTTP/1.1" 200 30
200.112.233.47 - - [07/Apr/2016:14:36:08 -0300] "POST /cormun/servlet/solicitudot?gx-no-cache=1459967635853 HTTP/1.1" 200 30
200.112.233.47 - - [07/Apr/2016:14:36:08 -0300] "POST /cormun/servlet/solicitudot?gx-no-cache=1459967635893 HTTP/1.1" 200 30
200.112.233.47 - - [07/Apr/2016:14:36:08 -0300] "POST /cormun/servlet/solicitudot?gx-no-cache=1459967635987 HTTP/1.1" 200 1187
200.112.233.47 - - [07/Apr/2016:14:36:08 -0300] "GET /cormun/servlet/solicitudot?7fb3e2eb0359de34e82d34e909588076c8d17d3a601a3836a390c1442b55beae69fa1b965d1f0385dcb81aa4488f9604c2a0e93ffe871ac23b0dbb6aa4ff4640d3272a54aa9fbe8c08e784b3cae614844a17dc73165c0b25569899621e37fbf13ebffbcde9bd59029693d2982c759dbe67f48388748b48b29a8b6c77003b102a2ffdcc50cfe56385cc09ef5201577a27f17546a7311135bd2a3bcaff6ab5e81a,gx-no-cache=1459967636086 HTTP/1.1" 200 41
200.112.233.47 - - [07/Apr/2016:14:36:13 -0300] "GET /cormun/servlet/solicitudot?7fb3e2eb0359de34e82d34e909588076048bfee5309d6c65ec4b47a599b8710fb91bf912cf8faaecca80a44a7416081a4022fa71eba445b8067d087eca6a5ea448253a76f22b7abdc8ceff93b23a848b01fdb6e4df5a4ec39209eaee8ce1b02ea142840e4f6b6160cecbee0b0091a112a8b1e58a9fc7ae4660889a98ae5bbeda8d4ed1c998a134d3ad02b5486516d8662dcd23722dcb1ead6ec36cf0d7329ffc,gx-no-cache=1459967640617 HTTP/1.1" 200 29
200.112.233.47 - - [07/Apr/2016:14:36:13 -0300] "POST /cormun/servlet/solicitudot?gx-no-cache=1459967640731 HTTP/1.1" 200 1143
200.112.233.47 - - [07/Apr/2016:14:36:19 -0300] "GET /cormun/servlet/solicitudot?7fb3e2eb0359de34e82d34e9095880766b59dd380fc546908da45d3dc631adccd9d9eabab45c60bf89ef2b71d44ca4586fa3d7d7b071ecc63afc64600227b3ccf4f65fad11a44887eb9812da787f348f88e9c584484a7556bb3056ade199b9b43b38bff634b321bf3adf25195ee24f30a8b1e58a9fc7ae4660889a98ae5bbeda5c453e6069891d658af820576e529e1c8afba919abe42df330b1318fa698b88033dc931874ae7a1b38d6d55992600040,gx-no-cache=1459967646797 HTTP/1.1" 200 32
200.112.233.47 - - [07/Apr/2016:14:36:19 -0300] "POST /cormun/servlet/solicitudot?245eb2479d372bb2fa7754969fa9c028,UPD,2016,1260,,gx-no-cache=1459967646851 HTTP/1.1" 200 93
200.112.233.47 - - [07/Apr/2016:14:36:19 -0300] "GET /cormun/servlet/hpexe_return? HTTP/1.1" 200 1007
200.112.233.47 - - [07/Apr/2016:14:36:19 -0300] "GET /cormun/servlet/trsolicitudot HTTP/1.1" 200 9144
200.112.233.47 - - [07/Apr/2016:14:36:24 -0300] "POST /cormun/servlet/trsolicitudot?245eb2479d372bb2fa7754969fa9c028,gx-no-cache=1459967652326 HTTP/1.1" 200 105
200.112.233.47 - - [07/Apr/2016:14:36:24 -0300] "GET /cormun/servlet/solicitudot?UPD,2016,1259, HTTP/1.1" 200 12953
200.112.233.47 - - [07/Apr/2016:14:36:26 -0300] "POST /cormun/servlet/solicitudot?gx-no-cache=1459967654317 HTTP/1.1" 200 2776
200.112.233.47 - - [07/Apr/2016:14:36:27 -0300] "POST /cormun/servlet/solicitudot?245eb2479d372bb2fa7754969fa9c028,UPD,2016,1259,,gx-no-cache=1459967654575 HTTP/1.1" 200 9201
200.112.233.47 - - [07/Apr/2016:14:36:27 -0300] "GET /cormun/servlet/solicitudot?7fb3e2eb0359de34e82d34e909588076fc4bf289626ff11598a1c430d6f1f6586d7ad045e40f0935e868bcceb5e54157,gx-no-cache=1459967655353 HTTP/1.1" 200 30
200.112.233.47 - - [07/Apr/2016:14:36:27 -0300] "POST /cormun/servlet/solicitudot?gx-no-cache=1459967655417 HTTP/1.1" 200 30
200.112.233.47 - - [07/Apr/2016:14:36:27 -0300] "POST /cormun/servlet/solicitudot?gx-no-cache=1459967655458 HTTP/1.1" 200 30
200.112.233.47 - - [07/Apr/2016:14:36:27 -0300] "POST /cormun/servlet/solicitudot?gx-no-cache=1459967655550 HTTP/1.1" 200 1187
200.112.233.47 - - [07/Apr/2016:14:36:28 -0300] "GET /cormun/servlet/solicitudot?7fb3e2eb0359de34e82d34e909588076c8d17d3a601a3836a390c1442b55beae69fa1b965d1f0385dcb81aa4488f9604c2a0e93ffe871ac23b0dbb6aa4ff4640d3272a54aa9fbe8c08e784b3cae614844a17dc73165c0b25569899621e37fbf13ebffbcde9bd59029693d2982c759dbe67f48388748b48b29a8b6c77003b102a2ffdcc50cfe56385cc09ef5201577a27f17546a7311135bd2a3bcaff6ab5e81a,gx-no-cache=1459967655685 HTTP/1.1" 200 41
200.112.233.47 - - [07/Apr/2016:14:36:31 -0300] "GET /cormun/servlet/solicitudot?7fb3e2eb0359de34e82d34e909588076048bfee5309d6c65ec4b47a599b8710fb91bf912cf8faaecca80a44a7416081a4022fa71eba445b8067d087eca6a5ea448253a76f22b7abdc8ceff93b23a848b01fdb6e4df5a4ec39209eaee8ce1b02ea142840e4f6b6160cecbee0b0091a112a8b1e58a9fc7ae4660889a98ae5bbeda8d4ed1c998a134d3ad02b5486516d8662dcd23722dcb1ead6ec36cf0d7329ffc,gx-no-cache=1459967658905 HTTP/1.1" 200 29
200.112.233.47 - - [07/Apr/2016:14:36:31 -0300] "POST /cormun/servlet/solicitudot?gx-no-cache=1459967658960 HTTP/1.1" 200 1143
200.112.233.47 - - [07/Apr/2016:14:36:39 -0300] "GET /cormun/servlet/solicitudot?7fb3e2eb0359de34e82d34e9095880763e36df2d18825d64f823cdedc228e95a66c5847fbe1d4af3d17caa0fcad3e7506fa3d7d7b071ecc63afc64600227b3ccf4f65fad11a44887eb9812da787f348f88e9c584484a7556bb3056ade199b9b43b38bff634b321bf3adf25195ee24f30a8b1e58a9fc7ae4660889a98ae5bbeda5c453e6069891d658af820576e529e1c8afba919abe42df330b1318fa698b88033dc931874ae7a1b38d6d55992600040,gx-no-cache=1459967666611 HTTP/1.1" 200 32
200.112.233.47 - - [07/Apr/2016:14:36:39 -0300] "POST /cormun/servlet/solicitudot?245eb2479d372bb2fa7754969fa9c028,UPD,2016,1259,,gx-no-cache=1459967666665 HTTP/1.1" 200 93
200.112.233.47 - - [07/Apr/2016:14:36:39 -0300] "GET /cormun/servlet/hpexe_return? HTTP/1.1" 200 1006
200.112.233.47 - - [07/Apr/2016:14:36:39 -0300] "GET /cormun/servlet/trsolicitudot HTTP/1.1" 200 9144
200.112.233.47 - - [07/Apr/2016:14:36:43 -0300] "POST /cormun/servlet/trsolicitudot?245eb2479d372bb2fa7754969fa9c028,gx-no-cache=1459967670688 HTTP/1.1" 200 105
200.112.233.47 - - [07/Apr/2016:14:36:43 -0300] "GET /cormun/servlet/solicitudot?UPD,2016,1259, HTTP/1.1" 200 12953
200.86.98.101 - - [07/Apr/2016:14:36:44 -0300] "POST /cormun/servlet/solicitudot?f66c1ea58c7b7976f8cd376cdbc18507,INS,0,0,,gx-no-cache=1460050626248 HTTP/1.1" 200 9468
200.112.233.47 - - [07/Apr/2016:14:36:45 -0300] "POST /cormun/servlet/solicitudot?gx-no-cache=1459967672845 HTTP/1.1" 200 2776
200.112.233.47 - - [07/Apr/2016:14:36:45 -0300] "POST /cormun/servlet/solicitudot?245eb2479d372bb2fa7754969fa9c028,UPD,2016,1259,,gx-no-cache=1459967673059 HTTP/1.1" 200 9201
200.112.233.47 - - [07/Apr/2016:14:36:45 -0300] "GET /cormun/servlet/solicitudot?7fb3e2eb0359de34e82d34e909588076fc4bf289626ff11598a1c430d6f1f6586d7ad045e40f0935e868bcceb5e54157,gx-no-cache=1459967673402 HTTP/1.1" 200 30
200.112.233.47 - - [07/Apr/2016:14:36:45 -0300] "POST /cormun/servlet/solicitudot?gx-no-cache=1459967673467 HTTP/1.1" 200 30
200.112.233.47 - - [07/Apr/2016:14:36:45 -0300] "POST /cormun/servlet/solicitudot?gx-no-cache=1459967673507 HTTP/1.1" 200 30
200.112.233.47 - - [07/Apr/2016:14:36:46 -0300] "POST /cormun/servlet/solicitudot?gx-no-cache=1459967673600 HTTP/1.1" 200 1187
200.112.233.47 - - [07/Apr/2016:14:36:46 -0300] "GET /cormun/servlet/solicitudot?7fb3e2eb0359de34e82d34e909588076c8d17d3a601a3836a390c1442b55beae69fa1b965d1f0385dcb81aa4488f9604c2a0e93ffe871ac23b0dbb6aa4ff4640d3272a54aa9fbe8c08e784b3cae614844a17dc73165c0b25569899621e37fbf13ebffbcde9bd59029693d2982c759dbe67f48388748b48b29a8b6c77003b102a2ffdcc50cfe56385cc09ef5201577a27f17546a7311135bd2a3bcaff6ab5e81a,gx-no-cache=1459967673700 HTTP/1.1" 200 41
200.86.98.101 - - [07/Apr/2016:14:36:47 -0300] "POST /cormun/servlet/solicitudot?f66c1ea58c7b7976f8cd376cdbc18507,INS,0,0,,gx-no-cache=1460050628628 HTTP/1.1" 200 9517
200.86.98.101 - - [07/Apr/2016:14:36:48 -0300] "POST /cormun/servlet/solicitudot?f66c1ea58c7b7976f8cd376cdbc18507,INS,0,0,,gx-no-cache=1460050629579 HTTP/1.1" 200 9569
200.86.98.101 - - [07/Apr/2016:14:36:48 -0300] "POST /cormun/servlet/solicitudot?f66c1ea58c7b7976f8cd376cdbc18507,INS,0,0,,gx-no-cache=1460050630145 HTTP/1.1" 200 9612
200.86.98.101 - - [07/Apr/2016:14:36:49 -0300] "POST /cormun/servlet/solicitudot?f66c1ea58c7b7976f8cd376cdbc18507,INS,0,0,,gx-no-cache=1460050630517 HTTP/1.1" 200 9660
200.86.98.101 - - [07/Apr/2016:14:36:49 -0300] "POST /cormun/servlet/solicitudot?f66c1ea58c7b7976f8cd376cdbc18507,INS,0,0,,gx-no-cache=1460050630921 HTTP/1.1" 200 9700
200.86.98.101 - - [07/Apr/2016:14:36:50 -0300] "POST /cormun/servlet/solicitudot?f66c1ea58c7b7976f8cd376cdbc18507,INS,0,0,,gx-no-cache=1460050631321 HTTP/1.1" 200 9757
200.86.98.101 - - [07/Apr/2016:14:36:51 -0300] "POST /cormun/servlet/solicitudot?f66c1ea58c7b7976f8cd376cdbc18507,INS,0,0,,gx-no-cache=1460050633446 HTTP/1.1" 200 9796
200.86.98.101 - - [07/Apr/2016:14:36:52 -0300] "POST /cormun/servlet/solicitudot?f66c1ea58c7b7976f8cd376cdbc18507,INS,0,0,,gx-no-cache=1460050633743 HTTP/1.1" 200 9848
200.86.98.101 - - [07/Apr/2016:14:36:52 -0300] "POST /cormun/servlet/solicitudot?f66c1ea58c7b7976f8cd376cdbc18507,INS,0,0,,gx-no-cache=1460050634312 HTTP/1.1" 200 9906
200.86.98.101 - - [07/Apr/2016:14:36:53 -0300] "POST /cormun/servlet/solicitudot?f66c1ea58c7b7976f8cd376cdbc18507,INS,0,0,,gx-no-cache=1460050634905 HTTP/1.1" 200 9978
200.112.233.47 - - [07/Apr/2016:14:36:56 -0300] "GET /cormun/servlet/solicitudot?7fb3e2eb0359de34e82d34e909588076048bfee5309d6c65ec4b47a599b8710fb91bf912cf8faaecca80a44a7416081a4022fa71eba445b8067d087eca6a5ea448253a76f22b7abdc8ceff93b23a848b01fdb6e4df5a4ec39209eaee8ce1b02ea142840e4f6b6160cecbee0b0091a112a8b1e58a9fc7ae4660889a98ae5bbeda8d4ed1c998a134d3ad02b5486516d8662dcd23722dcb1ead6ec36cf0d7329ffc,gx-no-cache=1459967684024 HTTP/1.1" 200 29
200.112.233.47 - - [07/Apr/2016:14:36:56 -0300] "POST /cormun/servlet/solicitudot?gx-no-cache=1459967684083 HTTP/1.1" 200 1143
200.86.98.101 - - [07/Apr/2016:14:36:59 -0300] "POST /cormun/servlet/solicitudot?f66c1ea58c7b7976f8cd376cdbc18507,INS,0,0,,gx-no-cache=1460050641471 HTTP/1.1" 200 10009
200.86.98.101 - - [07/Apr/2016:14:37:00 -0300] "POST /cormun/servlet/solicitudot?f66c1ea58c7b7976f8cd376cdbc18507,INS,0,0,,gx-no-cache=1460050642002 HTTP/1.1" 200 10042
200.86.98.101 - - [07/Apr/2016:14:37:01 -0300] "POST /cormun/servlet/solicitudot?f66c1ea58c7b7976f8cd376cdbc18507,INS,0,0,,gx-no-cache=1460050642628 HTTP/1.1" 200 10076
200.86.98.101 - - [07/Apr/2016:14:37:01 -0300] "POST /cormun/servlet/solicitudot?f66c1ea58c7b7976f8cd376cdbc18507,INS,0,0,,gx-no-cache=1460050643093 HTTP/1.1" 200 10108
200.86.98.101 - - [07/Apr/2016:14:37:02 -0300] "POST /cormun/servlet/solicitudot?f66c1ea58c7b7976f8cd376cdbc18507,INS,0,0,,gx-no-cache=1460050643517 HTTP/1.1" 200 10237
200.86.98.101 - - [07/Apr/2016:14:37:02 -0300] "POST /cormun/servlet/solicitudot?f66c1ea58c7b7976f8cd376cdbc18507,INS,0,0,,gx-no-cache=1460050643846 HTTP/1.1" 200 10289
200.86.98.101 - - [07/Apr/2016:14:37:02 -0300] "POST /cormun/servlet/solicitudot?f66c1ea58c7b7976f8cd376cdbc18507,INS,0,0,,gx-no-cache=1460050644152 HTTP/1.1" 200 10317
200.86.98.101 - - [07/Apr/2016:14:37:03 -0300] "POST /cormun/servlet/solicitudot?f66c1ea58c7b7976f8cd376cdbc18507,INS,0,0,,gx-no-cache=1460050644535 HTTP/1.1" 200 10348
200.86.98.101 - - [07/Apr/2016:14:37:03 -0300] "POST /cormun/servlet/solicitudot?f66c1ea58c7b7976f8cd376cdbc18507,INS,0,0,,gx-no-cache=1460050644894 HTTP/1.1" 200 10395
200.86.98.101 - - [07/Apr/2016:14:37:03 -0300] "POST /cormun/servlet/solicitudot?f66c1ea58c7b7976f8cd376cdbc18507,INS,0,0,,gx-no-cache=1460050645453 HTTP/1.1" 200 10454
200.86.98.101 - - [07/Apr/2016:14:37:04 -0300] "POST /cormun/servlet/solicitudot?f66c1ea58c7b7976f8cd376cdbc18507,INS,0,0,,gx-no-cache=1460050645857 HTTP/1.1" 200 10503
200.86.98.101 - - [07/Apr/2016:14:37:04 -0300] "POST /cormun/servlet/solicitudot?f66c1ea58c7b7976f8cd376cdbc18507,INS,0,0,,gx-no-cache=1460050646383 HTTP/1.1" 200 10557
200.86.98.101 - - [07/Apr/2016:14:37:05 -0300] "POST /cormun/servlet/solicitudot?f66c1ea58c7b7976f8cd376cdbc18507,INS,0,0,,gx-no-cache=1460050646802 HTTP/1.1" 200 10610
200.112.233.47 - - [07/Apr/2016:14:37:05 -0300] "GET /cormun/servlet/solicitudot?7fb3e2eb0359de34e82d34e9095880763e36df2d18825d64f823cdedc228e95a66c5847fbe1d4af3d17caa0fcad3e7506fa3d7d7b071ecc63afc64600227b3ccf4f65fad11a44887eb9812da787f348f88e9c584484a7556bb3056ade199b9b43b38bff634b321bf3adf25195ee24f30a8b1e58a9fc7ae4660889a98ae5bbeda5c453e6069891d658af820576e529e1c8afba919abe42df330b1318fa698b88033dc931874ae7a1b38d6d55992600040,gx-no-cache=1459967693356 HTTP/1.1" 200 32
200.86.98.101 - - [07/Apr/2016:14:37:05 -0300] "POST /cormun/servlet/solicitudot?f66c1ea58c7b7976f8cd376cdbc18507,INS,0,0,,gx-no-cache=1460050647386 HTTP/1.1" 200 10655
200.112.233.47 - - [07/Apr/2016:14:37:05 -0300] "POST /cormun/servlet/solicitudot?245eb2479d372bb2fa7754969fa9c028,UPD,2016,1259,,gx-no-cache=1459967693412 HTTP/1.1" 200 93
200.112.233.47 - - [07/Apr/2016:14:37:06 -0300] "GET /cormun/servlet/hpexe_return? HTTP/1.1" 200 1006
200.86.98.101 - - [07/Apr/2016:14:37:06 -0300] "POST /cormun/servlet/solicitudot?f66c1ea58c7b7976f8cd376cdbc18507,INS,0,0,,gx-no-cache=1460050647858 HTTP/1.1" 200 10685
200.112.233.47 - - [07/Apr/2016:14:37:06 -0300] "GET /cormun/servlet/trsolicitudot HTTP/1.1" 200 9144
200.86.98.101 - - [07/Apr/2016:14:37:06 -0300] "POST /cormun/servlet/solicitudot?f66c1ea58c7b7976f8cd376cdbc18507,INS,0,0,,gx-no-cache=1460050648321 HTTP/1.1" 200 10716
200.86.98.101 - - [07/Apr/2016:14:37:07 -0300] "POST /cormun/servlet/solicitudot?f66c1ea58c7b7976f8cd376cdbc18507,INS,0,0,,gx-no-cache=1460050648765 HTTP/1.1" 200 10745
186.103.158.250 - - [07/Apr/2016:14:37:07 -0300] "POST /cormun/servlet/trsolicitudot?b26333697141bc95fe67d48ef62fc785,,gx-no-cache=1460050650384 HTTP/1.1" 200 3698
200.86.98.101 - - [07/Apr/2016:14:37:07 -0300] "POST /cormun/servlet/solicitudot?f66c1ea58c7b7976f8cd376cdbc18507,INS,0,0,,gx-no-cache=1460050649271 HTTP/1.1" 200 10774
200.86.98.101 - - [07/Apr/2016:14:37:08 -0300] "POST /cormun/servlet/solicitudot?f66c1ea58c7b7976f8cd376cdbc18507,INS,0,0,,gx-no-cache=1460050649720 HTTP/1.1" 200 10803
200.86.98.101 - - [07/Apr/2016:14:37:08 -0300] "POST /cormun/servlet/solicitudot?f66c1ea58c7b7976f8cd376cdbc18507,INS,0,0,,gx-no-cache=1460050650152 HTTP/1.1" 200 10832
200.86.98.101 - - [07/Apr/2016:14:37:09 -0300] "POST /cormun/servlet/solicitudot?f66c1ea58c7b7976f8cd376cdbc18507,INS,0,0,,gx-no-cache=1460050650564 HTTP/1.1" 200 10861
186.103.158.250 - - [07/Apr/2016:14:37:10 -0300] "POST /cormun/servlet/trsolicitudot?b26333697141bc95fe67d48ef62fc785,,gx-no-cache=1460050653773 HTTP/1.1" 200 3699
186.103.158.250 - - [07/Apr/2016:14:37:16 -0300] "GET /cormun/servlet/solicitudot?INS,0,0, HTTP/1.1" 200 11609
186.103.158.250 - - [07/Apr/2016:14:37:16 -0300] "GET /cormun/static/gxcfg.js?201631710541238 HTTP/1.1" 200 953
186.103.158.250 - - [07/Apr/2016:14:37:16 -0300] "GET /cormun/static/Resources/Spanish/PXTools.css?22445990 HTTP/1.1" 200 89042
186.103.158.250 - - [07/Apr/2016:14:37:16 -0300] "GET /cormun/static/solicitudot.js?201631710541292 HTTP/1.1" 200 45515
186.103.158.250 - - [07/Apr/2016:14:37:16 -0300] "GET /cormun/static/Resources/prompt.gif HTTP/1.1" 200 902
186.103.158.250 - - [07/Apr/2016:14:37:19 -0300] "GET /cormun/servlet/solicitudot?INS,0,0, HTTP/1.1" 200 11614
200.86.98.101 - - [07/Apr/2016:14:37:24 -0300] "POST /cormun/servlet/solicitudot?f66c1ea58c7b7976f8cd376cdbc18507,INS,0,0,,gx-no-cache=1460050665589 HTTP/1.1" 200 10890
200.86.98.101 - - [07/Apr/2016:14:37:24 -0300] "POST /cormun/servlet/solicitudot?f66c1ea58c7b7976f8cd376cdbc18507,INS,0,0,,gx-no-cache=1460050666038 HTTP/1.1" 200 10919
200.86.98.101 - - [07/Apr/2016:14:37:25 -0300] "POST /cormun/servlet/solicitudot?f66c1ea58c7b7976f8cd376cdbc18507,INS,0,0,,gx-no-cache=1460050666469 HTTP/1.1" 200 10948
200.86.98.101 - - [07/Apr/2016:14:37:25 -0300] "POST /cormun/servlet/solicitudot?f66c1ea58c7b7976f8cd376cdbc18507,INS,0,0,,gx-no-cache=1460050666886 HTTP/1.1" 200 10977
200.86.98.101 - - [07/Apr/2016:14:37:25 -0300] "POST /cormun/servlet/solicitudot?f66c1ea58c7b7976f8cd376cdbc18507,INS,0,0,,gx-no-cache=1460050667307 HTTP/1.1" 200 11006
200.86.98.101 - - [07/Apr/2016:14:37:26 -0300] "POST /cormun/servlet/solicitudot?f66c1ea58c7b7976f8cd376cdbc18507,INS,0,0,,gx-no-cache=1460050667746 HTTP/1.1" 200 11035
200.86.98.101 - - [07/Apr/2016:14:37:41 -0300] "POST /cormun/servlet/solicitudot?gx-no-cache=1460050683492 HTTP/1.1" 200 1187
200.86.98.101 - - [07/Apr/2016:14:37:41 -0300] "GET /cormun/servlet/solicitudot?73e552c6a491cf87c1af1312caee49dace72c4392fa69b28817827cd81c8eb6c7df8ffec27c1cbbfcb9ae42869ab2f04cf2e36f5b3585d62f924128ebe5d187e047c8e6f03db002e5eaf5bd26f9b02d9e0c21afaa35f2a63d1ac5b29317807b624278ec3db2b7e5b53b3eccb66b8d550fdd6a568943fe3b27b1dd1caa971ac5bc2d575a3618a2f16c1f936884f068e1ab9bab21e25e82009205875e833fea18e,gx-no-cache=1460050683598 HTTP/1.1" 200 41
200.86.98.101 - - [07/Apr/2016:14:37:41 -0300] "POST /cormun/servlet/solicitudot?gx-no-cache=1460050683645 HTTP/1.1" 200 1144
200.86.98.101 - - [07/Apr/2016:14:37:42 -0300] "GET /cormun/servlet/solicitudot?73e552c6a491cf87c1af1312caee49da45f8729bc619387f970b366b852e817d10a1ae2d4f3b7b04a6248e8ff5cd82ea2b9ade3d27ae70dac317d35449e790761e51de1e67c8613173114dc70fd19cf1ae25ec7f44d544180ea716809bdead5d086f2a8fc875dee4ae4bfab8a91ecc8f4827d407ee168da0d63843d7c0bef9913c8ed09bd0c58b82c27e9749924e4b2d2371f9fd0d78e02a2a0348062cb92b332e42d8fba89a13c144bdddbfeeb4fe40,gx-no-cache=1460050683724 HTTP/1.1" 200 30
200.86.98.101 - - [07/Apr/2016:14:37:42 -0300] "POST /cormun/servlet/solicitudot?f66c1ea58c7b7976f8cd376cdbc18507,INS,0,0,,gx-no-cache=1460050683779 HTTP/1.1" 200 11064
200.86.98.101 - - [07/Apr/2016:14:37:42 -0300] "POST /cormun/servlet/solicitudot?f66c1ea58c7b7976f8cd376cdbc18507,INS,0,0,,gx-no-cache=1460050684207 HTTP/1.1" 200 11093
200.86.98.101 - - [07/Apr/2016:14:37:43 -0300] "POST /cormun/servlet/solicitudot?f66c1ea58c7b7976f8cd376cdbc18507,INS,0,0,,gx-no-cache=1460050684638 HTTP/1.1" 200 11122
186.103.158.250 - - [07/Apr/2016:14:37:43 -0300] "POST /cormun/servlet/solicitudot?gx-no-cache=1460050686730 HTTP/1.1" 200 2751
200.86.98.101 - - [07/Apr/2016:14:37:43 -0300] "POST /cormun/servlet/solicitudot?f66c1ea58c7b7976f8cd376cdbc18507,INS,0,0,,gx-no-cache=1460050685191 HTTP/1.1" 200 11151
186.103.158.250 - - [07/Apr/2016:14:37:43 -0300] "POST /cormun/servlet/solicitudot?b26333697141bc95fe67d48ef62fc785,INS,0,0,,gx-no-cache=1460050687006 HTTP/1.1" 200 8453
200.86.98.101 - - [07/Apr/2016:14:37:44 -0300] "POST /cormun/servlet/solicitudot?f66c1ea58c7b7976f8cd376cdbc18507,INS,0,0,,gx-no-cache=1460050685704 HTTP/1.1" 200 11180
200.86.98.101 - - [07/Apr/2016:14:37:44 -0300] "POST /cormun/servlet/solicitudot?f66c1ea58c7b7976f8cd376cdbc18507,INS,0,0,,gx-no-cache=1460050686203 HTTP/1.1" 200 11207
200.86.98.101 - - [07/Apr/2016:14:37:45 -0300] "POST /cormun/servlet/solicitudot?f66c1ea58c7b7976f8cd376cdbc18507,INS,0,0,,gx-no-cache=1460050686740 HTTP/1.1" 200 11236
200.86.98.101 - - [07/Apr/2016:14:37:45 -0300] "POST /cormun/servlet/solicitudot?f66c1ea58c7b7976f8cd376cdbc18507,INS,0,0,,gx-no-cache=1460050687275 HTTP/1.1" 200 11264
200.86.98.101 - - [07/Apr/2016:14:37:46 -0300] "POST /cormun/servlet/solicitudot?f66c1ea58c7b7976f8cd376cdbc18507,INS,0,0,,gx-no-cache=1460050687828 HTTP/1.1" 200 11292
200.86.98.101 - - [07/Apr/2016:14:37:46 -0300] "POST /cormun/servlet/solicitudot?f66c1ea58c7b7976f8cd376cdbc18507,INS,0,0,,gx-no-cache=1460050688422 HTTP/1.1" 200 11320
200.86.98.101 - - [07/Apr/2016:14:37:50 -0300] "POST /cormun/servlet/solicitudot?f66c1ea58c7b7976f8cd376cdbc18507,INS,0,0,,gx-no-cache=1460050692117 HTTP/1.1" 200 11349
200.86.98.101 - - [07/Apr/2016:14:37:53 -0300] "POST /cormun/servlet/solicitudot?f66c1ea58c7b7976f8cd376cdbc18507,INS,0,0,,gx-no-cache=1460050695166 HTTP/1.1" 200 11377
200.86.98.101 - - [07/Apr/2016:14:37:56 -0300] "POST /cormun/servlet/solicitudot?f66c1ea58c7b7976f8cd376cdbc18507,INS,0,0,,gx-no-cache=1460050698021 HTTP/1.1" 200 11405
200.86.98.101 - - [07/Apr/2016:14:37:59 -0300] "POST /cormun/servlet/solicitudot?f66c1ea58c7b7976f8cd376cdbc18507,INS,0,0,,gx-no-cache=1460050700854 HTTP/1.1" 200 11433
186.103.158.250 - - [07/Apr/2016:14:38:00 -0300] "GET /cormun/servlet/solicitudot?6124f8071c4f128548cf685030a10ea25b852bbfcd04620818ee8bf720bc19ed14c25856a81c4e2a043a48a14b31b016,gx-no-cache=1460050703610 HTTP/1.1" 200 30
200.86.98.101 - - [07/Apr/2016:14:38:03 -0300] "POST /cormun/servlet/solicitudot?f66c1ea58c7b7976f8cd376cdbc18507,INS,0,0,,gx-no-cache=1460050704443 HTTP/1.1" 200 11462
200.86.98.101 - - [07/Apr/2016:14:38:05 -0300] "POST /cormun/servlet/solicitudot?f66c1ea58c7b7976f8cd376cdbc18507,INS,0,0,,gx-no-cache=1460050706695 HTTP/1.1" 200 11490
200.86.98.101 - - [07/Apr/2016:14:38:07 -0300] "POST /cormun/servlet/solicitudot?f66c1ea58c7b7976f8cd376cdbc18507,INS,0,0,,gx-no-cache=1460050708655 HTTP/1.1" 200 11518
200.86.98.101 - - [07/Apr/2016:14:38:10 -0300] "POST /cormun/servlet/solicitudot?f66c1ea58c7b7976f8cd376cdbc18507,INS,0,0,,gx-no-cache=1460050711847 HTTP/1.1" 200 11546
200.86.98.101 - - [07/Apr/2016:14:38:15 -0300] "POST /cormun/servlet/solicitudot?f66c1ea58c7b7976f8cd376cdbc18507,INS,0,0,,gx-no-cache=1460050717137 HTTP/1.1" 200 11575
200.86.98.101 - - [07/Apr/2016:14:38:17 -0300] "POST /cormun/servlet/solicitudot?f66c1ea58c7b7976f8cd376cdbc18507,INS,0,0,,gx-no-cache=1460050718641 HTTP/1.1" 200 11603
200.86.98.101 - - [07/Apr/2016:14:38:18 -0300] "POST /cormun/servlet/solicitudot?f66c1ea58c7b7976f8cd376cdbc18507,INS,0,0,,gx-no-cache=1460050719620 HTTP/1.1" 200 11630
200.86.98.101 - - [07/Apr/2016:14:38:18 -0300] "POST /cormun/servlet/solicitudot?f66c1ea58c7b7976f8cd376cdbc18507,INS,0,0,,gx-no-cache=1460050720307 HTTP/1.1" 200 11658
200.86.98.101 - - [07/Apr/2016:14:38:20 -0300] "POST /cormun/servlet/solicitudot?f66c1ea58c7b7976f8cd376cdbc18507,INS,0,0,,gx-no-cache=1460050721034 HTTP/1.1" 200 11685
200.86.98.101 - - [07/Apr/2016:14:38:20 -0300] "POST /cormun/servlet/solicitudot?f66c1ea58c7b7976f8cd376cdbc18507,INS,0,0,,gx-no-cache=1460050722220 HTTP/1.1" 200 11713
200.86.98.101 - - [07/Apr/2016:14:38:21 -0300] "POST /cormun/servlet/solicitudot?f66c1ea58c7b7976f8cd376cdbc18507,INS,0,0,,gx-no-cache=1460050722882 HTTP/1.1" 200 11740
200.86.98.101 - - [07/Apr/2016:14:38:22 -0300] "POST /cormun/servlet/solicitudot?f66c1ea58c7b7976f8cd376cdbc18507,INS,0,0,,gx-no-cache=1460050723427 HTTP/1.1" 200 11768
200.86.98.101 - - [07/Apr/2016:14:38:22 -0300] "POST /cormun/servlet/solicitudot?f66c1ea58c7b7976f8cd376cdbc18507,INS,0,0,,gx-no-cache=1460050723922 HTTP/1.1" 200 11795
200.86.98.101 - - [07/Apr/2016:14:38:23 -0300] "POST /cormun/servlet/solicitudot?f66c1ea58c7b7976f8cd376cdbc18507,INS,0,0,,gx-no-cache=1460050724513 HTTP/1.1" 200 11823
200.86.98.101 - - [07/Apr/2016:14:38:23 -0300] "POST /cormun/servlet/solicitudot?f66c1ea58c7b7976f8cd376cdbc18507,INS,0,0,,gx-no-cache=1460050725113 HTTP/1.1" 200 11850
