191.112.70.161 - - [05/Apr/2016:08:55:35 -0300] "GET /cormun/servlet/solicitudot?e81743046eb8a415a059de07eff0b21616c1cfd93e2e6e47ff5cae8737b6de558ef8cfedc6a39d1adfb30b9d3e7eb97fb23e9caa7ea968760944aca45f3d46a328c642902613897a6278ba85e545e6421740e081f129be8d49928c7203bb81528427dc2c142f68343ffc9c89eeb186e4cdea3ed61288f6b4f0ad8fbaf53ca831122149ee09ca1669a0f1156fee4a672e0d7529211860c2361be1c65ae82c992fb61a330072a0657f4f3ffadad160bfc0,gx-no-cache=1459857378315 HTTP/1.1" 200 30
191.112.70.161 - - [05/Apr/2016:08:55:47 -0300] "POST /cormun/servlet/solicitudot?f9903e65f999817737909192eadf3556,INS,0,0,,gx-no-cache=1459857380191 HTTP/1.1" 200 93
191.112.70.161 - - [05/Apr/2016:08:55:49 -0300] "GET /cormun/servlet/hpexe_return? HTTP/1.1" 200 1003
191.112.70.161 - - [05/Apr/2016:08:55:51 -0300] "GET /cormun/servlet/trsolicitudot? HTTP/1.1" 200 6502
191.112.70.161 - - [05/Apr/2016:08:55:54 -0300] "GET /cormun/servlet/trsolicitudot? HTTP/1.1" 200 6498
191.112.70.161 - - [05/Apr/2016:08:56:06 -0300] "GET /cormun/servlet/trcontratouno? HTTP/1.1" 200 7377
191.112.70.161 - - [05/Apr/2016:08:56:09 -0300] "GET /cormun/servlet/trcontratouno? HTTP/1.1" 200 7376
191.112.70.161 - - [05/Apr/2016:08:56:26 -0300] "GET /cormun/servlet/trsolicitudot? HTTP/1.1" 200 6499
191.112.70.161 - - [05/Apr/2016:08:56:30 -0300] "GET /cormun/servlet/trsolicitudot? HTTP/1.1" 200 6498
191.112.70.161 - - [05/Apr/2016:08:56:42 -0300] "POST /cormun/servlet/trsolicitudot?f9903e65f999817737909192eadf3556,,gx-no-cache=1459857443462 HTTP/1.1" 200 3711
191.112.70.161 - - [05/Apr/2016:08:56:53 -0300] "GET /cormun/servlet/trautorizarsolicitud? HTTP/1.1" 200 6422
191.112.70.161 - - [05/Apr/2016:08:56:55 -0300] "GET /cormun/servlet/trautorizarsolicitud? HTTP/1.1" 200 6422
191.112.70.161 - - [05/Apr/2016:08:57:13 -0300] "POST /cormun/servlet/trautorizarsolicitud?f9903e65f999817737909192eadf3556,,gx-no-cache=1459857475961 HTTP/1.1" 200 3683
191.112.70.161 - - [05/Apr/2016:08:57:26 -0300] "POST /cormun/servlet/trautorizarsolicitud?f9903e65f999817737909192eadf3556,,gx-no-cache=1459857487591 HTTP/1.1" 200 3683
191.112.70.161 - - [05/Apr/2016:08:57:34 -0300] "POST /cormun/servlet/trautorizarsolicitud?f9903e65f999817737909192eadf3556,,gx-no-cache=1459857495392 HTTP/1.1" 200 3680
191.112.70.161 - - [05/Apr/2016:08:57:40 -0300] "GET /cormun/servlet/trsolicitudot? HTTP/1.1" 200 6499
191.112.70.161 - - [05/Apr/2016:08:57:44 -0300] "GET /cormun/servlet/trsolicitudot? HTTP/1.1" 200 6498
191.112.70.161 - - [05/Apr/2016:08:57:47 -0300] "GET /cormun/servlet/trcontratouno? HTTP/1.1" 200 7377
191.112.70.161 - - [05/Apr/2016:08:57:51 -0300] "GET /cormun/servlet/trcontratouno? HTTP/1.1" 200 7377
191.112.70.161 - - [05/Apr/2016:08:58:05 -0300] "GET /cormun/servlet/trsolicitudot? HTTP/1.1" 200 6502
191.112.70.161 - - [05/Apr/2016:08:58:09 -0300] "GET /cormun/servlet/trsolicitudot? HTTP/1.1" 200 6498
191.112.70.161 - - [05/Apr/2016:08:58:19 -0300] "GET /cormun/servlet/solicitudot?INS,0,0, HTTP/1.1" 200 11683
191.112.70.161 - - [05/Apr/2016:08:58:25 -0300] "GET /cormun/servlet/solicitudot?INS,0,0, HTTP/1.1" 200 11687
191.112.70.161 - - [05/Apr/2016:08:58:35 -0300] "GET /cormun/servlet/prfichaempleado?,MD,,gxPopupLevel%3D0%3B HTTP/1.1" 200 7950
191.112.70.161 - - [05/Apr/2016:08:58:39 -0300] "GET /cormun/static/scaMessage/css/jquery-ui.css?104140 HTTP/1.1" 404 1045
191.112.70.161 - - [05/Apr/2016:08:59:24 -0300] "POST /cormun/servlet/prfichaempleado?f9903e65f999817737909192eadf3556,,MD,,gxPopupLevel%3D0%3B,gx-no-cache=1459857579044 HTTP/1.1" 500 10
191.112.70.161 - - [05/Apr/2016:08:59:44 -0300] "GET /cormun/servlet/trsolicitudot? HTTP/1.1" 200 6499
191.112.70.161 - - [05/Apr/2016:08:59:54 -0300] "GET /cormun/servlet/trsolicitudot? HTTP/1.1" 200 6498
191.112.70.161 - - [05/Apr/2016:09:00:07 -0300] "POST /cormun/servlet/trsolicitudot?f9903e65f999817737909192eadf3556,,gx-no-cache=1459857645815 HTTP/1.1" 200 3712
191.112.70.161 - - [05/Apr/2016:09:00:11 -0300] "GET /cormun/servlet/trautorizarsolicitud? HTTP/1.1" 200 6438
191.112.70.161 - - [05/Apr/2016:09:00:16 -0300] "GET /cormun/servlet/trautorizarsolicitud? HTTP/1.1" 200 6438
191.112.70.161 - - [05/Apr/2016:09:00:30 -0300] "GET /cormun/servlet/trcontratouno? HTTP/1.1" 200 7370
191.112.70.161 - - [05/Apr/2016:09:00:34 -0300] "GET /cormun/servlet/trcontratouno? HTTP/1.1" 200 7369
191.112.70.161 - - [05/Apr/2016:09:00:52 -0300] "GET /cormun/servlet/trsolicitudot HTTP/1.1" 200 6505
191.112.70.161 - - [05/Apr/2016:09:00:55 -0300] "GET /cormun/servlet/trsolicitudot HTTP/1.1" 200 6501
191.112.70.161 - - [05/Apr/2016:09:01:05 -0300] "POST /cormun/servlet/trsolicitudot?f9903e65f999817737909192eadf3556,gx-no-cache=1459857705086 HTTP/1.1" 200 3715
191.112.70.161 - - [05/Apr/2016:09:01:13 -0300] "GET /cormun/servlet/solicitudot?INS,0,0, HTTP/1.1" 200 11681
191.112.70.161 - - [05/Apr/2016:09:01:19 -0300] "GET /cormun/servlet/solicitudot?INS,0,0, HTTP/1.1" 200 11686
200.86.98.101 - - [05/Apr/2016:09:01:48 -0300] "POST /cormun/servlet/solicitudot?gx-no-cache=1459857731458 HTTP/1.1" 200 2784
200.86.98.101 - - [05/Apr/2016:09:01:48 -0300] "POST /cormun/servlet/solicitudot?aad45612bc832cbc870c5936a8285a01,INS,0,0,,gx-no-cache=1459857731772 HTTP/1.1" 200 8509
200.86.98.101 - - [05/Apr/2016:09:01:52 -0300] "GET /cormun/servlet/solicitudot?bca25cf442b82491d51e7bf72b089b3c242556829e930e541605743f2001e01af1a74eb02f9472ce38aaddd9a1f9400e,gx-no-cache=1459857735608 HTTP/1.1" 200 30
200.86.98.101 - - [05/Apr/2016:09:01:52 -0300] "POST /cormun/servlet/solicitudot?gx-no-cache=1459857735694 HTTP/1.1" 200 30
200.86.98.101 - - [05/Apr/2016:09:01:54 -0300] "POST /cormun/servlet/solicitudot?gx-no-cache=1459857737746 HTTP/1.1" 200 30
191.112.70.161 - - [05/Apr/2016:09:01:55 -0300] "POST /cormun/servlet/solicitudot?gx-no-cache=1459857751340 HTTP/1.1" 200 2771
191.112.70.161 - - [05/Apr/2016:09:02:04 -0300] "POST /cormun/servlet/solicitudot?f9903e65f999817737909192eadf3556,INS,0,0,,gx-no-cache=1459857760021 HTTP/1.1" 200 8489
186.78.34.48 - - [05/Apr/2016:09:02:05 -0300] "GET /cormun/servlet/hlogin HTTP/1.1" 200 1715
186.78.34.48 - - [05/Apr/2016:09:02:06 -0300] "GET /cormun/static/Resources/Spanish/PXTools.css?005343 HTTP/1.1" 304 -
186.78.34.48 - - [05/Apr/2016:09:02:06 -0300] "GET /cormun/static/gxtimezone.js?85251 HTTP/1.1" 304 -
186.78.34.48 - - [05/Apr/2016:09:02:06 -0300] "GET /cormun/static/gxgral.js?85251 HTTP/1.1" 304 -
186.78.34.48 - - [05/Apr/2016:09:02:06 -0300] "GET /cormun/static/gxcfg.js?20151120045111 HTTP/1.1" 200 953
186.78.34.48 - - [05/Apr/2016:09:02:06 -0300] "GET /cormun/static/Resources/ComunLogin.png HTTP/1.1" 304 -
186.78.34.48 - - [05/Apr/2016:09:02:07 -0300] "GET /cormun/static/messages.spa.js?85251 HTTP/1.1" 304 -
186.78.34.48 - - [05/Apr/2016:09:02:07 -0300] "GET /cormun/static/hlogin.js?20151120045126 HTTP/1.1" 304 -
200.86.98.101 - - [05/Apr/2016:09:02:08 -0300] "GET /cormun/servlet/prfichaempleado?,MD,,gxPopupLevel%3D0%3B HTTP/1.1" 200 8024
200.86.98.101 - - [05/Apr/2016:09:02:08 -0300] "GET /cormun/static/Resources/Spanish/PXTools.css?16184758 HTTP/1.1" 304 -
200.86.98.101 - - [05/Apr/2016:09:02:08 -0300] "GET /cormun/static/scaMessage/css/jquery-ui.css?104140 HTTP/1.1" 404 1045
200.86.98.101 - - [05/Apr/2016:09:02:08 -0300] "GET /cormun/static/gxcfg.js?201511151625694 HTTP/1.1" 200 953
200.86.98.101 - - [05/Apr/2016:09:02:08 -0300] "GET /cormun/static/prfichaempleado.js?201511151625857 HTTP/1.1" 304 -
200.86.98.101 - - [05/Apr/2016:09:02:08 -0300] "GET /cormun/static/menusearch.js?20163211930269 HTTP/1.1" 304 -
200.86.98.101 - - [05/Apr/2016:09:02:08 -0300] "GET /cormun/static/hmpwkw01.js?201511211495945 HTTP/1.1" 304 -
200.86.98.101 - - [05/Apr/2016:09:02:14 -0300] "POST /cormun/servlet/prfichaempleado?aad45612bc832cbc870c5936a8285a01,,MD,,gxPopupLevel%3D0%3B,gx-no-cache=1459857757492 HTTP/1.1" 200 5053
186.78.34.48 - - [05/Apr/2016:09:02:16 -0300] "GET /cormun/servlet/hlogin HTTP/1.1" 200 1726
186.78.34.48 - - [05/Apr/2016:09:02:16 -0300] "GET /cormun/static/Resources/indicator.gif HTTP/1.1" 304 -
186.78.34.48 - - [05/Apr/2016:09:02:16 -0300] "GET /cormun/static/Resources/PXToolsLoginBackground.png HTTP/1.1" 304 -
186.78.34.48 - - [05/Apr/2016:09:02:16 -0300] "GET /cormun/static/Resources/PXToolsButtonBackground2.png HTTP/1.1" 304 -
186.78.34.48 - - [05/Apr/2016:09:02:16 -0300] "GET /cormun/static/Resources/PXToolsButtonRight21.png HTTP/1.1" 304 -
186.78.34.48 - - [05/Apr/2016:09:02:16 -0300] "GET /cormun/static/Resources/PXToolsButtonLeft21.png HTTP/1.1" 304 -
186.78.34.48 - - [05/Apr/2016:09:02:16 -0300] "GET /cormun/static/Resources/PXToolsLoginTop.png HTTP/1.1" 304 -
186.78.34.48 - - [05/Apr/2016:09:02:16 -0300] "GET /cormun/static/Resources/PXToolsLoginBottom.png HTTP/1.1" 304 -
200.86.98.101 - - [05/Apr/2016:09:02:16 -0300] "POST /cormun/servlet/prfichaempleado?aad45612bc832cbc870c5936a8285a01,,MD,,gxPopupLevel%3D0%3B,gx-no-cache=1459857759268 HTTP/1.1" 200 5145
200.86.98.101 - - [05/Apr/2016:09:02:17 -0300] "POST /cormun/servlet/prfichaempleado?aad45612bc832cbc870c5936a8285a01,,MD,,gxPopupLevel%3D0%3B,gx-no-cache=1459857760550 HTTP/1.1" 200 5086
200.86.98.101 - - [05/Apr/2016:09:02:18 -0300] "POST /cormun/servlet/prfichaempleado?aad45612bc832cbc870c5936a8285a01,,MD,,gxPopupLevel%3D0%3B,gx-no-cache=1459857761520 HTTP/1.1" 200 5089
186.78.34.48 - - [05/Apr/2016:09:02:18 -0300] "GET /favicon.ico HTTP/1.1" 304 -
191.112.70.161 - - [05/Apr/2016:09:02:19 -0300] "GET /cormun/servlet/solicitudot?e81743046eb8a415a059de07eff0b2163d871a8999807b2d4f2161b019df732018fd7bf7f34f05aca0f21003d8e2a3b6,gx-no-cache=1459857782214 HTTP/1.1" 200 30
200.86.98.101 - - [05/Apr/2016:09:02:19 -0300] "POST /cormun/servlet/prfichaempleado?aad45612bc832cbc870c5936a8285a01,,MD,,gxPopupLevel%3D0%3B,gx-no-cache=1459857762312 HTTP/1.1" 200 5075
200.86.98.101 - - [05/Apr/2016:09:02:20 -0300] "POST /cormun/servlet/prfichaempleado?aad45612bc832cbc870c5936a8285a01,,MD,,gxPopupLevel%3D0%3B,gx-no-cache=1459857763051 HTTP/1.1" 200 5133
191.112.70.161 - - [05/Apr/2016:09:02:20 -0300] "POST /cormun/servlet/solicitudot?gx-no-cache=1459857783438 HTTP/1.1" 200 30
200.86.98.101 - - [05/Apr/2016:09:02:21 -0300] "POST /cormun/servlet/prfichaempleado?aad45612bc832cbc870c5936a8285a01,,MD,,gxPopupLevel%3D0%3B,gx-no-cache=1459857763946 HTTP/1.1" 200 5088
200.86.98.101 - - [05/Apr/2016:09:02:21 -0300] "POST /cormun/servlet/prfichaempleado?aad45612bc832cbc870c5936a8285a01,,MD,,gxPopupLevel%3D0%3B,gx-no-cache=1459857764624 HTTP/1.1" 200 5196
200.86.98.101 - - [05/Apr/2016:09:02:22 -0300] "POST /cormun/servlet/prfichaempleado?aad45612bc832cbc870c5936a8285a01,,MD,,gxPopupLevel%3D0%3B,gx-no-cache=1459857765627 HTTP/1.1" 200 5112
200.86.98.101 - - [05/Apr/2016:09:02:23 -0300] "POST /cormun/servlet/prfichaempleado?aad45612bc832cbc870c5936a8285a01,,MD,,gxPopupLevel%3D0%3B,gx-no-cache=1459857766038 HTTP/1.1" 200 5031
200.86.98.101 - - [05/Apr/2016:09:02:24 -0300] "POST /cormun/servlet/prfichaempleado?aad45612bc832cbc870c5936a8285a01,,MD,,gxPopupLevel%3D0%3B,gx-no-cache=1459857766897 HTTP/1.1" 200 5110
191.112.70.161 - - [05/Apr/2016:09:02:24 -0300] "POST /cormun/servlet/solicitudot?gx-no-cache=1459857787909 HTTP/1.1" 200 30
200.86.98.101 - - [05/Apr/2016:09:02:25 -0300] "POST /cormun/servlet/prfichaempleado?aad45612bc832cbc870c5936a8285a01,,MD,,gxPopupLevel%3D0%3B,gx-no-cache=1459857768202 HTTP/1.1" 200 5056
200.86.98.101 - - [05/Apr/2016:09:02:26 -0300] "POST /cormun/servlet/prfichaempleado?aad45612bc832cbc870c5936a8285a01,,MD,,gxPopupLevel%3D0%3B,gx-no-cache=1459857769206 HTTP/1.1" 200 5113
200.86.98.101 - - [05/Apr/2016:09:02:26 -0300] "POST /cormun/servlet/prfichaempleado?aad45612bc832cbc870c5936a8285a01,,MD,,gxPopupLevel%3D0%3B,gx-no-cache=1459857769616 HTTP/1.1" 200 5068
200.86.98.101 - - [05/Apr/2016:09:02:27 -0300] "POST /cormun/servlet/prfichaempleado?aad45612bc832cbc870c5936a8285a01,,MD,,gxPopupLevel%3D0%3B,gx-no-cache=1459857770167 HTTP/1.1" 200 5123
200.86.98.101 - - [05/Apr/2016:09:02:27 -0300] "POST /cormun/servlet/prfichaempleado?aad45612bc832cbc870c5936a8285a01,,MD,,gxPopupLevel%3D0%3B,gx-no-cache=1459857770592 HTTP/1.1" 200 5105
191.112.70.161 - - [05/Apr/2016:09:02:27 -0300] "GET /cormun/servlet/prcontratosol?17199981,,,,,MD,,gxPopupLevel%3D0%3B HTTP/1.1" 200 5739
200.86.98.101 - - [05/Apr/2016:09:02:28 -0300] "POST /cormun/servlet/prfichaempleado?aad45612bc832cbc870c5936a8285a01,,MD,,gxPopupLevel%3D0%3B,gx-no-cache=1459857770984 HTTP/1.1" 200 5091
200.86.98.101 - - [05/Apr/2016:09:02:28 -0300] "POST /cormun/servlet/prfichaempleado?aad45612bc832cbc870c5936a8285a01,,MD,,gxPopupLevel%3D0%3B,gx-no-cache=1459857771532 HTTP/1.1" 200 5128
200.86.98.101 - - [05/Apr/2016:09:02:29 -0300] "POST /cormun/servlet/prfichaempleado?aad45612bc832cbc870c5936a8285a01,,MD,,gxPopupLevel%3D0%3B,gx-no-cache=1459857772520 HTTP/1.1" 200 5122
200.86.98.101 - - [05/Apr/2016:09:02:30 -0300] "POST /cormun/servlet/prfichaempleado?aad45612bc832cbc870c5936a8285a01,,MD,,gxPopupLevel%3D0%3B,gx-no-cache=1459857773538 HTTP/1.1" 200 5160
200.86.98.101 - - [05/Apr/2016:09:02:32 -0300] "POST /cormun/servlet/prfichaempleado?aad45612bc832cbc870c5936a8285a01,,MD,,gxPopupLevel%3D0%3B,gx-no-cache=1459857774792 HTTP/1.1" 200 5201
200.86.98.101 - - [05/Apr/2016:09:02:33 -0300] "POST /cormun/servlet/prfichaempleado?aad45612bc832cbc870c5936a8285a01,,MD,,gxPopupLevel%3D0%3B,gx-no-cache=1459857775912 HTTP/1.1" 200 5080
200.86.98.101 - - [05/Apr/2016:09:02:34 -0300] "POST /cormun/servlet/prfichaempleado?aad45612bc832cbc870c5936a8285a01,,MD,,gxPopupLevel%3D0%3B,gx-no-cache=1459857777231 HTTP/1.1" 200 5108
200.86.98.101 - - [05/Apr/2016:09:02:35 -0300] "POST /cormun/servlet/prfichaempleado?aad45612bc832cbc870c5936a8285a01,,MD,,gxPopupLevel%3D0%3B,gx-no-cache=1459857778311 HTTP/1.1" 200 5107
191.112.70.161 - - [05/Apr/2016:09:02:36 -0300] "POST /cormun/servlet/solicitudot?gx-no-cache=1459857799668 HTTP/1.1" 200 1188
191.112.70.161 - - [05/Apr/2016:09:02:37 -0300] "GET /cormun/servlet/solicitudot?e81743046eb8a415a059de07eff0b2168c2c0cdc59fed7bf01ae8b26810460af16e5a3e516e4b8aa56ce24a547b94fc6adfffc12587a7bc49827926b375fd7366179b67cfb7458f6aa8546aaa0ad52cd7cca9beab417890bfdab0c5fe1ab604370ef5d0631118dc0b8a0f02eb02e333d875bdbf66d414fa982088ab1f7a1421f30a38dddabd8c73e31418e51af04851d,gx-no-cache=1459857800641 HTTP/1.1" 200 38
191.112.70.161 - - [05/Apr/2016:09:02:38 -0300] "GET /cormun/servlet/solicitudot?e81743046eb8a415a059de07eff0b216c990d2a05c9afae3761e6561e206f97bea2dbe11d790c275273299c110ebbf8ede862d0f02b433da21294a11b20b2fa48907428022adfcc0ee9644d02504a637e736a3ecdbb8c6ca17407dac25644aed97dcd3f01c5a804d3d580c92399d0eab1c3b1eaea44685996dfc3cd72e838637261ea0213c2d6f7bc93fc10875d63ae989aff9ae4b388270b5c46d0ccbe1d46d,gx-no-cache=1459857801681 HTTP/1.1" 200 29
191.112.70.161 - - [05/Apr/2016:09:02:40 -0300] "POST /cormun/servlet/solicitudot?gx-no-cache=1459857803112 HTTP/1.1" 200 1144
191.112.70.161 - - [05/Apr/2016:09:02:42 -0300] "GET /cormun/servlet/prsolicitudot?17199981,,,,,MD,,gxPopupLevel%3D0%3B HTTP/1.1" 200 5595
200.86.98.101 - - [05/Apr/2016:09:02:49 -0300] "POST /cormun/servlet/solicitudot?gx-no-cache=1459857792876 HTTP/1.1" 200 1185
186.78.34.48 - - [05/Apr/2016:09:02:51 -0300] "POST /cormun/servlet/hlogin?ecaa2c6b7ae2f80875eb8aa6524931df,gx-no-cache=1459857787785 HTTP/1.1" 200 90
186.78.34.48 - - [05/Apr/2016:09:02:52 -0300] "GET /cormun/servlet/hpexe_link HTTP/1.1" 200 950
186.78.34.48 - - [05/Apr/2016:09:02:52 -0300] "GET /cormun/static/gxcfg.js?20151120044395 HTTP/1.1" 200 953
186.78.34.48 - - [05/Apr/2016:09:02:52 -0300] "GET /cormun/static/hpexe_link.js?20151120044398 HTTP/1.1" 200 625
186.78.34.48 - - [05/Apr/2016:09:02:53 -0300] "GET /cormun/servlet/hhome HTTP/1.1" 200 3563
200.86.98.101 - - [05/Apr/2016:09:02:54 -0300] "GET /cormun/servlet/prlicenciaspermisos?8177648,L,,MD,,gxPopupLevel%3D0%3B HTTP/1.1" 200 5842
200.86.98.101 - - [05/Apr/2016:09:02:54 -0300] "GET /cormun/static/gxcfg.js?201616231591 HTTP/1.1" 200 953
200.86.98.101 - - [05/Apr/2016:09:02:54 -0300] "GET /cormun/static/hmpwkw011.js?201631021445036 HTTP/1.1" 304 -
200.86.98.101 - - [05/Apr/2016:09:02:54 -0300] "GET /cormun/static/prlicenciaspermisos.js?201616231727 HTTP/1.1" 200 13426
200.86.98.101 - - [05/Apr/2016:09:02:54 -0300] "GET /cormun/static/Resources/Spanish/PXTools.css?17554516 HTTP/1.1" 200 89042
191.112.70.161 - - [05/Apr/2016:09:02:55 -0300] "GET /cormun/servlet/prpersonalsolicitud?17199981,,,,,MD,,gxPopupLevel%3D0%3B HTTP/1.1" 200 5758
186.78.34.48 - - [05/Apr/2016:09:02:56 -0300] "GET /cormun/static/Resources/Spanish/PXTools.css?10515224 HTTP/1.1" 304 -
186.78.34.48 - - [05/Apr/2016:09:02:56 -0300] "GET /cormun/static/Shared/jqueryui/jquery-ui.min.css?1245370 HTTP/1.1" 304 -
186.78.34.48 - - [05/Apr/2016:09:02:56 -0300] "GET /cormun/static/gxcfg.js?2015112210564248 HTTP/1.1" 200 953
186.78.34.48 - - [05/Apr/2016:09:02:56 -0300] "GET /cormun/static/PXToolsJavascripts/pexe_windows.js HTTP/1.1" 200 15207
186.78.34.48 - - [05/Apr/2016:09:02:56 -0300] "GET /cormun/static/PXToolsJavascripts/pexe_griddivfix.js HTTP/1.1" 200 6644
186.78.34.48 - - [05/Apr/2016:09:02:56 -0300] "GET /cormun/static/PXToolsJavascripts/pexe_link.js HTTP/1.1" 200 5671
186.78.34.48 - - [05/Apr/2016:09:02:57 -0300] "GET /cormun/static/PXToolsJavascripts/pexe_layers.js HTTP/1.1" 200 4114
186.78.34.48 - - [05/Apr/2016:09:02:57 -0300] "GET /cormun/static/PXToolsJavascripts/pexe_popup.js HTTP/1.1" 200 13458
186.78.34.48 - - [05/Apr/2016:09:02:57 -0300] "GET /cormun/static/PXToolsJavascripts/pexe_tabdivfix.js HTTP/1.1" 200 876
186.78.34.48 - - [05/Apr/2016:09:02:57 -0300] "GET /cormun/static/PXToolsJavascripts/pexe_tabs.js HTTP/1.1" 200 3748
186.78.34.48 - - [05/Apr/2016:09:02:57 -0300] "GET /cormun/static/hhome.js?2015112210564255 HTTP/1.1" 304 -
186.78.34.48 - - [05/Apr/2016:09:02:57 -0300] "GET /cormun/static/hwchdr01.js?20162241650484 HTTP/1.1" 304 -
186.78.34.48 - - [05/Apr/2016:09:02:57 -0300] "GET /cormun/static/hpexe_recentlink.js?2015111312121342 HTTP/1.1" 304 -
186.78.34.48 - - [05/Apr/2016:09:02:57 -0300] "GET /cormun/static/hpexe_scripts.js?20151120014546 HTTP/1.1" 304 -
186.78.34.48 - - [05/Apr/2016:09:02:58 -0300] "GET /cormun/static/hpexe_messagecontroller.js?2015112210524422 HTTP/1.1" 304 -
186.78.34.48 - - [05/Apr/2016:09:02:58 -0300] "GET /cormun/static/hpexe_messagepopupcomponent.js?201632119295953 HTTP/1.1" 304 -
186.78.34.48 - - [05/Apr/2016:09:02:58 -0300] "GET /cormun/static/hpexe_messagegenexuscomponent.js?20151120014314 HTTP/1.1" 304 -
186.78.34.48 - - [05/Apr/2016:09:02:58 -0300] "GET /cormun/static/cmcontrolpreferences.js?20151120014525 HTTP/1.1" 304 -
186.78.34.48 - - [05/Apr/2016:09:02:58 -0300] "GET /cormun/static/hmpwkw03.js?201631622503633 HTTP/1.1" 304 -
186.78.34.48 - - [05/Apr/2016:09:02:58 -0300] "GET /cormun/static/Resources/logo4.png HTTP/1.1" 200 6582
186.78.34.48 - - [05/Apr/2016:09:02:59 -0300] "GET /cormun/static/Resources/PXToolsFooterBackground2.png HTTP/1.1" 200 1172
186.78.34.48 - - [05/Apr/2016:09:02:59 -0300] "GET /cormun/static/Resources/PXToolsHeaderBackground2.png HTTP/1.1" 200 1174
191.112.70.161 - - [05/Apr/2016:09:03:07 -0300] "POST /cormun/servlet/solicitudot?gx-no-cache=1459857829972 HTTP/1.1" 200 1188
186.78.34.48 - - [05/Apr/2016:09:03:09 -0300] "GET /cormun/servlet/trsolicitudot? HTTP/1.1" 200 6477
191.112.70.161 - - [05/Apr/2016:09:03:09 -0300] "GET /cormun/servlet/solicitudot?e81743046eb8a415a059de07eff0b2168c2c0cdc59fed7bf01ae8b26810460af16e5a3e516e4b8aa56ce24a547b94fc6adfffc12587a7bc49827926b375fd7366179b67cfb7458f6aa8546aaa0ad52cd7cca9beab417890bfdab0c5fe1ab604370ef5d0631118dc0b8a0f02eb02e333d875bdbf66d414fa982088ab1f7a1421f30a38dddabd8c73e31418e51af04851d,gx-no-cache=1459857832575 HTTP/1.1" 200 38
186.78.34.48 - - [05/Apr/2016:09:03:09 -0300] "GET /cormun/static/Resources/Spanish/PXTools.css?2139548 HTTP/1.1" 304 -
186.78.34.48 - - [05/Apr/2016:09:03:09 -0300] "GET /cormun/static/gxcfg.js?201631022392470 HTTP/1.1" 200 953
186.78.34.48 - - [05/Apr/2016:09:03:10 -0300] "GET /cormun/static/calendar.js?85251 HTTP/1.1" 304 -
186.78.34.48 - - [05/Apr/2016:09:03:10 -0300] "GET /cormun/static/calendar-setup.js?85251 HTTP/1.1" 304 -
186.78.34.48 - - [05/Apr/2016:09:03:10 -0300] "GET /cormun/static/calendar-es.js?85251 HTTP/1.1" 304 -
186.78.34.48 - - [05/Apr/2016:09:03:10 -0300] "GET /cormun/static/Resources/PXTools/calendar.png HTTP/1.1" 200 1306
186.78.34.48 - - [05/Apr/2016:09:03:11 -0300] "GET /cormun/static/gxdec.js?85251 HTTP/1.1" 304 -
186.78.34.48 - - [05/Apr/2016:09:03:11 -0300] "GET /cormun/static/trsolicitudot.js?201631022393178 HTTP/1.1" 304 -
191.112.70.161 - - [05/Apr/2016:09:03:12 -0300] "POST /cormun/servlet/solicitudot?gx-no-cache=1459857835354 HTTP/1.1" 200 1144
200.86.98.101 - - [05/Apr/2016:09:03:12 -0300] "GET /cormun/servlet/solicitudot?bca25cf442b82491d51e7bf72b089b3c1cd7e0b8ba0bfe83f76d7bf67a39cc369684c50e8911f2282b158241c936615eceebfb330269216f72e98055f08b7546d01ea848436831f6eb26422a2590e59ea5e44dee21c3e70d68e3d7f24c1dc76210de2a4a855cd3b00710932dbdb35d57ad59fdf48c9b859a3e2fa3da8b9866965cc830c6fce84ae528c0e4bc2b3671bd48f5e54ea3ce9e4d7846719edd87cc22,gx-no-cache=1459857815579 HTTP/1.1" 200 38
186.78.34.48 - - [05/Apr/2016:09:03:18 -0300] "GET /cormun/servlet/solicitudot?INS,0,0, HTTP/1.1" 200 11690
200.86.98.101 - - [05/Apr/2016:09:03:19 -0300] "GET /cormun/servlet/solicitudot?bca25cf442b82491d51e7bf72b089b3c7b13dd5ae04a498e46abc4d7efb797d5a9cd33fd73539155a0cd315ae2b0415d7a1c69f58d699c99ff0f04fbd8c2b0fcc9ab0b5c021adcb3badd7876ff9e9f9af5ab62af938fe6783eae1f8081936c7b1c684b2a7130fffb1222e35b832176d76a4d38ed89de35a36395cabd2539f0279a80fb12b310a8eca01cbc69de1311a38b966563ef5b4f20ad3b266539713aa1,gx-no-cache=1459857822169 HTTP/1.1" 200 29
200.86.98.101 - - [05/Apr/2016:09:03:19 -0300] "POST /cormun/servlet/solicitudot?gx-no-cache=1459857822233 HTTP/1.1" 200 1143
186.78.34.48 - - [05/Apr/2016:09:03:19 -0300] "GET /cormun/static/Resources/Spanish/PXTools.css?22445990 HTTP/1.1" 304 -
186.78.34.48 - - [05/Apr/2016:09:03:19 -0300] "GET /cormun/static/gxcfg.js?201631710541238 HTTP/1.1" 200 953
200.86.98.101 - - [05/Apr/2016:09:03:19 -0300] "GET /cormun/static/menuarrow.gif HTTP/1.1" 404 1015
186.78.34.48 - - [05/Apr/2016:09:03:26 -0300] "GET /cormun/static/solicitudot.js?201631710541292 HTTP/1.1" 304 -
191.112.70.161 - - [05/Apr/2016:09:03:27 -0300] "GET /cormun/servlet/prsolicitudot?17199981,,,,,MD,,gxPopupLevel%3D0%3B HTTP/1.1" 200 5595
200.86.98.101 - - [05/Apr/2016:09:03:29 -0300] "GET /cormun/servlet/solicitudot?bca25cf442b82491d51e7bf72b089b3c73d984d9d040f9d526316f134e9c56b90a21a614aff12054be055b937171c69da76c31bf05f9911a3078ffc4d8c8f94a444d621c87eae78dda81a989fd753c6ac9dcef58b8f19dcdc1c40b74c7395a8c79a87a16b35d0774a490a60f18e5e16e0bf1a04bd7874db6694c703e21355ec6099953ad4486e148b52a96e99f1127f1f92eb5599272ef0a597db58268dae5fda7d19572d570635274bbeccb5ccec9a66b8ecc887e9aa5787368c4f3e953c660,gx-no-cache=1459857832377 HTTP/1.1" 200 30
191.112.70.161 - - [05/Apr/2016:09:03:50 -0300] "GET /cormun/servlet/prcontratosol?17199981,,,,,MD,,gxPopupLevel%3D0%3B HTTP/1.1" 200 5739
191.112.70.161 - - [05/Apr/2016:09:03:56 -0300] "POST /cormun/servlet/solicitudot?gx-no-cache=1459857877810 HTTP/1.1" 200 1188
191.112.70.161 - - [05/Apr/2016:09:03:57 -0300] "GET /cormun/servlet/solicitudot?e81743046eb8a415a059de07eff0b2168c2c0cdc59fed7bf01ae8b26810460af16e5a3e516e4b8aa56ce24a547b94fc6adfffc12587a7bc49827926b375fd7366179b67cfb7458f6aa8546aaa0ad52cd7cca9beab417890bfdab0c5fe1ab604370ef5d0631118dc0b8a0f02eb02e333d875bdbf66d414fa982088ab1f7a1421f47a39b5806f18e9b37e99b82ea7c1a2eb364909a2e98896e720760842c4caeac,gx-no-cache=1459857880808 HTTP/1.1" 200 41
191.112.70.161 - - [05/Apr/2016:09:03:59 -0300] "POST /cormun/servlet/solicitudot?gx-no-cache=1459857882644 HTTP/1.1" 200 1144
200.86.98.101 - - [05/Apr/2016:09:04:01 -0300] "POST /cormun/servlet/solicitudot?aad45612bc832cbc870c5936a8285a01,INS,0,0,,gx-no-cache=1459857864314 HTTP/1.1" 200 93
200.86.98.101 - - [05/Apr/2016:09:04:01 -0300] "GET /cormun/servlet/hpexe_return? HTTP/1.1" 200 1006
200.86.98.101 - - [05/Apr/2016:09:04:02 -0300] "GET /cormun/servlet/trsolicitudot HTTP/1.1" 200 7899
200.86.98.101 - - [05/Apr/2016:09:04:02 -0300] "GET /cormun/servlet/trsolicitudot HTTP/1.1" 200 7895
200.86.98.101 - - [05/Apr/2016:09:04:21 -0300] "POST /cormun/servlet/trsolicitudot?aad45612bc832cbc870c5936a8285a01,gx-no-cache=1459857884664 HTTP/1.1" 200 3875
200.86.98.101 - - [05/Apr/2016:09:04:21 -0300] "GET /cormun/static/Shared/jqueryui/images/ui-bg_highlight-soft_100_c6c2c8_1x100.png HTTP/1.1" 404 1117
200.86.98.101 - - [05/Apr/2016:09:04:21 -0300] "GET /cormun/static/Shared/jqueryui/images/ui-icons_82798d_256x240.png HTTP/1.1" 404 1089
200.86.98.101 - - [05/Apr/2016:09:04:21 -0300] "GET /cormun/static/Shared/jqueryui/images/ui-bg_flat_55_fafafa_40x100.png HTTP/1.1" 404 1097
200.86.98.101 - - [05/Apr/2016:09:04:21 -0300] "GET /cormun/static/Shared/jqueryui/images/ui-icons_8d78a5_256x240.png HTTP/1.1" 404 1089
200.86.98.101 - - [05/Apr/2016:09:04:22 -0300] "POST /cormun/servlet/trsolicitudot?aad45612bc832cbc870c5936a8285a01,gx-no-cache=1459857884996 HTTP/1.1" 200 3686
200.86.98.101 - - [05/Apr/2016:09:04:28 -0300] "GET /cormun/servlet/trautorizarsolicitud? HTTP/1.1" 200 7828
191.112.70.161 - - [05/Apr/2016:09:04:28 -0300] "GET /cormun/servlet/solicitudot?e81743046eb8a415a059de07eff0b21616c1cfd93e2e6e47ff5cae8737b6de558ef8cfedc6a39d1adfb30b9d3e7eb97fb23e9caa7ea968760944aca45f3d46a328c642902613897a6278ba85e545e6421740e081f129be8d49928c7203bb81528427dc2c142f68343ffc9c89eeb186e4cdea3ed61288f6b4f0ad8fbaf53ca831122149ee09ca1669a0f1156fee4a672e0d7529211860c2361be1c65ae82c992fb61a330072a0657f4f3ffadad160bfc0,gx-no-cache=1459857910247 HTTP/1.1" 200 30
200.86.98.101 - - [05/Apr/2016:09:04:29 -0300] "GET /cormun/static/gxcfg.js?201632119361219 HTTP/1.1" 200 953
200.86.98.101 - - [05/Apr/2016:09:04:29 -0300] "GET /cormun/static/trautorizarsolicitud.js?20163211936186 HTTP/1.1" 304 -
200.86.98.101 - - [05/Apr/2016:09:04:29 -0300] "GET /cormun/servlet/trautorizarsolicitud? HTTP/1.1" 200 7828
200.86.98.101 - - [05/Apr/2016:09:04:33 -0300] "POST /cormun/servlet/trautorizarsolicitud?aad45612bc832cbc870c5936a8285a01,,gx-no-cache=1459857896020 HTTP/1.1" 200 3850
200.86.98.101 - - [05/Apr/2016:09:04:33 -0300] "POST /cormun/servlet/trautorizarsolicitud?aad45612bc832cbc870c5936a8285a01,,gx-no-cache=1459857896283 HTTP/1.1" 200 3661
191.112.70.161 - - [05/Apr/2016:09:04:38 -0300] "POST /cormun/servlet/solicitudot?f9903e65f999817737909192eadf3556,INS,0,0,,gx-no-cache=1459857914010 HTTP/1.1" 200 93
191.112.70.161 - - [05/Apr/2016:09:04:40 -0300] "GET /cormun/servlet/hpexe_return? HTTP/1.1" 200 1024
191.112.70.161 - - [05/Apr/2016:09:04:43 -0300] "GET /cormun/servlet/trsolicitudot?gx-no-cache=1459857705086 HTTP/1.1" 200 6505
191.112.70.161 - - [05/Apr/2016:09:04:46 -0300] "GET /cormun/servlet/trsolicitudot?gx-no-cache=1459857705086 HTTP/1.1" 200 6523
191.112.70.161 - - [05/Apr/2016:09:04:54 -0300] "GET /cormun/servlet/trcontratouno? HTTP/1.1" 200 7390
191.112.70.161 - - [05/Apr/2016:09:04:57 -0300] "GET /cormun/servlet/trcontratouno? HTTP/1.1" 200 7369
191.112.70.161 - - [05/Apr/2016:09:05:11 -0300] "GET /cormun/servlet/trsolicitudot?gx-no-cache=1459857705086 HTTP/1.1" 200 6505
191.112.70.161 - - [05/Apr/2016:09:05:14 -0300] "GET /cormun/servlet/trsolicitudot?gx-no-cache=1459857705086 HTTP/1.1" 200 6523
191.112.70.161 - - [05/Apr/2016:09:05:16 -0300] "GET /cormun/servlet/solicitudot?INS,0,0, HTTP/1.1" 200 11681
191.112.70.161 - - [05/Apr/2016:09:05:19 -0300] "GET /cormun/servlet/solicitudot?INS,0,0, HTTP/1.1" 200 11686
191.112.70.161 - - [05/Apr/2016:09:05:31 -0300] "POST /cormun/servlet/solicitudot?gx-no-cache=1459857973220 HTTP/1.1" 200 2771
186.78.34.48 - - [05/Apr/2016:09:05:33 -0300] "POST /cormun/servlet/solicitudot?gx-no-cache=1459857947968 HTTP/1.1" 200 2782
186.78.34.48 - - [05/Apr/2016:09:05:34 -0300] "POST /cormun/servlet/solicitudot?ecaa2c6b7ae2f80875eb8aa6524931df,INS,0,0,,gx-no-cache=1459857950655 HTTP/1.1" 200 8505
191.112.70.161 - - [05/Apr/2016:09:05:36 -0300] "POST /cormun/servlet/solicitudot?f9903e65f999817737909192eadf3556,INS,0,0,,gx-no-cache=1459857977094 HTTP/1.1" 200 8488
191.112.70.161 - - [05/Apr/2016:09:05:42 -0300] "GET /cormun/servlet/solicitudot?e81743046eb8a415a059de07eff0b2163d871a8999807b2d4f2161b019df732018fd7bf7f34f05aca0f21003d8e2a3b6,gx-no-cache=1459857986010 HTTP/1.1" 200 30
186.78.34.48 - - [05/Apr/2016:09:05:44 -0300] "GET /cormun/servlet/solicitudot?183a126f6a755fdcde7ddf2beae8ad2a189b9b079ec7f4424f7d728156a5c24b0dd73d95a341a7049edd9bd54ab478fe,gx-no-cache=1459857960412 HTTP/1.1" 200 30
186.78.34.48 - - [05/Apr/2016:09:05:45 -0300] "POST /cormun/servlet/solicitudot?gx-no-cache=1459857961161 HTTP/1.1" 200 30
191.112.70.161 - - [05/Apr/2016:09:05:47 -0300] "POST /cormun/servlet/solicitudot?gx-no-cache=1459857990106 HTTP/1.1" 200 30
191.112.70.161 - - [05/Apr/2016:09:05:56 -0300] "POST /cormun/servlet/solicitudot?gx-no-cache=1459857999720 HTTP/1.1" 200 30
191.112.70.161 - - [05/Apr/2016:09:06:04 -0300] "POST /cormun/servlet/solicitudot?gx-no-cache=1459858007363 HTTP/1.1" 200 1188
191.112.70.161 - - [05/Apr/2016:09:06:07 -0300] "GET /cormun/servlet/solicitudot?e81743046eb8a415a059de07eff0b2168c2c0cdc59fed7bf01ae8b26810460af16e5a3e516e4b8aa56ce24a547b94fc6adfffc12587a7bc49827926b375fd7366179b67cfb7458f6aa8546aaa0ad52cd7cca9beab417890bfdab0c5fe1ab604370ef5d0631118dc0b8a0f02eb02e333d875bdbf66d414fa982088ab1f7a1421f30a38dddabd8c73e31418e51af04851d,gx-no-cache=1459858010398 HTTP/1.1" 200 38
191.112.70.161 - - [05/Apr/2016:09:06:20 -0300] "GET /cormun/servlet/solicitudot?e81743046eb8a415a059de07eff0b216c990d2a05c9afae3761e6561e206f97bea2dbe11d790c275273299c110ebbf8ede862d0f02b433da21294a11b20b2fa48907428022adfcc0ee9644d02504a637e736a3ecdbb8c6ca17407dac25644aed97dcd3f01c5a804d3d580c92399d0eab1c3b1eaea44685996dfc3cd72e838637261ea0213c2d6f7bc93fc10875d63ae989aff9ae4b388270b5c46d0ccbe1d46d,gx-no-cache=1459858023237 HTTP/1.1" 200 29
191.112.70.161 - - [05/Apr/2016:09:06:23 -0300] "POST /cormun/servlet/solicitudot?gx-no-cache=1459858025905 HTTP/1.1" 200 1144
186.78.34.48 - - [05/Apr/2016:09:06:27 -0300] "POST /cormun/servlet/solicitudot?gx-no-cache=1459858003232 HTTP/1.1" 200 30
191.112.70.161 - - [05/Apr/2016:09:06:41 -0300] "GET /cormun/servlet/solicitudot?e81743046eb8a415a059de07eff0b21616c1cfd93e2e6e47ff5cae8737b6de554a2c0cc800f57193bc6f27a62fb1e5715765da51bd18248b2acdefd949be40417913e429c0b6713229afe47ad41cc3a22076d01df97c48e8b9e3a5ab9bbfb4339b3bb30c4b653af6cc73b062ba8272d3c129703832786d38055848ae1b0d4478583e1697ee0158b77e12099ee4f88505de33b7753b789ba1c25dde7b49117a6da237d0f7f704c64e0b8a5f0c7db253b7,gx-no-cache=1459858044761 HTTP/1.1" 200 30
186.78.34.48 - - [05/Apr/2016:09:06:45 -0300] "GET /cormun/static/Resources/resize.gif HTTP/1.1" 200 77
186.78.34.48 - - [05/Apr/2016:09:06:45 -0300] "GET /cormun/servlet/prcontratosol?15105577,,,,,MD,,gxPopupLevel%3D0%3B HTTP/1.1" 200 5738
186.78.34.48 - - [05/Apr/2016:09:06:46 -0300] "GET /cormun/static/Shared/jqueryui/jquery-ui.min.css?1345370 HTTP/1.1" 304 -
186.78.34.48 - - [05/Apr/2016:09:06:48 -0300] "GET /cormun/static/prcontratosol.js?2016141247993 HTTP/1.1" 200 14084
186.78.34.48 - - [05/Apr/2016:09:06:48 -0300] "GET /cormun/static/hmpwkw011.js?201631021445036 HTTP/1.1" 200 1968
186.78.34.48 - - [05/Apr/2016:09:06:49 -0300] "GET /cormun/static/gxcfg.js?2016141247819 HTTP/1.1" 200 953
186.78.34.48 - - [05/Apr/2016:09:06:49 -0300] "GET /cormun/static/Resources/PXToolsMenuSearch.png HTTP/1.1" 200 2914
186.78.34.48 - - [05/Apr/2016:09:06:49 -0300] "GET /cormun/static/Resources/PXToolsMenuSearchCancel.png HTTP/1.1" 200 2972
186.78.34.48 - - [05/Apr/2016:09:06:49 -0300] "GET /cormun/static/menusearch.js?20163211930269 HTTP/1.1" 200 1424
115.231.222.40 - - [05/Apr/2016:09:06:58 -0300] "GET /cgi-bin/common/attr?id=260714&r=0.8865129781945990 HTTP/1.1" 404 999
191.112.70.161 - - [05/Apr/2016:09:07:01 -0300] "POST /cormun/servlet/solicitudot?f9903e65f999817737909192eadf3556,INS,0,0,,gx-no-cache=1459858047770 HTTP/1.1" 200 93
191.112.70.161 - - [05/Apr/2016:09:07:04 -0300] "GET /cormun/servlet/hpexe_return? HTTP/1.1" 200 1024
191.112.70.161 - - [05/Apr/2016:09:07:08 -0300] "GET /cormun/servlet/trsolicitudot?gx-no-cache=1459857705086 HTTP/1.1" 200 6505
191.112.70.161 - - [05/Apr/2016:09:07:13 -0300] "GET /cormun/servlet/trsolicitudot?gx-no-cache=1459857705086 HTTP/1.1" 200 6523
186.78.34.48 - - [05/Apr/2016:09:07:21 -0300] "GET /cormun/static/Resources/Spanish/PXTools.css?1423257 HTTP/1.1" 200 89042
191.112.70.161 - - [05/Apr/2016:09:07:25 -0300] "GET /cormun/servlet/trcontratouno? HTTP/1.1" 200 7390
191.112.70.161 - - [05/Apr/2016:09:07:28 -0300] "GET /cormun/servlet/trcontratouno? HTTP/1.1" 200 7369
186.78.34.48 - - [05/Apr/2016:09:07:35 -0300] "POST /cormun/servlet/solicitudot?gx-no-cache=1459858071656 HTTP/1.1" 200 1187
186.78.34.48 - - [05/Apr/2016:09:07:36 -0300] "GET /cormun/servlet/solicitudot?183a126f6a755fdcde7ddf2beae8ad2a23c97be885ee2b06b7e99de8ff585665f5b751c84ba54bd609acb1f16767e6efbabbaa6b20373bb23bcd6a4b6b1755dac2b3ffc535d1fbbc973a752bcce79c33d0b8661ad96dfedb7de4ca0db2f8cb437a73360105ff18a45ed5163a3489999a6460f1841ce1253380fbfac35939024045bd226fefc7de2c49641bbf17617c50,gx-no-cache=1459858072748 HTTP/1.1" 200 38
186.78.34.48 - - [05/Apr/2016:09:07:37 -0300] "GET /cormun/servlet/solicitudot?183a126f6a755fdcde7ddf2beae8ad2aed19e7e384a7a12d8cb57f3473f15c2677c9dc6ff0125724e50f32d5ba79e187d3db3ff16900c85b2e1739d0185e365f34448a6676bef4d3b9d626ea3f5d1d6c573fffaf39a5cf9a038a8e41fd1836599f92821cf0710a869ae4b6f46e34f1d3f431ba0617761e945c4af00e5507b2d5d9b986ceddf7bec9a0a106d1b10959ca574e4b8e6ba153315e140bda10e827df,gx-no-cache=1459858073835 HTTP/1.1" 200 29
186.78.34.48 - - [05/Apr/2016:09:07:40 -0300] "POST /cormun/servlet/solicitudot?gx-no-cache=1459858074793 HTTP/1.1" 200 1143
191.112.70.161 - - [05/Apr/2016:09:07:53 -0300] "GET /cormun/servlet/trsolicitudot? HTTP/1.1" 200 6502
191.112.70.161 - - [05/Apr/2016:09:07:56 -0300] "GET /cormun/servlet/trsolicitudot? HTTP/1.1" 200 6501
191.112.70.161 - - [05/Apr/2016:09:08:10 -0300] "POST /cormun/servlet/trsolicitudot?f9903e65f999817737909192eadf3556,,gx-no-cache=1459858131844 HTTP/1.1" 200 3724
186.78.34.48 - - [05/Apr/2016:09:08:18 -0300] "GET /cormun/static/menuarrow.gif HTTP/1.1" 404 1015
191.112.70.161 - - [05/Apr/2016:09:08:25 -0300] "GET /cormun/servlet/trsolicitudot? HTTP/1.1" 200 6511
191.112.70.161 - - [05/Apr/2016:09:08:31 -0300] "GET /cormun/servlet/trsolicitudot? HTTP/1.1" 200 6511
191.112.70.161 - - [05/Apr/2016:09:08:45 -0300] "POST /cormun/servlet/trsolicitudot?f9903e65f999817737909192eadf3556,,gx-no-cache=1459858161388 HTTP/1.1" 200 3721
191.112.70.161 - - [05/Apr/2016:09:09:16 -0300] "POST /cormun/servlet/trsolicitudot?f9903e65f999817737909192eadf3556,,gx-no-cache=1459858195856 HTTP/1.1" 200 3709
191.112.70.161 - - [05/Apr/2016:09:09:40 -0300] "GET /cormun/servlet/trsolicitudot? HTTP/1.1" 200 6496
191.112.70.161 - - [05/Apr/2016:09:09:44 -0300] "GET /cormun/servlet/trsolicitudot? HTTP/1.1" 200 6496
186.78.34.48 - - [05/Apr/2016:09:09:57 -0300] "GET /cormun/servlet/solicitudot?183a126f6a755fdcde7ddf2beae8ad2aec945fab075932ee2a810647dc141d92de4f07846ffe82942b5c0f0fd3bd63ca19139f251bcf2b4eec5a8e31b54dd721bfe04fe453368a19a9144dcabdd3f4166a7888babee323caaa5548022e45cbe0b20ccde72f5f7f391a3ddbd59500e03c45f100449a85fb6ab8f155edb3b99e6129afa7c37cfad377b9808bdbfbb7de5e8d5f9b115cb9fa188aa47d075775ff5b282ecf6a8e72cbc0c326f1b92d221e16,gx-no-cache=1459858212559 HTTP/1.1" 200 30
191.112.70.161 - - [05/Apr/2016:09:09:57 -0300] "POST /cormun/servlet/trsolicitudot?f9903e65f999817737909192eadf3556,,gx-no-cache=1459858237231 HTTP/1.1" 200 5911
191.112.70.161 - - [05/Apr/2016:09:10:15 -0300] "POST /cormun/servlet/trsolicitudot?f9903e65f999817737909192eadf3556,,gx-no-cache=1459858256939 HTTP/1.1" 200 105
191.112.70.161 - - [05/Apr/2016:09:10:17 -0300] "GET /cormun/servlet/solicitudot?DLT,2016,1206, HTTP/1.1" 200 8642
191.112.70.161 - - [05/Apr/2016:09:10:21 -0300] "GET /cormun/servlet/solicitudot?DLT,2016,1206, HTTP/1.1" 200 8652
191.112.70.161 - - [05/Apr/2016:09:10:31 -0300] "POST /cormun/servlet/solicitudot?f9903e65f999817737909192eadf3556,DLT,2016,1206,,gx-no-cache=1459858274015 HTTP/1.1" 200 93
191.112.70.161 - - [05/Apr/2016:09:10:32 -0300] "GET /cormun/servlet/hpexe_return? HTTP/1.1" 200 1010
191.112.70.161 - - [05/Apr/2016:09:10:33 -0300] "GET /cormun/servlet/trsolicitudot? HTTP/1.1" 200 8534
191.112.70.161 - - [05/Apr/2016:09:10:36 -0300] "GET /cormun/servlet/trsolicitudot? HTTP/1.1" 200 8529
191.112.70.161 - - [05/Apr/2016:09:10:55 -0300] "POST /cormun/servlet/trsolicitudot?f9903e65f999817737909192eadf3556,,gx-no-cache=1459858298152 HTTP/1.1" 200 105
191.112.70.161 - - [05/Apr/2016:09:10:55 -0300] "GET /cormun/servlet/solicitudot?DLT,2016,1206, HTTP/1.1" 200 8642
191.112.70.161 - - [05/Apr/2016:09:10:57 -0300] "GET /cormun/servlet/solicitudot?DLT,2016,1206, HTTP/1.1" 200 8652
191.112.70.161 - - [05/Apr/2016:09:11:01 -0300] "POST /cormun/servlet/solicitudot?f9903e65f999817737909192eadf3556,DLT,2016,1206,,gx-no-cache=1459858303732 HTTP/1.1" 200 93
191.112.70.161 - - [05/Apr/2016:09:11:01 -0300] "GET /cormun/servlet/hpexe_return? HTTP/1.1" 200 1010
191.112.70.161 - - [05/Apr/2016:09:11:01 -0300] "GET /cormun/servlet/trsolicitudot HTTP/1.1" 200 8312
186.78.34.48 - - [05/Apr/2016:09:11:01 -0300] "POST /cormun/servlet/solicitudot?ecaa2c6b7ae2f80875eb8aa6524931df,INS,0,0,,gx-no-cache=1459858273943 HTTP/1.1" 200 93
191.112.70.161 - - [05/Apr/2016:09:11:02 -0300] "GET /cormun/servlet/trsolicitudot HTTP/1.1" 200 8308
186.78.34.48 - - [05/Apr/2016:09:11:03 -0300] "GET /cormun/servlet/hpexe_return? HTTP/1.1" 200 1006
186.78.34.48 - - [05/Apr/2016:09:11:04 -0300] "GET /cormun/static/Resources/Spanish/PXTools.css?12112540 HTTP/1.1" 304 -
186.78.34.48 - - [05/Apr/2016:09:11:04 -0300] "GET /cormun/static/gxcfg.js?2015111312145050 HTTP/1.1" 200 953
186.78.34.48 - - [05/Apr/2016:09:11:05 -0300] "GET /cormun/static/hpexe_return.js?2015111312145056 HTTP/1.1" 304 -
186.78.34.48 - - [05/Apr/2016:09:11:05 -0300] "GET /cormun/servlet/trsolicitudot HTTP/1.1" 200 7779
186.78.34.48 - - [05/Apr/2016:09:11:07 -0300] "GET /cormun//static/Resources/PXTools/ActionInsert.png HTTP/1.1" 200 1482
191.112.70.161 - - [05/Apr/2016:09:11:08 -0300] "POST /cormun/servlet/trsolicitudot?f9903e65f999817737909192eadf3556,gx-no-cache=1459858311547 HTTP/1.1" 200 105
191.112.70.161 - - [05/Apr/2016:09:11:09 -0300] "GET /cormun/servlet/solicitudot?DLT,2016,1207, HTTP/1.1" 200 8654
191.112.70.161 - - [05/Apr/2016:09:11:10 -0300] "GET /cormun/servlet/solicitudot?DLT,2016,1207, HTTP/1.1" 200 8663
191.112.70.161 - - [05/Apr/2016:09:11:13 -0300] "POST /cormun/servlet/solicitudot?f9903e65f999817737909192eadf3556,DLT,2016,1207,,gx-no-cache=1459858316332 HTTP/1.1" 200 93
191.112.70.161 - - [05/Apr/2016:09:11:13 -0300] "GET /cormun/servlet/hpexe_return? HTTP/1.1" 200 1009
191.112.70.161 - - [05/Apr/2016:09:11:14 -0300] "GET /cormun/servlet/trsolicitudot HTTP/1.1" 200 8064
191.112.70.161 - - [05/Apr/2016:09:11:15 -0300] "GET /cormun/servlet/trsolicitudot HTTP/1.1" 200 8060
186.78.34.48 - - [05/Apr/2016:09:11:16 -0300] "POST /cormun/servlet/trsolicitudot?ecaa2c6b7ae2f80875eb8aa6524931df,gx-no-cache=1459858292633 HTTP/1.1" 200 3832
186.78.34.48 - - [05/Apr/2016:09:11:17 -0300] "POST /cormun/servlet/trsolicitudot?ecaa2c6b7ae2f80875eb8aa6524931df,gx-no-cache=1459858294253 HTTP/1.1" 200 3678
186.78.34.48 - - [05/Apr/2016:09:11:19 -0300] "GET /cormun/static/Shared/jqueryui/images/ui-icons_8d78a5_256x240.png HTTP/1.1" 404 1089
186.78.34.48 - - [05/Apr/2016:09:11:19 -0300] "GET /cormun/static/Shared/jqueryui/images/ui-bg_flat_55_fafafa_40x100.png HTTP/1.1" 404 1097
186.78.34.48 - - [05/Apr/2016:09:11:19 -0300] "GET /cormun/static/Shared/jqueryui/images/ui-bg_highlight-soft_100_c6c2c8_1x100.png HTTP/1.1" 404 1117
186.78.34.48 - - [05/Apr/2016:09:11:20 -0300] "GET /cormun/static/Shared/jqueryui/images/ui-icons_82798d_256x240.png HTTP/1.1" 404 1089
186.78.34.48 - - [05/Apr/2016:09:11:25 -0300] "GET /cormun/servlet/trautorizarsolicitud? HTTP/1.1" 200 7713
186.78.34.48 - - [05/Apr/2016:09:11:26 -0300] "GET /cormun/static/gxcfg.js?201632119361219 HTTP/1.1" 200 953
186.78.34.48 - - [05/Apr/2016:09:11:26 -0300] "GET /cormun/static/trautorizarsolicitud.js?20163211936186 HTTP/1.1" 304 -
186.78.34.48 - - [05/Apr/2016:09:11:28 -0300] "GET /cormun/static/Resources/Spanish/PXTools.css?19284387 HTTP/1.1" 304 -
191.112.70.161 - - [05/Apr/2016:09:11:29 -0300] "POST /cormun/servlet/trsolicitudot?f9903e65f999817737909192eadf3556,gx-no-cache=1459858331912 HTTP/1.1" 200 105
191.112.70.161 - - [05/Apr/2016:09:11:30 -0300] "GET /cormun/servlet/solicitudot?DLT,2016,1209, HTTP/1.1" 200 8653
191.112.70.161 - - [05/Apr/2016:09:11:31 -0300] "GET /cormun/servlet/solicitudot?DLT,2016,1209, HTTP/1.1" 200 8663
191.112.70.161 - - [05/Apr/2016:09:11:34 -0300] "POST /cormun/servlet/solicitudot?f9903e65f999817737909192eadf3556,DLT,2016,1209,,gx-no-cache=1459858337069 HTTP/1.1" 200 93
191.112.70.161 - - [05/Apr/2016:09:11:34 -0300] "GET /cormun/servlet/hpexe_return? HTTP/1.1" 200 1010
191.112.70.161 - - [05/Apr/2016:09:11:34 -0300] "GET /cormun/servlet/trsolicitudot HTTP/1.1" 200 7785
191.112.70.161 - - [05/Apr/2016:09:11:36 -0300] "GET /cormun/servlet/trsolicitudot HTTP/1.1" 200 7782
186.78.34.48 - - [05/Apr/2016:09:11:45 -0300] "POST /cormun/servlet/trautorizarsolicitud?ecaa2c6b7ae2f80875eb8aa6524931df,,gx-no-cache=1459858317706 HTTP/1.1" 200 3807
186.78.34.48 - - [05/Apr/2016:09:11:47 -0300] "POST /cormun/servlet/trautorizarsolicitud?ecaa2c6b7ae2f80875eb8aa6524931df,,gx-no-cache=1459858323531 HTTP/1.1" 200 3651
186.78.34.48 - - [05/Apr/2016:09:11:48 -0300] "GET /cormun/static/Shared/jqueryui/images/ui-bg_highlight-soft_100_c6c2c8_1x100.png HTTP/1.1" 404 1117
186.78.34.48 - - [05/Apr/2016:09:11:49 -0300] "GET /cormun/static/Shared/jqueryui/images/ui-bg_flat_55_fafafa_40x100.png HTTP/1.1" 404 1097
186.78.34.48 - - [05/Apr/2016:09:11:49 -0300] "GET /cormun/static/Shared/jqueryui/images/ui-icons_82798d_256x240.png HTTP/1.1" 404 1089
186.78.34.48 - - [05/Apr/2016:09:11:49 -0300] "GET /cormun/static/Shared/jqueryui/images/ui-icons_8d78a5_256x240.png HTTP/1.1" 404 1089
186.78.34.48 - - [05/Apr/2016:09:11:53 -0300] "GET /cormun/servlet/trsolicitudot? HTTP/1.1" 200 6477
191.112.70.161 - - [05/Apr/2016:09:12:00 -0300] "POST /cormun/servlet/trsolicitudot?f9903e65f999817737909192eadf3556,gx-no-cache=1459858360688 HTTP/1.1" 200 105
191.112.70.161 - - [05/Apr/2016:09:12:02 -0300] "GET /cormun/servlet/solicitudot?DLT,2016,1210, HTTP/1.1" 200 8643
191.112.70.161 - - [05/Apr/2016:09:12:05 -0300] "GET /cormun/servlet/solicitudot?DLT,2016,1210, HTTP/1.1" 200 8653
186.78.34.48 - - [05/Apr/2016:09:12:16 -0300] "GET /cormun/servlet/solicitudot?INS,0,0, HTTP/1.1" 200 11690
191.112.70.161 - - [05/Apr/2016:09:12:32 -0300] "POST /cormun/servlet/solicitudot?f9903e65f999817737909192eadf3556,DLT,2016,1210,,gx-no-cache=1459858391446 HTTP/1.1" 200 93
191.112.70.161 - - [05/Apr/2016:09:12:35 -0300] "GET /cormun/servlet/hpexe_return? HTTP/1.1" 200 1009
191.112.70.161 - - [05/Apr/2016:09:12:38 -0300] "GET /cormun/servlet/trsolicitudot HTTP/1.1" 200 6489
191.112.70.161 - - [05/Apr/2016:09:12:42 -0300] "GET /cormun/servlet/trsolicitudot HTTP/1.1" 200 6486
186.78.34.48 - - [05/Apr/2016:09:12:43 -0300] "POST /cormun/servlet/solicitudot?gx-no-cache=1459858377010 HTTP/1.1" 200 2782
186.78.34.48 - - [05/Apr/2016:09:12:49 -0300] "POST /cormun/servlet/solicitudot?ecaa2c6b7ae2f80875eb8aa6524931df,INS,0,0,,gx-no-cache=1459858381246 HTTP/1.1" 200 8503
191.112.70.161 - - [05/Apr/2016:09:12:50 -0300] "GET /cormun/servlet/trsolicitudot? HTTP/1.1" 200 6486
191.112.70.161 - - [05/Apr/2016:09:12:54 -0300] "GET /cormun/servlet/trsolicitudot? HTTP/1.1" 200 6486
186.78.34.48 - - [05/Apr/2016:09:12:54 -0300] "GET /cormun/servlet/solicitudot?183a126f6a755fdcde7ddf2beae8ad2a189b9b079ec7f4424f7d728156a5c24b0dd73d95a341a7049edd9bd54ab478fe,gx-no-cache=1459858390474 HTTP/1.1" 200 30
186.78.34.48 - - [05/Apr/2016:09:12:55 -0300] "POST /cormun/servlet/solicitudot?gx-no-cache=1459858391515 HTTP/1.1" 200 30
191.112.70.161 - - [05/Apr/2016:09:13:01 -0300] "POST /cormun/servlet/trsolicitudot?f9903e65f999817737909192eadf3556,,gx-no-cache=1459858422581 HTTP/1.1" 200 3704
186.78.34.48 - - [05/Apr/2016:09:13:07 -0300] "POST /cormun/servlet/solicitudot?gx-no-cache=1459858403870 HTTP/1.1" 200 30
186.78.34.48 - - [05/Apr/2016:09:13:11 -0300] "GET /cormun/servlet/prcontratosol?15105577,,,,,MD,,gxPopupLevel%3D0%3B HTTP/1.1" 200 5738
191.112.70.161 - - [05/Apr/2016:09:13:17 -0300] "POST /cormun/servlet/trsolicitudot?f9903e65f999817737909192eadf3556,,gx-no-cache=1459858439991 HTTP/1.1" 200 3713
186.78.34.48 - - [05/Apr/2016:09:13:26 -0300] "POST /cormun/servlet/solicitudot?gx-no-cache=1459858422597 HTTP/1.1" 200 1187
186.78.34.48 - - [05/Apr/2016:09:13:27 -0300] "GET /cormun/servlet/solicitudot?183a126f6a755fdcde7ddf2beae8ad2a23c97be885ee2b06b7e99de8ff585665f5b751c84ba54bd609acb1f16767e6efbabbaa6b20373bb23bcd6a4b6b1755dac2b3ffc535d1fbbc973a752bcce79c33d0b8661ad96dfedb7de4ca0db2f8cb437a73360105ff18a45ed5163a3489999a6460f1841ce1253380fbfac35939024045bd226fefc7de2c49641bbf17617c50,gx-no-cache=1459858423726 HTTP/1.1" 200 38
186.78.34.48 - - [05/Apr/2016:09:13:28 -0300] "GET /cormun/servlet/solicitudot?183a126f6a755fdcde7ddf2beae8ad2aed19e7e384a7a12d8cb57f3473f15c2677c9dc6ff0125724e50f32d5ba79e187d3db3ff16900c85b2e1739d0185e365f34448a6676bef4d3b9d626ea3f5d1d6c573fffaf39a5cf9a038a8e41fd1836599f92821cf0710a869ae4b6f46e34f1d3f431ba0617761e945c4af00e5507b2d5d9b986ceddf7bec9a0a106d1b10959ca574e4b8e6ba153315e140bda10e827df,gx-no-cache=1459858425014 HTTP/1.1" 200 29
186.78.34.48 - - [05/Apr/2016:09:13:30 -0300] "POST /cormun/servlet/solicitudot?gx-no-cache=1459858426458 HTTP/1.1" 200 1143
191.112.70.161 - - [05/Apr/2016:09:13:32 -0300] "POST /cormun/servlet/trsolicitudot?f9903e65f999817737909192eadf3556,,gx-no-cache=1459858455222 HTTP/1.1" 200 3714
191.112.70.161 - - [05/Apr/2016:09:13:43 -0300] "GET /cormun/servlet/trsolicitudot? HTTP/1.1" 200 6501
191.112.70.161 - - [05/Apr/2016:09:13:45 -0300] "GET /cormun/servlet/trsolicitudot? HTTP/1.1" 200 6501
191.112.70.161 - - [05/Apr/2016:09:13:48 -0300] "GET /cormun/servlet/solicitudot?INS,0,0, HTTP/1.1" 200 11682
191.112.70.161 - - [05/Apr/2016:09:13:49 -0300] "GET /cormun/servlet/solicitudot?INS,0,0, HTTP/1.1" 200 11687
191.112.70.161 - - [05/Apr/2016:09:13:59 -0300] "POST /cormun/servlet/solicitudot?gx-no-cache=1459858481922 HTTP/1.1" 200 2771
191.112.70.161 - - [05/Apr/2016:09:13:59 -0300] "POST /cormun/servlet/solicitudot?f9903e65f999817737909192eadf3556,INS,0,0,,gx-no-cache=1459858482563 HTTP/1.1" 200 8489
191.112.70.161 - - [05/Apr/2016:09:14:06 -0300] "GET /cormun/servlet/solicitudot?e81743046eb8a415a059de07eff0b2163d871a8999807b2d4f2161b019df732018fd7bf7f34f05aca0f21003d8e2a3b6,gx-no-cache=1459858489208 HTTP/1.1" 200 30
191.112.70.161 - - [05/Apr/2016:09:14:06 -0300] "POST /cormun/servlet/solicitudot?gx-no-cache=1459858489310 HTTP/1.1" 200 30
191.112.70.161 - - [05/Apr/2016:09:14:11 -0300] "POST /cormun/servlet/solicitudot?gx-no-cache=1459858494150 HTTP/1.1" 200 30
191.112.70.161 - - [05/Apr/2016:09:14:26 -0300] "GET /cormun/servlet/trcontratouno? HTTP/1.1" 200 7375
191.112.70.161 - - [05/Apr/2016:09:14:27 -0300] "GET /cormun/servlet/trcontratouno? HTTP/1.1" 200 7369
191.112.70.161 - - [05/Apr/2016:09:14:44 -0300] "GET /cormun/servlet/solicitudot?INS,0,0, HTTP/1.1" 200 11687
191.112.70.161 - - [05/Apr/2016:09:14:45 -0300] "GET /cormun/servlet/solicitudot?INS,0,0, HTTP/1.1" 200 11692
191.112.70.161 - - [05/Apr/2016:09:14:56 -0300] "POST /cormun/servlet/solicitudot?gx-no-cache=1459858539391 HTTP/1.1" 200 2771
191.112.70.161 - - [05/Apr/2016:09:14:58 -0300] "POST /cormun/servlet/solicitudot?f9903e65f999817737909192eadf3556,INS,0,0,,gx-no-cache=1459858540776 HTTP/1.1" 200 8495
191.112.70.161 - - [05/Apr/2016:09:15:01 -0300] "GET /cormun/servlet/solicitudot?e81743046eb8a415a059de07eff0b2163d871a8999807b2d4f2161b019df732018fd7bf7f34f05aca0f21003d8e2a3b6,gx-no-cache=1459858544979 HTTP/1.1" 200 30
191.112.70.161 - - [05/Apr/2016:09:15:02 -0300] "POST /cormun/servlet/solicitudot?gx-no-cache=1459858545615 HTTP/1.1" 200 30
191.112.70.161 - - [05/Apr/2016:09:15:04 -0300] "POST /cormun/servlet/solicitudot?gx-no-cache=1459858547992 HTTP/1.1" 200 30
191.112.70.161 - - [05/Apr/2016:09:15:18 -0300] "POST /cormun/servlet/solicitudot?gx-no-cache=1459858561409 HTTP/1.1" 200 1188
191.112.70.161 - - [05/Apr/2016:09:15:19 -0300] "GET /cormun/servlet/solicitudot?e81743046eb8a415a059de07eff0b2168c2c0cdc59fed7bf01ae8b26810460af16e5a3e516e4b8aa56ce24a547b94fc6adfffc12587a7bc49827926b375fd7366179b67cfb7458f6aa8546aaa0ad52cd7cca9beab417890bfdab0c5fe1ab604370ef5d0631118dc0b8a0f02eb02e333d875bdbf66d414fa982088ab1f7a1421f30a38dddabd8c73e31418e51af04851d,gx-no-cache=1459858563029 HTTP/1.1" 200 38
191.112.70.161 - - [05/Apr/2016:09:15:28 -0300] "GET /cormun/servlet/solicitudot?e81743046eb8a415a059de07eff0b216c990d2a05c9afae3761e6561e206f97bea2dbe11d790c275273299c110ebbf8ede862d0f02b433da21294a11b20b2fa48907428022adfcc0ee9644d02504a637e736a3ecdbb8c6ca17407dac25644aed97dcd3f01c5a804d3d580c92399d0eab1c3b1eaea44685996dfc3cd72e838637261ea0213c2d6f7bc93fc10875d63ae989aff9ae4b388270b5c46d0ccbe1d46d,gx-no-cache=1459858571313 HTTP/1.1" 200 29
191.112.70.161 - - [05/Apr/2016:09:15:29 -0300] "POST /cormun/servlet/solicitudot?gx-no-cache=1459858572142 HTTP/1.1" 200 1144
191.112.70.161 - - [05/Apr/2016:09:15:30 -0300] "GET /cormun/servlet/solicitudot?e81743046eb8a415a059de07eff0b21616c1cfd93e2e6e47ff5cae8737b6de55f742b7cc38eb989fa5c2f5b661a535d416e5a3e516e4b8aa56ce24a547b94fc6adfffc12587a7bc49827926b375fd7366179b67cfb7458f6aa8546aaa0ad52cd7cca9beab417890bfdab0c5fe1ab604370ef5d0631118dc0b8a0f02eb02e333d875bdbf66d414fa982088ab1f7a1421ff4e39237bc82383e6d5d1f8fd21588a6,gx-no-cache=1459858573412 HTTP/1.1" 200 30
