191.112.70.161 - - [05/Apr/2016:08:21:26 -0300] "GET /cormun/servlet/hhome HTTP/1.1" 200 3542
191.112.70.161 - - [05/Apr/2016:08:21:30 -0300] "GET /cormun/servlet/hhome HTTP/1.1" 200 3538
191.112.48.107 - - [05/Apr/2016:08:21:37 -0300] "POST /cormun/servlet/trsolicitudot?49c7d69081d55396446b12cf59a55849,,gx-no-cache=1459855319793 HTTP/1.1" 200 5115
191.112.48.107 - - [05/Apr/2016:08:21:37 -0300] "GET /cormun/static/Shared/jqueryui/images/ui-bg_highlight-soft_100_c6c2c8_1x100.png HTTP/1.1" 404 1117
191.112.48.107 - - [05/Apr/2016:08:21:37 -0300] "GET /cormun/static/Shared/jqueryui/images/ui-icons_82798d_256x240.png HTTP/1.1" 404 1089
191.112.48.107 - - [05/Apr/2016:08:21:37 -0300] "GET /cormun/static/Shared/jqueryui/images/ui-bg_flat_55_fafafa_40x100.png HTTP/1.1" 404 1097
191.112.48.107 - - [05/Apr/2016:08:21:37 -0300] "GET /cormun/static/Shared/jqueryui/images/ui-icons_8d78a5_256x240.png HTTP/1.1" 404 1089
191.112.48.107 - - [05/Apr/2016:08:21:38 -0300] "POST /cormun/servlet/trsolicitudot?49c7d69081d55396446b12cf59a55849,,gx-no-cache=1459855321027 HTTP/1.1" 200 5057
191.112.48.107 - - [05/Apr/2016:08:21:42 -0300] "POST /cormun/servlet/trsolicitudot?49c7d69081d55396446b12cf59a55849,,gx-no-cache=1459855325680 HTTP/1.1" 200 105
191.112.48.107 - - [05/Apr/2016:08:21:43 -0300] "GET /cormun/servlet/solicitudot?UPD,2016,1160, HTTP/1.1" 200 12892
191.112.48.107 - - [05/Apr/2016:08:21:45 -0300] "GET /cormun/servlet/solicitudot?UPD,2016,1160, HTTP/1.1" 200 12901
191.112.48.107 - - [05/Apr/2016:08:21:46 -0300] "POST /cormun/servlet/solicitudot?gx-no-cache=1459855329408 HTTP/1.1" 200 2748
191.112.48.107 - - [05/Apr/2016:08:21:47 -0300] "POST /cormun/servlet/solicitudot?49c7d69081d55396446b12cf59a55849,UPD,2016,1160,,gx-no-cache=1459855329898 HTTP/1.1" 200 9083
191.112.48.107 - - [05/Apr/2016:08:21:47 -0300] "GET /cormun/servlet/solicitudot?2a25548c2c51518aeb618cd94682a1be8071ba591bf9976f35ba2c54c9f34d257ec026e0cfd87c2c2f88b96136ce5a97,gx-no-cache=1459855330520 HTTP/1.1" 200 30
191.112.48.107 - - [05/Apr/2016:08:21:47 -0300] "POST /cormun/servlet/solicitudot?gx-no-cache=1459855330647 HTTP/1.1" 200 30
191.112.48.107 - - [05/Apr/2016:08:21:47 -0300] "POST /cormun/servlet/solicitudot?gx-no-cache=1459855330746 HTTP/1.1" 200 30
191.112.48.107 - - [05/Apr/2016:08:21:47 -0300] "POST /cormun/servlet/solicitudot?gx-no-cache=1459855330875 HTTP/1.1" 200 1181
191.112.48.107 - - [05/Apr/2016:08:21:47 -0300] "GET /cormun/servlet/solicitudot?2a25548c2c51518aeb618cd94682a1be0b85b7e42268be9302b5426724004fc5f767e523c318fed5598dda366cb39215afe9e567b23174d3ad848c8c03bd097dc23c70efd6bfeb477be73477b83616b2ac96a3a399b81d5a8ef7d4cf3fd3f00b63c11c0cece93a21f3786ee32a2e3de4376c3c17e1b6fa04508cc621c7a8aa26cb40a2b34dc406f8b3a8e82809f6f30027c6c830a8753de3ac491e5ace55b574,gx-no-cache=1459855331096 HTTP/1.1" 200 41
191.112.70.161 - - [05/Apr/2016:08:21:49 -0300] "GET /cormun/servlet/trcontratoobservaciondir? HTTP/1.1" 200 5716
191.112.70.161 - - [05/Apr/2016:08:21:51 -0300] "GET /cormun/static/gxui/gxui-all.css?110300 HTTP/1.1" 200 2179
191.112.70.161 - - [05/Apr/2016:08:21:51 -0300] "GET /cormun/static/gxcfg.js?20163231973482 HTTP/1.1" 200 953
191.112.48.107 - - [05/Apr/2016:08:21:54 -0300] "POST /cormun/servlet/solicitudot?gx-no-cache=1459855337145 HTTP/1.1" 200 122
191.112.70.161 - - [05/Apr/2016:08:21:54 -0300] "GET /cormun/static/trcontratoobservaciondir.js?2016323197386 HTTP/1.1" 200 24069
191.112.70.161 - - [05/Apr/2016:08:22:09 -0300] "GET /cormun/static/Shared/ext/resources/css/ext-all.css?205870 HTTP/1.1" 200 416045
191.112.70.161 - - [05/Apr/2016:08:22:12 -0300] "GET /cormun/servlet/hhome HTTP/1.1" 200 3542
191.112.70.161 - - [05/Apr/2016:08:22:16 -0300] "GET /cormun/servlet/hhome HTTP/1.1" 200 3538
191.112.70.161 - - [05/Apr/2016:08:22:21 -0300] "GET /cormun/servlet/trautorizarsolicitud? HTTP/1.1" 200 6392
191.112.70.161 - - [05/Apr/2016:08:22:21 -0300] "GET /cormun/static/gxcfg.js?201632119361219 HTTP/1.1" 200 953
191.112.70.161 - - [05/Apr/2016:08:22:21 -0300] "GET /cormun/static/Resources/PXTools/calendar.png HTTP/1.1" 200 1306
191.112.70.161 - - [05/Apr/2016:08:22:21 -0300] "GET /cormun/static/trautorizarsolicitud.js?20163211936186 HTTP/1.1" 200 44547
191.112.70.161 - - [05/Apr/2016:08:22:22 -0300] "GET /cormun/servlet/trautorizarsolicitud? HTTP/1.1" 200 6392
191.112.70.161 - - [05/Apr/2016:08:22:23 -0300] "GET /cormun/static/Shared/ext/resources/themes/images/default/panel/bg-headersPanel.png HTTP/1.1" 200 255
191.112.70.161 - - [05/Apr/2016:08:22:23 -0300] "GET /cormun/static/Shared/ext/resources/themes/images/default/tools/tool-sprites.gif HTTP/1.1" 200 5434
191.112.70.161 - - [05/Apr/2016:08:22:58 -0300] "POST /cormun/servlet/trautorizarsolicitud?f9903e65f999817737909192eadf3556,,gx-no-cache=1459855419621 HTTP/1.1" 200 3676
191.112.70.161 - - [05/Apr/2016:08:23:15 -0300] "GET /cormun/servlet/trcontratouno? HTTP/1.1" 200 9330
191.112.70.161 - - [05/Apr/2016:08:23:17 -0300] "GET /cormun/servlet/trcontratouno? HTTP/1.1" 200 9329
191.112.70.161 - - [05/Apr/2016:08:23:28 -0300] "POST /cormun/servlet/trcontratouno?f9903e65f999817737909192eadf3556,,gx-no-cache=1459855447893 HTTP/1.1" 200 6475
191.112.70.161 - - [05/Apr/2016:08:23:49 -0300] "POST /cormun/servlet/trcontratouno?f9903e65f999817737909192eadf3556,,gx-no-cache=1459855457016 HTTP/1.1" 200 6515
191.112.70.161 - - [05/Apr/2016:08:23:51 -0300] "GET /cormun/static/Shared/jqueryui/images/ui-bg_highlight-soft_100_c6c2c8_1x100.png HTTP/1.1" 404 1117
191.112.70.161 - - [05/Apr/2016:08:23:51 -0300] "GET /cormun/static/Shared/jqueryui/images/ui-icons_82798d_256x240.png HTTP/1.1" 404 1089
191.112.70.161 - - [05/Apr/2016:08:23:51 -0300] "GET /cormun/static/Shared/jqueryui/images/ui-bg_flat_55_fafafa_40x100.png HTTP/1.1" 404 1097
191.112.70.161 - - [05/Apr/2016:08:23:51 -0300] "GET /cormun/static/Shared/jqueryui/images/ui-icons_8d78a5_256x240.png HTTP/1.1" 404 1089
191.112.70.161 - - [05/Apr/2016:08:24:53 -0300] "POST /cormun/servlet/trcontratouno?f9903e65f999817737909192eadf3556,,gx-no-cache=1459855534122 HTTP/1.1" 200 6381
191.112.48.107 - - [05/Apr/2016:08:24:58 -0300] "POST /cormun/servlet/solicitudot?gx-no-cache=1459855521131 HTTP/1.1" 200 1185
191.112.48.107 - - [05/Apr/2016:08:25:03 -0300] "GET /cormun/static/menuarrow.gif HTTP/1.1" 404 1015
191.112.70.161 - - [05/Apr/2016:08:25:26 -0300] "POST /cormun/servlet/trcontratouno?f9903e65f999817737909192eadf3556,,gx-no-cache=1459855560003 HTTP/1.1" 200 4360
191.112.48.107 - - [05/Apr/2016:08:25:58 -0300] "GET /cormun/servlet/solicitudot?2a25548c2c51518aeb618cd94682a1be0b85b7e42268be9302b5426724004fc5f767e523c318fed5598dda366cb39215afe9e567b23174d3ad848c8c03bd097dc23c70efd6bfeb477be73477b83616b2ac96a3a399b81d5a8ef7d4cf3fd3f00b63c11c0cece93a21f3786ee32a2e3de4376c3c17e1b6fa04508cc621c7a8aa263bf5e611555a3b53cf3d348a8e76c0dc6e22cee08ec86781fc4dfec48772bcaf,gx-no-cache=1459855581242 HTTP/1.1" 200 41
191.112.48.107 - - [05/Apr/2016:08:25:58 -0300] "GET /cormun/servlet/solicitudot?2a25548c2c51518aeb618cd94682a1be460f9a121d68c74c5ce3ad2970d6beac1a851639cd031f4455052b53d1a2a065ed7c9d0cbeb07653f349dc6da0c88ec4959ffa39a05e70d2ae642f45d843970965cfbce3e83550488b4d04105a5951ffe3a24991790893fb6372349078a15622,gx-no-cache=1459855581452 HTTP/1.1" 200 29
191.112.48.107 - - [05/Apr/2016:08:25:58 -0300] "POST /cormun/servlet/solicitudot?gx-no-cache=1459855581589 HTTP/1.1" 200 1144
191.112.48.107 - - [05/Apr/2016:08:26:27 -0300] "GET /cormun/servlet/solicitudot?2a25548c2c51518aeb618cd94682a1bea912168b0043d840d5edb1e8a9c0ed6444d433463e4ead92e2a28e010200a5161881979f6ee575dbab270209058161b75e1ebf0eb530f162c6975d513bd8282ac68c8116c6ae1820098aa97aac9776084c02c28d3490405c718ec4492f1597b9b342df6347c535ff22292bb916f822d11f8537828bfaac2b21639d96403162d60879420155affcbc44b29dc70a701a716c9aa5433a5c7319211ef8298f19569da50dd76ca7d5beee993c3b67d184c6e9,gx-no-cache=1459855610101 HTTP/1.1" 200 30
191.112.48.107 - - [05/Apr/2016:08:26:27 -0300] "POST /cormun/servlet/solicitudot?49c7d69081d55396446b12cf59a55849,UPD,2016,1160,,gx-no-cache=1459855610350 HTTP/1.1" 200 93
191.112.48.107 - - [05/Apr/2016:08:26:27 -0300] "GET /cormun/servlet/hpexe_return? HTTP/1.1" 200 1007
191.112.48.107 - - [05/Apr/2016:08:26:29 -0300] "GET /cormun/servlet/trsolicitudot? HTTP/1.1" 200 7753
191.112.48.107 - - [05/Apr/2016:08:26:32 -0300] "GET /cormun/servlet/trsolicitudot? HTTP/1.1" 200 7749
191.112.48.107 - - [05/Apr/2016:08:26:41 -0300] "POST /cormun/servlet/trsolicitudot?49c7d69081d55396446b12cf59a55849,,gx-no-cache=1459855623921 HTTP/1.1" 200 3830
191.112.70.161 - - [05/Apr/2016:08:26:41 -0300] "POST /cormun/servlet/trcontratouno?f9903e65f999817737909192eadf3556,,gx-no-cache=1459855628538 HTTP/1.1" 200 4567
191.112.48.107 - - [05/Apr/2016:08:26:41 -0300] "POST /cormun/servlet/trsolicitudot?49c7d69081d55396446b12cf59a55849,,gx-no-cache=1459855624702 HTTP/1.1" 200 3655
191.112.70.161 - - [05/Apr/2016:08:27:18 -0300] "POST /cormun/servlet/trcontratouno?f9903e65f999817737909192eadf3556,,gx-no-cache=1459855670145 HTTP/1.1" 200 4672
191.112.70.161 - - [05/Apr/2016:08:27:36 -0300] "POST /cormun/servlet/trcontratouno?f9903e65f999817737909192eadf3556,,gx-no-cache=1459855698780 HTTP/1.1" 200 4633
191.112.70.161 - - [05/Apr/2016:08:27:45 -0300] "GET /cormun/servlet/trcontratoobservaciondir? HTTP/1.1" 200 5714
191.112.70.161 - - [05/Apr/2016:08:27:51 -0300] "GET /cormun/servlet/trcontratoobservaciondir? HTTP/1.1" 200 5714
191.112.70.161 - - [05/Apr/2016:08:27:57 -0300] "POST /cormun/servlet/acontrolpreferencessavestate?None,GSAAVEDRA,true HTTP/1.1" 200 35
191.112.70.161 - - [05/Apr/2016:08:28:13 -0300] "POST /cormun/servlet/trcontratoobservaciondir?f9903e65f999817737909192eadf3556,,gx-no-cache=1459855736303 HTTP/1.1" 200 3367
191.112.70.161 - - [05/Apr/2016:08:28:47 -0300] "POST /cormun/servlet/trcontratoobservaciondir?f9903e65f999817737909192eadf3556,,gx-no-cache=1459855761753 HTTP/1.1" 200 3375
191.112.70.161 - - [05/Apr/2016:08:29:15 -0300] "GET /cormun/servlet/trvisualizadoreventos? HTTP/1.1" 200 6276
191.112.70.161 - - [05/Apr/2016:08:29:21 -0300] "GET /cormun/static/gxui/gxui-all.css?120300 HTTP/1.1" 200 2179
191.112.70.161 - - [05/Apr/2016:08:29:21 -0300] "GET /cormun/static/calendar-system.css?85620 HTTP/1.1" 200 5572
191.112.70.161 - - [05/Apr/2016:08:29:21 -0300] "GET /cormun/static/gxcfg.js?201631021481342 HTTP/1.1" 200 953
191.112.70.161 - - [05/Apr/2016:08:29:23 -0300] "GET /cormun/static/Resources/PXToolsActionPrint.png HTTP/1.1" 200 3317
191.112.70.161 - - [05/Apr/2016:08:29:25 -0300] "GET /cormun/static/trvisualizadoreventos.js?201631021481717 HTTP/1.1" 200 19288
191.112.70.161 - - [05/Apr/2016:08:29:26 -0300] "GET /cormun/static/Resources/Spanish/PXTools.css?2139548 HTTP/1.1" 200 89042
115.239.228.8 - - [05/Apr/2016:08:29:35 -0300] "GET /cgi-bin/common/attr?id=260714&r=0.1888404737107266 HTTP/1.1" 404 999
191.112.70.161 - - [05/Apr/2016:08:29:41 -0300] "GET /cormun/static/Shared/ext/resources/css/ext-all.css?215870 HTTP/1.1" 200 416045
191.112.70.161 - - [05/Apr/2016:08:29:46 -0300] "GET /cormun/servlet/trvisualizadoreventos? HTTP/1.1" 200 6276
191.112.70.161 - - [05/Apr/2016:08:31:57 -0300] "GET /cormun/servlet/trcontratouno? HTTP/1.1" 200 7489
191.112.70.161 - - [05/Apr/2016:08:31:59 -0300] "GET /cormun/servlet/trcontratouno? HTTP/1.1" 200 7488
191.112.70.161 - - [05/Apr/2016:08:32:15 -0300] "POST /cormun/servlet/trcontratouno?f9903e65f999817737909192eadf3556,,gx-no-cache=1459855975749 HTTP/1.1" 200 4547
191.112.70.161 - - [05/Apr/2016:08:32:58 -0300] "POST /cormun/servlet/trcontratouno?f9903e65f999817737909192eadf3556,,gx-no-cache=1459856015587 HTTP/1.1" 200 4675
191.112.70.161 - - [05/Apr/2016:08:33:07 -0300] "POST /cormun/servlet/trcontratouno?f9903e65f999817737909192eadf3556,,gx-no-cache=1459856030112 HTTP/1.1" 200 4551
191.112.70.161 - - [05/Apr/2016:08:33:59 -0300] "GET /cormun/Manuales/manual.pdf HTTP/1.1" 206 829005
191.112.70.161 - - [05/Apr/2016:08:34:33 -0300] "GET /cormun/servlet/trcontratouno? HTTP/1.1" 200 7359
191.112.70.161 - - [05/Apr/2016:08:34:35 -0300] "GET /cormun/servlet/trcontratouno? HTTP/1.1" 200 7358
191.112.70.161 - - [05/Apr/2016:08:34:48 -0300] "GET /cormun/Manuales/manual.pdf HTTP/1.1" 206 21504
191.112.70.161 - - [05/Apr/2016:08:34:50 -0300] "GET /cormun/Manuales/manual.pdf HTTP/1.1" 206 375
191.112.70.161 - - [05/Apr/2016:08:34:52 -0300] "GET /cormun/Manuales/manual.pdf HTTP/1.1" 206 375
191.112.70.161 - - [05/Apr/2016:08:36:14 -0300] "GET /cormun/servlet/trcontratouno? HTTP/1.1" 200 7360
191.112.70.161 - - [05/Apr/2016:08:36:18 -0300] "GET /cormun/servlet/trcontratouno? HTTP/1.1" 200 7359
191.112.70.161 - - [05/Apr/2016:08:36:24 -0300] "GET /cormun/servlet/trautorizarsolicitud? HTTP/1.1" 200 6420
191.112.70.161 - - [05/Apr/2016:08:36:27 -0300] "GET /cormun/servlet/trautorizarsolicitud? HTTP/1.1" 200 6421
191.112.70.161 - - [05/Apr/2016:08:36:56 -0300] "GET /cormun/static/menuarrow.gif HTTP/1.1" 404 1015
191.112.126.173 - - [05/Apr/2016:08:38:42 -0300] "GET /cormun/servlet/hlogin HTTP/1.1" 200 1725
191.112.126.173 - - [05/Apr/2016:08:38:43 -0300] "POST /cormun/servlet/hlogin?1366eb7b2f4995fe1b8b992c89ca38b9,gx-no-cache=1459856346144 HTTP/1.1" 200 90
191.112.126.173 - - [05/Apr/2016:08:38:44 -0300] "GET /cormun/servlet/hpexe_link HTTP/1.1" 200 950
191.112.126.173 - - [05/Apr/2016:08:38:44 -0300] "GET /cormun/servlet/hhome HTTP/1.1" 200 3565
191.112.126.173 - - [05/Apr/2016:08:38:48 -0300] "GET /cormun/servlet/hhome HTTP/1.1" 200 3563
191.112.126.173 - - [05/Apr/2016:08:38:55 -0300] "GET /cormun/servlet/trcontratouno? HTTP/1.1" 200 12880
191.112.126.173 - - [05/Apr/2016:08:38:56 -0300] "GET /cormun/servlet/trcontratouno? HTTP/1.1" 200 12898
191.112.70.161 - - [05/Apr/2016:08:39:04 -0300] "GET /cormun/servlet/trautorizarsolicitud? HTTP/1.1" 200 6420
191.112.70.161 - - [05/Apr/2016:08:39:05 -0300] "GET /cormun/servlet/trautorizarsolicitud? HTTP/1.1" 200 6421
191.112.70.161 - - [05/Apr/2016:08:39:08 -0300] "GET /cormun/servlet/trsolicitudot? HTTP/1.1" 200 6463
191.112.70.161 - - [05/Apr/2016:08:39:08 -0300] "GET /cormun/static/gxcfg.js?201631022392470 HTTP/1.1" 200 953
191.112.70.161 - - [05/Apr/2016:08:39:08 -0300] "GET /cormun/static/Resources/PXToolsGridNew.png HTTP/1.1" 200 2949
191.112.70.161 - - [05/Apr/2016:08:39:10 -0300] "GET /cormun/static/trsolicitudot.js?201631022393178 HTTP/1.1" 200 44568
191.112.70.161 - - [05/Apr/2016:08:39:10 -0300] "GET /cormun/servlet/trsolicitudot? HTTP/1.1" 200 6462
191.112.70.161 - - [05/Apr/2016:08:39:17 -0300] "GET /cormun/static/menuarrow.gif HTTP/1.1" 404 1015
191.112.126.173 - - [05/Apr/2016:08:39:28 -0300] "POST /cormun/servlet/trcontratouno?1366eb7b2f4995fe1b8b992c89ca38b9,,gx-no-cache=1459856390149 HTTP/1.1" 200 11887
191.112.70.161 - - [05/Apr/2016:08:39:57 -0300] "POST /cormun/servlet/trsolicitudot?f9903e65f999817737909192eadf3556,,gx-no-cache=1459856438208 HTTP/1.1" 200 3712
191.112.126.173 - - [05/Apr/2016:08:40:16 -0300] "POST /cormun/servlet/trcontratouno?1366eb7b2f4995fe1b8b992c89ca38b9,,gx-no-cache=1459856436579 HTTP/1.1" 200 11969
191.112.70.161 - - [05/Apr/2016:08:40:18 -0300] "POST /cormun/servlet/trsolicitudot?f9903e65f999817737909192eadf3556,,gx-no-cache=1459856457100 HTTP/1.1" 200 3717
191.112.70.161 - - [05/Apr/2016:08:41:37 -0300] "GET /cormun/servlet/trsolicitudot? HTTP/1.1" 200 6489
191.112.70.161 - - [05/Apr/2016:08:41:39 -0300] "GET /cormun/servlet/trsolicitudot? HTTP/1.1" 200 6489
191.112.70.161 - - [05/Apr/2016:08:41:54 -0300] "GET /cormun/servlet/trsolicitudot? HTTP/1.1" 200 6489
191.112.70.161 - - [05/Apr/2016:08:41:57 -0300] "GET /cormun/servlet/trsolicitudot? HTTP/1.1" 200 6489
191.112.70.161 - - [05/Apr/2016:08:42:02 -0300] "GET /cormun/servlet/solicitudot?INS,0,0, HTTP/1.1" 200 11675
191.112.70.161 - - [05/Apr/2016:08:42:05 -0300] "GET /cormun/static/gxcfg.js?201631710541238 HTTP/1.1" 200 953
191.112.70.161 - - [05/Apr/2016:08:42:05 -0300] "GET /cormun/static/Resources/prompt.gif HTTP/1.1" 200 902
191.112.70.161 - - [05/Apr/2016:08:42:08 -0300] "GET /cormun/static/solicitudot.js?201631710541292 HTTP/1.1" 200 45515
191.112.70.161 - - [05/Apr/2016:08:42:14 -0300] "GET /cormun/static/Resources/Spanish/PXTools.css?22445990 HTTP/1.1" 200 89042
191.112.70.161 - - [05/Apr/2016:08:42:17 -0300] "GET /cormun/servlet/solicitudot?INS,0,0, HTTP/1.1" 200 11680
191.112.70.161 - - [05/Apr/2016:08:42:21 -0300] "GET /cormun/static/Resources/resize.gif HTTP/1.1" 200 77
191.112.70.161 - - [05/Apr/2016:08:42:21 -0300] "GET /cormun/servlet/prfichaempleado?,MD,,gxPopupLevel%3D0%3B HTTP/1.1" 200 7941
200.86.98.101 - - [05/Apr/2016:08:42:22 -0300] "GET /cormun/servlet/hlogin HTTP/1.1" 200 1722
200.86.98.101 - - [05/Apr/2016:08:42:22 -0300] "GET /cormun/static/Resources/PXToolsButtonRight21.png HTTP/1.1" 304 -
200.86.98.101 - - [05/Apr/2016:08:42:22 -0300] "GET /cormun/static/Resources/PXToolsButtonLeft21.png HTTP/1.1" 304 -
200.86.98.101 - - [05/Apr/2016:08:42:22 -0300] "GET /cormun/static/Resources/PXToolsButtonBackground2.png HTTP/1.1" 304 -
191.112.70.161 - - [05/Apr/2016:08:42:22 -0300] "GET /cormun/static/gxui/gxui-all.css?1917420 HTTP/1.1" 200 2179
191.112.70.161 - - [05/Apr/2016:08:42:22 -0300] "GET /cormun/static/scaMessage/css/jquery-ui.css?104140 HTTP/1.1" 404 1045
191.112.70.161 - - [05/Apr/2016:08:42:23 -0300] "GET /cormun/static/scaMessage/css/jquery.pnotify.default.css?1816380 HTTP/1.1" 200 1707
191.112.70.161 - - [05/Apr/2016:08:42:24 -0300] "GET /cormun/static/gxcfg.js?201511151625694 HTTP/1.1" 200 953
191.112.70.161 - - [05/Apr/2016:08:42:24 -0300] "GET /cormun/static/prfichaempleado.js?201511151625857 HTTP/1.1" 200 15035
191.112.70.161 - - [05/Apr/2016:08:42:24 -0300] "GET /cormun/static/hmpwkw01.js?201511211495945 HTTP/1.1" 200 2037
191.112.70.161 - - [05/Apr/2016:08:42:26 -0300] "GET /cormun/static/Resources/PXToolsMenuSearch.png HTTP/1.1" 200 2914
191.112.70.161 - - [05/Apr/2016:08:42:26 -0300] "GET /cormun/static/Resources/PXToolsMenuSearchCancel.png HTTP/1.1" 200 2972
191.112.70.161 - - [05/Apr/2016:08:42:27 -0300] "GET /cormun/static/Resources/Spanish/PXTools.css?16184758 HTTP/1.1" 200 89042
191.112.70.161 - - [05/Apr/2016:08:42:27 -0300] "GET /cormun/static/Resources/PXToolsGridFirst.gif HTTP/1.1" 200 379
191.112.70.161 - - [05/Apr/2016:08:42:28 -0300] "GET /cormun/static/menusearch.js?20163211930269 HTTP/1.1" 200 1424
191.112.70.161 - - [05/Apr/2016:08:42:28 -0300] "GET /cormun/static/Resources/PXToolsGridPrevious.gif HTTP/1.1" 200 369
191.112.70.161 - - [05/Apr/2016:08:42:28 -0300] "GET /cormun/static/Resources/PXToolsGridNext.gif HTTP/1.1" 200 369
191.112.70.161 - - [05/Apr/2016:08:42:29 -0300] "GET /cormun/static/Resources/PXToolsGridLast.gif HTTP/1.1" 200 370
191.112.70.161 - - [05/Apr/2016:08:42:31 -0300] "GET /cormun/static/Shared/jqueryui/jquery-ui.min-1.8.js HTTP/1.1" 200 213511
200.86.98.101 - - [05/Apr/2016:08:42:44 -0300] "POST /cormun/servlet/hlogin?aad45612bc832cbc870c5936a8285a01,gx-no-cache=1459856587532 HTTP/1.1" 200 90
200.86.98.101 - - [05/Apr/2016:08:42:44 -0300] "GET /cormun/servlet/hpexe_link HTTP/1.1" 200 949
200.86.98.101 - - [05/Apr/2016:08:42:44 -0300] "GET /cormun/servlet/hhome HTTP/1.1" 200 3628
200.86.98.101 - - [05/Apr/2016:08:42:45 -0300] "GET /cormun/static/Resources/logo4.png HTTP/1.1" 304 -
200.86.98.101 - - [05/Apr/2016:08:42:45 -0300] "GET /cormun/static/Resources/PXToolsHeaderBackground2.png HTTP/1.1" 304 -
200.86.98.101 - - [05/Apr/2016:08:42:45 -0300] "GET /cormun/static/Resources/PXToolsFooterBackground2.png HTTP/1.1" 304 -
200.86.98.101 - - [05/Apr/2016:08:42:45 -0300] "GET /cormun/servlet/hhome HTTP/1.1" 200 3625
200.86.98.101 - - [05/Apr/2016:08:42:57 -0300] "GET /cormun/servlet/trsolicitudot? HTTP/1.1" 200 6546
200.86.98.101 - - [05/Apr/2016:08:42:58 -0300] "GET /cormun/servlet/trsolicitudot? HTTP/1.1" 200 6545
200.86.98.101 - - [05/Apr/2016:08:43:01 -0300] "GET /cormun/servlet/solicitudot?INS,0,0, HTTP/1.1" 200 11764
200.86.98.101 - - [05/Apr/2016:08:43:01 -0300] "GET /cormun/servlet/solicitudot?INS,0,0, HTTP/1.1" 200 11768
191.112.70.161 - - [05/Apr/2016:08:43:04 -0300] "POST /cormun/servlet/prfichaempleado?f9903e65f999817737909192eadf3556,,MD,,gxPopupLevel%3D0%3B,gx-no-cache=1459856622834 HTTP/1.1" 200 2564
191.112.70.161 - - [05/Apr/2016:08:43:18 -0300] "POST /cormun/servlet/prfichaempleado?f9903e65f999817737909192eadf3556,,MD,,gxPopupLevel%3D0%3B,gx-no-cache=1459856640755 HTTP/1.1" 200 2564
191.112.70.161 - - [05/Apr/2016:08:43:37 -0300] "POST /cormun/servlet/solicitudot?gx-no-cache=1459856659933 HTTP/1.1" 200 2771
191.112.70.161 - - [05/Apr/2016:08:43:40 -0300] "POST /cormun/servlet/solicitudot?f9903e65f999817737909192eadf3556,INS,0,0,,gx-no-cache=1459856663026 HTTP/1.1" 200 8489
191.112.70.161 - - [05/Apr/2016:08:44:06 -0300] "GET /cormun/servlet/solicitudot?e81743046eb8a415a059de07eff0b2163d871a8999807b2d4f2161b019df732018fd7bf7f34f05aca0f21003d8e2a3b6,gx-no-cache=1459856685549 HTTP/1.1" 200 30
191.112.70.161 - - [05/Apr/2016:08:44:09 -0300] "POST /cormun/servlet/solicitudot?gx-no-cache=1459856692173 HTTP/1.1" 200 30
191.112.70.161 - - [05/Apr/2016:08:44:25 -0300] "POST /cormun/servlet/solicitudot?gx-no-cache=1459856708753 HTTP/1.1" 200 33
191.112.70.161 - - [05/Apr/2016:08:44:29 -0300] "POST /cormun/servlet/solicitudot?gx-no-cache=1459856712070 HTTP/1.1" 200 1188
191.112.70.161 - - [05/Apr/2016:08:44:32 -0300] "GET /cormun/servlet/solicitudot?e81743046eb8a415a059de07eff0b2168c2c0cdc59fed7bf01ae8b26810460af16e5a3e516e4b8aa56ce24a547b94fc6adfffc12587a7bc49827926b375fd7366179b67cfb7458f6aa8546aaa0ad52cd7cca9beab417890bfdab0c5fe1ab604370ef5d0631118dc0b8a0f02eb02e333d875bdbf66d414fa982088ab1f7a1421f30a38dddabd8c73e31418e51af04851d,gx-no-cache=1459856715788 HTTP/1.1" 200 38
191.112.70.161 - - [05/Apr/2016:08:44:48 -0300] "GET /cormun/servlet/solicitudot?e81743046eb8a415a059de07eff0b216c990d2a05c9afae3761e6561e206f97bea2dbe11d790c275273299c110ebbf8ede862d0f02b433da21294a11b20b2fa48907428022adfcc0ee9644d02504a637e736a3ecdbb8c6ca17407dac25644aed97dcd3f01c5a804d3d580c92399d0eab1c3b1eaea44685996dfc3cd72e838637261ea0213c2d6f7bc93fc10875d63ae989aff9ae4b388270b5c46d0ccbe1d46d,gx-no-cache=1459856731669 HTTP/1.1" 200 29
191.112.70.161 - - [05/Apr/2016:08:44:53 -0300] "POST /cormun/servlet/solicitudot?gx-no-cache=1459856736582 HTTP/1.1" 200 1144
191.112.70.161 - - [05/Apr/2016:08:45:12 -0300] "GET /cormun/servlet/solicitudot?e81743046eb8a415a059de07eff0b21616c1cfd93e2e6e47ff5cae8737b6de554a2c0cc800f57193bc6f27a62fb1e5715765da51bd18248b2acdefd949be40417913e429c0b6713229afe47ad41cc3a22076d01df97c48e8b9e3a5ab9bbfb4339b3bb30c4b653af6cc73b062ba8272d3c129703832786d38055848ae1b0d4478583e1697ee0158b77e12099ee4f88505de33b7753b789ba1c25dde7b49117a6da237d0f7f704c64e0b8a5f0c7db253b7,gx-no-cache=1459856755515 HTTP/1.1" 200 30
192.168.10.89 - - [05/Apr/2016:08:45:30 -0300] "GET /cormun/servlet/hhome? HTTP/1.1" 200 3244
192.168.10.89 - - [05/Apr/2016:08:45:32 -0300] "GET /cormun/servlet/hlogin HTTP/1.1" 200 1728
192.168.10.89 - - [05/Apr/2016:08:45:44 -0300] "POST /cormun/servlet/hlogin?f43df3f94751cb6f077cfeeb3b7af5df,gx-no-cache=1459856484097 HTTP/1.1" 200 447
192.168.10.89 - - [05/Apr/2016:08:45:48 -0300] "POST /cormun/servlet/hlogin?f43df3f94751cb6f077cfeeb3b7af5df,gx-no-cache=1459856488634 HTTP/1.1" 200 90
192.168.10.89 - - [05/Apr/2016:08:45:49 -0300] "GET /cormun/servlet/hpexe_link HTTP/1.1" 200 949
192.168.10.89 - - [05/Apr/2016:08:45:49 -0300] "GET /cormun/servlet/hhome HTTP/1.1" 200 3509
192.168.10.89 - - [05/Apr/2016:08:45:52 -0300] "GET /cormun/servlet/trsolicitudot? HTTP/1.1" 200 6421
192.168.10.89 - - [05/Apr/2016:08:45:54 -0300] "GET /cormun/static/menuarrow.gif HTTP/1.1" 404 1015
192.168.10.89 - - [05/Apr/2016:08:45:58 -0300] "POST /cormun/servlet/trsolicitudot?f43df3f94751cb6f077cfeeb3b7af5df,,gx-no-cache=1459856498078 HTTP/1.1" 200 5563
191.112.70.161 - - [05/Apr/2016:08:46:16 -0300] "POST /cormun/servlet/solicitudot?f9903e65f999817737909192eadf3556,INS,0,0,,gx-no-cache=1459856802601 HTTP/1.1" 200 93
192.168.10.89 - - [05/Apr/2016:08:46:18 -0300] "POST /cormun/servlet/trsolicitudot?f43df3f94751cb6f077cfeeb3b7af5df,,gx-no-cache=1459856518671 HTTP/1.1" 200 105
192.168.10.89 - - [05/Apr/2016:08:46:19 -0300] "GET /cormun/servlet/solicitudot?UPD,2016,1192, HTTP/1.1" 200 12926
191.112.70.161 - - [05/Apr/2016:08:46:19 -0300] "GET /cormun/servlet/hpexe_return? HTTP/1.1" 200 1003
192.168.10.89 - - [05/Apr/2016:08:46:20 -0300] "POST /cormun/servlet/solicitudot?gx-no-cache=1459856520109 HTTP/1.1" 200 2770
192.168.10.89 - - [05/Apr/2016:08:46:20 -0300] "POST /cormun/servlet/solicitudot?f43df3f94751cb6f077cfeeb3b7af5df,UPD,2016,1192,,gx-no-cache=1459856520312 HTTP/1.1" 200 9228
192.168.10.89 - - [05/Apr/2016:08:46:20 -0300] "GET /cormun/servlet/solicitudot?9d8eed269e9db501b25e0dd4072ac0efd4eb5d36dbedf1be7f6e529ae38f25026379fb24460517b586887e1b8191fb16,gx-no-cache=1459856520585 HTTP/1.1" 200 30
192.168.10.89 - - [05/Apr/2016:08:46:20 -0300] "POST /cormun/servlet/solicitudot?gx-no-cache=1459856520658 HTTP/1.1" 200 30
192.168.10.89 - - [05/Apr/2016:08:46:20 -0300] "POST /cormun/servlet/solicitudot?gx-no-cache=1459856520679 HTTP/1.1" 200 30
192.168.10.89 - - [05/Apr/2016:08:46:20 -0300] "POST /cormun/servlet/solicitudot?gx-no-cache=1459856520719 HTTP/1.1" 200 1185
192.168.10.89 - - [05/Apr/2016:08:46:21 -0300] "GET /cormun/servlet/solicitudot?9d8eed269e9db501b25e0dd4072ac0eff847031e299554f78936c0c29f2a7f153af780f94fea4b17cbc84021d4718b0fcaa92eceecac5d9ed933679375a314fddce14cda46ee871de35eea861433c0dd036220e9f767aab8be3e657ff998c8b4ee049085c536d6b53f93349ef567c5e7f7d8797d1332240b9a0f8633151affd9ce00f7b60cb5dbe7e4268e94b61da46415c933f04ab45c34344a25ae9753ebf5,gx-no-cache=1459856520830 HTTP/1.1" 200 40
191.112.70.161 - - [05/Apr/2016:08:46:23 -0300] "GET /cormun/static/gxcfg.js?2015111312145050 HTTP/1.1" 200 953
191.112.70.161 - - [05/Apr/2016:08:46:23 -0300] "GET /cormun/static/hpexe_return.js?2015111312145056 HTTP/1.1" 200 1633
191.112.70.161 - - [05/Apr/2016:08:46:35 -0300] "GET /cormun/static/Resources/Spanish/PXTools.css?12112540 HTTP/1.1" 200 89042
192.168.10.89 - - [05/Apr/2016:08:46:35 -0300] "GET /cormun/servlet/solicitudot?9d8eed269e9db501b25e0dd4072ac0ef68321d297c366290584688e212ee8ddf4883dbf73d0b40f2dec7f37adf2bc3bfe6cac2a18c4923b201475b5b3c551d6c348a016c0523508475102e8bd5c1937729e159eb2c379d389f476932a6d426a11197b74d65593c73a5649e5d13a02437d7b24c9d4dfe043399187a5594fa83e8b62819691dadd951414e17fa6458cf345dd7632cf434bd8c688d76da8dd24e08,gx-no-cache=1459856535759 HTTP/1.1" 200 29
192.168.10.89 - - [05/Apr/2016:08:46:35 -0300] "POST /cormun/servlet/solicitudot?gx-no-cache=1459856535795 HTTP/1.1" 200 1143
192.168.10.89 - - [05/Apr/2016:08:46:36 -0300] "GET /cormun/servlet/solicitudot?9d8eed269e9db501b25e0dd4072ac0ef952e9efd4bf2f3d64d3526c654c15b524ba2902b621f738f9cba069e3a329d58bfc933e2dc260c35ff56fe9be8d672901954103667a62c5a245097d7073a5d63a32d4b77c2c6d801e962278b79f2589dff0f757957dd7ebe2db141c18e8603ebbc2945f6754866604062092a0d1beeb67b000648576e021ebb18a9ac9997aaf2e85aa79f798aac38e0cd7225e2eb0831e16b04b93535349d82fc132dc3365e6e5a44d91af3cb6c962dd4a80284d44f27,gx-no-cache=1459856535837 HTTP/1.1" 200 32
192.168.10.89 - - [05/Apr/2016:08:46:36 -0300] "POST /cormun/servlet/solicitudot?f43df3f94751cb6f077cfeeb3b7af5df,UPD,2016,1192,,gx-no-cache=1459856535874 HTTP/1.1" 200 93
192.168.10.89 - - [05/Apr/2016:08:46:36 -0300] "GET /cormun/servlet/hpexe_return? HTTP/1.1" 200 1013
192.168.10.89 - - [05/Apr/2016:08:46:36 -0300] "GET /cormun/servlet/trsolicitudot? HTTP/1.1" 200 8137
192.168.10.89 - - [05/Apr/2016:08:46:41 -0300] "POST /cormun/servlet/trsolicitudot?f43df3f94751cb6f077cfeeb3b7af5df,,gx-no-cache=1459856540961 HTTP/1.1" 200 5155
192.168.10.89 - - [05/Apr/2016:08:46:41 -0300] "POST /cormun/servlet/trsolicitudot?f43df3f94751cb6f077cfeeb3b7af5df,,gx-no-cache=1459856541349 HTTP/1.1" 200 5095
192.168.10.89 - - [05/Apr/2016:08:46:41 -0300] "GET /cormun/static/Shared/jqueryui/images/ui-bg_highlight-soft_100_c6c2c8_1x100.png HTTP/1.1" 404 1117
192.168.10.89 - - [05/Apr/2016:08:46:41 -0300] "GET /cormun/static/Shared/jqueryui/images/ui-icons_8d78a5_256x240.png HTTP/1.1" 404 1089
192.168.10.89 - - [05/Apr/2016:08:46:41 -0300] "GET /cormun/static/Shared/jqueryui/images/ui-bg_flat_55_fafafa_40x100.png HTTP/1.1" 404 1097
192.168.10.89 - - [05/Apr/2016:08:46:41 -0300] "GET /cormun/static/Shared/jqueryui/images/ui-icons_82798d_256x240.png HTTP/1.1" 404 1089
191.112.70.161 - - [05/Apr/2016:08:46:42 -0300] "GET /cormun/servlet/trsolicitudot HTTP/1.1" 200 6493
192.168.10.89 - - [05/Apr/2016:08:46:45 -0300] "GET /cormun/servlet/trautorizarsolicitud? HTTP/1.1" 200 6360
191.112.70.161 - - [05/Apr/2016:08:46:47 -0300] "GET /cormun/servlet/trsolicitudot HTTP/1.1" 200 6489
192.168.10.89 - - [05/Apr/2016:08:46:49 -0300] "GET /cormun/static/menuarrow.gif HTTP/1.1" 404 1015
192.168.10.89 - - [05/Apr/2016:08:46:52 -0300] "POST /cormun/servlet/trautorizarsolicitud?f43df3f94751cb6f077cfeeb3b7af5df,,gx-no-cache=1459856552535 HTTP/1.1" 200 5157
192.168.10.89 - - [05/Apr/2016:08:46:58 -0300] "POST /cormun/servlet/trautorizarsolicitud?f43df3f94751cb6f077cfeeb3b7af5df,,gx-no-cache=1459856557859 HTTP/1.1" 200 3843
192.168.10.89 - - [05/Apr/2016:08:46:58 -0300] "POST /cormun/servlet/trautorizarsolicitud?f43df3f94751cb6f077cfeeb3b7af5df,,gx-no-cache=1459856558208 HTTP/1.1" 200 3660
192.168.10.89 - - [05/Apr/2016:08:46:58 -0300] "GET /cormun/static/Shared/jqueryui/images/ui-bg_highlight-soft_100_c6c2c8_1x100.png HTTP/1.1" 404 1117
192.168.10.89 - - [05/Apr/2016:08:46:58 -0300] "GET /cormun/static/Shared/jqueryui/images/ui-icons_8d78a5_256x240.png HTTP/1.1" 404 1089
192.168.10.89 - - [05/Apr/2016:08:46:58 -0300] "GET /cormun/static/Shared/jqueryui/images/ui-icons_82798d_256x240.png HTTP/1.1" 404 1089
192.168.10.89 - - [05/Apr/2016:08:46:58 -0300] "GET /cormun/static/Shared/jqueryui/images/ui-bg_flat_55_fafafa_40x100.png HTTP/1.1" 404 1097
191.112.70.161 - - [05/Apr/2016:08:47:12 -0300] "GET /cormun/servlet/trcontratouno? HTTP/1.1" 200 7367
191.112.70.161 - - [05/Apr/2016:08:47:14 -0300] "GET /cormun/servlet/trcontratouno? HTTP/1.1" 200 7365
192.168.10.89 - - [05/Apr/2016:08:47:22 -0300] "GET /cormun/servlet/trsolicitudot? HTTP/1.1" 200 7714
192.168.10.89 - - [05/Apr/2016:08:47:30 -0300] "POST /cormun/servlet/trsolicitudot?f43df3f94751cb6f077cfeeb3b7af5df,,gx-no-cache=1459856590278 HTTP/1.1" 200 106
192.168.10.89 - - [05/Apr/2016:08:47:31 -0300] "GET /cormun/servlet/trsolicitudadjuntos?2016,1193, HTTP/1.1" 200 7745
192.168.10.89 - - [05/Apr/2016:08:47:31 -0300] "GET /cormun/static/Resources/Spanish/PXTools.css?171692 HTTP/1.1" 304 -
192.168.10.89 - - [05/Apr/2016:08:47:31 -0300] "GET /cormun/static/gxcfg.js?2016311731090 HTTP/1.1" 200 953
192.168.10.89 - - [05/Apr/2016:08:47:31 -0300] "GET /cormun/static/trsolicitudadjuntos.js?2016311731342 HTTP/1.1" 304 -
191.112.70.161 - - [05/Apr/2016:08:47:41 -0300] "GET /cormun/servlet/trautorizarsolicitud? HTTP/1.1" 200 6420
191.112.70.161 - - [05/Apr/2016:08:47:43 -0300] "GET /cormun/servlet/trautorizarsolicitud? HTTP/1.1" 200 6421
191.112.70.161 - - [05/Apr/2016:08:47:51 -0300] "POST /cormun/servlet/trautorizarsolicitud?f9903e65f999817737909192eadf3556,,gx-no-cache=1459856912056 HTTP/1.1" 200 3682
191.112.70.161 - - [05/Apr/2016:08:48:00 -0300] "POST /cormun/servlet/trautorizarsolicitud?f9903e65f999817737909192eadf3556,,gx-no-cache=1459856923207 HTTP/1.1" 200 3680
191.112.70.161 - - [05/Apr/2016:08:48:26 -0300] "POST /cormun/servlet/trautorizarsolicitud?f9903e65f999817737909192eadf3556,,gx-no-cache=1459856943745 HTTP/1.1" 200 3688
191.112.70.161 - - [05/Apr/2016:08:48:44 -0300] "POST /cormun/servlet/trautorizarsolicitud?f9903e65f999817737909192eadf3556,,gx-no-cache=1459856967221 HTTP/1.1" 200 5102
191.112.70.161 - - [05/Apr/2016:08:48:46 -0300] "GET /cormun//static/Resources/PXToolsActionView.png HTTP/1.1" 200 2995
191.112.70.161 - - [05/Apr/2016:08:48:47 -0300] "GET /cormun//static/Resources/PXToolsGridDelete.png HTTP/1.1" 200 357
191.112.70.161 - - [05/Apr/2016:08:48:47 -0300] "GET /cormun//static/Resources/PXTools/ActionInsert.png HTTP/1.1" 200 1482
191.112.70.161 - - [05/Apr/2016:08:48:47 -0300] "GET /cormun//static/Resources/PXToolsRemoveAllAction.png HTTP/1.1" 200 3558
191.112.70.161 - - [05/Apr/2016:08:48:47 -0300] "GET /cormun//static/Resources/PXToolsGridUpdate.png HTTP/1.1" 200 2984
191.112.70.161 - - [05/Apr/2016:08:49:09 -0300] "GET /cormun/servlet/veautorizarsolicitud?2016,1206,, HTTP/1.1" 200 7747
191.112.70.161 - - [05/Apr/2016:08:49:09 -0300] "GET /cormun/static/gxcfg.js?201631021474341 HTTP/1.1" 200 953
191.112.70.161 - - [05/Apr/2016:08:49:09 -0300] "GET /cormun/pexe_scrolldiv.js HTTP/1.1" 404 1009
191.112.70.161 - - [05/Apr/2016:08:49:09 -0300] "GET /cormun/static/Resources/PXToolsTabFirstSelected.png HTTP/1.1" 200 1259
191.112.70.161 - - [05/Apr/2016:08:49:10 -0300] "GET /cormun/static/Resources/PXToolsTabLastUnselected.png HTTP/1.1" 200 1291
191.112.70.161 - - [05/Apr/2016:08:49:10 -0300] "GET /cormun/static/Resources/PXToolsTabPrevious.gif HTTP/1.1" 200 172
191.112.70.161 - - [05/Apr/2016:08:49:10 -0300] "GET /cormun/static/veautorizarsolicitud.js?201631021474418 HTTP/1.1" 200 6140
191.112.70.161 - - [05/Apr/2016:08:49:10 -0300] "GET /cormun/static/Resources/PXToolsTabNext.gif HTTP/1.1" 200 168
191.112.70.161 - - [05/Apr/2016:08:49:10 -0300] "GET /cormun/static/hwcviewtabs.js?20151120014372 HTTP/1.1" 200 1074
191.112.70.161 - - [05/Apr/2016:08:49:10 -0300] "GET /cormun/static/hpexe_tabsview.js?20151120014350 HTTP/1.1" 200 1661
191.112.70.161 - - [05/Apr/2016:08:49:10 -0300] "GET /cormun/static/tbautorizarsolicitud01.js?201631022495836 HTTP/1.1" 200 28339
191.112.70.161 - - [05/Apr/2016:08:49:11 -0300] "GET /cormun/static/calendar-system.css HTTP/1.1" 200 5572
191.112.70.161 - - [05/Apr/2016:08:49:11 -0300] "GET /cormun/static/Resources/PXToolsTabBackSelected.png HTTP/1.1" 200 1157
191.112.70.161 - - [05/Apr/2016:08:49:11 -0300] "GET /cormun/static/Resources/PXToolsTabBackUnselected.png HTTP/1.1" 200 1175
191.112.70.161 - - [05/Apr/2016:08:49:11 -0300] "GET /cormun/static/Resources/PXToolsTabSelectedUnselected.png HTTP/1.1" 200 1428
191.112.70.161 - - [05/Apr/2016:08:49:11 -0300] "GET /cormun/static/Resources/PXToolsTabUnselectedUnselected.png HTTP/1.1" 200 1459
191.112.70.161 - - [05/Apr/2016:08:49:11 -0300] "GET /cormun/servlet/veautorizarsolicitud?2016,1206,, HTTP/1.1" 200 7747
191.112.70.161 - - [05/Apr/2016:08:49:35 -0300] "GET /cormun/servlet/trautorizarsolicitud? HTTP/1.1" 200 7700
191.112.70.161 - - [05/Apr/2016:08:49:36 -0300] "GET /cormun/servlet/trautorizarsolicitud? HTTP/1.1" 200 7700
191.112.70.161 - - [05/Apr/2016:08:49:54 -0300] "POST /cormun/servlet/trautorizarsolicitud?f9903e65f999817737909192eadf3556,,gx-no-cache=1459857037267 HTTP/1.1" 200 5102
191.112.70.161 - - [05/Apr/2016:08:50:10 -0300] "POST /cormun/servlet/trautorizarsolicitud?f9903e65f999817737909192eadf3556,,gx-no-cache=1459857053325 HTTP/1.1" 200 3677
191.112.70.161 - - [05/Apr/2016:08:50:14 -0300] "GET /cormun/servlet/trsolicitudot? HTTP/1.1" 200 6489
191.112.70.161 - - [05/Apr/2016:08:50:15 -0300] "GET /cormun/servlet/trsolicitudot? HTTP/1.1" 200 6489
191.112.70.161 - - [05/Apr/2016:08:50:22 -0300] "POST /cormun/servlet/trsolicitudot?f9903e65f999817737909192eadf3556,,gx-no-cache=1459857064775 HTTP/1.1" 200 3713
191.112.70.161 - - [05/Apr/2016:08:50:23 -0300] "POST /cormun/servlet/trsolicitudot?f9903e65f999817737909192eadf3556,,gx-no-cache=1459857066142 HTTP/1.1" 200 3712
191.112.70.161 - - [05/Apr/2016:08:50:36 -0300] "POST /cormun/servlet/trsolicitudot?f9903e65f999817737909192eadf3556,,gx-no-cache=1459857078812 HTTP/1.1" 200 3714
192.168.10.89 - - [05/Apr/2016:08:50:38 -0300] "GET /cormun/servlet/solicitudotadjuntos?INS,2016,1193,,1, HTTP/1.1" 200 5535
192.168.10.89 - - [05/Apr/2016:08:50:39 -0300] "GET /cormun/static/gxcfg.js?201631622493247 HTTP/1.1" 200 953
192.168.10.89 - - [05/Apr/2016:08:50:39 -0300] "GET /cormun/static/solicitudotadjuntos.js?201631622493267 HTTP/1.1" 304 -
192.168.10.89 - - [05/Apr/2016:08:50:39 -0300] "HEAD /cormun/static/about:blank HTTP/1.1" 404 -
192.168.10.89 - - [05/Apr/2016:08:50:40 -0300] "GET /cormun/servlet/solicitudotadjuntos?9d8eed269e9db501b25e0dd4072ac0ef1094a7705bf82612a5cd6e144b1fadebea2313d7fdaa357cee252f36b0a5cc80,gx-no-cache=1459856779881 HTTP/1.1" 200 30
192.168.10.89 - - [05/Apr/2016:08:50:40 -0300] "POST /cormun/servlet/solicitudotadjuntos?f43df3f94751cb6f077cfeeb3b7af5df,INS,2016,1193,,1,,gx-no-cache=1459856779920 HTTP/1.1" 200 3407
191.112.70.161 - - [05/Apr/2016:08:50:40 -0300] "POST /cormun/servlet/trsolicitudot?f9903e65f999817737909192eadf3556,,gx-no-cache=1459857083423 HTTP/1.1" 200 3716
192.168.10.89 - - [05/Apr/2016:08:50:43 -0300] "POST /cormun/servlet/solicitudotadjuntos?gx-no-cache=1459856782879 HTTP/1.1" 200 26
191.112.70.161 - - [05/Apr/2016:08:50:45 -0300] "POST /cormun/servlet/trsolicitudot?f9903e65f999817737909192eadf3556,,gx-no-cache=1459857088037 HTTP/1.1" 200 3712
191.112.70.161 - - [05/Apr/2016:08:50:51 -0300] "POST /cormun/servlet/trsolicitudot?f9903e65f999817737909192eadf3556,,gx-no-cache=1459857094123 HTTP/1.1" 200 3712
191.112.70.161 - - [05/Apr/2016:08:50:54 -0300] "GET /cormun/servlet/solicitudot?INS,0,0, HTTP/1.1" 200 11673
192.168.10.89 - - [05/Apr/2016:08:50:54 -0300] "GET /cormun/servlet/solicitudotadjuntos?9d8eed269e9db501b25e0dd4072ac0efeb371b9565d294defee5e47b3a5dae06,gx-no-cache=1459856794142 HTTP/1.1" 200 30
192.168.10.89 - - [05/Apr/2016:08:50:54 -0300] "GET /cormun/servlet/solicitudotadjuntos?9d8eed269e9db501b25e0dd4072ac0efeb371b9565d294defee5e47b3a5dae06,gx-no-cache=1459856794176 HTTP/1.1" 200 30
192.168.10.89 - - [05/Apr/2016:08:50:55 -0300] "POST /cormun/servlet/solicitudotadjuntos?f43df3f94751cb6f077cfeeb3b7af5df,INS,2016,1193,,1, HTTP/1.1" 200 116
192.168.10.89 - - [05/Apr/2016:08:50:55 -0300] "GET /cormun/servlet/hpexe_return? HTTP/1.1" 200 1025
191.112.70.161 - - [05/Apr/2016:08:50:56 -0300] "GET /cormun/servlet/solicitudot?INS,0,0, HTTP/1.1" 200 11678
192.168.10.89 - - [05/Apr/2016:08:50:56 -0300] "GET /cormun/servlet/trsolicitudadjuntos?2016,1193, HTTP/1.1" 200 7907
192.168.10.89 - - [05/Apr/2016:08:50:59 -0300] "GET /cormun/servlet/solicitudotadjuntos?INS,2016,1193,,1, HTTP/1.1" 200 5535
192.168.10.89 - - [05/Apr/2016:08:50:59 -0300] "HEAD /cormun/static/about:blank HTTP/1.1" 404 -
192.168.10.89 - - [05/Apr/2016:08:51:00 -0300] "GET /cormun/servlet/solicitudotadjuntos?9d8eed269e9db501b25e0dd4072ac0ef1094a7705bf82612a5cd6e144b1fadebea2313d7fdaa357cee252f36b0a5cc80,gx-no-cache=1459856800027 HTTP/1.1" 200 30
192.168.10.89 - - [05/Apr/2016:08:51:00 -0300] "POST /cormun/servlet/solicitudotadjuntos?f43df3f94751cb6f077cfeeb3b7af5df,INS,2016,1193,,1,,gx-no-cache=1459856800081 HTTP/1.1" 200 3407
192.168.10.89 - - [05/Apr/2016:08:51:02 -0300] "POST /cormun/servlet/solicitudotadjuntos?gx-no-cache=1459856802422 HTTP/1.1" 200 26
191.112.70.161 - - [05/Apr/2016:08:51:07 -0300] "POST /cormun/servlet/solicitudot?gx-no-cache=1459857109884 HTTP/1.1" 200 2771
191.112.70.161 - - [05/Apr/2016:08:51:08 -0300] "POST /cormun/servlet/solicitudot?f9903e65f999817737909192eadf3556,INS,0,0,,gx-no-cache=1459857110647 HTTP/1.1" 200 8489
192.168.10.89 - - [05/Apr/2016:08:51:08 -0300] "GET /cormun/servlet/solicitudotadjuntos?9d8eed269e9db501b25e0dd4072ac0efeb371b9565d294defee5e47b3a5dae06,gx-no-cache=1459856808670 HTTP/1.1" 200 30
192.168.10.89 - - [05/Apr/2016:08:51:08 -0300] "GET /cormun/servlet/solicitudotadjuntos?9d8eed269e9db501b25e0dd4072ac0efeb371b9565d294defee5e47b3a5dae06,gx-no-cache=1459856808692 HTTP/1.1" 200 30
192.168.10.89 - - [05/Apr/2016:08:51:09 -0300] "POST /cormun/servlet/solicitudotadjuntos?f43df3f94751cb6f077cfeeb3b7af5df,INS,2016,1193,,1, HTTP/1.1" 200 116
192.168.10.89 - - [05/Apr/2016:08:51:09 -0300] "GET /cormun/servlet/hpexe_return? HTTP/1.1" 200 1025
192.168.10.89 - - [05/Apr/2016:08:51:10 -0300] "GET /cormun/servlet/trsolicitudadjuntos?2016,1193, HTTP/1.1" 200 8010
191.112.70.161 - - [05/Apr/2016:08:51:11 -0300] "GET /cormun/servlet/solicitudot?e81743046eb8a415a059de07eff0b2163d871a8999807b2d4f2161b019df732018fd7bf7f34f05aca0f21003d8e2a3b6,gx-no-cache=1459857114577 HTTP/1.1" 200 30
191.112.70.161 - - [05/Apr/2016:08:51:11 -0300] "POST /cormun/servlet/solicitudot?gx-no-cache=1459857114689 HTTP/1.1" 200 30
191.112.70.161 - - [05/Apr/2016:08:51:13 -0300] "POST /cormun/servlet/solicitudot?gx-no-cache=1459857116672 HTTP/1.1" 200 30
192.168.10.89 - - [05/Apr/2016:08:51:14 -0300] "GET /cormun/servlet/solicitudotadjuntos?INS,2016,1193,,1, HTTP/1.1" 200 5535
192.168.10.89 - - [05/Apr/2016:08:51:15 -0300] "HEAD /cormun/static/about:blank HTTP/1.1" 404 -
192.168.10.89 - - [05/Apr/2016:08:51:16 -0300] "GET /cormun/servlet/solicitudotadjuntos?9d8eed269e9db501b25e0dd4072ac0ef1094a7705bf82612a5cd6e144b1fadebea2313d7fdaa357cee252f36b0a5cc80,gx-no-cache=1459856816079 HTTP/1.1" 200 30
192.168.10.89 - - [05/Apr/2016:08:51:16 -0300] "POST /cormun/servlet/solicitudotadjuntos?f43df3f94751cb6f077cfeeb3b7af5df,INS,2016,1193,,1,,gx-no-cache=1459856816108 HTTP/1.1" 200 3407
191.112.70.161 - - [05/Apr/2016:08:51:19 -0300] "POST /cormun/servlet/solicitudot?gx-no-cache=1459857122538 HTTP/1.1" 200 1188
191.112.70.161 - - [05/Apr/2016:08:51:19 -0300] "GET /cormun/servlet/solicitudot?e81743046eb8a415a059de07eff0b2168c2c0cdc59fed7bf01ae8b26810460af16e5a3e516e4b8aa56ce24a547b94fc6adfffc12587a7bc49827926b375fd7366179b67cfb7458f6aa8546aaa0ad52cd7cca9beab417890bfdab0c5fe1ab604370ef5d0631118dc0b8a0f02eb02e333d875bdbf66d414fa982088ab1f7a1421f30a38dddabd8c73e31418e51af04851d,gx-no-cache=1459857122759 HTTP/1.1" 200 38
192.168.10.89 - - [05/Apr/2016:08:51:20 -0300] "POST /cormun/servlet/solicitudotadjuntos?f43df3f94751cb6f077cfeeb3b7af5df,INS,2016,1193,,1,,gx-no-cache=1459856820717 HTTP/1.1" 200 93
192.168.10.89 - - [05/Apr/2016:08:51:20 -0300] "GET /cormun/servlet/hpexe_return? HTTP/1.1" 200 1025
192.168.10.89 - - [05/Apr/2016:08:51:21 -0300] "GET /cormun/servlet/trsolicitudadjuntos?2016,1193, HTTP/1.1" 200 8011
192.168.10.89 - - [05/Apr/2016:08:51:25 -0300] "POST /cormun/servlet/trsolicitudadjuntos?f43df3f94751cb6f077cfeeb3b7af5df,2016,1193,,gx-no-cache=1459856825292 HTTP/1.1" 200 90
192.168.10.89 - - [05/Apr/2016:08:51:25 -0300] "GET /cormun/servlet/hpexe_link HTTP/1.1" 200 966
192.168.10.89 - - [05/Apr/2016:08:51:25 -0300] "GET /cormun/servlet/trsolicitudot HTTP/1.1" 200 7714
192.168.10.89 - - [05/Apr/2016:08:51:31 -0300] "POST /cormun/servlet/trsolicitudot?f43df3f94751cb6f077cfeeb3b7af5df,gx-no-cache=1459856830841 HTTP/1.1" 200 3848
192.168.10.89 - - [05/Apr/2016:08:51:31 -0300] "POST /cormun/servlet/trsolicitudot?f43df3f94751cb6f077cfeeb3b7af5df,gx-no-cache=1459856831274 HTTP/1.1" 200 3682
192.168.10.89 - - [05/Apr/2016:08:51:31 -0300] "GET /cormun/static/Shared/jqueryui/images/ui-bg_flat_55_fafafa_40x100.png HTTP/1.1" 404 1097
192.168.10.89 - - [05/Apr/2016:08:51:31 -0300] "GET /cormun/static/Shared/jqueryui/images/ui-bg_highlight-soft_100_c6c2c8_1x100.png HTTP/1.1" 404 1117
192.168.10.89 - - [05/Apr/2016:08:51:31 -0300] "GET /cormun/static/Shared/jqueryui/images/ui-icons_82798d_256x240.png HTTP/1.1" 404 1089
192.168.10.89 - - [05/Apr/2016:08:51:31 -0300] "GET /cormun/static/Shared/jqueryui/images/ui-icons_8d78a5_256x240.png HTTP/1.1" 404 1089
192.168.10.89 - - [05/Apr/2016:08:51:37 -0300] "GET /cormun/servlet/trautorizarsolicitud? HTTP/1.1" 200 7647
191.112.70.161 - - [05/Apr/2016:08:51:37 -0300] "GET /cormun/servlet/solicitudot?e81743046eb8a415a059de07eff0b216c990d2a05c9afae3761e6561e206f97bea2dbe11d790c275273299c110ebbf8ede862d0f02b433da21294a11b20b2fa48907428022adfcc0ee9644d02504a637e736a3ecdbb8c6ca17407dac25644aed97dcd3f01c5a804d3d580c92399d0eab1c3b1eaea44685996dfc3cd72e838637261ea0213c2d6f7bc93fc10875d63ae989aff9ae4b388270b5c46d0ccbe1d46d,gx-no-cache=1459857141052 HTTP/1.1" 200 29
191.112.70.161 - - [05/Apr/2016:08:51:38 -0300] "POST /cormun/servlet/solicitudot?gx-no-cache=1459857141152 HTTP/1.1" 200 1144
192.168.10.89 - - [05/Apr/2016:08:51:41 -0300] "POST /cormun/servlet/trautorizarsolicitud?f43df3f94751cb6f077cfeeb3b7af5df,,gx-no-cache=1459856841314 HTTP/1.1" 200 3822
192.168.10.89 - - [05/Apr/2016:08:51:41 -0300] "POST /cormun/servlet/trautorizarsolicitud?f43df3f94751cb6f077cfeeb3b7af5df,,gx-no-cache=1459856841599 HTTP/1.1" 200 3661
192.168.10.89 - - [05/Apr/2016:08:51:42 -0300] "GET /cormun/static/Shared/jqueryui/images/ui-icons_8d78a5_256x240.png HTTP/1.1" 404 1089
192.168.10.89 - - [05/Apr/2016:08:51:42 -0300] "GET /cormun/static/Shared/jqueryui/images/ui-icons_82798d_256x240.png HTTP/1.1" 404 1089
192.168.10.89 - - [05/Apr/2016:08:51:42 -0300] "GET /cormun/static/Shared/jqueryui/images/ui-bg_flat_55_fafafa_40x100.png HTTP/1.1" 404 1097
192.168.10.89 - - [05/Apr/2016:08:51:42 -0300] "GET /cormun/static/Shared/jqueryui/images/ui-bg_highlight-soft_100_c6c2c8_1x100.png HTTP/1.1" 404 1117
191.112.70.161 - - [05/Apr/2016:08:52:20 -0300] "GET /cormun/servlet/prsolicitudot?17199981,,,,,MD,,gxPopupLevel%3D0%3B HTTP/1.1" 200 5583
191.112.70.161 - - [05/Apr/2016:08:52:21 -0300] "GET /cormun/static/gxcfg.js?201631022393559 HTTP/1.1" 200 953
191.112.70.161 - - [05/Apr/2016:08:52:21 -0300] "GET /cormun/static/Shared/jqueryui/jquery-ui.min.css?1345370 HTTP/1.1" 200 30288
191.112.70.161 - - [05/Apr/2016:08:52:21 -0300] "GET /cormun/static/prsolicitudot.js?201631022393730 HTTP/1.1" 200 12855
191.112.70.161 - - [05/Apr/2016:08:52:21 -0300] "GET /cormun/static/hmpwkw011.js?201631021445036 HTTP/1.1" 200 1968
191.112.70.161 - - [05/Apr/2016:08:52:48 -0300] "GET /cormun/servlet/prsolicitudot?17199981,,,,,MD,,gxPopupLevel%3D0%3B HTTP/1.1" 200 5583
192.168.10.89 - - [05/Apr/2016:08:53:07 -0300] "GET /cormun/servlet/hlogin HTTP/1.1" 200 1737
191.112.70.161 - - [05/Apr/2016:08:53:16 -0300] "GET /cormun/servlet/prpersonalsolicitud?17199981,,,,,MD,,gxPopupLevel%3D0%3B HTTP/1.1" 200 5751
191.112.70.161 - - [05/Apr/2016:08:53:16 -0300] "GET /cormun/static/gxcfg.js?20163117361395 HTTP/1.1" 200 953
191.112.70.161 - - [05/Apr/2016:08:53:16 -0300] "GET /cormun/static/prpersonalsolicitud.js?20163117361535 HTTP/1.1" 200 13873
191.112.70.161 - - [05/Apr/2016:08:53:16 -0300] "GET /cormun/static/Resources/Spanish/PXTools.css?171692 HTTP/1.1" 200 89042
191.112.70.161 - - [05/Apr/2016:08:53:19 -0300] "POST /cormun/servlet/acontrolpreferencessavestate?None,GSAAVEDRA,true HTTP/1.1" 200 35
191.112.70.161 - - [05/Apr/2016:08:53:27 -0300] "POST /cormun/servlet/solicitudot?gx-no-cache=1459857250057 HTTP/1.1" 200 1188
191.112.70.161 - - [05/Apr/2016:08:53:27 -0300] "GET /cormun/servlet/solicitudot?e81743046eb8a415a059de07eff0b2168c2c0cdc59fed7bf01ae8b26810460af16e5a3e516e4b8aa56ce24a547b94fc6adfffc12587a7bc49827926b375fd7366179b67cfb7458f6aa8546aaa0ad52cd7cca9beab417890bfdab0c5fe1ab604370ef5d0631118dc0b8a0f02eb02e333d875bdbf66d414fa982088ab1f7a1421f24426be9547731c87b89407561c0a040b364909a2e98896e720760842c4caeac,gx-no-cache=1459857250390 HTTP/1.1" 200 41
191.112.70.161 - - [05/Apr/2016:08:53:27 -0300] "POST /cormun/servlet/solicitudot?gx-no-cache=1459857250484 HTTP/1.1" 200 1144
191.112.70.161 - - [05/Apr/2016:08:53:40 -0300] "GET /cormun/servlet/solicitudot?e81743046eb8a415a059de07eff0b21616c1cfd93e2e6e47ff5cae8737b6de5545512ca43bae2dcbe0b9e587490ba153fbc32328a126a35679804e7f32aed7ede4f19c20dd1a010368a11fe064178852a23cdaaca4f983014c748803d5791ef2c6f309b00297f78accab0266e1e0b721fc7a7e9f94372040c7ac97e8c357def7ce1eddc742405926ee58973f6eb83342c0f2d63759ff844a5939a872d1b69aa6f9b93ecbbeb2aad611f233db269cc747,gx-no-cache=1459857263310 HTTP/1.1" 200 30
191.112.70.161 - - [05/Apr/2016:08:53:41 -0300] "POST /cormun/servlet/solicitudot?f9903e65f999817737909192eadf3556,INS,0,0,,gx-no-cache=1459857263469 HTTP/1.1" 200 9444
191.112.70.161 - - [05/Apr/2016:08:53:41 -0300] "GET /cormun/static/Shared/jqueryui/images/ui-bg_flat_55_994d53_40x100.png HTTP/1.1" 404 1097
191.112.70.161 - - [05/Apr/2016:08:53:41 -0300] "GET /cormun/static/Shared/jqueryui/images/ui-icons_ebccce_256x240.png HTTP/1.1" 404 1089
191.112.70.161 - - [05/Apr/2016:08:54:34 -0300] "GET /cormun/servlet/solicitudot?e81743046eb8a415a059de07eff0b21616c1cfd93e2e6e47ff5cae8737b6de5545512ca43bae2dcbe0b9e587490ba153fbc32328a126a35679804e7f32aed7ede4f19c20dd1a010368a11fe064178852a23cdaaca4f983014c748803d5791ef2c6f309b00297f78accab0266e1e0b721fc7a7e9f94372040c7ac97e8c357def7ce1eddc742405926ee58973f6eb83342c0f2d63759ff844a5939a872d1b69aa632a4726346808dac502ba880fc5bf1d0,gx-no-cache=1459857317758 HTTP/1.1" 200 30
191.112.70.161 - - [05/Apr/2016:08:54:36 -0300] "POST /cormun/servlet/solicitudot?f9903e65f999817737909192eadf3556,INS,0,0,,gx-no-cache=1459857317914 HTTP/1.1" 200 9495
191.112.70.161 - - [05/Apr/2016:08:54:53 -0300] "GET /cormun/servlet/prcontratosol?17199981,,,,,MD,,gxPopupLevel%3D0%3B HTTP/1.1" 200 5739
191.112.70.161 - - [05/Apr/2016:08:54:57 -0300] "GET /cormun/static/gxcfg.js?2016141247819 HTTP/1.1" 200 953
191.112.70.161 - - [05/Apr/2016:08:54:57 -0300] "GET /cormun/static/prcontratosol.js?2016141247993 HTTP/1.1" 200 14084
191.112.70.161 - - [05/Apr/2016:08:55:02 -0300] "GET /cormun/static/Resources/Spanish/PXTools.css?1423257 HTTP/1.1" 200 89042
191.112.70.161 - - [05/Apr/2016:08:55:15 -0300] "POST /cormun/servlet/solicitudot?gx-no-cache=1459857353459 HTTP/1.1" 200 1188
191.112.70.161 - - [05/Apr/2016:08:55:17 -0300] "GET /cormun/servlet/solicitudot?e81743046eb8a415a059de07eff0b2168c2c0cdc59fed7bf01ae8b26810460af16e5a3e516e4b8aa56ce24a547b94fc6adfffc12587a7bc49827926b375fd7366179b67cfb7458f6aa8546aaa0ad52cd7cca9beab417890bfdab0c5fe1ab604370ef5d0631118dc0b8a0f02eb02e333d875bdbf66d414fa982088ab1f7a1421f24426be9547731c87b89407561c0a040b364909a2e98896e720760842c4caeac,gx-no-cache=1459857360407 HTTP/1.1" 200 41
191.112.70.161 - - [05/Apr/2016:08:55:21 -0300] "POST /cormun/servlet/solicitudot?gx-no-cache=1459857362556 HTTP/1.1" 200 1144
